222.125.200.60 - - [13/Nov/2024:09:32:14 +0800] "GET /InternetTrading/longpoll/52091?X-Atmosphere-tracking-id=0&X-Atmosphere-Framework=2.2.3-javascript&X-Atmosphere-Transport=long-polling&X-Atmosphere-TrackMessageSize=true&Content-Type=charset%3Dutf-8&X-atmo-protocol=true&_=1731461724330 HTTP/1.1" 200 -
222.125.200.60 - - [13/Nov/2024:09:32:16 +0800] "POST /InternetTrading/SessionErrorLogger HTTP/1.1" 200 117
222.125.200.60 - - [13/Nov/2024:09:32:16 +0800] "POST /InternetTrading/Heartbeat HTTP/1.1" 200 32
119.136.155.14 - - [13/Nov/2024:09:32:16 +0800] "GET /InternetTrading/longpoll/52832?X-Atmosphere-tracking-id=0&X-Atmosphere-Framework=2.2.3-javascript&X-Atmosphere-Transport=long-polling&X-Atmosphere-TrackMessageSize=true&Content-Type=charset%3Dutf-8&X-atmo-protocol=true&_=1731461777399 HTTP/1.1" 200 -
182.239.92.222 - - [13/Nov/2024:09:32:17 +0800] "GET /InternetTrading/longpoll/A8127?X-Atmosphere-tracking-id=0&X-Atmosphere-Framework=2.2.3-javascript&X-Atmosphere-Transport=long-polling&X-Atmosphere-TrackMessageSize=true&Content-Type=charset%3Dutf-8&X-atmo-protocol=true&_=1731461729416 HTTP/1.1" 200 -
222.125.200.60 - - [13/Nov/2024:09:32:17 +0800] "POST /InternetTrading/SessionErrorLogger HTTP/1.1" 200 117
222.125.200.60 - - [13/Nov/2024:09:32:17 +0800] "POST /InternetTrading/MarketStatus HTTP/1.1" 200 772
222.125.200.60 - - [13/Nov/2024:09:32:19 +0800] "GET /InternetTrading/longpoll/52091?X-Atmosphere-tracking-id=0&X-Atmosphere-Framework=2.2.3-javascript&X-Atmosphere-Transport=long-polling&X-Atmosphere-TrackMessageSize=true&Content-Type=charset%3Dutf-8&X-atmo-protocol=true&_=1731461729369 HTTP/1.1" 200 -
65.181.90.29 - - [13/Nov/2024:09:32:19 +0800] "GET /InternetTrading/longpoll/56035?X-Atmosphere-tracking-id=0&X-Atmosphere-Framework=2.2.3-javascript&X-Atmosphere-Transport=long-polling&X-Atmosphere-TrackMessageSize=true&Content-Type=charset%3Dutf-8&X-atmo-protocol=true&_=1731461729127 HTTP/1.1" 200 -
65.181.90.29 - - [13/Nov/2024:09:32:20 +0800] "POST /InternetTrading/SessionErrorLogger HTTP/1.1" 200 117
65.181.90.29 - - [13/Nov/2024:09:32:20 +0800] "POST /InternetTrading/MarketStatus HTTP/1.1" 200 772
119.136.155.14 - - [13/Nov/2024:09:32:21 +0800] "GET /InternetTrading/longpoll/52832?X-Atmosphere-tracking-id=0&X-Atmosphere-Framework=2.2.3-javascript&X-Atmosphere-Transport=long-polling&X-Atmosphere-TrackMessageSize=true&Content-Type=charset%3Dutf-8&X-atmo-protocol=true&_=1731461782534 HTTP/1.1" 200 -
182.239.92.222 - - [13/Nov/2024:09:32:22 +0800] "GET /InternetTrading/longpoll/A8127?X-Atmosphere-tracking-id=0&X-Atmosphere-Framework=2.2.3-javascript&X-Atmosphere-Transport=long-polling&X-Atmosphere-TrackMessageSize=true&Content-Type=charset%3Dutf-8&X-atmo-protocol=true&_=1731461734527 HTTP/1.1" 200 -
222.125.200.60 - - [13/Nov/2024:09:32:24 +0800] "GET /InternetTrading/longpoll/52091?X-Atmosphere-tracking-id=0&X-Atmosphere-Framework=2.2.3-javascript&X-Atmosphere-Transport=long-polling&X-Atmosphere-TrackMessageSize=true&Content-Type=charset%3Dutf-8&X-atmo-protocol=true&_=1731461734412 HTTP/1.1" 200 -
65.181.90.29 - - [13/Nov/2024:09:32:25 +0800] "GET /InternetTrading/longpoll/56035?X-Atmosphere-tracking-id=0&X-Atmosphere-Framework=2.2.3-javascript&X-Atmosphere-Transport=long-polling&X-Atmosphere-TrackMessageSize=true&Content-Type=charset%3Dutf-8&X-atmo-protocol=true&_=1731461735125 HTTP/1.1" 200 -
119.136.155.14 - - [13/Nov/2024:09:32:26 +0800] "GET /InternetTrading/longpoll/52832?X-Atmosphere-tracking-id=0&X-Atmosphere-Framework=2.2.3-javascript&X-Atmosphere-Transport=long-polling&X-Atmosphere-TrackMessageSize=true&Content-Type=charset%3Dutf-8&X-atmo-protocol=true&_=1731461787610 HTTP/1.1" 200 -
182.239.92.222 - - [13/Nov/2024:09:32:27 +0800] "GET /InternetTrading/longpoll/A8127?X-Atmosphere-tracking-id=0&X-Atmosphere-Framework=2.2.3-javascript&X-Atmosphere-Transport=long-polling&X-Atmosphere-TrackMessageSize=true&Content-Type=charset%3Dutf-8&X-atmo-protocol=true&_=1731461739757 HTTP/1.1" 200 -
222.125.200.60 - - [13/Nov/2024:09:32:29 +0800] "GET /InternetTrading/longpoll/52091?X-Atmosphere-tracking-id=0&X-Atmosphere-Framework=2.2.3-javascript&X-Atmosphere-Transport=long-polling&X-Atmosphere-TrackMessageSize=true&Content-Type=charset%3Dutf-8&X-atmo-protocol=true&_=1731461739899 HTTP/1.1" 200 -
65.181.90.29 - - [13/Nov/2024:09:32:31 +0800] "GET /InternetTrading/longpoll/56035?X-Atmosphere-tracking-id=0&X-Atmosphere-Framework=2.2.3-javascript&X-Atmosphere-Transport=long-polling&X-Atmosphere-TrackMessageSize=true&Content-Type=charset%3Dutf-8&X-atmo-protocol=true&_=1731461741123 HTTP/1.1" 200 -
119.136.155.14 - - [13/Nov/2024:09:32:32 +0800] "GET /InternetTrading/longpoll/52832?X-Atmosphere-tracking-id=0&X-Atmosphere-Framework=2.2.3-javascript&X-Atmosphere-Transport=long-polling&X-Atmosphere-TrackMessageSize=true&Content-Type=charset%3Dutf-8&X-atmo-protocol=true&_=1731461792681 HTTP/1.1" 200 -
182.239.92.222 - - [13/Nov/2024:09:32:32 +0800] "GET /InternetTrading/longpoll/A8127?X-Atmosphere-tracking-id=0&X-Atmosphere-Framework=2.2.3-javascript&X-Atmosphere-Transport=long-polling&X-Atmosphere-TrackMessageSize=true&Content-Type=charset%3Dutf-8&X-atmo-protocol=true&_=1731461744900 HTTP/1.1" 200 -
119.136.155.14 - - [13/Nov/2024:09:32:32 +0800] "POST /InternetTrading/SessionErrorLogger HTTP/1.1" 200 117
119.136.155.14 - - [13/Nov/2024:09:32:32 +0800] "POST /InternetTrading/Heartbeat HTTP/1.1" 200 32
119.136.155.14 - - [13/Nov/2024:09:32:33 +0800] "POST /InternetTrading/SessionErrorLogger HTTP/1.1" 200 117
119.136.155.14 - - [13/Nov/2024:09:32:33 +0800] "POST /InternetTrading/MarketStatus HTTP/1.1" 200 772
222.125.200.60 - - [13/Nov/2024:09:32:34 +0800] "GET /InternetTrading/longpoll/52091?X-Atmosphere-tracking-id=0&X-Atmosphere-Framework=2.2.3-javascript&X-Atmosphere-Transport=long-polling&X-Atmosphere-TrackMessageSize=true&Content-Type=charset%3Dutf-8&X-atmo-protocol=true&_=1731461744978 HTTP/1.1" 200 -
65.181.90.29 - - [13/Nov/2024:09:32:36 +0800] "POST /InternetTrading/SessionErrorLogger HTTP/1.1" 200 117
65.181.90.29 - - [13/Nov/2024:09:32:36 +0800] "POST /InternetTrading/Heartbeat HTTP/1.1" 200 32
119.136.155.14 - - [13/Nov/2024:09:32:37 +0800] "GET /InternetTrading/longpoll/52832?X-Atmosphere-tracking-id=0&X-Atmosphere-Framework=2.2.3-javascript&X-Atmosphere-Transport=long-polling&X-Atmosphere-TrackMessageSize=true&Content-Type=charset%3Dutf-8&X-atmo-protocol=true&_=1731461797779 HTTP/1.1" 200 -
65.181.90.29 - - [13/Nov/2024:09:32:37 +0800] "GET /InternetTrading/longpoll/56035?X-Atmosphere-tracking-id=0&X-Atmosphere-Framework=2.2.3-javascript&X-Atmosphere-Transport=long-polling&X-Atmosphere-TrackMessageSize=true&Content-Type=charset%3Dutf-8&X-atmo-protocol=true&_=1731461747127 HTTP/1.1" 200 -
182.239.92.222 - - [13/Nov/2024:09:32:37 +0800] "GET /InternetTrading/longpoll/A8127?X-Atmosphere-tracking-id=0&X-Atmosphere-Framework=2.2.3-javascript&X-Atmosphere-Transport=long-polling&X-Atmosphere-TrackMessageSize=true&Content-Type=charset%3Dutf-8&X-atmo-protocol=true&_=1731461750049 HTTP/1.1" 200 -
182.239.92.222 - - [13/Nov/2024:09:32:39 +0800] "POST /InternetTrading/SessionErrorLogger HTTP/1.1" 200 117
182.239.92.222 - - [13/Nov/2024:09:32:39 +0800] "POST /InternetTrading/Heartbeat HTTP/1.1" 200 32
182.239.92.222 - - [13/Nov/2024:09:32:39 +0800] "POST /InternetTrading/SessionErrorLogger HTTP/1.1" 200 117
182.239.92.222 - - [13/Nov/2024:09:32:39 +0800] "POST /InternetTrading/MarketStatus HTTP/1.1" 200 772
222.125.200.60 - - [13/Nov/2024:09:32:40 +0800] "GET /InternetTrading/longpoll/52091?X-Atmosphere-tracking-id=0&X-Atmosphere-Framework=2.2.3-javascript&X-Atmosphere-Transport=long-polling&X-Atmosphere-TrackMessageSize=true&Content-Type=charset%3Dutf-8&X-atmo-protocol=true&_=1731461750085 HTTP/1.1" 200 -
119.136.155.14 - - [13/Nov/2024:09:32:42 +0800] "GET /InternetTrading/longpoll/52832?X-Atmosphere-tracking-id=0&X-Atmosphere-Framework=2.2.3-javascript&X-Atmosphere-Transport=long-polling&X-Atmosphere-TrackMessageSize=true&Content-Type=charset%3Dutf-8&X-atmo-protocol=true&_=1731461802817 HTTP/1.1" 200 -
182.239.92.222 - - [13/Nov/2024:09:32:42 +0800] "GET /InternetTrading/longpoll/A8127?X-Atmosphere-tracking-id=0&X-Atmosphere-Framework=2.2.3-javascript&X-Atmosphere-Transport=long-polling&X-Atmosphere-TrackMessageSize=true&Content-Type=charset%3Dutf-8&X-atmo-protocol=true&_=1731461755206 HTTP/1.1" 200 -
65.181.90.29 - - [13/Nov/2024:09:32:43 +0800] "GET /InternetTrading/longpoll/56035?X-Atmosphere-tracking-id=0&X-Atmosphere-Framework=2.2.3-javascript&X-Atmosphere-Transport=long-polling&X-Atmosphere-TrackMessageSize=true&Content-Type=charset%3Dutf-8&X-atmo-protocol=true&_=1731461753119 HTTP/1.1" 200 -
222.125.200.60 - - [13/Nov/2024:09:32:45 +0800] "GET /InternetTrading/longpoll/52091?X-Atmosphere-tracking-id=0&X-Atmosphere-Framework=2.2.3-javascript&X-Atmosphere-Transport=long-polling&X-Atmosphere-TrackMessageSize=true&Content-Type=charset%3Dutf-8&X-atmo-protocol=true&_=1731461755503 HTTP/1.1" 200 -
222.125.200.60 - - [13/Nov/2024:09:32:46 +0800] "POST /InternetTrading/SessionErrorLogger HTTP/1.1" 200 117
222.125.200.60 - - [13/Nov/2024:09:32:47 +0800] "POST /InternetTrading/Heartbeat HTTP/1.1" 200 32
222.125.200.60 - - [13/Nov/2024:09:32:47 +0800] "POST /InternetTrading/SessionErrorLogger HTTP/1.1" 200 117
222.125.200.60 - - [13/Nov/2024:09:32:47 +0800] "POST /InternetTrading/MarketStatus HTTP/1.1" 200 772
119.136.155.14 - - [13/Nov/2024:09:32:47 +0800] "GET /InternetTrading/longpoll/52832?X-Atmosphere-tracking-id=0&X-Atmosphere-Framework=2.2.3-javascript&X-Atmosphere-Transport=long-polling&X-Atmosphere-TrackMessageSize=true&Content-Type=charset%3Dutf-8&X-atmo-protocol=true&_=1731461808134 HTTP/1.1" 200 -
182.239.92.222 - - [13/Nov/2024:09:32:47 +0800] "GET /InternetTrading/longpoll/A8127?X-Atmosphere-tracking-id=0&X-Atmosphere-Framework=2.2.3-javascript&X-Atmosphere-Transport=long-polling&X-Atmosphere-TrackMessageSize=true&Content-Type=charset%3Dutf-8&X-atmo-protocol=true&_=1731461760248 HTTP/1.1" 200 -
65.181.90.29 - - [13/Nov/2024:09:32:49 +0800] "GET /InternetTrading/longpoll/56035?X-Atmosphere-tracking-id=0&X-Atmosphere-Framework=2.2.3-javascript&X-Atmosphere-Transport=long-polling&X-Atmosphere-TrackMessageSize=true&Content-Type=charset%3Dutf-8&X-atmo-protocol=true&_=1731461759121 HTTP/1.1" 200 -
222.125.200.60 - - [13/Nov/2024:09:32:50 +0800] "GET /InternetTrading/longpoll/52091?X-Atmosphere-tracking-id=0&X-Atmosphere-Framework=2.2.3-javascript&X-Atmosphere-Transport=long-polling&X-Atmosphere-TrackMessageSize=true&Content-Type=charset%3Dutf-8&X-atmo-protocol=true&_=1731461760954 HTTP/1.1" 200 -
65.181.90.29 - - [13/Nov/2024:09:32:51 +0800] "POST /InternetTrading/SessionErrorLogger HTTP/1.1" 200 117
65.181.90.29 - - [13/Nov/2024:09:32:51 +0800] "POST /InternetTrading/MarketStatus HTTP/1.1" 200 772
119.136.155.14 - - [13/Nov/2024:09:32:52 +0800] "GET /InternetTrading/longpoll/52832?X-Atmosphere-tracking-id=0&X-Atmosphere-Framework=2.2.3-javascript&X-Atmosphere-Transport=long-polling&X-Atmosphere-TrackMessageSize=true&Content-Type=charset%3Dutf-8&X-atmo-protocol=true&_=1731461813158 HTTP/1.1" 200 -
182.239.92.222 - - [13/Nov/2024:09:32:52 +0800] "GET /InternetTrading/longpoll/A8127?X-Atmosphere-tracking-id=0&X-Atmosphere-Framework=2.2.3-javascript&X-Atmosphere-Transport=long-polling&X-Atmosphere-TrackMessageSize=true&Content-Type=charset%3Dutf-8&X-atmo-protocol=true&_=1731461765303 HTTP/1.1" 200 -
65.181.90.29 - - [13/Nov/2024:09:32:55 +0800] "GET /InternetTrading/longpoll/56035?X-Atmosphere-tracking-id=0&X-Atmosphere-Framework=2.2.3-javascript&X-Atmosphere-Transport=long-polling&X-Atmosphere-TrackMessageSize=true&Content-Type=charset%3Dutf-8&X-atmo-protocol=true&_=1731461765123 HTTP/1.1" 200 -
222.125.200.60 - - [13/Nov/2024:09:32:56 +0800] "GET /InternetTrading/longpoll/52091?X-Atmosphere-tracking-id=0&X-Atmosphere-Framework=2.2.3-javascript&X-Atmosphere-Transport=long-polling&X-Atmosphere-TrackMessageSize=true&Content-Type=charset%3Dutf-8&X-atmo-protocol=true&_=1731461766245 HTTP/1.1" 200 -
119.136.155.14 - - [13/Nov/2024:09:32:57 +0800] "GET /InternetTrading/longpoll/52832?X-Atmosphere-tracking-id=0&X-Atmosphere-Framework=2.2.3-javascript&X-Atmosphere-Transport=long-polling&X-Atmosphere-TrackMessageSize=true&Content-Type=charset%3Dutf-8&X-atmo-protocol=true&_=1731461818502 HTTP/1.1" 200 -
182.239.92.222 - - [13/Nov/2024:09:32:58 +0800] "GET /InternetTrading/longpoll/A8127?X-Atmosphere-tracking-id=0&X-Atmosphere-Framework=2.2.3-javascript&X-Atmosphere-Transport=long-polling&X-Atmosphere-TrackMessageSize=true&Content-Type=charset%3Dutf-8&X-atmo-protocol=true&_=1731461770452 HTTP/1.1" 200 -
65.181.90.29 - - [13/Nov/2024:09:33:01 +0800] "GET /InternetTrading/longpoll/56035?X-Atmosphere-tracking-id=0&X-Atmosphere-Framework=2.2.3-javascript&X-Atmosphere-Transport=long-polling&X-Atmosphere-TrackMessageSize=true&Content-Type=charset%3Dutf-8&X-atmo-protocol=true&_=1731461771125 HTTP/1.1" 200 -
222.125.200.60 - - [13/Nov/2024:09:33:02 +0800] "GET /InternetTrading/longpoll/52091?X-Atmosphere-tracking-id=0&X-Atmosphere-Framework=2.2.3-javascript&X-Atmosphere-Transport=long-polling&X-Atmosphere-TrackMessageSize=true&Content-Type=charset%3Dutf-8&X-atmo-protocol=true&_=1731461771395 HTTP/1.1" 200 -
119.136.155.14 - - [13/Nov/2024:09:33:02 +0800] "POST /InternetTrading/SessionErrorLogger HTTP/1.1" 200 117
119.136.155.14 - - [13/Nov/2024:09:33:02 +0800] "POST /InternetTrading/Heartbeat HTTP/1.1" 200 32
119.136.155.14 - - [13/Nov/2024:09:33:02 +0800] "GET /InternetTrading/longpoll/52832?X-Atmosphere-tracking-id=0&X-Atmosphere-Framework=2.2.3-javascript&X-Atmosphere-Transport=long-polling&X-Atmosphere-TrackMessageSize=true&Content-Type=charset%3Dutf-8&X-atmo-protocol=true&_=1731461823533 HTTP/1.1" 200 -
119.136.155.14 - - [13/Nov/2024:09:33:03 +0800] "POST /InternetTrading/SessionErrorLogger HTTP/1.1" 200 117
182.239.92.222 - - [13/Nov/2024:09:33:03 +0800] "GET /InternetTrading/longpoll/A8127?X-Atmosphere-tracking-id=0&X-Atmosphere-Framework=2.2.3-javascript&X-Atmosphere-Transport=long-polling&X-Atmosphere-TrackMessageSize=true&Content-Type=charset%3Dutf-8&X-atmo-protocol=true&_=1731461775599 HTTP/1.1" 200 -
119.136.155.14 - - [13/Nov/2024:09:33:03 +0800] "POST /InternetTrading/MarketStatus HTTP/1.1" 200 772
222.125.200.60 - - [13/Nov/2024:09:33:07 +0800] "GET /InternetTrading/longpoll/52091?X-Atmosphere-tracking-id=0&X-Atmosphere-Framework=2.2.3-javascript&X-Atmosphere-Transport=long-polling&X-Atmosphere-TrackMessageSize=true&Content-Type=charset%3Dutf-8&X-atmo-protocol=true&_=1731461777484 HTTP/1.1" 200 -
65.181.90.29 - - [13/Nov/2024:09:33:07 +0800] "POST /InternetTrading/SessionErrorLogger HTTP/1.1" 200 117
65.181.90.29 - - [13/Nov/2024:09:33:07 +0800] "POST /InternetTrading/Heartbeat HTTP/1.1" 200 32
65.181.90.29 - - [13/Nov/2024:09:33:07 +0800] "GET /InternetTrading/longpoll/56035?X-Atmosphere-tracking-id=0&X-Atmosphere-Framework=2.2.3-javascript&X-Atmosphere-Transport=long-polling&X-Atmosphere-TrackMessageSize=true&Content-Type=charset%3Dutf-8&X-atmo-protocol=true&_=1731461777178 HTTP/1.1" 200 -
119.136.155.14 - - [13/Nov/2024:09:33:07 +0800] "GET /InternetTrading/longpoll/52832?X-Atmosphere-tracking-id=0&X-Atmosphere-Framework=2.2.3-javascript&X-Atmosphere-Transport=long-polling&X-Atmosphere-TrackMessageSize=true&Content-Type=charset%3Dutf-8&X-atmo-protocol=true&_=1731461828560 HTTP/1.1" 200 -
182.239.92.222 - - [13/Nov/2024:09:33:08 +0800] "GET /InternetTrading/longpoll/A8127?X-Atmosphere-tracking-id=0&X-Atmosphere-Framework=2.2.3-javascript&X-Atmosphere-Transport=long-polling&X-Atmosphere-TrackMessageSize=true&Content-Type=charset%3Dutf-8&X-atmo-protocol=true&_=1731461780890 HTTP/1.1" 200 -
182.239.92.222 - - [13/Nov/2024:09:33:09 +0800] "POST /InternetTrading/SessionErrorLogger HTTP/1.1" 200 117
182.239.92.222 - - [13/Nov/2024:09:33:09 +0800] "POST /InternetTrading/Heartbeat HTTP/1.1" 200 32
182.239.92.222 - - [13/Nov/2024:09:33:09 +0800] "POST /InternetTrading/SessionErrorLogger HTTP/1.1" 200 117
182.239.92.222 - - [13/Nov/2024:09:33:09 +0800] "POST /InternetTrading/MarketStatus HTTP/1.1" 200 772
222.125.200.60 - - [13/Nov/2024:09:33:12 +0800] "GET /InternetTrading/longpoll/52091?X-Atmosphere-tracking-id=0&X-Atmosphere-Framework=2.2.3-javascript&X-Atmosphere-Transport=long-polling&X-Atmosphere-TrackMessageSize=true&Content-Type=charset%3Dutf-8&X-atmo-protocol=true&_=1731461782525 HTTP/1.1" 200 -
119.136.155.14 - - [13/Nov/2024:09:33:13 +0800] "GET /InternetTrading/longpoll/52832?X-Atmosphere-tracking-id=0&X-Atmosphere-Framework=2.2.3-javascript&X-Atmosphere-Transport=long-polling&X-Atmosphere-TrackMessageSize=true&Content-Type=charset%3Dutf-8&X-atmo-protocol=true&_=1731461833588 HTTP/1.1" 200 -
65.181.90.29 - - [13/Nov/2024:09:33:13 +0800] "GET /InternetTrading/longpoll/56035?X-Atmosphere-tracking-id=0&X-Atmosphere-Framework=2.2.3-javascript&X-Atmosphere-Transport=long-polling&X-Atmosphere-TrackMessageSize=true&Content-Type=charset%3Dutf-8&X-atmo-protocol=true&_=1731461783125 HTTP/1.1" 200 -
182.239.92.222 - - [13/Nov/2024:09:33:13 +0800] "GET /InternetTrading/longpoll/A8127?X-Atmosphere-tracking-id=0&X-Atmosphere-Framework=2.2.3-javascript&X-Atmosphere-Transport=long-polling&X-Atmosphere-TrackMessageSize=true&Content-Type=charset%3Dutf-8&X-atmo-protocol=true&_=1731461786126 HTTP/1.1" 200 -
222.125.200.60 - - [13/Nov/2024:09:33:16 +0800] "POST /InternetTrading/SessionErrorLogger HTTP/1.1" 200 117
222.125.200.60 - - [13/Nov/2024:09:33:17 +0800] "POST /InternetTrading/Heartbeat HTTP/1.1" 200 32
222.125.200.60 - - [13/Nov/2024:09:33:17 +0800] "GET /InternetTrading/longpoll/52091?X-Atmosphere-tracking-id=0&X-Atmosphere-Framework=2.2.3-javascript&X-Atmosphere-Transport=long-polling&X-Atmosphere-TrackMessageSize=true&Content-Type=charset%3Dutf-8&X-atmo-protocol=true&_=1731461787607 HTTP/1.1" 200 -
222.125.200.60 - - [13/Nov/2024:09:33:17 +0800] "POST /InternetTrading/SessionErrorLogger HTTP/1.1" 200 117
222.125.200.60 - - [13/Nov/2024:09:33:17 +0800] "POST /InternetTrading/MarketStatus HTTP/1.1" 200 772
119.136.155.14 - - [13/Nov/2024:09:33:18 +0800] "GET /InternetTrading/longpoll/52832?X-Atmosphere-tracking-id=0&X-Atmosphere-Framework=2.2.3-javascript&X-Atmosphere-Transport=long-polling&X-Atmosphere-TrackMessageSize=true&Content-Type=charset%3Dutf-8&X-atmo-protocol=true&_=1731461838905 HTTP/1.1" 200 -
182.239.92.222 - - [13/Nov/2024:09:33:18 +0800] "GET /InternetTrading/longpoll/A8127?X-Atmosphere-tracking-id=0&X-Atmosphere-Framework=2.2.3-javascript&X-Atmosphere-Transport=long-polling&X-Atmosphere-TrackMessageSize=true&Content-Type=charset%3Dutf-8&X-atmo-protocol=true&_=1731461791182 HTTP/1.1" 200 -
65.181.90.29 - - [13/Nov/2024:09:33:19 +0800] "GET /InternetTrading/longpoll/56035?X-Atmosphere-tracking-id=0&X-Atmosphere-Framework=2.2.3-javascript&X-Atmosphere-Transport=long-polling&X-Atmosphere-TrackMessageSize=true&Content-Type=charset%3Dutf-8&X-atmo-protocol=true&_=1731461789121 HTTP/1.1" 200 -
222.125.200.60 - - [13/Nov/2024:09:33:22 +0800] "GET /InternetTrading/longpoll/52091?X-Atmosphere-tracking-id=0&X-Atmosphere-Framework=2.2.3-javascript&X-Atmosphere-Transport=long-polling&X-Atmosphere-TrackMessageSize=true&Content-Type=charset%3Dutf-8&X-atmo-protocol=true&_=1731461792674 HTTP/1.1" 200 -
65.181.90.29 - - [13/Nov/2024:09:33:22 +0800] "POST /InternetTrading/SessionErrorLogger HTTP/1.1" 200 117
65.181.90.29 - - [13/Nov/2024:09:33:22 +0800] "POST /InternetTrading/MarketStatus HTTP/1.1" 200 772
119.136.155.14 - - [13/Nov/2024:09:33:23 +0800] "GET /InternetTrading/longpoll/52832?X-Atmosphere-tracking-id=0&X-Atmosphere-Framework=2.2.3-javascript&X-Atmosphere-Transport=long-polling&X-Atmosphere-TrackMessageSize=true&Content-Type=charset%3Dutf-8&X-atmo-protocol=true&_=1731461844320 HTTP/1.1" 200 -
182.239.92.222 - - [13/Nov/2024:09:33:24 +0800] "GET /InternetTrading/longpoll/A8127?X-Atmosphere-tracking-id=0&X-Atmosphere-Framework=2.2.3-javascript&X-Atmosphere-Transport=long-polling&X-Atmosphere-TrackMessageSize=true&Content-Type=charset%3Dutf-8&X-atmo-protocol=true&_=1731461796412 HTTP/1.1" 200 -
65.181.90.29 - - [13/Nov/2024:09:33:25 +0800] "GET /InternetTrading/longpoll/56035?X-Atmosphere-tracking-id=0&X-Atmosphere-Framework=2.2.3-javascript&X-Atmosphere-Transport=long-polling&X-Atmosphere-TrackMessageSize=true&Content-Type=charset%3Dutf-8&X-atmo-protocol=true&_=1731461795125 HTTP/1.1" 200 -
222.125.200.60 - - [13/Nov/2024:09:33:27 +0800] "GET /InternetTrading/longpoll/52091?X-Atmosphere-tracking-id=0&X-Atmosphere-Framework=2.2.3-javascript&X-Atmosphere-Transport=long-polling&X-Atmosphere-TrackMessageSize=true&Content-Type=charset%3Dutf-8&X-atmo-protocol=true&_=1731461797718 HTTP/1.1" 200 -
119.136.155.14 - - [13/Nov/2024:09:33:28 +0800] "GET /InternetTrading/longpoll/52832?X-Atmosphere-tracking-id=0&X-Atmosphere-Framework=2.2.3-javascript&X-Atmosphere-Transport=long-polling&X-Atmosphere-TrackMessageSize=true&Content-Type=charset%3Dutf-8&X-atmo-protocol=true&_=1731461849419 HTTP/1.1" 200 -
182.239.92.222 - - [13/Nov/2024:09:33:29 +0800] "GET /InternetTrading/longpoll/A8127?X-Atmosphere-tracking-id=0&X-Atmosphere-Framework=2.2.3-javascript&X-Atmosphere-Transport=long-polling&X-Atmosphere-TrackMessageSize=true&Content-Type=charset%3Dutf-8&X-atmo-protocol=true&_=1731461801612 HTTP/1.1" 200 -
119.136.155.14 - - [13/Nov/2024:09:33:31 +0800] "POST /InternetTrading/SessionErrorLogger HTTP/1.1" 200 117
119.136.155.14 - - [13/Nov/2024:09:33:31 +0800] "GET /InternetTrading/Home/LogoutAA.jsp HTTP/1.1" 200 12
119.136.155.14 - - [13/Nov/2024:09:33:31 +0800] "POST /InternetTrading/Logout HTTP/1.1" 200 1
65.181.90.29 - - [13/Nov/2024:09:33:31 +0800] "GET /InternetTrading/longpoll/56035?X-Atmosphere-tracking-id=0&X-Atmosphere-Framework=2.2.3-javascript&X-Atmosphere-Transport=long-polling&X-Atmosphere-TrackMessageSize=true&Content-Type=charset%3Dutf-8&X-atmo-protocol=true&_=1731461801128 HTTP/1.1" 200 -
119.136.155.14 - - [13/Nov/2024:09:33:31 +0800] "POST /InternetTrading/SessionErrorLogger HTTP/1.1" 200 117
119.136.155.14 - - [13/Nov/2024:09:33:31 +0800] "GET /InternetTrading/jquery/wait.gif HTTP/1.1" 200 432
119.136.155.14 - - [13/Nov/2024:09:33:31 +0800] "GET /InternetTrading/tc/login.html HTTP/1.1" 200 1755
119.136.155.14 - - [13/Nov/2024:09:33:31 +0800] "GET /InternetTrading/tc/style_common.css?v=20200819161914 HTTP/1.1" 200 2540
119.136.155.14 - - [13/Nov/2024:09:33:31 +0800] "GET /InternetTrading/tc/style.css?v=20200819161914 HTTP/1.1" 200 1435
119.136.155.14 - - [13/Nov/2024:09:33:31 +0800] "GET /InternetTrading/jquery/jquery-3.3.1.js HTTP/1.1" 200 80650
119.136.155.14 - - [13/Nov/2024:09:33:31 +0800] "GET /InternetTrading/jquery/jquery.validate-1.11.1.js HTTP/1.1" 200 7041
119.136.155.14 - - [13/Nov/2024:09:33:31 +0800] "GET /InternetTrading/jquery/additional-methods.js HTTP/1.1" 200 2238
119.136.155.14 - - [13/Nov/2024:09:33:31 +0800] "GET /InternetTrading/jquery/jquery.blockUI-2.66.0.js HTTP/1.1" 200 6651
119.136.155.14 - - [13/Nov/2024:09:33:31 +0800] "GET /InternetTrading/jquery/jquery.timer-0.9.16.js HTTP/1.1" 200 542
119.136.155.14 - - [13/Nov/2024:09:33:31 +0800] "GET /InternetTrading/jquery/jquery-ui-personalized-1.6rc2.min.js HTTP/1.1" 200 55543
119.136.155.14 - - [13/Nov/2024:09:33:31 +0800] "GET /InternetTrading/jquery/jquery.getParams.js HTTP/1.1" 200 587
119.136.155.14 - - [13/Nov/2024:09:33:31 +0800] "GET /InternetTrading/tc/user/translation.js?jsv=20200819161914 HTTP/1.1" 200 12818
119.136.155.14 - - [13/Nov/2024:09:33:31 +0800] "GET /InternetTrading/js/haitong.js?jsv=20200819161914 HTTP/1.1" 200 3881
119.136.155.14 - - [13/Nov/2024:09:33:31 +0800] "GET /InternetTrading/js/util.js?jsv=20200819161914 HTTP/1.1" 200 6636
119.136.155.14 - - [13/Nov/2024:09:33:31 +0800] "GET /InternetTrading/js/rsautil.js?jsv=20200819161914 HTTP/1.1" 200 1017
119.136.155.14 - - [13/Nov/2024:09:33:31 +0800] "GET /InternetTrading/jquery/jquery.form-3.46.0.js HTTP/1.1" 200 5673
119.136.155.14 - - [13/Nov/2024:09:33:31 +0800] "GET /InternetTrading/jquery/jquery-migrate-3.0.0.js HTTP/1.1" 200 4963
119.136.155.14 - - [13/Nov/2024:09:33:31 +0800] "GET /InternetTrading/js/login.js?jsv=20200819161914 HTTP/1.1" 200 1684
119.136.155.14 - - [13/Nov/2024:09:33:31 +0800] "GET /InternetTrading/js/version.js?jsv=20200819161914 HTTP/1.1" 200 85
119.136.155.14 - - [13/Nov/2024:09:33:31 +0800] "GET /InternetTrading/tc/user/custom_variables.js?jsv=20200819161914 HTTP/1.1" 200 275
119.136.155.14 - - [13/Nov/2024:09:33:31 +0800] "GET /InternetTrading/js/string_extend.js?jsv=20200819161914 HTTP/1.1" 200 272
119.136.155.14 - - [13/Nov/2024:09:33:31 +0800] "GET /InternetTrading/js/pidcrypt.js?jsv=20200819161914 HTTP/1.1" 200 982
119.136.155.14 - - [13/Nov/2024:09:33:31 +0800] "GET /InternetTrading/js/pidcrypt_util.js?jsv=20200819161914 HTTP/1.1" 200 1206
119.136.155.14 - - [13/Nov/2024:09:33:31 +0800] "GET /InternetTrading/js/aes_cbc.js?jsv=20200819161914 HTTP/1.1" 200 2043
119.136.155.14 - - [13/Nov/2024:09:33:31 +0800] "GET /InternetTrading/js/aes_core.js?jsv=20200819161914 HTTP/1.1" 200 2106
119.136.155.14 - - [13/Nov/2024:09:33:32 +0800] "GET /InternetTrading/js/constants.js?jsv=20200819161914 HTTP/1.1" 200 400
119.136.155.14 - - [13/Nov/2024:09:33:32 +0800] "GET /InternetTrading/js/asn1.js?jsv=20200819161914 HTTP/1.1" 200 3099
119.136.155.14 - - [13/Nov/2024:09:33:32 +0800] "GET /InternetTrading/js/md5.js?jsv=20200819161914 HTTP/1.1" 200 1730
119.136.155.14 - - [13/Nov/2024:09:33:32 +0800] "GET /InternetTrading/js/init.js?jsv=20200819161914 HTTP/1.1" 200 886
119.136.155.14 - - [13/Nov/2024:09:33:32 +0800] "GET /InternetTrading/js/rng.js?jsv=20200819161914 HTTP/1.1" 200 481
119.136.155.14 - - [13/Nov/2024:09:33:32 +0800] "GET /InternetTrading/js/rsa.js?jsv=20200819161914 HTTP/1.1" 200 1658
119.136.155.14 - - [13/Nov/2024:09:33:32 +0800] "GET /InternetTrading/tc/images/bg_login.jpg HTTP/1.1" 200 29296
119.136.155.14 - - [13/Nov/2024:09:33:32 +0800] "GET /InternetTrading/js/sha256.js?jsv=20200819161914 HTTP/1.1" 200 1362
119.136.155.14 - - [13/Nov/2024:09:33:32 +0800] "GET /InternetTrading/js/prng4.js?jsv=20200819161914 HTTP/1.1" 200 303
222.125.200.60 - - [13/Nov/2024:09:33:32 +0800] "GET /InternetTrading/longpoll/52091?X-Atmosphere-tracking-id=0&X-Atmosphere-Framework=2.2.3-javascript&X-Atmosphere-Transport=long-polling&X-Atmosphere-TrackMessageSize=true&Content-Type=charset%3Dutf-8&X-atmo-protocol=true&_=1731461802769 HTTP/1.1" 200 -
119.136.155.14 - - [13/Nov/2024:09:33:32 +0800] "GET /InternetTrading/js/jsbn.js?jsv=20200819161914 HTTP/1.1" 200 6736
119.136.155.14 - - [13/Nov/2024:09:33:32 +0800] "GET /InternetTrading/tc/dialog.html?1731461853348 HTTP/1.1" 200 3188
119.136.155.14 - - [13/Nov/2024:09:33:32 +0800] "POST /InternetTrading/SystemMaintenanceCheck HTTP/1.1" 200 119
182.239.92.222 - - [13/Nov/2024:09:33:34 +0800] "GET /InternetTrading/longpoll/A8127?X-Atmosphere-tracking-id=0&X-Atmosphere-Framework=2.2.3-javascript&X-Atmosphere-Transport=long-polling&X-Atmosphere-TrackMessageSize=true&Content-Type=charset%3Dutf-8&X-atmo-protocol=true&_=1731461806832 HTTP/1.1" 200 -
65.181.90.29 - - [13/Nov/2024:09:33:37 +0800] "GET /InternetTrading/longpoll/56035?X-Atmosphere-tracking-id=0&X-Atmosphere-Framework=2.2.3-javascript&X-Atmosphere-Transport=long-polling&X-Atmosphere-TrackMessageSize=true&Content-Type=charset%3Dutf-8&X-atmo-protocol=true&_=1731461807123 HTTP/1.1" 200 -
222.125.200.60 - - [13/Nov/2024:09:33:37 +0800] "GET /InternetTrading/longpoll/52091?X-Atmosphere-tracking-id=0&X-Atmosphere-Framework=2.2.3-javascript&X-Atmosphere-Transport=long-polling&X-Atmosphere-TrackMessageSize=true&Content-Type=charset%3Dutf-8&X-atmo-protocol=true&_=1731461807862 HTTP/1.1" 200 -
119.136.155.14 - - [13/Nov/2024:09:33:38 +0800] "POST /InternetTrading/CheckIsEnableRSA HTTP/1.1" 200 1
119.136.155.14 - - [13/Nov/2024:09:33:38 +0800] "POST /InternetTrading/CheckPwEncryptType HTTP/1.1" 200 -
119.136.155.14 - - [13/Nov/2024:09:33:38 +0800] "POST /InternetTrading/LoginKey HTTP/1.1" 200 -
119.136.155.14 - - [13/Nov/2024:09:33:38 +0800] "GET /InternetTrading/jquery/wait.gif HTTP/1.1" 200 432
65.181.90.29 - - [13/Nov/2024:09:33:38 +0800] "POST /InternetTrading/SessionErrorLogger HTTP/1.1" 200 117
65.181.90.29 - - [13/Nov/2024:09:33:38 +0800] "POST /InternetTrading/Heartbeat HTTP/1.1" 200 32
182.239.92.222 - - [13/Nov/2024:09:33:39 +0800] "GET /InternetTrading/longpoll/A8127?X-Atmosphere-tracking-id=0&X-Atmosphere-Framework=2.2.3-javascript&X-Atmosphere-Transport=long-polling&X-Atmosphere-TrackMessageSize=true&Content-Type=charset%3Dutf-8&X-atmo-protocol=true&_=1731461812032 HTTP/1.1" 200 -
182.239.92.222 - - [13/Nov/2024:09:33:39 +0800] "POST /InternetTrading/SessionErrorLogger HTTP/1.1" 200 117
182.239.92.222 - - [13/Nov/2024:09:33:39 +0800] "POST /InternetTrading/Heartbeat HTTP/1.1" 200 32
182.239.92.222 - - [13/Nov/2024:09:33:39 +0800] "POST /InternetTrading/SessionErrorLogger HTTP/1.1" 200 117
182.239.92.222 - - [13/Nov/2024:09:33:40 +0800] "POST /InternetTrading/MarketStatus HTTP/1.1" 200 772
119.136.155.14 - - [13/Nov/2024:09:33:38 +0800] "POST /InternetTrading/Login HTTP/1.1" 200 462
119.136.155.14 - - [13/Nov/2024:09:33:40 +0800] "GET /InternetTrading/tc/2FA_authentication.html?language=tc&version=HTML HTTP/1.1" 200 1468
119.136.155.14 - - [13/Nov/2024:09:33:40 +0800] "GET /InternetTrading/tc/style_common.css?v=20200819161914 HTTP/1.1" 200 2540
119.136.155.14 - - [13/Nov/2024:09:33:40 +0800] "GET /InternetTrading/tc/style.css?v=20200819161914 HTTP/1.1" 200 1435
119.136.155.14 - - [13/Nov/2024:09:33:40 +0800] "GET /InternetTrading/jquery/jquery-migrate-3.0.0.js HTTP/1.1" 200 4963
119.136.155.14 - - [13/Nov/2024:09:33:40 +0800] "GET /InternetTrading/jquery/jquery-3.3.1.js HTTP/1.1" 200 80650
119.136.155.14 - - [13/Nov/2024:09:33:40 +0800] "GET /InternetTrading/jquery/jquery.form-3.46.0.js HTTP/1.1" 200 5673
119.136.155.14 - - [13/Nov/2024:09:33:40 +0800] "GET /InternetTrading/jquery/jquery-ui-1.10.3.js HTTP/1.1" 200 69642
119.136.155.14 - - [13/Nov/2024:09:33:40 +0800] "GET /InternetTrading/jquery/jquery.validate-1.11.1.js HTTP/1.1" 200 7041
119.136.155.14 - - [13/Nov/2024:09:33:40 +0800] "GET /InternetTrading/jquery/additional-methods.js HTTP/1.1" 200 2238
119.136.155.14 - - [13/Nov/2024:09:33:40 +0800] "GET /InternetTrading/jquery/jquery.timer-0.9.16.js HTTP/1.1" 200 542
119.136.155.14 - - [13/Nov/2024:09:33:40 +0800] "GET /InternetTrading/jquery/jquery.blockUI-2.66.0-iAsiaEdition.js HTTP/1.1" 200 6651
119.136.155.14 - - [13/Nov/2024:09:33:40 +0800] "GET /InternetTrading/jquery/jquery.getParams.js HTTP/1.1" 200 587
119.136.155.14 - - [13/Nov/2024:09:33:40 +0800] "GET /InternetTrading/js/constants.js?jsv=20200819161914 HTTP/1.1" 200 400
119.136.155.14 - - [13/Nov/2024:09:33:40 +0800] "GET /InternetTrading/tc/user/translation.js?jsv=20200819161914 HTTP/1.1" 200 12818
119.136.155.14 - - [13/Nov/2024:09:33:40 +0800] "GET /InternetTrading/js/haitong.js?jsv=20200819161914 HTTP/1.1" 200 3881
119.136.155.14 - - [13/Nov/2024:09:33:40 +0800] "GET /InternetTrading/js/util.js?jsv=20200819161914 HTTP/1.1" 200 6636
119.136.155.14 - - [13/Nov/2024:09:33:40 +0800] "GET /InternetTrading/js/init.js?jsv=20200819161914 HTTP/1.1" 200 886
119.136.155.14 - - [13/Nov/2024:09:33:40 +0800] "GET /InternetTrading/tc/user/custom_variables.js?jsv=20200819161914 HTTP/1.1" 200 275
119.136.155.14 - - [13/Nov/2024:09:33:40 +0800] "GET /InternetTrading/settings/webpage_settings.js?jsv=20200819161914 HTTP/1.1" 200 33
119.136.155.14 - - [13/Nov/2024:09:33:40 +0800] "GET /InternetTrading/js/2fa.js?jsv=20200819161914 HTTP/1.1" 200 1953
119.136.155.14 - - [13/Nov/2024:09:33:40 +0800] "GET /InternetTrading/js/login.js?jsv=20200819161914 HTTP/1.1" 200 1684
119.136.155.14 - - [13/Nov/2024:09:33:40 +0800] "GET /InternetTrading/tc/images/logo.png HTTP/1.1" 200 7042
119.136.155.14 - - [13/Nov/2024:09:33:40 +0800] "GET /InternetTrading/js/login.js?jsv=20200819161914 HTTP/1.1" 200 1684
119.136.155.14 - - [13/Nov/2024:09:33:40 +0800] "GET /InternetTrading/tc/dialog.html?1731461861071 HTTP/1.1" 200 3188
119.136.155.14 - - [13/Nov/2024:09:33:40 +0800] "GET /InternetTrading/jquery/wait.gif HTTP/1.1" 200 432
119.136.155.14 - - [13/Nov/2024:09:33:40 +0800] "POST /InternetTrading/Get2FAInfoService HTTP/1.1" 200 109
119.136.155.14 - - [13/Nov/2024:09:33:40 +0800] "POST /InternetTrading/SystemMaintenanceCheck HTTP/1.1" 200 119
119.136.155.14 - - [13/Nov/2024:09:33:40 +0800] "POST /InternetTrading/SystemMaintenanceCheck HTTP/1.1" 200 119
222.125.200.60 - - [13/Nov/2024:09:33:42 +0800] "GET /InternetTrading/longpoll/52091?X-Atmosphere-tracking-id=0&X-Atmosphere-Framework=2.2.3-javascript&X-Atmosphere-Transport=long-polling&X-Atmosphere-TrackMessageSize=true&Content-Type=charset%3Dutf-8&X-atmo-protocol=true&_=1731461812939 HTTP/1.1" 200 -
65.181.90.29 - - [13/Nov/2024:09:33:43 +0800] "GET /InternetTrading/longpoll/56035?X-Atmosphere-tracking-id=0&X-Atmosphere-Framework=2.2.3-javascript&X-Atmosphere-Transport=long-polling&X-Atmosphere-TrackMessageSize=true&Content-Type=charset%3Dutf-8&X-atmo-protocol=true&_=1731461813125 HTTP/1.1" 200 -
182.239.92.222 - - [13/Nov/2024:09:33:44 +0800] "GET /InternetTrading/longpoll/A8127?X-Atmosphere-tracking-id=0&X-Atmosphere-Framework=2.2.3-javascript&X-Atmosphere-Transport=long-polling&X-Atmosphere-TrackMessageSize=true&Content-Type=charset%3Dutf-8&X-atmo-protocol=true&_=1731461817176 HTTP/1.1" 200 -
222.125.200.60 - - [13/Nov/2024:09:33:46 +0800] "POST /InternetTrading/SessionErrorLogger HTTP/1.1" 200 117
222.125.200.60 - - [13/Nov/2024:09:33:47 +0800] "POST /InternetTrading/Heartbeat HTTP/1.1" 200 32
222.125.200.60 - - [13/Nov/2024:09:33:47 +0800] "POST /InternetTrading/SessionErrorLogger HTTP/1.1" 200 117
222.125.200.60 - - [13/Nov/2024:09:33:47 +0800] "POST /InternetTrading/MarketStatus HTTP/1.1" 200 772
222.125.200.60 - - [13/Nov/2024:09:33:47 +0800] "GET /InternetTrading/longpoll/52091?X-Atmosphere-tracking-id=0&X-Atmosphere-Framework=2.2.3-javascript&X-Atmosphere-Transport=long-polling&X-Atmosphere-TrackMessageSize=true&Content-Type=charset%3Dutf-8&X-atmo-protocol=true&_=1731461818017 HTTP/1.1" 200 -
65.181.90.29 - - [13/Nov/2024:09:33:49 +0800] "GET /InternetTrading/longpoll/56035?X-Atmosphere-tracking-id=0&X-Atmosphere-Framework=2.2.3-javascript&X-Atmosphere-Transport=long-polling&X-Atmosphere-TrackMessageSize=true&Content-Type=charset%3Dutf-8&X-atmo-protocol=true&_=1731461819129 HTTP/1.1" 200 -
119.136.155.14 - - [13/Nov/2024:09:33:49 +0800] "GET /InternetTrading/jquery/wait.gif HTTP/1.1" 200 432
182.239.92.222 - - [13/Nov/2024:09:33:49 +0800] "GET /InternetTrading/longpoll/A8127?X-Atmosphere-tracking-id=0&X-Atmosphere-Framework=2.2.3-javascript&X-Atmosphere-Transport=long-polling&X-Atmosphere-TrackMessageSize=true&Content-Type=charset%3Dutf-8&X-atmo-protocol=true&_=1731461822245 HTTP/1.1" 200 -
119.136.155.14 - - [13/Nov/2024:09:33:49 +0800] "POST /InternetTrading/Verify2FAService HTTP/1.1" 200 427
119.136.155.14 - - [13/Nov/2024:09:33:50 +0800] "GET /InternetTrading/tc/main.html?language=tc&version=HTML HTTP/1.1" 200 3578
119.136.155.14 - - [13/Nov/2024:09:33:50 +0800] "GET /InternetTrading/jquery/ui.datepicker.css HTTP/1.1" 200 1145
119.136.155.14 - - [13/Nov/2024:09:33:50 +0800] "GET /InternetTrading/jquery/jquery.tablesorter-theme.blue.css HTTP/1.1" 200 2083
119.136.155.14 - - [13/Nov/2024:09:33:50 +0800] "GET /InternetTrading/jquery/dragtable-2.0.9.css HTTP/1.1" 200 316
119.136.155.14 - - [13/Nov/2024:09:33:50 +0800] "GET /InternetTrading/jquery/jquery-ui-1.10.3.css HTTP/1.1" 200 5283
119.136.155.14 - - [13/Nov/2024:09:33:50 +0800] "GET /InternetTrading/tc/style_common.css?v=20200819161914 HTTP/1.1" 200 2540
119.136.155.14 - - [13/Nov/2024:09:33:50 +0800] "GET /InternetTrading/tc/style.css?v=20200819161914 HTTP/1.1" 200 1435
119.136.155.14 - - [13/Nov/2024:09:33:50 +0800] "GET /InternetTrading/tc/css/jquery.jscrollpane.css HTTP/1.1" 404 690
119.136.155.14 - - [13/Nov/2024:09:33:50 +0800] "GET /InternetTrading/js/aastock.js HTTP/1.1" 200 553
119.136.155.14 - - [13/Nov/2024:09:33:50 +0800] "GET /InternetTrading/jquery/jquery.ba-postmessage.js HTTP/1.1" 200 2990
119.136.155.14 - - [13/Nov/2024:09:33:50 +0800] "GET /InternetTrading/jquery/jquery-1.6.3.min.js HTTP/1.1" 200 32057
119.136.155.14 - - [13/Nov/2024:09:33:50 +0800] "GET /InternetTrading/jquery/jquery-migrate-3.0.0.js HTTP/1.1" 200 4963
119.136.155.14 - - [13/Nov/2024:09:33:50 +0800] "GET /InternetTrading/js/atmosphere.js HTTP/1.1" 200 13461
119.136.155.14 - - [13/Nov/2024:09:33:50 +0800] "GET /InternetTrading/jquery/jquery-3.3.1.js HTTP/1.1" 200 80650
119.136.155.14 - - [13/Nov/2024:09:33:50 +0800] "GET /InternetTrading/jquery/jquery-ui-1.10.3.js HTTP/1.1" 200 69642
119.136.155.14 - - [13/Nov/2024:09:33:50 +0800] "GET /InternetTrading/js/cache.js?jsv=20200819161914 HTTP/1.1" 200 940
119.136.155.14 - - [13/Nov/2024:09:33:50 +0800] "GET /InternetTrading/jquery/jquery.form-3.46.0.js HTTP/1.1" 200 5673
119.136.155.14 - - [13/Nov/2024:09:33:50 +0800] "GET /InternetTrading/jquery/jquery.blockUI-2.66.0.js HTTP/1.1" 200 6651
119.136.155.14 - - [13/Nov/2024:09:33:50 +0800] "GET /InternetTrading/jquery/additional-methods.js HTTP/1.1" 200 2238
119.136.155.14 - - [13/Nov/2024:09:33:50 +0800] "GET /InternetTrading/jquery/jquery.validate-1.11.1.js HTTP/1.1" 200 7041
119.136.155.14 - - [13/Nov/2024:09:33:50 +0800] "GET /InternetTrading/jquery/jquery.mousewheel-3.1.4.js HTTP/1.1" 200 822
119.136.155.14 - - [13/Nov/2024:09:33:50 +0800] "GET /InternetTrading/jquery/jquery.tablesorter-2.14.5.js HTTP/1.1" 200 8901
119.136.155.14 - - [13/Nov/2024:09:33:50 +0800] "GET /InternetTrading/jquery/jquery.tablesorter.widgets-2.14.5.js HTTP/1.1" 200 8611
119.136.155.14 - - [13/Nov/2024:09:33:50 +0800] "GET /InternetTrading/jquery/jquery.timer-0.9.16.js HTTP/1.1" 200 542
119.136.155.14 - - [13/Nov/2024:09:33:50 +0800] "GET /InternetTrading/jquery/jquery.combobox.packed.js HTTP/1.1" 200 3387
119.136.155.14 - - [13/Nov/2024:09:33:50 +0800] "GET /InternetTrading/jquery/jquery.getParams.js HTTP/1.1" 200 587
119.136.155.14 - - [13/Nov/2024:09:33:50 +0800] "GET /InternetTrading/jquery/jquery.selectboxes.pack.js HTTP/1.1" 200 1640
119.136.155.14 - - [13/Nov/2024:09:33:50 +0800] "GET /InternetTrading/jquery/date.js HTTP/1.1" 200 2807
119.136.155.14 - - [13/Nov/2024:09:33:50 +0800] "GET /InternetTrading/jquery/globalize-0.1.0a1.js HTTP/1.1" 200 6984
119.136.155.14 - - [13/Nov/2024:09:33:50 +0800] "GET /InternetTrading/json/json2.js?jsv=20200819161914 HTTP/1.1" 200 1372
119.136.155.14 - - [13/Nov/2024:09:33:50 +0800] "GET /InternetTrading/settings/crm_display_settings.js?jsv=20200819161914 HTTP/1.1" 200 1781
119.136.155.14 - - [13/Nov/2024:09:33:50 +0800] "GET /InternetTrading/tc/user/translation.js?jsv=20200819161914 HTTP/1.1" 200 12818
119.136.155.14 - - [13/Nov/2024:09:33:50 +0800] "GET /InternetTrading/js/constants.js?jsv=20200819161914 HTTP/1.1" 200 400
119.136.155.14 - - [13/Nov/2024:09:33:50 +0800] "GET /InternetTrading/js/init.js?jsv=20200819161914 HTTP/1.1" 200 886
119.136.155.14 - - [13/Nov/2024:09:33:50 +0800] "GET /InternetTrading/js/haitong.js?jsv=20200819161914 HTTP/1.1" 200 3881
119.136.155.14 - - [13/Nov/2024:09:33:50 +0800] "GET /InternetTrading/js/main.js?jsv=20200819161914 HTTP/1.1" 200 30725
119.136.155.14 - - [13/Nov/2024:09:33:50 +0800] "GET /InternetTrading/js/corporate.js?jsv=20200819161914 HTTP/1.1" 200 1575
119.136.155.14 - - [13/Nov/2024:09:33:50 +0800] "GET /InternetTrading/js/update_mdf.js?jsv=20200819161914 HTTP/1.1" 200 856
119.136.155.14 - - [13/Nov/2024:09:33:50 +0800] "GET /InternetTrading/js/validation_hkex.js?jsv=20200819161914 HTTP/1.1" 200 2300
119.136.155.14 - - [13/Nov/2024:09:33:50 +0800] "GET /InternetTrading/js/validation_ashare.js?jsv=20200819161914 HTTP/1.1" 200 2482
119.136.155.14 - - [13/Nov/2024:09:33:50 +0800] "GET /InternetTrading/js/validation_bshare.js?jsv=20200819161914 HTTP/1.1" 200 1567
119.136.155.14 - - [13/Nov/2024:09:33:50 +0800] "GET /InternetTrading/js/account.js?jsv=20200819161914 HTTP/1.1" 200 2656
119.136.155.14 - - [13/Nov/2024:09:33:50 +0800] "GET /InternetTrading/js/validation_global.js?jsv=20200819161914 HTTP/1.1" 200 1564
119.136.155.14 - - [13/Nov/2024:09:33:50 +0800] "GET /InternetTrading/js/ipo.js?jsv=20200819161914 HTTP/1.1" 200 5726
119.136.155.14 - - [13/Nov/2024:09:33:50 +0800] "GET /InternetTrading/js/spread_cache.js?jsv=20200819161914 HTTP/1.1" 200 908
119.136.155.14 - - [13/Nov/2024:09:33:50 +0800] "GET /InternetTrading/js/cash_transfer.js?jsv=20200819161914 HTTP/1.1" 200 2712
119.136.155.14 - - [13/Nov/2024:09:33:50 +0800] "GET /InternetTrading/js/mm.js?jsv=20200819161914 HTTP/1.1" 200 487
119.136.155.14 - - [13/Nov/2024:09:33:50 +0800] "GET /InternetTrading/js/isec_calculator.js?jsv=20200819161914 HTTP/1.1" 200 1364
119.136.155.14 - - [13/Nov/2024:09:33:50 +0800] "GET /InternetTrading/js/payment_instruction.js?jsv=20200819161914 HTTP/1.1" 200 2178
119.136.155.14 - - [13/Nov/2024:09:33:50 +0800] "GET /InternetTrading/js/payment_instruction_IMOS.js?jsv=20200819161914 HTTP/1.1" 200 6874
119.136.155.14 - - [13/Nov/2024:09:33:51 +0800] "GET /InternetTrading/js/eStatement.js?jsv=20200819161914 HTTP/1.1" 200 562
119.136.155.14 - - [13/Nov/2024:09:33:51 +0800] "GET /InternetTrading/js/string_extend.js?jsv=20200819161914 HTTP/1.1" 200 272
119.136.155.14 - - [13/Nov/2024:09:33:51 +0800] "GET /InternetTrading/ExchangeList?fmt=js&jsv=20200819161914 HTTP/1.1" 200 146
119.136.155.14 - - [13/Nov/2024:09:33:51 +0800] "GET /InternetTrading/js/pidcrypt.js?jsv=20200819161914 HTTP/1.1" 200 982
119.136.155.14 - - [13/Nov/2024:09:33:51 +0800] "GET /InternetTrading/js/pidcrypt_util.js?jsv=20200819161914 HTTP/1.1" 200 1206
119.136.155.14 - - [13/Nov/2024:09:33:51 +0800] "GET /InternetTrading/js/aes_cbc.js?jsv=20200819161914 HTTP/1.1" 200 2043
119.136.155.14 - - [13/Nov/2024:09:33:51 +0800] "GET /InternetTrading/js/md5.js?jsv=20200819161914 HTTP/1.1" 200 1730
119.136.155.14 - - [13/Nov/2024:09:33:51 +0800] "GET /InternetTrading/js/asn1.js?jsv=20200819161914 HTTP/1.1" 200 3099
119.136.155.14 - - [13/Nov/2024:09:33:51 +0800] "GET /InternetTrading/js/sha256.js?jsv=20200819161914 HTTP/1.1" 200 1362
119.136.155.14 - - [13/Nov/2024:09:33:51 +0800] "GET /InternetTrading/js/prng4.js?jsv=20200819161914 HTTP/1.1" 200 303
119.136.155.14 - - [13/Nov/2024:09:33:51 +0800] "GET /InternetTrading/js/rng.js?jsv=20200819161914 HTTP/1.1" 200 481
119.136.155.14 - - [13/Nov/2024:09:33:51 +0800] "GET /InternetTrading/tc/user/custom_variables.js?jsv=20200819161914 HTTP/1.1" 200 275
119.136.155.14 - - [13/Nov/2024:09:33:51 +0800] "GET /InternetTrading/js/rsa.js?jsv=20200819161914 HTTP/1.1" 200 1658
119.136.155.14 - - [13/Nov/2024:09:33:51 +0800] "GET /InternetTrading/js/aes.js?jsv=20200819161914 HTTP/1.1" 200 4816
119.136.155.14 - - [13/Nov/2024:09:33:51 +0800] "GET /InternetTrading/js/utilSpec.js?jsv=20200819161914 HTTP/1.1" 200 27
119.136.155.14 - - [13/Nov/2024:09:33:51 +0800] "GET /InternetTrading/js/update_lastlogin.js?jsv=20200819161914 HTTP/1.1" 200 980
119.136.155.14 - - [13/Nov/2024:09:33:51 +0800] "GET /InternetTrading/js/pw_alert.js?jsv=20200819161914 HTTP/1.1" 200 418
119.136.155.14 - - [13/Nov/2024:09:33:51 +0800] "GET /InternetTrading/js/jquery.jscrollpane.js HTTP/1.1" 404 685
119.136.155.14 - - [13/Nov/2024:09:33:51 +0800] "GET /InternetTrading/js/jquery.mousewheel.js HTTP/1.1" 404 684
119.136.155.14 - - [13/Nov/2024:09:33:51 +0800] "GET /InternetTrading/js/jquery.cookie.js HTTP/1.1" 200 834
119.136.155.14 - - [13/Nov/2024:09:33:51 +0800] "GET /InternetTrading/js/decimal.js HTTP/1.1" 200 13492
119.136.155.14 - - [13/Nov/2024:09:33:51 +0800] "GET /InternetTrading/js/aes_core.js?jsv=20200819161914 HTTP/1.1" 200 2106
119.136.155.14 - - [13/Nov/2024:09:33:51 +0800] "GET /InternetTrading/GoodTillDateValidExch?fmt=js&jsv=20200819161914 HTTP/1.1" 200 29
119.136.155.14 - - [13/Nov/2024:09:33:51 +0800] "GET /InternetTrading/js/jsbn.js?jsv=20200819161914 HTTP/1.1" 200 6736
119.136.155.14 - - [13/Nov/2024:09:33:51 +0800] "GET /InternetTrading/tc/images/logo.png HTTP/1.1" 200 7042
119.136.155.14 - - [13/Nov/2024:09:33:51 +0800] "GET /InternetTrading/tc/images/top_menu01.jpg HTTP/1.1" 200 3466
119.136.155.14 - - [13/Nov/2024:09:33:51 +0800] "GET /InternetTrading/tc/images/top_menu04.jpg HTTP/1.1" 200 3430
119.136.155.14 - - [13/Nov/2024:09:33:51 +0800] "GET /InternetTrading/js/mode-ecb.js?jsv=20200819161914 HTTP/1.1" 200 199
119.136.155.14 - - [13/Nov/2024:09:33:51 +0800] "GET /InternetTrading/js/util.js?jsv=20200819161914 HTTP/1.1" 200 6636
119.136.155.14 - - [13/Nov/2024:09:33:51 +0800] "GET /InternetTrading/js/rsautil.js?jsv=20200819161914 HTTP/1.1" 200 1017
119.136.155.14 - - [13/Nov/2024:09:33:51 +0800] "GET /InternetTrading/tc/images/top_menu_logout.jpg HTTP/1.1" 200 1016
119.136.155.14 - - [13/Nov/2024:09:33:51 +0800] "GET /InternetTrading/images/top_bg3.jpg HTTP/1.1" 200 878
119.136.155.14 - - [13/Nov/2024:09:33:51 +0800] "GET /InternetTrading/images/top_bg2.jpg HTTP/1.1" 200 330
119.136.155.14 - - [13/Nov/2024:09:33:51 +0800] "GET /InternetTrading/images/top_bg1.jpg HTTP/1.1" 200 329
119.136.155.14 - - [13/Nov/2024:09:33:51 +0800] "GET /InternetTrading/tc/dialog.html?1731461872183 HTTP/1.1" 200 3188
119.136.155.14 - - [13/Nov/2024:09:33:51 +0800] "POST /InternetTrading/PopUpConfig HTTP/1.1" 200 2
119.136.155.14 - - [13/Nov/2024:09:33:51 +0800] "POST /InternetTrading/Heartbeat HTTP/1.1" 200 32
119.136.155.14 - - [13/Nov/2024:09:33:51 +0800] "POST /InternetTrading/CustomerInfoLite HTTP/1.1" 200 125
119.136.155.14 - - [13/Nov/2024:09:33:51 +0800] "GET /InternetTrading/tc/images/top_menu01_o.jpg HTTP/1.1" 200 3339
119.136.155.14 - - [13/Nov/2024:09:33:51 +0800] "GET /InternetTrading/tc/images/top_menu04.jpg HTTP/1.1" 200 3430
119.136.155.14 - - [13/Nov/2024:09:33:51 +0800] "GET /InternetTrading/jquery/wait.gif HTTP/1.1" 200 432
119.136.155.14 - - [13/Nov/2024:09:33:51 +0800] "GET /InternetTrading/tc/trade.html HTTP/1.1" 200 2113
119.136.155.14 - - [13/Nov/2024:09:33:51 +0800] "POST /InternetTrading/SpreadPriceCache HTTP/1.1" 200 3539
119.136.155.14 - - [13/Nov/2024:09:33:51 +0800] "POST /InternetTrading/SessionErrorLogger HTTP/1.1" 200 117
119.136.155.14 - - [13/Nov/2024:09:33:51 +0800] "POST /InternetTrading/GetLastLoginDate HTTP/1.1" 200 31
119.136.155.14 - - [13/Nov/2024:09:33:51 +0800] "POST /InternetTrading/SessionErrorLogger HTTP/1.1" 200 117
119.136.155.14 - - [13/Nov/2024:09:33:51 +0800] "GET /InternetTrading/tc/getpopupMsgName.jsp HTTP/1.1" 200 -
119.136.155.14 - - [13/Nov/2024:09:33:51 +0800] "GET /InternetTrading/tc/images/trade_point01.jpg HTTP/1.1" 200 358
119.136.155.14 - - [13/Nov/2024:09:33:51 +0800] "GET /InternetTrading/tc/images/refresh.gif HTTP/1.1" 200 1145
119.136.155.14 - - [13/Nov/2024:09:33:51 +0800] "GET /InternetTrading/tc/applet_dummy.html HTTP/1.1" 200 330
119.136.155.14 - - [13/Nov/2024:09:33:51 +0800] "POST /InternetTrading/SessionErrorLogger HTTP/1.1" 200 117
119.136.155.14 - - [13/Nov/2024:09:33:51 +0800] "GET /InternetTrading/tc/buy_ticket.html? HTTP/1.1" 200 1995
119.136.155.14 - - [13/Nov/2024:09:33:51 +0800] "POST /InternetTrading/SessionErrorLogger HTTP/1.1" 200 117
119.136.155.14 - - [13/Nov/2024:09:33:51 +0800] "POST /InternetTrading/MarketStatus HTTP/1.1" 200 772
119.136.155.14 - - [13/Nov/2024:09:33:51 +0800] "POST /InternetTrading/SessionErrorLogger HTTP/1.1" 200 117
119.136.155.14 - - [13/Nov/2024:09:33:51 +0800] "GET /InternetTrading/tc/multi_currency_balance.html HTTP/1.1" 200 295
119.136.155.14 - - [13/Nov/2024:09:33:51 +0800] "GET /InternetTrading/jquery/wait.gif HTTP/1.1" 200 432
119.136.155.14 - - [13/Nov/2024:09:33:51 +0800] "GET /InternetTrading/Home/PostToAA.jsp?hl=tc HTTP/1.1" 200 294
119.136.155.14 - - [13/Nov/2024:09:33:51 +0800] "GET /InternetTrading/jquery/images/ui-icons_222222_256x240.png HTTP/1.1" 200 6922
119.136.155.14 - - [13/Nov/2024:09:33:52 +0800] "GET /InternetTrading/jquery/images/ui-bg_flat_75_ffffff_40x100.png HTTP/1.1" 200 208
119.136.155.14 - - [13/Nov/2024:09:33:52 +0800] "POST /InternetTrading/SessionErrorLogger HTTP/1.1" 200 117
119.136.155.14 - - [13/Nov/2024:09:33:52 +0800] "POST /InternetTrading/SessionErrorLogger HTTP/1.1" 200 117
119.136.155.14 - - [13/Nov/2024:09:33:52 +0800] "POST /InternetTrading/MarketStatus HTTP/1.1" 200 772
222.125.200.60 - - [13/Nov/2024:09:33:52 +0800] "GET /InternetTrading/longpoll/52091?X-Atmosphere-tracking-id=0&X-Atmosphere-Framework=2.2.3-javascript&X-Atmosphere-Transport=long-polling&X-Atmosphere-TrackMessageSize=true&Content-Type=charset%3Dutf-8&X-atmo-protocol=true&_=1731461823058 HTTP/1.1" 200 -
119.136.155.14 - - [13/Nov/2024:09:33:53 +0800] "POST /InternetTrading/MarketStatus HTTP/1.1" 200 772
65.181.90.29 - - [13/Nov/2024:09:33:53 +0800] "POST /InternetTrading/SessionErrorLogger HTTP/1.1" 200 117
65.181.90.29 - - [13/Nov/2024:09:33:53 +0800] "POST /InternetTrading/MarketStatus HTTP/1.1" 200 772
119.136.155.14 - - [13/Nov/2024:09:33:53 +0800] "POST /InternetTrading/SessionErrorLogger HTTP/1.1" 200 117
119.136.155.14 - - [13/Nov/2024:09:33:53 +0800] "POST /InternetTrading/SessionErrorLogger HTTP/1.1" 200 117
119.136.155.14 - - [13/Nov/2024:09:33:54 +0800] "GET /InternetTrading/tc/account_status.html HTTP/1.1" 200 426
119.136.155.14 - - [13/Nov/2024:09:33:54 +0800] "GET /InternetTrading/jquery/wait.gif HTTP/1.1" 200 432
119.136.155.14 - - [13/Nov/2024:09:33:54 +0800] "POST /InternetTrading/SessionErrorLogger HTTP/1.1" 200 117
119.136.155.14 - - [13/Nov/2024:09:33:54 +0800] "POST /InternetTrading/CustomerInfo HTTP/1.1" 200 207
119.136.155.14 - - [13/Nov/2024:09:33:54 +0800] "POST /InternetTrading/Portfolio HTTP/1.1" 200 1748
119.136.155.14 - - [13/Nov/2024:09:33:54 +0800] "POST /InternetTrading/SessionErrorLogger HTTP/1.1" 200 117
119.136.155.14 - - [13/Nov/2024:09:33:54 +0800] "POST /InternetTrading/SessionErrorLogger HTTP/1.1" 200 117
119.136.155.14 - - [13/Nov/2024:09:33:54 +0800] "POST /InternetTrading/MarketStatus HTTP/1.1" 200 772
