119.136.155.14 - - [13/Nov/2024:10:20:20 +0800] "GET /InternetTrading/longpoll/52832?X-Atmosphere-tracking-id=0&X-Atmosphere-Framework=2.2.3-javascript&X-Atmosphere-Transport=long-polling&X-Atmosphere-TrackMessageSize=true&Content-Type=charset%3Dutf-8&X-atmo-protocol=true&_=1731464660853 HTTP/1.1" 200 -
116.48.94.58 - - [13/Nov/2024:10:20:21 +0800] "GET /InternetTrading/longpoll/55136?X-Atmosphere-tracking-id=0&X-Atmosphere-Framework=2.2.3-javascript&X-Atmosphere-Transport=long-polling&X-Atmosphere-TrackMessageSize=true&Content-Type=charset%3Dutf-8&X-atmo-protocol=true&_=1731464612540 HTTP/1.1" 200 -
116.48.94.58 - - [13/Nov/2024:10:20:21 +0800] "GET /InternetTrading/longpoll/13363?X-Atmosphere-tracking-id=0&X-Atmosphere-Framework=2.2.3-javascript&X-Atmosphere-Transport=long-polling&X-Atmosphere-TrackMessageSize=true&Content-Type=charset%3Dutf-8&X-atmo-protocol=true&_=1731464612539 HTTP/1.1" 200 -
116.48.94.58 - - [13/Nov/2024:10:20:21 +0800] "POST /InternetTrading/SessionErrorLogger HTTP/1.1" 200 117
116.48.94.58 - - [13/Nov/2024:10:20:21 +0800] "POST /InternetTrading/Heartbeat HTTP/1.1" 200 32
116.48.94.58 - - [13/Nov/2024:10:20:21 +0800] "POST /InternetTrading/SessionErrorLogger HTTP/1.1" 200 117
116.48.94.58 - - [13/Nov/2024:10:20:21 +0800] "POST /InternetTrading/MarketStatus HTTP/1.1" 200 772
182.239.92.222 - - [13/Nov/2024:10:20:23 +0800] "GET /InternetTrading/longpoll/A8127?X-Atmosphere-tracking-id=0&X-Atmosphere-Framework=2.2.3-javascript&X-Atmosphere-Transport=long-polling&X-Atmosphere-TrackMessageSize=true&Content-Type=charset%3Dutf-8&X-atmo-protocol=true&_=1731464615478 HTTP/1.1" 200 -
119.136.155.14 - - [13/Nov/2024:10:20:25 +0800] "GET /InternetTrading/longpoll/52832?X-Atmosphere-tracking-id=0&X-Atmosphere-Framework=2.2.3-javascript&X-Atmosphere-Transport=long-polling&X-Atmosphere-TrackMessageSize=true&Content-Type=charset%3Dutf-8&X-atmo-protocol=true&_=1731464665910 HTTP/1.1" 200 -
65.181.90.29 - - [13/Nov/2024:10:20:25 +0800] "GET /InternetTrading/longpoll/56035?X-Atmosphere-tracking-id=0&X-Atmosphere-Framework=2.2.3-javascript&X-Atmosphere-Transport=long-polling&X-Atmosphere-TrackMessageSize=true&Content-Type=charset%3Dutf-8&X-atmo-protocol=true&_=1731464615126 HTTP/1.1" 200 -
116.48.94.58 - - [13/Nov/2024:10:20:26 +0800] "GET /InternetTrading/longpoll/13363?X-Atmosphere-tracking-id=0&X-Atmosphere-Framework=2.2.3-javascript&X-Atmosphere-Transport=long-polling&X-Atmosphere-TrackMessageSize=true&Content-Type=charset%3Dutf-8&X-atmo-protocol=true&_=1731464617576 HTTP/1.1" 200 -
116.48.94.58 - - [13/Nov/2024:10:20:26 +0800] "GET /InternetTrading/longpoll/55136?X-Atmosphere-tracking-id=0&X-Atmosphere-Framework=2.2.3-javascript&X-Atmosphere-Transport=long-polling&X-Atmosphere-TrackMessageSize=true&Content-Type=charset%3Dutf-8&X-atmo-protocol=true&_=1731464617576 HTTP/1.1" 200 -
116.48.94.58 - - [13/Nov/2024:10:20:27 +0800] "POST /InternetTrading/SessionErrorLogger HTTP/1.1" 200 117
116.48.94.58 - - [13/Nov/2024:10:20:27 +0800] "POST /InternetTrading/Heartbeat HTTP/1.1" 200 32
116.48.94.58 - - [13/Nov/2024:10:20:27 +0800] "POST /InternetTrading/SessionErrorLogger HTTP/1.1" 200 117
116.48.94.58 - - [13/Nov/2024:10:20:27 +0800] "POST /InternetTrading/MarketStatus HTTP/1.1" 200 772
182.239.92.222 - - [13/Nov/2024:10:20:28 +0800] "GET /InternetTrading/longpoll/A8127?X-Atmosphere-tracking-id=0&X-Atmosphere-Framework=2.2.3-javascript&X-Atmosphere-Transport=long-polling&X-Atmosphere-TrackMessageSize=true&Content-Type=charset%3Dutf-8&X-atmo-protocol=true&_=1731464620544 HTTP/1.1" 200 -
119.136.155.14 - - [13/Nov/2024:10:20:30 +0800] "GET /InternetTrading/longpoll/52832?X-Atmosphere-tracking-id=0&X-Atmosphere-Framework=2.2.3-javascript&X-Atmosphere-Transport=long-polling&X-Atmosphere-TrackMessageSize=true&Content-Type=charset%3Dutf-8&X-atmo-protocol=true&_=1731464670978 HTTP/1.1" 200 -
116.48.94.58 - - [13/Nov/2024:10:20:31 +0800] "GET /InternetTrading/longpoll/55136?X-Atmosphere-tracking-id=0&X-Atmosphere-Framework=2.2.3-javascript&X-Atmosphere-Transport=long-polling&X-Atmosphere-TrackMessageSize=true&Content-Type=charset%3Dutf-8&X-atmo-protocol=true&_=1731464622594 HTTP/1.1" 200 -
116.48.94.58 - - [13/Nov/2024:10:20:31 +0800] "GET /InternetTrading/longpoll/13363?X-Atmosphere-tracking-id=0&X-Atmosphere-Framework=2.2.3-javascript&X-Atmosphere-Transport=long-polling&X-Atmosphere-TrackMessageSize=true&Content-Type=charset%3Dutf-8&X-atmo-protocol=true&_=1731464622594 HTTP/1.1" 200 -
65.181.90.29 - - [13/Nov/2024:10:20:31 +0800] "GET /InternetTrading/longpoll/56035?X-Atmosphere-tracking-id=0&X-Atmosphere-Framework=2.2.3-javascript&X-Atmosphere-Transport=long-polling&X-Atmosphere-TrackMessageSize=true&Content-Type=charset%3Dutf-8&X-atmo-protocol=true&_=1731464621127 HTTP/1.1" 200 -
182.239.92.222 - - [13/Nov/2024:10:20:33 +0800] "GET /InternetTrading/longpoll/A8127?X-Atmosphere-tracking-id=0&X-Atmosphere-Framework=2.2.3-javascript&X-Atmosphere-Transport=long-polling&X-Atmosphere-TrackMessageSize=true&Content-Type=charset%3Dutf-8&X-atmo-protocol=true&_=1731464625699 HTTP/1.1" 200 -
119.136.155.14 - - [13/Nov/2024:10:20:35 +0800] "GET /InternetTrading/longpoll/52832?X-Atmosphere-tracking-id=0&X-Atmosphere-Framework=2.2.3-javascript&X-Atmosphere-Transport=long-polling&X-Atmosphere-TrackMessageSize=true&Content-Type=charset%3Dutf-8&X-atmo-protocol=true&_=1731464676088 HTTP/1.1" 200 -
116.48.94.58 - - [13/Nov/2024:10:20:36 +0800] "GET /InternetTrading/longpoll/55136?X-Atmosphere-tracking-id=0&X-Atmosphere-Framework=2.2.3-javascript&X-Atmosphere-Transport=long-polling&X-Atmosphere-TrackMessageSize=true&Content-Type=charset%3Dutf-8&X-atmo-protocol=true&_=1731464627629 HTTP/1.1" 200 -
116.48.94.58 - - [13/Nov/2024:10:20:36 +0800] "GET /InternetTrading/longpoll/13363?X-Atmosphere-tracking-id=0&X-Atmosphere-Framework=2.2.3-javascript&X-Atmosphere-Transport=long-polling&X-Atmosphere-TrackMessageSize=true&Content-Type=charset%3Dutf-8&X-atmo-protocol=true&_=1731464627644 HTTP/1.1" 200 -
182.239.92.222 - - [13/Nov/2024:10:20:36 +0800] "POST /InternetTrading/SessionErrorLogger HTTP/1.1" 200 117
182.239.92.222 - - [13/Nov/2024:10:20:36 +0800] "POST /InternetTrading/Heartbeat HTTP/1.1" 200 32
65.181.90.29 - - [13/Nov/2024:10:20:37 +0800] "GET /InternetTrading/longpoll/56035?X-Atmosphere-tracking-id=0&X-Atmosphere-Framework=2.2.3-javascript&X-Atmosphere-Transport=long-polling&X-Atmosphere-TrackMessageSize=true&Content-Type=charset%3Dutf-8&X-atmo-protocol=true&_=1731464627122 HTTP/1.1" 200 -
119.136.155.14 - - [13/Nov/2024:10:20:38 +0800] "POST /InternetTrading/SessionErrorLogger HTTP/1.1" 200 117
119.136.155.14 - - [13/Nov/2024:10:20:38 +0800] "POST /InternetTrading/Heartbeat HTTP/1.1" 200 32
182.239.92.222 - - [13/Nov/2024:10:20:38 +0800] "GET /InternetTrading/longpoll/A8127?X-Atmosphere-tracking-id=0&X-Atmosphere-Framework=2.2.3-javascript&X-Atmosphere-Transport=long-polling&X-Atmosphere-TrackMessageSize=true&Content-Type=charset%3Dutf-8&X-atmo-protocol=true&_=1731464630858 HTTP/1.1" 200 -
119.136.155.14 - - [13/Nov/2024:10:20:38 +0800] "POST /InternetTrading/SessionErrorLogger HTTP/1.1" 200 117
119.136.155.14 - - [13/Nov/2024:10:20:38 +0800] "POST /InternetTrading/MarketStatus HTTP/1.1" 200 772
119.136.155.14 - - [13/Nov/2024:10:20:40 +0800] "GET /InternetTrading/longpoll/52832?X-Atmosphere-tracking-id=0&X-Atmosphere-Framework=2.2.3-javascript&X-Atmosphere-Transport=long-polling&X-Atmosphere-TrackMessageSize=true&Content-Type=charset%3Dutf-8&X-atmo-protocol=true&_=1731464681168 HTTP/1.1" 200 -
116.48.94.58 - - [13/Nov/2024:10:20:41 +0800] "GET /InternetTrading/longpoll/13363?X-Atmosphere-tracking-id=0&X-Atmosphere-Framework=2.2.3-javascript&X-Atmosphere-Transport=long-polling&X-Atmosphere-TrackMessageSize=true&Content-Type=charset%3Dutf-8&X-atmo-protocol=true&_=1731464632686 HTTP/1.1" 200 -
116.48.94.58 - - [13/Nov/2024:10:20:41 +0800] "GET /InternetTrading/longpoll/55136?X-Atmosphere-tracking-id=0&X-Atmosphere-Framework=2.2.3-javascript&X-Atmosphere-Transport=long-polling&X-Atmosphere-TrackMessageSize=true&Content-Type=charset%3Dutf-8&X-atmo-protocol=true&_=1731464632671 HTTP/1.1" 200 -
65.181.90.29 - - [13/Nov/2024:10:20:43 +0800] "GET /InternetTrading/longpoll/56035?X-Atmosphere-tracking-id=0&X-Atmosphere-Framework=2.2.3-javascript&X-Atmosphere-Transport=long-polling&X-Atmosphere-TrackMessageSize=true&Content-Type=charset%3Dutf-8&X-atmo-protocol=true&_=1731464633129 HTTP/1.1" 200 -
182.239.92.222 - - [13/Nov/2024:10:20:43 +0800] "GET /InternetTrading/longpoll/A8127?X-Atmosphere-tracking-id=0&X-Atmosphere-Framework=2.2.3-javascript&X-Atmosphere-Transport=long-polling&X-Atmosphere-TrackMessageSize=true&Content-Type=charset%3Dutf-8&X-atmo-protocol=true&_=1731464635964 HTTP/1.1" 200 -
65.181.90.29 - - [13/Nov/2024:10:20:44 +0800] "POST /InternetTrading/SessionErrorLogger HTTP/1.1" 200 117
65.181.90.29 - - [13/Nov/2024:10:20:44 +0800] "POST /InternetTrading/MarketStatus HTTP/1.1" 200 772
65.181.90.29 - - [13/Nov/2024:10:20:44 +0800] "POST /InternetTrading/SessionErrorLogger HTTP/1.1" 200 117
65.181.90.29 - - [13/Nov/2024:10:20:44 +0800] "POST /InternetTrading/Heartbeat HTTP/1.1" 200 32
119.136.155.14 - - [13/Nov/2024:10:20:45 +0800] "GET /InternetTrading/longpoll/52832?X-Atmosphere-tracking-id=0&X-Atmosphere-Framework=2.2.3-javascript&X-Atmosphere-Transport=long-polling&X-Atmosphere-TrackMessageSize=true&Content-Type=charset%3Dutf-8&X-atmo-protocol=true&_=1731464686192 HTTP/1.1" 200 -
116.48.94.58 - - [13/Nov/2024:10:20:46 +0800] "GET /InternetTrading/longpoll/13363?X-Atmosphere-tracking-id=0&X-Atmosphere-Framework=2.2.3-javascript&X-Atmosphere-Transport=long-polling&X-Atmosphere-TrackMessageSize=true&Content-Type=charset%3Dutf-8&X-atmo-protocol=true&_=1731464637711 HTTP/1.1" 200 -
116.48.94.58 - - [13/Nov/2024:10:20:46 +0800] "GET /InternetTrading/longpoll/55136?X-Atmosphere-tracking-id=0&X-Atmosphere-Framework=2.2.3-javascript&X-Atmosphere-Transport=long-polling&X-Atmosphere-TrackMessageSize=true&Content-Type=charset%3Dutf-8&X-atmo-protocol=true&_=1731464637711 HTTP/1.1" 200 -
182.239.92.222 - - [13/Nov/2024:10:20:48 +0800] "GET /InternetTrading/longpoll/A8127?X-Atmosphere-tracking-id=0&X-Atmosphere-Framework=2.2.3-javascript&X-Atmosphere-Transport=long-polling&X-Atmosphere-TrackMessageSize=true&Content-Type=charset%3Dutf-8&X-atmo-protocol=true&_=1731464641127 HTTP/1.1" 200 -
65.181.90.29 - - [13/Nov/2024:10:20:49 +0800] "GET /InternetTrading/longpoll/56035?X-Atmosphere-tracking-id=0&X-Atmosphere-Framework=2.2.3-javascript&X-Atmosphere-Transport=long-polling&X-Atmosphere-TrackMessageSize=true&Content-Type=charset%3Dutf-8&X-atmo-protocol=true&_=1731464639132 HTTP/1.1" 200 -
182.239.92.222 - - [13/Nov/2024:10:20:49 +0800] "POST /InternetTrading/SessionErrorLogger HTTP/1.1" 200 117
182.239.92.222 - - [13/Nov/2024:10:20:49 +0800] "POST /InternetTrading/MarketStatus HTTP/1.1" 200 772
119.136.155.14 - - [13/Nov/2024:10:20:50 +0800] "GET /InternetTrading/longpoll/52832?X-Atmosphere-tracking-id=0&X-Atmosphere-Framework=2.2.3-javascript&X-Atmosphere-Transport=long-polling&X-Atmosphere-TrackMessageSize=true&Content-Type=charset%3Dutf-8&X-atmo-protocol=true&_=1731464691293 HTTP/1.1" 200 -
116.48.94.58 - - [13/Nov/2024:10:20:51 +0800] "GET /InternetTrading/longpoll/55136?X-Atmosphere-tracking-id=0&X-Atmosphere-Framework=2.2.3-javascript&X-Atmosphere-Transport=long-polling&X-Atmosphere-TrackMessageSize=true&Content-Type=charset%3Dutf-8&X-atmo-protocol=true&_=1731464642733 HTTP/1.1" 200 -
116.48.94.58 - - [13/Nov/2024:10:20:51 +0800] "GET /InternetTrading/longpoll/13363?X-Atmosphere-tracking-id=0&X-Atmosphere-Framework=2.2.3-javascript&X-Atmosphere-Transport=long-polling&X-Atmosphere-TrackMessageSize=true&Content-Type=charset%3Dutf-8&X-atmo-protocol=true&_=1731464642734 HTTP/1.1" 200 -
116.48.94.58 - - [13/Nov/2024:10:20:51 +0800] "POST /InternetTrading/SessionErrorLogger HTTP/1.1" 200 117
116.48.94.58 - - [13/Nov/2024:10:20:51 +0800] "POST /InternetTrading/Heartbeat HTTP/1.1" 200 32
116.48.94.58 - - [13/Nov/2024:10:20:51 +0800] "POST /InternetTrading/SessionErrorLogger HTTP/1.1" 200 117
116.48.94.58 - - [13/Nov/2024:10:20:51 +0800] "POST /InternetTrading/MarketStatus HTTP/1.1" 200 772
182.239.92.222 - - [13/Nov/2024:10:20:53 +0800] "GET /InternetTrading/longpoll/A8127?X-Atmosphere-tracking-id=0&X-Atmosphere-Framework=2.2.3-javascript&X-Atmosphere-Transport=long-polling&X-Atmosphere-TrackMessageSize=true&Content-Type=charset%3Dutf-8&X-atmo-protocol=true&_=1731464646308 HTTP/1.1" 200 -
65.181.90.29 - - [13/Nov/2024:10:20:55 +0800] "GET /InternetTrading/longpoll/56035?X-Atmosphere-tracking-id=0&X-Atmosphere-Framework=2.2.3-javascript&X-Atmosphere-Transport=long-polling&X-Atmosphere-TrackMessageSize=true&Content-Type=charset%3Dutf-8&X-atmo-protocol=true&_=1731464645129 HTTP/1.1" 200 -
119.136.155.14 - - [13/Nov/2024:10:20:55 +0800] "GET /InternetTrading/longpoll/52832?X-Atmosphere-tracking-id=0&X-Atmosphere-Framework=2.2.3-javascript&X-Atmosphere-Transport=long-polling&X-Atmosphere-TrackMessageSize=true&Content-Type=charset%3Dutf-8&X-atmo-protocol=true&_=1731464696344 HTTP/1.1" 200 -
116.48.94.58 - - [13/Nov/2024:10:20:56 +0800] "GET /InternetTrading/longpoll/13363?X-Atmosphere-tracking-id=0&X-Atmosphere-Framework=2.2.3-javascript&X-Atmosphere-Transport=long-polling&X-Atmosphere-TrackMessageSize=true&Content-Type=charset%3Dutf-8&X-atmo-protocol=true&_=1731464647777 HTTP/1.1" 200 -
116.48.94.58 - - [13/Nov/2024:10:20:56 +0800] "GET /InternetTrading/longpoll/55136?X-Atmosphere-tracking-id=0&X-Atmosphere-Framework=2.2.3-javascript&X-Atmosphere-Transport=long-polling&X-Atmosphere-TrackMessageSize=true&Content-Type=charset%3Dutf-8&X-atmo-protocol=true&_=1731464647761 HTTP/1.1" 200 -
116.48.94.58 - - [13/Nov/2024:10:20:57 +0800] "POST /InternetTrading/SessionErrorLogger HTTP/1.1" 200 117
116.48.94.58 - - [13/Nov/2024:10:20:57 +0800] "POST /InternetTrading/Heartbeat HTTP/1.1" 200 32
116.48.94.58 - - [13/Nov/2024:10:20:57 +0800] "POST /InternetTrading/SessionErrorLogger HTTP/1.1" 200 117
116.48.94.58 - - [13/Nov/2024:10:20:57 +0800] "POST /InternetTrading/MarketStatus HTTP/1.1" 200 772
182.239.92.222 - - [13/Nov/2024:10:20:59 +0800] "GET /InternetTrading/longpoll/A8127?X-Atmosphere-tracking-id=0&X-Atmosphere-Framework=2.2.3-javascript&X-Atmosphere-Transport=long-polling&X-Atmosphere-TrackMessageSize=true&Content-Type=charset%3Dutf-8&X-atmo-protocol=true&_=1731464651389 HTTP/1.1" 200 -
119.136.155.14 - - [13/Nov/2024:10:21:00 +0800] "GET /InternetTrading/longpoll/52832?X-Atmosphere-tracking-id=0&X-Atmosphere-Framework=2.2.3-javascript&X-Atmosphere-Transport=long-polling&X-Atmosphere-TrackMessageSize=true&Content-Type=charset%3Dutf-8&X-atmo-protocol=true&_=1731464701373 HTTP/1.1" 200 -
116.48.94.58 - - [13/Nov/2024:10:21:01 +0800] "GET /InternetTrading/longpoll/13363?X-Atmosphere-tracking-id=0&X-Atmosphere-Framework=2.2.3-javascript&X-Atmosphere-Transport=long-polling&X-Atmosphere-TrackMessageSize=true&Content-Type=charset%3Dutf-8&X-atmo-protocol=true&_=1731464652789 HTTP/1.1" 200 -
116.48.94.58 - - [13/Nov/2024:10:21:01 +0800] "GET /InternetTrading/longpoll/55136?X-Atmosphere-tracking-id=0&X-Atmosphere-Framework=2.2.3-javascript&X-Atmosphere-Transport=long-polling&X-Atmosphere-TrackMessageSize=true&Content-Type=charset%3Dutf-8&X-atmo-protocol=true&_=1731464652806 HTTP/1.1" 200 -
65.181.90.29 - - [13/Nov/2024:10:21:01 +0800] "GET /InternetTrading/longpoll/56035?X-Atmosphere-tracking-id=0&X-Atmosphere-Framework=2.2.3-javascript&X-Atmosphere-Transport=long-polling&X-Atmosphere-TrackMessageSize=true&Content-Type=charset%3Dutf-8&X-atmo-protocol=true&_=1731464651123 HTTP/1.1" 200 -
182.239.92.222 - - [13/Nov/2024:10:21:04 +0800] "GET /InternetTrading/longpoll/A8127?X-Atmosphere-tracking-id=0&X-Atmosphere-Framework=2.2.3-javascript&X-Atmosphere-Transport=long-polling&X-Atmosphere-TrackMessageSize=true&Content-Type=charset%3Dutf-8&X-atmo-protocol=true&_=1731464656505 HTTP/1.1" 200 -
119.136.155.14 - - [13/Nov/2024:10:21:05 +0800] "GET /InternetTrading/longpoll/52832?X-Atmosphere-tracking-id=0&X-Atmosphere-Framework=2.2.3-javascript&X-Atmosphere-Transport=long-polling&X-Atmosphere-TrackMessageSize=true&Content-Type=charset%3Dutf-8&X-atmo-protocol=true&_=1731464706443 HTTP/1.1" 200 -
116.48.94.58 - - [13/Nov/2024:10:21:06 +0800] "GET /InternetTrading/longpoll/13363?X-Atmosphere-tracking-id=0&X-Atmosphere-Framework=2.2.3-javascript&X-Atmosphere-Transport=long-polling&X-Atmosphere-TrackMessageSize=true&Content-Type=charset%3Dutf-8&X-atmo-protocol=true&_=1731464657814 HTTP/1.1" 200 -
116.48.94.58 - - [13/Nov/2024:10:21:06 +0800] "GET /InternetTrading/longpoll/55136?X-Atmosphere-tracking-id=0&X-Atmosphere-Framework=2.2.3-javascript&X-Atmosphere-Transport=long-polling&X-Atmosphere-TrackMessageSize=true&Content-Type=charset%3Dutf-8&X-atmo-protocol=true&_=1731464657832 HTTP/1.1" 200 -
182.239.92.222 - - [13/Nov/2024:10:21:06 +0800] "POST /InternetTrading/SessionErrorLogger HTTP/1.1" 200 117
182.239.92.222 - - [13/Nov/2024:10:21:06 +0800] "POST /InternetTrading/Heartbeat HTTP/1.1" 200 32
65.181.90.29 - - [13/Nov/2024:10:21:07 +0800] "GET /InternetTrading/longpoll/56035?X-Atmosphere-tracking-id=0&X-Atmosphere-Framework=2.2.3-javascript&X-Atmosphere-Transport=long-polling&X-Atmosphere-TrackMessageSize=true&Content-Type=charset%3Dutf-8&X-atmo-protocol=true&_=1731464657125 HTTP/1.1" 200 -
119.136.155.14 - - [13/Nov/2024:10:21:08 +0800] "POST /InternetTrading/SessionErrorLogger HTTP/1.1" 200 117
119.136.155.14 - - [13/Nov/2024:10:21:08 +0800] "POST /InternetTrading/Heartbeat HTTP/1.1" 200 32
119.136.155.14 - - [13/Nov/2024:10:21:08 +0800] "POST /InternetTrading/SessionErrorLogger HTTP/1.1" 200 117
119.136.155.14 - - [13/Nov/2024:10:21:08 +0800] "POST /InternetTrading/MarketStatus HTTP/1.1" 200 772
182.239.92.222 - - [13/Nov/2024:10:21:09 +0800] "GET /InternetTrading/longpoll/A8127?X-Atmosphere-tracking-id=0&X-Atmosphere-Framework=2.2.3-javascript&X-Atmosphere-Transport=long-polling&X-Atmosphere-TrackMessageSize=true&Content-Type=charset%3Dutf-8&X-atmo-protocol=true&_=1731464661635 HTTP/1.1" 200 -
119.136.155.14 - - [13/Nov/2024:10:21:10 +0800] "GET /InternetTrading/longpoll/52832?X-Atmosphere-tracking-id=0&X-Atmosphere-Framework=2.2.3-javascript&X-Atmosphere-Transport=long-polling&X-Atmosphere-TrackMessageSize=true&Content-Type=charset%3Dutf-8&X-atmo-protocol=true&_=1731464711508 HTTP/1.1" 200 -
116.48.94.58 - - [13/Nov/2024:10:21:11 +0800] "GET /InternetTrading/longpoll/13363?X-Atmosphere-tracking-id=0&X-Atmosphere-Framework=2.2.3-javascript&X-Atmosphere-Transport=long-polling&X-Atmosphere-TrackMessageSize=true&Content-Type=charset%3Dutf-8&X-atmo-protocol=true&_=1731464662868 HTTP/1.1" 200 -
116.48.94.58 - - [13/Nov/2024:10:21:11 +0800] "GET /InternetTrading/longpoll/55136?X-Atmosphere-tracking-id=0&X-Atmosphere-Framework=2.2.3-javascript&X-Atmosphere-Transport=long-polling&X-Atmosphere-TrackMessageSize=true&Content-Type=charset%3Dutf-8&X-atmo-protocol=true&_=1731464662883 HTTP/1.1" 200 -
65.181.90.29 - - [13/Nov/2024:10:21:13 +0800] "GET /InternetTrading/longpoll/56035?X-Atmosphere-tracking-id=0&X-Atmosphere-Framework=2.2.3-javascript&X-Atmosphere-Transport=long-polling&X-Atmosphere-TrackMessageSize=true&Content-Type=charset%3Dutf-8&X-atmo-protocol=true&_=1731464663121 HTTP/1.1" 200 -
182.239.92.222 - - [13/Nov/2024:10:21:14 +0800] "GET /InternetTrading/longpoll/A8127?X-Atmosphere-tracking-id=0&X-Atmosphere-Framework=2.2.3-javascript&X-Atmosphere-Transport=long-polling&X-Atmosphere-TrackMessageSize=true&Content-Type=charset%3Dutf-8&X-atmo-protocol=true&_=1731464666739 HTTP/1.1" 200 -
65.181.90.29 - - [13/Nov/2024:10:21:15 +0800] "POST /InternetTrading/SessionErrorLogger HTTP/1.1" 200 117
65.181.90.29 - - [13/Nov/2024:10:21:15 +0800] "POST /InternetTrading/MarketStatus HTTP/1.1" 200 772
65.181.90.29 - - [13/Nov/2024:10:21:15 +0800] "POST /InternetTrading/SessionErrorLogger HTTP/1.1" 200 117
65.181.90.29 - - [13/Nov/2024:10:21:15 +0800] "POST /InternetTrading/Heartbeat HTTP/1.1" 200 32
119.136.155.14 - - [13/Nov/2024:10:21:15 +0800] "GET /InternetTrading/longpoll/52832?X-Atmosphere-tracking-id=0&X-Atmosphere-Framework=2.2.3-javascript&X-Atmosphere-Transport=long-polling&X-Atmosphere-TrackMessageSize=true&Content-Type=charset%3Dutf-8&X-atmo-protocol=true&_=1731464716530 HTTP/1.1" 200 -
116.48.94.58 - - [13/Nov/2024:10:21:16 +0800] "GET /InternetTrading/longpoll/13363?X-Atmosphere-tracking-id=0&X-Atmosphere-Framework=2.2.3-javascript&X-Atmosphere-Transport=long-polling&X-Atmosphere-TrackMessageSize=true&Content-Type=charset%3Dutf-8&X-atmo-protocol=true&_=1731464667882 HTTP/1.1" 200 -
116.48.94.58 - - [13/Nov/2024:10:21:16 +0800] "GET /InternetTrading/longpoll/55136?X-Atmosphere-tracking-id=0&X-Atmosphere-Framework=2.2.3-javascript&X-Atmosphere-Transport=long-polling&X-Atmosphere-TrackMessageSize=true&Content-Type=charset%3Dutf-8&X-atmo-protocol=true&_=1731464667914 HTTP/1.1" 200 -
65.181.90.29 - - [13/Nov/2024:10:21:19 +0800] "GET /InternetTrading/longpoll/56035?X-Atmosphere-tracking-id=0&X-Atmosphere-Framework=2.2.3-javascript&X-Atmosphere-Transport=long-polling&X-Atmosphere-TrackMessageSize=true&Content-Type=charset%3Dutf-8&X-atmo-protocol=true&_=1731464669128 HTTP/1.1" 200 -
182.239.92.222 - - [13/Nov/2024:10:21:19 +0800] "POST /InternetTrading/SessionErrorLogger HTTP/1.1" 200 117
182.239.92.222 - - [13/Nov/2024:10:21:19 +0800] "GET /InternetTrading/longpoll/A8127?X-Atmosphere-tracking-id=0&X-Atmosphere-Framework=2.2.3-javascript&X-Atmosphere-Transport=long-polling&X-Atmosphere-TrackMessageSize=true&Content-Type=charset%3Dutf-8&X-atmo-protocol=true&_=1731464671924 HTTP/1.1" 200 -
182.239.92.222 - - [13/Nov/2024:10:21:19 +0800] "POST /InternetTrading/MarketStatus HTTP/1.1" 200 772
119.136.155.14 - - [13/Nov/2024:10:21:20 +0800] "GET /InternetTrading/longpoll/52832?X-Atmosphere-tracking-id=0&X-Atmosphere-Framework=2.2.3-javascript&X-Atmosphere-Transport=long-polling&X-Atmosphere-TrackMessageSize=true&Content-Type=charset%3Dutf-8&X-atmo-protocol=true&_=1731464721620 HTTP/1.1" 200 -
116.48.94.58 - - [13/Nov/2024:10:21:21 +0800] "GET /InternetTrading/longpoll/13363?X-Atmosphere-tracking-id=0&X-Atmosphere-Framework=2.2.3-javascript&X-Atmosphere-Transport=long-polling&X-Atmosphere-TrackMessageSize=true&Content-Type=charset%3Dutf-8&X-atmo-protocol=true&_=1731464672909 HTTP/1.1" 200 -
116.48.94.58 - - [13/Nov/2024:10:21:21 +0800] "GET /InternetTrading/longpoll/55136?X-Atmosphere-tracking-id=0&X-Atmosphere-Framework=2.2.3-javascript&X-Atmosphere-Transport=long-polling&X-Atmosphere-TrackMessageSize=true&Content-Type=charset%3Dutf-8&X-atmo-protocol=true&_=1731464672941 HTTP/1.1" 200 -
183.160.195.198 - - [13/Nov/2024:10:21:21 +0800] "GET /favicon.ico HTTP/1.1" 404 196
116.48.94.58 - - [13/Nov/2024:10:21:21 +0800] "POST /InternetTrading/SessionErrorLogger HTTP/1.1" 200 117
116.48.94.58 - - [13/Nov/2024:10:21:21 +0800] "POST /InternetTrading/Heartbeat HTTP/1.1" 200 32
116.48.94.58 - - [13/Nov/2024:10:21:21 +0800] "POST /InternetTrading/SessionErrorLogger HTTP/1.1" 200 117
116.48.94.58 - - [13/Nov/2024:10:21:21 +0800] "POST /InternetTrading/MarketStatus HTTP/1.1" 200 772
182.239.92.222 - - [13/Nov/2024:10:21:24 +0800] "GET /InternetTrading/longpoll/A8127?X-Atmosphere-tracking-id=0&X-Atmosphere-Framework=2.2.3-javascript&X-Atmosphere-Transport=long-polling&X-Atmosphere-TrackMessageSize=true&Content-Type=charset%3Dutf-8&X-atmo-protocol=true&_=1731464677090 HTTP/1.1" 200 -
65.181.90.29 - - [13/Nov/2024:10:21:25 +0800] "GET /InternetTrading/longpoll/56035?X-Atmosphere-tracking-id=0&X-Atmosphere-Framework=2.2.3-javascript&X-Atmosphere-Transport=long-polling&X-Atmosphere-TrackMessageSize=true&Content-Type=charset%3Dutf-8&X-atmo-protocol=true&_=1731464675128 HTTP/1.1" 200 -
119.136.155.14 - - [13/Nov/2024:10:21:26 +0800] "GET /InternetTrading/longpoll/52832?X-Atmosphere-tracking-id=0&X-Atmosphere-Framework=2.2.3-javascript&X-Atmosphere-Transport=long-polling&X-Atmosphere-TrackMessageSize=true&Content-Type=charset%3Dutf-8&X-atmo-protocol=true&_=1731464726741 HTTP/1.1" 200 -
116.48.94.58 - - [13/Nov/2024:10:21:26 +0800] "GET /InternetTrading/longpoll/13363?X-Atmosphere-tracking-id=0&X-Atmosphere-Framework=2.2.3-javascript&X-Atmosphere-Transport=long-polling&X-Atmosphere-TrackMessageSize=true&Content-Type=charset%3Dutf-8&X-atmo-protocol=true&_=1731464677949 HTTP/1.1" 200 -
116.48.94.58 - - [13/Nov/2024:10:21:26 +0800] "GET /InternetTrading/longpoll/55136?X-Atmosphere-tracking-id=0&X-Atmosphere-Framework=2.2.3-javascript&X-Atmosphere-Transport=long-polling&X-Atmosphere-TrackMessageSize=true&Content-Type=charset%3Dutf-8&X-atmo-protocol=true&_=1731464677964 HTTP/1.1" 200 -
116.48.94.58 - - [13/Nov/2024:10:21:27 +0800] "POST /InternetTrading/SessionErrorLogger HTTP/1.1" 200 117
116.48.94.58 - - [13/Nov/2024:10:21:27 +0800] "POST /InternetTrading/Heartbeat HTTP/1.1" 200 32
116.48.94.58 - - [13/Nov/2024:10:21:27 +0800] "POST /InternetTrading/SessionErrorLogger HTTP/1.1" 200 117
116.48.94.58 - - [13/Nov/2024:10:21:27 +0800] "POST /InternetTrading/MarketStatus HTTP/1.1" 200 772
123.178.210.177 - - [13/Nov/2024:10:21:29 +0800] "GET / HTTP/1.1" 200 3426
182.239.92.222 - - [13/Nov/2024:10:21:29 +0800] "GET /InternetTrading/longpoll/A8127?X-Atmosphere-tracking-id=0&X-Atmosphere-Framework=2.2.3-javascript&X-Atmosphere-Transport=long-polling&X-Atmosphere-TrackMessageSize=true&Content-Type=charset%3Dutf-8&X-atmo-protocol=true&_=1731464682232 HTTP/1.1" 200 -
119.136.155.14 - - [13/Nov/2024:10:21:31 +0800] "GET /InternetTrading/longpoll/52832?X-Atmosphere-tracking-id=0&X-Atmosphere-Framework=2.2.3-javascript&X-Atmosphere-Transport=long-polling&X-Atmosphere-TrackMessageSize=true&Content-Type=charset%3Dutf-8&X-atmo-protocol=true&_=1731464731819 HTTP/1.1" 200 -
65.181.90.29 - - [13/Nov/2024:10:21:31 +0800] "GET /InternetTrading/longpoll/56035?X-Atmosphere-tracking-id=0&X-Atmosphere-Framework=2.2.3-javascript&X-Atmosphere-Transport=long-polling&X-Atmosphere-TrackMessageSize=true&Content-Type=charset%3Dutf-8&X-atmo-protocol=true&_=1731464681131 HTTP/1.1" 200 -
116.48.94.58 - - [13/Nov/2024:10:21:31 +0800] "GET /InternetTrading/longpoll/55136?X-Atmosphere-tracking-id=0&X-Atmosphere-Framework=2.2.3-javascript&X-Atmosphere-Transport=long-polling&X-Atmosphere-TrackMessageSize=true&Content-Type=charset%3Dutf-8&X-atmo-protocol=true&_=1731464683001 HTTP/1.1" 200 -
116.48.94.58 - - [13/Nov/2024:10:21:31 +0800] "GET /InternetTrading/longpoll/13363?X-Atmosphere-tracking-id=0&X-Atmosphere-Framework=2.2.3-javascript&X-Atmosphere-Transport=long-polling&X-Atmosphere-TrackMessageSize=true&Content-Type=charset%3Dutf-8&X-atmo-protocol=true&_=1731464682985 HTTP/1.1" 200 -
182.239.92.222 - - [13/Nov/2024:10:21:35 +0800] "GET /InternetTrading/longpoll/A8127?X-Atmosphere-tracking-id=0&X-Atmosphere-Framework=2.2.3-javascript&X-Atmosphere-Transport=long-polling&X-Atmosphere-TrackMessageSize=true&Content-Type=charset%3Dutf-8&X-atmo-protocol=true&_=1731464687345 HTTP/1.1" 200 -
119.136.155.14 - - [13/Nov/2024:10:21:36 +0800] "GET /InternetTrading/longpoll/52832?X-Atmosphere-tracking-id=0&X-Atmosphere-Framework=2.2.3-javascript&X-Atmosphere-Transport=long-polling&X-Atmosphere-TrackMessageSize=true&Content-Type=charset%3Dutf-8&X-atmo-protocol=true&_=1731464736888 HTTP/1.1" 200 -
116.48.94.58 - - [13/Nov/2024:10:21:36 +0800] "GET /InternetTrading/longpoll/13363?X-Atmosphere-tracking-id=0&X-Atmosphere-Framework=2.2.3-javascript&X-Atmosphere-Transport=long-polling&X-Atmosphere-TrackMessageSize=true&Content-Type=charset%3Dutf-8&X-atmo-protocol=true&_=1731464688025 HTTP/1.1" 200 -
116.48.94.58 - - [13/Nov/2024:10:21:36 +0800] "GET /InternetTrading/longpoll/55136?X-Atmosphere-tracking-id=0&X-Atmosphere-Framework=2.2.3-javascript&X-Atmosphere-Transport=long-polling&X-Atmosphere-TrackMessageSize=true&Content-Type=charset%3Dutf-8&X-atmo-protocol=true&_=1731464688026 HTTP/1.1" 200 -
182.239.92.222 - - [13/Nov/2024:10:21:36 +0800] "POST /InternetTrading/SessionErrorLogger HTTP/1.1" 200 117
182.239.92.222 - - [13/Nov/2024:10:21:36 +0800] "POST /InternetTrading/Heartbeat HTTP/1.1" 200 32
65.181.90.29 - - [13/Nov/2024:10:21:37 +0800] "GET /InternetTrading/longpoll/56035?X-Atmosphere-tracking-id=0&X-Atmosphere-Framework=2.2.3-javascript&X-Atmosphere-Transport=long-polling&X-Atmosphere-TrackMessageSize=true&Content-Type=charset%3Dutf-8&X-atmo-protocol=true&_=1731464687121 HTTP/1.1" 200 -
119.136.155.14 - - [13/Nov/2024:10:21:38 +0800] "POST /InternetTrading/SessionErrorLogger HTTP/1.1" 200 117
119.136.155.14 - - [13/Nov/2024:10:21:38 +0800] "POST /InternetTrading/Heartbeat HTTP/1.1" 200 32
119.136.155.14 - - [13/Nov/2024:10:21:38 +0800] "POST /InternetTrading/SessionErrorLogger HTTP/1.1" 200 117
119.136.155.14 - - [13/Nov/2024:10:21:38 +0800] "POST /InternetTrading/MarketStatus HTTP/1.1" 200 772
182.239.92.222 - - [13/Nov/2024:10:21:40 +0800] "GET /InternetTrading/longpoll/A8127?X-Atmosphere-tracking-id=0&X-Atmosphere-Framework=2.2.3-javascript&X-Atmosphere-Transport=long-polling&X-Atmosphere-TrackMessageSize=true&Content-Type=charset%3Dutf-8&X-atmo-protocol=true&_=1731464692532 HTTP/1.1" 200 -
182.239.92.222 - - [13/Nov/2024:10:21:40 +0800] "POST /InternetTrading/SessionErrorLogger HTTP/1.1" 200 117
182.239.92.222 - - [13/Nov/2024:10:21:40 +0800] "POST /InternetTrading/Portfolio HTTP/1.1" 200 1888
182.239.92.222 - - [13/Nov/2024:10:21:40 +0800] "GET /InternetTrading/jquery/wait.gif HTTP/1.1" 200 432
119.136.155.14 - - [13/Nov/2024:10:21:41 +0800] "GET /InternetTrading/longpoll/52832?X-Atmosphere-tracking-id=0&X-Atmosphere-Framework=2.2.3-javascript&X-Atmosphere-Transport=long-polling&X-Atmosphere-TrackMessageSize=true&Content-Type=charset%3Dutf-8&X-atmo-protocol=true&_=1731464741954 HTTP/1.1" 200 -
116.48.94.58 - - [13/Nov/2024:10:21:41 +0800] "GET /InternetTrading/longpoll/55136?X-Atmosphere-tracking-id=0&X-Atmosphere-Framework=2.2.3-javascript&X-Atmosphere-Transport=long-polling&X-Atmosphere-TrackMessageSize=true&Content-Type=charset%3Dutf-8&X-atmo-protocol=true&_=1731464693069 HTTP/1.1" 200 -
116.48.94.58 - - [13/Nov/2024:10:21:41 +0800] "GET /InternetTrading/longpoll/13363?X-Atmosphere-tracking-id=0&X-Atmosphere-Framework=2.2.3-javascript&X-Atmosphere-Transport=long-polling&X-Atmosphere-TrackMessageSize=true&Content-Type=charset%3Dutf-8&X-atmo-protocol=true&_=1731464693069 HTTP/1.1" 200 -
182.239.92.222 - - [13/Nov/2024:10:21:41 +0800] "POST /InternetTrading/SessionErrorLogger HTTP/1.1" 200 117
182.239.92.222 - - [13/Nov/2024:10:21:41 +0800] "GET /InternetTrading/tc/sell_ticket.html? HTTP/1.1" 200 2261
182.239.92.222 - - [13/Nov/2024:10:21:42 +0800] "POST /InternetTrading/SessionErrorLogger HTTP/1.1" 200 117
182.239.92.222 - - [13/Nov/2024:10:21:42 +0800] "POST /InternetTrading/MarketStatus HTTP/1.1" 200 772
182.239.92.222 - - [13/Nov/2024:10:21:42 +0800] "POST /InternetTrading/SessionErrorLogger HTTP/1.1" 200 117
182.239.92.222 - - [13/Nov/2024:10:21:42 +0800] "POST /InternetTrading/MarketStatus HTTP/1.1" 200 772
182.239.92.222 - - [13/Nov/2024:10:21:42 +0800] "POST /InternetTrading/SessionErrorLogger HTTP/1.1" 200 117
182.239.92.222 - - [13/Nov/2024:10:21:42 +0800] "POST /InternetTrading/Product HTTP/1.1" 200 309
182.239.92.222 - - [13/Nov/2024:10:21:42 +0800] "POST /InternetTrading/SessionErrorLogger HTTP/1.1" 200 117
182.239.92.222 - - [13/Nov/2024:10:21:42 +0800] "POST /InternetTrading/OrderMaxQuantity HTTP/1.1" 200 8
65.181.90.29 - - [13/Nov/2024:10:21:43 +0800] "GET /InternetTrading/longpoll/56035?X-Atmosphere-tracking-id=0&X-Atmosphere-Framework=2.2.3-javascript&X-Atmosphere-Transport=long-polling&X-Atmosphere-TrackMessageSize=true&Content-Type=charset%3Dutf-8&X-atmo-protocol=true&_=1731464693132 HTTP/1.1" 200 -
182.239.92.222 - - [13/Nov/2024:10:21:45 +0800] "GET /InternetTrading/longpoll/A8127?X-Atmosphere-tracking-id=0&X-Atmosphere-Framework=2.2.3-javascript&X-Atmosphere-Transport=long-polling&X-Atmosphere-TrackMessageSize=true&Content-Type=charset%3Dutf-8&X-atmo-protocol=true&_=1731464697577 HTTP/1.1" 200 -
119.136.155.14 - - [13/Nov/2024:10:21:46 +0800] "GET /InternetTrading/longpoll/52832?X-Atmosphere-tracking-id=0&X-Atmosphere-Framework=2.2.3-javascript&X-Atmosphere-Transport=long-polling&X-Atmosphere-TrackMessageSize=true&Content-Type=charset%3Dutf-8&X-atmo-protocol=true&_=1731464746986 HTTP/1.1" 200 -
65.181.90.29 - - [13/Nov/2024:10:21:46 +0800] "POST /InternetTrading/SessionErrorLogger HTTP/1.1" 200 117
65.181.90.29 - - [13/Nov/2024:10:21:46 +0800] "POST /InternetTrading/MarketStatus HTTP/1.1" 200 772
65.181.90.29 - - [13/Nov/2024:10:21:46 +0800] "POST /InternetTrading/SessionErrorLogger HTTP/1.1" 200 117
65.181.90.29 - - [13/Nov/2024:10:21:46 +0800] "POST /InternetTrading/Heartbeat HTTP/1.1" 200 32
182.239.92.222 - - [13/Nov/2024:10:21:46 +0800] "POST /InternetTrading/SessionErrorLogger HTTP/1.1" 200 117
182.239.92.222 - - [13/Nov/2024:10:21:46 +0800] "POST /InternetTrading/LoginKey HTTP/1.1" 200 -
182.239.92.222 - - [13/Nov/2024:10:21:46 +0800] "GET /InternetTrading/jquery/wait.gif HTTP/1.1" 200 432
182.239.92.222 - - [13/Nov/2024:10:21:46 +0800] "POST /InternetTrading/PreOrder HTTP/1.1" 200 1235
116.48.94.58 - - [13/Nov/2024:10:21:46 +0800] "GET /InternetTrading/longpoll/55136?X-Atmosphere-tracking-id=0&X-Atmosphere-Framework=2.2.3-javascript&X-Atmosphere-Transport=long-polling&X-Atmosphere-TrackMessageSize=true&Content-Type=charset%3Dutf-8&X-atmo-protocol=true&_=1731464698109 HTTP/1.1" 200 -
116.48.94.58 - - [13/Nov/2024:10:21:46 +0800] "GET /InternetTrading/longpoll/13363?X-Atmosphere-tracking-id=0&X-Atmosphere-Framework=2.2.3-javascript&X-Atmosphere-Transport=long-polling&X-Atmosphere-TrackMessageSize=true&Content-Type=charset%3Dutf-8&X-atmo-protocol=true&_=1731464698108 HTTP/1.1" 200 -
182.239.92.222 - - [13/Nov/2024:10:21:47 +0800] "POST /InternetTrading/SessionErrorLogger HTTP/1.1" 200 117
182.239.92.222 - - [13/Nov/2024:10:21:47 +0800] "GET /InternetTrading/Csrf?url=/Order HTTP/1.1" 200 126
182.239.92.222 - - [13/Nov/2024:10:21:47 +0800] "POST /InternetTrading/SessionErrorLogger HTTP/1.1" 200 117
182.239.92.222 - - [13/Nov/2024:10:21:47 +0800] "POST /InternetTrading/LoginKey HTTP/1.1" 200 -
182.239.92.222 - - [13/Nov/2024:10:21:47 +0800] "POST /InternetTrading/SessionErrorLogger HTTP/1.1" 200 117
182.239.92.222 - - [13/Nov/2024:10:21:47 +0800] "POST /InternetTrading/Order?csrf_nonce=6F7160425244C6CB5461939CE3BDBC95 HTTP/1.1" 200 1020
182.239.92.222 - - [13/Nov/2024:10:21:47 +0800] "POST /InternetTrading/SessionErrorLogger HTTP/1.1" 200 117
182.239.92.222 - - [13/Nov/2024:10:21:47 +0800] "GET /InternetTrading/tc/sell_ticket.html? HTTP/1.1" 200 2261
182.239.92.222 - - [13/Nov/2024:10:21:47 +0800] "POST /InternetTrading/SessionErrorLogger HTTP/1.1" 200 117
182.239.92.222 - - [13/Nov/2024:10:21:47 +0800] "POST /InternetTrading/MarketStatus HTTP/1.1" 200 772
182.239.92.222 - - [13/Nov/2024:10:21:47 +0800] "POST /InternetTrading/SessionErrorLogger HTTP/1.1" 200 117
182.239.92.222 - - [13/Nov/2024:10:21:47 +0800] "POST /InternetTrading/MarketStatus HTTP/1.1" 200 772
65.181.90.29 - - [13/Nov/2024:10:21:49 +0800] "GET /InternetTrading/longpoll/56035?X-Atmosphere-tracking-id=0&X-Atmosphere-Framework=2.2.3-javascript&X-Atmosphere-Transport=long-polling&X-Atmosphere-TrackMessageSize=true&Content-Type=charset%3Dutf-8&X-atmo-protocol=true&_=1731464699124 HTTP/1.1" 200 -
182.239.92.222 - - [13/Nov/2024:10:21:49 +0800] "GET /InternetTrading/jquery/wait.gif HTTP/1.1" 200 432
182.239.92.222 - - [13/Nov/2024:10:21:49 +0800] "POST /InternetTrading/SessionErrorLogger HTTP/1.1" 200 117
182.239.92.222 - - [13/Nov/2024:10:21:49 +0800] "POST /InternetTrading/Orderbook HTTP/1.1" 200 1742
182.239.92.222 - - [13/Nov/2024:10:21:50 +0800] "GET /InternetTrading/longpoll/A8127?X-Atmosphere-tracking-id=0&X-Atmosphere-Framework=2.2.3-javascript&X-Atmosphere-Transport=long-polling&X-Atmosphere-TrackMessageSize=true&Content-Type=charset%3Dutf-8&X-atmo-protocol=true&_=1731464702675 HTTP/1.1" 200 -
182.239.92.222 - - [13/Nov/2024:10:21:51 +0800] "GET /InternetTrading/jquery/wait.gif HTTP/1.1" 200 432
182.239.92.222 - - [13/Nov/2024:10:21:51 +0800] "POST /InternetTrading/SessionErrorLogger HTTP/1.1" 200 117
182.239.92.222 - - [13/Nov/2024:10:21:51 +0800] "POST /InternetTrading/Portfolio HTTP/1.1" 200 1884
119.136.155.14 - - [13/Nov/2024:10:21:51 +0800] "GET /InternetTrading/longpoll/52832?X-Atmosphere-tracking-id=0&X-Atmosphere-Framework=2.2.3-javascript&X-Atmosphere-Transport=long-polling&X-Atmosphere-TrackMessageSize=true&Content-Type=charset%3Dutf-8&X-atmo-protocol=true&_=1731464752048 HTTP/1.1" 200 -
116.48.94.58 - - [13/Nov/2024:10:21:51 +0800] "GET /InternetTrading/longpoll/13363?X-Atmosphere-tracking-id=0&X-Atmosphere-Framework=2.2.3-javascript&X-Atmosphere-Transport=long-polling&X-Atmosphere-TrackMessageSize=true&Content-Type=charset%3Dutf-8&X-atmo-protocol=true&_=1731464703127 HTTP/1.1" 200 -
116.48.94.58 - - [13/Nov/2024:10:21:51 +0800] "GET /InternetTrading/longpoll/55136?X-Atmosphere-tracking-id=0&X-Atmosphere-Framework=2.2.3-javascript&X-Atmosphere-Transport=long-polling&X-Atmosphere-TrackMessageSize=true&Content-Type=charset%3Dutf-8&X-atmo-protocol=true&_=1731464703127 HTTP/1.1" 200 -
116.48.94.58 - - [13/Nov/2024:10:21:51 +0800] "POST /InternetTrading/SessionErrorLogger HTTP/1.1" 200 117
116.48.94.58 - - [13/Nov/2024:10:21:51 +0800] "POST /InternetTrading/Heartbeat HTTP/1.1" 200 32
116.48.94.58 - - [13/Nov/2024:10:21:51 +0800] "POST /InternetTrading/SessionErrorLogger HTTP/1.1" 200 117
116.48.94.58 - - [13/Nov/2024:10:21:51 +0800] "POST /InternetTrading/MarketStatus HTTP/1.1" 200 772
182.239.92.222 - - [13/Nov/2024:10:21:55 +0800] "GET /InternetTrading/longpoll/A8127?X-Atmosphere-tracking-id=0&X-Atmosphere-Framework=2.2.3-javascript&X-Atmosphere-Transport=long-polling&X-Atmosphere-TrackMessageSize=true&Content-Type=charset%3Dutf-8&X-atmo-protocol=true&_=1731464707734 HTTP/1.1" 200 -
65.181.90.29 - - [13/Nov/2024:10:21:55 +0800] "GET /InternetTrading/longpoll/56035?X-Atmosphere-tracking-id=0&X-Atmosphere-Framework=2.2.3-javascript&X-Atmosphere-Transport=long-polling&X-Atmosphere-TrackMessageSize=true&Content-Type=charset%3Dutf-8&X-atmo-protocol=true&_=1731464705128 HTTP/1.1" 200 -
119.136.155.14 - - [13/Nov/2024:10:21:56 +0800] "GET /InternetTrading/longpoll/52832?X-Atmosphere-tracking-id=0&X-Atmosphere-Framework=2.2.3-javascript&X-Atmosphere-Transport=long-polling&X-Atmosphere-TrackMessageSize=true&Content-Type=charset%3Dutf-8&X-atmo-protocol=true&_=1731464757133 HTTP/1.1" 200 -
116.48.94.58 - - [13/Nov/2024:10:21:56 +0800] "GET /InternetTrading/longpoll/13363?X-Atmosphere-tracking-id=0&X-Atmosphere-Framework=2.2.3-javascript&X-Atmosphere-Transport=long-polling&X-Atmosphere-TrackMessageSize=true&Content-Type=charset%3Dutf-8&X-atmo-protocol=true&_=1731464708140 HTTP/1.1" 200 -
116.48.94.58 - - [13/Nov/2024:10:21:56 +0800] "GET /InternetTrading/longpoll/55136?X-Atmosphere-tracking-id=0&X-Atmosphere-Framework=2.2.3-javascript&X-Atmosphere-Transport=long-polling&X-Atmosphere-TrackMessageSize=true&Content-Type=charset%3Dutf-8&X-atmo-protocol=true&_=1731464708171 HTTP/1.1" 200 -
116.48.94.58 - - [13/Nov/2024:10:21:57 +0800] "POST /InternetTrading/SessionErrorLogger HTTP/1.1" 200 117
116.48.94.58 - - [13/Nov/2024:10:21:57 +0800] "POST /InternetTrading/Heartbeat HTTP/1.1" 200 32
116.48.94.58 - - [13/Nov/2024:10:21:57 +0800] "POST /InternetTrading/SessionErrorLogger HTTP/1.1" 200 117
116.48.94.58 - - [13/Nov/2024:10:21:57 +0800] "POST /InternetTrading/MarketStatus HTTP/1.1" 200 772
182.239.92.222 - - [13/Nov/2024:10:22:00 +0800] "GET /InternetTrading/longpoll/A8127?X-Atmosphere-tracking-id=0&X-Atmosphere-Framework=2.2.3-javascript&X-Atmosphere-Transport=long-polling&X-Atmosphere-TrackMessageSize=true&Content-Type=charset%3Dutf-8&X-atmo-protocol=true&_=1731464712841 HTTP/1.1" 200 -
65.181.90.29 - - [13/Nov/2024:10:22:01 +0800] "GET /InternetTrading/longpoll/56035?X-Atmosphere-tracking-id=0&X-Atmosphere-Framework=2.2.3-javascript&X-Atmosphere-Transport=long-polling&X-Atmosphere-TrackMessageSize=true&Content-Type=charset%3Dutf-8&X-atmo-protocol=true&_=1731464711130 HTTP/1.1" 200 -
119.136.155.14 - - [13/Nov/2024:10:22:01 +0800] "GET /InternetTrading/longpoll/52832?X-Atmosphere-tracking-id=0&X-Atmosphere-Framework=2.2.3-javascript&X-Atmosphere-Transport=long-polling&X-Atmosphere-TrackMessageSize=true&Content-Type=charset%3Dutf-8&X-atmo-protocol=true&_=1731464762193 HTTP/1.1" 200 -
116.48.94.58 - - [13/Nov/2024:10:22:01 +0800] "GET /InternetTrading/longpoll/13363?X-Atmosphere-tracking-id=0&X-Atmosphere-Framework=2.2.3-javascript&X-Atmosphere-Transport=long-polling&X-Atmosphere-TrackMessageSize=true&Content-Type=charset%3Dutf-8&X-atmo-protocol=true&_=1731464713166 HTTP/1.1" 200 -
116.48.94.58 - - [13/Nov/2024:10:22:01 +0800] "GET /InternetTrading/longpoll/55136?X-Atmosphere-tracking-id=0&X-Atmosphere-Framework=2.2.3-javascript&X-Atmosphere-Transport=long-polling&X-Atmosphere-TrackMessageSize=true&Content-Type=charset%3Dutf-8&X-atmo-protocol=true&_=1731464713213 HTTP/1.1" 200 -
182.239.92.222 - - [13/Nov/2024:10:22:05 +0800] "POST /InternetTrading/SessionErrorLogger HTTP/1.1" 200 117
182.239.92.222 - - [13/Nov/2024:10:22:05 +0800] "GET /InternetTrading/tc/buy_ticket.html? HTTP/1.1" 200 1995
182.239.92.222 - - [13/Nov/2024:10:22:05 +0800] "POST /InternetTrading/SessionErrorLogger HTTP/1.1" 200 117
182.239.92.222 - - [13/Nov/2024:10:22:05 +0800] "POST /InternetTrading/MarketStatus HTTP/1.1" 200 772
182.239.92.222 - - [13/Nov/2024:10:22:05 +0800] "POST /InternetTrading/SessionErrorLogger HTTP/1.1" 200 117
182.239.92.222 - - [13/Nov/2024:10:22:05 +0800] "POST /InternetTrading/MarketStatus HTTP/1.1" 200 772
182.239.92.222 - - [13/Nov/2024:10:22:05 +0800] "GET /InternetTrading/longpoll/A8127?X-Atmosphere-tracking-id=0&X-Atmosphere-Framework=2.2.3-javascript&X-Atmosphere-Transport=long-polling&X-Atmosphere-TrackMessageSize=true&Content-Type=charset%3Dutf-8&X-atmo-protocol=true&_=1731464718061 HTTP/1.1" 200 -
119.136.155.14 - - [13/Nov/2024:10:22:06 +0800] "GET /InternetTrading/longpoll/52832?X-Atmosphere-tracking-id=0&X-Atmosphere-Framework=2.2.3-javascript&X-Atmosphere-Transport=long-polling&X-Atmosphere-TrackMessageSize=true&Content-Type=charset%3Dutf-8&X-atmo-protocol=true&_=1731464767252 HTTP/1.1" 200 -
182.239.92.222 - - [13/Nov/2024:10:22:06 +0800] "POST /InternetTrading/SessionErrorLogger HTTP/1.1" 200 117
182.239.92.222 - - [13/Nov/2024:10:22:06 +0800] "POST /InternetTrading/Heartbeat HTTP/1.1" 200 32
116.48.94.58 - - [13/Nov/2024:10:22:06 +0800] "GET /InternetTrading/longpoll/13363?X-Atmosphere-tracking-id=0&X-Atmosphere-Framework=2.2.3-javascript&X-Atmosphere-Transport=long-polling&X-Atmosphere-TrackMessageSize=true&Content-Type=charset%3Dutf-8&X-atmo-protocol=true&_=1731464718206 HTTP/1.1" 200 -
116.48.94.58 - - [13/Nov/2024:10:22:06 +0800] "GET /InternetTrading/longpoll/55136?X-Atmosphere-tracking-id=0&X-Atmosphere-Framework=2.2.3-javascript&X-Atmosphere-Transport=long-polling&X-Atmosphere-TrackMessageSize=true&Content-Type=charset%3Dutf-8&X-atmo-protocol=true&_=1731464718237 HTTP/1.1" 200 -
65.181.90.29 - - [13/Nov/2024:10:22:07 +0800] "GET /InternetTrading/longpoll/56035?X-Atmosphere-tracking-id=0&X-Atmosphere-Framework=2.2.3-javascript&X-Atmosphere-Transport=long-polling&X-Atmosphere-TrackMessageSize=true&Content-Type=charset%3Dutf-8&X-atmo-protocol=true&_=1731464717128 HTTP/1.1" 200 -
119.136.155.14 - - [13/Nov/2024:10:22:08 +0800] "POST /InternetTrading/SessionErrorLogger HTTP/1.1" 200 117
119.136.155.14 - - [13/Nov/2024:10:22:08 +0800] "POST /InternetTrading/Heartbeat HTTP/1.1" 200 32
119.136.155.14 - - [13/Nov/2024:10:22:08 +0800] "POST /InternetTrading/SessionErrorLogger HTTP/1.1" 200 117
119.136.155.14 - - [13/Nov/2024:10:22:08 +0800] "POST /InternetTrading/MarketStatus HTTP/1.1" 200 772
182.239.92.222 - - [13/Nov/2024:10:22:10 +0800] "GET /InternetTrading/longpoll/A8127?X-Atmosphere-tracking-id=0&X-Atmosphere-Framework=2.2.3-javascript&X-Atmosphere-Transport=long-polling&X-Atmosphere-TrackMessageSize=true&Content-Type=charset%3Dutf-8&X-atmo-protocol=true&_=1731464723148 HTTP/1.1" 200 -
119.136.155.14 - - [13/Nov/2024:10:22:11 +0800] "GET /InternetTrading/longpoll/52832?X-Atmosphere-tracking-id=0&X-Atmosphere-Framework=2.2.3-javascript&X-Atmosphere-Transport=long-polling&X-Atmosphere-TrackMessageSize=true&Content-Type=charset%3Dutf-8&X-atmo-protocol=true&_=1731464772280 HTTP/1.1" 200 -
116.48.94.58 - - [13/Nov/2024:10:22:11 +0800] "GET /InternetTrading/longpoll/13363?X-Atmosphere-tracking-id=0&X-Atmosphere-Framework=2.2.3-javascript&X-Atmosphere-Transport=long-polling&X-Atmosphere-TrackMessageSize=true&Content-Type=charset%3Dutf-8&X-atmo-protocol=true&_=1731464723233 HTTP/1.1" 200 -
116.48.94.58 - - [13/Nov/2024:10:22:11 +0800] "GET /InternetTrading/longpoll/55136?X-Atmosphere-tracking-id=0&X-Atmosphere-Framework=2.2.3-javascript&X-Atmosphere-Transport=long-polling&X-Atmosphere-TrackMessageSize=true&Content-Type=charset%3Dutf-8&X-atmo-protocol=true&_=1731464723265 HTTP/1.1" 200 -
65.181.90.29 - - [13/Nov/2024:10:22:13 +0800] "GET /InternetTrading/longpoll/56035?X-Atmosphere-tracking-id=0&X-Atmosphere-Framework=2.2.3-javascript&X-Atmosphere-Transport=long-polling&X-Atmosphere-TrackMessageSize=true&Content-Type=charset%3Dutf-8&X-atmo-protocol=true&_=1731464723123 HTTP/1.1" 200 -
182.239.92.222 - - [13/Nov/2024:10:22:15 +0800] "GET /InternetTrading/longpoll/A8127?X-Atmosphere-tracking-id=0&X-Atmosphere-Framework=2.2.3-javascript&X-Atmosphere-Transport=long-polling&X-Atmosphere-TrackMessageSize=true&Content-Type=charset%3Dutf-8&X-atmo-protocol=true&_=1731464728213 HTTP/1.1" 200 -
119.136.155.14 - - [13/Nov/2024:10:22:16 +0800] "GET /InternetTrading/longpoll/52832?X-Atmosphere-tracking-id=0&X-Atmosphere-Framework=2.2.3-javascript&X-Atmosphere-Transport=long-polling&X-Atmosphere-TrackMessageSize=true&Content-Type=charset%3Dutf-8&X-atmo-protocol=true&_=1731464777308 HTTP/1.1" 200 -
116.48.94.58 - - [13/Nov/2024:10:22:16 +0800] "GET /InternetTrading/longpoll/13363?X-Atmosphere-tracking-id=0&X-Atmosphere-Framework=2.2.3-javascript&X-Atmosphere-Transport=long-polling&X-Atmosphere-TrackMessageSize=true&Content-Type=charset%3Dutf-8&X-atmo-protocol=true&_=1731464728250 HTTP/1.1" 200 -
116.48.94.58 - - [13/Nov/2024:10:22:16 +0800] "GET /InternetTrading/longpoll/55136?X-Atmosphere-tracking-id=0&X-Atmosphere-Framework=2.2.3-javascript&X-Atmosphere-Transport=long-polling&X-Atmosphere-TrackMessageSize=true&Content-Type=charset%3Dutf-8&X-atmo-protocol=true&_=1731464728282 HTTP/1.1" 200 -
65.181.90.29 - - [13/Nov/2024:10:22:17 +0800] "POST /InternetTrading/SessionErrorLogger HTTP/1.1" 200 117
65.181.90.29 - - [13/Nov/2024:10:22:17 +0800] "POST /InternetTrading/MarketStatus HTTP/1.1" 200 772
65.181.90.29 - - [13/Nov/2024:10:22:17 +0800] "POST /InternetTrading/SessionErrorLogger HTTP/1.1" 200 117
65.181.90.29 - - [13/Nov/2024:10:22:17 +0800] "POST /InternetTrading/Heartbeat HTTP/1.1" 200 32
65.181.90.29 - - [13/Nov/2024:10:22:19 +0800] "GET /InternetTrading/longpoll/56035?X-Atmosphere-tracking-id=0&X-Atmosphere-Framework=2.2.3-javascript&X-Atmosphere-Transport=long-polling&X-Atmosphere-TrackMessageSize=true&Content-Type=charset%3Dutf-8&X-atmo-protocol=true&_=1731464729120 HTTP/1.1" 200 -
182.239.92.222 - - [13/Nov/2024:10:22:20 +0800] "GET /InternetTrading/longpoll/A8127?X-Atmosphere-tracking-id=0&X-Atmosphere-Framework=2.2.3-javascript&X-Atmosphere-Transport=long-polling&X-Atmosphere-TrackMessageSize=true&Content-Type=charset%3Dutf-8&X-atmo-protocol=true&_=1731464733282 HTTP/1.1" 200 -
119.136.155.14 - - [13/Nov/2024:10:22:21 +0800] "GET /InternetTrading/longpoll/52832?X-Atmosphere-tracking-id=0&X-Atmosphere-Framework=2.2.3-javascript&X-Atmosphere-Transport=long-polling&X-Atmosphere-TrackMessageSize=true&Content-Type=charset%3Dutf-8&X-atmo-protocol=true&_=1731464782376 HTTP/1.1" 200 -
116.48.94.58 - - [13/Nov/2024:10:22:21 +0800] "POST /InternetTrading/SessionErrorLogger HTTP/1.1" 200 117
116.48.94.58 - - [13/Nov/2024:10:22:21 +0800] "POST /InternetTrading/Heartbeat HTTP/1.1" 200 32
116.48.94.58 - - [13/Nov/2024:10:22:21 +0800] "POST /InternetTrading/SessionErrorLogger HTTP/1.1" 200 117
116.48.94.58 - - [13/Nov/2024:10:22:21 +0800] "POST /InternetTrading/MarketStatus HTTP/1.1" 200 772
116.48.94.58 - - [13/Nov/2024:10:22:21 +0800] "GET /InternetTrading/longpoll/13363?X-Atmosphere-tracking-id=0&X-Atmosphere-Framework=2.2.3-javascript&X-Atmosphere-Transport=long-polling&X-Atmosphere-TrackMessageSize=true&Content-Type=charset%3Dutf-8&X-atmo-protocol=true&_=1731464733264 HTTP/1.1" 200 -
116.48.94.58 - - [13/Nov/2024:10:22:21 +0800] "GET /InternetTrading/longpoll/55136?X-Atmosphere-tracking-id=0&X-Atmosphere-Framework=2.2.3-javascript&X-Atmosphere-Transport=long-polling&X-Atmosphere-TrackMessageSize=true&Content-Type=charset%3Dutf-8&X-atmo-protocol=true&_=1731464733298 HTTP/1.1" 200 -
65.181.90.29 - - [13/Nov/2024:10:22:25 +0800] "GET /InternetTrading/longpoll/56035?X-Atmosphere-tracking-id=0&X-Atmosphere-Framework=2.2.3-javascript&X-Atmosphere-Transport=long-polling&X-Atmosphere-TrackMessageSize=true&Content-Type=charset%3Dutf-8&X-atmo-protocol=true&_=1731464735126 HTTP/1.1" 200 -
182.239.92.222 - - [13/Nov/2024:10:22:26 +0800] "GET /InternetTrading/longpoll/A8127?X-Atmosphere-tracking-id=0&X-Atmosphere-Framework=2.2.3-javascript&X-Atmosphere-Transport=long-polling&X-Atmosphere-TrackMessageSize=true&Content-Type=charset%3Dutf-8&X-atmo-protocol=true&_=1731464738481 HTTP/1.1" 200 -
116.48.94.58 - - [13/Nov/2024:10:22:26 +0800] "GET /InternetTrading/longpoll/13363?X-Atmosphere-tracking-id=0&X-Atmosphere-Framework=2.2.3-javascript&X-Atmosphere-Transport=long-polling&X-Atmosphere-TrackMessageSize=true&Content-Type=charset%3Dutf-8&X-atmo-protocol=true&_=1731464738284 HTTP/1.1" 200 -
