47.97.104.166 - - [13/Nov/2024:10:30:25 +0800] "GET /lib/phpunit/phpunit/src/Util/PHP/eval-stdin.php HTTP/1.1" 404 196
47.97.104.166 - - [13/Nov/2024:10:30:26 +0800] "GET /lib/phpunit/phpunit/Util/PHP/eval-stdin.php HTTP/1.1" 404 196
47.97.104.166 - - [13/Nov/2024:10:30:26 +0800] "GET /lib/phpunit/src/Util/PHP/eval-stdin.php HTTP/1.1" 404 196
47.97.104.166 - - [13/Nov/2024:10:30:26 +0800] "GET /lib/phpunit/Util/PHP/eval-stdin.php HTTP/1.1" 404 196
47.97.104.166 - - [13/Nov/2024:10:30:27 +0800] "GET /lib/vendor/phpunit/phpunit/src/Util/PHP/eval-stdin.php HTTP/1.1" 404 196
47.97.104.166 - - [13/Nov/2024:10:30:27 +0800] "GET /laravel/vendor/phpunit/phpunit/src/Util/PHP/eval-stdin.php HTTP/1.1" 404 196
47.97.104.166 - - [13/Nov/2024:10:30:27 +0800] "GET /www/vendor/phpunit/phpunit/src/Util/PHP/eval-stdin.php HTTP/1.1" 404 196
47.97.104.166 - - [13/Nov/2024:10:30:27 +0800] "GET /ws/vendor/phpunit/phpunit/src/Util/PHP/eval-stdin.php HTTP/1.1" 404 196
47.97.104.166 - - [13/Nov/2024:10:30:27 +0800] "GET /yii/vendor/phpunit/phpunit/src/Util/PHP/eval-stdin.php HTTP/1.1" 404 196
116.48.94.58 - - [13/Nov/2024:10:30:28 +0800] "POST /InternetTrading/SessionErrorLogger HTTP/1.1" 200 117
116.48.94.58 - - [13/Nov/2024:10:30:28 +0800] "POST /InternetTrading/Heartbeat HTTP/1.1" 200 32
116.48.94.58 - - [13/Nov/2024:10:30:28 +0800] "POST /InternetTrading/SessionErrorLogger HTTP/1.1" 200 117
116.48.94.58 - - [13/Nov/2024:10:30:28 +0800] "POST /InternetTrading/MarketStatus HTTP/1.1" 200 772
65.181.90.29 - - [13/Nov/2024:10:30:28 +0800] "GET /InternetTrading/longpoll/56035?X-Atmosphere-tracking-id=0&X-Atmosphere-Framework=2.2.3-javascript&X-Atmosphere-Transport=long-polling&X-Atmosphere-TrackMessageSize=true&Content-Type=charset%3Dutf-8&X-atmo-protocol=true&_=1731465218124 HTTP/1.1" 200 -
182.239.92.222 - - [13/Nov/2024:10:30:28 +0800] "GET /InternetTrading/longpoll/A8127?X-Atmosphere-tracking-id=0&X-Atmosphere-Framework=2.2.3-javascript&X-Atmosphere-Transport=long-polling&X-Atmosphere-TrackMessageSize=true&Content-Type=charset%3Dutf-8&X-atmo-protocol=true&_=1731465220945 HTTP/1.1" 200 -
116.48.94.58 - - [13/Nov/2024:10:30:29 +0800] "GET /InternetTrading/longpoll/13363?X-Atmosphere-tracking-id=0&X-Atmosphere-Framework=2.2.3-javascript&X-Atmosphere-Transport=long-polling&X-Atmosphere-TrackMessageSize=true&Content-Type=charset%3Dutf-8&X-atmo-protocol=true&_=1731465221136 HTTP/1.1" 200 -
116.48.94.58 - - [13/Nov/2024:10:30:29 +0800] "GET /InternetTrading/longpoll/55136?X-Atmosphere-tracking-id=0&X-Atmosphere-Framework=2.2.3-javascript&X-Atmosphere-Transport=long-polling&X-Atmosphere-TrackMessageSize=true&Content-Type=charset%3Dutf-8&X-atmo-protocol=true&_=1731465221151 HTTP/1.1" 200 -
119.136.155.14 - - [13/Nov/2024:10:30:30 +0800] "GET /InternetTrading/longpoll/52832?X-Atmosphere-tracking-id=0&X-Atmosphere-Framework=2.2.3-javascript&X-Atmosphere-Transport=long-polling&X-Atmosphere-TrackMessageSize=true&Content-Type=charset%3Dutf-8&X-atmo-protocol=true&_=1731465271012 HTTP/1.1" 200 -
182.239.92.222 - - [13/Nov/2024:10:30:33 +0800] "GET /InternetTrading/longpoll/A8127?X-Atmosphere-tracking-id=0&X-Atmosphere-Framework=2.2.3-javascript&X-Atmosphere-Transport=long-polling&X-Atmosphere-TrackMessageSize=true&Content-Type=charset%3Dutf-8&X-atmo-protocol=true&_=1731465226077 HTTP/1.1" 200 -
65.181.90.29 - - [13/Nov/2024:10:30:34 +0800] "GET /InternetTrading/longpoll/56035?X-Atmosphere-tracking-id=0&X-Atmosphere-Framework=2.2.3-javascript&X-Atmosphere-Transport=long-polling&X-Atmosphere-TrackMessageSize=true&Content-Type=charset%3Dutf-8&X-atmo-protocol=true&_=1731465224128 HTTP/1.1" 200 -
116.48.94.58 - - [13/Nov/2024:10:30:34 +0800] "GET /InternetTrading/longpoll/13363?X-Atmosphere-tracking-id=0&X-Atmosphere-Framework=2.2.3-javascript&X-Atmosphere-Transport=long-polling&X-Atmosphere-TrackMessageSize=true&Content-Type=charset%3Dutf-8&X-atmo-protocol=true&_=1731465226156 HTTP/1.1" 200 -
116.48.94.58 - - [13/Nov/2024:10:30:34 +0800] "GET /InternetTrading/longpoll/55136?X-Atmosphere-tracking-id=0&X-Atmosphere-Framework=2.2.3-javascript&X-Atmosphere-Transport=long-polling&X-Atmosphere-TrackMessageSize=true&Content-Type=charset%3Dutf-8&X-atmo-protocol=true&_=1731465226172 HTTP/1.1" 200 -
182.239.92.222 - - [13/Nov/2024:10:30:38 +0800] "GET /InternetTrading/longpoll/A8127?X-Atmosphere-tracking-id=0&X-Atmosphere-Framework=2.2.3-javascript&X-Atmosphere-Transport=long-polling&X-Atmosphere-TrackMessageSize=true&Content-Type=charset%3Dutf-8&X-atmo-protocol=true&_=1731465231240 HTTP/1.1" 200 -
119.136.155.14 - - [13/Nov/2024:10:30:39 +0800] "GET /InternetTrading/longpoll/52832?X-Atmosphere-tracking-id=0&X-Atmosphere-Framework=2.2.3-javascript&X-Atmosphere-Transport=long-polling&X-Atmosphere-TrackMessageSize=true&Content-Type=charset%3Dutf-8&X-atmo-protocol=true&_=1731465276103 HTTP/1.1" 200 -
116.48.94.58 - - [13/Nov/2024:10:30:39 +0800] "GET /InternetTrading/longpoll/55136?X-Atmosphere-tracking-id=0&X-Atmosphere-Framework=2.2.3-javascript&X-Atmosphere-Transport=long-polling&X-Atmosphere-TrackMessageSize=true&Content-Type=charset%3Dutf-8&X-atmo-protocol=true&_=1731465231195 HTTP/1.1" 200 -
116.48.94.58 - - [13/Nov/2024:10:30:39 +0800] "GET /InternetTrading/longpoll/13363?X-Atmosphere-tracking-id=0&X-Atmosphere-Framework=2.2.3-javascript&X-Atmosphere-Transport=long-polling&X-Atmosphere-TrackMessageSize=true&Content-Type=charset%3Dutf-8&X-atmo-protocol=true&_=1731465231179 HTTP/1.1" 200 -
65.181.90.29 - - [13/Nov/2024:10:30:40 +0800] "GET /InternetTrading/longpoll/56035?X-Atmosphere-tracking-id=0&X-Atmosphere-Framework=2.2.3-javascript&X-Atmosphere-Transport=long-polling&X-Atmosphere-TrackMessageSize=true&Content-Type=charset%3Dutf-8&X-atmo-protocol=true&_=1731465230118 HTTP/1.1" 200 -
119.136.155.14 - - [13/Nov/2024:10:30:43 +0800] "POST /InternetTrading/SessionErrorLogger HTTP/1.1" 200 117
119.136.155.14 - - [13/Nov/2024:10:30:43 +0800] "POST /InternetTrading/Heartbeat HTTP/1.1" 200 32
119.136.155.14 - - [13/Nov/2024:10:30:43 +0800] "POST /InternetTrading/SessionErrorLogger HTTP/1.1" 200 117
119.136.155.14 - - [13/Nov/2024:10:30:43 +0800] "POST /InternetTrading/MarketStatus HTTP/1.1" 200 772
119.136.155.14 - - [13/Nov/2024:10:30:44 +0800] "GET /InternetTrading/longpoll/52832?X-Atmosphere-tracking-id=0&X-Atmosphere-Framework=2.2.3-javascript&X-Atmosphere-Transport=long-polling&X-Atmosphere-TrackMessageSize=true&Content-Type=charset%3Dutf-8&X-atmo-protocol=true&_=1731465284808 HTTP/1.1" 200 -
182.239.92.222 - - [13/Nov/2024:10:30:44 +0800] "GET /InternetTrading/longpoll/A8127?X-Atmosphere-tracking-id=0&X-Atmosphere-Framework=2.2.3-javascript&X-Atmosphere-Transport=long-polling&X-Atmosphere-TrackMessageSize=true&Content-Type=charset%3Dutf-8&X-atmo-protocol=true&_=1731465236435 HTTP/1.1" 200 -
182.239.92.222 - - [13/Nov/2024:10:30:44 +0800] "POST /InternetTrading/SessionErrorLogger HTTP/1.1" 200 117
116.48.94.58 - - [13/Nov/2024:10:30:44 +0800] "GET /InternetTrading/longpoll/13363?X-Atmosphere-tracking-id=0&X-Atmosphere-Framework=2.2.3-javascript&X-Atmosphere-Transport=long-polling&X-Atmosphere-TrackMessageSize=true&Content-Type=charset%3Dutf-8&X-atmo-protocol=true&_=1731465236222 HTTP/1.1" 200 -
116.48.94.58 - - [13/Nov/2024:10:30:44 +0800] "GET /InternetTrading/longpoll/55136?X-Atmosphere-tracking-id=0&X-Atmosphere-Framework=2.2.3-javascript&X-Atmosphere-Transport=long-polling&X-Atmosphere-TrackMessageSize=true&Content-Type=charset%3Dutf-8&X-atmo-protocol=true&_=1731465236223 HTTP/1.1" 200 -
182.239.92.222 - - [13/Nov/2024:10:30:44 +0800] "POST /InternetTrading/Heartbeat HTTP/1.1" 200 32
65.181.90.29 - - [13/Nov/2024:10:30:46 +0800] "GET /InternetTrading/longpoll/56035?X-Atmosphere-tracking-id=0&X-Atmosphere-Framework=2.2.3-javascript&X-Atmosphere-Transport=long-polling&X-Atmosphere-TrackMessageSize=true&Content-Type=charset%3Dutf-8&X-atmo-protocol=true&_=1731465236132 HTTP/1.1" 200 -
119.136.155.14 - - [13/Nov/2024:10:30:49 +0800] "GET /InternetTrading/longpoll/52832?X-Atmosphere-tracking-id=0&X-Atmosphere-Framework=2.2.3-javascript&X-Atmosphere-Transport=long-polling&X-Atmosphere-TrackMessageSize=true&Content-Type=charset%3Dutf-8&X-atmo-protocol=true&_=1731465289849 HTTP/1.1" 200 -
182.239.92.222 - - [13/Nov/2024:10:30:49 +0800] "GET /InternetTrading/longpoll/A8127?X-Atmosphere-tracking-id=0&X-Atmosphere-Framework=2.2.3-javascript&X-Atmosphere-Transport=long-polling&X-Atmosphere-TrackMessageSize=true&Content-Type=charset%3Dutf-8&X-atmo-protocol=true&_=1731465241582 HTTP/1.1" 200 -
116.48.94.58 - - [13/Nov/2024:10:30:49 +0800] "GET /InternetTrading/longpoll/55136?X-Atmosphere-tracking-id=0&X-Atmosphere-Framework=2.2.3-javascript&X-Atmosphere-Transport=long-polling&X-Atmosphere-TrackMessageSize=true&Content-Type=charset%3Dutf-8&X-atmo-protocol=true&_=1731465241265 HTTP/1.1" 200 -
116.48.94.58 - - [13/Nov/2024:10:30:49 +0800] "GET /InternetTrading/longpoll/13363?X-Atmosphere-tracking-id=0&X-Atmosphere-Framework=2.2.3-javascript&X-Atmosphere-Transport=long-polling&X-Atmosphere-TrackMessageSize=true&Content-Type=charset%3Dutf-8&X-atmo-protocol=true&_=1731465241265 HTTP/1.1" 200 -
116.48.94.58 - - [13/Nov/2024:10:30:52 +0800] "POST /InternetTrading/SessionErrorLogger HTTP/1.1" 200 117
116.48.94.58 - - [13/Nov/2024:10:30:52 +0800] "POST /InternetTrading/Heartbeat HTTP/1.1" 200 32
116.48.94.58 - - [13/Nov/2024:10:30:52 +0800] "POST /InternetTrading/SessionErrorLogger HTTP/1.1" 200 117
116.48.94.58 - - [13/Nov/2024:10:30:52 +0800] "POST /InternetTrading/MarketStatus HTTP/1.1" 200 772
65.181.90.29 - - [13/Nov/2024:10:30:52 +0800] "GET /InternetTrading/longpoll/56035?X-Atmosphere-tracking-id=0&X-Atmosphere-Framework=2.2.3-javascript&X-Atmosphere-Transport=long-polling&X-Atmosphere-TrackMessageSize=true&Content-Type=charset%3Dutf-8&X-atmo-protocol=true&_=1731465242118 HTTP/1.1" 200 -
182.239.92.222 - - [13/Nov/2024:10:30:52 +0800] "POST /InternetTrading/SessionErrorLogger HTTP/1.1" 200 117
182.239.92.222 - - [13/Nov/2024:10:30:52 +0800] "POST /InternetTrading/MarketStatus HTTP/1.1" 200 772
182.239.92.222 - - [13/Nov/2024:10:30:54 +0800] "GET /InternetTrading/longpoll/A8127?X-Atmosphere-tracking-id=0&X-Atmosphere-Framework=2.2.3-javascript&X-Atmosphere-Transport=long-polling&X-Atmosphere-TrackMessageSize=true&Content-Type=charset%3Dutf-8&X-atmo-protocol=true&_=1731465246618 HTTP/1.1" 200 -
119.136.155.14 - - [13/Nov/2024:10:30:54 +0800] "GET /InternetTrading/longpoll/52832?X-Atmosphere-tracking-id=0&X-Atmosphere-Framework=2.2.3-javascript&X-Atmosphere-Transport=long-polling&X-Atmosphere-TrackMessageSize=true&Content-Type=charset%3Dutf-8&X-atmo-protocol=true&_=1731465294886 HTTP/1.1" 200 -
116.48.94.58 - - [13/Nov/2024:10:30:54 +0800] "GET /InternetTrading/longpoll/13363?X-Atmosphere-tracking-id=0&X-Atmosphere-Framework=2.2.3-javascript&X-Atmosphere-Transport=long-polling&X-Atmosphere-TrackMessageSize=true&Content-Type=charset%3Dutf-8&X-atmo-protocol=true&_=1731465246306 HTTP/1.1" 200 -
116.48.94.58 - - [13/Nov/2024:10:30:54 +0800] "GET /InternetTrading/longpoll/55136?X-Atmosphere-tracking-id=0&X-Atmosphere-Framework=2.2.3-javascript&X-Atmosphere-Transport=long-polling&X-Atmosphere-TrackMessageSize=true&Content-Type=charset%3Dutf-8&X-atmo-protocol=true&_=1731465246306 HTTP/1.1" 200 -
116.48.94.58 - - [13/Nov/2024:10:30:58 +0800] "POST /InternetTrading/SessionErrorLogger HTTP/1.1" 200 117
116.48.94.58 - - [13/Nov/2024:10:30:58 +0800] "POST /InternetTrading/Heartbeat HTTP/1.1" 200 32
116.48.94.58 - - [13/Nov/2024:10:30:58 +0800] "POST /InternetTrading/SessionErrorLogger HTTP/1.1" 200 117
116.48.94.58 - - [13/Nov/2024:10:30:58 +0800] "POST /InternetTrading/MarketStatus HTTP/1.1" 200 772
65.181.90.29 - - [13/Nov/2024:10:30:58 +0800] "GET /InternetTrading/longpoll/56035?X-Atmosphere-tracking-id=0&X-Atmosphere-Framework=2.2.3-javascript&X-Atmosphere-Transport=long-polling&X-Atmosphere-TrackMessageSize=true&Content-Type=charset%3Dutf-8&X-atmo-protocol=true&_=1731465248126 HTTP/1.1" 200 -
119.136.155.14 - - [13/Nov/2024:10:30:59 +0800] "GET /InternetTrading/longpoll/52832?X-Atmosphere-tracking-id=0&X-Atmosphere-Framework=2.2.3-javascript&X-Atmosphere-Transport=long-polling&X-Atmosphere-TrackMessageSize=true&Content-Type=charset%3Dutf-8&X-atmo-protocol=true&_=1731465299998 HTTP/1.1" 200 -
182.239.92.222 - - [13/Nov/2024:10:30:59 +0800] "GET /InternetTrading/longpoll/A8127?X-Atmosphere-tracking-id=0&X-Atmosphere-Framework=2.2.3-javascript&X-Atmosphere-Transport=long-polling&X-Atmosphere-TrackMessageSize=true&Content-Type=charset%3Dutf-8&X-atmo-protocol=true&_=1731465251669 HTTP/1.1" 200 -
116.48.94.58 - - [13/Nov/2024:10:30:59 +0800] "GET /InternetTrading/longpoll/13363?X-Atmosphere-tracking-id=0&X-Atmosphere-Framework=2.2.3-javascript&X-Atmosphere-Transport=long-polling&X-Atmosphere-TrackMessageSize=true&Content-Type=charset%3Dutf-8&X-atmo-protocol=true&_=1731465251329 HTTP/1.1" 200 -
116.48.94.58 - - [13/Nov/2024:10:30:59 +0800] "GET /InternetTrading/longpoll/55136?X-Atmosphere-tracking-id=0&X-Atmosphere-Framework=2.2.3-javascript&X-Atmosphere-Transport=long-polling&X-Atmosphere-TrackMessageSize=true&Content-Type=charset%3Dutf-8&X-atmo-protocol=true&_=1731465251346 HTTP/1.1" 200 -
65.181.90.29 - - [13/Nov/2024:10:31:04 +0800] "GET /InternetTrading/longpoll/56035?X-Atmosphere-tracking-id=0&X-Atmosphere-Framework=2.2.3-javascript&X-Atmosphere-Transport=long-polling&X-Atmosphere-TrackMessageSize=true&Content-Type=charset%3Dutf-8&X-atmo-protocol=true&_=1731465254120 HTTP/1.1" 200 -
182.239.92.222 - - [13/Nov/2024:10:31:04 +0800] "GET /InternetTrading/longpoll/A8127?X-Atmosphere-tracking-id=0&X-Atmosphere-Framework=2.2.3-javascript&X-Atmosphere-Transport=long-polling&X-Atmosphere-TrackMessageSize=true&Content-Type=charset%3Dutf-8&X-atmo-protocol=true&_=1731465256867 HTTP/1.1" 200 -
119.136.155.14 - - [13/Nov/2024:10:31:04 +0800] "GET /InternetTrading/longpoll/52832?X-Atmosphere-tracking-id=0&X-Atmosphere-Framework=2.2.3-javascript&X-Atmosphere-Transport=long-polling&X-Atmosphere-TrackMessageSize=true&Content-Type=charset%3Dutf-8&X-atmo-protocol=true&_=1731465305070 HTTP/1.1" 200 -
116.48.94.58 - - [13/Nov/2024:10:31:04 +0800] "GET /InternetTrading/longpoll/13363?X-Atmosphere-tracking-id=0&X-Atmosphere-Framework=2.2.3-javascript&X-Atmosphere-Transport=long-polling&X-Atmosphere-TrackMessageSize=true&Content-Type=charset%3Dutf-8&X-atmo-protocol=true&_=1731465256348 HTTP/1.1" 200 -
116.48.94.58 - - [13/Nov/2024:10:31:04 +0800] "GET /InternetTrading/longpoll/55136?X-Atmosphere-tracking-id=0&X-Atmosphere-Framework=2.2.3-javascript&X-Atmosphere-Transport=long-polling&X-Atmosphere-TrackMessageSize=true&Content-Type=charset%3Dutf-8&X-atmo-protocol=true&_=1731465256364 HTTP/1.1" 200 -
182.239.92.222 - - [13/Nov/2024:10:31:09 +0800] "GET /InternetTrading/longpoll/A8127?X-Atmosphere-tracking-id=0&X-Atmosphere-Framework=2.2.3-javascript&X-Atmosphere-Transport=long-polling&X-Atmosphere-TrackMessageSize=true&Content-Type=charset%3Dutf-8&X-atmo-protocol=true&_=1731465262061 HTTP/1.1" 200 -
116.48.94.58 - - [13/Nov/2024:10:31:09 +0800] "GET /InternetTrading/longpoll/13363?X-Atmosphere-tracking-id=0&X-Atmosphere-Framework=2.2.3-javascript&X-Atmosphere-Transport=long-polling&X-Atmosphere-TrackMessageSize=true&Content-Type=charset%3Dutf-8&X-atmo-protocol=true&_=1731465261384 HTTP/1.1" 200 -
116.48.94.58 - - [13/Nov/2024:10:31:09 +0800] "GET /InternetTrading/longpoll/55136?X-Atmosphere-tracking-id=0&X-Atmosphere-Framework=2.2.3-javascript&X-Atmosphere-Transport=long-polling&X-Atmosphere-TrackMessageSize=true&Content-Type=charset%3Dutf-8&X-atmo-protocol=true&_=1731465261415 HTTP/1.1" 200 -
65.181.90.29 - - [13/Nov/2024:10:31:10 +0800] "GET /InternetTrading/longpoll/56035?X-Atmosphere-tracking-id=0&X-Atmosphere-Framework=2.2.3-javascript&X-Atmosphere-Transport=long-polling&X-Atmosphere-TrackMessageSize=true&Content-Type=charset%3Dutf-8&X-atmo-protocol=true&_=1731465260120 HTTP/1.1" 200 -
119.136.155.14 - - [13/Nov/2024:10:31:13 +0800] "GET /InternetTrading/longpoll/52832?X-Atmosphere-tracking-id=0&X-Atmosphere-Framework=2.2.3-javascript&X-Atmosphere-Transport=long-polling&X-Atmosphere-TrackMessageSize=true&Content-Type=charset%3Dutf-8&X-atmo-protocol=true&_=1731465310370 HTTP/1.1" 200 -
119.136.155.14 - - [13/Nov/2024:10:31:13 +0800] "POST /InternetTrading/SessionErrorLogger HTTP/1.1" 200 117
119.136.155.14 - - [13/Nov/2024:10:31:13 +0800] "POST /InternetTrading/SessionErrorLogger HTTP/1.1" 200 117
119.136.155.14 - - [13/Nov/2024:10:31:14 +0800] "POST /InternetTrading/MarketStatus HTTP/1.1" 200 772
182.239.92.222 - - [13/Nov/2024:10:31:14 +0800] "POST /InternetTrading/SessionErrorLogger HTTP/1.1" 200 117
182.239.92.222 - - [13/Nov/2024:10:31:14 +0800] "GET /InternetTrading/longpoll/A8127?X-Atmosphere-tracking-id=0&X-Atmosphere-Framework=2.2.3-javascript&X-Atmosphere-Transport=long-polling&X-Atmosphere-TrackMessageSize=true&Content-Type=charset%3Dutf-8&X-atmo-protocol=true&_=1731465267188 HTTP/1.1" 200 -
182.239.92.222 - - [13/Nov/2024:10:31:14 +0800] "POST /InternetTrading/Heartbeat HTTP/1.1" 200 32
116.48.94.58 - - [13/Nov/2024:10:31:14 +0800] "GET /InternetTrading/longpoll/13363?X-Atmosphere-tracking-id=0&X-Atmosphere-Framework=2.2.3-javascript&X-Atmosphere-Transport=long-polling&X-Atmosphere-TrackMessageSize=true&Content-Type=charset%3Dutf-8&X-atmo-protocol=true&_=1731465266411 HTTP/1.1" 200 -
116.48.94.58 - - [13/Nov/2024:10:31:15 +0800] "GET /InternetTrading/longpoll/55136?X-Atmosphere-tracking-id=0&X-Atmosphere-Framework=2.2.3-javascript&X-Atmosphere-Transport=long-polling&X-Atmosphere-TrackMessageSize=true&Content-Type=charset%3Dutf-8&X-atmo-protocol=true&_=1731465266458 HTTP/1.1" 200 -
119.136.155.14 - - [13/Nov/2024:10:31:15 +0800] "POST /InternetTrading/Heartbeat HTTP/1.1" 200 32
65.181.90.29 - - [13/Nov/2024:10:31:16 +0800] "GET /InternetTrading/longpoll/56035?X-Atmosphere-tracking-id=0&X-Atmosphere-Framework=2.2.3-javascript&X-Atmosphere-Transport=long-polling&X-Atmosphere-TrackMessageSize=true&Content-Type=charset%3Dutf-8&X-atmo-protocol=true&_=1731465266128 HTTP/1.1" 200 -
119.136.155.14 - - [13/Nov/2024:10:31:18 +0800] "GET /InternetTrading/longpoll/52832?X-Atmosphere-tracking-id=0&X-Atmosphere-Framework=2.2.3-javascript&X-Atmosphere-Transport=long-polling&X-Atmosphere-TrackMessageSize=true&Content-Type=charset%3Dutf-8&X-atmo-protocol=true&_=1731465318880 HTTP/1.1" 200 -
116.48.94.58 - - [13/Nov/2024:10:31:20 +0800] "GET /InternetTrading/longpoll/13363?X-Atmosphere-tracking-id=0&X-Atmosphere-Framework=2.2.3-javascript&X-Atmosphere-Transport=long-polling&X-Atmosphere-TrackMessageSize=true&Content-Type=charset%3Dutf-8&X-atmo-protocol=true&_=1731465271450 HTTP/1.1" 200 -
116.48.94.58 - - [13/Nov/2024:10:31:20 +0800] "GET /InternetTrading/longpoll/55136?X-Atmosphere-tracking-id=0&X-Atmosphere-Framework=2.2.3-javascript&X-Atmosphere-Transport=long-polling&X-Atmosphere-TrackMessageSize=true&Content-Type=charset%3Dutf-8&X-atmo-protocol=true&_=1731465271497 HTTP/1.1" 200 -
182.239.92.222 - - [13/Nov/2024:10:31:20 +0800] "GET /InternetTrading/longpoll/A8127?X-Atmosphere-tracking-id=0&X-Atmosphere-Framework=2.2.3-javascript&X-Atmosphere-Transport=long-polling&X-Atmosphere-TrackMessageSize=true&Content-Type=charset%3Dutf-8&X-atmo-protocol=true&_=1731465272418 HTTP/1.1" 200 -
116.48.94.58 - - [13/Nov/2024:10:31:22 +0800] "POST /InternetTrading/SessionErrorLogger HTTP/1.1" 200 117
116.48.94.58 - - [13/Nov/2024:10:31:22 +0800] "POST /InternetTrading/Heartbeat HTTP/1.1" 200 32
116.48.94.58 - - [13/Nov/2024:10:31:22 +0800] "POST /InternetTrading/SessionErrorLogger HTTP/1.1" 200 117
116.48.94.58 - - [13/Nov/2024:10:31:22 +0800] "POST /InternetTrading/MarketStatus HTTP/1.1" 200 772
65.181.90.29 - - [13/Nov/2024:10:31:22 +0800] "GET /InternetTrading/longpoll/56035?X-Atmosphere-tracking-id=0&X-Atmosphere-Framework=2.2.3-javascript&X-Atmosphere-Transport=long-polling&X-Atmosphere-TrackMessageSize=true&Content-Type=charset%3Dutf-8&X-atmo-protocol=true&_=1731465272125 HTTP/1.1" 200 -
182.239.92.222 - - [13/Nov/2024:10:31:22 +0800] "POST /InternetTrading/SessionErrorLogger HTTP/1.1" 200 117
182.239.92.222 - - [13/Nov/2024:10:31:22 +0800] "POST /InternetTrading/MarketStatus HTTP/1.1" 200 772
116.48.94.58 - - [13/Nov/2024:10:31:25 +0800] "GET /InternetTrading/longpoll/13363?X-Atmosphere-tracking-id=0&X-Atmosphere-Framework=2.2.3-javascript&X-Atmosphere-Transport=long-polling&X-Atmosphere-TrackMessageSize=true&Content-Type=charset%3Dutf-8&X-atmo-protocol=true&_=1731465276484 HTTP/1.1" 200 -
116.48.94.58 - - [13/Nov/2024:10:31:25 +0800] "GET /InternetTrading/longpoll/55136?X-Atmosphere-tracking-id=0&X-Atmosphere-Framework=2.2.3-javascript&X-Atmosphere-Transport=long-polling&X-Atmosphere-TrackMessageSize=true&Content-Type=charset%3Dutf-8&X-atmo-protocol=true&_=1731465276516 HTTP/1.1" 200 -
182.239.92.222 - - [13/Nov/2024:10:31:25 +0800] "GET /InternetTrading/longpoll/A8127?X-Atmosphere-tracking-id=0&X-Atmosphere-Framework=2.2.3-javascript&X-Atmosphere-Transport=long-polling&X-Atmosphere-TrackMessageSize=true&Content-Type=charset%3Dutf-8&X-atmo-protocol=true&_=1731465277571 HTTP/1.1" 200 -
119.136.155.14 - - [13/Nov/2024:10:31:25 +0800] "GET /InternetTrading/longpoll/52832?X-Atmosphere-tracking-id=0&X-Atmosphere-Framework=2.2.3-javascript&X-Atmosphere-Transport=long-polling&X-Atmosphere-TrackMessageSize=true&Content-Type=charset%3Dutf-8&X-atmo-protocol=true&_=1731465323909 HTTP/1.1" 200 -
116.48.94.58 - - [13/Nov/2024:10:31:28 +0800] "POST /InternetTrading/SessionErrorLogger HTTP/1.1" 200 117
116.48.94.58 - - [13/Nov/2024:10:31:28 +0800] "POST /InternetTrading/Heartbeat HTTP/1.1" 200 32
116.48.94.58 - - [13/Nov/2024:10:31:28 +0800] "POST /InternetTrading/SessionErrorLogger HTTP/1.1" 200 117
116.48.94.58 - - [13/Nov/2024:10:31:28 +0800] "POST /InternetTrading/MarketStatus HTTP/1.1" 200 772
65.181.90.29 - - [13/Nov/2024:10:31:28 +0800] "GET /InternetTrading/longpoll/56035?X-Atmosphere-tracking-id=0&X-Atmosphere-Framework=2.2.3-javascript&X-Atmosphere-Transport=long-polling&X-Atmosphere-TrackMessageSize=true&Content-Type=charset%3Dutf-8&X-atmo-protocol=true&_=1731465278130 HTTP/1.1" 200 -
116.48.94.58 - - [13/Nov/2024:10:31:30 +0800] "GET /InternetTrading/longpoll/55136?X-Atmosphere-tracking-id=0&X-Atmosphere-Framework=2.2.3-javascript&X-Atmosphere-Transport=long-polling&X-Atmosphere-TrackMessageSize=true&Content-Type=charset%3Dutf-8&X-atmo-protocol=true&_=1731465281552 HTTP/1.1" 200 -
116.48.94.58 - - [13/Nov/2024:10:31:30 +0800] "GET /InternetTrading/longpoll/13363?X-Atmosphere-tracking-id=0&X-Atmosphere-Framework=2.2.3-javascript&X-Atmosphere-Transport=long-polling&X-Atmosphere-TrackMessageSize=true&Content-Type=charset%3Dutf-8&X-atmo-protocol=true&_=1731465281505 HTTP/1.1" 200 -
65.181.90.29 - - [13/Nov/2024:10:31:30 +0800] "POST /InternetTrading/SessionErrorLogger HTTP/1.1" 200 117
65.181.90.29 - - [13/Nov/2024:10:31:30 +0800] "POST /InternetTrading/MarketStatus HTTP/1.1" 200 772
65.181.90.29 - - [13/Nov/2024:10:31:30 +0800] "POST /InternetTrading/SessionErrorLogger HTTP/1.1" 200 117
65.181.90.29 - - [13/Nov/2024:10:31:30 +0800] "POST /InternetTrading/Heartbeat HTTP/1.1" 200 32
182.239.92.222 - - [13/Nov/2024:10:31:30 +0800] "GET /InternetTrading/longpoll/A8127?X-Atmosphere-tracking-id=0&X-Atmosphere-Framework=2.2.3-javascript&X-Atmosphere-Transport=long-polling&X-Atmosphere-TrackMessageSize=true&Content-Type=charset%3Dutf-8&X-atmo-protocol=true&_=1731465282673 HTTP/1.1" 200 -
119.136.155.14 - - [13/Nov/2024:10:31:30 +0800] "GET /InternetTrading/longpoll/52832?X-Atmosphere-tracking-id=0&X-Atmosphere-Framework=2.2.3-javascript&X-Atmosphere-Transport=long-polling&X-Atmosphere-TrackMessageSize=true&Content-Type=charset%3Dutf-8&X-atmo-protocol=true&_=1731465331307 HTTP/1.1" 200 -
65.181.90.29 - - [13/Nov/2024:10:31:34 +0800] "GET /InternetTrading/longpoll/56035?X-Atmosphere-tracking-id=0&X-Atmosphere-Framework=2.2.3-javascript&X-Atmosphere-Transport=long-polling&X-Atmosphere-TrackMessageSize=true&Content-Type=charset%3Dutf-8&X-atmo-protocol=true&_=1731465284124 HTTP/1.1" 200 -
116.48.94.58 - - [13/Nov/2024:10:31:35 +0800] "GET /InternetTrading/longpoll/55136?X-Atmosphere-tracking-id=0&X-Atmosphere-Framework=2.2.3-javascript&X-Atmosphere-Transport=long-polling&X-Atmosphere-TrackMessageSize=true&Content-Type=charset%3Dutf-8&X-atmo-protocol=true&_=1731465286651 HTTP/1.1" 200 -
116.48.94.58 - - [13/Nov/2024:10:31:35 +0800] "GET /InternetTrading/longpoll/13363?X-Atmosphere-tracking-id=0&X-Atmosphere-Framework=2.2.3-javascript&X-Atmosphere-Transport=long-polling&X-Atmosphere-TrackMessageSize=true&Content-Type=charset%3Dutf-8&X-atmo-protocol=true&_=1731465286697 HTTP/1.1" 200 -
182.239.92.222 - - [13/Nov/2024:10:31:35 +0800] "GET /InternetTrading/longpoll/A8127?X-Atmosphere-tracking-id=0&X-Atmosphere-Framework=2.2.3-javascript&X-Atmosphere-Transport=long-polling&X-Atmosphere-TrackMessageSize=true&Content-Type=charset%3Dutf-8&X-atmo-protocol=true&_=1731465288048 HTTP/1.1" 200 -
119.136.155.14 - - [13/Nov/2024:10:31:35 +0800] "GET /InternetTrading/longpoll/52832?X-Atmosphere-tracking-id=0&X-Atmosphere-Framework=2.2.3-javascript&X-Atmosphere-Transport=long-polling&X-Atmosphere-TrackMessageSize=true&Content-Type=charset%3Dutf-8&X-atmo-protocol=true&_=1731465336478 HTTP/1.1" 200 -
65.181.90.29 - - [13/Nov/2024:10:31:40 +0800] "GET /InternetTrading/longpoll/56035?X-Atmosphere-tracking-id=0&X-Atmosphere-Framework=2.2.3-javascript&X-Atmosphere-Transport=long-polling&X-Atmosphere-TrackMessageSize=true&Content-Type=charset%3Dutf-8&X-atmo-protocol=true&_=1731465290124 HTTP/1.1" 200 -
116.48.94.58 - - [13/Nov/2024:10:31:40 +0800] "GET /InternetTrading/longpoll/55136?X-Atmosphere-tracking-id=0&X-Atmosphere-Framework=2.2.3-javascript&X-Atmosphere-Transport=long-polling&X-Atmosphere-TrackMessageSize=true&Content-Type=charset%3Dutf-8&X-atmo-protocol=true&_=1731465291978 HTTP/1.1" 200 -
116.48.94.58 - - [13/Nov/2024:10:31:40 +0800] "GET /InternetTrading/longpoll/13363?X-Atmosphere-tracking-id=0&X-Atmosphere-Framework=2.2.3-javascript&X-Atmosphere-Transport=long-polling&X-Atmosphere-TrackMessageSize=true&Content-Type=charset%3Dutf-8&X-atmo-protocol=true&_=1731465291978 HTTP/1.1" 200 -
119.136.155.14 - - [13/Nov/2024:10:31:40 +0800] "GET /InternetTrading/longpoll/52832?X-Atmosphere-tracking-id=0&X-Atmosphere-Framework=2.2.3-javascript&X-Atmosphere-Transport=long-polling&X-Atmosphere-TrackMessageSize=true&Content-Type=charset%3Dutf-8&X-atmo-protocol=true&_=1731465341548 HTTP/1.1" 200 -
182.239.92.222 - - [13/Nov/2024:10:31:40 +0800] "GET /InternetTrading/longpoll/A8127?X-Atmosphere-tracking-id=0&X-Atmosphere-Framework=2.2.3-javascript&X-Atmosphere-Transport=long-polling&X-Atmosphere-TrackMessageSize=true&Content-Type=charset%3Dutf-8&X-atmo-protocol=true&_=1731465293267 HTTP/1.1" 200 -
119.136.155.14 - - [13/Nov/2024:10:31:43 +0800] "POST /InternetTrading/SessionErrorLogger HTTP/1.1" 200 117
119.136.155.14 - - [13/Nov/2024:10:31:43 +0800] "POST /InternetTrading/Heartbeat HTTP/1.1" 200 32
119.136.155.14 - - [13/Nov/2024:10:31:43 +0800] "POST /InternetTrading/SessionErrorLogger HTTP/1.1" 200 117
119.136.155.14 - - [13/Nov/2024:10:31:43 +0800] "POST /InternetTrading/MarketStatus HTTP/1.1" 200 772
182.239.92.222 - - [13/Nov/2024:10:31:44 +0800] "POST /InternetTrading/SessionErrorLogger HTTP/1.1" 200 117
182.239.92.222 - - [13/Nov/2024:10:31:44 +0800] "POST /InternetTrading/Heartbeat HTTP/1.1" 200 32
116.48.94.58 - - [13/Nov/2024:10:31:45 +0800] "GET /InternetTrading/longpoll/55136?X-Atmosphere-tracking-id=0&X-Atmosphere-Framework=2.2.3-javascript&X-Atmosphere-Transport=long-polling&X-Atmosphere-TrackMessageSize=true&Content-Type=charset%3Dutf-8&X-atmo-protocol=true&_=1731465297189 HTTP/1.1" 200 -
116.48.94.58 - - [13/Nov/2024:10:31:45 +0800] "GET /InternetTrading/longpoll/13363?X-Atmosphere-tracking-id=0&X-Atmosphere-Framework=2.2.3-javascript&X-Atmosphere-Transport=long-polling&X-Atmosphere-TrackMessageSize=true&Content-Type=charset%3Dutf-8&X-atmo-protocol=true&_=1731465297204 HTTP/1.1" 200 -
119.136.155.14 - - [13/Nov/2024:10:31:45 +0800] "GET /InternetTrading/longpoll/52832?X-Atmosphere-tracking-id=0&X-Atmosphere-Framework=2.2.3-javascript&X-Atmosphere-Transport=long-polling&X-Atmosphere-TrackMessageSize=true&Content-Type=charset%3Dutf-8&X-atmo-protocol=true&_=1731465346634 HTTP/1.1" 200 -
182.239.92.222 - - [13/Nov/2024:10:31:46 +0800] "GET /InternetTrading/longpoll/A8127?X-Atmosphere-tracking-id=0&X-Atmosphere-Framework=2.2.3-javascript&X-Atmosphere-Transport=long-polling&X-Atmosphere-TrackMessageSize=true&Content-Type=charset%3Dutf-8&X-atmo-protocol=true&_=1731465298418 HTTP/1.1" 200 -
65.181.90.29 - - [13/Nov/2024:10:31:46 +0800] "GET /InternetTrading/longpoll/56035?X-Atmosphere-tracking-id=0&X-Atmosphere-Framework=2.2.3-javascript&X-Atmosphere-Transport=long-polling&X-Atmosphere-TrackMessageSize=true&Content-Type=charset%3Dutf-8&X-atmo-protocol=true&_=1731465296117 HTTP/1.1" 200 -
116.48.94.58 - - [13/Nov/2024:10:31:50 +0800] "GET /InternetTrading/longpoll/55136?X-Atmosphere-tracking-id=0&X-Atmosphere-Framework=2.2.3-javascript&X-Atmosphere-Transport=long-polling&X-Atmosphere-TrackMessageSize=true&Content-Type=charset%3Dutf-8&X-atmo-protocol=true&_=1731465302233 HTTP/1.1" 200 -
116.48.94.58 - - [13/Nov/2024:10:31:50 +0800] "GET /InternetTrading/longpoll/13363?X-Atmosphere-tracking-id=0&X-Atmosphere-Framework=2.2.3-javascript&X-Atmosphere-Transport=long-polling&X-Atmosphere-TrackMessageSize=true&Content-Type=charset%3Dutf-8&X-atmo-protocol=true&_=1731465302311 HTTP/1.1" 200 -
119.136.155.14 - - [13/Nov/2024:10:31:50 +0800] "GET /InternetTrading/longpoll/52832?X-Atmosphere-tracking-id=0&X-Atmosphere-Framework=2.2.3-javascript&X-Atmosphere-Transport=long-polling&X-Atmosphere-TrackMessageSize=true&Content-Type=charset%3Dutf-8&X-atmo-protocol=true&_=1731465351661 HTTP/1.1" 200 -
182.239.92.222 - - [13/Nov/2024:10:31:51 +0800] "GET /InternetTrading/longpoll/A8127?X-Atmosphere-tracking-id=0&X-Atmosphere-Framework=2.2.3-javascript&X-Atmosphere-Transport=long-polling&X-Atmosphere-TrackMessageSize=true&Content-Type=charset%3Dutf-8&X-atmo-protocol=true&_=1731465303534 HTTP/1.1" 200 -
116.48.94.58 - - [13/Nov/2024:10:31:52 +0800] "POST /InternetTrading/SessionErrorLogger HTTP/1.1" 200 117
116.48.94.58 - - [13/Nov/2024:10:31:52 +0800] "POST /InternetTrading/Heartbeat HTTP/1.1" 200 32
116.48.94.58 - - [13/Nov/2024:10:31:52 +0800] "POST /InternetTrading/SessionErrorLogger HTTP/1.1" 200 117
116.48.94.58 - - [13/Nov/2024:10:31:52 +0800] "POST /InternetTrading/MarketStatus HTTP/1.1" 200 772
65.181.90.29 - - [13/Nov/2024:10:31:52 +0800] "GET /InternetTrading/longpoll/56035?X-Atmosphere-tracking-id=0&X-Atmosphere-Framework=2.2.3-javascript&X-Atmosphere-Transport=long-polling&X-Atmosphere-TrackMessageSize=true&Content-Type=charset%3Dutf-8&X-atmo-protocol=true&_=1731465302125 HTTP/1.1" 200 -
182.239.92.222 - - [13/Nov/2024:10:31:53 +0800] "POST /InternetTrading/SessionErrorLogger HTTP/1.1" 200 117
182.239.92.222 - - [13/Nov/2024:10:31:53 +0800] "POST /InternetTrading/MarketStatus HTTP/1.1" 200 772
116.48.94.58 - - [13/Nov/2024:10:31:55 +0800] "GET /InternetTrading/longpoll/13363?X-Atmosphere-tracking-id=0&X-Atmosphere-Framework=2.2.3-javascript&X-Atmosphere-Transport=long-polling&X-Atmosphere-TrackMessageSize=true&Content-Type=charset%3Dutf-8&X-atmo-protocol=true&_=1731465307361 HTTP/1.1" 200 -
116.48.94.58 - - [13/Nov/2024:10:31:55 +0800] "GET /InternetTrading/longpoll/55136?X-Atmosphere-tracking-id=0&X-Atmosphere-Framework=2.2.3-javascript&X-Atmosphere-Transport=long-polling&X-Atmosphere-TrackMessageSize=true&Content-Type=charset%3Dutf-8&X-atmo-protocol=true&_=1731465307331 HTTP/1.1" 200 -
119.136.155.14 - - [13/Nov/2024:10:31:55 +0800] "GET /InternetTrading/longpoll/52832?X-Atmosphere-tracking-id=0&X-Atmosphere-Framework=2.2.3-javascript&X-Atmosphere-Transport=long-polling&X-Atmosphere-TrackMessageSize=true&Content-Type=charset%3Dutf-8&X-atmo-protocol=true&_=1731465356717 HTTP/1.1" 200 -
182.239.92.222 - - [13/Nov/2024:10:31:56 +0800] "GET /InternetTrading/longpoll/A8127?X-Atmosphere-tracking-id=0&X-Atmosphere-Framework=2.2.3-javascript&X-Atmosphere-Transport=long-polling&X-Atmosphere-TrackMessageSize=true&Content-Type=charset%3Dutf-8&X-atmo-protocol=true&_=1731465308673 HTTP/1.1" 200 -
116.48.94.58 - - [13/Nov/2024:10:31:58 +0800] "POST /InternetTrading/SessionErrorLogger HTTP/1.1" 200 117
65.181.90.29 - - [13/Nov/2024:10:31:58 +0800] "GET /InternetTrading/longpoll/56035?X-Atmosphere-tracking-id=0&X-Atmosphere-Framework=2.2.3-javascript&X-Atmosphere-Transport=long-polling&X-Atmosphere-TrackMessageSize=true&Content-Type=charset%3Dutf-8&X-atmo-protocol=true&_=1731465308120 HTTP/1.1" 200 -
116.48.94.58 - - [13/Nov/2024:10:31:58 +0800] "POST /InternetTrading/Heartbeat HTTP/1.1" 200 32
116.48.94.58 - - [13/Nov/2024:10:31:58 +0800] "POST /InternetTrading/SessionErrorLogger HTTP/1.1" 200 117
116.48.94.58 - - [13/Nov/2024:10:31:58 +0800] "POST /InternetTrading/MarketStatus HTTP/1.1" 200 772
116.48.94.58 - - [13/Nov/2024:10:32:00 +0800] "GET /InternetTrading/longpoll/13363?X-Atmosphere-tracking-id=0&X-Atmosphere-Framework=2.2.3-javascript&X-Atmosphere-Transport=long-polling&X-Atmosphere-TrackMessageSize=true&Content-Type=charset%3Dutf-8&X-atmo-protocol=true&_=1731465312414 HTTP/1.1" 200 -
116.48.94.58 - - [13/Nov/2024:10:32:01 +0800] "GET /InternetTrading/longpoll/55136?X-Atmosphere-tracking-id=0&X-Atmosphere-Framework=2.2.3-javascript&X-Atmosphere-Transport=long-polling&X-Atmosphere-TrackMessageSize=true&Content-Type=charset%3Dutf-8&X-atmo-protocol=true&_=1731465312445 HTTP/1.1" 200 -
119.136.155.14 - - [13/Nov/2024:10:32:01 +0800] "GET /InternetTrading/longpoll/52832?X-Atmosphere-tracking-id=0&X-Atmosphere-Framework=2.2.3-javascript&X-Atmosphere-Transport=long-polling&X-Atmosphere-TrackMessageSize=true&Content-Type=charset%3Dutf-8&X-atmo-protocol=true&_=1731465361737 HTTP/1.1" 200 -
182.239.92.222 - - [13/Nov/2024:10:32:01 +0800] "GET /InternetTrading/longpoll/A8127?X-Atmosphere-tracking-id=0&X-Atmosphere-Framework=2.2.3-javascript&X-Atmosphere-Transport=long-polling&X-Atmosphere-TrackMessageSize=true&Content-Type=charset%3Dutf-8&X-atmo-protocol=true&_=1731465313785 HTTP/1.1" 200 -
65.181.90.29 - - [13/Nov/2024:10:32:04 +0800] "GET /InternetTrading/longpoll/56035?X-Atmosphere-tracking-id=0&X-Atmosphere-Framework=2.2.3-javascript&X-Atmosphere-Transport=long-polling&X-Atmosphere-TrackMessageSize=true&Content-Type=charset%3Dutf-8&X-atmo-protocol=true&_=1731465314117 HTTP/1.1" 200 -
119.136.155.14 - - [13/Nov/2024:10:32:06 +0800] "GET /InternetTrading/longpoll/52832?X-Atmosphere-tracking-id=0&X-Atmosphere-Framework=2.2.3-javascript&X-Atmosphere-Transport=long-polling&X-Atmosphere-TrackMessageSize=true&Content-Type=charset%3Dutf-8&X-atmo-protocol=true&_=1731465366808 HTTP/1.1" 200 -
116.48.94.58 - - [13/Nov/2024:10:32:06 +0800] "GET /InternetTrading/longpoll/55136?X-Atmosphere-tracking-id=0&X-Atmosphere-Framework=2.2.3-javascript&X-Atmosphere-Transport=long-polling&X-Atmosphere-TrackMessageSize=true&Content-Type=charset%3Dutf-8&X-atmo-protocol=true&_=1731465317466 HTTP/1.1" 200 -
116.48.94.58 - - [13/Nov/2024:10:32:06 +0800] "GET /InternetTrading/longpoll/13363?X-Atmosphere-tracking-id=0&X-Atmosphere-Framework=2.2.3-javascript&X-Atmosphere-Transport=long-polling&X-Atmosphere-TrackMessageSize=true&Content-Type=charset%3Dutf-8&X-atmo-protocol=true&_=1731465317451 HTTP/1.1" 200 -
182.239.92.222 - - [13/Nov/2024:10:32:06 +0800] "GET /InternetTrading/longpoll/A8127?X-Atmosphere-tracking-id=0&X-Atmosphere-Framework=2.2.3-javascript&X-Atmosphere-Transport=long-polling&X-Atmosphere-TrackMessageSize=true&Content-Type=charset%3Dutf-8&X-atmo-protocol=true&_=1731465319000 HTTP/1.1" 200 -
65.181.90.29 - - [13/Nov/2024:10:32:10 +0800] "GET /InternetTrading/longpoll/56035?X-Atmosphere-tracking-id=0&X-Atmosphere-Framework=2.2.3-javascript&X-Atmosphere-Transport=long-polling&X-Atmosphere-TrackMessageSize=true&Content-Type=charset%3Dutf-8&X-atmo-protocol=true&_=1731465320128 HTTP/1.1" 200 -
119.136.155.14 - - [13/Nov/2024:10:32:11 +0800] "GET /InternetTrading/longpoll/52832?X-Atmosphere-tracking-id=0&X-Atmosphere-Framework=2.2.3-javascript&X-Atmosphere-Transport=long-polling&X-Atmosphere-TrackMessageSize=true&Content-Type=charset%3Dutf-8&X-atmo-protocol=true&_=1731465371871 HTTP/1.1" 200 -
116.48.94.58 - - [13/Nov/2024:10:32:11 +0800] "GET /InternetTrading/longpoll/55136?X-Atmosphere-tracking-id=0&X-Atmosphere-Framework=2.2.3-javascript&X-Atmosphere-Transport=long-polling&X-Atmosphere-TrackMessageSize=true&Content-Type=charset%3Dutf-8&X-atmo-protocol=true&_=1731465322791 HTTP/1.1" 200 -
116.48.94.58 - - [13/Nov/2024:10:32:11 +0800] "GET /InternetTrading/longpoll/13363?X-Atmosphere-tracking-id=0&X-Atmosphere-Framework=2.2.3-javascript&X-Atmosphere-Transport=long-polling&X-Atmosphere-TrackMessageSize=true&Content-Type=charset%3Dutf-8&X-atmo-protocol=true&_=1731465322901 HTTP/1.1" 200 -
182.239.92.222 - - [13/Nov/2024:10:32:11 +0800] "GET /InternetTrading/longpoll/A8127?X-Atmosphere-tracking-id=0&X-Atmosphere-Framework=2.2.3-javascript&X-Atmosphere-Transport=long-polling&X-Atmosphere-TrackMessageSize=true&Content-Type=charset%3Dutf-8&X-atmo-protocol=true&_=1731465324216 HTTP/1.1" 200 -
119.136.155.14 - - [13/Nov/2024:10:32:13 +0800] "POST /InternetTrading/SessionErrorLogger HTTP/1.1" 200 117
119.136.155.14 - - [13/Nov/2024:10:32:13 +0800] "POST /InternetTrading/Heartbeat HTTP/1.1" 200 32
119.136.155.14 - - [13/Nov/2024:10:32:13 +0800] "POST /InternetTrading/SessionErrorLogger HTTP/1.1" 200 117
119.136.155.14 - - [13/Nov/2024:10:32:13 +0800] "POST /InternetTrading/MarketStatus HTTP/1.1" 200 772
182.239.92.222 - - [13/Nov/2024:10:32:15 +0800] "POST /InternetTrading/SessionErrorLogger HTTP/1.1" 200 117
182.239.92.222 - - [13/Nov/2024:10:32:15 +0800] "POST /InternetTrading/Heartbeat HTTP/1.1" 200 32
119.136.155.14 - - [13/Nov/2024:10:32:16 +0800] "GET /InternetTrading/longpoll/52832?X-Atmosphere-tracking-id=0&X-Atmosphere-Framework=2.2.3-javascript&X-Atmosphere-Transport=long-polling&X-Atmosphere-TrackMessageSize=true&Content-Type=charset%3Dutf-8&X-atmo-protocol=true&_=1731465376927 HTTP/1.1" 200 -
65.181.90.29 - - [13/Nov/2024:10:32:16 +0800] "GET /InternetTrading/longpoll/56035?X-Atmosphere-tracking-id=0&X-Atmosphere-Framework=2.2.3-javascript&X-Atmosphere-Transport=long-polling&X-Atmosphere-TrackMessageSize=true&Content-Type=charset%3Dutf-8&X-atmo-protocol=true&_=1731465326121 HTTP/1.1" 200 -
116.48.94.58 - - [13/Nov/2024:10:32:16 +0800] "GET /InternetTrading/longpoll/55136?X-Atmosphere-tracking-id=0&X-Atmosphere-Framework=2.2.3-javascript&X-Atmosphere-Transport=long-polling&X-Atmosphere-TrackMessageSize=true&Content-Type=charset%3Dutf-8&X-atmo-protocol=true&_=1731465327980 HTTP/1.1" 200 -
116.48.94.58 - - [13/Nov/2024:10:32:16 +0800] "GET /InternetTrading/longpoll/13363?X-Atmosphere-tracking-id=0&X-Atmosphere-Framework=2.2.3-javascript&X-Atmosphere-Transport=long-polling&X-Atmosphere-TrackMessageSize=true&Content-Type=charset%3Dutf-8&X-atmo-protocol=true&_=1731465328045 HTTP/1.1" 200 -
182.239.92.222 - - [13/Nov/2024:10:32:17 +0800] "GET /InternetTrading/longpoll/A8127?X-Atmosphere-tracking-id=0&X-Atmosphere-Framework=2.2.3-javascript&X-Atmosphere-Transport=long-polling&X-Atmosphere-TrackMessageSize=true&Content-Type=charset%3Dutf-8&X-atmo-protocol=true&_=1731465329424 HTTP/1.1" 200 -
119.136.155.14 - - [13/Nov/2024:10:32:21 +0800] "GET /InternetTrading/longpoll/52832?X-Atmosphere-tracking-id=0&X-Atmosphere-Framework=2.2.3-javascript&X-Atmosphere-Transport=long-polling&X-Atmosphere-TrackMessageSize=true&Content-Type=charset%3Dutf-8&X-atmo-protocol=true&_=1731465381961 HTTP/1.1" 200 -
116.48.94.58 - - [13/Nov/2024:10:32:22 +0800] "GET /InternetTrading/longpoll/55136?X-Atmosphere-tracking-id=0&X-Atmosphere-Framework=2.2.3-javascript&X-Atmosphere-Transport=long-polling&X-Atmosphere-TrackMessageSize=true&Content-Type=charset%3Dutf-8&X-atmo-protocol=true&_=1731465333049 HTTP/1.1" 200 -
116.48.94.58 - - [13/Nov/2024:10:32:22 +0800] "GET /InternetTrading/longpoll/13363?X-Atmosphere-tracking-id=0&X-Atmosphere-Framework=2.2.3-javascript&X-Atmosphere-Transport=long-polling&X-Atmosphere-TrackMessageSize=true&Content-Type=charset%3Dutf-8&X-atmo-protocol=true&_=1731465333080 HTTP/1.1" 200 -
182.239.92.222 - - [13/Nov/2024:10:32:22 +0800] "GET /InternetTrading/longpoll/A8127?X-Atmosphere-tracking-id=0&X-Atmosphere-Framework=2.2.3-javascript&X-Atmosphere-Transport=long-polling&X-Atmosphere-TrackMessageSize=true&Content-Type=charset%3Dutf-8&X-atmo-protocol=true&_=1731465334485 HTTP/1.1" 200 -
116.48.94.58 - - [13/Nov/2024:10:32:22 +0800] "POST /InternetTrading/SessionErrorLogger HTTP/1.1" 200 117
65.181.90.29 - - [13/Nov/2024:10:32:22 +0800] "GET /InternetTrading/longpoll/56035?X-Atmosphere-tracking-id=0&X-Atmosphere-Framework=2.2.3-javascript&X-Atmosphere-Transport=long-polling&X-Atmosphere-TrackMessageSize=true&Content-Type=charset%3Dutf-8&X-atmo-protocol=true&_=1731465332122 HTTP/1.1" 200 -
116.48.94.58 - - [13/Nov/2024:10:32:22 +0800] "POST /InternetTrading/Heartbeat HTTP/1.1" 200 32
116.48.94.58 - - [13/Nov/2024:10:32:22 +0800] "POST /InternetTrading/SessionErrorLogger HTTP/1.1" 200 117
116.48.94.58 - - [13/Nov/2024:10:32:22 +0800] "POST /InternetTrading/MarketStatus HTTP/1.1" 200 772
182.239.92.222 - - [13/Nov/2024:10:32:23 +0800] "POST /InternetTrading/SessionErrorLogger HTTP/1.1" 200 117
182.239.92.222 - - [13/Nov/2024:10:32:23 +0800] "POST /InternetTrading/MarketStatus HTTP/1.1" 200 772
182.239.92.222 - - [13/Nov/2024:10:32:25 +0800] "GET /InternetTrading/tc/images/refresh.gif HTTP/1.1" 200 1145
182.239.92.222 - - [13/Nov/2024:10:32:26 +0800] "POST /InternetTrading/SessionErrorLogger HTTP/1.1" 200 117
182.239.92.222 - - [13/Nov/2024:10:32:26 +0800] "POST /InternetTrading/Portfolio HTTP/1.1" 200 1859
182.239.92.222 - - [13/Nov/2024:10:32:26 +0800] "GET /InternetTrading/jquery/wait.gif HTTP/1.1" 200 432
182.239.92.222 - - [13/Nov/2024:10:32:26 +0800] "GET /InternetTrading/tc/images/refresh.gif HTTP/1.1" 200 1145
119.136.155.14 - - [13/Nov/2024:10:32:26 +0800] "GET /InternetTrading/longpoll/52832?X-Atmosphere-tracking-id=0&X-Atmosphere-Framework=2.2.3-javascript&X-Atmosphere-Transport=long-polling&X-Atmosphere-TrackMessageSize=true&Content-Type=charset%3Dutf-8&X-atmo-protocol=true&_=1731465387032 HTTP/1.1" 200 -
182.239.92.222 - - [13/Nov/2024:10:32:27 +0800] "GET /InternetTrading/longpoll/A8127?X-Atmosphere-tracking-id=0&X-Atmosphere-Framework=2.2.3-javascript&X-Atmosphere-Transport=long-polling&X-Atmosphere-TrackMessageSize=true&Content-Type=charset%3Dutf-8&X-atmo-protocol=true&_=1731465339634 HTTP/1.1" 200 -
182.239.92.222 - - [13/Nov/2024:10:32:27 +0800] "GET /InternetTrading/jquery/wait.gif HTTP/1.1" 200 432
182.239.92.222 - - [13/Nov/2024:10:32:27 +0800] "POST /InternetTrading/SessionErrorLogger HTTP/1.1" 200 117
182.239.92.222 - - [13/Nov/2024:10:32:27 +0800] "POST /InternetTrading/Portfolio HTTP/1.1" 200 1858
182.239.92.222 - - [13/Nov/2024:10:32:27 +0800] "GET /InternetTrading/tc/images/refresh.gif HTTP/1.1" 200 1145
116.48.94.58 - - [13/Nov/2024:10:32:27 +0800] "GET /InternetTrading/longpoll/13363?X-Atmosphere-tracking-id=0&X-Atmosphere-Framework=2.2.3-javascript&X-Atmosphere-Transport=long-polling&X-Atmosphere-TrackMessageSize=true&Content-Type=charset%3Dutf-8&X-atmo-protocol=true&_=1731465339073 HTTP/1.1" 200 -
182.239.92.222 - - [13/Nov/2024:10:32:27 +0800] "GET /InternetTrading/jquery/wait.gif HTTP/1.1" 200 432
182.239.92.222 - - [13/Nov/2024:10:32:27 +0800] "POST /InternetTrading/SessionErrorLogger HTTP/1.1" 200 117
182.239.92.222 - - [13/Nov/2024:10:32:27 +0800] "POST /InternetTrading/Portfolio HTTP/1.1" 200 1859
182.239.92.222 - - [13/Nov/2024:10:32:28 +0800] "GET /InternetTrading/tc/images/refresh.gif HTTP/1.1" 200 1145
65.181.90.29 - - [13/Nov/2024:10:32:28 +0800] "GET /InternetTrading/longpoll/56035?X-Atmosphere-tracking-id=0&X-Atmosphere-Framework=2.2.3-javascript&X-Atmosphere-Transport=long-polling&X-Atmosphere-TrackMessageSize=true&Content-Type=charset%3Dutf-8&X-atmo-protocol=true&_=1731465338120 HTTP/1.1" 200 -
65.181.90.29 - - [13/Nov/2024:10:32:30 +0800] "POST /InternetTrading/SessionErrorLogger HTTP/1.1" 200 117
65.181.90.29 - - [13/Nov/2024:10:32:30 +0800] "POST /InternetTrading/MarketStatus HTTP/1.1" 200 772
65.181.90.29 - - [13/Nov/2024:10:32:30 +0800] "POST /InternetTrading/SessionErrorLogger HTTP/1.1" 200 117
65.181.90.29 - - [13/Nov/2024:10:32:30 +0800] "POST /InternetTrading/Heartbeat HTTP/1.1" 200 32
119.136.155.14 - - [13/Nov/2024:10:32:31 +0800] "GET /InternetTrading/longpoll/52832?X-Atmosphere-tracking-id=0&X-Atmosphere-Framework=2.2.3-javascript&X-Atmosphere-Transport=long-polling&X-Atmosphere-TrackMessageSize=true&Content-Type=charset%3Dutf-8&X-atmo-protocol=true&_=1731465392104 HTTP/1.1" 200 -
182.239.92.222 - - [13/Nov/2024:10:32:32 +0800] "GET /InternetTrading/longpoll/A8127?X-Atmosphere-tracking-id=0&X-Atmosphere-Framework=2.2.3-javascript&X-Atmosphere-Transport=long-polling&X-Atmosphere-TrackMessageSize=true&Content-Type=charset%3Dutf-8&X-atmo-protocol=true&_=1731465344699 HTTP/1.1" 200 -
116.48.94.58 - - [13/Nov/2024:10:32:32 +0800] "GET /InternetTrading/longpoll/13363?X-Atmosphere-tracking-id=0&X-Atmosphere-Framework=2.2.3-javascript&X-Atmosphere-Transport=long-polling&X-Atmosphere-TrackMessageSize=true&Content-Type=charset%3Dutf-8&X-atmo-protocol=true&_=1731465344095 HTTP/1.1" 200 -
65.181.90.29 - - [13/Nov/2024:10:32:34 +0800] "GET /InternetTrading/longpoll/56035?X-Atmosphere-tracking-id=0&X-Atmosphere-Framework=2.2.3-javascript&X-Atmosphere-Transport=long-polling&X-Atmosphere-TrackMessageSize=true&Content-Type=charset%3Dutf-8&X-atmo-protocol=true&_=1731465344127 HTTP/1.1" 200 -
182.239.92.222 - - [13/Nov/2024:10:32:35 +0800] "GET /InternetTrading/jquery/wait.gif HTTP/1.1" 200 432
182.239.92.222 - - [13/Nov/2024:10:32:35 +0800] "POST /InternetTrading/SessionErrorLogger HTTP/1.1" 200 117
182.239.92.222 - - [13/Nov/2024:10:32:35 +0800] "POST /InternetTrading/Orderbook HTTP/1.1" 200 1743
182.239.92.222 - - [13/Nov/2024:10:32:37 +0800] "GET /InternetTrading/longpoll/A8127?X-Atmosphere-tracking-id=0&X-Atmosphere-Framework=2.2.3-javascript&X-Atmosphere-Transport=long-polling&X-Atmosphere-TrackMessageSize=true&Content-Type=charset%3Dutf-8&X-atmo-protocol=true&_=1731465349794 HTTP/1.1" 200 -
116.48.94.58 - - [13/Nov/2024:10:32:37 +0800] "GET /InternetTrading/longpoll/13363?X-Atmosphere-tracking-id=0&X-Atmosphere-Framework=2.2.3-javascript&X-Atmosphere-Transport=long-polling&X-Atmosphere-TrackMessageSize=true&Content-Type=charset%3Dutf-8&X-atmo-protocol=true&_=1731465349120 HTTP/1.1" 200 -
65.181.90.29 - - [13/Nov/2024:10:32:40 +0800] "GET /InternetTrading/longpoll/56035?X-Atmosphere-tracking-id=0&X-Atmosphere-Framework=2.2.3-javascript&X-Atmosphere-Transport=long-polling&X-Atmosphere-TrackMessageSize=true&Content-Type=charset%3Dutf-8&X-atmo-protocol=true&_=1731465350127 HTTP/1.1" 200 -
119.136.155.14 - - [13/Nov/2024:10:32:40 +0800] "GET /InternetTrading/longpoll/52832?X-Atmosphere-tracking-id=0&X-Atmosphere-Framework=2.2.3-javascript&X-Atmosphere-Transport=long-polling&X-Atmosphere-TrackMessageSize=true&Content-Type=charset%3Dutf-8&X-atmo-protocol=true&_=1731465397131 HTTP/1.1" 200 -
182.239.92.222 - - [13/Nov/2024:10:32:42 +0800] "GET /InternetTrading/longpoll/A8127?X-Atmosphere-tracking-id=0&X-Atmosphere-Framework=2.2.3-javascript&X-Atmosphere-Transport=long-polling&X-Atmosphere-TrackMessageSize=true&Content-Type=charset%3Dutf-8&X-atmo-protocol=true&_=1731465354900 HTTP/1.1" 200 -
116.48.94.58 - - [13/Nov/2024:10:32:42 +0800] "GET /InternetTrading/longpoll/13363?X-Atmosphere-tracking-id=0&X-Atmosphere-Framework=2.2.3-javascript&X-Atmosphere-Transport=long-polling&X-Atmosphere-TrackMessageSize=true&Content-Type=charset%3Dutf-8&X-atmo-protocol=true&_=1731465354151 HTTP/1.1" 200 -
119.136.155.14 - - [13/Nov/2024:10:32:43 +0800] "POST /InternetTrading/SessionErrorLogger HTTP/1.1" 200 117
119.136.155.14 - - [13/Nov/2024:10:32:43 +0800] "POST /InternetTrading/Heartbeat HTTP/1.1" 200 32
119.136.155.14 - - [13/Nov/2024:10:32:43 +0800] "POST /InternetTrading/SessionErrorLogger HTTP/1.1" 200 117
119.136.155.14 - - [13/Nov/2024:10:32:44 +0800] "POST /InternetTrading/MarketStatus HTTP/1.1" 200 772
182.239.92.222 - - [13/Nov/2024:10:32:45 +0800] "POST /InternetTrading/SessionErrorLogger HTTP/1.1" 200 117
182.239.92.222 - - [13/Nov/2024:10:32:45 +0800] "POST /InternetTrading/Heartbeat HTTP/1.1" 200 32
119.136.155.14 - - [13/Nov/2024:10:32:45 +0800] "GET /InternetTrading/longpoll/52832?X-Atmosphere-tracking-id=0&X-Atmosphere-Framework=2.2.3-javascript&X-Atmosphere-Transport=long-polling&X-Atmosphere-TrackMessageSize=true&Content-Type=charset%3Dutf-8&X-atmo-protocol=true&_=1731465406490 HTTP/1.1" 200 -
65.181.90.29 - - [13/Nov/2024:10:32:46 +0800] "GET /InternetTrading/longpoll/56035?X-Atmosphere-tracking-id=0&X-Atmosphere-Framework=2.2.3-javascript&X-Atmosphere-Transport=long-polling&X-Atmosphere-TrackMessageSize=true&Content-Type=charset%3Dutf-8&X-atmo-protocol=true&_=1731465356133 HTTP/1.1" 200 -
182.239.92.222 - - [13/Nov/2024:10:32:47 +0800] "GET /InternetTrading/longpoll/A8127?X-Atmosphere-tracking-id=0&X-Atmosphere-Framework=2.2.3-javascript&X-Atmosphere-Transport=long-polling&X-Atmosphere-TrackMessageSize=true&Content-Type=charset%3Dutf-8&X-atmo-protocol=true&_=1731465359981 HTTP/1.1" 200 -
116.48.94.58 - - [13/Nov/2024:10:32:47 +0800] "GET /InternetTrading/longpoll/13363?X-Atmosphere-tracking-id=0&X-Atmosphere-Framework=2.2.3-javascript&X-Atmosphere-Transport=long-polling&X-Atmosphere-TrackMessageSize=true&Content-Type=charset%3Dutf-8&X-atmo-protocol=true&_=1731465359193 HTTP/1.1" 200 -
