119.136.155.14 - - [13/Nov/2024:09:38:10 +0800] "GET /InternetTrading/longpoll/52832?X-Atmosphere-tracking-id=0&X-Atmosphere-Framework=2.2.3-javascript&X-Atmosphere-Transport=long-polling&X-Atmosphere-TrackMessageSize=true&Content-Type=charset%3Dutf-8&X-atmo-protocol=true&_=1731462130830 HTTP/1.1" 200 -
182.239.92.222 - - [13/Nov/2024:09:38:12 +0800] "POST /InternetTrading/SessionErrorLogger HTTP/1.1" 200 117
182.239.92.222 - - [13/Nov/2024:09:38:12 +0800] "POST /InternetTrading/Heartbeat HTTP/1.1" 200 32
182.239.92.222 - - [13/Nov/2024:09:38:12 +0800] "POST /InternetTrading/SessionErrorLogger HTTP/1.1" 200 117
182.239.92.222 - - [13/Nov/2024:09:38:12 +0800] "POST /InternetTrading/MarketStatus HTTP/1.1" 200 772
222.125.200.60 - - [13/Nov/2024:09:38:12 +0800] "GET /InternetTrading/longpoll/52091?X-Atmosphere-tracking-id=0&X-Atmosphere-Framework=2.2.3-javascript&X-Atmosphere-Transport=long-polling&X-Atmosphere-TrackMessageSize=true&Content-Type=charset%3Dutf-8&X-atmo-protocol=true&_=1731462082698 HTTP/1.1" 200 -
182.239.92.222 - - [13/Nov/2024:09:38:12 +0800] "GET /InternetTrading/longpoll/A8127?X-Atmosphere-tracking-id=0&X-Atmosphere-Framework=2.2.3-javascript&X-Atmosphere-Transport=long-polling&X-Atmosphere-TrackMessageSize=true&Content-Type=charset%3Dutf-8&X-atmo-protocol=true&_=1731462085146 HTTP/1.1" 200 -
119.136.155.14 - - [13/Nov/2024:09:38:13 +0800] "POST /InternetTrading/SessionErrorLogger HTTP/1.1" 200 117
65.181.90.29 - - [13/Nov/2024:09:38:13 +0800] "GET /InternetTrading/longpoll/56035?X-Atmosphere-tracking-id=0&X-Atmosphere-Framework=2.2.3-javascript&X-Atmosphere-Transport=long-polling&X-Atmosphere-TrackMessageSize=true&Content-Type=charset%3Dutf-8&X-atmo-protocol=true&_=1731462083119 HTTP/1.1" 200 -
119.136.155.14 - - [13/Nov/2024:09:38:13 +0800] "POST /InternetTrading/Heartbeat HTTP/1.1" 200 32
119.136.155.14 - - [13/Nov/2024:09:38:13 +0800] "POST /InternetTrading/SessionErrorLogger HTTP/1.1" 200 117
119.136.155.14 - - [13/Nov/2024:09:38:13 +0800] "POST /InternetTrading/MarketStatus HTTP/1.1" 200 772
119.136.155.14 - - [13/Nov/2024:09:38:15 +0800] "GET /InternetTrading/longpoll/52832?X-Atmosphere-tracking-id=0&X-Atmosphere-Framework=2.2.3-javascript&X-Atmosphere-Transport=long-polling&X-Atmosphere-TrackMessageSize=true&Content-Type=charset%3Dutf-8&X-atmo-protocol=true&_=1731462135894 HTTP/1.1" 200 -
222.125.200.60 - - [13/Nov/2024:09:38:17 +0800] "GET /InternetTrading/longpoll/52091?X-Atmosphere-tracking-id=0&X-Atmosphere-Framework=2.2.3-javascript&X-Atmosphere-Transport=long-polling&X-Atmosphere-TrackMessageSize=true&Content-Type=charset%3Dutf-8&X-atmo-protocol=true&_=1731462087739 HTTP/1.1" 200 -
182.239.92.222 - - [13/Nov/2024:09:38:17 +0800] "GET /InternetTrading/longpoll/A8127?X-Atmosphere-tracking-id=0&X-Atmosphere-Framework=2.2.3-javascript&X-Atmosphere-Transport=long-polling&X-Atmosphere-TrackMessageSize=true&Content-Type=charset%3Dutf-8&X-atmo-protocol=true&_=1731462090228 HTTP/1.1" 200 -
222.125.200.60 - - [13/Nov/2024:09:38:18 +0800] "POST /InternetTrading/SessionErrorLogger HTTP/1.1" 200 117
222.125.200.60 - - [13/Nov/2024:09:38:18 +0800] "POST /InternetTrading/Heartbeat HTTP/1.1" 200 32
222.125.200.60 - - [13/Nov/2024:09:38:18 +0800] "POST /InternetTrading/SessionErrorLogger HTTP/1.1" 200 117
222.125.200.60 - - [13/Nov/2024:09:38:18 +0800] "POST /InternetTrading/MarketStatus HTTP/1.1" 200 772
65.181.90.29 - - [13/Nov/2024:09:38:19 +0800] "GET /InternetTrading/longpoll/56035?X-Atmosphere-tracking-id=0&X-Atmosphere-Framework=2.2.3-javascript&X-Atmosphere-Transport=long-polling&X-Atmosphere-TrackMessageSize=true&Content-Type=charset%3Dutf-8&X-atmo-protocol=true&_=1731462089128 HTTP/1.1" 200 -
119.136.155.14 - - [13/Nov/2024:09:38:21 +0800] "GET /InternetTrading/longpoll/52832?X-Atmosphere-tracking-id=0&X-Atmosphere-Framework=2.2.3-javascript&X-Atmosphere-Transport=long-polling&X-Atmosphere-TrackMessageSize=true&Content-Type=charset%3Dutf-8&X-atmo-protocol=true&_=1731462140919 HTTP/1.1" 200 -
222.125.200.60 - - [13/Nov/2024:09:38:22 +0800] "GET /InternetTrading/longpoll/52091?X-Atmosphere-tracking-id=0&X-Atmosphere-Framework=2.2.3-javascript&X-Atmosphere-Transport=long-polling&X-Atmosphere-TrackMessageSize=true&Content-Type=charset%3Dutf-8&X-atmo-protocol=true&_=1731462092835 HTTP/1.1" 200 -
182.239.92.222 - - [13/Nov/2024:09:38:23 +0800] "GET /InternetTrading/longpoll/A8127?X-Atmosphere-tracking-id=0&X-Atmosphere-Framework=2.2.3-javascript&X-Atmosphere-Transport=long-polling&X-Atmosphere-TrackMessageSize=true&Content-Type=charset%3Dutf-8&X-atmo-protocol=true&_=1731462095438 HTTP/1.1" 200 -
65.181.90.29 - - [13/Nov/2024:09:38:25 +0800] "GET /InternetTrading/longpoll/56035?X-Atmosphere-tracking-id=0&X-Atmosphere-Framework=2.2.3-javascript&X-Atmosphere-Transport=long-polling&X-Atmosphere-TrackMessageSize=true&Content-Type=charset%3Dutf-8&X-atmo-protocol=true&_=1731462095128 HTTP/1.1" 200 -
119.136.155.14 - - [13/Nov/2024:09:38:26 +0800] "GET /InternetTrading/longpoll/52832?X-Atmosphere-tracking-id=0&X-Atmosphere-Framework=2.2.3-javascript&X-Atmosphere-Transport=long-polling&X-Atmosphere-TrackMessageSize=true&Content-Type=charset%3Dutf-8&X-atmo-protocol=true&_=1731462147500 HTTP/1.1" 200 -
110.81.56.95 - - [13/Nov/2024:09:38:27 +0800] "GET /InternetTrading/tc/login.html HTTP/1.1" 200 1755
222.125.200.60 - - [13/Nov/2024:09:38:27 +0800] "GET /InternetTrading/longpoll/52091?X-Atmosphere-tracking-id=0&X-Atmosphere-Framework=2.2.3-javascript&X-Atmosphere-Transport=long-polling&X-Atmosphere-TrackMessageSize=true&Content-Type=charset%3Dutf-8&X-atmo-protocol=true&_=1731462097868 HTTP/1.1" 200 -
182.239.92.222 - - [13/Nov/2024:09:38:28 +0800] "GET /InternetTrading/longpoll/A8127?X-Atmosphere-tracking-id=0&X-Atmosphere-Framework=2.2.3-javascript&X-Atmosphere-Transport=long-polling&X-Atmosphere-TrackMessageSize=true&Content-Type=charset%3Dutf-8&X-atmo-protocol=true&_=1731462100605 HTTP/1.1" 200 -
65.181.90.29 - - [13/Nov/2024:09:38:30 +0800] "POST /InternetTrading/SessionErrorLogger HTTP/1.1" 200 117
65.181.90.29 - - [13/Nov/2024:09:38:30 +0800] "POST /InternetTrading/MarketStatus HTTP/1.1" 200 772
65.181.90.29 - - [13/Nov/2024:09:38:30 +0800] "POST /InternetTrading/SessionErrorLogger HTTP/1.1" 200 117
65.181.90.29 - - [13/Nov/2024:09:38:30 +0800] "POST /InternetTrading/Heartbeat HTTP/1.1" 200 32
65.181.90.29 - - [13/Nov/2024:09:38:31 +0800] "GET /InternetTrading/longpoll/56035?X-Atmosphere-tracking-id=0&X-Atmosphere-Framework=2.2.3-javascript&X-Atmosphere-Transport=long-polling&X-Atmosphere-TrackMessageSize=true&Content-Type=charset%3Dutf-8&X-atmo-protocol=true&_=1731462101147 HTTP/1.1" 200 -
110.81.56.95 - - [13/Nov/2024:09:38:31 +0800] "GET /InternetTrading/tc/style_common.css?v=20200819161914 HTTP/1.1" 200 2540
110.81.56.95 - - [13/Nov/2024:09:38:31 +0800] "GET /InternetTrading/tc/style.css?v=20200819161914 HTTP/1.1" 200 1435
110.81.56.95 - - [13/Nov/2024:09:38:31 +0800] "GET /InternetTrading/jquery/jquery-migrate-3.0.0.js HTTP/1.1" 200 4963
110.81.56.95 - - [13/Nov/2024:09:38:31 +0800] "GET /InternetTrading/jquery/jquery-3.3.1.js HTTP/1.1" 200 80650
110.81.56.95 - - [13/Nov/2024:09:38:31 +0800] "GET /InternetTrading/jquery/jquery.validate-1.11.1.js HTTP/1.1" 200 7041
110.81.56.95 - - [13/Nov/2024:09:38:31 +0800] "GET /InternetTrading/jquery/jquery.form-3.46.0.js HTTP/1.1" 200 5673
110.81.56.95 - - [13/Nov/2024:09:38:31 +0800] "GET /InternetTrading/jquery/additional-methods.js HTTP/1.1" 200 2238
110.81.56.95 - - [13/Nov/2024:09:38:31 +0800] "GET /InternetTrading/jquery/jquery.blockUI-2.66.0.js HTTP/1.1" 200 6651
110.81.56.95 - - [13/Nov/2024:09:38:31 +0800] "GET /InternetTrading/jquery/jquery.timer-0.9.16.js HTTP/1.1" 200 542
110.81.56.95 - - [13/Nov/2024:09:38:31 +0800] "GET /InternetTrading/tc/user/translation.js?jsv=20200819161914 HTTP/1.1" 200 12818
110.81.56.95 - - [13/Nov/2024:09:38:31 +0800] "GET /InternetTrading/jquery/jquery.getParams.js HTTP/1.1" 200 587
110.81.56.95 - - [13/Nov/2024:09:38:31 +0800] "GET /InternetTrading/jquery/jquery-ui-personalized-1.6rc2.min.js HTTP/1.1" 200 55543
110.81.56.95 - - [13/Nov/2024:09:38:31 +0800] "GET /InternetTrading/js/constants.js?jsv=20200819161914 HTTP/1.1" 200 400
110.81.56.95 - - [13/Nov/2024:09:38:31 +0800] "GET /InternetTrading/js/haitong.js?jsv=20200819161914 HTTP/1.1" 200 3881
110.81.56.95 - - [13/Nov/2024:09:38:31 +0800] "GET /InternetTrading/js/util.js?jsv=20200819161914 HTTP/1.1" 200 6636
110.81.56.95 - - [13/Nov/2024:09:38:31 +0800] "GET /InternetTrading/js/login.js?jsv=20200819161914 HTTP/1.1" 200 1684
110.81.56.95 - - [13/Nov/2024:09:38:31 +0800] "GET /InternetTrading/js/rsautil.js?jsv=20200819161914 HTTP/1.1" 200 1017
110.81.56.95 - - [13/Nov/2024:09:38:31 +0800] "GET /InternetTrading/js/init.js?jsv=20200819161914 HTTP/1.1" 200 886
110.81.56.95 - - [13/Nov/2024:09:38:32 +0800] "GET /InternetTrading/js/version.js?jsv=20200819161914 HTTP/1.1" 200 85
110.81.56.95 - - [13/Nov/2024:09:38:32 +0800] "GET /InternetTrading/js/string_extend.js?jsv=20200819161914 HTTP/1.1" 200 272
110.81.56.95 - - [13/Nov/2024:09:38:32 +0800] "GET /InternetTrading/js/pidcrypt_util.js?jsv=20200819161914 HTTP/1.1" 200 1206
110.81.56.95 - - [13/Nov/2024:09:38:32 +0800] "GET /InternetTrading/js/pidcrypt.js?jsv=20200819161914 HTTP/1.1" 200 982
110.81.56.95 - - [13/Nov/2024:09:38:32 +0800] "GET /InternetTrading/tc/user/custom_variables.js?jsv=20200819161914 HTTP/1.1" 200 275
110.81.56.95 - - [13/Nov/2024:09:38:32 +0800] "GET /InternetTrading/js/aes_cbc.js?jsv=20200819161914 HTTP/1.1" 200 2043
110.81.56.95 - - [13/Nov/2024:09:38:32 +0800] "GET /InternetTrading/js/aes_core.js?jsv=20200819161914 HTTP/1.1" 200 2106
110.81.56.95 - - [13/Nov/2024:09:38:32 +0800] "GET /InternetTrading/js/md5.js?jsv=20200819161914 HTTP/1.1" 200 1730
110.81.56.95 - - [13/Nov/2024:09:38:32 +0800] "GET /InternetTrading/js/asn1.js?jsv=20200819161914 HTTP/1.1" 200 3099
110.81.56.95 - - [13/Nov/2024:09:38:32 +0800] "GET /InternetTrading/js/prng4.js?jsv=20200819161914 HTTP/1.1" 200 303
110.81.56.95 - - [13/Nov/2024:09:38:32 +0800] "GET /InternetTrading/js/jsbn.js?jsv=20200819161914 HTTP/1.1" 200 6736
110.81.56.95 - - [13/Nov/2024:09:38:32 +0800] "GET /InternetTrading/js/sha256.js?jsv=20200819161914 HTTP/1.1" 200 1362
110.81.56.95 - - [13/Nov/2024:09:38:32 +0800] "GET /InternetTrading/js/rng.js?jsv=20200819161914 HTTP/1.1" 200 481
110.81.56.95 - - [13/Nov/2024:09:38:32 +0800] "GET /InternetTrading/tc/images/bg_login.jpg HTTP/1.1" 200 29296
119.136.155.14 - - [13/Nov/2024:09:38:32 +0800] "GET /InternetTrading/longpoll/52832?X-Atmosphere-tracking-id=0&X-Atmosphere-Framework=2.2.3-javascript&X-Atmosphere-Transport=long-polling&X-Atmosphere-TrackMessageSize=true&Content-Type=charset%3Dutf-8&X-atmo-protocol=true&_=1731462152551 HTTP/1.1" 200 -
110.81.56.95 - - [13/Nov/2024:09:38:32 +0800] "GET /InternetTrading/js/rsa.js?jsv=20200819161914 HTTP/1.1" 200 1658
222.125.200.60 - - [13/Nov/2024:09:38:32 +0800] "GET /InternetTrading/longpoll/52091?X-Atmosphere-tracking-id=0&X-Atmosphere-Framework=2.2.3-javascript&X-Atmosphere-Transport=long-polling&X-Atmosphere-TrackMessageSize=true&Content-Type=charset%3Dutf-8&X-atmo-protocol=true&_=1731462102946 HTTP/1.1" 200 -
182.239.92.222 - - [13/Nov/2024:09:38:33 +0800] "GET /InternetTrading/longpoll/A8127?X-Atmosphere-tracking-id=0&X-Atmosphere-Framework=2.2.3-javascript&X-Atmosphere-Transport=long-polling&X-Atmosphere-TrackMessageSize=true&Content-Type=charset%3Dutf-8&X-atmo-protocol=true&_=1731462105819 HTTP/1.1" 200 -
119.136.155.14 - - [13/Nov/2024:09:38:37 +0800] "GET /InternetTrading/longpoll/52832?X-Atmosphere-tracking-id=0&X-Atmosphere-Framework=2.2.3-javascript&X-Atmosphere-Transport=long-polling&X-Atmosphere-TrackMessageSize=true&Content-Type=charset%3Dutf-8&X-atmo-protocol=true&_=1731462157857 HTTP/1.1" 200 -
65.181.90.29 - - [13/Nov/2024:09:38:37 +0800] "GET /InternetTrading/longpoll/56035?X-Atmosphere-tracking-id=0&X-Atmosphere-Framework=2.2.3-javascript&X-Atmosphere-Transport=long-polling&X-Atmosphere-TrackMessageSize=true&Content-Type=charset%3Dutf-8&X-atmo-protocol=true&_=1731462107117 HTTP/1.1" 200 -
222.125.200.60 - - [13/Nov/2024:09:38:37 +0800] "GET /InternetTrading/longpoll/52091?X-Atmosphere-tracking-id=0&X-Atmosphere-Framework=2.2.3-javascript&X-Atmosphere-Transport=long-polling&X-Atmosphere-TrackMessageSize=true&Content-Type=charset%3Dutf-8&X-atmo-protocol=true&_=1731462108042 HTTP/1.1" 200 -
110.81.56.95 - - [13/Nov/2024:09:38:38 +0800] "GET /InternetTrading/tc/dialog.html?1731462105154 HTTP/1.1" 200 3188
110.81.56.95 - - [13/Nov/2024:09:38:38 +0800] "POST /InternetTrading/SystemMaintenanceCheck HTTP/1.1" 200 119
110.81.56.95 - - [13/Nov/2024:09:38:38 +0800] "GET /InternetTrading/tc/images/favicon.ico HTTP/1.1" 404 682
182.239.92.222 - - [13/Nov/2024:09:38:38 +0800] "GET /InternetTrading/longpoll/A8127?X-Atmosphere-tracking-id=0&X-Atmosphere-Framework=2.2.3-javascript&X-Atmosphere-Transport=long-polling&X-Atmosphere-TrackMessageSize=true&Content-Type=charset%3Dutf-8&X-atmo-protocol=true&_=1731462110958 HTTP/1.1" 200 -
182.239.92.222 - - [13/Nov/2024:09:38:42 +0800] "POST /InternetTrading/SessionErrorLogger HTTP/1.1" 200 117
182.239.92.222 - - [13/Nov/2024:09:38:42 +0800] "POST /InternetTrading/Heartbeat HTTP/1.1" 200 32
119.136.155.14 - - [13/Nov/2024:09:38:42 +0800] "GET /InternetTrading/longpoll/52832?X-Atmosphere-tracking-id=0&X-Atmosphere-Framework=2.2.3-javascript&X-Atmosphere-Transport=long-polling&X-Atmosphere-TrackMessageSize=true&Content-Type=charset%3Dutf-8&X-atmo-protocol=true&_=1731462162926 HTTP/1.1" 200 -
182.239.92.222 - - [13/Nov/2024:09:38:42 +0800] "POST /InternetTrading/SessionErrorLogger HTTP/1.1" 200 117
182.239.92.222 - - [13/Nov/2024:09:38:42 +0800] "POST /InternetTrading/MarketStatus HTTP/1.1" 200 772
222.125.200.60 - - [13/Nov/2024:09:38:42 +0800] "GET /InternetTrading/longpoll/52091?X-Atmosphere-tracking-id=0&X-Atmosphere-Framework=2.2.3-javascript&X-Atmosphere-Transport=long-polling&X-Atmosphere-TrackMessageSize=true&Content-Type=charset%3Dutf-8&X-atmo-protocol=true&_=1731462113131 HTTP/1.1" 200 -
182.239.92.222 - - [13/Nov/2024:09:38:43 +0800] "GET /InternetTrading/longpoll/A8127?X-Atmosphere-tracking-id=0&X-Atmosphere-Framework=2.2.3-javascript&X-Atmosphere-Transport=long-polling&X-Atmosphere-TrackMessageSize=true&Content-Type=charset%3Dutf-8&X-atmo-protocol=true&_=1731462116081 HTTP/1.1" 200 -
119.136.155.14 - - [13/Nov/2024:09:38:43 +0800] "POST /InternetTrading/SessionErrorLogger HTTP/1.1" 200 117
65.181.90.29 - - [13/Nov/2024:09:38:43 +0800] "GET /InternetTrading/longpoll/56035?X-Atmosphere-tracking-id=0&X-Atmosphere-Framework=2.2.3-javascript&X-Atmosphere-Transport=long-polling&X-Atmosphere-TrackMessageSize=true&Content-Type=charset%3Dutf-8&X-atmo-protocol=true&_=1731462113120 HTTP/1.1" 200 -
119.136.155.14 - - [13/Nov/2024:09:38:43 +0800] "POST /InternetTrading/Heartbeat HTTP/1.1" 200 32
119.136.155.14 - - [13/Nov/2024:09:38:43 +0800] "POST /InternetTrading/SessionErrorLogger HTTP/1.1" 200 117
119.136.155.14 - - [13/Nov/2024:09:38:43 +0800] "POST /InternetTrading/MarketStatus HTTP/1.1" 200 772
119.136.155.14 - - [13/Nov/2024:09:38:47 +0800] "GET /InternetTrading/longpoll/52832?X-Atmosphere-tracking-id=0&X-Atmosphere-Framework=2.2.3-javascript&X-Atmosphere-Transport=long-polling&X-Atmosphere-TrackMessageSize=true&Content-Type=charset%3Dutf-8&X-atmo-protocol=true&_=1731462168032 HTTP/1.1" 200 -
222.125.200.60 - - [13/Nov/2024:09:38:48 +0800] "GET /InternetTrading/longpoll/52091?X-Atmosphere-tracking-id=0&X-Atmosphere-Framework=2.2.3-javascript&X-Atmosphere-Transport=long-polling&X-Atmosphere-TrackMessageSize=true&Content-Type=charset%3Dutf-8&X-atmo-protocol=true&_=1731462118233 HTTP/1.1" 200 -
222.125.200.60 - - [13/Nov/2024:09:38:48 +0800] "POST /InternetTrading/SessionErrorLogger HTTP/1.1" 200 117
222.125.200.60 - - [13/Nov/2024:09:38:48 +0800] "POST /InternetTrading/Heartbeat HTTP/1.1" 200 32
182.239.92.222 - - [13/Nov/2024:09:38:48 +0800] "GET /InternetTrading/longpoll/A8127?X-Atmosphere-tracking-id=0&X-Atmosphere-Framework=2.2.3-javascript&X-Atmosphere-Transport=long-polling&X-Atmosphere-TrackMessageSize=true&Content-Type=charset%3Dutf-8&X-atmo-protocol=true&_=1731462121150 HTTP/1.1" 200 -
222.125.200.60 - - [13/Nov/2024:09:38:48 +0800] "POST /InternetTrading/SessionErrorLogger HTTP/1.1" 200 117
222.125.200.60 - - [13/Nov/2024:09:38:48 +0800] "POST /InternetTrading/MarketStatus HTTP/1.1" 200 772
65.181.90.29 - - [13/Nov/2024:09:38:49 +0800] "GET /InternetTrading/longpoll/56035?X-Atmosphere-tracking-id=0&X-Atmosphere-Framework=2.2.3-javascript&X-Atmosphere-Transport=long-polling&X-Atmosphere-TrackMessageSize=true&Content-Type=charset%3Dutf-8&X-atmo-protocol=true&_=1731462119124 HTTP/1.1" 200 -
119.136.155.14 - - [13/Nov/2024:09:38:52 +0800] "GET /InternetTrading/longpoll/52832?X-Atmosphere-tracking-id=0&X-Atmosphere-Framework=2.2.3-javascript&X-Atmosphere-Transport=long-polling&X-Atmosphere-TrackMessageSize=true&Content-Type=charset%3Dutf-8&X-atmo-protocol=true&_=1731462173057 HTTP/1.1" 200 -
222.125.200.60 - - [13/Nov/2024:09:38:53 +0800] "GET /InternetTrading/longpoll/52091?X-Atmosphere-tracking-id=0&X-Atmosphere-Framework=2.2.3-javascript&X-Atmosphere-Transport=long-polling&X-Atmosphere-TrackMessageSize=true&Content-Type=charset%3Dutf-8&X-atmo-protocol=true&_=1731462123331 HTTP/1.1" 200 -
182.239.92.222 - - [13/Nov/2024:09:38:53 +0800] "GET /InternetTrading/longpoll/A8127?X-Atmosphere-tracking-id=0&X-Atmosphere-Framework=2.2.3-javascript&X-Atmosphere-Transport=long-polling&X-Atmosphere-TrackMessageSize=true&Content-Type=charset%3Dutf-8&X-atmo-protocol=true&_=1731462126312 HTTP/1.1" 200 -
65.181.90.29 - - [13/Nov/2024:09:38:55 +0800] "GET /InternetTrading/longpoll/56035?X-Atmosphere-tracking-id=0&X-Atmosphere-Framework=2.2.3-javascript&X-Atmosphere-Transport=long-polling&X-Atmosphere-TrackMessageSize=true&Content-Type=charset%3Dutf-8&X-atmo-protocol=true&_=1731462125127 HTTP/1.1" 200 -
119.136.155.14 - - [13/Nov/2024:09:38:57 +0800] "GET /InternetTrading/longpoll/52832?X-Atmosphere-tracking-id=0&X-Atmosphere-Framework=2.2.3-javascript&X-Atmosphere-Transport=long-polling&X-Atmosphere-TrackMessageSize=true&Content-Type=charset%3Dutf-8&X-atmo-protocol=true&_=1731462178090 HTTP/1.1" 200 -
222.125.200.60 - - [13/Nov/2024:09:38:58 +0800] "GET /InternetTrading/longpoll/52091?X-Atmosphere-tracking-id=0&X-Atmosphere-Framework=2.2.3-javascript&X-Atmosphere-Transport=long-polling&X-Atmosphere-TrackMessageSize=true&Content-Type=charset%3Dutf-8&X-atmo-protocol=true&_=1731462128376 HTTP/1.1" 200 -
182.239.92.222 - - [13/Nov/2024:09:38:59 +0800] "GET /InternetTrading/longpoll/A8127?X-Atmosphere-tracking-id=0&X-Atmosphere-Framework=2.2.3-javascript&X-Atmosphere-Transport=long-polling&X-Atmosphere-TrackMessageSize=true&Content-Type=charset%3Dutf-8&X-atmo-protocol=true&_=1731462131521 HTTP/1.1" 200 -
65.181.90.29 - - [13/Nov/2024:09:39:01 +0800] "GET /InternetTrading/longpoll/56035?X-Atmosphere-tracking-id=0&X-Atmosphere-Framework=2.2.3-javascript&X-Atmosphere-Transport=long-polling&X-Atmosphere-TrackMessageSize=true&Content-Type=charset%3Dutf-8&X-atmo-protocol=true&_=1731462131120 HTTP/1.1" 200 -
119.136.155.14 - - [13/Nov/2024:09:39:02 +0800] "GET /InternetTrading/longpoll/52832?X-Atmosphere-tracking-id=0&X-Atmosphere-Framework=2.2.3-javascript&X-Atmosphere-Transport=long-polling&X-Atmosphere-TrackMessageSize=true&Content-Type=charset%3Dutf-8&X-atmo-protocol=true&_=1731462183157 HTTP/1.1" 200 -
222.125.200.60 - - [13/Nov/2024:09:39:03 +0800] "GET /InternetTrading/longpoll/52091?X-Atmosphere-tracking-id=0&X-Atmosphere-Framework=2.2.3-javascript&X-Atmosphere-Transport=long-polling&X-Atmosphere-TrackMessageSize=true&Content-Type=charset%3Dutf-8&X-atmo-protocol=true&_=1731462133452 HTTP/1.1" 200 -
182.239.92.222 - - [13/Nov/2024:09:39:04 +0800] "GET /InternetTrading/longpoll/A8127?X-Atmosphere-tracking-id=0&X-Atmosphere-Framework=2.2.3-javascript&X-Atmosphere-Transport=long-polling&X-Atmosphere-TrackMessageSize=true&Content-Type=charset%3Dutf-8&X-atmo-protocol=true&_=1731462136655 HTTP/1.1" 200 -
65.181.90.29 - - [13/Nov/2024:09:39:07 +0800] "GET /InternetTrading/longpoll/56035?X-Atmosphere-tracking-id=0&X-Atmosphere-Framework=2.2.3-javascript&X-Atmosphere-Transport=long-polling&X-Atmosphere-TrackMessageSize=true&Content-Type=charset%3Dutf-8&X-atmo-protocol=true&_=1731462137128 HTTP/1.1" 200 -
119.136.155.14 - - [13/Nov/2024:09:39:07 +0800] "GET /InternetTrading/longpoll/52832?X-Atmosphere-tracking-id=0&X-Atmosphere-Framework=2.2.3-javascript&X-Atmosphere-Transport=long-polling&X-Atmosphere-TrackMessageSize=true&Content-Type=charset%3Dutf-8&X-atmo-protocol=true&_=1731462188217 HTTP/1.1" 200 -
222.125.200.60 - - [13/Nov/2024:09:39:08 +0800] "GET /InternetTrading/longpoll/52091?X-Atmosphere-tracking-id=0&X-Atmosphere-Framework=2.2.3-javascript&X-Atmosphere-Transport=long-polling&X-Atmosphere-TrackMessageSize=true&Content-Type=charset%3Dutf-8&X-atmo-protocol=true&_=1731462138578 HTTP/1.1" 200 -
182.239.92.222 - - [13/Nov/2024:09:39:09 +0800] "GET /InternetTrading/longpoll/A8127?X-Atmosphere-tracking-id=0&X-Atmosphere-Framework=2.2.3-javascript&X-Atmosphere-Transport=long-polling&X-Atmosphere-TrackMessageSize=true&Content-Type=charset%3Dutf-8&X-atmo-protocol=true&_=1731462141849 HTTP/1.1" 200 -
182.239.92.222 - - [13/Nov/2024:09:39:12 +0800] "POST /InternetTrading/SessionErrorLogger HTTP/1.1" 200 117
182.239.92.222 - - [13/Nov/2024:09:39:12 +0800] "POST /InternetTrading/Heartbeat HTTP/1.1" 200 32
182.239.92.222 - - [13/Nov/2024:09:39:12 +0800] "POST /InternetTrading/SessionErrorLogger HTTP/1.1" 200 117
182.239.92.222 - - [13/Nov/2024:09:39:12 +0800] "POST /InternetTrading/MarketStatus HTTP/1.1" 200 772
119.136.155.14 - - [13/Nov/2024:09:39:12 +0800] "GET /InternetTrading/longpoll/52832?X-Atmosphere-tracking-id=0&X-Atmosphere-Framework=2.2.3-javascript&X-Atmosphere-Transport=long-polling&X-Atmosphere-TrackMessageSize=true&Content-Type=charset%3Dutf-8&X-atmo-protocol=true&_=1731462193529 HTTP/1.1" 200 -
222.125.200.60 - - [13/Nov/2024:09:39:13 +0800] "GET /InternetTrading/longpoll/52091?X-Atmosphere-tracking-id=0&X-Atmosphere-Framework=2.2.3-javascript&X-Atmosphere-Transport=long-polling&X-Atmosphere-TrackMessageSize=true&Content-Type=charset%3Dutf-8&X-atmo-protocol=true&_=1731462143646 HTTP/1.1" 200 -
65.181.90.29 - - [13/Nov/2024:09:39:13 +0800] "GET /InternetTrading/longpoll/56035?X-Atmosphere-tracking-id=0&X-Atmosphere-Framework=2.2.3-javascript&X-Atmosphere-Transport=long-polling&X-Atmosphere-TrackMessageSize=true&Content-Type=charset%3Dutf-8&X-atmo-protocol=true&_=1731462143116 HTTP/1.1" 200 -
119.136.155.14 - - [13/Nov/2024:09:39:13 +0800] "POST /InternetTrading/SessionErrorLogger HTTP/1.1" 200 117
119.136.155.14 - - [13/Nov/2024:09:39:13 +0800] "POST /InternetTrading/Heartbeat HTTP/1.1" 200 32
119.136.155.14 - - [13/Nov/2024:09:39:13 +0800] "POST /InternetTrading/SessionErrorLogger HTTP/1.1" 200 117
119.136.155.14 - - [13/Nov/2024:09:39:13 +0800] "POST /InternetTrading/MarketStatus HTTP/1.1" 200 772
182.239.92.222 - - [13/Nov/2024:09:39:14 +0800] "GET /InternetTrading/longpoll/A8127?X-Atmosphere-tracking-id=0&X-Atmosphere-Framework=2.2.3-javascript&X-Atmosphere-Transport=long-polling&X-Atmosphere-TrackMessageSize=true&Content-Type=charset%3Dutf-8&X-atmo-protocol=true&_=1731462147048 HTTP/1.1" 200 -
119.136.155.14 - - [13/Nov/2024:09:39:18 +0800] "GET /InternetTrading/longpoll/52832?X-Atmosphere-tracking-id=0&X-Atmosphere-Framework=2.2.3-javascript&X-Atmosphere-Transport=long-polling&X-Atmosphere-TrackMessageSize=true&Content-Type=charset%3Dutf-8&X-atmo-protocol=true&_=1731462198579 HTTP/1.1" 200 -
222.125.200.60 - - [13/Nov/2024:09:39:18 +0800] "POST /InternetTrading/SessionErrorLogger HTTP/1.1" 200 117
222.125.200.60 - - [13/Nov/2024:09:39:18 +0800] "POST /InternetTrading/Heartbeat HTTP/1.1" 200 32
222.125.200.60 - - [13/Nov/2024:09:39:18 +0800] "GET /InternetTrading/longpoll/52091?X-Atmosphere-tracking-id=0&X-Atmosphere-Framework=2.2.3-javascript&X-Atmosphere-Transport=long-polling&X-Atmosphere-TrackMessageSize=true&Content-Type=charset%3Dutf-8&X-atmo-protocol=true&_=1731462148726 HTTP/1.1" 200 -
222.125.200.60 - - [13/Nov/2024:09:39:18 +0800] "POST /InternetTrading/SessionErrorLogger HTTP/1.1" 200 117
222.125.200.60 - - [13/Nov/2024:09:39:18 +0800] "POST /InternetTrading/MarketStatus HTTP/1.1" 200 772
182.239.92.222 - - [13/Nov/2024:09:39:19 +0800] "GET /InternetTrading/longpoll/A8127?X-Atmosphere-tracking-id=0&X-Atmosphere-Framework=2.2.3-javascript&X-Atmosphere-Transport=long-polling&X-Atmosphere-TrackMessageSize=true&Content-Type=charset%3Dutf-8&X-atmo-protocol=true&_=1731462152129 HTTP/1.1" 200 -
65.181.90.29 - - [13/Nov/2024:09:39:20 +0800] "GET /InternetTrading/longpoll/56035?X-Atmosphere-tracking-id=0&X-Atmosphere-Framework=2.2.3-javascript&X-Atmosphere-Transport=long-polling&X-Atmosphere-TrackMessageSize=true&Content-Type=charset%3Dutf-8&X-atmo-protocol=true&_=1731462150127 HTTP/1.1" 200 -
119.136.155.14 - - [13/Nov/2024:09:39:23 +0800] "GET /InternetTrading/longpoll/52832?X-Atmosphere-tracking-id=0&X-Atmosphere-Framework=2.2.3-javascript&X-Atmosphere-Transport=long-polling&X-Atmosphere-TrackMessageSize=true&Content-Type=charset%3Dutf-8&X-atmo-protocol=true&_=1731462203852 HTTP/1.1" 200 -
222.125.200.60 - - [13/Nov/2024:09:39:23 +0800] "GET /InternetTrading/longpoll/52091?X-Atmosphere-tracking-id=0&X-Atmosphere-Framework=2.2.3-javascript&X-Atmosphere-Transport=long-polling&X-Atmosphere-TrackMessageSize=true&Content-Type=charset%3Dutf-8&X-atmo-protocol=true&_=1731462153764 HTTP/1.1" 200 -
182.239.92.222 - - [13/Nov/2024:09:39:24 +0800] "GET /InternetTrading/longpoll/A8127?X-Atmosphere-tracking-id=0&X-Atmosphere-Framework=2.2.3-javascript&X-Atmosphere-Transport=long-polling&X-Atmosphere-TrackMessageSize=true&Content-Type=charset%3Dutf-8&X-atmo-protocol=true&_=1731462157186 HTTP/1.1" 200 -
65.181.90.29 - - [13/Nov/2024:09:39:26 +0800] "GET /InternetTrading/longpoll/56035?X-Atmosphere-tracking-id=0&X-Atmosphere-Framework=2.2.3-javascript&X-Atmosphere-Transport=long-polling&X-Atmosphere-TrackMessageSize=true&Content-Type=charset%3Dutf-8&X-atmo-protocol=true&_=1731462156120 HTTP/1.1" 200 -
119.136.155.14 - - [13/Nov/2024:09:39:28 +0800] "GET /InternetTrading/longpoll/52832?X-Atmosphere-tracking-id=0&X-Atmosphere-Framework=2.2.3-javascript&X-Atmosphere-Transport=long-polling&X-Atmosphere-TrackMessageSize=true&Content-Type=charset%3Dutf-8&X-atmo-protocol=true&_=1731462208897 HTTP/1.1" 200 -
222.125.200.60 - - [13/Nov/2024:09:39:28 +0800] "GET /InternetTrading/longpoll/52091?X-Atmosphere-tracking-id=0&X-Atmosphere-Framework=2.2.3-javascript&X-Atmosphere-Transport=long-polling&X-Atmosphere-TrackMessageSize=true&Content-Type=charset%3Dutf-8&X-atmo-protocol=true&_=1731462158829 HTTP/1.1" 200 -
182.239.92.222 - - [13/Nov/2024:09:39:29 +0800] "GET /InternetTrading/longpoll/A8127?X-Atmosphere-tracking-id=0&X-Atmosphere-Framework=2.2.3-javascript&X-Atmosphere-Transport=long-polling&X-Atmosphere-TrackMessageSize=true&Content-Type=charset%3Dutf-8&X-atmo-protocol=true&_=1731462162338 HTTP/1.1" 200 -
65.181.90.29 - - [13/Nov/2024:09:39:30 +0800] "POST /InternetTrading/SessionErrorLogger HTTP/1.1" 200 117
65.181.90.29 - - [13/Nov/2024:09:39:30 +0800] "POST /InternetTrading/MarketStatus HTTP/1.1" 200 772
65.181.90.29 - - [13/Nov/2024:09:39:30 +0800] "POST /InternetTrading/SessionErrorLogger HTTP/1.1" 200 117
65.181.90.29 - - [13/Nov/2024:09:39:30 +0800] "POST /InternetTrading/Heartbeat HTTP/1.1" 200 32
65.181.90.29 - - [13/Nov/2024:09:39:32 +0800] "GET /InternetTrading/longpoll/56035?X-Atmosphere-tracking-id=0&X-Atmosphere-Framework=2.2.3-javascript&X-Atmosphere-Transport=long-polling&X-Atmosphere-TrackMessageSize=true&Content-Type=charset%3Dutf-8&X-atmo-protocol=true&_=1731462162122 HTTP/1.1" 200 -
119.136.155.14 - - [13/Nov/2024:09:39:33 +0800] "GET /InternetTrading/longpoll/52832?X-Atmosphere-tracking-id=0&X-Atmosphere-Framework=2.2.3-javascript&X-Atmosphere-Transport=long-polling&X-Atmosphere-TrackMessageSize=true&Content-Type=charset%3Dutf-8&X-atmo-protocol=true&_=1731462213917 HTTP/1.1" 200 -
222.125.200.60 - - [13/Nov/2024:09:39:33 +0800] "GET /InternetTrading/longpoll/52091?X-Atmosphere-tracking-id=0&X-Atmosphere-Framework=2.2.3-javascript&X-Atmosphere-Transport=long-polling&X-Atmosphere-TrackMessageSize=true&Content-Type=charset%3Dutf-8&X-atmo-protocol=true&_=1731462163912 HTTP/1.1" 200 -
182.239.92.222 - - [13/Nov/2024:09:39:35 +0800] "GET /InternetTrading/longpoll/A8127?X-Atmosphere-tracking-id=0&X-Atmosphere-Framework=2.2.3-javascript&X-Atmosphere-Transport=long-polling&X-Atmosphere-TrackMessageSize=true&Content-Type=charset%3Dutf-8&X-atmo-protocol=true&_=1731462167458 HTTP/1.1" 200 -
119.136.155.14 - - [13/Nov/2024:09:39:38 +0800] "GET /InternetTrading/longpoll/52832?X-Atmosphere-tracking-id=0&X-Atmosphere-Framework=2.2.3-javascript&X-Atmosphere-Transport=long-polling&X-Atmosphere-TrackMessageSize=true&Content-Type=charset%3Dutf-8&X-atmo-protocol=true&_=1731462218945 HTTP/1.1" 200 -
110.81.56.95 - - [13/Nov/2024:09:39:38 +0800] "-" 408 -
65.181.90.29 - - [13/Nov/2024:09:39:38 +0800] "GET /InternetTrading/longpoll/56035?X-Atmosphere-tracking-id=0&X-Atmosphere-Framework=2.2.3-javascript&X-Atmosphere-Transport=long-polling&X-Atmosphere-TrackMessageSize=true&Content-Type=charset%3Dutf-8&X-atmo-protocol=true&_=1731462168129 HTTP/1.1" 200 -
222.125.200.60 - - [13/Nov/2024:09:39:38 +0800] "GET /InternetTrading/longpoll/52091?X-Atmosphere-tracking-id=0&X-Atmosphere-Framework=2.2.3-javascript&X-Atmosphere-Transport=long-polling&X-Atmosphere-TrackMessageSize=true&Content-Type=charset%3Dutf-8&X-atmo-protocol=true&_=1731462169003 HTTP/1.1" 200 -
182.239.92.222 - - [13/Nov/2024:09:39:40 +0800] "GET /InternetTrading/longpoll/A8127?X-Atmosphere-tracking-id=0&X-Atmosphere-Framework=2.2.3-javascript&X-Atmosphere-Transport=long-polling&X-Atmosphere-TrackMessageSize=true&Content-Type=charset%3Dutf-8&X-atmo-protocol=true&_=1731462172606 HTTP/1.1" 200 -
182.239.92.222 - - [13/Nov/2024:09:39:42 +0800] "POST /InternetTrading/SessionErrorLogger HTTP/1.1" 200 117
182.239.92.222 - - [13/Nov/2024:09:39:42 +0800] "POST /InternetTrading/Heartbeat HTTP/1.1" 200 32
182.239.92.222 - - [13/Nov/2024:09:39:42 +0800] "POST /InternetTrading/SessionErrorLogger HTTP/1.1" 200 117
182.239.92.222 - - [13/Nov/2024:09:39:42 +0800] "POST /InternetTrading/MarketStatus HTTP/1.1" 200 772
119.136.155.14 - - [13/Nov/2024:09:39:43 +0800] "GET /InternetTrading/longpoll/52832?X-Atmosphere-tracking-id=0&X-Atmosphere-Framework=2.2.3-javascript&X-Atmosphere-Transport=long-polling&X-Atmosphere-TrackMessageSize=true&Content-Type=charset%3Dutf-8&X-atmo-protocol=true&_=1731462223998 HTTP/1.1" 200 -
119.136.155.14 - - [13/Nov/2024:09:39:43 +0800] "POST /InternetTrading/SessionErrorLogger HTTP/1.1" 200 117
119.136.155.14 - - [13/Nov/2024:09:39:43 +0800] "POST /InternetTrading/Heartbeat HTTP/1.1" 200 32
119.136.155.14 - - [13/Nov/2024:09:39:43 +0800] "POST /InternetTrading/SessionErrorLogger HTTP/1.1" 200 117
119.136.155.14 - - [13/Nov/2024:09:39:43 +0800] "POST /InternetTrading/MarketStatus HTTP/1.1" 200 772
222.125.200.60 - - [13/Nov/2024:09:39:43 +0800] "GET /InternetTrading/longpoll/52091?X-Atmosphere-tracking-id=0&X-Atmosphere-Framework=2.2.3-javascript&X-Atmosphere-Transport=long-polling&X-Atmosphere-TrackMessageSize=true&Content-Type=charset%3Dutf-8&X-atmo-protocol=true&_=1731462174102 HTTP/1.1" 200 -
65.181.90.29 - - [13/Nov/2024:09:39:44 +0800] "GET /InternetTrading/longpoll/56035?X-Atmosphere-tracking-id=0&X-Atmosphere-Framework=2.2.3-javascript&X-Atmosphere-Transport=long-polling&X-Atmosphere-TrackMessageSize=true&Content-Type=charset%3Dutf-8&X-atmo-protocol=true&_=1731462174124 HTTP/1.1" 200 -
182.239.92.222 - - [13/Nov/2024:09:39:45 +0800] "GET /InternetTrading/longpoll/A8127?X-Atmosphere-tracking-id=0&X-Atmosphere-Framework=2.2.3-javascript&X-Atmosphere-Transport=long-polling&X-Atmosphere-TrackMessageSize=true&Content-Type=charset%3Dutf-8&X-atmo-protocol=true&_=1731462177748 HTTP/1.1" 200 -
222.125.200.60 - - [13/Nov/2024:09:39:48 +0800] "POST /InternetTrading/SessionErrorLogger HTTP/1.1" 200 117
222.125.200.60 - - [13/Nov/2024:09:39:48 +0800] "POST /InternetTrading/Heartbeat HTTP/1.1" 200 32
119.136.155.14 - - [13/Nov/2024:09:39:48 +0800] "GET /InternetTrading/longpoll/52832?X-Atmosphere-tracking-id=0&X-Atmosphere-Framework=2.2.3-javascript&X-Atmosphere-Transport=long-polling&X-Atmosphere-TrackMessageSize=true&Content-Type=charset%3Dutf-8&X-atmo-protocol=true&_=1731462229337 HTTP/1.1" 200 -
222.125.200.60 - - [13/Nov/2024:09:39:48 +0800] "POST /InternetTrading/SessionErrorLogger HTTP/1.1" 200 117
222.125.200.60 - - [13/Nov/2024:09:39:48 +0800] "POST /InternetTrading/MarketStatus HTTP/1.1" 200 772
222.125.200.60 - - [13/Nov/2024:09:39:48 +0800] "GET /InternetTrading/longpoll/52091?X-Atmosphere-tracking-id=0&X-Atmosphere-Framework=2.2.3-javascript&X-Atmosphere-Transport=long-polling&X-Atmosphere-TrackMessageSize=true&Content-Type=charset%3Dutf-8&X-atmo-protocol=true&_=1731462179184 HTTP/1.1" 200 -
182.239.92.222 - - [13/Nov/2024:09:39:50 +0800] "GET /InternetTrading/longpoll/A8127?X-Atmosphere-tracking-id=0&X-Atmosphere-Framework=2.2.3-javascript&X-Atmosphere-Transport=long-polling&X-Atmosphere-TrackMessageSize=true&Content-Type=charset%3Dutf-8&X-atmo-protocol=true&_=1731462182793 HTTP/1.1" 200 -
65.181.90.29 - - [13/Nov/2024:09:39:50 +0800] "GET /InternetTrading/longpoll/56035?X-Atmosphere-tracking-id=0&X-Atmosphere-Framework=2.2.3-javascript&X-Atmosphere-Transport=long-polling&X-Atmosphere-TrackMessageSize=true&Content-Type=charset%3Dutf-8&X-atmo-protocol=true&_=1731462180121 HTTP/1.1" 200 -
119.136.155.14 - - [13/Nov/2024:09:39:53 +0800] "GET /InternetTrading/longpoll/52832?X-Atmosphere-tracking-id=0&X-Atmosphere-Framework=2.2.3-javascript&X-Atmosphere-Transport=long-polling&X-Atmosphere-TrackMessageSize=true&Content-Type=charset%3Dutf-8&X-atmo-protocol=true&_=1731462234362 HTTP/1.1" 200 -
222.125.200.60 - - [13/Nov/2024:09:39:53 +0800] "GET /InternetTrading/longpoll/52091?X-Atmosphere-tracking-id=0&X-Atmosphere-Framework=2.2.3-javascript&X-Atmosphere-Transport=long-polling&X-Atmosphere-TrackMessageSize=true&Content-Type=charset%3Dutf-8&X-atmo-protocol=true&_=1731462184237 HTTP/1.1" 200 -
182.239.92.222 - - [13/Nov/2024:09:39:55 +0800] "GET /InternetTrading/longpoll/A8127?X-Atmosphere-tracking-id=0&X-Atmosphere-Framework=2.2.3-javascript&X-Atmosphere-Transport=long-polling&X-Atmosphere-TrackMessageSize=true&Content-Type=charset%3Dutf-8&X-atmo-protocol=true&_=1731462187964 HTTP/1.1" 200 -
65.181.90.29 - - [13/Nov/2024:09:39:56 +0800] "GET /InternetTrading/longpoll/56035?X-Atmosphere-tracking-id=0&X-Atmosphere-Framework=2.2.3-javascript&X-Atmosphere-Transport=long-polling&X-Atmosphere-TrackMessageSize=true&Content-Type=charset%3Dutf-8&X-atmo-protocol=true&_=1731462186119 HTTP/1.1" 200 -
119.136.155.14 - - [13/Nov/2024:09:39:58 +0800] "GET /InternetTrading/longpoll/52832?X-Atmosphere-tracking-id=0&X-Atmosphere-Framework=2.2.3-javascript&X-Atmosphere-Transport=long-polling&X-Atmosphere-TrackMessageSize=true&Content-Type=charset%3Dutf-8&X-atmo-protocol=true&_=1731462239401 HTTP/1.1" 200 -
222.125.200.60 - - [13/Nov/2024:09:39:59 +0800] "GET /InternetTrading/longpoll/52091?X-Atmosphere-tracking-id=0&X-Atmosphere-Framework=2.2.3-javascript&X-Atmosphere-Transport=long-polling&X-Atmosphere-TrackMessageSize=true&Content-Type=charset%3Dutf-8&X-atmo-protocol=true&_=1731462189287 HTTP/1.1" 200 -
182.239.92.222 - - [13/Nov/2024:09:40:00 +0800] "GET /InternetTrading/longpoll/A8127?X-Atmosphere-tracking-id=0&X-Atmosphere-Framework=2.2.3-javascript&X-Atmosphere-Transport=long-polling&X-Atmosphere-TrackMessageSize=true&Content-Type=charset%3Dutf-8&X-atmo-protocol=true&_=1731462193154 HTTP/1.1" 200 -
65.181.90.29 - - [13/Nov/2024:09:40:02 +0800] "GET /InternetTrading/longpoll/56035?X-Atmosphere-tracking-id=0&X-Atmosphere-Framework=2.2.3-javascript&X-Atmosphere-Transport=long-polling&X-Atmosphere-TrackMessageSize=true&Content-Type=charset%3Dutf-8&X-atmo-protocol=true&_=1731462192134 HTTP/1.1" 200 -
222.125.200.60 - - [13/Nov/2024:09:40:04 +0800] "GET /InternetTrading/longpoll/52091?X-Atmosphere-tracking-id=0&X-Atmosphere-Framework=2.2.3-javascript&X-Atmosphere-Transport=long-polling&X-Atmosphere-TrackMessageSize=true&Content-Type=charset%3Dutf-8&X-atmo-protocol=true&_=1731462194370 HTTP/1.1" 200 -
119.136.155.14 - - [13/Nov/2024:09:40:04 +0800] "GET /InternetTrading/longpoll/52832?X-Atmosphere-tracking-id=0&X-Atmosphere-Framework=2.2.3-javascript&X-Atmosphere-Transport=long-polling&X-Atmosphere-TrackMessageSize=true&Content-Type=charset%3Dutf-8&X-atmo-protocol=true&_=1731462244655 HTTP/1.1" 200 -
182.239.92.222 - - [13/Nov/2024:09:40:05 +0800] "GET /InternetTrading/longpoll/A8127?X-Atmosphere-tracking-id=0&X-Atmosphere-Framework=2.2.3-javascript&X-Atmosphere-Transport=long-polling&X-Atmosphere-TrackMessageSize=true&Content-Type=charset%3Dutf-8&X-atmo-protocol=true&_=1731462198275 HTTP/1.1" 200 -
65.181.90.29 - - [13/Nov/2024:09:40:08 +0800] "GET /InternetTrading/longpoll/56035?X-Atmosphere-tracking-id=0&X-Atmosphere-Framework=2.2.3-javascript&X-Atmosphere-Transport=long-polling&X-Atmosphere-TrackMessageSize=true&Content-Type=charset%3Dutf-8&X-atmo-protocol=true&_=1731462198124 HTTP/1.1" 200 -
222.125.200.60 - - [13/Nov/2024:09:40:09 +0800] "GET /InternetTrading/longpoll/52091?X-Atmosphere-tracking-id=0&X-Atmosphere-Framework=2.2.3-javascript&X-Atmosphere-Transport=long-polling&X-Atmosphere-TrackMessageSize=true&Content-Type=charset%3Dutf-8&X-atmo-protocol=true&_=1731462199548 HTTP/1.1" 200 -
119.136.155.14 - - [13/Nov/2024:09:40:09 +0800] "GET /InternetTrading/longpoll/52832?X-Atmosphere-tracking-id=0&X-Atmosphere-Framework=2.2.3-javascript&X-Atmosphere-Transport=long-polling&X-Atmosphere-TrackMessageSize=true&Content-Type=charset%3Dutf-8&X-atmo-protocol=true&_=1731462249971 HTTP/1.1" 200 -
182.239.92.222 - - [13/Nov/2024:09:40:11 +0800] "GET /InternetTrading/longpoll/A8127?X-Atmosphere-tracking-id=0&X-Atmosphere-Framework=2.2.3-javascript&X-Atmosphere-Transport=long-polling&X-Atmosphere-TrackMessageSize=true&Content-Type=charset%3Dutf-8&X-atmo-protocol=true&_=1731462203434 HTTP/1.1" 200 -
182.239.92.222 - - [13/Nov/2024:09:40:12 +0800] "POST /InternetTrading/SessionErrorLogger HTTP/1.1" 200 117
182.239.92.222 - - [13/Nov/2024:09:40:12 +0800] "POST /InternetTrading/Heartbeat HTTP/1.1" 200 32
182.239.92.222 - - [13/Nov/2024:09:40:12 +0800] "POST /InternetTrading/SessionErrorLogger HTTP/1.1" 200 117
182.239.92.222 - - [13/Nov/2024:09:40:12 +0800] "POST /InternetTrading/MarketStatus HTTP/1.1" 200 772
119.136.155.14 - - [13/Nov/2024:09:40:13 +0800] "POST /InternetTrading/SessionErrorLogger HTTP/1.1" 200 117
119.136.155.14 - - [13/Nov/2024:09:40:13 +0800] "POST /InternetTrading/Heartbeat HTTP/1.1" 200 32
119.136.155.14 - - [13/Nov/2024:09:40:13 +0800] "POST /InternetTrading/SessionErrorLogger HTTP/1.1" 200 117
119.136.155.14 - - [13/Nov/2024:09:40:13 +0800] "POST /InternetTrading/MarketStatus HTTP/1.1" 200 772
119.136.155.14 - - [13/Nov/2024:09:40:14 +0800] "GET /InternetTrading/longpoll/52832?X-Atmosphere-tracking-id=0&X-Atmosphere-Framework=2.2.3-javascript&X-Atmosphere-Transport=long-polling&X-Atmosphere-TrackMessageSize=true&Content-Type=charset%3Dutf-8&X-atmo-protocol=true&_=1731462255058 HTTP/1.1" 200 -
222.125.200.60 - - [13/Nov/2024:09:40:14 +0800] "GET /InternetTrading/longpoll/52091?X-Atmosphere-tracking-id=0&X-Atmosphere-Framework=2.2.3-javascript&X-Atmosphere-Transport=long-polling&X-Atmosphere-TrackMessageSize=true&Content-Type=charset%3Dutf-8&X-atmo-protocol=true&_=1731462204632 HTTP/1.1" 200 -
65.181.90.29 - - [13/Nov/2024:09:40:14 +0800] "GET /InternetTrading/longpoll/56035?X-Atmosphere-tracking-id=0&X-Atmosphere-Framework=2.2.3-javascript&X-Atmosphere-Transport=long-polling&X-Atmosphere-TrackMessageSize=true&Content-Type=charset%3Dutf-8&X-atmo-protocol=true&_=1731462204133 HTTP/1.1" 200 -
182.239.92.222 - - [13/Nov/2024:09:40:16 +0800] "GET /InternetTrading/longpoll/A8127?X-Atmosphere-tracking-id=0&X-Atmosphere-Framework=2.2.3-javascript&X-Atmosphere-Transport=long-polling&X-Atmosphere-TrackMessageSize=true&Content-Type=charset%3Dutf-8&X-atmo-protocol=true&_=1731462208713 HTTP/1.1" 200 -
222.125.200.60 - - [13/Nov/2024:09:40:18 +0800] "POST /InternetTrading/SessionErrorLogger HTTP/1.1" 200 117
222.125.200.60 - - [13/Nov/2024:09:40:18 +0800] "POST /InternetTrading/Heartbeat HTTP/1.1" 200 32
222.125.200.60 - - [13/Nov/2024:09:40:18 +0800] "POST /InternetTrading/SessionErrorLogger HTTP/1.1" 200 117
222.125.200.60 - - [13/Nov/2024:09:40:18 +0800] "POST /InternetTrading/MarketStatus HTTP/1.1" 200 772
119.136.155.14 - - [13/Nov/2024:09:40:19 +0800] "GET /InternetTrading/longpoll/52832?X-Atmosphere-tracking-id=0&X-Atmosphere-Framework=2.2.3-javascript&X-Atmosphere-Transport=long-polling&X-Atmosphere-TrackMessageSize=true&Content-Type=charset%3Dutf-8&X-atmo-protocol=true&_=1731462260084 HTTP/1.1" 200 -
222.125.200.60 - - [13/Nov/2024:09:40:19 +0800] "GET /InternetTrading/longpoll/52091?X-Atmosphere-tracking-id=0&X-Atmosphere-Framework=2.2.3-javascript&X-Atmosphere-Transport=long-polling&X-Atmosphere-TrackMessageSize=true&Content-Type=charset%3Dutf-8&X-atmo-protocol=true&_=1731462209709 HTTP/1.1" 200 -
65.181.90.29 - - [13/Nov/2024:09:40:20 +0800] "GET /InternetTrading/longpoll/56035?X-Atmosphere-tracking-id=0&X-Atmosphere-Framework=2.2.3-javascript&X-Atmosphere-Transport=long-polling&X-Atmosphere-TrackMessageSize=true&Content-Type=charset%3Dutf-8&X-atmo-protocol=true&_=1731462210124 HTTP/1.1" 200 -
182.239.92.222 - - [13/Nov/2024:09:40:21 +0800] "GET /InternetTrading/longpoll/A8127?X-Atmosphere-tracking-id=0&X-Atmosphere-Framework=2.2.3-javascript&X-Atmosphere-Transport=long-polling&X-Atmosphere-TrackMessageSize=true&Content-Type=charset%3Dutf-8&X-atmo-protocol=true&_=1731462213771 HTTP/1.1" 200 -
119.136.155.14 - - [13/Nov/2024:09:40:24 +0800] "GET /InternetTrading/longpoll/52832?X-Atmosphere-tracking-id=0&X-Atmosphere-Framework=2.2.3-javascript&X-Atmosphere-Transport=long-polling&X-Atmosphere-TrackMessageSize=true&Content-Type=charset%3Dutf-8&X-atmo-protocol=true&_=1731462265111 HTTP/1.1" 200 -
222.125.200.60 - - [13/Nov/2024:09:40:24 +0800] "GET /InternetTrading/longpoll/52091?X-Atmosphere-tracking-id=0&X-Atmosphere-Framework=2.2.3-javascript&X-Atmosphere-Transport=long-polling&X-Atmosphere-TrackMessageSize=true&Content-Type=charset%3Dutf-8&X-atmo-protocol=true&_=1731462214746 HTTP/1.1" 200 -
182.239.92.222 - - [13/Nov/2024:09:40:26 +0800] "GET /InternetTrading/longpoll/A8127?X-Atmosphere-tracking-id=0&X-Atmosphere-Framework=2.2.3-javascript&X-Atmosphere-Transport=long-polling&X-Atmosphere-TrackMessageSize=true&Content-Type=charset%3Dutf-8&X-atmo-protocol=true&_=1731462218815 HTTP/1.1" 200 -
65.181.90.29 - - [13/Nov/2024:09:40:26 +0800] "GET /InternetTrading/longpoll/56035?X-Atmosphere-tracking-id=0&X-Atmosphere-Framework=2.2.3-javascript&X-Atmosphere-Transport=long-polling&X-Atmosphere-TrackMessageSize=true&Content-Type=charset%3Dutf-8&X-atmo-protocol=true&_=1731462216134 HTTP/1.1" 200 -
119.136.155.14 - - [13/Nov/2024:09:40:29 +0800] "GET /InternetTrading/longpoll/52832?X-Atmosphere-tracking-id=0&X-Atmosphere-Framework=2.2.3-javascript&X-Atmosphere-Transport=long-polling&X-Atmosphere-TrackMessageSize=true&Content-Type=charset%3Dutf-8&X-atmo-protocol=true&_=1731462270151 HTTP/1.1" 200 -
222.125.200.60 - - [13/Nov/2024:09:40:29 +0800] "GET /InternetTrading/longpoll/52091?X-Atmosphere-tracking-id=0&X-Atmosphere-Framework=2.2.3-javascript&X-Atmosphere-Transport=long-polling&X-Atmosphere-TrackMessageSize=true&Content-Type=charset%3Dutf-8&X-atmo-protocol=true&_=1731462219817 HTTP/1.1" 200 -
65.181.90.29 - - [13/Nov/2024:09:40:30 +0800] "POST /InternetTrading/SessionErrorLogger HTTP/1.1" 200 117
65.181.90.29 - - [13/Nov/2024:09:40:30 +0800] "POST /InternetTrading/MarketStatus HTTP/1.1" 200 772
65.181.90.29 - - [13/Nov/2024:09:40:30 +0800] "POST /InternetTrading/SessionErrorLogger HTTP/1.1" 200 117
65.181.90.29 - - [13/Nov/2024:09:40:30 +0800] "POST /InternetTrading/Heartbeat HTTP/1.1" 200 32
182.239.92.222 - - [13/Nov/2024:09:40:31 +0800] "GET /InternetTrading/longpoll/A8127?X-Atmosphere-tracking-id=0&X-Atmosphere-Framework=2.2.3-javascript&X-Atmosphere-Transport=long-polling&X-Atmosphere-TrackMessageSize=true&Content-Type=charset%3Dutf-8&X-atmo-protocol=true&_=1731462223979 HTTP/1.1" 200 -
65.181.90.29 - - [13/Nov/2024:09:40:32 +0800] "GET /InternetTrading/longpoll/56035?X-Atmosphere-tracking-id=0&X-Atmosphere-Framework=2.2.3-javascript&X-Atmosphere-Transport=long-polling&X-Atmosphere-TrackMessageSize=true&Content-Type=charset%3Dutf-8&X-atmo-protocol=true&_=1731462222121 HTTP/1.1" 200 -
119.136.155.14 - - [13/Nov/2024:09:40:34 +0800] "GET /InternetTrading/longpoll/52832?X-Atmosphere-tracking-id=0&X-Atmosphere-Framework=2.2.3-javascript&X-Atmosphere-Transport=long-polling&X-Atmosphere-TrackMessageSize=true&Content-Type=charset%3Dutf-8&X-atmo-protocol=true&_=1731462275184 HTTP/1.1" 200 -
222.125.200.60 - - [13/Nov/2024:09:40:35 +0800] "GET /InternetTrading/longpoll/52091?X-Atmosphere-tracking-id=0&X-Atmosphere-Framework=2.2.3-javascript&X-Atmosphere-Transport=long-polling&X-Atmosphere-TrackMessageSize=true&Content-Type=charset%3Dutf-8&X-atmo-protocol=true&_=1731462224898 HTTP/1.1" 200 -
182.239.92.222 - - [13/Nov/2024:09:40:35 +0800] "GET /InternetTrading/tc/images/refresh.gif HTTP/1.1" 200 1145
182.239.92.222 - - [13/Nov/2024:09:40:35 +0800] "POST /InternetTrading/SessionErrorLogger HTTP/1.1" 200 117
182.239.92.222 - - [13/Nov/2024:09:40:35 +0800] "POST /InternetTrading/Portfolio HTTP/1.1" 200 1827
182.239.92.222 - - [13/Nov/2024:09:40:36 +0800] "GET /InternetTrading/tc/images/refresh.gif HTTP/1.1" 200 1145
182.239.92.222 - - [13/Nov/2024:09:40:36 +0800] "GET /InternetTrading/jquery/wait.gif HTTP/1.1" 200 432
182.239.92.222 - - [13/Nov/2024:09:40:36 +0800] "GET /InternetTrading/longpoll/A8127?X-Atmosphere-tracking-id=0&X-Atmosphere-Framework=2.2.3-javascript&X-Atmosphere-Transport=long-polling&X-Atmosphere-TrackMessageSize=true&Content-Type=charset%3Dutf-8&X-atmo-protocol=true&_=1731462229203 HTTP/1.1" 200 -
182.239.92.222 - - [13/Nov/2024:09:40:37 +0800] "GET /InternetTrading/jquery/wait.gif HTTP/1.1" 200 432
182.239.92.222 - - [13/Nov/2024:09:40:37 +0800] "POST /InternetTrading/SessionErrorLogger HTTP/1.1" 200 117
182.239.92.222 - - [13/Nov/2024:09:40:37 +0800] "POST /InternetTrading/Orderbook HTTP/1.1" 200 1620
65.181.90.29 - - [13/Nov/2024:09:40:38 +0800] "GET /InternetTrading/longpoll/56035?X-Atmosphere-tracking-id=0&X-Atmosphere-Framework=2.2.3-javascript&X-Atmosphere-Transport=long-polling&X-Atmosphere-TrackMessageSize=true&Content-Type=charset%3Dutf-8&X-atmo-protocol=true&_=1731462228125 HTTP/1.1" 200 -
119.136.155.14 - - [13/Nov/2024:09:40:39 +0800] "GET /InternetTrading/longpoll/52832?X-Atmosphere-tracking-id=0&X-Atmosphere-Framework=2.2.3-javascript&X-Atmosphere-Transport=long-polling&X-Atmosphere-TrackMessageSize=true&Content-Type=charset%3Dutf-8&X-atmo-protocol=true&_=1731462280275 HTTP/1.1" 200 -
222.125.200.60 - - [13/Nov/2024:09:40:40 +0800] "GET /InternetTrading/longpoll/52091?X-Atmosphere-tracking-id=0&X-Atmosphere-Framework=2.2.3-javascript&X-Atmosphere-Transport=long-polling&X-Atmosphere-TrackMessageSize=true&Content-Type=charset%3Dutf-8&X-atmo-protocol=true&_=1731462230370 HTTP/1.1" 200 -
182.239.92.222 - - [13/Nov/2024:09:40:40 +0800] "GET /InternetTrading/jquery/wait.gif HTTP/1.1" 200 432
182.239.92.222 - - [13/Nov/2024:09:40:40 +0800] "POST /InternetTrading/SessionErrorLogger HTTP/1.1" 200 117
182.239.92.222 - - [13/Nov/2024:09:40:40 +0800] "POST /InternetTrading/OrderDetail HTTP/1.1" 200 1343
182.239.92.222 - - [13/Nov/2024:09:40:40 +0800] "GET /InternetTrading/jquery/images/ui-bg_glass_75_e6e6e6_1x400.png HTTP/1.1" 200 262
182.239.92.222 - - [13/Nov/2024:09:40:40 +0800] "GET /InternetTrading/jquery/images/ui-bg_glass_75_dadada_1x400.png HTTP/1.1" 200 262
182.239.92.222 - - [13/Nov/2024:09:40:40 +0800] "GET /InternetTrading/jquery/images/ui-icons_888888_256x240.png HTTP/1.1" 200 6999
182.239.92.222 - - [13/Nov/2024:09:40:41 +0800] "GET /InternetTrading/longpoll/A8127?X-Atmosphere-tracking-id=0&X-Atmosphere-Framework=2.2.3-javascript&X-Atmosphere-Transport=long-polling&X-Atmosphere-TrackMessageSize=true&Content-Type=charset%3Dutf-8&X-atmo-protocol=true&_=1731462234259 HTTP/1.1" 200 -
182.239.92.222 - - [13/Nov/2024:09:40:42 +0800] "POST /InternetTrading/SessionErrorLogger HTTP/1.1" 200 117
182.239.92.222 - - [13/Nov/2024:09:40:42 +0800] "POST /InternetTrading/Heartbeat HTTP/1.1" 200 32
182.239.92.222 - - [13/Nov/2024:09:40:42 +0800] "POST /InternetTrading/SessionErrorLogger HTTP/1.1" 200 117
182.239.92.222 - - [13/Nov/2024:09:40:42 +0800] "POST /InternetTrading/MarketStatus HTTP/1.1" 200 772
119.136.155.14 - - [13/Nov/2024:09:40:43 +0800] "POST /InternetTrading/SessionErrorLogger HTTP/1.1" 200 117
182.239.92.222 - - [13/Nov/2024:09:40:44 +0800] "GET /InternetTrading/jquery/images/ui-bg_glass_65_ffffff_1x400.png HTTP/1.1" 200 207
182.239.92.222 - - [13/Nov/2024:09:40:44 +0800] "GET /InternetTrading/jquery/images/ui-icons_454545_256x240.png HTTP/1.1" 200 6992
119.136.155.14 - - [13/Nov/2024:09:40:44 +0800] "POST /InternetTrading/SessionErrorLogger HTTP/1.1" 200 117
65.181.90.29 - - [13/Nov/2024:09:40:44 +0800] "GET /InternetTrading/longpoll/56035?X-Atmosphere-tracking-id=0&X-Atmosphere-Framework=2.2.3-javascript&X-Atmosphere-Transport=long-polling&X-Atmosphere-TrackMessageSize=true&Content-Type=charset%3Dutf-8&X-atmo-protocol=true&_=1731462234129 HTTP/1.1" 200 -
182.239.92.222 - - [13/Nov/2024:09:40:44 +0800] "GET /InternetTrading/tc/images/refresh.gif HTTP/1.1" 200 1145
119.136.155.14 - - [13/Nov/2024:09:40:44 +0800] "POST /InternetTrading/MarketStatus HTTP/1.1" 200 772
119.136.155.14 - - [13/Nov/2024:09:40:45 +0800] "POST /InternetTrading/Heartbeat HTTP/1.1" 200 32
