65.181.90.29 - - [13/Nov/2024:09:59:56 +0800] "GET /InternetTrading/longpoll/56035?X-Atmosphere-tracking-id=0&X-Atmosphere-Framework=2.2.3-javascript&X-Atmosphere-Transport=long-polling&X-Atmosphere-TrackMessageSize=true&Content-Type=charset%3Dutf-8&X-atmo-protocol=true&_=1731463386128 HTTP/1.1" 200 -
119.136.155.14 - - [13/Nov/2024:09:59:56 +0800] "GET /InternetTrading/longpoll/52832?X-Atmosphere-tracking-id=0&X-Atmosphere-Framework=2.2.3-javascript&X-Atmosphere-Transport=long-polling&X-Atmosphere-TrackMessageSize=true&Content-Type=charset%3Dutf-8&X-atmo-protocol=true&_=1731463437409 HTTP/1.1" 200 -
182.239.92.222 - - [13/Nov/2024:09:59:59 +0800] "GET /InternetTrading/longpoll/A8127?X-Atmosphere-tracking-id=0&X-Atmosphere-Framework=2.2.3-javascript&X-Atmosphere-Transport=long-polling&X-Atmosphere-TrackMessageSize=true&Content-Type=charset%3Dutf-8&X-atmo-protocol=true&_=1731463391370 HTTP/1.1" 200 -
119.136.155.14 - - [13/Nov/2024:10:00:01 +0800] "GET /InternetTrading/longpoll/52832?X-Atmosphere-tracking-id=0&X-Atmosphere-Framework=2.2.3-javascript&X-Atmosphere-Transport=long-polling&X-Atmosphere-TrackMessageSize=true&Content-Type=charset%3Dutf-8&X-atmo-protocol=true&_=1731463442472 HTTP/1.1" 200 -
65.181.90.29 - - [13/Nov/2024:10:00:02 +0800] "GET /InternetTrading/longpoll/56035?X-Atmosphere-tracking-id=0&X-Atmosphere-Framework=2.2.3-javascript&X-Atmosphere-Transport=long-polling&X-Atmosphere-TrackMessageSize=true&Content-Type=charset%3Dutf-8&X-atmo-protocol=true&_=1731463392121 HTTP/1.1" 200 -
182.239.92.222 - - [13/Nov/2024:10:00:02 +0800] "POST /InternetTrading/SessionErrorLogger HTTP/1.1" 200 117
182.239.92.222 - - [13/Nov/2024:10:00:02 +0800] "POST /InternetTrading/MarketStatus HTTP/1.1" 200 772
182.239.92.222 - - [13/Nov/2024:10:00:04 +0800] "GET /InternetTrading/longpoll/A8127?X-Atmosphere-tracking-id=0&X-Atmosphere-Framework=2.2.3-javascript&X-Atmosphere-Transport=long-polling&X-Atmosphere-TrackMessageSize=true&Content-Type=charset%3Dutf-8&X-atmo-protocol=true&_=1731463396569 HTTP/1.1" 200 -
119.136.155.14 - - [13/Nov/2024:10:00:06 +0800] "GET /InternetTrading/longpoll/52832?X-Atmosphere-tracking-id=0&X-Atmosphere-Framework=2.2.3-javascript&X-Atmosphere-Transport=long-polling&X-Atmosphere-TrackMessageSize=true&Content-Type=charset%3Dutf-8&X-atmo-protocol=true&_=1731463447531 HTTP/1.1" 200 -
65.181.90.29 - - [13/Nov/2024:10:00:08 +0800] "GET /InternetTrading/longpoll/56035?X-Atmosphere-tracking-id=0&X-Atmosphere-Framework=2.2.3-javascript&X-Atmosphere-Transport=long-polling&X-Atmosphere-TrackMessageSize=true&Content-Type=charset%3Dutf-8&X-atmo-protocol=true&_=1731463398129 HTTP/1.1" 200 -
182.239.92.222 - - [13/Nov/2024:10:00:09 +0800] "GET /InternetTrading/longpoll/A8127?X-Atmosphere-tracking-id=0&X-Atmosphere-Framework=2.2.3-javascript&X-Atmosphere-Transport=long-polling&X-Atmosphere-TrackMessageSize=true&Content-Type=charset%3Dutf-8&X-atmo-protocol=true&_=1731463401679 HTTP/1.1" 200 -
116.48.94.58 - - [13/Nov/2024:10:00:11 +0800] "POST /InternetTrading/Heartbeat2FAService HTTP/1.1" 200 1
119.136.155.14 - - [13/Nov/2024:10:00:11 +0800] "GET /InternetTrading/longpoll/52832?X-Atmosphere-tracking-id=0&X-Atmosphere-Framework=2.2.3-javascript&X-Atmosphere-Transport=long-polling&X-Atmosphere-TrackMessageSize=true&Content-Type=charset%3Dutf-8&X-atmo-protocol=true&_=1731463452565 HTTP/1.1" 200 -
182.239.92.222 - - [13/Nov/2024:10:00:14 +0800] "GET /InternetTrading/longpoll/A8127?X-Atmosphere-tracking-id=0&X-Atmosphere-Framework=2.2.3-javascript&X-Atmosphere-Transport=long-polling&X-Atmosphere-TrackMessageSize=true&Content-Type=charset%3Dutf-8&X-atmo-protocol=true&_=1731463406803 HTTP/1.1" 200 -
65.181.90.29 - - [13/Nov/2024:10:00:14 +0800] "GET /InternetTrading/longpoll/56035?X-Atmosphere-tracking-id=0&X-Atmosphere-Framework=2.2.3-javascript&X-Atmosphere-Transport=long-polling&X-Atmosphere-TrackMessageSize=true&Content-Type=charset%3Dutf-8&X-atmo-protocol=true&_=1731463404127 HTTP/1.1" 200 -
182.239.92.222 - - [13/Nov/2024:10:00:15 +0800] "POST /InternetTrading/SessionErrorLogger HTTP/1.1" 200 117
182.239.92.222 - - [13/Nov/2024:10:00:15 +0800] "POST /InternetTrading/Heartbeat HTTP/1.1" 200 32
119.136.155.14 - - [13/Nov/2024:10:00:15 +0800] "POST /InternetTrading/SessionErrorLogger HTTP/1.1" 200 117
119.136.155.14 - - [13/Nov/2024:10:00:15 +0800] "POST /InternetTrading/Heartbeat HTTP/1.1" 200 32
119.136.155.14 - - [13/Nov/2024:10:00:16 +0800] "GET /InternetTrading/longpoll/52832?X-Atmosphere-tracking-id=0&X-Atmosphere-Framework=2.2.3-javascript&X-Atmosphere-Transport=long-polling&X-Atmosphere-TrackMessageSize=true&Content-Type=charset%3Dutf-8&X-atmo-protocol=true&_=1731463457642 HTTP/1.1" 200 -
119.136.155.14 - - [13/Nov/2024:10:00:17 +0800] "POST /InternetTrading/SessionErrorLogger HTTP/1.1" 200 117
119.136.155.14 - - [13/Nov/2024:10:00:17 +0800] "POST /InternetTrading/MarketStatus HTTP/1.1" 200 772
182.239.92.222 - - [13/Nov/2024:10:00:19 +0800] "GET /InternetTrading/longpoll/A8127?X-Atmosphere-tracking-id=0&X-Atmosphere-Framework=2.2.3-javascript&X-Atmosphere-Transport=long-polling&X-Atmosphere-TrackMessageSize=true&Content-Type=charset%3Dutf-8&X-atmo-protocol=true&_=1731463411931 HTTP/1.1" 200 -
65.181.90.29 - - [13/Nov/2024:10:00:20 +0800] "GET /InternetTrading/longpoll/56035?X-Atmosphere-tracking-id=0&X-Atmosphere-Framework=2.2.3-javascript&X-Atmosphere-Transport=long-polling&X-Atmosphere-TrackMessageSize=true&Content-Type=charset%3Dutf-8&X-atmo-protocol=true&_=1731463410127 HTTP/1.1" 200 -
119.136.155.14 - - [13/Nov/2024:10:00:21 +0800] "GET /InternetTrading/longpoll/52832?X-Atmosphere-tracking-id=0&X-Atmosphere-Framework=2.2.3-javascript&X-Atmosphere-Transport=long-polling&X-Atmosphere-TrackMessageSize=true&Content-Type=charset%3Dutf-8&X-atmo-protocol=true&_=1731463462671 HTTP/1.1" 200 -
182.239.92.222 - - [13/Nov/2024:10:00:24 +0800] "GET /InternetTrading/longpoll/A8127?X-Atmosphere-tracking-id=0&X-Atmosphere-Framework=2.2.3-javascript&X-Atmosphere-Transport=long-polling&X-Atmosphere-TrackMessageSize=true&Content-Type=charset%3Dutf-8&X-atmo-protocol=true&_=1731463417020 HTTP/1.1" 200 -
65.181.90.29 - - [13/Nov/2024:10:00:26 +0800] "GET /InternetTrading/longpoll/56035?X-Atmosphere-tracking-id=0&X-Atmosphere-Framework=2.2.3-javascript&X-Atmosphere-Transport=long-polling&X-Atmosphere-TrackMessageSize=true&Content-Type=charset%3Dutf-8&X-atmo-protocol=true&_=1731463416123 HTTP/1.1" 200 -
119.136.155.14 - - [13/Nov/2024:10:00:27 +0800] "GET /InternetTrading/longpoll/52832?X-Atmosphere-tracking-id=0&X-Atmosphere-Framework=2.2.3-javascript&X-Atmosphere-Transport=long-polling&X-Atmosphere-TrackMessageSize=true&Content-Type=charset%3Dutf-8&X-atmo-protocol=true&_=1731463467708 HTTP/1.1" 200 -
182.239.92.222 - - [13/Nov/2024:10:00:29 +0800] "GET /InternetTrading/longpoll/A8127?X-Atmosphere-tracking-id=0&X-Atmosphere-Framework=2.2.3-javascript&X-Atmosphere-Transport=long-polling&X-Atmosphere-TrackMessageSize=true&Content-Type=charset%3Dutf-8&X-atmo-protocol=true&_=1731463422224 HTTP/1.1" 200 -
65.181.90.29 - - [13/Nov/2024:10:00:30 +0800] "POST /InternetTrading/SessionErrorLogger HTTP/1.1" 200 117
65.181.90.29 - - [13/Nov/2024:10:00:30 +0800] "POST /InternetTrading/MarketStatus HTTP/1.1" 200 772
65.181.90.29 - - [13/Nov/2024:10:00:30 +0800] "POST /InternetTrading/SessionErrorLogger HTTP/1.1" 200 117
65.181.90.29 - - [13/Nov/2024:10:00:30 +0800] "POST /InternetTrading/Heartbeat HTTP/1.1" 200 32
65.181.90.29 - - [13/Nov/2024:10:00:32 +0800] "GET /InternetTrading/longpoll/56035?X-Atmosphere-tracking-id=0&X-Atmosphere-Framework=2.2.3-javascript&X-Atmosphere-Transport=long-polling&X-Atmosphere-TrackMessageSize=true&Content-Type=charset%3Dutf-8&X-atmo-protocol=true&_=1731463422128 HTTP/1.1" 200 -
119.136.155.14 - - [13/Nov/2024:10:00:32 +0800] "GET /InternetTrading/longpoll/52832?X-Atmosphere-tracking-id=0&X-Atmosphere-Framework=2.2.3-javascript&X-Atmosphere-Transport=long-polling&X-Atmosphere-TrackMessageSize=true&Content-Type=charset%3Dutf-8&X-atmo-protocol=true&_=1731463473303 HTTP/1.1" 200 -
182.239.92.222 - - [13/Nov/2024:10:00:32 +0800] "POST /InternetTrading/SessionErrorLogger HTTP/1.1" 200 117
182.239.92.222 - - [13/Nov/2024:10:00:33 +0800] "POST /InternetTrading/MarketStatus HTTP/1.1" 200 772
182.239.92.222 - - [13/Nov/2024:10:00:34 +0800] "GET /InternetTrading/longpoll/A8127?X-Atmosphere-tracking-id=0&X-Atmosphere-Framework=2.2.3-javascript&X-Atmosphere-Transport=long-polling&X-Atmosphere-TrackMessageSize=true&Content-Type=charset%3Dutf-8&X-atmo-protocol=true&_=1731463427340 HTTP/1.1" 200 -
119.136.155.14 - - [13/Nov/2024:10:00:38 +0800] "GET /InternetTrading/longpoll/52832?X-Atmosphere-tracking-id=0&X-Atmosphere-Framework=2.2.3-javascript&X-Atmosphere-Transport=long-polling&X-Atmosphere-TrackMessageSize=true&Content-Type=charset%3Dutf-8&X-atmo-protocol=true&_=1731463478678 HTTP/1.1" 200 -
65.181.90.29 - - [13/Nov/2024:10:00:38 +0800] "GET /InternetTrading/longpoll/56035?X-Atmosphere-tracking-id=0&X-Atmosphere-Framework=2.2.3-javascript&X-Atmosphere-Transport=long-polling&X-Atmosphere-TrackMessageSize=true&Content-Type=charset%3Dutf-8&X-atmo-protocol=true&_=1731463428123 HTTP/1.1" 200 -
182.239.92.222 - - [13/Nov/2024:10:00:40 +0800] "GET /InternetTrading/longpoll/A8127?X-Atmosphere-tracking-id=0&X-Atmosphere-Framework=2.2.3-javascript&X-Atmosphere-Transport=long-polling&X-Atmosphere-TrackMessageSize=true&Content-Type=charset%3Dutf-8&X-atmo-protocol=true&_=1731463432399 HTTP/1.1" 200 -
116.48.94.58 - - [13/Nov/2024:10:00:41 +0800] "POST /InternetTrading/Heartbeat2FAService HTTP/1.1" 200 1
119.136.155.14 - - [13/Nov/2024:10:00:43 +0800] "GET /InternetTrading/longpoll/52832?X-Atmosphere-tracking-id=0&X-Atmosphere-Framework=2.2.3-javascript&X-Atmosphere-Transport=long-polling&X-Atmosphere-TrackMessageSize=true&Content-Type=charset%3Dutf-8&X-atmo-protocol=true&_=1731463483751 HTTP/1.1" 200 -
65.181.90.29 - - [13/Nov/2024:10:00:44 +0800] "GET /InternetTrading/longpoll/56035?X-Atmosphere-tracking-id=0&X-Atmosphere-Framework=2.2.3-javascript&X-Atmosphere-Transport=long-polling&X-Atmosphere-TrackMessageSize=true&Content-Type=charset%3Dutf-8&X-atmo-protocol=true&_=1731463434124 HTTP/1.1" 200 -
182.239.92.222 - - [13/Nov/2024:10:00:45 +0800] "GET /InternetTrading/longpoll/A8127?X-Atmosphere-tracking-id=0&X-Atmosphere-Framework=2.2.3-javascript&X-Atmosphere-Transport=long-polling&X-Atmosphere-TrackMessageSize=true&Content-Type=charset%3Dutf-8&X-atmo-protocol=true&_=1731463437532 HTTP/1.1" 200 -
182.239.92.222 - - [13/Nov/2024:10:00:45 +0800] "POST /InternetTrading/SessionErrorLogger HTTP/1.1" 200 117
182.239.92.222 - - [13/Nov/2024:10:00:45 +0800] "POST /InternetTrading/Heartbeat HTTP/1.1" 200 32
119.136.155.14 - - [13/Nov/2024:10:00:45 +0800] "POST /InternetTrading/SessionErrorLogger HTTP/1.1" 200 117
119.136.155.14 - - [13/Nov/2024:10:00:45 +0800] "POST /InternetTrading/Heartbeat HTTP/1.1" 200 32
119.136.155.14 - - [13/Nov/2024:10:00:47 +0800] "POST /InternetTrading/SessionErrorLogger HTTP/1.1" 200 117
119.136.155.14 - - [13/Nov/2024:10:00:47 +0800] "POST /InternetTrading/MarketStatus HTTP/1.1" 200 772
119.136.155.14 - - [13/Nov/2024:10:00:48 +0800] "GET /InternetTrading/longpoll/52832?X-Atmosphere-tracking-id=0&X-Atmosphere-Framework=2.2.3-javascript&X-Atmosphere-Transport=long-polling&X-Atmosphere-TrackMessageSize=true&Content-Type=charset%3Dutf-8&X-atmo-protocol=true&_=1731463488812 HTTP/1.1" 200 -
182.239.92.222 - - [13/Nov/2024:10:00:50 +0800] "GET /InternetTrading/longpoll/A8127?X-Atmosphere-tracking-id=0&X-Atmosphere-Framework=2.2.3-javascript&X-Atmosphere-Transport=long-polling&X-Atmosphere-TrackMessageSize=true&Content-Type=charset%3Dutf-8&X-atmo-protocol=true&_=1731463442650 HTTP/1.1" 200 -
65.181.90.29 - - [13/Nov/2024:10:00:50 +0800] "GET /InternetTrading/longpoll/56035?X-Atmosphere-tracking-id=0&X-Atmosphere-Framework=2.2.3-javascript&X-Atmosphere-Transport=long-polling&X-Atmosphere-TrackMessageSize=true&Content-Type=charset%3Dutf-8&X-atmo-protocol=true&_=1731463440129 HTTP/1.1" 200 -
119.136.155.14 - - [13/Nov/2024:10:00:53 +0800] "GET /InternetTrading/longpoll/52832?X-Atmosphere-tracking-id=0&X-Atmosphere-Framework=2.2.3-javascript&X-Atmosphere-Transport=long-polling&X-Atmosphere-TrackMessageSize=true&Content-Type=charset%3Dutf-8&X-atmo-protocol=true&_=1731463493847 HTTP/1.1" 200 -
182.239.92.222 - - [13/Nov/2024:10:00:55 +0800] "GET /InternetTrading/longpoll/A8127?X-Atmosphere-tracking-id=0&X-Atmosphere-Framework=2.2.3-javascript&X-Atmosphere-Transport=long-polling&X-Atmosphere-TrackMessageSize=true&Content-Type=charset%3Dutf-8&X-atmo-protocol=true&_=1731463447703 HTTP/1.1" 200 -
65.181.90.29 - - [13/Nov/2024:10:00:56 +0800] "GET /InternetTrading/longpoll/56035?X-Atmosphere-tracking-id=0&X-Atmosphere-Framework=2.2.3-javascript&X-Atmosphere-Transport=long-polling&X-Atmosphere-TrackMessageSize=true&Content-Type=charset%3Dutf-8&X-atmo-protocol=true&_=1731463446129 HTTP/1.1" 200 -
119.136.155.14 - - [13/Nov/2024:10:00:58 +0800] "GET /InternetTrading/longpoll/52832?X-Atmosphere-tracking-id=0&X-Atmosphere-Framework=2.2.3-javascript&X-Atmosphere-Transport=long-polling&X-Atmosphere-TrackMessageSize=true&Content-Type=charset%3Dutf-8&X-atmo-protocol=true&_=1731463498918 HTTP/1.1" 200 -
182.239.92.222 - - [13/Nov/2024:10:01:00 +0800] "GET /InternetTrading/longpoll/A8127?X-Atmosphere-tracking-id=0&X-Atmosphere-Framework=2.2.3-javascript&X-Atmosphere-Transport=long-polling&X-Atmosphere-TrackMessageSize=true&Content-Type=charset%3Dutf-8&X-atmo-protocol=true&_=1731463452938 HTTP/1.1" 200 -
65.181.90.29 - - [13/Nov/2024:10:01:02 +0800] "GET /InternetTrading/longpoll/56035?X-Atmosphere-tracking-id=0&X-Atmosphere-Framework=2.2.3-javascript&X-Atmosphere-Transport=long-polling&X-Atmosphere-TrackMessageSize=true&Content-Type=charset%3Dutf-8&X-atmo-protocol=true&_=1731463452126 HTTP/1.1" 200 -
182.239.92.222 - - [13/Nov/2024:10:01:03 +0800] "POST /InternetTrading/SessionErrorLogger HTTP/1.1" 200 117
182.239.92.222 - - [13/Nov/2024:10:01:03 +0800] "POST /InternetTrading/MarketStatus HTTP/1.1" 200 772
119.136.155.14 - - [13/Nov/2024:10:01:03 +0800] "GET /InternetTrading/longpoll/52832?X-Atmosphere-tracking-id=0&X-Atmosphere-Framework=2.2.3-javascript&X-Atmosphere-Transport=long-polling&X-Atmosphere-TrackMessageSize=true&Content-Type=charset%3Dutf-8&X-atmo-protocol=true&_=1731463503999 HTTP/1.1" 200 -
182.239.92.222 - - [13/Nov/2024:10:01:05 +0800] "GET /InternetTrading/longpoll/A8127?X-Atmosphere-tracking-id=0&X-Atmosphere-Framework=2.2.3-javascript&X-Atmosphere-Transport=long-polling&X-Atmosphere-TrackMessageSize=true&Content-Type=charset%3Dutf-8&X-atmo-protocol=true&_=1731463458060 HTTP/1.1" 200 -
116.48.94.58 - - [13/Nov/2024:10:01:07 +0800] "POST /InternetTrading/Resend2FAService HTTP/1.1" 200 -
119.136.155.14 - - [13/Nov/2024:10:01:08 +0800] "GET /InternetTrading/longpoll/52832?X-Atmosphere-tracking-id=0&X-Atmosphere-Framework=2.2.3-javascript&X-Atmosphere-Transport=long-polling&X-Atmosphere-TrackMessageSize=true&Content-Type=charset%3Dutf-8&X-atmo-protocol=true&_=1731463509056 HTTP/1.1" 200 -
65.181.90.29 - - [13/Nov/2024:10:01:08 +0800] "GET /InternetTrading/longpoll/56035?X-Atmosphere-tracking-id=0&X-Atmosphere-Framework=2.2.3-javascript&X-Atmosphere-Transport=long-polling&X-Atmosphere-TrackMessageSize=true&Content-Type=charset%3Dutf-8&X-atmo-protocol=true&_=1731463458129 HTTP/1.1" 200 -
182.239.92.222 - - [13/Nov/2024:10:01:10 +0800] "GET /InternetTrading/longpoll/A8127?X-Atmosphere-tracking-id=0&X-Atmosphere-Framework=2.2.3-javascript&X-Atmosphere-Transport=long-polling&X-Atmosphere-TrackMessageSize=true&Content-Type=charset%3Dutf-8&X-atmo-protocol=true&_=1731463463128 HTTP/1.1" 200 -
116.48.94.58 - - [13/Nov/2024:10:01:11 +0800] "POST /InternetTrading/Heartbeat2FAService HTTP/1.1" 200 1
119.136.155.14 - - [13/Nov/2024:10:01:13 +0800] "GET /InternetTrading/longpoll/52832?X-Atmosphere-tracking-id=0&X-Atmosphere-Framework=2.2.3-javascript&X-Atmosphere-Transport=long-polling&X-Atmosphere-TrackMessageSize=true&Content-Type=charset%3Dutf-8&X-atmo-protocol=true&_=1731463514092 HTTP/1.1" 200 -
65.181.90.29 - - [13/Nov/2024:10:01:14 +0800] "GET /InternetTrading/longpoll/56035?X-Atmosphere-tracking-id=0&X-Atmosphere-Framework=2.2.3-javascript&X-Atmosphere-Transport=long-polling&X-Atmosphere-TrackMessageSize=true&Content-Type=charset%3Dutf-8&X-atmo-protocol=true&_=1731463464119 HTTP/1.1" 200 -
182.239.92.222 - - [13/Nov/2024:10:01:15 +0800] "POST /InternetTrading/SessionErrorLogger HTTP/1.1" 200 117
182.239.92.222 - - [13/Nov/2024:10:01:15 +0800] "POST /InternetTrading/Heartbeat HTTP/1.1" 200 32
182.239.92.222 - - [13/Nov/2024:10:01:15 +0800] "GET /InternetTrading/longpoll/A8127?X-Atmosphere-tracking-id=0&X-Atmosphere-Framework=2.2.3-javascript&X-Atmosphere-Transport=long-polling&X-Atmosphere-TrackMessageSize=true&Content-Type=charset%3Dutf-8&X-atmo-protocol=true&_=1731463468343 HTTP/1.1" 200 -
119.136.155.14 - - [13/Nov/2024:10:01:15 +0800] "POST /InternetTrading/SessionErrorLogger HTTP/1.1" 200 117
119.136.155.14 - - [13/Nov/2024:10:01:15 +0800] "POST /InternetTrading/Heartbeat HTTP/1.1" 200 32
119.136.155.14 - - [13/Nov/2024:10:01:17 +0800] "POST /InternetTrading/SessionErrorLogger HTTP/1.1" 200 117
119.136.155.14 - - [13/Nov/2024:10:01:17 +0800] "POST /InternetTrading/MarketStatus HTTP/1.1" 200 772
119.136.155.14 - - [13/Nov/2024:10:01:18 +0800] "GET /InternetTrading/longpoll/52832?X-Atmosphere-tracking-id=0&X-Atmosphere-Framework=2.2.3-javascript&X-Atmosphere-Transport=long-polling&X-Atmosphere-TrackMessageSize=true&Content-Type=charset%3Dutf-8&X-atmo-protocol=true&_=1731463519156 HTTP/1.1" 200 -
65.181.90.29 - - [13/Nov/2024:10:01:20 +0800] "GET /InternetTrading/longpoll/56035?X-Atmosphere-tracking-id=0&X-Atmosphere-Framework=2.2.3-javascript&X-Atmosphere-Transport=long-polling&X-Atmosphere-TrackMessageSize=true&Content-Type=charset%3Dutf-8&X-atmo-protocol=true&_=1731463470123 HTTP/1.1" 200 -
182.239.92.222 - - [13/Nov/2024:10:01:21 +0800] "GET /InternetTrading/longpoll/A8127?X-Atmosphere-tracking-id=0&X-Atmosphere-Framework=2.2.3-javascript&X-Atmosphere-Transport=long-polling&X-Atmosphere-TrackMessageSize=true&Content-Type=charset%3Dutf-8&X-atmo-protocol=true&_=1731463473400 HTTP/1.1" 200 -
119.136.155.14 - - [13/Nov/2024:10:01:23 +0800] "GET /InternetTrading/longpoll/52832?X-Atmosphere-tracking-id=0&X-Atmosphere-Framework=2.2.3-javascript&X-Atmosphere-Transport=long-polling&X-Atmosphere-TrackMessageSize=true&Content-Type=charset%3Dutf-8&X-atmo-protocol=true&_=1731463524191 HTTP/1.1" 200 -
116.48.94.58 - - [13/Nov/2024:10:01:25 +0800] "GET /InternetTrading/jquery/wait.gif HTTP/1.1" 200 432
182.239.92.222 - - [13/Nov/2024:10:01:26 +0800] "GET /InternetTrading/longpoll/A8127?X-Atmosphere-tracking-id=0&X-Atmosphere-Framework=2.2.3-javascript&X-Atmosphere-Transport=long-polling&X-Atmosphere-TrackMessageSize=true&Content-Type=charset%3Dutf-8&X-atmo-protocol=true&_=1731463478568 HTTP/1.1" 200 -
116.48.94.58 - - [13/Nov/2024:10:01:25 +0800] "POST /InternetTrading/Verify2FAService HTTP/1.1" 200 428
116.48.94.58 - - [13/Nov/2024:10:01:26 +0800] "GET /InternetTrading/tc/main.html?language=tc&version=HTML HTTP/1.1" 200 3578
116.48.94.58 - - [13/Nov/2024:10:01:26 +0800] "GET /InternetTrading/jquery/jquery.tablesorter-theme.blue.css HTTP/1.1" 200 2083
116.48.94.58 - - [13/Nov/2024:10:01:26 +0800] "GET /InternetTrading/jquery/ui.datepicker.css HTTP/1.1" 200 1145
116.48.94.58 - - [13/Nov/2024:10:01:26 +0800] "GET /InternetTrading/jquery/dragtable-2.0.9.css HTTP/1.1" 200 316
116.48.94.58 - - [13/Nov/2024:10:01:26 +0800] "GET /InternetTrading/tc/style_common.css?v=20200819161914 HTTP/1.1" 200 2540
116.48.94.58 - - [13/Nov/2024:10:01:26 +0800] "GET /InternetTrading/jquery/jquery-ui-1.10.3.css HTTP/1.1" 200 5283
116.48.94.58 - - [13/Nov/2024:10:01:26 +0800] "GET /InternetTrading/tc/style.css?v=20200819161914 HTTP/1.1" 200 1435
116.48.94.58 - - [13/Nov/2024:10:01:26 +0800] "GET /InternetTrading/tc/css/jquery.jscrollpane.css HTTP/1.1" 404 690
116.48.94.58 - - [13/Nov/2024:10:01:26 +0800] "GET /InternetTrading/js/aastock.js HTTP/1.1" 200 553
116.48.94.58 - - [13/Nov/2024:10:01:26 +0800] "GET /InternetTrading/jquery/jquery.ba-postmessage.js HTTP/1.1" 200 2990
116.48.94.58 - - [13/Nov/2024:10:01:26 +0800] "GET /InternetTrading/jquery/jquery-1.6.3.min.js HTTP/1.1" 200 32057
116.48.94.58 - - [13/Nov/2024:10:01:26 +0800] "GET /InternetTrading/js/cache.js?jsv=20200819161914 HTTP/1.1" 200 940
116.48.94.58 - - [13/Nov/2024:10:01:26 +0800] "GET /InternetTrading/jquery/jquery-migrate-3.0.0.js HTTP/1.1" 200 4963
116.48.94.58 - - [13/Nov/2024:10:01:26 +0800] "GET /InternetTrading/jquery/jquery-3.3.1.js HTTP/1.1" 200 80650
116.48.94.58 - - [13/Nov/2024:10:01:26 +0800] "GET /InternetTrading/js/atmosphere.js HTTP/1.1" 200 13461
116.48.94.58 - - [13/Nov/2024:10:01:26 +0800] "GET /InternetTrading/jquery/jquery-ui-1.10.3.js HTTP/1.1" 200 69642
116.48.94.58 - - [13/Nov/2024:10:01:26 +0800] "GET /InternetTrading/jquery/jquery.form-3.46.0.js HTTP/1.1" 200 5673
116.48.94.58 - - [13/Nov/2024:10:01:26 +0800] "GET /InternetTrading/jquery/jquery.validate-1.11.1.js HTTP/1.1" 200 7041
116.48.94.58 - - [13/Nov/2024:10:01:26 +0800] "GET /InternetTrading/jquery/jquery.blockUI-2.66.0.js HTTP/1.1" 200 6651
116.48.94.58 - - [13/Nov/2024:10:01:26 +0800] "GET /InternetTrading/jquery/additional-methods.js HTTP/1.1" 200 2238
116.48.94.58 - - [13/Nov/2024:10:01:26 +0800] "GET /InternetTrading/jquery/jquery.mousewheel-3.1.4.js HTTP/1.1" 200 822
116.48.94.58 - - [13/Nov/2024:10:01:26 +0800] "GET /InternetTrading/jquery/jquery.tablesorter-2.14.5.js HTTP/1.1" 200 8901
116.48.94.58 - - [13/Nov/2024:10:01:26 +0800] "GET /InternetTrading/jquery/jquery.tablesorter.widgets-2.14.5.js HTTP/1.1" 200 8611
116.48.94.58 - - [13/Nov/2024:10:01:26 +0800] "GET /InternetTrading/jquery/jquery.timer-0.9.16.js HTTP/1.1" 200 542
116.48.94.58 - - [13/Nov/2024:10:01:26 +0800] "GET /InternetTrading/jquery/jquery.combobox.packed.js HTTP/1.1" 200 3387
116.48.94.58 - - [13/Nov/2024:10:01:26 +0800] "GET /InternetTrading/jquery/jquery.getParams.js HTTP/1.1" 200 587
116.48.94.58 - - [13/Nov/2024:10:01:26 +0800] "GET /InternetTrading/jquery/jquery.selectboxes.pack.js HTTP/1.1" 200 1640
116.48.94.58 - - [13/Nov/2024:10:01:26 +0800] "GET /InternetTrading/jquery/date.js HTTP/1.1" 200 2807
116.48.94.58 - - [13/Nov/2024:10:01:26 +0800] "GET /InternetTrading/json/json2.js?jsv=20200819161914 HTTP/1.1" 200 1372
116.48.94.58 - - [13/Nov/2024:10:01:26 +0800] "GET /InternetTrading/jquery/globalize-0.1.0a1.js HTTP/1.1" 200 6984
116.48.94.58 - - [13/Nov/2024:10:01:26 +0800] "GET /InternetTrading/settings/crm_display_settings.js?jsv=20200819161914 HTTP/1.1" 200 1781
116.48.94.58 - - [13/Nov/2024:10:01:26 +0800] "GET /InternetTrading/tc/user/translation.js?jsv=20200819161914 HTTP/1.1" 200 12818
116.48.94.58 - - [13/Nov/2024:10:01:26 +0800] "GET /InternetTrading/js/constants.js?jsv=20200819161914 HTTP/1.1" 200 400
116.48.94.58 - - [13/Nov/2024:10:01:26 +0800] "GET /InternetTrading/tc/user/custom_variables.js?jsv=20200819161914 HTTP/1.1" 200 275
65.181.90.29 - - [13/Nov/2024:10:01:26 +0800] "GET /InternetTrading/longpoll/56035?X-Atmosphere-tracking-id=0&X-Atmosphere-Framework=2.2.3-javascript&X-Atmosphere-Transport=long-polling&X-Atmosphere-TrackMessageSize=true&Content-Type=charset%3Dutf-8&X-atmo-protocol=true&_=1731463476128 HTTP/1.1" 200 -
116.48.94.58 - - [13/Nov/2024:10:01:26 +0800] "GET /InternetTrading/js/init.js?jsv=20200819161914 HTTP/1.1" 200 886
116.48.94.58 - - [13/Nov/2024:10:01:26 +0800] "GET /InternetTrading/js/haitong.js?jsv=20200819161914 HTTP/1.1" 200 3881
116.48.94.58 - - [13/Nov/2024:10:01:26 +0800] "GET /InternetTrading/js/util.js?jsv=20200819161914 HTTP/1.1" 200 6636
116.48.94.58 - - [13/Nov/2024:10:01:26 +0800] "GET /InternetTrading/js/rsautil.js?jsv=20200819161914 HTTP/1.1" 200 1017
116.48.94.58 - - [13/Nov/2024:10:01:26 +0800] "GET /InternetTrading/js/corporate.js?jsv=20200819161914 HTTP/1.1" 200 1575
116.48.94.58 - - [13/Nov/2024:10:01:26 +0800] "GET /InternetTrading/js/update_mdf.js?jsv=20200819161914 HTTP/1.1" 200 856
116.48.94.58 - - [13/Nov/2024:10:01:26 +0800] "GET /InternetTrading/js/validation_hkex.js?jsv=20200819161914 HTTP/1.1" 200 2300
116.48.94.58 - - [13/Nov/2024:10:01:26 +0800] "GET /InternetTrading/js/validation_bshare.js?jsv=20200819161914 HTTP/1.1" 200 1567
116.48.94.58 - - [13/Nov/2024:10:01:26 +0800] "GET /InternetTrading/js/validation_ashare.js?jsv=20200819161914 HTTP/1.1" 200 2482
116.48.94.58 - - [13/Nov/2024:10:01:26 +0800] "GET /InternetTrading/js/main.js?jsv=20200819161914 HTTP/1.1" 200 30725
116.48.94.58 - - [13/Nov/2024:10:01:26 +0800] "GET /InternetTrading/js/validation_global.js?jsv=20200819161914 HTTP/1.1" 200 1564
116.48.94.58 - - [13/Nov/2024:10:01:26 +0800] "GET /InternetTrading/js/account.js?jsv=20200819161914 HTTP/1.1" 200 2656
116.48.94.58 - - [13/Nov/2024:10:01:26 +0800] "GET /InternetTrading/js/cash_transfer.js?jsv=20200819161914 HTTP/1.1" 200 2712
116.48.94.58 - - [13/Nov/2024:10:01:26 +0800] "GET /InternetTrading/js/ipo.js?jsv=20200819161914 HTTP/1.1" 200 5726
116.48.94.58 - - [13/Nov/2024:10:01:26 +0800] "GET /InternetTrading/js/spread_cache.js?jsv=20200819161914 HTTP/1.1" 200 908
116.48.94.58 - - [13/Nov/2024:10:01:26 +0800] "GET /InternetTrading/js/mm.js?jsv=20200819161914 HTTP/1.1" 200 487
116.48.94.58 - - [13/Nov/2024:10:01:26 +0800] "GET /InternetTrading/js/isec_calculator.js?jsv=20200819161914 HTTP/1.1" 200 1364
116.48.94.58 - - [13/Nov/2024:10:01:26 +0800] "GET /InternetTrading/js/payment_instruction.js?jsv=20200819161914 HTTP/1.1" 200 2178
116.48.94.58 - - [13/Nov/2024:10:01:26 +0800] "GET /InternetTrading/js/eStatement.js?jsv=20200819161914 HTTP/1.1" 200 562
116.48.94.58 - - [13/Nov/2024:10:01:26 +0800] "GET /InternetTrading/js/payment_instruction_IMOS.js?jsv=20200819161914 HTTP/1.1" 200 6874
116.48.94.58 - - [13/Nov/2024:10:01:26 +0800] "GET /InternetTrading/js/string_extend.js?jsv=20200819161914 HTTP/1.1" 200 272
116.48.94.58 - - [13/Nov/2024:10:01:26 +0800] "GET /InternetTrading/js/pidcrypt.js?jsv=20200819161914 HTTP/1.1" 200 982
116.48.94.58 - - [13/Nov/2024:10:01:26 +0800] "GET /InternetTrading/js/pidcrypt_util.js?jsv=20200819161914 HTTP/1.1" 200 1206
116.48.94.58 - - [13/Nov/2024:10:01:26 +0800] "GET /InternetTrading/ExchangeList?fmt=js&jsv=20200819161914 HTTP/1.1" 200 146
116.48.94.58 - - [13/Nov/2024:10:01:26 +0800] "GET /InternetTrading/js/aes_cbc.js?jsv=20200819161914 HTTP/1.1" 200 2043
116.48.94.58 - - [13/Nov/2024:10:01:26 +0800] "GET /InternetTrading/js/aes_core.js?jsv=20200819161914 HTTP/1.1" 200 2106
116.48.94.58 - - [13/Nov/2024:10:01:26 +0800] "GET /InternetTrading/js/asn1.js?jsv=20200819161914 HTTP/1.1" 200 3099
116.48.94.58 - - [13/Nov/2024:10:01:26 +0800] "GET /InternetTrading/js/md5.js?jsv=20200819161914 HTTP/1.1" 200 1730
116.48.94.58 - - [13/Nov/2024:10:01:26 +0800] "GET /InternetTrading/js/sha256.js?jsv=20200819161914 HTTP/1.1" 200 1362
116.48.94.58 - - [13/Nov/2024:10:01:26 +0800] "GET /InternetTrading/js/prng4.js?jsv=20200819161914 HTTP/1.1" 200 303
116.48.94.58 - - [13/Nov/2024:10:01:26 +0800] "GET /InternetTrading/js/jsbn.js?jsv=20200819161914 HTTP/1.1" 200 6736
116.48.94.58 - - [13/Nov/2024:10:01:26 +0800] "GET /InternetTrading/js/rng.js?jsv=20200819161914 HTTP/1.1" 200 481
116.48.94.58 - - [13/Nov/2024:10:01:26 +0800] "GET /InternetTrading/js/utilSpec.js?jsv=20200819161914 HTTP/1.1" 200 27
116.48.94.58 - - [13/Nov/2024:10:01:26 +0800] "GET /InternetTrading/js/aes.js?jsv=20200819161914 HTTP/1.1" 200 4816
116.48.94.58 - - [13/Nov/2024:10:01:26 +0800] "GET /InternetTrading/js/rsa.js?jsv=20200819161914 HTTP/1.1" 200 1658
116.48.94.58 - - [13/Nov/2024:10:01:26 +0800] "GET /InternetTrading/js/mode-ecb.js?jsv=20200819161914 HTTP/1.1" 200 199
116.48.94.58 - - [13/Nov/2024:10:01:26 +0800] "GET /InternetTrading/js/update_lastlogin.js?jsv=20200819161914 HTTP/1.1" 200 980
116.48.94.58 - - [13/Nov/2024:10:01:26 +0800] "GET /InternetTrading/js/pw_alert.js?jsv=20200819161914 HTTP/1.1" 200 418
116.48.94.58 - - [13/Nov/2024:10:01:26 +0800] "GET /InternetTrading/js/jquery.jscrollpane.js HTTP/1.1" 404 685
116.48.94.58 - - [13/Nov/2024:10:01:26 +0800] "GET /InternetTrading/js/jquery.cookie.js HTTP/1.1" 200 834
116.48.94.58 - - [13/Nov/2024:10:01:26 +0800] "GET /InternetTrading/js/jquery.mousewheel.js HTTP/1.1" 404 684
116.48.94.58 - - [13/Nov/2024:10:01:26 +0800] "GET /InternetTrading/js/decimal.js HTTP/1.1" 200 13492
116.48.94.58 - - [13/Nov/2024:10:01:26 +0800] "GET /InternetTrading/tc/images/logo.png HTTP/1.1" 200 7042
116.48.94.58 - - [13/Nov/2024:10:01:26 +0800] "GET /InternetTrading/GoodTillDateValidExch?fmt=js&jsv=20200819161914 HTTP/1.1" 200 29
116.48.94.58 - - [13/Nov/2024:10:01:26 +0800] "GET /InternetTrading/tc/images/top_menu01.jpg HTTP/1.1" 200 3466
116.48.94.58 - - [13/Nov/2024:10:01:26 +0800] "GET /InternetTrading/tc/images/top_menu04.jpg HTTP/1.1" 200 3430
116.48.94.58 - - [13/Nov/2024:10:01:26 +0800] "GET /InternetTrading/tc/images/top_menu_logout.jpg HTTP/1.1" 200 1016
116.48.94.58 - - [13/Nov/2024:10:01:26 +0800] "GET /InternetTrading/images/top_bg3.jpg HTTP/1.1" 200 878
116.48.94.58 - - [13/Nov/2024:10:01:26 +0800] "GET /InternetTrading/images/top_bg1.jpg HTTP/1.1" 200 329
116.48.94.58 - - [13/Nov/2024:10:01:26 +0800] "GET /InternetTrading/images/top_bg2.jpg HTTP/1.1" 200 330
116.48.94.58 - - [13/Nov/2024:10:01:26 +0800] "GET /InternetTrading/tc/dialog.html?1731463478034 HTTP/1.1" 200 3188
116.48.94.58 - - [13/Nov/2024:10:01:26 +0800] "POST /InternetTrading/PopUpConfig HTTP/1.1" 200 2
116.48.94.58 - - [13/Nov/2024:10:01:26 +0800] "POST /InternetTrading/Heartbeat HTTP/1.1" 200 32
116.48.94.58 - - [13/Nov/2024:10:01:26 +0800] "POST /InternetTrading/CustomerInfoLite HTTP/1.1" 200 125
116.48.94.58 - - [13/Nov/2024:10:01:26 +0800] "GET /InternetTrading/tc/images/top_menu04.jpg HTTP/1.1" 200 3430
116.48.94.58 - - [13/Nov/2024:10:01:26 +0800] "GET /InternetTrading/jquery/wait.gif HTTP/1.1" 200 432
116.48.94.58 - - [13/Nov/2024:10:01:26 +0800] "GET /InternetTrading/tc/trade.html HTTP/1.1" 200 2113
116.48.94.58 - - [13/Nov/2024:10:01:26 +0800] "POST /InternetTrading/SpreadPriceCache HTTP/1.1" 200 3539
116.48.94.58 - - [13/Nov/2024:10:01:26 +0800] "GET /InternetTrading/tc/images/top_menu01_o.jpg HTTP/1.1" 200 3339
116.48.94.58 - - [13/Nov/2024:10:01:26 +0800] "POST /InternetTrading/SessionErrorLogger HTTP/1.1" 200 117
116.48.94.58 - - [13/Nov/2024:10:01:26 +0800] "POST /InternetTrading/GetLastLoginDate HTTP/1.1" 200 31
116.48.94.58 - - [13/Nov/2024:10:01:26 +0800] "POST /InternetTrading/SessionErrorLogger HTTP/1.1" 200 117
116.48.94.58 - - [13/Nov/2024:10:01:26 +0800] "GET /InternetTrading/tc/getpopupMsgName.jsp HTTP/1.1" 200 -
116.48.94.58 - - [13/Nov/2024:10:01:26 +0800] "GET /InternetTrading/tc/applet_dummy.html HTTP/1.1" 200 330
116.48.94.58 - - [13/Nov/2024:10:01:26 +0800] "POST /InternetTrading/SessionErrorLogger HTTP/1.1" 200 117
116.48.94.58 - - [13/Nov/2024:10:01:26 +0800] "GET /InternetTrading/tc/buy_ticket.html? HTTP/1.1" 200 1995
116.48.94.58 - - [13/Nov/2024:10:01:26 +0800] "POST /InternetTrading/SessionErrorLogger HTTP/1.1" 200 117
116.48.94.58 - - [13/Nov/2024:10:01:26 +0800] "POST /InternetTrading/MarketStatus HTTP/1.1" 200 772
116.48.94.58 - - [13/Nov/2024:10:01:26 +0800] "POST /InternetTrading/SessionErrorLogger HTTP/1.1" 200 117
116.48.94.58 - - [13/Nov/2024:10:01:26 +0800] "GET /InternetTrading/jquery/wait.gif HTTP/1.1" 200 432
116.48.94.58 - - [13/Nov/2024:10:01:26 +0800] "GET /InternetTrading/tc/multi_currency_balance.html HTTP/1.1" 200 295
116.48.94.58 - - [13/Nov/2024:10:01:26 +0800] "GET /InternetTrading/tc/images/trade_point01.jpg HTTP/1.1" 200 358
116.48.94.58 - - [13/Nov/2024:10:01:26 +0800] "GET /InternetTrading/tc/images/refresh.gif HTTP/1.1" 200 1145
116.48.94.58 - - [13/Nov/2024:10:01:26 +0800] "GET /InternetTrading/Home/PostToAA.jsp?hl=tc HTTP/1.1" 200 293
116.48.94.58 - - [13/Nov/2024:10:01:26 +0800] "GET /InternetTrading/jquery/images/ui-icons_222222_256x240.png HTTP/1.1" 200 6922
116.48.94.58 - - [13/Nov/2024:10:01:26 +0800] "GET /InternetTrading/jquery/images/ui-bg_flat_75_ffffff_40x100.png HTTP/1.1" 200 208
116.48.94.58 - - [13/Nov/2024:10:01:26 +0800] "POST /InternetTrading/SessionErrorLogger HTTP/1.1" 200 117
116.48.94.58 - - [13/Nov/2024:10:01:26 +0800] "POST /InternetTrading/SessionErrorLogger HTTP/1.1" 200 117
116.48.94.58 - - [13/Nov/2024:10:01:26 +0800] "POST /InternetTrading/MarketStatus HTTP/1.1" 200 772
116.48.94.58 - - [13/Nov/2024:10:01:26 +0800] "POST /InternetTrading/MarketStatus HTTP/1.1" 200 772
119.136.155.14 - - [13/Nov/2024:10:01:28 +0800] "GET /InternetTrading/longpoll/52832?X-Atmosphere-tracking-id=0&X-Atmosphere-Framework=2.2.3-javascript&X-Atmosphere-Transport=long-polling&X-Atmosphere-TrackMessageSize=true&Content-Type=charset%3Dutf-8&X-atmo-protocol=true&_=1731463529278 HTTP/1.1" 200 -
116.48.94.58 - - [13/Nov/2024:10:01:28 +0800] "POST /InternetTrading/SessionErrorLogger HTTP/1.1" 200 117
116.48.94.58 - - [13/Nov/2024:10:01:28 +0800] "POST /InternetTrading/SessionErrorLogger HTTP/1.1" 200 117
116.48.94.58 - - [13/Nov/2024:10:01:28 +0800] "POST /InternetTrading/CustomerInfo HTTP/1.1" 200 232
116.48.94.58 - - [13/Nov/2024:10:01:28 +0800] "GET /InternetTrading/tc/account_status.html HTTP/1.1" 200 426
116.48.94.58 - - [13/Nov/2024:10:01:28 +0800] "POST /InternetTrading/SessionErrorLogger HTTP/1.1" 200 117
116.48.94.58 - - [13/Nov/2024:10:01:28 +0800] "POST /InternetTrading/SessionErrorLogger HTTP/1.1" 200 117
116.48.94.58 - - [13/Nov/2024:10:01:28 +0800] "POST /InternetTrading/MarketStatus HTTP/1.1" 200 772
116.48.94.58 - - [13/Nov/2024:10:01:28 +0800] "GET /InternetTrading/jquery/wait.gif HTTP/1.1" 200 432
116.48.94.58 - - [13/Nov/2024:10:01:28 +0800] "POST /InternetTrading/SessionErrorLogger HTTP/1.1" 200 117
116.48.94.58 - - [13/Nov/2024:10:01:28 +0800] "POST /InternetTrading/LongPollingConfig HTTP/1.1" 200 4
116.48.94.58 - - [13/Nov/2024:10:01:28 +0800] "GET /InternetTrading/jquery/wait.gif HTTP/1.1" 200 432
116.48.94.58 - - [13/Nov/2024:10:01:28 +0800] "POST /InternetTrading/SessionErrorLogger HTTP/1.1" 200 117
116.48.94.58 - - [13/Nov/2024:10:01:28 +0800] "GET /InternetTrading/longpoll/55136?X-Atmosphere-tracking-id=0&X-Atmosphere-Framework=2.2.3-javascript&X-Atmosphere-Transport=long-polling&X-Atmosphere-TrackMessageSize=true&Content-Type=charset%3Dutf-8&X-atmo-protocol=true&_=1731463480384 HTTP/1.1" 200 -
116.48.94.58 - - [13/Nov/2024:10:01:28 +0800] "POST /InternetTrading/Portfolio HTTP/1.1" 200 2251
65.181.90.29 - - [13/Nov/2024:10:01:30 +0800] "POST /InternetTrading/SessionErrorLogger HTTP/1.1" 200 117
65.181.90.29 - - [13/Nov/2024:10:01:30 +0800] "POST /InternetTrading/MarketStatus HTTP/1.1" 200 772
65.181.90.29 - - [13/Nov/2024:10:01:30 +0800] "POST /InternetTrading/SessionErrorLogger HTTP/1.1" 200 117
65.181.90.29 - - [13/Nov/2024:10:01:30 +0800] "POST /InternetTrading/Heartbeat HTTP/1.1" 200 32
182.239.92.222 - - [13/Nov/2024:10:01:31 +0800] "GET /InternetTrading/longpoll/A8127?X-Atmosphere-tracking-id=0&X-Atmosphere-Framework=2.2.3-javascript&X-Atmosphere-Transport=long-polling&X-Atmosphere-TrackMessageSize=true&Content-Type=charset%3Dutf-8&X-atmo-protocol=true&_=1731463483711 HTTP/1.1" 200 -
65.181.90.29 - - [13/Nov/2024:10:01:32 +0800] "GET /InternetTrading/longpoll/56035?X-Atmosphere-tracking-id=0&X-Atmosphere-Framework=2.2.3-javascript&X-Atmosphere-Transport=long-polling&X-Atmosphere-TrackMessageSize=true&Content-Type=charset%3Dutf-8&X-atmo-protocol=true&_=1731463482124 HTTP/1.1" 200 -
182.239.92.222 - - [13/Nov/2024:10:01:33 +0800] "POST /InternetTrading/SessionErrorLogger HTTP/1.1" 200 117
182.239.92.222 - - [13/Nov/2024:10:01:33 +0800] "POST /InternetTrading/MarketStatus HTTP/1.1" 200 772
116.48.94.58 - - [13/Nov/2024:10:01:34 +0800] "GET /InternetTrading/longpoll/55136?X-Atmosphere-tracking-id=0&X-Atmosphere-Framework=2.2.3-javascript&X-Atmosphere-Transport=long-polling&X-Atmosphere-TrackMessageSize=true&Content-Type=charset%3Dutf-8&X-atmo-protocol=true&_=1731463485409 HTTP/1.1" 200 -
182.239.92.222 - - [13/Nov/2024:10:01:36 +0800] "GET /InternetTrading/longpoll/A8127?X-Atmosphere-tracking-id=0&X-Atmosphere-Framework=2.2.3-javascript&X-Atmosphere-Transport=long-polling&X-Atmosphere-TrackMessageSize=true&Content-Type=charset%3Dutf-8&X-atmo-protocol=true&_=1731463488855 HTTP/1.1" 200 -
119.136.155.14 - - [13/Nov/2024:10:01:37 +0800] "GET /InternetTrading/longpoll/52832?X-Atmosphere-tracking-id=0&X-Atmosphere-Framework=2.2.3-javascript&X-Atmosphere-Transport=long-polling&X-Atmosphere-TrackMessageSize=true&Content-Type=charset%3Dutf-8&X-atmo-protocol=true&_=1731463534365 HTTP/1.1" 200 -
65.181.90.29 - - [13/Nov/2024:10:01:38 +0800] "GET /InternetTrading/longpoll/56035?X-Atmosphere-tracking-id=0&X-Atmosphere-Framework=2.2.3-javascript&X-Atmosphere-Transport=long-polling&X-Atmosphere-TrackMessageSize=true&Content-Type=charset%3Dutf-8&X-atmo-protocol=true&_=1731463488119 HTTP/1.1" 200 -
116.48.94.58 - - [13/Nov/2024:10:01:39 +0800] "GET /InternetTrading/longpoll/55136?X-Atmosphere-tracking-id=0&X-Atmosphere-Framework=2.2.3-javascript&X-Atmosphere-Transport=long-polling&X-Atmosphere-TrackMessageSize=true&Content-Type=charset%3Dutf-8&X-atmo-protocol=true&_=1731463490430 HTTP/1.1" 200 -
182.239.92.222 - - [13/Nov/2024:10:01:41 +0800] "GET /InternetTrading/longpoll/A8127?X-Atmosphere-tracking-id=0&X-Atmosphere-Framework=2.2.3-javascript&X-Atmosphere-Transport=long-polling&X-Atmosphere-TrackMessageSize=true&Content-Type=charset%3Dutf-8&X-atmo-protocol=true&_=1731463493906 HTTP/1.1" 200 -
119.136.155.14 - - [13/Nov/2024:10:01:42 +0800] "GET /InternetTrading/longpoll/52832?X-Atmosphere-tracking-id=0&X-Atmosphere-Framework=2.2.3-javascript&X-Atmosphere-Transport=long-polling&X-Atmosphere-TrackMessageSize=true&Content-Type=charset%3Dutf-8&X-atmo-protocol=true&_=1731463542950 HTTP/1.1" 200 -
116.48.94.58 - - [13/Nov/2024:10:01:44 +0800] "GET /InternetTrading/longpoll/55136?X-Atmosphere-tracking-id=0&X-Atmosphere-Framework=2.2.3-javascript&X-Atmosphere-Transport=long-polling&X-Atmosphere-TrackMessageSize=true&Content-Type=charset%3Dutf-8&X-atmo-protocol=true&_=1731463495464 HTTP/1.1" 200 -
65.181.90.29 - - [13/Nov/2024:10:01:44 +0800] "GET /InternetTrading/longpoll/56035?X-Atmosphere-tracking-id=0&X-Atmosphere-Framework=2.2.3-javascript&X-Atmosphere-Transport=long-polling&X-Atmosphere-TrackMessageSize=true&Content-Type=charset%3Dutf-8&X-atmo-protocol=true&_=1731463494128 HTTP/1.1" 200 -
182.239.92.222 - - [13/Nov/2024:10:01:45 +0800] "POST /InternetTrading/SessionErrorLogger HTTP/1.1" 200 117
182.239.92.222 - - [13/Nov/2024:10:01:45 +0800] "POST /InternetTrading/Heartbeat HTTP/1.1" 200 32
119.136.155.14 - - [13/Nov/2024:10:01:46 +0800] "POST /InternetTrading/SessionErrorLogger HTTP/1.1" 200 117
119.136.155.14 - - [13/Nov/2024:10:01:46 +0800] "POST /InternetTrading/Heartbeat HTTP/1.1" 200 32
182.239.92.222 - - [13/Nov/2024:10:01:46 +0800] "GET /InternetTrading/longpoll/A8127?X-Atmosphere-tracking-id=0&X-Atmosphere-Framework=2.2.3-javascript&X-Atmosphere-Transport=long-polling&X-Atmosphere-TrackMessageSize=true&Content-Type=charset%3Dutf-8&X-atmo-protocol=true&_=1731463499074 HTTP/1.1" 200 -
119.136.155.14 - - [13/Nov/2024:10:01:47 +0800] "POST /InternetTrading/SessionErrorLogger HTTP/1.1" 200 117
119.136.155.14 - - [13/Nov/2024:10:01:47 +0800] "POST /InternetTrading/MarketStatus HTTP/1.1" 200 772
119.136.155.14 - - [13/Nov/2024:10:01:47 +0800] "GET /InternetTrading/longpoll/52832?X-Atmosphere-tracking-id=0&X-Atmosphere-Framework=2.2.3-javascript&X-Atmosphere-Transport=long-polling&X-Atmosphere-TrackMessageSize=true&Content-Type=charset%3Dutf-8&X-atmo-protocol=true&_=1731463548000 HTTP/1.1" 200 -
116.48.94.58 - - [13/Nov/2024:10:01:49 +0800] "GET /InternetTrading/longpoll/55136?X-Atmosphere-tracking-id=0&X-Atmosphere-Framework=2.2.3-javascript&X-Atmosphere-Transport=long-polling&X-Atmosphere-TrackMessageSize=true&Content-Type=charset%3Dutf-8&X-atmo-protocol=true&_=1731463500486 HTTP/1.1" 200 -
65.181.90.29 - - [13/Nov/2024:10:01:50 +0800] "GET /InternetTrading/longpoll/56035?X-Atmosphere-tracking-id=0&X-Atmosphere-Framework=2.2.3-javascript&X-Atmosphere-Transport=long-polling&X-Atmosphere-TrackMessageSize=true&Content-Type=charset%3Dutf-8&X-atmo-protocol=true&_=1731463500127 HTTP/1.1" 200 -
182.239.92.222 - - [13/Nov/2024:10:01:51 +0800] "GET /InternetTrading/longpoll/A8127?X-Atmosphere-tracking-id=0&X-Atmosphere-Framework=2.2.3-javascript&X-Atmosphere-Transport=long-polling&X-Atmosphere-TrackMessageSize=true&Content-Type=charset%3Dutf-8&X-atmo-protocol=true&_=1731463504167 HTTP/1.1" 200 -
119.136.155.14 - - [13/Nov/2024:10:01:52 +0800] "GET /InternetTrading/longpoll/52832?X-Atmosphere-tracking-id=0&X-Atmosphere-Framework=2.2.3-javascript&X-Atmosphere-Transport=long-polling&X-Atmosphere-TrackMessageSize=true&Content-Type=charset%3Dutf-8&X-atmo-protocol=true&_=1731463553066 HTTP/1.1" 200 -
116.48.94.58 - - [13/Nov/2024:10:01:54 +0800] "GET /InternetTrading/longpoll/55136?X-Atmosphere-tracking-id=0&X-Atmosphere-Framework=2.2.3-javascript&X-Atmosphere-Transport=long-polling&X-Atmosphere-TrackMessageSize=true&Content-Type=charset%3Dutf-8&X-atmo-protocol=true&_=1731463505502 HTTP/1.1" 200 -
65.181.90.29 - - [13/Nov/2024:10:01:56 +0800] "GET /InternetTrading/longpoll/56035?X-Atmosphere-tracking-id=0&X-Atmosphere-Framework=2.2.3-javascript&X-Atmosphere-Transport=long-polling&X-Atmosphere-TrackMessageSize=true&Content-Type=charset%3Dutf-8&X-atmo-protocol=true&_=1731463506127 HTTP/1.1" 200 -
116.48.94.58 - - [13/Nov/2024:10:01:56 +0800] "POST /InternetTrading/SessionErrorLogger HTTP/1.1" 200 117
116.48.94.58 - - [13/Nov/2024:10:01:56 +0800] "POST /InternetTrading/Heartbeat HTTP/1.1" 200 32
116.48.94.58 - - [13/Nov/2024:10:01:56 +0800] "POST /InternetTrading/SessionErrorLogger HTTP/1.1" 200 117
116.48.94.58 - - [13/Nov/2024:10:01:56 +0800] "POST /InternetTrading/MarketStatus HTTP/1.1" 200 772
182.239.92.222 - - [13/Nov/2024:10:01:57 +0800] "GET /InternetTrading/longpoll/A8127?X-Atmosphere-tracking-id=0&X-Atmosphere-Framework=2.2.3-javascript&X-Atmosphere-Transport=long-polling&X-Atmosphere-TrackMessageSize=true&Content-Type=charset%3Dutf-8&X-atmo-protocol=true&_=1731463509326 HTTP/1.1" 200 -
119.136.155.14 - - [13/Nov/2024:10:01:57 +0800] "GET /InternetTrading/longpoll/52832?X-Atmosphere-tracking-id=0&X-Atmosphere-Framework=2.2.3-javascript&X-Atmosphere-Transport=long-polling&X-Atmosphere-TrackMessageSize=true&Content-Type=charset%3Dutf-8&X-atmo-protocol=true&_=1731463558097 HTTP/1.1" 200 -
116.48.94.58 - - [13/Nov/2024:10:01:59 +0800] "GET /InternetTrading/longpoll/55136?X-Atmosphere-tracking-id=0&X-Atmosphere-Framework=2.2.3-javascript&X-Atmosphere-Transport=long-polling&X-Atmosphere-TrackMessageSize=true&Content-Type=charset%3Dutf-8&X-atmo-protocol=true&_=1731463510524 HTTP/1.1" 200 -
182.239.92.222 - - [13/Nov/2024:10:02:02 +0800] "GET /InternetTrading/longpoll/A8127?X-Atmosphere-tracking-id=0&X-Atmosphere-Framework=2.2.3-javascript&X-Atmosphere-Transport=long-polling&X-Atmosphere-TrackMessageSize=true&Content-Type=charset%3Dutf-8&X-atmo-protocol=true&_=1731463514584 HTTP/1.1" 200 -
65.181.90.29 - - [13/Nov/2024:10:02:02 +0800] "GET /InternetTrading/longpoll/56035?X-Atmosphere-tracking-id=0&X-Atmosphere-Framework=2.2.3-javascript&X-Atmosphere-Transport=long-polling&X-Atmosphere-TrackMessageSize=true&Content-Type=charset%3Dutf-8&X-atmo-protocol=true&_=1731463512128 HTTP/1.1" 200 -
119.136.155.14 - - [13/Nov/2024:10:02:02 +0800] "GET /InternetTrading/longpoll/52832?X-Atmosphere-tracking-id=0&X-Atmosphere-Framework=2.2.3-javascript&X-Atmosphere-Transport=long-polling&X-Atmosphere-TrackMessageSize=true&Content-Type=charset%3Dutf-8&X-atmo-protocol=true&_=1731463563177 HTTP/1.1" 200 -
182.239.92.222 - - [13/Nov/2024:10:02:03 +0800] "POST /InternetTrading/SessionErrorLogger HTTP/1.1" 200 117
182.239.92.222 - - [13/Nov/2024:10:02:03 +0800] "POST /InternetTrading/MarketStatus HTTP/1.1" 200 772
116.48.94.58 - - [13/Nov/2024:10:02:04 +0800] "GET /InternetTrading/longpoll/55136?X-Atmosphere-tracking-id=0&X-Atmosphere-Framework=2.2.3-javascript&X-Atmosphere-Transport=long-polling&X-Atmosphere-TrackMessageSize=true&Content-Type=charset%3Dutf-8&X-atmo-protocol=true&_=1731463515559 HTTP/1.1" 200 -
182.239.92.222 - - [13/Nov/2024:10:02:07 +0800] "GET /InternetTrading/longpoll/A8127?X-Atmosphere-tracking-id=0&X-Atmosphere-Framework=2.2.3-javascript&X-Atmosphere-Transport=long-polling&X-Atmosphere-TrackMessageSize=true&Content-Type=charset%3Dutf-8&X-atmo-protocol=true&_=1731463519707 HTTP/1.1" 200 -
119.136.155.14 - - [13/Nov/2024:10:02:07 +0800] "GET /InternetTrading/longpoll/52832?X-Atmosphere-tracking-id=0&X-Atmosphere-Framework=2.2.3-javascript&X-Atmosphere-Transport=long-polling&X-Atmosphere-TrackMessageSize=true&Content-Type=charset%3Dutf-8&X-atmo-protocol=true&_=1731463568238 HTTP/1.1" 200 -
65.181.90.29 - - [13/Nov/2024:10:02:08 +0800] "GET /InternetTrading/longpoll/56035?X-Atmosphere-tracking-id=0&X-Atmosphere-Framework=2.2.3-javascript&X-Atmosphere-Transport=long-polling&X-Atmosphere-TrackMessageSize=true&Content-Type=charset%3Dutf-8&X-atmo-protocol=true&_=1731463518123 HTTP/1.1" 200 -
116.48.94.58 - - [13/Nov/2024:10:02:09 +0800] "GET /InternetTrading/longpoll/55136?X-Atmosphere-tracking-id=0&X-Atmosphere-Framework=2.2.3-javascript&X-Atmosphere-Transport=long-polling&X-Atmosphere-TrackMessageSize=true&Content-Type=charset%3Dutf-8&X-atmo-protocol=true&_=1731463520590 HTTP/1.1" 200 -
182.239.92.222 - - [13/Nov/2024:10:02:12 +0800] "GET /InternetTrading/longpoll/A8127?X-Atmosphere-tracking-id=0&X-Atmosphere-Framework=2.2.3-javascript&X-Atmosphere-Transport=long-polling&X-Atmosphere-TrackMessageSize=true&Content-Type=charset%3Dutf-8&X-atmo-protocol=true&_=1731463524798 HTTP/1.1" 200 -
119.136.155.14 - - [13/Nov/2024:10:02:12 +0800] "GET /InternetTrading/longpoll/52832?X-Atmosphere-tracking-id=0&X-Atmosphere-Framework=2.2.3-javascript&X-Atmosphere-Transport=long-polling&X-Atmosphere-TrackMessageSize=true&Content-Type=charset%3Dutf-8&X-atmo-protocol=true&_=1731463573311 HTTP/1.1" 200 -
116.48.94.58 - - [13/Nov/2024:10:02:14 +0800] "GET /InternetTrading/longpoll/55136?X-Atmosphere-tracking-id=0&X-Atmosphere-Framework=2.2.3-javascript&X-Atmosphere-Transport=long-polling&X-Atmosphere-TrackMessageSize=true&Content-Type=charset%3Dutf-8&X-atmo-protocol=true&_=1731463525615 HTTP/1.1" 200 -
65.181.90.29 - - [13/Nov/2024:10:02:14 +0800] "GET /InternetTrading/longpoll/56035?X-Atmosphere-tracking-id=0&X-Atmosphere-Framework=2.2.3-javascript&X-Atmosphere-Transport=long-polling&X-Atmosphere-TrackMessageSize=true&Content-Type=charset%3Dutf-8&X-atmo-protocol=true&_=1731463524119 HTTP/1.1" 200 -
182.239.92.222 - - [13/Nov/2024:10:02:15 +0800] "POST /InternetTrading/SessionErrorLogger HTTP/1.1" 200 117
182.239.92.222 - - [13/Nov/2024:10:02:15 +0800] "POST /InternetTrading/Heartbeat HTTP/1.1" 200 32
119.136.155.14 - - [13/Nov/2024:10:02:16 +0800] "POST /InternetTrading/SessionErrorLogger HTTP/1.1" 200 117
119.136.155.14 - - [13/Nov/2024:10:02:16 +0800] "POST /InternetTrading/Heartbeat HTTP/1.1" 200 32
119.136.155.14 - - [13/Nov/2024:10:02:17 +0800] "POST /InternetTrading/SessionErrorLogger HTTP/1.1" 200 117
119.136.155.14 - - [13/Nov/2024:10:02:17 +0800] "POST /InternetTrading/MarketStatus HTTP/1.1" 200 772
182.239.92.222 - - [13/Nov/2024:10:02:17 +0800] "GET /InternetTrading/longpoll/A8127?X-Atmosphere-tracking-id=0&X-Atmosphere-Framework=2.2.3-javascript&X-Atmosphere-Transport=long-polling&X-Atmosphere-TrackMessageSize=true&Content-Type=charset%3Dutf-8&X-atmo-protocol=true&_=1731463529973 HTTP/1.1" 200 -
119.136.155.14 - - [13/Nov/2024:10:02:17 +0800] "GET /InternetTrading/longpoll/52832?X-Atmosphere-tracking-id=0&X-Atmosphere-Framework=2.2.3-javascript&X-Atmosphere-Transport=long-polling&X-Atmosphere-TrackMessageSize=true&Content-Type=charset%3Dutf-8&X-atmo-protocol=true&_=1731463578377 HTTP/1.1" 200 -
116.48.94.58 - - [13/Nov/2024:10:02:19 +0800] "GET /InternetTrading/longpoll/55136?X-Atmosphere-tracking-id=0&X-Atmosphere-Framework=2.2.3-javascript&X-Atmosphere-Transport=long-polling&X-Atmosphere-TrackMessageSize=true&Content-Type=charset%3Dutf-8&X-atmo-protocol=true&_=1731463530665 HTTP/1.1" 200 -
65.181.90.29 - - [13/Nov/2024:10:02:20 +0800] "GET /InternetTrading/longpoll/56035?X-Atmosphere-tracking-id=0&X-Atmosphere-Framework=2.2.3-javascript&X-Atmosphere-Transport=long-polling&X-Atmosphere-TrackMessageSize=true&Content-Type=charset%3Dutf-8&X-atmo-protocol=true&_=1731463530130 HTTP/1.1" 200 -
119.136.155.14 - - [13/Nov/2024:10:02:22 +0800] "GET /InternetTrading/longpoll/52832?X-Atmosphere-tracking-id=0&X-Atmosphere-Framework=2.2.3-javascript&X-Atmosphere-Transport=long-polling&X-Atmosphere-TrackMessageSize=true&Content-Type=charset%3Dutf-8&X-atmo-protocol=true&_=1731463583407 HTTP/1.1" 200 -
182.239.92.222 - - [13/Nov/2024:10:02:22 +0800] "GET /InternetTrading/longpoll/A8127?X-Atmosphere-tracking-id=0&X-Atmosphere-Framework=2.2.3-javascript&X-Atmosphere-Transport=long-polling&X-Atmosphere-TrackMessageSize=true&Content-Type=charset%3Dutf-8&X-atmo-protocol=true&_=1731463535070 HTTP/1.1" 200 -
116.48.94.58 - - [13/Nov/2024:10:02:24 +0800] "GET /InternetTrading/longpoll/55136?X-Atmosphere-tracking-id=0&X-Atmosphere-Framework=2.2.3-javascript&X-Atmosphere-Transport=long-polling&X-Atmosphere-TrackMessageSize=true&Content-Type=charset%3Dutf-8&X-atmo-protocol=true&_=1731463535715 HTTP/1.1" 200 -
65.181.90.29 - - [13/Nov/2024:10:02:26 +0800] "GET /InternetTrading/longpoll/56035?X-Atmosphere-tracking-id=0&X-Atmosphere-Framework=2.2.3-javascript&X-Atmosphere-Transport=long-polling&X-Atmosphere-TrackMessageSize=true&Content-Type=charset%3Dutf-8&X-atmo-protocol=true&_=1731463536130 HTTP/1.1" 200 -
116.48.94.58 - - [13/Nov/2024:10:02:26 +0800] "POST /InternetTrading/SessionErrorLogger HTTP/1.1" 200 117
116.48.94.58 - - [13/Nov/2024:10:02:26 +0800] "POST /InternetTrading/Heartbeat HTTP/1.1" 200 32
