119.136.155.14 - - [13/Nov/2024:10:32:50 +0800] "GET /InternetTrading/longpoll/52832?X-Atmosphere-tracking-id=0&X-Atmosphere-Framework=2.2.3-javascript&X-Atmosphere-Transport=long-polling&X-Atmosphere-TrackMessageSize=true&Content-Type=charset%3Dutf-8&X-atmo-protocol=true&_=1731465411532 HTTP/1.1" 200 -
65.181.90.29 - - [13/Nov/2024:10:32:52 +0800] "GET /InternetTrading/longpoll/56035?X-Atmosphere-tracking-id=0&X-Atmosphere-Framework=2.2.3-javascript&X-Atmosphere-Transport=long-polling&X-Atmosphere-TrackMessageSize=true&Content-Type=charset%3Dutf-8&X-atmo-protocol=true&_=1731465362130 HTTP/1.1" 200 -
116.48.94.58 - - [13/Nov/2024:10:32:52 +0800] "POST /InternetTrading/SessionErrorLogger HTTP/1.1" 200 117
116.48.94.58 - - [13/Nov/2024:10:32:52 +0800] "POST /InternetTrading/Heartbeat HTTP/1.1" 200 32
182.239.92.222 - - [13/Nov/2024:10:32:52 +0800] "GET /InternetTrading/longpoll/A8127?X-Atmosphere-tracking-id=0&X-Atmosphere-Framework=2.2.3-javascript&X-Atmosphere-Transport=long-polling&X-Atmosphere-TrackMessageSize=true&Content-Type=charset%3Dutf-8&X-atmo-protocol=true&_=1731465365070 HTTP/1.1" 200 -
116.48.94.58 - - [13/Nov/2024:10:32:52 +0800] "POST /InternetTrading/SessionErrorLogger HTTP/1.1" 200 117
116.48.94.58 - - [13/Nov/2024:10:32:52 +0800] "POST /InternetTrading/MarketStatus HTTP/1.1" 200 772
116.48.94.58 - - [13/Nov/2024:10:32:52 +0800] "GET /InternetTrading/longpoll/13363?X-Atmosphere-tracking-id=0&X-Atmosphere-Framework=2.2.3-javascript&X-Atmosphere-Transport=long-polling&X-Atmosphere-TrackMessageSize=true&Content-Type=charset%3Dutf-8&X-atmo-protocol=true&_=1731465364226 HTTP/1.1" 200 -
182.239.92.222 - - [13/Nov/2024:10:32:53 +0800] "POST /InternetTrading/SessionErrorLogger HTTP/1.1" 200 117
182.239.92.222 - - [13/Nov/2024:10:32:53 +0800] "POST /InternetTrading/MarketStatus HTTP/1.1" 200 772
182.239.92.222 - - [13/Nov/2024:10:32:54 +0800] "POST /InternetTrading/SessionErrorLogger HTTP/1.1" 200 117
182.239.92.222 - - [13/Nov/2024:10:32:54 +0800] "POST /InternetTrading/Portfolio HTTP/1.1" 200 1857
182.239.92.222 - - [13/Nov/2024:10:32:54 +0800] "GET /InternetTrading/jquery/wait.gif HTTP/1.1" 200 432
182.239.92.222 - - [13/Nov/2024:10:32:55 +0800] "GET /InternetTrading/tc/images/refresh.gif HTTP/1.1" 200 1145
119.136.155.14 - - [13/Nov/2024:10:32:55 +0800] "GET /InternetTrading/longpoll/52832?X-Atmosphere-tracking-id=0&X-Atmosphere-Framework=2.2.3-javascript&X-Atmosphere-Transport=long-polling&X-Atmosphere-TrackMessageSize=true&Content-Type=charset%3Dutf-8&X-atmo-protocol=true&_=1731465416574 HTTP/1.1" 200 -
182.239.92.222 - - [13/Nov/2024:10:32:56 +0800] "GET /InternetTrading/tc/images/refresh.gif HTTP/1.1" 200 1145
182.239.92.222 - - [13/Nov/2024:10:32:56 +0800] "GET /InternetTrading/jquery/wait.gif HTTP/1.1" 200 432
182.239.92.222 - - [13/Nov/2024:10:32:56 +0800] "POST /InternetTrading/SessionErrorLogger HTTP/1.1" 200 117
182.239.92.222 - - [13/Nov/2024:10:32:56 +0800] "POST /InternetTrading/Portfolio HTTP/1.1" 200 1858
182.239.92.222 - - [13/Nov/2024:10:32:56 +0800] "GET /InternetTrading/tc/images/refresh.gif HTTP/1.1" 200 1145
182.239.92.222 - - [13/Nov/2024:10:32:57 +0800] "GET /InternetTrading/jquery/wait.gif HTTP/1.1" 200 432
182.239.92.222 - - [13/Nov/2024:10:32:57 +0800] "POST /InternetTrading/SessionErrorLogger HTTP/1.1" 200 117
182.239.92.222 - - [13/Nov/2024:10:32:57 +0800] "POST /InternetTrading/Portfolio HTTP/1.1" 200 1859
182.239.92.222 - - [13/Nov/2024:10:32:57 +0800] "GET /InternetTrading/tc/images/refresh.gif HTTP/1.1" 200 1145
116.48.94.58 - - [13/Nov/2024:10:32:57 +0800] "GET /InternetTrading/longpoll/13363?X-Atmosphere-tracking-id=0&X-Atmosphere-Framework=2.2.3-javascript&X-Atmosphere-Transport=long-polling&X-Atmosphere-TrackMessageSize=true&Content-Type=charset%3Dutf-8&X-atmo-protocol=true&_=1731465369258 HTTP/1.1" 200 -
182.239.92.222 - - [13/Nov/2024:10:32:57 +0800] "GET /InternetTrading/longpoll/A8127?X-Atmosphere-tracking-id=0&X-Atmosphere-Framework=2.2.3-javascript&X-Atmosphere-Transport=long-polling&X-Atmosphere-TrackMessageSize=true&Content-Type=charset%3Dutf-8&X-atmo-protocol=true&_=1731465370242 HTTP/1.1" 200 -
65.181.90.29 - - [13/Nov/2024:10:32:58 +0800] "GET /InternetTrading/longpoll/56035?X-Atmosphere-tracking-id=0&X-Atmosphere-Framework=2.2.3-javascript&X-Atmosphere-Transport=long-polling&X-Atmosphere-TrackMessageSize=true&Content-Type=charset%3Dutf-8&X-atmo-protocol=true&_=1731465368120 HTTP/1.1" 200 -
119.136.155.14 - - [13/Nov/2024:10:33:01 +0800] "GET /InternetTrading/longpoll/52832?X-Atmosphere-tracking-id=0&X-Atmosphere-Framework=2.2.3-javascript&X-Atmosphere-Transport=long-polling&X-Atmosphere-TrackMessageSize=true&Content-Type=charset%3Dutf-8&X-atmo-protocol=true&_=1731465421646 HTTP/1.1" 200 -
116.48.94.58 - - [13/Nov/2024:10:33:02 +0800] "GET /InternetTrading/longpoll/13363?X-Atmosphere-tracking-id=0&X-Atmosphere-Framework=2.2.3-javascript&X-Atmosphere-Transport=long-polling&X-Atmosphere-TrackMessageSize=true&Content-Type=charset%3Dutf-8&X-atmo-protocol=true&_=1731465374285 HTTP/1.1" 200 -
182.239.92.222 - - [13/Nov/2024:10:33:03 +0800] "GET /InternetTrading/longpoll/A8127?X-Atmosphere-tracking-id=0&X-Atmosphere-Framework=2.2.3-javascript&X-Atmosphere-Transport=long-polling&X-Atmosphere-TrackMessageSize=true&Content-Type=charset%3Dutf-8&X-atmo-protocol=true&_=1731465375359 HTTP/1.1" 200 -
65.181.90.29 - - [13/Nov/2024:10:33:04 +0800] "GET /InternetTrading/longpoll/56035?X-Atmosphere-tracking-id=0&X-Atmosphere-Framework=2.2.3-javascript&X-Atmosphere-Transport=long-polling&X-Atmosphere-TrackMessageSize=true&Content-Type=charset%3Dutf-8&X-atmo-protocol=true&_=1731465374128 HTTP/1.1" 200 -
119.136.155.14 - - [13/Nov/2024:10:33:06 +0800] "GET /InternetTrading/longpoll/52832?X-Atmosphere-tracking-id=0&X-Atmosphere-Framework=2.2.3-javascript&X-Atmosphere-Transport=long-polling&X-Atmosphere-TrackMessageSize=true&Content-Type=charset%3Dutf-8&X-atmo-protocol=true&_=1731465426935 HTTP/1.1" 200 -
116.48.94.58 - - [13/Nov/2024:10:33:07 +0800] "GET /InternetTrading/longpoll/13363?X-Atmosphere-tracking-id=0&X-Atmosphere-Framework=2.2.3-javascript&X-Atmosphere-Transport=long-polling&X-Atmosphere-TrackMessageSize=true&Content-Type=charset%3Dutf-8&X-atmo-protocol=true&_=1731465379327 HTTP/1.1" 200 -
182.239.92.222 - - [13/Nov/2024:10:33:08 +0800] "GET /InternetTrading/longpoll/A8127?X-Atmosphere-tracking-id=0&X-Atmosphere-Framework=2.2.3-javascript&X-Atmosphere-Transport=long-polling&X-Atmosphere-TrackMessageSize=true&Content-Type=charset%3Dutf-8&X-atmo-protocol=true&_=1731465380546 HTTP/1.1" 200 -
65.181.90.29 - - [13/Nov/2024:10:33:10 +0800] "GET /InternetTrading/longpoll/56035?X-Atmosphere-tracking-id=0&X-Atmosphere-Framework=2.2.3-javascript&X-Atmosphere-Transport=long-polling&X-Atmosphere-TrackMessageSize=true&Content-Type=charset%3Dutf-8&X-atmo-protocol=true&_=1731465380131 HTTP/1.1" 200 -
119.136.155.14 - - [13/Nov/2024:10:33:11 +0800] "GET /InternetTrading/longpoll/52832?X-Atmosphere-tracking-id=0&X-Atmosphere-Framework=2.2.3-javascript&X-Atmosphere-Transport=long-polling&X-Atmosphere-TrackMessageSize=true&Content-Type=charset%3Dutf-8&X-atmo-protocol=true&_=1731465432005 HTTP/1.1" 200 -
116.48.94.58 - - [13/Nov/2024:10:33:12 +0800] "GET /InternetTrading/longpoll/13363?X-Atmosphere-tracking-id=0&X-Atmosphere-Framework=2.2.3-javascript&X-Atmosphere-Transport=long-polling&X-Atmosphere-TrackMessageSize=true&Content-Type=charset%3Dutf-8&X-atmo-protocol=true&_=1731465384348 HTTP/1.1" 200 -
182.239.92.222 - - [13/Nov/2024:10:33:13 +0800] "GET /InternetTrading/longpoll/A8127?X-Atmosphere-tracking-id=0&X-Atmosphere-Framework=2.2.3-javascript&X-Atmosphere-Transport=long-polling&X-Atmosphere-TrackMessageSize=true&Content-Type=charset%3Dutf-8&X-atmo-protocol=true&_=1731465385736 HTTP/1.1" 200 -
119.136.155.14 - - [13/Nov/2024:10:33:13 +0800] "POST /InternetTrading/SessionErrorLogger HTTP/1.1" 200 117
119.136.155.14 - - [13/Nov/2024:10:33:13 +0800] "POST /InternetTrading/Heartbeat HTTP/1.1" 200 32
119.136.155.14 - - [13/Nov/2024:10:33:14 +0800] "POST /InternetTrading/SessionErrorLogger HTTP/1.1" 200 117
119.136.155.14 - - [13/Nov/2024:10:33:14 +0800] "POST /InternetTrading/MarketStatus HTTP/1.1" 200 772
182.239.92.222 - - [13/Nov/2024:10:33:15 +0800] "POST /InternetTrading/SessionErrorLogger HTTP/1.1" 200 117
182.239.92.222 - - [13/Nov/2024:10:33:15 +0800] "POST /InternetTrading/Heartbeat HTTP/1.1" 200 32
119.136.155.14 - - [13/Nov/2024:10:33:16 +0800] "GET /InternetTrading/longpoll/52832?X-Atmosphere-tracking-id=0&X-Atmosphere-Framework=2.2.3-javascript&X-Atmosphere-Transport=long-polling&X-Atmosphere-TrackMessageSize=true&Content-Type=charset%3Dutf-8&X-atmo-protocol=true&_=1731465437066 HTTP/1.1" 200 -
65.181.90.29 - - [13/Nov/2024:10:33:16 +0800] "GET /InternetTrading/longpoll/56035?X-Atmosphere-tracking-id=0&X-Atmosphere-Framework=2.2.3-javascript&X-Atmosphere-Transport=long-polling&X-Atmosphere-TrackMessageSize=true&Content-Type=charset%3Dutf-8&X-atmo-protocol=true&_=1731465386124 HTTP/1.1" 200 -
116.48.94.58 - - [13/Nov/2024:10:33:17 +0800] "GET /InternetTrading/longpoll/13363?X-Atmosphere-tracking-id=0&X-Atmosphere-Framework=2.2.3-javascript&X-Atmosphere-Transport=long-polling&X-Atmosphere-TrackMessageSize=true&Content-Type=charset%3Dutf-8&X-atmo-protocol=true&_=1731465389385 HTTP/1.1" 200 -
182.239.92.222 - - [13/Nov/2024:10:33:18 +0800] "GET /InternetTrading/longpoll/A8127?X-Atmosphere-tracking-id=0&X-Atmosphere-Framework=2.2.3-javascript&X-Atmosphere-Transport=long-polling&X-Atmosphere-TrackMessageSize=true&Content-Type=charset%3Dutf-8&X-atmo-protocol=true&_=1731465390932 HTTP/1.1" 200 -
119.136.155.14 - - [13/Nov/2024:10:33:21 +0800] "GET /InternetTrading/longpoll/52832?X-Atmosphere-tracking-id=0&X-Atmosphere-Framework=2.2.3-javascript&X-Atmosphere-Transport=long-polling&X-Atmosphere-TrackMessageSize=true&Content-Type=charset%3Dutf-8&X-atmo-protocol=true&_=1731465442087 HTTP/1.1" 200 -
65.181.90.29 - - [13/Nov/2024:10:33:22 +0800] "GET /InternetTrading/longpoll/56035?X-Atmosphere-tracking-id=0&X-Atmosphere-Framework=2.2.3-javascript&X-Atmosphere-Transport=long-polling&X-Atmosphere-TrackMessageSize=true&Content-Type=charset%3Dutf-8&X-atmo-protocol=true&_=1731465392131 HTTP/1.1" 200 -
116.48.94.58 - - [13/Nov/2024:10:33:22 +0800] "POST /InternetTrading/SessionErrorLogger HTTP/1.1" 200 117
116.48.94.58 - - [13/Nov/2024:10:33:22 +0800] "POST /InternetTrading/Heartbeat HTTP/1.1" 200 32
116.48.94.58 - - [13/Nov/2024:10:33:22 +0800] "POST /InternetTrading/SessionErrorLogger HTTP/1.1" 200 117
116.48.94.58 - - [13/Nov/2024:10:33:22 +0800] "POST /InternetTrading/MarketStatus HTTP/1.1" 200 772
116.48.94.58 - - [13/Nov/2024:10:33:22 +0800] "GET /InternetTrading/longpoll/13363?X-Atmosphere-tracking-id=0&X-Atmosphere-Framework=2.2.3-javascript&X-Atmosphere-Transport=long-polling&X-Atmosphere-TrackMessageSize=true&Content-Type=charset%3Dutf-8&X-atmo-protocol=true&_=1731465394402 HTTP/1.1" 200 -
182.239.92.222 - - [13/Nov/2024:10:33:23 +0800] "POST /InternetTrading/SessionErrorLogger HTTP/1.1" 200 117
182.239.92.222 - - [13/Nov/2024:10:33:23 +0800] "POST /InternetTrading/MarketStatus HTTP/1.1" 200 772
182.239.92.222 - - [13/Nov/2024:10:33:23 +0800] "GET /InternetTrading/longpoll/A8127?X-Atmosphere-tracking-id=0&X-Atmosphere-Framework=2.2.3-javascript&X-Atmosphere-Transport=long-polling&X-Atmosphere-TrackMessageSize=true&Content-Type=charset%3Dutf-8&X-atmo-protocol=true&_=1731465396057 HTTP/1.1" 200 -
119.136.155.14 - - [13/Nov/2024:10:33:26 +0800] "GET /InternetTrading/longpoll/52832?X-Atmosphere-tracking-id=0&X-Atmosphere-Framework=2.2.3-javascript&X-Atmosphere-Transport=long-polling&X-Atmosphere-TrackMessageSize=true&Content-Type=charset%3Dutf-8&X-atmo-protocol=true&_=1731465447670 HTTP/1.1" 200 -
116.48.94.58 - - [13/Nov/2024:10:33:27 +0800] "GET /InternetTrading/longpoll/13363?X-Atmosphere-tracking-id=0&X-Atmosphere-Framework=2.2.3-javascript&X-Atmosphere-Transport=long-polling&X-Atmosphere-TrackMessageSize=true&Content-Type=charset%3Dutf-8&X-atmo-protocol=true&_=1731465399417 HTTP/1.1" 200 -
65.181.90.29 - - [13/Nov/2024:10:33:28 +0800] "GET /InternetTrading/longpoll/56035?X-Atmosphere-tracking-id=0&X-Atmosphere-Framework=2.2.3-javascript&X-Atmosphere-Transport=long-polling&X-Atmosphere-TrackMessageSize=true&Content-Type=charset%3Dutf-8&X-atmo-protocol=true&_=1731465398133 HTTP/1.1" 200 -
182.239.92.222 - - [13/Nov/2024:10:33:28 +0800] "GET /InternetTrading/longpoll/A8127?X-Atmosphere-tracking-id=0&X-Atmosphere-Framework=2.2.3-javascript&X-Atmosphere-Transport=long-polling&X-Atmosphere-TrackMessageSize=true&Content-Type=charset%3Dutf-8&X-atmo-protocol=true&_=1731465401120 HTTP/1.1" 200 -
65.181.90.29 - - [13/Nov/2024:10:33:30 +0800] "POST /InternetTrading/SessionErrorLogger HTTP/1.1" 200 117
65.181.90.29 - - [13/Nov/2024:10:33:30 +0800] "POST /InternetTrading/MarketStatus HTTP/1.1" 200 772
65.181.90.29 - - [13/Nov/2024:10:33:30 +0800] "POST /InternetTrading/SessionErrorLogger HTTP/1.1" 200 117
65.181.90.29 - - [13/Nov/2024:10:33:30 +0800] "POST /InternetTrading/Heartbeat HTTP/1.1" 200 32
119.136.155.14 - - [13/Nov/2024:10:33:32 +0800] "GET /InternetTrading/longpoll/52832?X-Atmosphere-tracking-id=0&X-Atmosphere-Framework=2.2.3-javascript&X-Atmosphere-Transport=long-polling&X-Atmosphere-TrackMessageSize=true&Content-Type=charset%3Dutf-8&X-atmo-protocol=true&_=1731465452721 HTTP/1.1" 200 -
116.48.94.58 - - [13/Nov/2024:10:33:32 +0800] "GET /InternetTrading/longpoll/13363?X-Atmosphere-tracking-id=0&X-Atmosphere-Framework=2.2.3-javascript&X-Atmosphere-Transport=long-polling&X-Atmosphere-TrackMessageSize=true&Content-Type=charset%3Dutf-8&X-atmo-protocol=true&_=1731465404429 HTTP/1.1" 200 -
182.239.92.222 - - [13/Nov/2024:10:33:33 +0800] "GET /InternetTrading/longpoll/A8127?X-Atmosphere-tracking-id=0&X-Atmosphere-Framework=2.2.3-javascript&X-Atmosphere-Transport=long-polling&X-Atmosphere-TrackMessageSize=true&Content-Type=charset%3Dutf-8&X-atmo-protocol=true&_=1731465406254 HTTP/1.1" 200 -
65.181.90.29 - - [13/Nov/2024:10:33:34 +0800] "GET /InternetTrading/longpoll/56035?X-Atmosphere-tracking-id=0&X-Atmosphere-Framework=2.2.3-javascript&X-Atmosphere-Transport=long-polling&X-Atmosphere-TrackMessageSize=true&Content-Type=charset%3Dutf-8&X-atmo-protocol=true&_=1731465404123 HTTP/1.1" 200 -
119.136.155.14 - - [13/Nov/2024:10:33:37 +0800] "GET /InternetTrading/longpoll/52832?X-Atmosphere-tracking-id=0&X-Atmosphere-Framework=2.2.3-javascript&X-Atmosphere-Transport=long-polling&X-Atmosphere-TrackMessageSize=true&Content-Type=charset%3Dutf-8&X-atmo-protocol=true&_=1731465458050 HTTP/1.1" 200 -
116.48.94.58 - - [13/Nov/2024:10:33:38 +0800] "GET /InternetTrading/longpoll/13363?X-Atmosphere-tracking-id=0&X-Atmosphere-Framework=2.2.3-javascript&X-Atmosphere-Transport=long-polling&X-Atmosphere-TrackMessageSize=true&Content-Type=charset%3Dutf-8&X-atmo-protocol=true&_=1731465409452 HTTP/1.1" 200 -
182.239.92.222 - - [13/Nov/2024:10:33:39 +0800] "GET /InternetTrading/longpoll/A8127?X-Atmosphere-tracking-id=0&X-Atmosphere-Framework=2.2.3-javascript&X-Atmosphere-Transport=long-polling&X-Atmosphere-TrackMessageSize=true&Content-Type=charset%3Dutf-8&X-atmo-protocol=true&_=1731465411374 HTTP/1.1" 200 -
65.181.90.29 - - [13/Nov/2024:10:33:40 +0800] "GET /InternetTrading/longpoll/56035?X-Atmosphere-tracking-id=0&X-Atmosphere-Framework=2.2.3-javascript&X-Atmosphere-Transport=long-polling&X-Atmosphere-TrackMessageSize=true&Content-Type=charset%3Dutf-8&X-atmo-protocol=true&_=1731465410130 HTTP/1.1" 200 -
116.48.94.58 - - [13/Nov/2024:10:33:43 +0800] "GET /InternetTrading/longpoll/13363?X-Atmosphere-tracking-id=0&X-Atmosphere-Framework=2.2.3-javascript&X-Atmosphere-Transport=long-polling&X-Atmosphere-TrackMessageSize=true&Content-Type=charset%3Dutf-8&X-atmo-protocol=true&_=1731465414512 HTTP/1.1" 200 -
119.136.155.14 - - [13/Nov/2024:10:33:43 +0800] "POST /InternetTrading/SessionErrorLogger HTTP/1.1" 200 117
119.136.155.14 - - [13/Nov/2024:10:33:44 +0800] "GET /InternetTrading/longpoll/52832?X-Atmosphere-tracking-id=0&X-Atmosphere-Framework=2.2.3-javascript&X-Atmosphere-Transport=long-polling&X-Atmosphere-TrackMessageSize=true&Content-Type=charset%3Dutf-8&X-atmo-protocol=true&_=1731465463074 HTTP/1.1" 200 -
119.136.155.14 - - [13/Nov/2024:10:33:44 +0800] "POST /InternetTrading/Heartbeat HTTP/1.1" 200 32
119.136.155.14 - - [13/Nov/2024:10:33:44 +0800] "POST /InternetTrading/SessionErrorLogger HTTP/1.1" 200 117
119.136.155.14 - - [13/Nov/2024:10:33:44 +0800] "POST /InternetTrading/MarketStatus HTTP/1.1" 200 772
182.239.92.222 - - [13/Nov/2024:10:33:44 +0800] "GET /InternetTrading/longpoll/A8127?X-Atmosphere-tracking-id=0&X-Atmosphere-Framework=2.2.3-javascript&X-Atmosphere-Transport=long-polling&X-Atmosphere-TrackMessageSize=true&Content-Type=charset%3Dutf-8&X-atmo-protocol=true&_=1731465416523 HTTP/1.1" 200 -
182.239.92.222 - - [13/Nov/2024:10:33:45 +0800] "POST /InternetTrading/SessionErrorLogger HTTP/1.1" 200 117
182.239.92.222 - - [13/Nov/2024:10:33:45 +0800] "POST /InternetTrading/Heartbeat HTTP/1.1" 200 32
65.181.90.29 - - [13/Nov/2024:10:33:46 +0800] "GET /InternetTrading/longpoll/56035?X-Atmosphere-tracking-id=0&X-Atmosphere-Framework=2.2.3-javascript&X-Atmosphere-Transport=long-polling&X-Atmosphere-TrackMessageSize=true&Content-Type=charset%3Dutf-8&X-atmo-protocol=true&_=1731465416122 HTTP/1.1" 200 -
116.48.94.58 - - [13/Nov/2024:10:33:48 +0800] "GET /InternetTrading/longpoll/13363?X-Atmosphere-tracking-id=0&X-Atmosphere-Framework=2.2.3-javascript&X-Atmosphere-Transport=long-polling&X-Atmosphere-TrackMessageSize=true&Content-Type=charset%3Dutf-8&X-atmo-protocol=true&_=1731465419535 HTTP/1.1" 200 -
119.136.155.14 - - [13/Nov/2024:10:33:49 +0800] "GET /InternetTrading/longpoll/52832?X-Atmosphere-tracking-id=0&X-Atmosphere-Framework=2.2.3-javascript&X-Atmosphere-Transport=long-polling&X-Atmosphere-TrackMessageSize=true&Content-Type=charset%3Dutf-8&X-atmo-protocol=true&_=1731465469766 HTTP/1.1" 200 -
182.239.92.222 - - [13/Nov/2024:10:33:49 +0800] "GET /InternetTrading/longpoll/A8127?X-Atmosphere-tracking-id=0&X-Atmosphere-Framework=2.2.3-javascript&X-Atmosphere-Transport=long-polling&X-Atmosphere-TrackMessageSize=true&Content-Type=charset%3Dutf-8&X-atmo-protocol=true&_=1731465421681 HTTP/1.1" 200 -
65.181.90.29 - - [13/Nov/2024:10:33:52 +0800] "GET /InternetTrading/longpoll/56035?X-Atmosphere-tracking-id=0&X-Atmosphere-Framework=2.2.3-javascript&X-Atmosphere-Transport=long-polling&X-Atmosphere-TrackMessageSize=true&Content-Type=charset%3Dutf-8&X-atmo-protocol=true&_=1731465422132 HTTP/1.1" 200 -
116.48.94.58 - - [13/Nov/2024:10:33:52 +0800] "POST /InternetTrading/SessionErrorLogger HTTP/1.1" 200 117
116.48.94.58 - - [13/Nov/2024:10:33:52 +0800] "POST /InternetTrading/Heartbeat HTTP/1.1" 200 32
116.48.94.58 - - [13/Nov/2024:10:33:52 +0800] "POST /InternetTrading/SessionErrorLogger HTTP/1.1" 200 117
116.48.94.58 - - [13/Nov/2024:10:33:52 +0800] "POST /InternetTrading/MarketStatus HTTP/1.1" 200 772
116.48.94.58 - - [13/Nov/2024:10:33:53 +0800] "GET /InternetTrading/longpoll/13363?X-Atmosphere-tracking-id=0&X-Atmosphere-Framework=2.2.3-javascript&X-Atmosphere-Transport=long-polling&X-Atmosphere-TrackMessageSize=true&Content-Type=charset%3Dutf-8&X-atmo-protocol=true&_=1731465424583 HTTP/1.1" 200 -
182.239.92.222 - - [13/Nov/2024:10:33:53 +0800] "POST /InternetTrading/SessionErrorLogger HTTP/1.1" 200 117
182.239.92.222 - - [13/Nov/2024:10:33:53 +0800] "POST /InternetTrading/MarketStatus HTTP/1.1" 200 772
119.136.155.14 - - [13/Nov/2024:10:33:54 +0800] "GET /InternetTrading/longpoll/52832?X-Atmosphere-tracking-id=0&X-Atmosphere-Framework=2.2.3-javascript&X-Atmosphere-Transport=long-polling&X-Atmosphere-TrackMessageSize=true&Content-Type=charset%3Dutf-8&X-atmo-protocol=true&_=1731465474793 HTTP/1.1" 200 -
182.239.92.222 - - [13/Nov/2024:10:33:54 +0800] "GET /InternetTrading/longpoll/A8127?X-Atmosphere-tracking-id=0&X-Atmosphere-Framework=2.2.3-javascript&X-Atmosphere-Transport=long-polling&X-Atmosphere-TrackMessageSize=true&Content-Type=charset%3Dutf-8&X-atmo-protocol=true&_=1731465426761 HTTP/1.1" 200 -
116.48.94.58 - - [13/Nov/2024:10:33:58 +0800] "GET /InternetTrading/longpoll/13363?X-Atmosphere-tracking-id=0&X-Atmosphere-Framework=2.2.3-javascript&X-Atmosphere-Transport=long-polling&X-Atmosphere-TrackMessageSize=true&Content-Type=charset%3Dutf-8&X-atmo-protocol=true&_=1731465429604 HTTP/1.1" 200 -
65.181.90.29 - - [13/Nov/2024:10:33:58 +0800] "GET /InternetTrading/longpoll/56035?X-Atmosphere-tracking-id=0&X-Atmosphere-Framework=2.2.3-javascript&X-Atmosphere-Transport=long-polling&X-Atmosphere-TrackMessageSize=true&Content-Type=charset%3Dutf-8&X-atmo-protocol=true&_=1731465428128 HTTP/1.1" 200 -
119.136.155.14 - - [13/Nov/2024:10:33:59 +0800] "GET /InternetTrading/longpoll/52832?X-Atmosphere-tracking-id=0&X-Atmosphere-Framework=2.2.3-javascript&X-Atmosphere-Transport=long-polling&X-Atmosphere-TrackMessageSize=true&Content-Type=charset%3Dutf-8&X-atmo-protocol=true&_=1731465479838 HTTP/1.1" 200 -
182.239.92.222 - - [13/Nov/2024:10:33:59 +0800] "GET /InternetTrading/longpoll/A8127?X-Atmosphere-tracking-id=0&X-Atmosphere-Framework=2.2.3-javascript&X-Atmosphere-Transport=long-polling&X-Atmosphere-TrackMessageSize=true&Content-Type=charset%3Dutf-8&X-atmo-protocol=true&_=1731465431824 HTTP/1.1" 200 -
116.48.94.58 - - [13/Nov/2024:10:34:03 +0800] "GET /InternetTrading/longpoll/13363?X-Atmosphere-tracking-id=0&X-Atmosphere-Framework=2.2.3-javascript&X-Atmosphere-Transport=long-polling&X-Atmosphere-TrackMessageSize=true&Content-Type=charset%3Dutf-8&X-atmo-protocol=true&_=1731465434624 HTTP/1.1" 200 -
65.181.90.29 - - [13/Nov/2024:10:34:04 +0800] "GET /InternetTrading/longpoll/56035?X-Atmosphere-tracking-id=0&X-Atmosphere-Framework=2.2.3-javascript&X-Atmosphere-Transport=long-polling&X-Atmosphere-TrackMessageSize=true&Content-Type=charset%3Dutf-8&X-atmo-protocol=true&_=1731465434127 HTTP/1.1" 200 -
119.136.155.14 - - [13/Nov/2024:10:34:04 +0800] "GET /InternetTrading/longpoll/52832?X-Atmosphere-tracking-id=0&X-Atmosphere-Framework=2.2.3-javascript&X-Atmosphere-Transport=long-polling&X-Atmosphere-TrackMessageSize=true&Content-Type=charset%3Dutf-8&X-atmo-protocol=true&_=1731465484871 HTTP/1.1" 200 -
182.239.92.222 - - [13/Nov/2024:10:34:04 +0800] "GET /InternetTrading/longpoll/A8127?X-Atmosphere-tracking-id=0&X-Atmosphere-Framework=2.2.3-javascript&X-Atmosphere-Transport=long-polling&X-Atmosphere-TrackMessageSize=true&Content-Type=charset%3Dutf-8&X-atmo-protocol=true&_=1731465436984 HTTP/1.1" 200 -
116.48.94.58 - - [13/Nov/2024:10:34:08 +0800] "GET /InternetTrading/longpoll/13363?X-Atmosphere-tracking-id=0&X-Atmosphere-Framework=2.2.3-javascript&X-Atmosphere-Transport=long-polling&X-Atmosphere-TrackMessageSize=true&Content-Type=charset%3Dutf-8&X-atmo-protocol=true&_=1731465439650 HTTP/1.1" 200 -
119.136.155.14 - - [13/Nov/2024:10:34:09 +0800] "GET /InternetTrading/longpoll/52832?X-Atmosphere-tracking-id=0&X-Atmosphere-Framework=2.2.3-javascript&X-Atmosphere-Transport=long-polling&X-Atmosphere-TrackMessageSize=true&Content-Type=charset%3Dutf-8&X-atmo-protocol=true&_=1731465490258 HTTP/1.1" 200 -
182.239.92.222 - - [13/Nov/2024:10:34:09 +0800] "GET /InternetTrading/longpoll/A8127?X-Atmosphere-tracking-id=0&X-Atmosphere-Framework=2.2.3-javascript&X-Atmosphere-Transport=long-polling&X-Atmosphere-TrackMessageSize=true&Content-Type=charset%3Dutf-8&X-atmo-protocol=true&_=1731465442186 HTTP/1.1" 200 -
65.181.90.29 - - [13/Nov/2024:10:34:10 +0800] "GET /InternetTrading/longpoll/56035?X-Atmosphere-tracking-id=0&X-Atmosphere-Framework=2.2.3-javascript&X-Atmosphere-Transport=long-polling&X-Atmosphere-TrackMessageSize=true&Content-Type=charset%3Dutf-8&X-atmo-protocol=true&_=1731465440122 HTTP/1.1" 200 -
116.48.94.58 - - [13/Nov/2024:10:34:13 +0800] "GET /InternetTrading/longpoll/13363?X-Atmosphere-tracking-id=0&X-Atmosphere-Framework=2.2.3-javascript&X-Atmosphere-Transport=long-polling&X-Atmosphere-TrackMessageSize=true&Content-Type=charset%3Dutf-8&X-atmo-protocol=true&_=1731465444695 HTTP/1.1" 200 -
119.136.155.14 - - [13/Nov/2024:10:34:14 +0800] "POST /InternetTrading/SessionErrorLogger HTTP/1.1" 200 117
119.136.155.14 - - [13/Nov/2024:10:34:14 +0800] "POST /InternetTrading/Heartbeat HTTP/1.1" 200 32
119.136.155.14 - - [13/Nov/2024:10:34:14 +0800] "POST /InternetTrading/SessionErrorLogger HTTP/1.1" 200 117
119.136.155.14 - - [13/Nov/2024:10:34:14 +0800] "POST /InternetTrading/MarketStatus HTTP/1.1" 200 772
119.136.155.14 - - [13/Nov/2024:10:34:14 +0800] "GET /InternetTrading/longpoll/52832?X-Atmosphere-tracking-id=0&X-Atmosphere-Framework=2.2.3-javascript&X-Atmosphere-Transport=long-polling&X-Atmosphere-TrackMessageSize=true&Content-Type=charset%3Dutf-8&X-atmo-protocol=true&_=1731465495319 HTTP/1.1" 200 -
182.239.92.222 - - [13/Nov/2024:10:34:14 +0800] "GET /InternetTrading/longpoll/A8127?X-Atmosphere-tracking-id=0&X-Atmosphere-Framework=2.2.3-javascript&X-Atmosphere-Transport=long-polling&X-Atmosphere-TrackMessageSize=true&Content-Type=charset%3Dutf-8&X-atmo-protocol=true&_=1731465447330 HTTP/1.1" 200 -
182.239.92.222 - - [13/Nov/2024:10:34:15 +0800] "POST /InternetTrading/SessionErrorLogger HTTP/1.1" 200 117
182.239.92.222 - - [13/Nov/2024:10:34:15 +0800] "POST /InternetTrading/Heartbeat HTTP/1.1" 200 32
65.181.90.29 - - [13/Nov/2024:10:34:16 +0800] "GET /InternetTrading/longpoll/56035?X-Atmosphere-tracking-id=0&X-Atmosphere-Framework=2.2.3-javascript&X-Atmosphere-Transport=long-polling&X-Atmosphere-TrackMessageSize=true&Content-Type=charset%3Dutf-8&X-atmo-protocol=true&_=1731465446123 HTTP/1.1" 200 -
116.48.94.58 - - [13/Nov/2024:10:34:18 +0800] "GET /InternetTrading/longpoll/13363?X-Atmosphere-tracking-id=0&X-Atmosphere-Framework=2.2.3-javascript&X-Atmosphere-Transport=long-polling&X-Atmosphere-TrackMessageSize=true&Content-Type=charset%3Dutf-8&X-atmo-protocol=true&_=1731465449738 HTTP/1.1" 200 -
119.136.155.14 - - [13/Nov/2024:10:34:19 +0800] "GET /InternetTrading/longpoll/52832?X-Atmosphere-tracking-id=0&X-Atmosphere-Framework=2.2.3-javascript&X-Atmosphere-Transport=long-polling&X-Atmosphere-TrackMessageSize=true&Content-Type=charset%3Dutf-8&X-atmo-protocol=true&_=1731465500344 HTTP/1.1" 200 -
182.239.92.222 - - [13/Nov/2024:10:34:20 +0800] "GET /InternetTrading/longpoll/A8127?X-Atmosphere-tracking-id=0&X-Atmosphere-Framework=2.2.3-javascript&X-Atmosphere-Transport=long-polling&X-Atmosphere-TrackMessageSize=true&Content-Type=charset%3Dutf-8&X-atmo-protocol=true&_=1731465452452 HTTP/1.1" 200 -
65.181.90.29 - - [13/Nov/2024:10:34:22 +0800] "GET /InternetTrading/longpoll/56035?X-Atmosphere-tracking-id=0&X-Atmosphere-Framework=2.2.3-javascript&X-Atmosphere-Transport=long-polling&X-Atmosphere-TrackMessageSize=true&Content-Type=charset%3Dutf-8&X-atmo-protocol=true&_=1731465452125 HTTP/1.1" 200 -
116.48.94.58 - - [13/Nov/2024:10:34:22 +0800] "POST /InternetTrading/SessionErrorLogger HTTP/1.1" 200 117
116.48.94.58 - - [13/Nov/2024:10:34:22 +0800] "POST /InternetTrading/Heartbeat HTTP/1.1" 200 32
116.48.94.58 - - [13/Nov/2024:10:34:22 +0800] "POST /InternetTrading/SessionErrorLogger HTTP/1.1" 200 117
116.48.94.58 - - [13/Nov/2024:10:34:22 +0800] "POST /InternetTrading/MarketStatus HTTP/1.1" 200 772
116.48.94.58 - - [13/Nov/2024:10:34:23 +0800] "GET /InternetTrading/longpoll/13363?X-Atmosphere-tracking-id=0&X-Atmosphere-Framework=2.2.3-javascript&X-Atmosphere-Transport=long-polling&X-Atmosphere-TrackMessageSize=true&Content-Type=charset%3Dutf-8&X-atmo-protocol=true&_=1731465454759 HTTP/1.1" 200 -
182.239.92.222 - - [13/Nov/2024:10:34:23 +0800] "POST /InternetTrading/SessionErrorLogger HTTP/1.1" 200 117
182.239.92.222 - - [13/Nov/2024:10:34:23 +0800] "POST /InternetTrading/MarketStatus HTTP/1.1" 200 772
182.239.92.222 - - [13/Nov/2024:10:34:25 +0800] "GET /InternetTrading/longpoll/A8127?X-Atmosphere-tracking-id=0&X-Atmosphere-Framework=2.2.3-javascript&X-Atmosphere-Transport=long-polling&X-Atmosphere-TrackMessageSize=true&Content-Type=charset%3Dutf-8&X-atmo-protocol=true&_=1731465457558 HTTP/1.1" 200 -
119.136.155.14 - - [13/Nov/2024:10:34:26 +0800] "GET /InternetTrading/longpoll/52832?X-Atmosphere-tracking-id=0&X-Atmosphere-Framework=2.2.3-javascript&X-Atmosphere-Transport=long-polling&X-Atmosphere-TrackMessageSize=true&Content-Type=charset%3Dutf-8&X-atmo-protocol=true&_=1731465505467 HTTP/1.1" 200 -
116.48.94.58 - - [13/Nov/2024:10:34:28 +0800] "GET /InternetTrading/longpoll/13363?X-Atmosphere-tracking-id=0&X-Atmosphere-Framework=2.2.3-javascript&X-Atmosphere-Transport=long-polling&X-Atmosphere-TrackMessageSize=true&Content-Type=charset%3Dutf-8&X-atmo-protocol=true&_=1731465459776 HTTP/1.1" 200 -
65.181.90.29 - - [13/Nov/2024:10:34:28 +0800] "GET /InternetTrading/longpoll/56035?X-Atmosphere-tracking-id=0&X-Atmosphere-Framework=2.2.3-javascript&X-Atmosphere-Transport=long-polling&X-Atmosphere-TrackMessageSize=true&Content-Type=charset%3Dutf-8&X-atmo-protocol=true&_=1731465458125 HTTP/1.1" 200 -
182.239.92.222 - - [13/Nov/2024:10:34:30 +0800] "GET /InternetTrading/longpoll/A8127?X-Atmosphere-tracking-id=0&X-Atmosphere-Framework=2.2.3-javascript&X-Atmosphere-Transport=long-polling&X-Atmosphere-TrackMessageSize=true&Content-Type=charset%3Dutf-8&X-atmo-protocol=true&_=1731465462652 HTTP/1.1" 200 -
65.181.90.29 - - [13/Nov/2024:10:34:30 +0800] "POST /InternetTrading/SessionErrorLogger HTTP/1.1" 200 117
65.181.90.29 - - [13/Nov/2024:10:34:30 +0800] "POST /InternetTrading/MarketStatus HTTP/1.1" 200 772
65.181.90.29 - - [13/Nov/2024:10:34:30 +0800] "POST /InternetTrading/SessionErrorLogger HTTP/1.1" 200 117
65.181.90.29 - - [13/Nov/2024:10:34:30 +0800] "POST /InternetTrading/Heartbeat HTTP/1.1" 200 32
119.136.155.14 - - [13/Nov/2024:10:34:31 +0800] "GET /InternetTrading/longpoll/52832?X-Atmosphere-tracking-id=0&X-Atmosphere-Framework=2.2.3-javascript&X-Atmosphere-Transport=long-polling&X-Atmosphere-TrackMessageSize=true&Content-Type=charset%3Dutf-8&X-atmo-protocol=true&_=1731465511821 HTTP/1.1" 200 -
116.48.94.58 - - [13/Nov/2024:10:34:33 +0800] "GET /InternetTrading/longpoll/13363?X-Atmosphere-tracking-id=0&X-Atmosphere-Framework=2.2.3-javascript&X-Atmosphere-Transport=long-polling&X-Atmosphere-TrackMessageSize=true&Content-Type=charset%3Dutf-8&X-atmo-protocol=true&_=1731465464811 HTTP/1.1" 200 -
65.181.90.29 - - [13/Nov/2024:10:34:34 +0800] "GET /InternetTrading/longpoll/56035?X-Atmosphere-tracking-id=0&X-Atmosphere-Framework=2.2.3-javascript&X-Atmosphere-Transport=long-polling&X-Atmosphere-TrackMessageSize=true&Content-Type=charset%3Dutf-8&X-atmo-protocol=true&_=1731465464122 HTTP/1.1" 200 -
182.239.92.222 - - [13/Nov/2024:10:34:35 +0800] "GET /InternetTrading/longpoll/A8127?X-Atmosphere-tracking-id=0&X-Atmosphere-Framework=2.2.3-javascript&X-Atmosphere-Transport=long-polling&X-Atmosphere-TrackMessageSize=true&Content-Type=charset%3Dutf-8&X-atmo-protocol=true&_=1731465467878 HTTP/1.1" 200 -
119.136.155.14 - - [13/Nov/2024:10:34:36 +0800] "GET /InternetTrading/longpoll/52832?X-Atmosphere-tracking-id=0&X-Atmosphere-Framework=2.2.3-javascript&X-Atmosphere-Transport=long-polling&X-Atmosphere-TrackMessageSize=true&Content-Type=charset%3Dutf-8&X-atmo-protocol=true&_=1731465517146 HTTP/1.1" 200 -
116.48.94.58 - - [13/Nov/2024:10:34:38 +0800] "GET /InternetTrading/longpoll/13363?X-Atmosphere-tracking-id=0&X-Atmosphere-Framework=2.2.3-javascript&X-Atmosphere-Transport=long-polling&X-Atmosphere-TrackMessageSize=true&Content-Type=charset%3Dutf-8&X-atmo-protocol=true&_=1731465469833 HTTP/1.1" 200 -
65.181.90.29 - - [13/Nov/2024:10:34:40 +0800] "GET /InternetTrading/longpoll/56035?X-Atmosphere-tracking-id=0&X-Atmosphere-Framework=2.2.3-javascript&X-Atmosphere-Transport=long-polling&X-Atmosphere-TrackMessageSize=true&Content-Type=charset%3Dutf-8&X-atmo-protocol=true&_=1731465470125 HTTP/1.1" 200 -
182.239.92.222 - - [13/Nov/2024:10:34:40 +0800] "GET /InternetTrading/longpoll/A8127?X-Atmosphere-tracking-id=0&X-Atmosphere-Framework=2.2.3-javascript&X-Atmosphere-Transport=long-polling&X-Atmosphere-TrackMessageSize=true&Content-Type=charset%3Dutf-8&X-atmo-protocol=true&_=1731465473053 HTTP/1.1" 200 -
116.48.94.58 - - [13/Nov/2024:10:34:43 +0800] "GET /InternetTrading/longpoll/13363?X-Atmosphere-tracking-id=0&X-Atmosphere-Framework=2.2.3-javascript&X-Atmosphere-Transport=long-polling&X-Atmosphere-TrackMessageSize=true&Content-Type=charset%3Dutf-8&X-atmo-protocol=true&_=1731465474868 HTTP/1.1" 200 -
119.136.155.14 - - [13/Nov/2024:10:34:45 +0800] "GET /InternetTrading/longpoll/52832?X-Atmosphere-tracking-id=0&X-Atmosphere-Framework=2.2.3-javascript&X-Atmosphere-Transport=long-polling&X-Atmosphere-TrackMessageSize=true&Content-Type=charset%3Dutf-8&X-atmo-protocol=true&_=1731465522246 HTTP/1.1" 200 -
119.136.155.14 - - [13/Nov/2024:10:34:45 +0800] "POST /InternetTrading/SessionErrorLogger HTTP/1.1" 200 117
119.136.155.14 - - [13/Nov/2024:10:34:45 +0800] "POST /InternetTrading/Heartbeat HTTP/1.1" 200 15
182.239.92.222 - - [13/Nov/2024:10:34:45 +0800] "POST /InternetTrading/SessionErrorLogger HTTP/1.1" 200 117
182.239.92.222 - - [13/Nov/2024:10:34:45 +0800] "POST /InternetTrading/Heartbeat HTTP/1.1" 200 32
182.239.92.222 - - [13/Nov/2024:10:34:45 +0800] "GET /InternetTrading/longpoll/A8127?X-Atmosphere-tracking-id=0&X-Atmosphere-Framework=2.2.3-javascript&X-Atmosphere-Transport=long-polling&X-Atmosphere-TrackMessageSize=true&Content-Type=charset%3Dutf-8&X-atmo-protocol=true&_=1731465478234 HTTP/1.1" 200 -
65.181.90.29 - - [13/Nov/2024:10:34:46 +0800] "GET /InternetTrading/longpoll/56035?X-Atmosphere-tracking-id=0&X-Atmosphere-Framework=2.2.3-javascript&X-Atmosphere-Transport=long-polling&X-Atmosphere-TrackMessageSize=true&Content-Type=charset%3Dutf-8&X-atmo-protocol=true&_=1731465476119 HTTP/1.1" 200 -
116.48.94.58 - - [13/Nov/2024:10:34:48 +0800] "GET /InternetTrading/longpoll/13363?X-Atmosphere-tracking-id=0&X-Atmosphere-Framework=2.2.3-javascript&X-Atmosphere-Transport=long-polling&X-Atmosphere-TrackMessageSize=true&Content-Type=charset%3Dutf-8&X-atmo-protocol=true&_=1731465479881 HTTP/1.1" 200 -
119.136.155.14 - - [13/Nov/2024:10:34:50 +0800] "POST /InternetTrading/SessionErrorLogger HTTP/1.1" 200 117
119.136.155.14 - - [13/Nov/2024:10:34:50 +0800] "POST /InternetTrading/MarketStatus HTTP/1.1" 200 772
182.239.92.222 - - [13/Nov/2024:10:34:51 +0800] "GET /InternetTrading/longpoll/A8127?X-Atmosphere-tracking-id=0&X-Atmosphere-Framework=2.2.3-javascript&X-Atmosphere-Transport=long-polling&X-Atmosphere-TrackMessageSize=true&Content-Type=charset%3Dutf-8&X-atmo-protocol=true&_=1731465483337 HTTP/1.1" 200 -
65.181.90.29 - - [13/Nov/2024:10:34:52 +0800] "GET /InternetTrading/longpoll/56035?X-Atmosphere-tracking-id=0&X-Atmosphere-Framework=2.2.3-javascript&X-Atmosphere-Transport=long-polling&X-Atmosphere-TrackMessageSize=true&Content-Type=charset%3Dutf-8&X-atmo-protocol=true&_=1731465482135 HTTP/1.1" 200 -
116.48.94.58 - - [13/Nov/2024:10:34:52 +0800] "POST /InternetTrading/SessionErrorLogger HTTP/1.1" 200 117
116.48.94.58 - - [13/Nov/2024:10:34:52 +0800] "POST /InternetTrading/Heartbeat HTTP/1.1" 200 32
116.48.94.58 - - [13/Nov/2024:10:34:52 +0800] "POST /InternetTrading/SessionErrorLogger HTTP/1.1" 200 117
116.48.94.58 - - [13/Nov/2024:10:34:52 +0800] "POST /InternetTrading/MarketStatus HTTP/1.1" 200 772
116.48.94.58 - - [13/Nov/2024:10:34:53 +0800] "GET /InternetTrading/longpoll/13363?X-Atmosphere-tracking-id=0&X-Atmosphere-Framework=2.2.3-javascript&X-Atmosphere-Transport=long-polling&X-Atmosphere-TrackMessageSize=true&Content-Type=charset%3Dutf-8&X-atmo-protocol=true&_=1731465484899 HTTP/1.1" 200 -
182.239.92.222 - - [13/Nov/2024:10:34:53 +0800] "POST /InternetTrading/SessionErrorLogger HTTP/1.1" 200 117
182.239.92.222 - - [13/Nov/2024:10:34:53 +0800] "POST /InternetTrading/MarketStatus HTTP/1.1" 200 772
119.136.155.14 - - [13/Nov/2024:10:34:54 +0800] "GET /InternetTrading/longpoll/52832?X-Atmosphere-tracking-id=0&X-Atmosphere-Framework=2.2.3-javascript&X-Atmosphere-Transport=long-polling&X-Atmosphere-TrackMessageSize=true&Content-Type=charset%3Dutf-8&X-atmo-protocol=true&_=1731465534888 HTTP/1.1" 200 -
119.136.155.14 - - [13/Nov/2024:10:34:54 +0800] "GET /InternetTrading/tc/login.html HTTP/1.1" 200 1755
119.136.155.14 - - [13/Nov/2024:10:34:54 +0800] "GET /InternetTrading/jquery/jquery-migrate-3.0.0.js HTTP/1.1" 200 4963
119.136.155.14 - - [13/Nov/2024:10:34:54 +0800] "GET /InternetTrading/jquery/jquery.form-3.46.0.js HTTP/1.1" 200 5673
119.136.155.14 - - [13/Nov/2024:10:34:54 +0800] "GET /InternetTrading/jquery/jquery.validate-1.11.1.js HTTP/1.1" 200 7041
119.136.155.14 - - [13/Nov/2024:10:34:54 +0800] "GET /InternetTrading/jquery/additional-methods.js HTTP/1.1" 200 2238
119.136.155.14 - - [13/Nov/2024:10:34:54 +0800] "GET /InternetTrading/jquery/jquery.blockUI-2.66.0.js HTTP/1.1" 200 6651
119.136.155.14 - - [13/Nov/2024:10:34:54 +0800] "GET /InternetTrading/jquery/jquery-ui-personalized-1.6rc2.min.js HTTP/1.1" 200 55543
119.136.155.14 - - [13/Nov/2024:10:34:54 +0800] "GET /InternetTrading/tc/style_common.css?v=20200819161914 HTTP/1.1" 200 2540
119.136.155.14 - - [13/Nov/2024:10:34:54 +0800] "GET /InternetTrading/jquery/jquery.getParams.js HTTP/1.1" 200 587
119.136.155.14 - - [13/Nov/2024:10:34:54 +0800] "GET /InternetTrading/tc/user/translation.js?jsv=20200819161914 HTTP/1.1" 200 12818
119.136.155.14 - - [13/Nov/2024:10:34:54 +0800] "GET /InternetTrading/js/constants.js?jsv=20200819161914 HTTP/1.1" 200 400
119.136.155.14 - - [13/Nov/2024:10:34:54 +0800] "GET /InternetTrading/js/haitong.js?jsv=20200819161914 HTTP/1.1" 200 3881
119.136.155.14 - - [13/Nov/2024:10:34:54 +0800] "GET /InternetTrading/js/util.js?jsv=20200819161914 HTTP/1.1" 200 6636
119.136.155.14 - - [13/Nov/2024:10:34:54 +0800] "GET /InternetTrading/js/rsautil.js?jsv=20200819161914 HTTP/1.1" 200 1017
119.136.155.14 - - [13/Nov/2024:10:34:55 +0800] "GET /InternetTrading/tc/style.css?v=20200819161914 HTTP/1.1" 200 1435
119.136.155.14 - - [13/Nov/2024:10:34:55 +0800] "GET /InternetTrading/js/login.js?jsv=20200819161914 HTTP/1.1" 200 1684
119.136.155.14 - - [13/Nov/2024:10:34:55 +0800] "GET /InternetTrading/jquery/jquery-3.3.1.js HTTP/1.1" 200 80650
119.136.155.14 - - [13/Nov/2024:10:34:55 +0800] "GET /InternetTrading/js/version.js?jsv=20200819161914 HTTP/1.1" 200 85
119.136.155.14 - - [13/Nov/2024:10:34:55 +0800] "GET /InternetTrading/tc/user/custom_variables.js?jsv=20200819161914 HTTP/1.1" 200 275
119.136.155.14 - - [13/Nov/2024:10:34:55 +0800] "GET /InternetTrading/js/init.js?jsv=20200819161914 HTTP/1.1" 200 886
119.136.155.14 - - [13/Nov/2024:10:34:55 +0800] "GET /InternetTrading/js/string_extend.js?jsv=20200819161914 HTTP/1.1" 200 272
119.136.155.14 - - [13/Nov/2024:10:34:55 +0800] "GET /InternetTrading/js/pidcrypt.js?jsv=20200819161914 HTTP/1.1" 200 982
119.136.155.14 - - [13/Nov/2024:10:34:55 +0800] "GET /InternetTrading/js/pidcrypt_util.js?jsv=20200819161914 HTTP/1.1" 200 1206
119.136.155.14 - - [13/Nov/2024:10:34:55 +0800] "GET /InternetTrading/js/aes_cbc.js?jsv=20200819161914 HTTP/1.1" 200 2043
119.136.155.14 - - [13/Nov/2024:10:34:55 +0800] "GET /InternetTrading/js/aes_core.js?jsv=20200819161914 HTTP/1.1" 200 2106
119.136.155.14 - - [13/Nov/2024:10:34:55 +0800] "GET /InternetTrading/js/asn1.js?jsv=20200819161914 HTTP/1.1" 200 3099
119.136.155.14 - - [13/Nov/2024:10:34:55 +0800] "GET /InternetTrading/js/md5.js?jsv=20200819161914 HTTP/1.1" 200 1730
119.136.155.14 - - [13/Nov/2024:10:34:55 +0800] "GET /InternetTrading/js/sha256.js?jsv=20200819161914 HTTP/1.1" 200 1362
119.136.155.14 - - [13/Nov/2024:10:34:55 +0800] "GET /InternetTrading/js/jsbn.js?jsv=20200819161914 HTTP/1.1" 200 6736
119.136.155.14 - - [13/Nov/2024:10:34:55 +0800] "GET /InternetTrading/js/prng4.js?jsv=20200819161914 HTTP/1.1" 200 303
119.136.155.14 - - [13/Nov/2024:10:34:55 +0800] "GET /InternetTrading/js/rng.js?jsv=20200819161914 HTTP/1.1" 200 481
119.136.155.14 - - [13/Nov/2024:10:34:55 +0800] "GET /InternetTrading/jquery/jquery.timer-0.9.16.js HTTP/1.1" 200 542
119.136.155.14 - - [13/Nov/2024:10:34:55 +0800] "GET /InternetTrading/tc/images/bg_login.jpg HTTP/1.1" 200 29296
119.136.155.14 - - [13/Nov/2024:10:34:55 +0800] "GET /InternetTrading/js/rsa.js?jsv=20200819161914 HTTP/1.1" 200 1658
119.136.155.14 - - [13/Nov/2024:10:34:55 +0800] "GET /InternetTrading/tc/dialog.html?1731465536597 HTTP/1.1" 200 3188
119.136.155.14 - - [13/Nov/2024:10:34:55 +0800] "POST /InternetTrading/SystemMaintenanceCheck HTTP/1.1" 200 119
182.239.92.222 - - [13/Nov/2024:10:34:56 +0800] "GET /InternetTrading/longpoll/A8127?X-Atmosphere-tracking-id=0&X-Atmosphere-Framework=2.2.3-javascript&X-Atmosphere-Transport=long-polling&X-Atmosphere-TrackMessageSize=true&Content-Type=charset%3Dutf-8&X-atmo-protocol=true&_=1731465488535 HTTP/1.1" 200 -
65.181.90.29 - - [13/Nov/2024:10:34:58 +0800] "GET /InternetTrading/longpoll/56035?X-Atmosphere-tracking-id=0&X-Atmosphere-Framework=2.2.3-javascript&X-Atmosphere-Transport=long-polling&X-Atmosphere-TrackMessageSize=true&Content-Type=charset%3Dutf-8&X-atmo-protocol=true&_=1731465488121 HTTP/1.1" 200 -
116.48.94.58 - - [13/Nov/2024:10:34:58 +0800] "GET /InternetTrading/longpoll/13363?X-Atmosphere-tracking-id=0&X-Atmosphere-Framework=2.2.3-javascript&X-Atmosphere-Transport=long-polling&X-Atmosphere-TrackMessageSize=true&Content-Type=charset%3Dutf-8&X-atmo-protocol=true&_=1731465489926 HTTP/1.1" 200 -
182.239.92.222 - - [13/Nov/2024:10:35:01 +0800] "GET /InternetTrading/longpoll/A8127?X-Atmosphere-tracking-id=0&X-Atmosphere-Framework=2.2.3-javascript&X-Atmosphere-Transport=long-polling&X-Atmosphere-TrackMessageSize=true&Content-Type=charset%3Dutf-8&X-atmo-protocol=true&_=1731465493629 HTTP/1.1" 200 -
119.136.155.14 - - [13/Nov/2024:10:35:02 +0800] "POST /InternetTrading/CheckIsEnableRSA HTTP/1.1" 200 1
119.136.155.14 - - [13/Nov/2024:10:35:02 +0800] "POST /InternetTrading/CheckPwEncryptType HTTP/1.1" 200 -
119.136.155.14 - - [13/Nov/2024:10:35:02 +0800] "POST /InternetTrading/LoginKey HTTP/1.1" 200 -
119.136.155.14 - - [13/Nov/2024:10:35:03 +0800] "GET /InternetTrading/jquery/wait.gif HTTP/1.1" 200 432
116.48.94.58 - - [13/Nov/2024:10:35:03 +0800] "GET /InternetTrading/longpoll/13363?X-Atmosphere-tracking-id=0&X-Atmosphere-Framework=2.2.3-javascript&X-Atmosphere-Transport=long-polling&X-Atmosphere-TrackMessageSize=true&Content-Type=charset%3Dutf-8&X-atmo-protocol=true&_=1731465494953 HTTP/1.1" 200 -
119.136.155.14 - - [13/Nov/2024:10:35:02 +0800] "POST /InternetTrading/Login HTTP/1.1" 200 462
119.136.155.14 - - [13/Nov/2024:10:35:04 +0800] "GET /InternetTrading/tc/2FA_authentication.html?language=tc&version=HTML HTTP/1.1" 200 1468
119.136.155.14 - - [13/Nov/2024:10:35:04 +0800] "GET /InternetTrading/tc/style.css?v=20200819161914 HTTP/1.1" 200 1435
119.136.155.14 - - [13/Nov/2024:10:35:04 +0800] "GET /InternetTrading/tc/style_common.css?v=20200819161914 HTTP/1.1" 200 2540
119.136.155.14 - - [13/Nov/2024:10:35:04 +0800] "GET /InternetTrading/jquery/jquery-migrate-3.0.0.js HTTP/1.1" 200 4963
119.136.155.14 - - [13/Nov/2024:10:35:04 +0800] "GET /InternetTrading/jquery/jquery-ui-1.10.3.js HTTP/1.1" 200 69642
119.136.155.14 - - [13/Nov/2024:10:35:04 +0800] "GET /InternetTrading/jquery/jquery-3.3.1.js HTTP/1.1" 200 80650
119.136.155.14 - - [13/Nov/2024:10:35:04 +0800] "GET /InternetTrading/jquery/jquery.form-3.46.0.js HTTP/1.1" 200 5673
119.136.155.14 - - [13/Nov/2024:10:35:04 +0800] "GET /InternetTrading/jquery/jquery.validate-1.11.1.js HTTP/1.1" 200 7041
119.136.155.14 - - [13/Nov/2024:10:35:04 +0800] "GET /InternetTrading/jquery/jquery.blockUI-2.66.0-iAsiaEdition.js HTTP/1.1" 200 6651
119.136.155.14 - - [13/Nov/2024:10:35:04 +0800] "GET /InternetTrading/jquery/additional-methods.js HTTP/1.1" 200 2238
119.136.155.14 - - [13/Nov/2024:10:35:04 +0800] "GET /InternetTrading/jquery/jquery.timer-0.9.16.js HTTP/1.1" 200 542
119.136.155.14 - - [13/Nov/2024:10:35:04 +0800] "GET /InternetTrading/js/constants.js?jsv=20200819161914 HTTP/1.1" 200 400
119.136.155.14 - - [13/Nov/2024:10:35:04 +0800] "GET /InternetTrading/tc/user/translation.js?jsv=20200819161914 HTTP/1.1" 200 12818
119.136.155.14 - - [13/Nov/2024:10:35:04 +0800] "GET /InternetTrading/js/haitong.js?jsv=20200819161914 HTTP/1.1" 200 3881
119.136.155.14 - - [13/Nov/2024:10:35:04 +0800] "GET /InternetTrading/js/util.js?jsv=20200819161914 HTTP/1.1" 200 6636
119.136.155.14 - - [13/Nov/2024:10:35:04 +0800] "GET /InternetTrading/js/init.js?jsv=20200819161914 HTTP/1.1" 200 886
119.136.155.14 - - [13/Nov/2024:10:35:04 +0800] "GET /InternetTrading/tc/user/custom_variables.js?jsv=20200819161914 HTTP/1.1" 200 275
119.136.155.14 - - [13/Nov/2024:10:35:04 +0800] "GET /InternetTrading/js/2fa.js?jsv=20200819161914 HTTP/1.1" 200 1953
119.136.155.14 - - [13/Nov/2024:10:35:04 +0800] "GET /InternetTrading/js/login.js?jsv=20200819161914 HTTP/1.1" 200 1684
119.136.155.14 - - [13/Nov/2024:10:35:04 +0800] "GET /InternetTrading/settings/webpage_settings.js?jsv=20200819161914 HTTP/1.1" 200 33
119.136.155.14 - - [13/Nov/2024:10:35:04 +0800] "GET /InternetTrading/tc/images/logo.png HTTP/1.1" 200 7042
65.181.90.29 - - [13/Nov/2024:10:35:04 +0800] "GET /InternetTrading/longpoll/56035?X-Atmosphere-tracking-id=0&X-Atmosphere-Framework=2.2.3-javascript&X-Atmosphere-Transport=long-polling&X-Atmosphere-TrackMessageSize=true&Content-Type=charset%3Dutf-8&X-atmo-protocol=true&_=1731465494124 HTTP/1.1" 200 -
119.136.155.14 - - [13/Nov/2024:10:35:04 +0800] "GET /InternetTrading/jquery/jquery.getParams.js HTTP/1.1" 200 587
119.136.155.14 - - [13/Nov/2024:10:35:04 +0800] "GET /InternetTrading/js/login.js?jsv=20200819161914 HTTP/1.1" 200 1684
119.136.155.14 - - [13/Nov/2024:10:35:04 +0800] "GET /InternetTrading/tc/dialog.html?1731465545681 HTTP/1.1" 200 3188
119.136.155.14 - - [13/Nov/2024:10:35:04 +0800] "GET /InternetTrading/jquery/wait.gif HTTP/1.1" 200 432
119.136.155.14 - - [13/Nov/2024:10:35:04 +0800] "POST /InternetTrading/SystemMaintenanceCheck HTTP/1.1" 200 119
119.136.155.14 - - [13/Nov/2024:10:35:04 +0800] "POST /InternetTrading/Get2FAInfoService HTTP/1.1" 200 109
119.136.155.14 - - [13/Nov/2024:10:35:04 +0800] "POST /InternetTrading/SystemMaintenanceCheck HTTP/1.1" 200 119
182.239.92.222 - - [13/Nov/2024:10:35:06 +0800] "GET /InternetTrading/longpoll/A8127?X-Atmosphere-tracking-id=0&X-Atmosphere-Framework=2.2.3-javascript&X-Atmosphere-Transport=long-polling&X-Atmosphere-TrackMessageSize=true&Content-Type=charset%3Dutf-8&X-atmo-protocol=true&_=1731465498864 HTTP/1.1" 200 -
116.48.94.58 - - [13/Nov/2024:10:35:08 +0800] "GET /InternetTrading/longpoll/13363?X-Atmosphere-tracking-id=0&X-Atmosphere-Framework=2.2.3-javascript&X-Atmosphere-Transport=long-polling&X-Atmosphere-TrackMessageSize=true&Content-Type=charset%3Dutf-8&X-atmo-protocol=true&_=1731465500011 HTTP/1.1" 200 -
65.181.90.29 - - [13/Nov/2024:10:35:10 +0800] "GET /InternetTrading/longpoll/56035?X-Atmosphere-tracking-id=0&X-Atmosphere-Framework=2.2.3-javascript&X-Atmosphere-Transport=long-polling&X-Atmosphere-TrackMessageSize=true&Content-Type=charset%3Dutf-8&X-atmo-protocol=true&_=1731465500127 HTTP/1.1" 200 -
182.239.92.222 - - [13/Nov/2024:10:35:11 +0800] "GET /InternetTrading/longpoll/A8127?X-Atmosphere-tracking-id=0&X-Atmosphere-Framework=2.2.3-javascript&X-Atmosphere-Transport=long-polling&X-Atmosphere-TrackMessageSize=true&Content-Type=charset%3Dutf-8&X-atmo-protocol=true&_=1731465504041 HTTP/1.1" 200 -
116.48.94.58 - - [13/Nov/2024:10:35:13 +0800] "GET /InternetTrading/longpoll/13363?X-Atmosphere-tracking-id=0&X-Atmosphere-Framework=2.2.3-javascript&X-Atmosphere-Transport=long-polling&X-Atmosphere-TrackMessageSize=true&Content-Type=charset%3Dutf-8&X-atmo-protocol=true&_=1731465505047 HTTP/1.1" 200 -
182.239.92.222 - - [13/Nov/2024:10:35:15 +0800] "POST /InternetTrading/SessionErrorLogger HTTP/1.1" 200 117
182.239.92.222 - - [13/Nov/2024:10:35:15 +0800] "POST /InternetTrading/Heartbeat HTTP/1.1" 200 32
65.181.90.29 - - [13/Nov/2024:10:35:16 +0800] "GET /InternetTrading/longpoll/56035?X-Atmosphere-tracking-id=0&X-Atmosphere-Framework=2.2.3-javascript&X-Atmosphere-Transport=long-polling&X-Atmosphere-TrackMessageSize=true&Content-Type=charset%3Dutf-8&X-atmo-protocol=true&_=1731465506129 HTTP/1.1" 200 -
182.239.92.222 - - [13/Nov/2024:10:35:16 +0800] "GET /InternetTrading/longpoll/A8127?X-Atmosphere-tracking-id=0&X-Atmosphere-Framework=2.2.3-javascript&X-Atmosphere-Transport=long-polling&X-Atmosphere-TrackMessageSize=true&Content-Type=charset%3Dutf-8&X-atmo-protocol=true&_=1731465509316 HTTP/1.1" 200 -
116.48.94.58 - - [13/Nov/2024:10:35:18 +0800] "GET /InternetTrading/longpoll/13363?X-Atmosphere-tracking-id=0&X-Atmosphere-Framework=2.2.3-javascript&X-Atmosphere-Transport=long-polling&X-Atmosphere-TrackMessageSize=true&Content-Type=charset%3Dutf-8&X-atmo-protocol=true&_=1731465510073 HTTP/1.1" 200 -
119.136.155.14 - - [13/Nov/2024:10:35:19 +0800] "GET /InternetTrading/jquery/wait.gif HTTP/1.1" 200 432
119.136.155.14 - - [13/Nov/2024:10:35:19 +0800] "POST /InternetTrading/Verify2FAService HTTP/1.1" 200 426
119.136.155.14 - - [13/Nov/2024:10:35:19 +0800] "GET /InternetTrading/tc/main.html?language=tc&version=HTML HTTP/1.1" 200 3578
119.136.155.14 - - [13/Nov/2024:10:35:19 +0800] "GET /InternetTrading/jquery/ui.datepicker.css HTTP/1.1" 200 1145
119.136.155.14 - - [13/Nov/2024:10:35:19 +0800] "GET /InternetTrading/jquery/jquery.tablesorter-theme.blue.css HTTP/1.1" 200 2083
119.136.155.14 - - [13/Nov/2024:10:35:19 +0800] "GET /InternetTrading/jquery/jquery-ui-1.10.3.css HTTP/1.1" 200 5283
119.136.155.14 - - [13/Nov/2024:10:35:19 +0800] "GET /InternetTrading/jquery/dragtable-2.0.9.css HTTP/1.1" 200 316
119.136.155.14 - - [13/Nov/2024:10:35:19 +0800] "GET /InternetTrading/tc/style_common.css?v=20200819161914 HTTP/1.1" 200 2540
119.136.155.14 - - [13/Nov/2024:10:35:19 +0800] "GET /InternetTrading/tc/style.css?v=20200819161914 HTTP/1.1" 200 1435
119.136.155.14 - - [13/Nov/2024:10:35:19 +0800] "GET /InternetTrading/tc/css/jquery.jscrollpane.css HTTP/1.1" 404 690
