182.239.115.26 - - [27/Nov/2024:10:11:03 +0800] "GET /InternetTrading/longpoll/A8127?X-Atmosphere-tracking-id=0&X-Atmosphere-Framework=2.2.3-javascript&X-Atmosphere-Transport=long-polling&X-Atmosphere-TrackMessageSize=true&Content-Type=charset%3Dutf-8&X-atmo-protocol=true&_=1732673670643 HTTP/1.1" 200 -
60.246.219.45 - - [27/Nov/2024:10:11:03 +0800] "GET /InternetTrading/longpoll/11736?X-Atmosphere-tracking-id=0&X-Atmosphere-Framework=2.2.3-javascript&X-Atmosphere-Transport=long-polling&X-Atmosphere-TrackMessageSize=true&Content-Type=charset%3Dutf-8&X-atmo-protocol=true&_=1732673669708 HTTP/1.1" 200 -
119.136.153.188 - - [27/Nov/2024:10:11:04 +0800] "GET /InternetTrading/longpoll/52832?X-Atmosphere-tracking-id=0&X-Atmosphere-Framework=2.2.3-javascript&X-Atmosphere-Transport=long-polling&X-Atmosphere-TrackMessageSize=true&Content-Type=charset%3Dutf-8&X-atmo-protocol=true&_=1732673671229 HTTP/1.1" 200 -
182.239.115.26 - - [27/Nov/2024:10:11:07 +0800] "POST /InternetTrading/SessionErrorLogger HTTP/1.1" 200 117
182.239.115.26 - - [27/Nov/2024:10:11:07 +0800] "POST /InternetTrading/Heartbeat HTTP/1.1" 200 32
182.239.115.26 - - [27/Nov/2024:10:11:07 +0800] "POST /InternetTrading/SessionErrorLogger HTTP/1.1" 200 117
182.239.115.26 - - [27/Nov/2024:10:11:07 +0800] "POST /InternetTrading/MarketStatus HTTP/1.1" 200 772
182.239.115.26 - - [27/Nov/2024:10:11:08 +0800] "GET /InternetTrading/longpoll/A8127?X-Atmosphere-tracking-id=0&X-Atmosphere-Framework=2.2.3-javascript&X-Atmosphere-Transport=long-polling&X-Atmosphere-TrackMessageSize=true&Content-Type=charset%3Dutf-8&X-atmo-protocol=true&_=1732673675866 HTTP/1.1" 200 -
60.246.219.45 - - [27/Nov/2024:10:11:08 +0800] "GET /InternetTrading/longpoll/11736?X-Atmosphere-tracking-id=0&X-Atmosphere-Framework=2.2.3-javascript&X-Atmosphere-Transport=long-polling&X-Atmosphere-TrackMessageSize=true&Content-Type=charset%3Dutf-8&X-atmo-protocol=true&_=1732673674761 HTTP/1.1" 200 -
119.136.153.188 - - [27/Nov/2024:10:11:10 +0800] "GET /InternetTrading/longpoll/52832?X-Atmosphere-tracking-id=0&X-Atmosphere-Framework=2.2.3-javascript&X-Atmosphere-Transport=long-polling&X-Atmosphere-TrackMessageSize=true&Content-Type=charset%3Dutf-8&X-atmo-protocol=true&_=1732673677238 HTTP/1.1" 200 -
182.239.115.26 - - [27/Nov/2024:10:11:13 +0800] "GET /InternetTrading/longpoll/A8127?X-Atmosphere-tracking-id=0&X-Atmosphere-Framework=2.2.3-javascript&X-Atmosphere-Transport=long-polling&X-Atmosphere-TrackMessageSize=true&Content-Type=charset%3Dutf-8&X-atmo-protocol=true&_=1732673680950 HTTP/1.1" 200 -
60.246.219.45 - - [27/Nov/2024:10:11:13 +0800] "GET /InternetTrading/longpoll/11736?X-Atmosphere-tracking-id=0&X-Atmosphere-Framework=2.2.3-javascript&X-Atmosphere-Transport=long-polling&X-Atmosphere-TrackMessageSize=true&Content-Type=charset%3Dutf-8&X-atmo-protocol=true&_=1732673679817 HTTP/1.1" 200 -
60.246.219.45 - - [27/Nov/2024:10:11:15 +0800] "POST /InternetTrading/SessionErrorLogger HTTP/1.1" 200 117
60.246.219.45 - - [27/Nov/2024:10:11:15 +0800] "POST /InternetTrading/Heartbeat HTTP/1.1" 200 32
60.246.219.45 - - [27/Nov/2024:10:11:15 +0800] "POST /InternetTrading/SessionErrorLogger HTTP/1.1" 200 117
60.246.219.45 - - [27/Nov/2024:10:11:15 +0800] "POST /InternetTrading/MarketStatus HTTP/1.1" 200 772
119.136.153.188 - - [27/Nov/2024:10:11:17 +0800] "GET /InternetTrading/longpoll/52832?X-Atmosphere-tracking-id=0&X-Atmosphere-Framework=2.2.3-javascript&X-Atmosphere-Transport=long-polling&X-Atmosphere-TrackMessageSize=true&Content-Type=charset%3Dutf-8&X-atmo-protocol=true&_=1732673683237 HTTP/1.1" 200 -
182.239.115.26 - - [27/Nov/2024:10:11:18 +0800] "GET /InternetTrading/longpoll/A8127?X-Atmosphere-tracking-id=0&X-Atmosphere-Framework=2.2.3-javascript&X-Atmosphere-Transport=long-polling&X-Atmosphere-TrackMessageSize=true&Content-Type=charset%3Dutf-8&X-atmo-protocol=true&_=1732673686109 HTTP/1.1" 200 -
60.246.219.45 - - [27/Nov/2024:10:11:18 +0800] "GET /InternetTrading/longpoll/11736?X-Atmosphere-tracking-id=0&X-Atmosphere-Framework=2.2.3-javascript&X-Atmosphere-Transport=long-polling&X-Atmosphere-TrackMessageSize=true&Content-Type=charset%3Dutf-8&X-atmo-protocol=true&_=1732673684844 HTTP/1.1" 200 -
182.239.115.26 - - [27/Nov/2024:10:11:23 +0800] "GET /InternetTrading/longpoll/A8127?X-Atmosphere-tracking-id=0&X-Atmosphere-Framework=2.2.3-javascript&X-Atmosphere-Transport=long-polling&X-Atmosphere-TrackMessageSize=true&Content-Type=charset%3Dutf-8&X-atmo-protocol=true&_=1732673691264 HTTP/1.1" 200 -
60.246.219.45 - - [27/Nov/2024:10:11:23 +0800] "GET /InternetTrading/longpoll/11736?X-Atmosphere-tracking-id=0&X-Atmosphere-Framework=2.2.3-javascript&X-Atmosphere-Transport=long-polling&X-Atmosphere-TrackMessageSize=true&Content-Type=charset%3Dutf-8&X-atmo-protocol=true&_=1732673689872 HTTP/1.1" 200 -
119.136.153.188 - - [27/Nov/2024:10:11:24 +0800] "GET /InternetTrading/longpoll/52832?X-Atmosphere-tracking-id=0&X-Atmosphere-Framework=2.2.3-javascript&X-Atmosphere-Transport=long-polling&X-Atmosphere-TrackMessageSize=true&Content-Type=charset%3Dutf-8&X-atmo-protocol=true&_=1732673690226 HTTP/1.1" 200 -
60.246.219.45 - - [27/Nov/2024:10:11:28 +0800] "GET /InternetTrading/longpoll/11736?X-Atmosphere-tracking-id=0&X-Atmosphere-Framework=2.2.3-javascript&X-Atmosphere-Transport=long-polling&X-Atmosphere-TrackMessageSize=true&Content-Type=charset%3Dutf-8&X-atmo-protocol=true&_=1732673694908 HTTP/1.1" 200 -
182.239.115.26 - - [27/Nov/2024:10:11:29 +0800] "GET /InternetTrading/longpoll/A8127?X-Atmosphere-tracking-id=0&X-Atmosphere-Framework=2.2.3-javascript&X-Atmosphere-Transport=long-polling&X-Atmosphere-TrackMessageSize=true&Content-Type=charset%3Dutf-8&X-atmo-protocol=true&_=1732673696463 HTTP/1.1" 200 -
119.136.153.188 - - [27/Nov/2024:10:11:30 +0800] "GET /InternetTrading/longpoll/52832?X-Atmosphere-tracking-id=0&X-Atmosphere-Framework=2.2.3-javascript&X-Atmosphere-Transport=long-polling&X-Atmosphere-TrackMessageSize=true&Content-Type=charset%3Dutf-8&X-atmo-protocol=true&_=1732673697228 HTTP/1.1" 200 -
60.246.219.45 - - [27/Nov/2024:10:11:33 +0800] "GET /InternetTrading/longpoll/11736?X-Atmosphere-tracking-id=0&X-Atmosphere-Framework=2.2.3-javascript&X-Atmosphere-Transport=long-polling&X-Atmosphere-TrackMessageSize=true&Content-Type=charset%3Dutf-8&X-atmo-protocol=true&_=1732673699956 HTTP/1.1" 200 -
182.239.115.26 - - [27/Nov/2024:10:11:34 +0800] "GET /InternetTrading/longpoll/A8127?X-Atmosphere-tracking-id=0&X-Atmosphere-Framework=2.2.3-javascript&X-Atmosphere-Transport=long-polling&X-Atmosphere-TrackMessageSize=true&Content-Type=charset%3Dutf-8&X-atmo-protocol=true&_=1732673701660 HTTP/1.1" 200 -
119.136.153.188 - - [27/Nov/2024:10:11:36 +0800] "GET /InternetTrading/longpoll/52832?X-Atmosphere-tracking-id=0&X-Atmosphere-Framework=2.2.3-javascript&X-Atmosphere-Transport=long-polling&X-Atmosphere-TrackMessageSize=true&Content-Type=charset%3Dutf-8&X-atmo-protocol=true&_=1732673703228 HTTP/1.1" 200 -
182.239.115.26 - - [27/Nov/2024:10:11:37 +0800] "POST /InternetTrading/SessionErrorLogger HTTP/1.1" 200 117
182.239.115.26 - - [27/Nov/2024:10:11:37 +0800] "POST /InternetTrading/Heartbeat HTTP/1.1" 200 32
182.239.115.26 - - [27/Nov/2024:10:11:37 +0800] "POST /InternetTrading/SessionErrorLogger HTTP/1.1" 200 117
182.239.115.26 - - [27/Nov/2024:10:11:37 +0800] "POST /InternetTrading/MarketStatus HTTP/1.1" 200 772
60.246.219.45 - - [27/Nov/2024:10:11:39 +0800] "GET /InternetTrading/longpoll/11736?X-Atmosphere-tracking-id=0&X-Atmosphere-Framework=2.2.3-javascript&X-Atmosphere-Transport=long-polling&X-Atmosphere-TrackMessageSize=true&Content-Type=charset%3Dutf-8&X-atmo-protocol=true&_=1732673704998 HTTP/1.1" 200 -
182.239.115.26 - - [27/Nov/2024:10:11:39 +0800] "GET /InternetTrading/longpoll/A8127?X-Atmosphere-tracking-id=0&X-Atmosphere-Framework=2.2.3-javascript&X-Atmosphere-Transport=long-polling&X-Atmosphere-TrackMessageSize=true&Content-Type=charset%3Dutf-8&X-atmo-protocol=true&_=1732673706837 HTTP/1.1" 200 -
119.136.153.188 - - [27/Nov/2024:10:11:42 +0800] "GET /InternetTrading/longpoll/52832?X-Atmosphere-tracking-id=0&X-Atmosphere-Framework=2.2.3-javascript&X-Atmosphere-Transport=long-polling&X-Atmosphere-TrackMessageSize=true&Content-Type=charset%3Dutf-8&X-atmo-protocol=true&_=1732673709237 HTTP/1.1" 200 -
60.246.219.45 - - [27/Nov/2024:10:11:44 +0800] "GET /InternetTrading/longpoll/11736?X-Atmosphere-tracking-id=0&X-Atmosphere-Framework=2.2.3-javascript&X-Atmosphere-Transport=long-polling&X-Atmosphere-TrackMessageSize=true&Content-Type=charset%3Dutf-8&X-atmo-protocol=true&_=1732673710034 HTTP/1.1" 200 -
182.239.115.26 - - [27/Nov/2024:10:11:44 +0800] "GET /InternetTrading/longpoll/A8127?X-Atmosphere-tracking-id=0&X-Atmosphere-Framework=2.2.3-javascript&X-Atmosphere-Transport=long-polling&X-Atmosphere-TrackMessageSize=true&Content-Type=charset%3Dutf-8&X-atmo-protocol=true&_=1732673711896 HTTP/1.1" 200 -
60.246.219.45 - - [27/Nov/2024:10:11:45 +0800] "POST /InternetTrading/SessionErrorLogger HTTP/1.1" 200 117
60.246.219.45 - - [27/Nov/2024:10:11:45 +0800] "POST /InternetTrading/Heartbeat HTTP/1.1" 200 32
60.246.219.45 - - [27/Nov/2024:10:11:45 +0800] "POST /InternetTrading/SessionErrorLogger HTTP/1.1" 200 117
60.246.219.45 - - [27/Nov/2024:10:11:45 +0800] "POST /InternetTrading/MarketStatus HTTP/1.1" 200 772
119.136.153.188 - - [27/Nov/2024:10:11:48 +0800] "GET /InternetTrading/longpoll/52832?X-Atmosphere-tracking-id=0&X-Atmosphere-Framework=2.2.3-javascript&X-Atmosphere-Transport=long-polling&X-Atmosphere-TrackMessageSize=true&Content-Type=charset%3Dutf-8&X-atmo-protocol=true&_=1732673715231 HTTP/1.1" 200 -
60.246.219.45 - - [27/Nov/2024:10:11:49 +0800] "GET /InternetTrading/longpoll/11736?X-Atmosphere-tracking-id=0&X-Atmosphere-Framework=2.2.3-javascript&X-Atmosphere-Transport=long-polling&X-Atmosphere-TrackMessageSize=true&Content-Type=charset%3Dutf-8&X-atmo-protocol=true&_=1732673715072 HTTP/1.1" 200 -
182.239.115.26 - - [27/Nov/2024:10:11:49 +0800] "GET /InternetTrading/longpoll/A8127?X-Atmosphere-tracking-id=0&X-Atmosphere-Framework=2.2.3-javascript&X-Atmosphere-Transport=long-polling&X-Atmosphere-TrackMessageSize=true&Content-Type=charset%3Dutf-8&X-atmo-protocol=true&_=1732673717101 HTTP/1.1" 200 -
119.136.153.188 - - [27/Nov/2024:10:11:51 +0800] "POST /InternetTrading/SessionErrorLogger HTTP/1.1" 200 117
119.136.153.188 - - [27/Nov/2024:10:11:51 +0800] "POST /InternetTrading/SessionErrorLogger HTTP/1.1" 200 117
119.136.153.188 - - [27/Nov/2024:10:11:51 +0800] "POST /InternetTrading/Heartbeat HTTP/1.1" 200 32
119.136.153.188 - - [27/Nov/2024:10:11:51 +0800] "POST /InternetTrading/MarketStatus HTTP/1.1" 200 772
60.246.219.45 - - [27/Nov/2024:10:11:54 +0800] "GET /InternetTrading/longpoll/11736?X-Atmosphere-tracking-id=0&X-Atmosphere-Framework=2.2.3-javascript&X-Atmosphere-Transport=long-polling&X-Atmosphere-TrackMessageSize=true&Content-Type=charset%3Dutf-8&X-atmo-protocol=true&_=1732673720097 HTTP/1.1" 200 -
119.136.153.188 - - [27/Nov/2024:10:11:54 +0800] "GET /InternetTrading/longpoll/52832?X-Atmosphere-tracking-id=0&X-Atmosphere-Framework=2.2.3-javascript&X-Atmosphere-Transport=long-polling&X-Atmosphere-TrackMessageSize=true&Content-Type=charset%3Dutf-8&X-atmo-protocol=true&_=1732673721235 HTTP/1.1" 200 -
182.239.115.26 - - [27/Nov/2024:10:11:54 +0800] "GET /InternetTrading/longpoll/A8127?X-Atmosphere-tracking-id=0&X-Atmosphere-Framework=2.2.3-javascript&X-Atmosphere-Transport=long-polling&X-Atmosphere-TrackMessageSize=true&Content-Type=charset%3Dutf-8&X-atmo-protocol=true&_=1732673722258 HTTP/1.1" 200 -
60.246.219.45 - - [27/Nov/2024:10:11:59 +0800] "GET /InternetTrading/longpoll/11736?X-Atmosphere-tracking-id=0&X-Atmosphere-Framework=2.2.3-javascript&X-Atmosphere-Transport=long-polling&X-Atmosphere-TrackMessageSize=true&Content-Type=charset%3Dutf-8&X-atmo-protocol=true&_=1732673725135 HTTP/1.1" 200 -
182.239.115.26 - - [27/Nov/2024:10:12:00 +0800] "GET /InternetTrading/longpoll/A8127?X-Atmosphere-tracking-id=0&X-Atmosphere-Framework=2.2.3-javascript&X-Atmosphere-Transport=long-polling&X-Atmosphere-TrackMessageSize=true&Content-Type=charset%3Dutf-8&X-atmo-protocol=true&_=1732673727420 HTTP/1.1" 200 -
119.136.153.188 - - [27/Nov/2024:10:12:00 +0800] "GET /InternetTrading/longpoll/52832?X-Atmosphere-tracking-id=0&X-Atmosphere-Framework=2.2.3-javascript&X-Atmosphere-Transport=long-polling&X-Atmosphere-TrackMessageSize=true&Content-Type=charset%3Dutf-8&X-atmo-protocol=true&_=1732673727226 HTTP/1.1" 200 -
60.246.219.45 - - [27/Nov/2024:10:12:04 +0800] "GET /InternetTrading/longpoll/11736?X-Atmosphere-tracking-id=0&X-Atmosphere-Framework=2.2.3-javascript&X-Atmosphere-Transport=long-polling&X-Atmosphere-TrackMessageSize=true&Content-Type=charset%3Dutf-8&X-atmo-protocol=true&_=1732673730178 HTTP/1.1" 200 -
182.239.115.26 - - [27/Nov/2024:10:12:05 +0800] "GET /InternetTrading/longpoll/A8127?X-Atmosphere-tracking-id=0&X-Atmosphere-Framework=2.2.3-javascript&X-Atmosphere-Transport=long-polling&X-Atmosphere-TrackMessageSize=true&Content-Type=charset%3Dutf-8&X-atmo-protocol=true&_=1732673732627 HTTP/1.1" 200 -
119.136.153.188 - - [27/Nov/2024:10:12:06 +0800] "GET /InternetTrading/longpoll/52832?X-Atmosphere-tracking-id=0&X-Atmosphere-Framework=2.2.3-javascript&X-Atmosphere-Transport=long-polling&X-Atmosphere-TrackMessageSize=true&Content-Type=charset%3Dutf-8&X-atmo-protocol=true&_=1732673733232 HTTP/1.1" 200 -
182.239.115.26 - - [27/Nov/2024:10:12:07 +0800] "POST /InternetTrading/SessionErrorLogger HTTP/1.1" 200 117
182.239.115.26 - - [27/Nov/2024:10:12:07 +0800] "POST /InternetTrading/Heartbeat HTTP/1.1" 200 32
182.239.115.26 - - [27/Nov/2024:10:12:07 +0800] "POST /InternetTrading/SessionErrorLogger HTTP/1.1" 200 117
182.239.115.26 - - [27/Nov/2024:10:12:07 +0800] "POST /InternetTrading/MarketStatus HTTP/1.1" 200 772
60.246.219.45 - - [27/Nov/2024:10:12:09 +0800] "GET /InternetTrading/longpoll/11736?X-Atmosphere-tracking-id=0&X-Atmosphere-Framework=2.2.3-javascript&X-Atmosphere-Transport=long-polling&X-Atmosphere-TrackMessageSize=true&Content-Type=charset%3Dutf-8&X-atmo-protocol=true&_=1732673735233 HTTP/1.1" 200 -
182.239.115.26 - - [27/Nov/2024:10:12:10 +0800] "GET /InternetTrading/longpoll/A8127?X-Atmosphere-tracking-id=0&X-Atmosphere-Framework=2.2.3-javascript&X-Atmosphere-Transport=long-polling&X-Atmosphere-TrackMessageSize=true&Content-Type=charset%3Dutf-8&X-atmo-protocol=true&_=1732673737833 HTTP/1.1" 200 -
119.136.153.188 - - [27/Nov/2024:10:12:12 +0800] "GET /InternetTrading/longpoll/52832?X-Atmosphere-tracking-id=0&X-Atmosphere-Framework=2.2.3-javascript&X-Atmosphere-Transport=long-polling&X-Atmosphere-TrackMessageSize=true&Content-Type=charset%3Dutf-8&X-atmo-protocol=true&_=1732673739231 HTTP/1.1" 200 -
60.246.219.45 - - [27/Nov/2024:10:12:14 +0800] "GET /InternetTrading/longpoll/11736?X-Atmosphere-tracking-id=0&X-Atmosphere-Framework=2.2.3-javascript&X-Atmosphere-Transport=long-polling&X-Atmosphere-TrackMessageSize=true&Content-Type=charset%3Dutf-8&X-atmo-protocol=true&_=1732673740281 HTTP/1.1" 200 -
182.239.115.26 - - [27/Nov/2024:10:12:15 +0800] "GET /InternetTrading/longpoll/A8127?X-Atmosphere-tracking-id=0&X-Atmosphere-Framework=2.2.3-javascript&X-Atmosphere-Transport=long-polling&X-Atmosphere-TrackMessageSize=true&Content-Type=charset%3Dutf-8&X-atmo-protocol=true&_=1732673742904 HTTP/1.1" 200 -
60.246.219.45 - - [27/Nov/2024:10:12:15 +0800] "POST /InternetTrading/SessionErrorLogger HTTP/1.1" 200 117
60.246.219.45 - - [27/Nov/2024:10:12:15 +0800] "POST /InternetTrading/Heartbeat HTTP/1.1" 200 32
60.246.219.45 - - [27/Nov/2024:10:12:15 +0800] "POST /InternetTrading/SessionErrorLogger HTTP/1.1" 200 117
60.246.219.45 - - [27/Nov/2024:10:12:15 +0800] "POST /InternetTrading/MarketStatus HTTP/1.1" 200 772
119.136.153.188 - - [27/Nov/2024:10:12:18 +0800] "GET /InternetTrading/longpoll/52832?X-Atmosphere-tracking-id=0&X-Atmosphere-Framework=2.2.3-javascript&X-Atmosphere-Transport=long-polling&X-Atmosphere-TrackMessageSize=true&Content-Type=charset%3Dutf-8&X-atmo-protocol=true&_=1732673745224 HTTP/1.1" 200 -
60.246.219.45 - - [27/Nov/2024:10:12:19 +0800] "GET /InternetTrading/longpoll/11736?X-Atmosphere-tracking-id=0&X-Atmosphere-Framework=2.2.3-javascript&X-Atmosphere-Transport=long-polling&X-Atmosphere-TrackMessageSize=true&Content-Type=charset%3Dutf-8&X-atmo-protocol=true&_=1732673745328 HTTP/1.1" 200 -
182.239.115.26 - - [27/Nov/2024:10:12:20 +0800] "GET /InternetTrading/longpoll/A8127?X-Atmosphere-tracking-id=0&X-Atmosphere-Framework=2.2.3-javascript&X-Atmosphere-Transport=long-polling&X-Atmosphere-TrackMessageSize=true&Content-Type=charset%3Dutf-8&X-atmo-protocol=true&_=1732673748123 HTTP/1.1" 200 -
119.136.153.188 - - [27/Nov/2024:10:12:24 +0800] "GET /InternetTrading/longpoll/52832?X-Atmosphere-tracking-id=0&X-Atmosphere-Framework=2.2.3-javascript&X-Atmosphere-Transport=long-polling&X-Atmosphere-TrackMessageSize=true&Content-Type=charset%3Dutf-8&X-atmo-protocol=true&_=1732673751237 HTTP/1.1" 200 -
60.246.219.45 - - [27/Nov/2024:10:12:24 +0800] "GET /InternetTrading/longpoll/11736?X-Atmosphere-tracking-id=0&X-Atmosphere-Framework=2.2.3-javascript&X-Atmosphere-Transport=long-polling&X-Atmosphere-TrackMessageSize=true&Content-Type=charset%3Dutf-8&X-atmo-protocol=true&_=1732673750344 HTTP/1.1" 200 -
182.239.115.26 - - [27/Nov/2024:10:12:25 +0800] "GET /InternetTrading/longpoll/A8127?X-Atmosphere-tracking-id=0&X-Atmosphere-Framework=2.2.3-javascript&X-Atmosphere-Transport=long-polling&X-Atmosphere-TrackMessageSize=true&Content-Type=charset%3Dutf-8&X-atmo-protocol=true&_=1732673753271 HTTP/1.1" 200 -
60.246.219.45 - - [27/Nov/2024:10:12:29 +0800] "GET /InternetTrading/longpoll/11736?X-Atmosphere-tracking-id=0&X-Atmosphere-Framework=2.2.3-javascript&X-Atmosphere-Transport=long-polling&X-Atmosphere-TrackMessageSize=true&Content-Type=charset%3Dutf-8&X-atmo-protocol=true&_=1732673755362 HTTP/1.1" 200 -
119.136.153.188 - - [27/Nov/2024:10:12:30 +0800] "GET /InternetTrading/longpoll/52832?X-Atmosphere-tracking-id=0&X-Atmosphere-Framework=2.2.3-javascript&X-Atmosphere-Transport=long-polling&X-Atmosphere-TrackMessageSize=true&Content-Type=charset%3Dutf-8&X-atmo-protocol=true&_=1732673757235 HTTP/1.1" 200 -
182.239.115.26 - - [27/Nov/2024:10:12:31 +0800] "GET /InternetTrading/longpoll/A8127?X-Atmosphere-tracking-id=0&X-Atmosphere-Framework=2.2.3-javascript&X-Atmosphere-Transport=long-polling&X-Atmosphere-TrackMessageSize=true&Content-Type=charset%3Dutf-8&X-atmo-protocol=true&_=1732673758461 HTTP/1.1" 200 -
60.246.219.45 - - [27/Nov/2024:10:12:34 +0800] "GET /InternetTrading/longpoll/11736?X-Atmosphere-tracking-id=0&X-Atmosphere-Framework=2.2.3-javascript&X-Atmosphere-Transport=long-polling&X-Atmosphere-TrackMessageSize=true&Content-Type=charset%3Dutf-8&X-atmo-protocol=true&_=1732673760375 HTTP/1.1" 200 -
119.136.153.188 - - [27/Nov/2024:10:12:36 +0800] "GET /InternetTrading/longpoll/52832?X-Atmosphere-tracking-id=0&X-Atmosphere-Framework=2.2.3-javascript&X-Atmosphere-Transport=long-polling&X-Atmosphere-TrackMessageSize=true&Content-Type=charset%3Dutf-8&X-atmo-protocol=true&_=1732673763232 HTTP/1.1" 200 -
182.239.115.26 - - [27/Nov/2024:10:12:36 +0800] "GET /InternetTrading/longpoll/A8127?X-Atmosphere-tracking-id=0&X-Atmosphere-Framework=2.2.3-javascript&X-Atmosphere-Transport=long-polling&X-Atmosphere-TrackMessageSize=true&Content-Type=charset%3Dutf-8&X-atmo-protocol=true&_=1732673763658 HTTP/1.1" 200 -
182.239.115.26 - - [27/Nov/2024:10:12:37 +0800] "POST /InternetTrading/SessionErrorLogger HTTP/1.1" 200 117
182.239.115.26 - - [27/Nov/2024:10:12:37 +0800] "POST /InternetTrading/Heartbeat HTTP/1.1" 200 32
182.239.115.26 - - [27/Nov/2024:10:12:37 +0800] "POST /InternetTrading/SessionErrorLogger HTTP/1.1" 200 117
182.239.115.26 - - [27/Nov/2024:10:12:37 +0800] "POST /InternetTrading/MarketStatus HTTP/1.1" 200 772
60.246.219.45 - - [27/Nov/2024:10:12:39 +0800] "GET /InternetTrading/longpoll/11736?X-Atmosphere-tracking-id=0&X-Atmosphere-Framework=2.2.3-javascript&X-Atmosphere-Transport=long-polling&X-Atmosphere-TrackMessageSize=true&Content-Type=charset%3Dutf-8&X-atmo-protocol=true&_=1732673765391 HTTP/1.1" 200 -
182.239.115.26 - - [27/Nov/2024:10:12:41 +0800] "GET /InternetTrading/longpoll/A8127?X-Atmosphere-tracking-id=0&X-Atmosphere-Framework=2.2.3-javascript&X-Atmosphere-Transport=long-polling&X-Atmosphere-TrackMessageSize=true&Content-Type=charset%3Dutf-8&X-atmo-protocol=true&_=1732673768814 HTTP/1.1" 200 -
119.136.153.188 - - [27/Nov/2024:10:12:42 +0800] "GET /InternetTrading/longpoll/52832?X-Atmosphere-tracking-id=0&X-Atmosphere-Framework=2.2.3-javascript&X-Atmosphere-Transport=long-polling&X-Atmosphere-TrackMessageSize=true&Content-Type=charset%3Dutf-8&X-atmo-protocol=true&_=1732673769232 HTTP/1.1" 200 -
60.246.219.45 - - [27/Nov/2024:10:12:44 +0800] "GET /InternetTrading/longpoll/11736?X-Atmosphere-tracking-id=0&X-Atmosphere-Framework=2.2.3-javascript&X-Atmosphere-Transport=long-polling&X-Atmosphere-TrackMessageSize=true&Content-Type=charset%3Dutf-8&X-atmo-protocol=true&_=1732673770417 HTTP/1.1" 200 -
60.246.219.45 - - [27/Nov/2024:10:12:45 +0800] "POST /InternetTrading/SessionErrorLogger HTTP/1.1" 200 117
60.246.219.45 - - [27/Nov/2024:10:12:45 +0800] "POST /InternetTrading/Heartbeat HTTP/1.1" 200 32
60.246.219.45 - - [27/Nov/2024:10:12:45 +0800] "POST /InternetTrading/SessionErrorLogger HTTP/1.1" 200 117
60.246.219.45 - - [27/Nov/2024:10:12:45 +0800] "POST /InternetTrading/MarketStatus HTTP/1.1" 200 772
182.239.115.26 - - [27/Nov/2024:10:12:46 +0800] "GET /InternetTrading/longpoll/A8127?X-Atmosphere-tracking-id=0&X-Atmosphere-Framework=2.2.3-javascript&X-Atmosphere-Transport=long-polling&X-Atmosphere-TrackMessageSize=true&Content-Type=charset%3Dutf-8&X-atmo-protocol=true&_=1732673773936 HTTP/1.1" 200 -
119.136.153.188 - - [27/Nov/2024:10:12:48 +0800] "GET /InternetTrading/longpoll/52832?X-Atmosphere-tracking-id=0&X-Atmosphere-Framework=2.2.3-javascript&X-Atmosphere-Transport=long-polling&X-Atmosphere-TrackMessageSize=true&Content-Type=charset%3Dutf-8&X-atmo-protocol=true&_=1732673775233 HTTP/1.1" 200 -
60.246.219.45 - - [27/Nov/2024:10:12:49 +0800] "GET /InternetTrading/longpoll/11736?X-Atmosphere-tracking-id=0&X-Atmosphere-Framework=2.2.3-javascript&X-Atmosphere-Transport=long-polling&X-Atmosphere-TrackMessageSize=true&Content-Type=charset%3Dutf-8&X-atmo-protocol=true&_=1732673775459 HTTP/1.1" 200 -
119.136.153.188 - - [27/Nov/2024:10:12:51 +0800] "POST /InternetTrading/SessionErrorLogger HTTP/1.1" 200 117
119.136.153.188 - - [27/Nov/2024:10:12:51 +0800] "POST /InternetTrading/Heartbeat HTTP/1.1" 200 32
119.136.153.188 - - [27/Nov/2024:10:12:51 +0800] "POST /InternetTrading/SessionErrorLogger HTTP/1.1" 200 117
119.136.153.188 - - [27/Nov/2024:10:12:51 +0800] "POST /InternetTrading/MarketStatus HTTP/1.1" 200 772
182.239.115.26 - - [27/Nov/2024:10:12:51 +0800] "GET /InternetTrading/longpoll/A8127?X-Atmosphere-tracking-id=0&X-Atmosphere-Framework=2.2.3-javascript&X-Atmosphere-Transport=long-polling&X-Atmosphere-TrackMessageSize=true&Content-Type=charset%3Dutf-8&X-atmo-protocol=true&_=1732673779142 HTTP/1.1" 200 -
119.136.153.188 - - [27/Nov/2024:10:12:54 +0800] "GET /InternetTrading/longpoll/52832?X-Atmosphere-tracking-id=0&X-Atmosphere-Framework=2.2.3-javascript&X-Atmosphere-Transport=long-polling&X-Atmosphere-TrackMessageSize=true&Content-Type=charset%3Dutf-8&X-atmo-protocol=true&_=1732673781231 HTTP/1.1" 200 -
60.246.219.45 - - [27/Nov/2024:10:12:54 +0800] "GET /InternetTrading/longpoll/11736?X-Atmosphere-tracking-id=0&X-Atmosphere-Framework=2.2.3-javascript&X-Atmosphere-Transport=long-polling&X-Atmosphere-TrackMessageSize=true&Content-Type=charset%3Dutf-8&X-atmo-protocol=true&_=1732673780487 HTTP/1.1" 200 -
182.239.115.26 - - [27/Nov/2024:10:12:56 +0800] "GET /InternetTrading/longpoll/A8127?X-Atmosphere-tracking-id=0&X-Atmosphere-Framework=2.2.3-javascript&X-Atmosphere-Transport=long-polling&X-Atmosphere-TrackMessageSize=true&Content-Type=charset%3Dutf-8&X-atmo-protocol=true&_=1732673784341 HTTP/1.1" 200 -
60.246.219.45 - - [27/Nov/2024:10:12:59 +0800] "GET /InternetTrading/longpoll/11736?X-Atmosphere-tracking-id=0&X-Atmosphere-Framework=2.2.3-javascript&X-Atmosphere-Transport=long-polling&X-Atmosphere-TrackMessageSize=true&Content-Type=charset%3Dutf-8&X-atmo-protocol=true&_=1732673785517 HTTP/1.1" 200 -
119.136.153.188 - - [27/Nov/2024:10:13:00 +0800] "GET /InternetTrading/longpoll/52832?X-Atmosphere-tracking-id=0&X-Atmosphere-Framework=2.2.3-javascript&X-Atmosphere-Transport=long-polling&X-Atmosphere-TrackMessageSize=true&Content-Type=charset%3Dutf-8&X-atmo-protocol=true&_=1732673787225 HTTP/1.1" 200 -
182.239.115.26 - - [27/Nov/2024:10:13:02 +0800] "GET /InternetTrading/longpoll/A8127?X-Atmosphere-tracking-id=0&X-Atmosphere-Framework=2.2.3-javascript&X-Atmosphere-Transport=long-polling&X-Atmosphere-TrackMessageSize=true&Content-Type=charset%3Dutf-8&X-atmo-protocol=true&_=1732673789556 HTTP/1.1" 200 -
60.246.219.45 - - [27/Nov/2024:10:13:04 +0800] "GET /InternetTrading/longpoll/11736?X-Atmosphere-tracking-id=0&X-Atmosphere-Framework=2.2.3-javascript&X-Atmosphere-Transport=long-polling&X-Atmosphere-TrackMessageSize=true&Content-Type=charset%3Dutf-8&X-atmo-protocol=true&_=1732673790534 HTTP/1.1" 200 -
119.136.153.188 - - [27/Nov/2024:10:13:06 +0800] "GET /InternetTrading/longpoll/52832?X-Atmosphere-tracking-id=0&X-Atmosphere-Framework=2.2.3-javascript&X-Atmosphere-Transport=long-polling&X-Atmosphere-TrackMessageSize=true&Content-Type=charset%3Dutf-8&X-atmo-protocol=true&_=1732673793233 HTTP/1.1" 200 -
182.239.115.26 - - [27/Nov/2024:10:13:07 +0800] "GET /InternetTrading/longpoll/A8127?X-Atmosphere-tracking-id=0&X-Atmosphere-Framework=2.2.3-javascript&X-Atmosphere-Transport=long-polling&X-Atmosphere-TrackMessageSize=true&Content-Type=charset%3Dutf-8&X-atmo-protocol=true&_=1732673794751 HTTP/1.1" 200 -
182.239.115.26 - - [27/Nov/2024:10:13:07 +0800] "POST /InternetTrading/SessionErrorLogger HTTP/1.1" 200 117
182.239.115.26 - - [27/Nov/2024:10:13:07 +0800] "POST /InternetTrading/Heartbeat HTTP/1.1" 200 32
182.239.115.26 - - [27/Nov/2024:10:13:07 +0800] "POST /InternetTrading/SessionErrorLogger HTTP/1.1" 200 117
182.239.115.26 - - [27/Nov/2024:10:13:07 +0800] "POST /InternetTrading/MarketStatus HTTP/1.1" 200 772
60.246.219.45 - - [27/Nov/2024:10:13:09 +0800] "GET /InternetTrading/longpoll/11736?X-Atmosphere-tracking-id=0&X-Atmosphere-Framework=2.2.3-javascript&X-Atmosphere-Transport=long-polling&X-Atmosphere-TrackMessageSize=true&Content-Type=charset%3Dutf-8&X-atmo-protocol=true&_=1732673795550 HTTP/1.1" 200 -
119.136.153.188 - - [27/Nov/2024:10:13:12 +0800] "GET /InternetTrading/longpoll/52832?X-Atmosphere-tracking-id=0&X-Atmosphere-Framework=2.2.3-javascript&X-Atmosphere-Transport=long-polling&X-Atmosphere-TrackMessageSize=true&Content-Type=charset%3Dutf-8&X-atmo-protocol=true&_=1732673799225 HTTP/1.1" 200 -
182.239.115.26 - - [27/Nov/2024:10:13:12 +0800] "GET /InternetTrading/longpoll/A8127?X-Atmosphere-tracking-id=0&X-Atmosphere-Framework=2.2.3-javascript&X-Atmosphere-Transport=long-polling&X-Atmosphere-TrackMessageSize=true&Content-Type=charset%3Dutf-8&X-atmo-protocol=true&_=1732673799910 HTTP/1.1" 200 -
113.67.10.170 - - [27/Nov/2024:10:13:14 +0800] "POST /MobileAPI/api/deviceservice/devices/registration/147/13863 HTTP/1.1" 201 108
60.246.219.45 - - [27/Nov/2024:10:13:14 +0800] "GET /InternetTrading/longpoll/11736?X-Atmosphere-tracking-id=0&X-Atmosphere-Framework=2.2.3-javascript&X-Atmosphere-Transport=long-polling&X-Atmosphere-TrackMessageSize=true&Content-Type=charset%3Dutf-8&X-atmo-protocol=true&_=1732673800575 HTTP/1.1" 200 -
113.67.10.170 - - [27/Nov/2024:10:13:15 +0800] "GET /MobileAPI/api/companyservice/companys/diff?last_updated_time=0&id=147 HTTP/1.1" 200 401
113.67.10.170 - - [27/Nov/2024:10:13:15 +0800] "GET /MobileAPI/images/c0c510b0-3302-4353-91de-8aee77d6b6ba.png HTTP/1.1" 200 14223
113.67.10.170 - - [27/Nov/2024:10:13:15 +0800] "GET /MobileAPI/images/cc873387-087e-4bf6-bb99-c8cd9b74c50d HTTP/1.1" 200 75706
60.246.219.45 - - [27/Nov/2024:10:13:15 +0800] "POST /InternetTrading/SessionErrorLogger HTTP/1.1" 200 117
60.246.219.45 - - [27/Nov/2024:10:13:15 +0800] "POST /InternetTrading/Heartbeat HTTP/1.1" 200 32
60.246.219.45 - - [27/Nov/2024:10:13:15 +0800] "POST /InternetTrading/SessionErrorLogger HTTP/1.1" 200 117
60.246.219.45 - - [27/Nov/2024:10:13:15 +0800] "POST /InternetTrading/MarketStatus HTTP/1.1" 200 772
182.239.115.26 - - [27/Nov/2024:10:13:17 +0800] "GET /InternetTrading/longpoll/A8127?X-Atmosphere-tracking-id=0&X-Atmosphere-Framework=2.2.3-javascript&X-Atmosphere-Transport=long-polling&X-Atmosphere-TrackMessageSize=true&Content-Type=charset%3Dutf-8&X-atmo-protocol=true&_=1732673804995 HTTP/1.1" 200 -
119.136.153.188 - - [27/Nov/2024:10:13:18 +0800] "GET /InternetTrading/longpoll/52832?X-Atmosphere-tracking-id=0&X-Atmosphere-Framework=2.2.3-javascript&X-Atmosphere-Transport=long-polling&X-Atmosphere-TrackMessageSize=true&Content-Type=charset%3Dutf-8&X-atmo-protocol=true&_=1732673805235 HTTP/1.1" 200 -
60.246.219.45 - - [27/Nov/2024:10:13:19 +0800] "GET /InternetTrading/longpoll/11736?X-Atmosphere-tracking-id=0&X-Atmosphere-Framework=2.2.3-javascript&X-Atmosphere-Transport=long-polling&X-Atmosphere-TrackMessageSize=true&Content-Type=charset%3Dutf-8&X-atmo-protocol=true&_=1732673805597 HTTP/1.1" 200 -
182.239.115.26 - - [27/Nov/2024:10:13:22 +0800] "GET /InternetTrading/longpoll/A8127?X-Atmosphere-tracking-id=0&X-Atmosphere-Framework=2.2.3-javascript&X-Atmosphere-Transport=long-polling&X-Atmosphere-TrackMessageSize=true&Content-Type=charset%3Dutf-8&X-atmo-protocol=true&_=1732673810193 HTTP/1.1" 200 -
119.136.153.188 - - [27/Nov/2024:10:13:24 +0800] "GET /InternetTrading/longpoll/52832?X-Atmosphere-tracking-id=0&X-Atmosphere-Framework=2.2.3-javascript&X-Atmosphere-Transport=long-polling&X-Atmosphere-TrackMessageSize=true&Content-Type=charset%3Dutf-8&X-atmo-protocol=true&_=1732673811236 HTTP/1.1" 200 -
60.246.219.45 - - [27/Nov/2024:10:13:24 +0800] "GET /InternetTrading/longpoll/11736?X-Atmosphere-tracking-id=0&X-Atmosphere-Framework=2.2.3-javascript&X-Atmosphere-Transport=long-polling&X-Atmosphere-TrackMessageSize=true&Content-Type=charset%3Dutf-8&X-atmo-protocol=true&_=1732673810621 HTTP/1.1" 200 -
182.239.115.26 - - [27/Nov/2024:10:13:27 +0800] "GET /InternetTrading/longpoll/A8127?X-Atmosphere-tracking-id=0&X-Atmosphere-Framework=2.2.3-javascript&X-Atmosphere-Transport=long-polling&X-Atmosphere-TrackMessageSize=true&Content-Type=charset%3Dutf-8&X-atmo-protocol=true&_=1732673815330 HTTP/1.1" 200 -
60.246.219.45 - - [27/Nov/2024:10:13:29 +0800] "GET /InternetTrading/longpoll/11736?X-Atmosphere-tracking-id=0&X-Atmosphere-Framework=2.2.3-javascript&X-Atmosphere-Transport=long-polling&X-Atmosphere-TrackMessageSize=true&Content-Type=charset%3Dutf-8&X-atmo-protocol=true&_=1732673815645 HTTP/1.1" 200 -
119.136.153.188 - - [27/Nov/2024:10:13:30 +0800] "GET /InternetTrading/longpoll/52832?X-Atmosphere-tracking-id=0&X-Atmosphere-Framework=2.2.3-javascript&X-Atmosphere-Transport=long-polling&X-Atmosphere-TrackMessageSize=true&Content-Type=charset%3Dutf-8&X-atmo-protocol=true&_=1732673817236 HTTP/1.1" 200 -
182.239.115.26 - - [27/Nov/2024:10:13:33 +0800] "GET /InternetTrading/longpoll/A8127?X-Atmosphere-tracking-id=0&X-Atmosphere-Framework=2.2.3-javascript&X-Atmosphere-Transport=long-polling&X-Atmosphere-TrackMessageSize=true&Content-Type=charset%3Dutf-8&X-atmo-protocol=true&_=1732673820579 HTTP/1.1" 200 -
60.246.219.45 - - [27/Nov/2024:10:13:34 +0800] "GET /InternetTrading/longpoll/11736?X-Atmosphere-tracking-id=0&X-Atmosphere-Framework=2.2.3-javascript&X-Atmosphere-Transport=long-polling&X-Atmosphere-TrackMessageSize=true&Content-Type=charset%3Dutf-8&X-atmo-protocol=true&_=1732673820683 HTTP/1.1" 200 -
119.136.153.188 - - [27/Nov/2024:10:13:36 +0800] "GET /InternetTrading/longpoll/52832?X-Atmosphere-tracking-id=0&X-Atmosphere-Framework=2.2.3-javascript&X-Atmosphere-Transport=long-polling&X-Atmosphere-TrackMessageSize=true&Content-Type=charset%3Dutf-8&X-atmo-protocol=true&_=1732673823231 HTTP/1.1" 200 -
182.239.115.26 - - [27/Nov/2024:10:13:37 +0800] "POST /InternetTrading/SessionErrorLogger HTTP/1.1" 200 117
182.239.115.26 - - [27/Nov/2024:10:13:37 +0800] "POST /InternetTrading/Heartbeat HTTP/1.1" 200 32
182.239.115.26 - - [27/Nov/2024:10:13:37 +0800] "POST /InternetTrading/SessionErrorLogger HTTP/1.1" 200 117
182.239.115.26 - - [27/Nov/2024:10:13:37 +0800] "POST /InternetTrading/MarketStatus HTTP/1.1" 200 772
182.239.115.26 - - [27/Nov/2024:10:13:38 +0800] "GET /InternetTrading/longpoll/A8127?X-Atmosphere-tracking-id=0&X-Atmosphere-Framework=2.2.3-javascript&X-Atmosphere-Transport=long-polling&X-Atmosphere-TrackMessageSize=true&Content-Type=charset%3Dutf-8&X-atmo-protocol=true&_=1732673825790 HTTP/1.1" 200 -
60.246.219.45 - - [27/Nov/2024:10:13:39 +0800] "GET /InternetTrading/longpoll/11736?X-Atmosphere-tracking-id=0&X-Atmosphere-Framework=2.2.3-javascript&X-Atmosphere-Transport=long-polling&X-Atmosphere-TrackMessageSize=true&Content-Type=charset%3Dutf-8&X-atmo-protocol=true&_=1732673825702 HTTP/1.1" 200 -
119.136.153.188 - - [27/Nov/2024:10:13:42 +0800] "GET /InternetTrading/longpoll/52832?X-Atmosphere-tracking-id=0&X-Atmosphere-Framework=2.2.3-javascript&X-Atmosphere-Transport=long-polling&X-Atmosphere-TrackMessageSize=true&Content-Type=charset%3Dutf-8&X-atmo-protocol=true&_=1732673829225 HTTP/1.1" 200 -
182.239.115.26 - - [27/Nov/2024:10:13:42 +0800] "GET /InternetTrading/tc/main.html?language=tc&version=HTML HTTP/1.1" 200 3578
182.239.115.26 - - [27/Nov/2024:10:13:42 +0800] "GET /InternetTrading/jquery/ui.datepicker.css HTTP/1.1" 200 1145
182.239.115.26 - - [27/Nov/2024:10:13:42 +0800] "GET /InternetTrading/jquery/jquery.tablesorter-theme.blue.css HTTP/1.1" 200 2083
182.239.115.26 - - [27/Nov/2024:10:13:42 +0800] "GET /InternetTrading/jquery/dragtable-2.0.9.css HTTP/1.1" 200 316
182.239.115.26 - - [27/Nov/2024:10:13:42 +0800] "GET /InternetTrading/jquery/jquery-ui-1.10.3.css HTTP/1.1" 200 5283
182.239.115.26 - - [27/Nov/2024:10:13:42 +0800] "GET /InternetTrading/tc/style_common.css?v=20200819161914 HTTP/1.1" 200 2540
182.239.115.26 - - [27/Nov/2024:10:13:42 +0800] "GET /InternetTrading/tc/style.css?v=20200819161914 HTTP/1.1" 200 1435
182.239.115.26 - - [27/Nov/2024:10:13:42 +0800] "GET /InternetTrading/tc/css/jquery.jscrollpane.css HTTP/1.1" 404 690
182.239.115.26 - - [27/Nov/2024:10:13:42 +0800] "GET /InternetTrading/jquery/jquery.ba-postmessage.js HTTP/1.1" 200 2990
182.239.115.26 - - [27/Nov/2024:10:13:42 +0800] "GET /InternetTrading/js/aastock.js HTTP/1.1" 200 553
182.239.115.26 - - [27/Nov/2024:10:13:42 +0800] "GET /InternetTrading/jquery/jquery-1.6.3.min.js HTTP/1.1" 200 32057
182.239.115.26 - - [27/Nov/2024:10:13:42 +0800] "GET /InternetTrading/jquery/jquery-migrate-3.0.0.js HTTP/1.1" 200 4963
182.239.115.26 - - [27/Nov/2024:10:13:42 +0800] "GET /InternetTrading/jquery/jquery-ui-1.10.3.js HTTP/1.1" 200 69642
182.239.115.26 - - [27/Nov/2024:10:13:42 +0800] "GET /InternetTrading/js/atmosphere.js HTTP/1.1" 200 13461
182.239.115.26 - - [27/Nov/2024:10:13:42 +0800] "GET /InternetTrading/jquery/jquery-3.3.1.js HTTP/1.1" 200 80650
182.239.115.26 - - [27/Nov/2024:10:13:42 +0800] "GET /InternetTrading/js/cache.js?jsv=20200819161914 HTTP/1.1" 200 940
182.239.115.26 - - [27/Nov/2024:10:13:42 +0800] "GET /InternetTrading/jquery/jquery.form-3.46.0.js HTTP/1.1" 200 5673
182.239.115.26 - - [27/Nov/2024:10:13:42 +0800] "GET /InternetTrading/jquery/jquery.blockUI-2.66.0.js HTTP/1.1" 200 6651
182.239.115.26 - - [27/Nov/2024:10:13:42 +0800] "GET /InternetTrading/jquery/jquery.validate-1.11.1.js HTTP/1.1" 200 7041
182.239.115.26 - - [27/Nov/2024:10:13:42 +0800] "GET /InternetTrading/jquery/additional-methods.js HTTP/1.1" 200 2238
182.239.115.26 - - [27/Nov/2024:10:13:42 +0800] "GET /InternetTrading/jquery/jquery.mousewheel-3.1.4.js HTTP/1.1" 200 822
182.239.115.26 - - [27/Nov/2024:10:13:42 +0800] "GET /InternetTrading/jquery/jquery.tablesorter-2.14.5.js HTTP/1.1" 200 8901
182.239.115.26 - - [27/Nov/2024:10:13:42 +0800] "GET /InternetTrading/jquery/jquery.tablesorter.widgets-2.14.5.js HTTP/1.1" 200 8611
182.239.115.26 - - [27/Nov/2024:10:13:42 +0800] "GET /InternetTrading/jquery/jquery.timer-0.9.16.js HTTP/1.1" 200 542
182.239.115.26 - - [27/Nov/2024:10:13:42 +0800] "GET /InternetTrading/jquery/jquery.combobox.packed.js HTTP/1.1" 200 3387
182.239.115.26 - - [27/Nov/2024:10:13:42 +0800] "GET /InternetTrading/jquery/jquery.getParams.js HTTP/1.1" 200 587
182.239.115.26 - - [27/Nov/2024:10:13:42 +0800] "GET /InternetTrading/jquery/jquery.selectboxes.pack.js HTTP/1.1" 200 1640
182.239.115.26 - - [27/Nov/2024:10:13:42 +0800] "GET /InternetTrading/jquery/date.js HTTP/1.1" 200 2807
182.239.115.26 - - [27/Nov/2024:10:13:42 +0800] "GET /InternetTrading/settings/crm_display_settings.js?jsv=20200819161914 HTTP/1.1" 200 1781
182.239.115.26 - - [27/Nov/2024:10:13:42 +0800] "GET /InternetTrading/json/json2.js?jsv=20200819161914 HTTP/1.1" 200 1372
182.239.115.26 - - [27/Nov/2024:10:13:42 +0800] "GET /InternetTrading/jquery/globalize-0.1.0a1.js HTTP/1.1" 200 6984
182.239.115.26 - - [27/Nov/2024:10:13:42 +0800] "GET /InternetTrading/tc/user/translation.js?jsv=20200819161914 HTTP/1.1" 200 12818
182.239.115.26 - - [27/Nov/2024:10:13:42 +0800] "GET /InternetTrading/js/constants.js?jsv=20200819161914 HTTP/1.1" 200 400
182.239.115.26 - - [27/Nov/2024:10:13:42 +0800] "GET /InternetTrading/tc/user/custom_variables.js?jsv=20200819161914 HTTP/1.1" 200 275
182.239.115.26 - - [27/Nov/2024:10:13:42 +0800] "GET /InternetTrading/js/haitong.js?jsv=20200819161914 HTTP/1.1" 200 3881
182.239.115.26 - - [27/Nov/2024:10:13:42 +0800] "GET /InternetTrading/js/init.js?jsv=20200819161914 HTTP/1.1" 200 886
182.239.115.26 - - [27/Nov/2024:10:13:42 +0800] "GET /InternetTrading/js/util.js?jsv=20200819161914 HTTP/1.1" 200 6636
182.239.115.26 - - [27/Nov/2024:10:13:42 +0800] "GET /InternetTrading/js/rsautil.js?jsv=20200819161914 HTTP/1.1" 200 1017
182.239.115.26 - - [27/Nov/2024:10:13:42 +0800] "GET /InternetTrading/js/corporate.js?jsv=20200819161914 HTTP/1.1" 200 1575
182.239.115.26 - - [27/Nov/2024:10:13:42 +0800] "GET /InternetTrading/js/update_mdf.js?jsv=20200819161914 HTTP/1.1" 200 856
182.239.115.26 - - [27/Nov/2024:10:13:42 +0800] "GET /InternetTrading/js/validation_hkex.js?jsv=20200819161914 HTTP/1.1" 200 2300
182.239.115.26 - - [27/Nov/2024:10:13:42 +0800] "GET /InternetTrading/js/validation_bshare.js?jsv=20200819161914 HTTP/1.1" 200 1567
182.239.115.26 - - [27/Nov/2024:10:13:42 +0800] "GET /InternetTrading/js/validation_ashare.js?jsv=20200819161914 HTTP/1.1" 200 2482
182.239.115.26 - - [27/Nov/2024:10:13:42 +0800] "GET /InternetTrading/js/main.js?jsv=20200819161914 HTTP/1.1" 200 30725
182.239.115.26 - - [27/Nov/2024:10:13:42 +0800] "GET /InternetTrading/js/validation_global.js?jsv=20200819161914 HTTP/1.1" 200 1564
182.239.115.26 - - [27/Nov/2024:10:13:42 +0800] "GET /InternetTrading/js/account.js?jsv=20200819161914 HTTP/1.1" 200 2656
182.239.115.26 - - [27/Nov/2024:10:13:42 +0800] "GET /InternetTrading/js/mm.js?jsv=20200819161914 HTTP/1.1" 200 487
182.239.115.26 - - [27/Nov/2024:10:13:42 +0800] "GET /InternetTrading/js/spread_cache.js?jsv=20200819161914 HTTP/1.1" 200 908
182.239.115.26 - - [27/Nov/2024:10:13:42 +0800] "GET /InternetTrading/js/ipo.js?jsv=20200819161914 HTTP/1.1" 200 5726
182.239.115.26 - - [27/Nov/2024:10:13:42 +0800] "GET /InternetTrading/js/cash_transfer.js?jsv=20200819161914 HTTP/1.1" 200 2712
182.239.115.26 - - [27/Nov/2024:10:13:42 +0800] "GET /InternetTrading/js/isec_calculator.js?jsv=20200819161914 HTTP/1.1" 200 1364
182.239.115.26 - - [27/Nov/2024:10:13:42 +0800] "GET /InternetTrading/js/payment_instruction.js?jsv=20200819161914 HTTP/1.1" 200 2178
182.239.115.26 - - [27/Nov/2024:10:13:42 +0800] "GET /InternetTrading/js/eStatement.js?jsv=20200819161914 HTTP/1.1" 200 562
182.239.115.26 - - [27/Nov/2024:10:13:42 +0800] "GET /InternetTrading/js/payment_instruction_IMOS.js?jsv=20200819161914 HTTP/1.1" 200 6874
182.239.115.26 - - [27/Nov/2024:10:13:42 +0800] "GET /InternetTrading/ExchangeList?fmt=js&jsv=20200819161914 HTTP/1.1" 200 146
182.239.115.26 - - [27/Nov/2024:10:13:43 +0800] "GET /InternetTrading/js/string_extend.js?jsv=20200819161914 HTTP/1.1" 200 272
182.239.115.26 - - [27/Nov/2024:10:13:43 +0800] "GET /InternetTrading/js/pidcrypt_util.js?jsv=20200819161914 HTTP/1.1" 200 1206
182.239.115.26 - - [27/Nov/2024:10:13:43 +0800] "GET /InternetTrading/js/pidcrypt.js?jsv=20200819161914 HTTP/1.1" 200 982
182.239.115.26 - - [27/Nov/2024:10:13:43 +0800] "GET /InternetTrading/js/aes_cbc.js?jsv=20200819161914 HTTP/1.1" 200 2043
182.239.115.26 - - [27/Nov/2024:10:13:43 +0800] "GET /InternetTrading/js/aes_core.js?jsv=20200819161914 HTTP/1.1" 200 2106
182.239.115.26 - - [27/Nov/2024:10:13:43 +0800] "GET /InternetTrading/js/asn1.js?jsv=20200819161914 HTTP/1.1" 200 3099
182.239.115.26 - - [27/Nov/2024:10:13:43 +0800] "GET /InternetTrading/js/md5.js?jsv=20200819161914 HTTP/1.1" 200 1730
182.239.115.26 - - [27/Nov/2024:10:13:43 +0800] "GET /InternetTrading/js/sha256.js?jsv=20200819161914 HTTP/1.1" 200 1362
182.239.115.26 - - [27/Nov/2024:10:13:43 +0800] "GET /InternetTrading/js/prng4.js?jsv=20200819161914 HTTP/1.1" 200 303
182.239.115.26 - - [27/Nov/2024:10:13:43 +0800] "GET /InternetTrading/js/jsbn.js?jsv=20200819161914 HTTP/1.1" 200 6736
182.239.115.26 - - [27/Nov/2024:10:13:43 +0800] "GET /InternetTrading/js/rng.js?jsv=20200819161914 HTTP/1.1" 200 481
182.239.115.26 - - [27/Nov/2024:10:13:43 +0800] "GET /InternetTrading/js/rsa.js?jsv=20200819161914 HTTP/1.1" 200 1658
182.239.115.26 - - [27/Nov/2024:10:13:43 +0800] "GET /InternetTrading/js/aes.js?jsv=20200819161914 HTTP/1.1" 200 4816
182.239.115.26 - - [27/Nov/2024:10:13:43 +0800] "GET /InternetTrading/js/mode-ecb.js?jsv=20200819161914 HTTP/1.1" 200 199
182.239.115.26 - - [27/Nov/2024:10:13:43 +0800] "GET /InternetTrading/js/utilSpec.js?jsv=20200819161914 HTTP/1.1" 200 27
182.239.115.26 - - [27/Nov/2024:10:13:43 +0800] "GET /InternetTrading/js/pw_alert.js?jsv=20200819161914 HTTP/1.1" 200 418
182.239.115.26 - - [27/Nov/2024:10:13:43 +0800] "GET /InternetTrading/js/jquery.mousewheel.js HTTP/1.1" 404 684
182.239.115.26 - - [27/Nov/2024:10:13:43 +0800] "GET /InternetTrading/js/jquery.jscrollpane.js HTTP/1.1" 404 685
182.239.115.26 - - [27/Nov/2024:10:13:43 +0800] "GET /InternetTrading/js/update_lastlogin.js?jsv=20200819161914 HTTP/1.1" 200 980
182.239.115.26 - - [27/Nov/2024:10:13:43 +0800] "GET /InternetTrading/js/jquery.cookie.js HTTP/1.1" 200 834
182.239.115.26 - - [27/Nov/2024:10:13:43 +0800] "GET /InternetTrading/GoodTillDateValidExch?fmt=js&jsv=20200819161914 HTTP/1.1" 200 29
182.239.115.26 - - [27/Nov/2024:10:13:43 +0800] "GET /InternetTrading/js/decimal.js HTTP/1.1" 200 13492
182.239.115.26 - - [27/Nov/2024:10:13:43 +0800] "GET /InternetTrading/tc/images/logo.png HTTP/1.1" 200 7042
182.239.115.26 - - [27/Nov/2024:10:13:43 +0800] "GET /InternetTrading/tc/images/top_menu01.jpg HTTP/1.1" 200 3466
182.239.115.26 - - [27/Nov/2024:10:13:43 +0800] "GET /InternetTrading/tc/images/top_menu_logout.jpg HTTP/1.1" 200 1016
182.239.115.26 - - [27/Nov/2024:10:13:43 +0800] "GET /InternetTrading/tc/images/top_menu04.jpg HTTP/1.1" 200 3430
182.239.115.26 - - [27/Nov/2024:10:13:43 +0800] "GET /InternetTrading/images/top_bg3.jpg HTTP/1.1" 200 878
182.239.115.26 - - [27/Nov/2024:10:13:43 +0800] "POST /InternetTrading/PopUpConfig HTTP/1.1" 200 2
182.239.115.26 - - [27/Nov/2024:10:13:43 +0800] "GET /InternetTrading/images/top_bg1.jpg HTTP/1.1" 200 329
182.239.115.26 - - [27/Nov/2024:10:13:43 +0800] "GET /InternetTrading/images/top_bg2.jpg HTTP/1.1" 200 330
182.239.115.26 - - [27/Nov/2024:10:13:43 +0800] "GET /InternetTrading/tc/dialog.html?1732673830846 HTTP/1.1" 200 3188
182.239.115.26 - - [27/Nov/2024:10:13:43 +0800] "POST /InternetTrading/Heartbeat HTTP/1.1" 200 32
182.239.115.26 - - [27/Nov/2024:10:13:43 +0800] "POST /InternetTrading/CustomerInfoLite HTTP/1.1" 200 124
182.239.115.26 - - [27/Nov/2024:10:13:43 +0800] "GET /InternetTrading/tc/images/top_menu01_o.jpg HTTP/1.1" 200 3339
182.239.115.26 - - [27/Nov/2024:10:13:43 +0800] "GET /InternetTrading/tc/trade.html HTTP/1.1" 200 2113
182.239.115.26 - - [27/Nov/2024:10:13:43 +0800] "POST /InternetTrading/SpreadPriceCache HTTP/1.1" 200 3539
182.239.115.26 - - [27/Nov/2024:10:13:43 +0800] "GET /InternetTrading/jquery/wait.gif HTTP/1.1" 200 432
182.239.115.26 - - [27/Nov/2024:10:13:43 +0800] "POST /InternetTrading/SessionErrorLogger HTTP/1.1" 200 117
182.239.115.26 - - [27/Nov/2024:10:13:43 +0800] "POST /InternetTrading/GetLastLoginDate HTTP/1.1" 200 31
182.239.115.26 - - [27/Nov/2024:10:13:43 +0800] "POST /InternetTrading/SessionErrorLogger HTTP/1.1" 200 117
182.239.115.26 - - [27/Nov/2024:10:13:43 +0800] "GET /InternetTrading/tc/getpopupMsgName.jsp HTTP/1.1" 200 -
182.239.115.26 - - [27/Nov/2024:10:13:43 +0800] "GET /InternetTrading/tc/images/trade_point01.jpg HTTP/1.1" 200 358
182.239.115.26 - - [27/Nov/2024:10:13:43 +0800] "GET /InternetTrading/tc/images/refresh.gif HTTP/1.1" 200 1145
182.239.115.26 - - [27/Nov/2024:10:13:43 +0800] "GET /InternetTrading/tc/applet_dummy.html HTTP/1.1" 200 330
182.239.115.26 - - [27/Nov/2024:10:13:43 +0800] "POST /InternetTrading/SessionErrorLogger HTTP/1.1" 200 117
182.239.115.26 - - [27/Nov/2024:10:13:43 +0800] "GET /InternetTrading/tc/buy_ticket.html? HTTP/1.1" 200 1995
182.239.115.26 - - [27/Nov/2024:10:13:43 +0800] "POST /InternetTrading/SessionErrorLogger HTTP/1.1" 200 117
182.239.115.26 - - [27/Nov/2024:10:13:43 +0800] "POST /InternetTrading/SessionErrorLogger HTTP/1.1" 200 117
182.239.115.26 - - [27/Nov/2024:10:13:43 +0800] "POST /InternetTrading/MarketStatus HTTP/1.1" 200 772
182.239.115.26 - - [27/Nov/2024:10:13:43 +0800] "GET /InternetTrading/tc/multi_currency_balance.html HTTP/1.1" 200 295
182.239.115.26 - - [27/Nov/2024:10:13:43 +0800] "GET /InternetTrading/jquery/wait.gif HTTP/1.1" 200 432
182.239.115.26 - - [27/Nov/2024:10:13:43 +0800] "GET /InternetTrading/Home/PostToAA.jsp?hl=tc HTTP/1.1" 200 287
182.239.115.26 - - [27/Nov/2024:10:13:43 +0800] "GET /InternetTrading/jquery/images/ui-icons_222222_256x240.png HTTP/1.1" 200 6922
182.239.115.26 - - [27/Nov/2024:10:13:43 +0800] "GET /InternetTrading/jquery/images/ui-bg_flat_75_ffffff_40x100.png HTTP/1.1" 200 208
182.239.115.26 - - [27/Nov/2024:10:13:43 +0800] "POST /InternetTrading/SessionErrorLogger HTTP/1.1" 200 117
182.239.115.26 - - [27/Nov/2024:10:13:43 +0800] "POST /InternetTrading/SessionErrorLogger HTTP/1.1" 200 117
182.239.115.26 - - [27/Nov/2024:10:13:43 +0800] "POST /InternetTrading/MarketStatus HTTP/1.1" 200 772
182.239.115.26 - - [27/Nov/2024:10:13:44 +0800] "POST /InternetTrading/MarketStatus HTTP/1.1" 200 772
60.246.219.45 - - [27/Nov/2024:10:13:44 +0800] "GET /InternetTrading/longpoll/11736?X-Atmosphere-tracking-id=0&X-Atmosphere-Framework=2.2.3-javascript&X-Atmosphere-Transport=long-polling&X-Atmosphere-TrackMessageSize=true&Content-Type=charset%3Dutf-8&X-atmo-protocol=true&_=1732673830730 HTTP/1.1" 200 -
182.239.115.26 - - [27/Nov/2024:10:13:45 +0800] "POST /InternetTrading/SessionErrorLogger HTTP/1.1" 200 117
182.239.115.26 - - [27/Nov/2024:10:13:45 +0800] "POST /InternetTrading/CustomerInfo HTTP/1.1" 200 222
182.239.115.26 - - [27/Nov/2024:10:13:45 +0800] "POST /InternetTrading/SessionErrorLogger HTTP/1.1" 200 117
60.246.219.45 - - [27/Nov/2024:10:13:45 +0800] "POST /InternetTrading/SessionErrorLogger HTTP/1.1" 200 117
60.246.219.45 - - [27/Nov/2024:10:13:45 +0800] "POST /InternetTrading/Heartbeat HTTP/1.1" 200 32
182.239.115.26 - - [27/Nov/2024:10:13:45 +0800] "POST /InternetTrading/SessionErrorLogger HTTP/1.1" 200 117
60.246.219.45 - - [27/Nov/2024:10:13:45 +0800] "POST /InternetTrading/SessionErrorLogger HTTP/1.1" 200 117
60.246.219.45 - - [27/Nov/2024:10:13:46 +0800] "POST /InternetTrading/MarketStatus HTTP/1.1" 200 772
182.239.115.26 - - [27/Nov/2024:10:13:45 +0800] "GET /InternetTrading/tc/account_status.html HTTP/1.1" 200 426
182.239.115.26 - - [27/Nov/2024:10:13:46 +0800] "POST /InternetTrading/SessionErrorLogger HTTP/1.1" 200 117
182.239.115.26 - - [27/Nov/2024:10:13:46 +0800] "POST /InternetTrading/MarketStatus HTTP/1.1" 200 772
182.239.115.26 - - [27/Nov/2024:10:13:46 +0800] "GET /InternetTrading/jquery/wait.gif HTTP/1.1" 200 432
182.239.115.26 - - [27/Nov/2024:10:13:46 +0800] "POST /InternetTrading/SessionErrorLogger HTTP/1.1" 200 117
182.239.115.26 - - [27/Nov/2024:10:13:46 +0800] "POST /InternetTrading/LongPollingConfig HTTP/1.1" 200 4
182.239.115.26 - - [27/Nov/2024:10:13:46 +0800] "GET /InternetTrading/jquery/wait.gif HTTP/1.1" 200 432
182.239.115.26 - - [27/Nov/2024:10:13:46 +0800] "POST /InternetTrading/SessionErrorLogger HTTP/1.1" 200 117
182.239.115.26 - - [27/Nov/2024:10:13:46 +0800] "GET /InternetTrading/longpoll/A8127?X-Atmosphere-tracking-id=0&X-Atmosphere-Framework=2.2.3-javascript&X-Atmosphere-Transport=long-polling&X-Atmosphere-TrackMessageSize=true&Content-Type=charset%3Dutf-8&X-atmo-protocol=true&_=1732673833824 HTTP/1.1" 200 -
182.239.115.26 - - [27/Nov/2024:10:13:46 +0800] "POST /InternetTrading/Portfolio HTTP/1.1" 200 1722
119.136.153.188 - - [27/Nov/2024:10:13:48 +0800] "GET /InternetTrading/longpoll/52832?X-Atmosphere-tracking-id=0&X-Atmosphere-Framework=2.2.3-javascript&X-Atmosphere-Transport=long-polling&X-Atmosphere-TrackMessageSize=true&Content-Type=charset%3Dutf-8&X-atmo-protocol=true&_=1732673835233 HTTP/1.1" 200 -
60.246.219.45 - - [27/Nov/2024:10:13:49 +0800] "GET /InternetTrading/longpoll/11736?X-Atmosphere-tracking-id=0&X-Atmosphere-Framework=2.2.3-javascript&X-Atmosphere-Transport=long-polling&X-Atmosphere-TrackMessageSize=true&Content-Type=charset%3Dutf-8&X-atmo-protocol=true&_=1732673835746 HTTP/1.1" 200 -
119.136.153.188 - - [27/Nov/2024:10:13:51 +0800] "POST /InternetTrading/SessionErrorLogger HTTP/1.1" 200 117
119.136.153.188 - - [27/Nov/2024:10:13:51 +0800] "POST /InternetTrading/Heartbeat HTTP/1.1" 200 32
