182.239.115.26 - - [27/Nov/2024:09:32:26 +0800] "POST /InternetTrading/Order?csrf_nonce=9B0BD15804CF325A9BD6001D5DB0F4C1 HTTP/1.1" 200 1020
182.239.115.26 - - [27/Nov/2024:09:32:26 +0800] "POST /InternetTrading/SessionErrorLogger HTTP/1.1" 200 117
182.239.115.26 - - [27/Nov/2024:09:32:26 +0800] "GET /InternetTrading/tc/sell_ticket.html? HTTP/1.1" 200 2261
182.239.115.26 - - [27/Nov/2024:09:32:26 +0800] "POST /InternetTrading/SessionErrorLogger HTTP/1.1" 200 117
60.246.219.45 - - [27/Nov/2024:09:32:27 +0800] "GET /InternetTrading/longpoll/11736?X-Atmosphere-tracking-id=0&X-Atmosphere-Framework=2.2.3-javascript&X-Atmosphere-Transport=long-polling&X-Atmosphere-TrackMessageSize=true&Content-Type=charset%3Dutf-8&X-atmo-protocol=true&_=1732671352958 HTTP/1.1" 200 -
182.239.115.26 - - [27/Nov/2024:09:32:27 +0800] "POST /InternetTrading/SessionErrorLogger HTTP/1.1" 200 117
182.239.115.26 - - [27/Nov/2024:09:32:27 +0800] "POST /InternetTrading/MarketStatus HTTP/1.1" 200 772
182.239.115.26 - - [27/Nov/2024:09:32:27 +0800] "POST /InternetTrading/MarketStatus HTTP/1.1" 200 772
182.239.115.26 - - [27/Nov/2024:09:32:28 +0800] "GET /InternetTrading/jquery/wait.gif HTTP/1.1" 200 432
182.239.115.26 - - [27/Nov/2024:09:32:28 +0800] "POST /InternetTrading/SessionErrorLogger HTTP/1.1" 200 117
182.239.115.26 - - [27/Nov/2024:09:32:28 +0800] "POST /InternetTrading/Orderbook HTTP/1.1" 200 1519
182.239.115.26 - - [27/Nov/2024:09:32:28 +0800] "GET /InternetTrading/longpoll/A8127?X-Atmosphere-tracking-id=0&X-Atmosphere-Framework=2.2.3-javascript&X-Atmosphere-Transport=long-polling&X-Atmosphere-TrackMessageSize=true&Content-Type=charset%3Dutf-8&X-atmo-protocol=true&_=1732671356539 HTTP/1.1" 200 -
182.239.115.26 - - [27/Nov/2024:09:32:29 +0800] "POST /InternetTrading/SessionErrorLogger HTTP/1.1" 200 117
182.239.115.26 - - [27/Nov/2024:09:32:29 +0800] "POST /InternetTrading/Heartbeat HTTP/1.1" 200 32
119.136.153.188 - - [27/Nov/2024:09:32:30 +0800] "GET /InternetTrading/longpoll/52832?X-Atmosphere-tracking-id=0&X-Atmosphere-Framework=2.2.3-javascript&X-Atmosphere-Transport=long-polling&X-Atmosphere-TrackMessageSize=true&Content-Type=charset%3Dutf-8&X-atmo-protocol=true&_=1732671356236 HTTP/1.1" 200 -
60.246.219.45 - - [27/Nov/2024:09:32:32 +0800] "GET /InternetTrading/longpoll/11736?X-Atmosphere-tracking-id=0&X-Atmosphere-Framework=2.2.3-javascript&X-Atmosphere-Transport=long-polling&X-Atmosphere-TrackMessageSize=true&Content-Type=charset%3Dutf-8&X-atmo-protocol=true&_=1732671357980 HTTP/1.1" 200 -
222.125.200.60 - - [27/Nov/2024:09:32:33 +0800] "GET /InternetTrading/longpoll/52091?X-Atmosphere-tracking-id=0&X-Atmosphere-Framework=2.2.3-javascript&X-Atmosphere-Transport=long-polling&X-Atmosphere-TrackMessageSize=true&Content-Type=charset%3Dutf-8&X-atmo-protocol=true&_=1732671345004 HTTP/1.1" 200 -
182.239.115.26 - - [27/Nov/2024:09:32:34 +0800] "GET /InternetTrading/longpoll/A8127?X-Atmosphere-tracking-id=0&X-Atmosphere-Framework=2.2.3-javascript&X-Atmosphere-Transport=long-polling&X-Atmosphere-TrackMessageSize=true&Content-Type=charset%3Dutf-8&X-atmo-protocol=true&_=1732671361576 HTTP/1.1" 200 -
119.136.153.188 - - [27/Nov/2024:09:32:36 +0800] "GET /InternetTrading/longpoll/52832?X-Atmosphere-tracking-id=0&X-Atmosphere-Framework=2.2.3-javascript&X-Atmosphere-Transport=long-polling&X-Atmosphere-TrackMessageSize=true&Content-Type=charset%3Dutf-8&X-atmo-protocol=true&_=1732671363239 HTTP/1.1" 200 -
119.136.153.188 - - [27/Nov/2024:09:32:36 +0800] "POST /InternetTrading/SessionErrorLogger HTTP/1.1" 200 117
119.136.153.188 - - [27/Nov/2024:09:32:36 +0800] "POST /InternetTrading/Heartbeat HTTP/1.1" 200 32
119.136.153.188 - - [27/Nov/2024:09:32:36 +0800] "POST /InternetTrading/SessionErrorLogger HTTP/1.1" 200 117
119.136.153.188 - - [27/Nov/2024:09:32:37 +0800] "POST /InternetTrading/MarketStatus HTTP/1.1" 200 772
60.246.219.45 - - [27/Nov/2024:09:32:37 +0800] "GET /InternetTrading/longpoll/11736?X-Atmosphere-tracking-id=0&X-Atmosphere-Framework=2.2.3-javascript&X-Atmosphere-Transport=long-polling&X-Atmosphere-TrackMessageSize=true&Content-Type=charset%3Dutf-8&X-atmo-protocol=true&_=1732671363005 HTTP/1.1" 200 -
222.125.200.60 - - [27/Nov/2024:09:32:37 +0800] "POST /InternetTrading/SessionErrorLogger HTTP/1.1" 200 117
222.125.200.60 - - [27/Nov/2024:09:32:37 +0800] "POST /InternetTrading/Heartbeat HTTP/1.1" 200 32
222.125.200.60 - - [27/Nov/2024:09:32:37 +0800] "POST /InternetTrading/SessionErrorLogger HTTP/1.1" 200 117
222.125.200.60 - - [27/Nov/2024:09:32:37 +0800] "POST /InternetTrading/MarketStatus HTTP/1.1" 200 772
222.125.200.60 - - [27/Nov/2024:09:32:38 +0800] "GET /InternetTrading/longpoll/52091?X-Atmosphere-tracking-id=0&X-Atmosphere-Framework=2.2.3-javascript&X-Atmosphere-Transport=long-polling&X-Atmosphere-TrackMessageSize=true&Content-Type=charset%3Dutf-8&X-atmo-protocol=true&_=1732671364026 HTTP/1.1" 200 -
182.239.115.26 - - [27/Nov/2024:09:32:39 +0800] "GET /InternetTrading/longpoll/A8127?X-Atmosphere-tracking-id=0&X-Atmosphere-Framework=2.2.3-javascript&X-Atmosphere-Transport=long-polling&X-Atmosphere-TrackMessageSize=true&Content-Type=charset%3Dutf-8&X-atmo-protocol=true&_=1732671366656 HTTP/1.1" 200 -
119.136.153.188 - - [27/Nov/2024:09:32:41 +0800] "GET /InternetTrading/longpoll/52832?X-Atmosphere-tracking-id=0&X-Atmosphere-Framework=2.2.3-javascript&X-Atmosphere-Transport=long-polling&X-Atmosphere-TrackMessageSize=true&Content-Type=charset%3Dutf-8&X-atmo-protocol=true&_=1732671368262 HTTP/1.1" 200 -
60.246.219.45 - - [27/Nov/2024:09:32:42 +0800] "GET /InternetTrading/longpoll/11736?X-Atmosphere-tracking-id=0&X-Atmosphere-Framework=2.2.3-javascript&X-Atmosphere-Transport=long-polling&X-Atmosphere-TrackMessageSize=true&Content-Type=charset%3Dutf-8&X-atmo-protocol=true&_=1732671368034 HTTP/1.1" 200 -
222.125.200.60 - - [27/Nov/2024:09:32:43 +0800] "GET /InternetTrading/longpoll/52091?X-Atmosphere-tracking-id=0&X-Atmosphere-Framework=2.2.3-javascript&X-Atmosphere-Transport=long-polling&X-Atmosphere-TrackMessageSize=true&Content-Type=charset%3Dutf-8&X-atmo-protocol=true&_=1732671369058 HTTP/1.1" 200 -
60.246.219.45 - - [27/Nov/2024:09:32:43 +0800] "POST /InternetTrading/SessionErrorLogger HTTP/1.1" 200 117
60.246.219.45 - - [27/Nov/2024:09:32:43 +0800] "POST /InternetTrading/Heartbeat HTTP/1.1" 200 32
60.246.219.45 - - [27/Nov/2024:09:32:43 +0800] "POST /InternetTrading/SessionErrorLogger HTTP/1.1" 200 117
60.246.219.45 - - [27/Nov/2024:09:32:43 +0800] "POST /InternetTrading/MarketStatus HTTP/1.1" 200 772
182.239.115.26 - - [27/Nov/2024:09:32:44 +0800] "GET /InternetTrading/longpoll/A8127?X-Atmosphere-tracking-id=0&X-Atmosphere-Framework=2.2.3-javascript&X-Atmosphere-Transport=long-polling&X-Atmosphere-TrackMessageSize=true&Content-Type=charset%3Dutf-8&X-atmo-protocol=true&_=1732671371857 HTTP/1.1" 200 -
119.136.153.188 - - [27/Nov/2024:09:32:46 +0800] "GET /InternetTrading/longpoll/52832?X-Atmosphere-tracking-id=0&X-Atmosphere-Framework=2.2.3-javascript&X-Atmosphere-Transport=long-polling&X-Atmosphere-TrackMessageSize=true&Content-Type=charset%3Dutf-8&X-atmo-protocol=true&_=1732671373284 HTTP/1.1" 200 -
60.246.219.45 - - [27/Nov/2024:09:32:47 +0800] "GET /InternetTrading/longpoll/11736?X-Atmosphere-tracking-id=0&X-Atmosphere-Framework=2.2.3-javascript&X-Atmosphere-Transport=long-polling&X-Atmosphere-TrackMessageSize=true&Content-Type=charset%3Dutf-8&X-atmo-protocol=true&_=1732671373079 HTTP/1.1" 200 -
222.125.200.60 - - [27/Nov/2024:09:32:48 +0800] "GET /InternetTrading/longpoll/52091?X-Atmosphere-tracking-id=0&X-Atmosphere-Framework=2.2.3-javascript&X-Atmosphere-Transport=long-polling&X-Atmosphere-TrackMessageSize=true&Content-Type=charset%3Dutf-8&X-atmo-protocol=true&_=1732671374099 HTTP/1.1" 200 -
182.239.115.26 - - [27/Nov/2024:09:32:49 +0800] "GET /InternetTrading/longpoll/A8127?X-Atmosphere-tracking-id=0&X-Atmosphere-Framework=2.2.3-javascript&X-Atmosphere-Transport=long-polling&X-Atmosphere-TrackMessageSize=true&Content-Type=charset%3Dutf-8&X-atmo-protocol=true&_=1732671377061 HTTP/1.1" 200 -
119.136.153.188 - - [27/Nov/2024:09:32:51 +0800] "GET /InternetTrading/longpoll/52832?X-Atmosphere-tracking-id=0&X-Atmosphere-Framework=2.2.3-javascript&X-Atmosphere-Transport=long-polling&X-Atmosphere-TrackMessageSize=true&Content-Type=charset%3Dutf-8&X-atmo-protocol=true&_=1732671378325 HTTP/1.1" 200 -
60.246.219.45 - - [27/Nov/2024:09:32:52 +0800] "GET /InternetTrading/longpoll/11736?X-Atmosphere-tracking-id=0&X-Atmosphere-Framework=2.2.3-javascript&X-Atmosphere-Transport=long-polling&X-Atmosphere-TrackMessageSize=true&Content-Type=charset%3Dutf-8&X-atmo-protocol=true&_=1732671378111 HTTP/1.1" 200 -
222.125.200.60 - - [27/Nov/2024:09:32:53 +0800] "GET /InternetTrading/longpoll/52091?X-Atmosphere-tracking-id=0&X-Atmosphere-Framework=2.2.3-javascript&X-Atmosphere-Transport=long-polling&X-Atmosphere-TrackMessageSize=true&Content-Type=charset%3Dutf-8&X-atmo-protocol=true&_=1732671379183 HTTP/1.1" 200 -
182.239.115.26 - - [27/Nov/2024:09:32:54 +0800] "GET /InternetTrading/longpoll/A8127?X-Atmosphere-tracking-id=0&X-Atmosphere-Framework=2.2.3-javascript&X-Atmosphere-Transport=long-polling&X-Atmosphere-TrackMessageSize=true&Content-Type=charset%3Dutf-8&X-atmo-protocol=true&_=1732671382220 HTTP/1.1" 200 -
119.136.153.188 - - [27/Nov/2024:09:32:56 +0800] "GET /InternetTrading/longpoll/52832?X-Atmosphere-tracking-id=0&X-Atmosphere-Framework=2.2.3-javascript&X-Atmosphere-Transport=long-polling&X-Atmosphere-TrackMessageSize=true&Content-Type=charset%3Dutf-8&X-atmo-protocol=true&_=1732671383394 HTTP/1.1" 200 -
182.239.115.26 - - [27/Nov/2024:09:32:57 +0800] "POST /InternetTrading/SessionErrorLogger HTTP/1.1" 200 117
182.239.115.26 - - [27/Nov/2024:09:32:57 +0800] "POST /InternetTrading/MarketStatus HTTP/1.1" 200 772
60.246.219.45 - - [27/Nov/2024:09:32:57 +0800] "GET /InternetTrading/longpoll/11736?X-Atmosphere-tracking-id=0&X-Atmosphere-Framework=2.2.3-javascript&X-Atmosphere-Transport=long-polling&X-Atmosphere-TrackMessageSize=true&Content-Type=charset%3Dutf-8&X-atmo-protocol=true&_=1732671383158 HTTP/1.1" 200 -
222.125.200.60 - - [27/Nov/2024:09:32:58 +0800] "GET /InternetTrading/longpoll/52091?X-Atmosphere-tracking-id=0&X-Atmosphere-Framework=2.2.3-javascript&X-Atmosphere-Transport=long-polling&X-Atmosphere-TrackMessageSize=true&Content-Type=charset%3Dutf-8&X-atmo-protocol=true&_=1732671384274 HTTP/1.1" 200 -
182.239.115.26 - - [27/Nov/2024:09:32:59 +0800] "POST /InternetTrading/SessionErrorLogger HTTP/1.1" 200 117
182.239.115.26 - - [27/Nov/2024:09:32:59 +0800] "POST /InternetTrading/Heartbeat HTTP/1.1" 200 32
182.239.115.26 - - [27/Nov/2024:09:32:59 +0800] "GET /InternetTrading/longpoll/A8127?X-Atmosphere-tracking-id=0&X-Atmosphere-Framework=2.2.3-javascript&X-Atmosphere-Transport=long-polling&X-Atmosphere-TrackMessageSize=true&Content-Type=charset%3Dutf-8&X-atmo-protocol=true&_=1732671387396 HTTP/1.1" 200 -
119.136.153.188 - - [27/Nov/2024:09:33:01 +0800] "GET /InternetTrading/longpoll/52832?X-Atmosphere-tracking-id=0&X-Atmosphere-Framework=2.2.3-javascript&X-Atmosphere-Transport=long-polling&X-Atmosphere-TrackMessageSize=true&Content-Type=charset%3Dutf-8&X-atmo-protocol=true&_=1732671388467 HTTP/1.1" 200 -
60.246.219.45 - - [27/Nov/2024:09:33:02 +0800] "GET /InternetTrading/longpoll/11736?X-Atmosphere-tracking-id=0&X-Atmosphere-Framework=2.2.3-javascript&X-Atmosphere-Transport=long-polling&X-Atmosphere-TrackMessageSize=true&Content-Type=charset%3Dutf-8&X-atmo-protocol=true&_=1732671388208 HTTP/1.1" 200 -
222.125.200.60 - - [27/Nov/2024:09:33:03 +0800] "GET /InternetTrading/longpoll/52091?X-Atmosphere-tracking-id=0&X-Atmosphere-Framework=2.2.3-javascript&X-Atmosphere-Transport=long-polling&X-Atmosphere-TrackMessageSize=true&Content-Type=charset%3Dutf-8&X-atmo-protocol=true&_=1732671389307 HTTP/1.1" 200 -
182.239.115.26 - - [27/Nov/2024:09:33:05 +0800] "GET /InternetTrading/longpoll/A8127?X-Atmosphere-tracking-id=0&X-Atmosphere-Framework=2.2.3-javascript&X-Atmosphere-Transport=long-polling&X-Atmosphere-TrackMessageSize=true&Content-Type=charset%3Dutf-8&X-atmo-protocol=true&_=1732671392456 HTTP/1.1" 200 -
119.136.153.188 - - [27/Nov/2024:09:33:06 +0800] "GET /InternetTrading/longpoll/52832?X-Atmosphere-tracking-id=0&X-Atmosphere-Framework=2.2.3-javascript&X-Atmosphere-Transport=long-polling&X-Atmosphere-TrackMessageSize=true&Content-Type=charset%3Dutf-8&X-atmo-protocol=true&_=1732671393497 HTTP/1.1" 200 -
119.136.153.188 - - [27/Nov/2024:09:33:06 +0800] "POST /InternetTrading/SessionErrorLogger HTTP/1.1" 200 117
119.136.153.188 - - [27/Nov/2024:09:33:07 +0800] "POST /InternetTrading/Heartbeat HTTP/1.1" 200 32
119.136.153.188 - - [27/Nov/2024:09:33:07 +0800] "POST /InternetTrading/SessionErrorLogger HTTP/1.1" 200 117
119.136.153.188 - - [27/Nov/2024:09:33:07 +0800] "POST /InternetTrading/MarketStatus HTTP/1.1" 200 772
60.246.219.45 - - [27/Nov/2024:09:33:07 +0800] "GET /InternetTrading/longpoll/11736?X-Atmosphere-tracking-id=0&X-Atmosphere-Framework=2.2.3-javascript&X-Atmosphere-Transport=long-polling&X-Atmosphere-TrackMessageSize=true&Content-Type=charset%3Dutf-8&X-atmo-protocol=true&_=1732671393265 HTTP/1.1" 200 -
222.125.200.60 - - [27/Nov/2024:09:33:07 +0800] "POST /InternetTrading/SessionErrorLogger HTTP/1.1" 200 117
222.125.200.60 - - [27/Nov/2024:09:33:07 +0800] "POST /InternetTrading/Heartbeat HTTP/1.1" 200 32
222.125.200.60 - - [27/Nov/2024:09:33:07 +0800] "POST /InternetTrading/SessionErrorLogger HTTP/1.1" 200 117
222.125.200.60 - - [27/Nov/2024:09:33:07 +0800] "POST /InternetTrading/MarketStatus HTTP/1.1" 200 772
222.125.200.60 - - [27/Nov/2024:09:33:08 +0800] "GET /InternetTrading/longpoll/52091?X-Atmosphere-tracking-id=0&X-Atmosphere-Framework=2.2.3-javascript&X-Atmosphere-Transport=long-polling&X-Atmosphere-TrackMessageSize=true&Content-Type=charset%3Dutf-8&X-atmo-protocol=true&_=1732671394406 HTTP/1.1" 200 -
182.239.115.26 - - [27/Nov/2024:09:33:10 +0800] "GET /InternetTrading/longpoll/A8127?X-Atmosphere-tracking-id=0&X-Atmosphere-Framework=2.2.3-javascript&X-Atmosphere-Transport=long-polling&X-Atmosphere-TrackMessageSize=true&Content-Type=charset%3Dutf-8&X-atmo-protocol=true&_=1732671397623 HTTP/1.1" 200 -
119.136.153.188 - - [27/Nov/2024:09:33:11 +0800] "GET /InternetTrading/longpoll/52832?X-Atmosphere-tracking-id=0&X-Atmosphere-Framework=2.2.3-javascript&X-Atmosphere-Transport=long-polling&X-Atmosphere-TrackMessageSize=true&Content-Type=charset%3Dutf-8&X-atmo-protocol=true&_=1732671398588 HTTP/1.1" 200 -
60.246.219.45 - - [27/Nov/2024:09:33:12 +0800] "GET /InternetTrading/longpoll/11736?X-Atmosphere-tracking-id=0&X-Atmosphere-Framework=2.2.3-javascript&X-Atmosphere-Transport=long-polling&X-Atmosphere-TrackMessageSize=true&Content-Type=charset%3Dutf-8&X-atmo-protocol=true&_=1732671398306 HTTP/1.1" 200 -
60.246.219.45 - - [27/Nov/2024:09:33:13 +0800] "POST /InternetTrading/SessionErrorLogger HTTP/1.1" 200 117
60.246.219.45 - - [27/Nov/2024:09:33:13 +0800] "POST /InternetTrading/Heartbeat HTTP/1.1" 200 32
60.246.219.45 - - [27/Nov/2024:09:33:13 +0800] "POST /InternetTrading/SessionErrorLogger HTTP/1.1" 200 117
60.246.219.45 - - [27/Nov/2024:09:33:13 +0800] "POST /InternetTrading/MarketStatus HTTP/1.1" 200 772
222.125.200.60 - - [27/Nov/2024:09:33:13 +0800] "GET /InternetTrading/longpoll/52091?X-Atmosphere-tracking-id=0&X-Atmosphere-Framework=2.2.3-javascript&X-Atmosphere-Transport=long-polling&X-Atmosphere-TrackMessageSize=true&Content-Type=charset%3Dutf-8&X-atmo-protocol=true&_=1732671399444 HTTP/1.1" 200 -
182.239.115.26 - - [27/Nov/2024:09:33:15 +0800] "GET /InternetTrading/longpoll/A8127?X-Atmosphere-tracking-id=0&X-Atmosphere-Framework=2.2.3-javascript&X-Atmosphere-Transport=long-polling&X-Atmosphere-TrackMessageSize=true&Content-Type=charset%3Dutf-8&X-atmo-protocol=true&_=1732671402817 HTTP/1.1" 200 -
119.136.153.188 - - [27/Nov/2024:09:33:16 +0800] "GET /InternetTrading/longpoll/52832?X-Atmosphere-tracking-id=0&X-Atmosphere-Framework=2.2.3-javascript&X-Atmosphere-Transport=long-polling&X-Atmosphere-TrackMessageSize=true&Content-Type=charset%3Dutf-8&X-atmo-protocol=true&_=1732671403630 HTTP/1.1" 200 -
60.246.219.45 - - [27/Nov/2024:09:33:17 +0800] "GET /InternetTrading/longpoll/11736?X-Atmosphere-tracking-id=0&X-Atmosphere-Framework=2.2.3-javascript&X-Atmosphere-Transport=long-polling&X-Atmosphere-TrackMessageSize=true&Content-Type=charset%3Dutf-8&X-atmo-protocol=true&_=1732671403355 HTTP/1.1" 200 -
222.125.200.60 - - [27/Nov/2024:09:33:18 +0800] "GET /InternetTrading/longpoll/52091?X-Atmosphere-tracking-id=0&X-Atmosphere-Framework=2.2.3-javascript&X-Atmosphere-Transport=long-polling&X-Atmosphere-TrackMessageSize=true&Content-Type=charset%3Dutf-8&X-atmo-protocol=true&_=1732671404554 HTTP/1.1" 200 -
182.239.115.26 - - [27/Nov/2024:09:33:20 +0800] "GET /InternetTrading/longpoll/A8127?X-Atmosphere-tracking-id=0&X-Atmosphere-Framework=2.2.3-javascript&X-Atmosphere-Transport=long-polling&X-Atmosphere-TrackMessageSize=true&Content-Type=charset%3Dutf-8&X-atmo-protocol=true&_=1732671408055 HTTP/1.1" 200 -
119.136.153.188 - - [27/Nov/2024:09:33:21 +0800] "GET /InternetTrading/longpoll/52832?X-Atmosphere-tracking-id=0&X-Atmosphere-Framework=2.2.3-javascript&X-Atmosphere-Transport=long-polling&X-Atmosphere-TrackMessageSize=true&Content-Type=charset%3Dutf-8&X-atmo-protocol=true&_=1732671408676 HTTP/1.1" 200 -
60.246.219.45 - - [27/Nov/2024:09:33:22 +0800] "GET /InternetTrading/longpoll/11736?X-Atmosphere-tracking-id=0&X-Atmosphere-Framework=2.2.3-javascript&X-Atmosphere-Transport=long-polling&X-Atmosphere-TrackMessageSize=true&Content-Type=charset%3Dutf-8&X-atmo-protocol=true&_=1732671408381 HTTP/1.1" 200 -
222.125.200.60 - - [27/Nov/2024:09:33:23 +0800] "GET /InternetTrading/longpoll/52091?X-Atmosphere-tracking-id=0&X-Atmosphere-Framework=2.2.3-javascript&X-Atmosphere-Transport=long-polling&X-Atmosphere-TrackMessageSize=true&Content-Type=charset%3Dutf-8&X-atmo-protocol=true&_=1732671409631 HTTP/1.1" 200 -
182.239.115.26 - - [27/Nov/2024:09:33:25 +0800] "GET /InternetTrading/longpoll/A8127?X-Atmosphere-tracking-id=0&X-Atmosphere-Framework=2.2.3-javascript&X-Atmosphere-Transport=long-polling&X-Atmosphere-TrackMessageSize=true&Content-Type=charset%3Dutf-8&X-atmo-protocol=true&_=1732671413298 HTTP/1.1" 200 -
119.136.153.188 - - [27/Nov/2024:09:33:26 +0800] "GET /InternetTrading/longpoll/52832?X-Atmosphere-tracking-id=0&X-Atmosphere-Framework=2.2.3-javascript&X-Atmosphere-Transport=long-polling&X-Atmosphere-TrackMessageSize=true&Content-Type=charset%3Dutf-8&X-atmo-protocol=true&_=1732671413734 HTTP/1.1" 200 -
182.239.115.26 - - [27/Nov/2024:09:33:27 +0800] "POST /InternetTrading/SessionErrorLogger HTTP/1.1" 200 117
182.239.115.26 - - [27/Nov/2024:09:33:27 +0800] "POST /InternetTrading/MarketStatus HTTP/1.1" 200 772
60.246.219.45 - - [27/Nov/2024:09:33:27 +0800] "GET /InternetTrading/longpoll/11736?X-Atmosphere-tracking-id=0&X-Atmosphere-Framework=2.2.3-javascript&X-Atmosphere-Transport=long-polling&X-Atmosphere-TrackMessageSize=true&Content-Type=charset%3Dutf-8&X-atmo-protocol=true&_=1732671413403 HTTP/1.1" 200 -
222.125.200.60 - - [27/Nov/2024:09:33:29 +0800] "GET /InternetTrading/longpoll/52091?X-Atmosphere-tracking-id=0&X-Atmosphere-Framework=2.2.3-javascript&X-Atmosphere-Transport=long-polling&X-Atmosphere-TrackMessageSize=true&Content-Type=charset%3Dutf-8&X-atmo-protocol=true&_=1732671414720 HTTP/1.1" 200 -
182.239.115.26 - - [27/Nov/2024:09:33:29 +0800] "POST /InternetTrading/SessionErrorLogger HTTP/1.1" 200 117
182.239.115.26 - - [27/Nov/2024:09:33:29 +0800] "POST /InternetTrading/Heartbeat HTTP/1.1" 200 32
182.239.115.26 - - [27/Nov/2024:09:33:30 +0800] "GET /InternetTrading/longpoll/A8127?X-Atmosphere-tracking-id=0&X-Atmosphere-Framework=2.2.3-javascript&X-Atmosphere-Transport=long-polling&X-Atmosphere-TrackMessageSize=true&Content-Type=charset%3Dutf-8&X-atmo-protocol=true&_=1732671418475 HTTP/1.1" 200 -
119.136.153.188 - - [27/Nov/2024:09:33:31 +0800] "GET /InternetTrading/longpoll/52832?X-Atmosphere-tracking-id=0&X-Atmosphere-Framework=2.2.3-javascript&X-Atmosphere-Transport=long-polling&X-Atmosphere-TrackMessageSize=true&Content-Type=charset%3Dutf-8&X-atmo-protocol=true&_=1732671418798 HTTP/1.1" 200 -
60.246.219.45 - - [27/Nov/2024:09:33:32 +0800] "GET /InternetTrading/longpoll/11736?X-Atmosphere-tracking-id=0&X-Atmosphere-Framework=2.2.3-javascript&X-Atmosphere-Transport=long-polling&X-Atmosphere-TrackMessageSize=true&Content-Type=charset%3Dutf-8&X-atmo-protocol=true&_=1732671418455 HTTP/1.1" 200 -
222.125.200.60 - - [27/Nov/2024:09:33:34 +0800] "GET /InternetTrading/longpoll/52091?X-Atmosphere-tracking-id=0&X-Atmosphere-Framework=2.2.3-javascript&X-Atmosphere-Transport=long-polling&X-Atmosphere-TrackMessageSize=true&Content-Type=charset%3Dutf-8&X-atmo-protocol=true&_=1732671419810 HTTP/1.1" 200 -
182.239.115.26 - - [27/Nov/2024:09:33:35 +0800] "POST /InternetTrading/SessionErrorLogger HTTP/1.1" 200 117
182.239.115.26 - - [27/Nov/2024:09:33:35 +0800] "POST /InternetTrading/Portfolio HTTP/1.1" 200 1730
182.239.115.26 - - [27/Nov/2024:09:33:35 +0800] "GET /InternetTrading/jquery/wait.gif HTTP/1.1" 200 432
182.239.115.26 - - [27/Nov/2024:09:33:36 +0800] "GET /InternetTrading/longpoll/A8127?X-Atmosphere-tracking-id=0&X-Atmosphere-Framework=2.2.3-javascript&X-Atmosphere-Transport=long-polling&X-Atmosphere-TrackMessageSize=true&Content-Type=charset%3Dutf-8&X-atmo-protocol=true&_=1732671423538 HTTP/1.1" 200 -
119.136.153.188 - - [27/Nov/2024:09:33:36 +0800] "GET /InternetTrading/longpoll/52832?X-Atmosphere-tracking-id=0&X-Atmosphere-Framework=2.2.3-javascript&X-Atmosphere-Transport=long-polling&X-Atmosphere-TrackMessageSize=true&Content-Type=charset%3Dutf-8&X-atmo-protocol=true&_=1732671423833 HTTP/1.1" 200 -
119.136.153.188 - - [27/Nov/2024:09:33:37 +0800] "POST /InternetTrading/SessionErrorLogger HTTP/1.1" 200 117
182.239.115.26 - - [27/Nov/2024:09:33:37 +0800] "POST /InternetTrading/SessionErrorLogger HTTP/1.1" 200 117
182.239.115.26 - - [27/Nov/2024:09:33:37 +0800] "GET /InternetTrading/tc/sell_ticket.html? HTTP/1.1" 200 2261
60.246.219.45 - - [27/Nov/2024:09:33:37 +0800] "GET /InternetTrading/longpoll/11736?X-Atmosphere-tracking-id=0&X-Atmosphere-Framework=2.2.3-javascript&X-Atmosphere-Transport=long-polling&X-Atmosphere-TrackMessageSize=true&Content-Type=charset%3Dutf-8&X-atmo-protocol=true&_=1732671423498 HTTP/1.1" 200 -
119.136.153.188 - - [27/Nov/2024:09:33:37 +0800] "POST /InternetTrading/Heartbeat HTTP/1.1" 200 32
119.136.153.188 - - [27/Nov/2024:09:33:37 +0800] "POST /InternetTrading/SessionErrorLogger HTTP/1.1" 200 117
182.239.115.26 - - [27/Nov/2024:09:33:37 +0800] "POST /InternetTrading/SessionErrorLogger HTTP/1.1" 200 117
182.239.115.26 - - [27/Nov/2024:09:33:37 +0800] "POST /InternetTrading/SessionErrorLogger HTTP/1.1" 200 117
182.239.115.26 - - [27/Nov/2024:09:33:37 +0800] "POST /InternetTrading/MarketStatus HTTP/1.1" 200 772
182.239.115.26 - - [27/Nov/2024:09:33:37 +0800] "POST /InternetTrading/SessionErrorLogger HTTP/1.1" 200 117
182.239.115.26 - - [27/Nov/2024:09:33:37 +0800] "POST /InternetTrading/MarketStatus HTTP/1.1" 200 772
222.125.200.60 - - [27/Nov/2024:09:33:37 +0800] "POST /InternetTrading/SessionErrorLogger HTTP/1.1" 200 117
222.125.200.60 - - [27/Nov/2024:09:33:37 +0800] "POST /InternetTrading/Heartbeat HTTP/1.1" 200 32
182.239.115.26 - - [27/Nov/2024:09:33:37 +0800] "POST /InternetTrading/Product HTTP/1.1" 200 307
182.239.115.26 - - [27/Nov/2024:09:33:37 +0800] "POST /InternetTrading/SessionErrorLogger HTTP/1.1" 200 117
222.125.200.60 - - [27/Nov/2024:09:33:37 +0800] "POST /InternetTrading/SessionErrorLogger HTTP/1.1" 200 117
119.136.153.188 - - [27/Nov/2024:09:33:37 +0800] "POST /InternetTrading/MarketStatus HTTP/1.1" 200 772
222.125.200.60 - - [27/Nov/2024:09:33:37 +0800] "POST /InternetTrading/MarketStatus HTTP/1.1" 200 772
182.239.115.26 - - [27/Nov/2024:09:33:37 +0800] "POST /InternetTrading/OrderMaxQuantity HTTP/1.1" 200 7
222.125.200.60 - - [27/Nov/2024:09:33:39 +0800] "GET /InternetTrading/longpoll/52091?X-Atmosphere-tracking-id=0&X-Atmosphere-Framework=2.2.3-javascript&X-Atmosphere-Transport=long-polling&X-Atmosphere-TrackMessageSize=true&Content-Type=charset%3Dutf-8&X-atmo-protocol=true&_=1732671424906 HTTP/1.1" 200 -
182.239.115.26 - - [27/Nov/2024:09:33:41 +0800] "GET /InternetTrading/longpoll/A8127?X-Atmosphere-tracking-id=0&X-Atmosphere-Framework=2.2.3-javascript&X-Atmosphere-Transport=long-polling&X-Atmosphere-TrackMessageSize=true&Content-Type=charset%3Dutf-8&X-atmo-protocol=true&_=1732671428613 HTTP/1.1" 200 -
182.239.115.26 - - [27/Nov/2024:09:33:41 +0800] "POST /InternetTrading/SessionErrorLogger HTTP/1.1" 200 117
182.239.115.26 - - [27/Nov/2024:09:33:41 +0800] "POST /InternetTrading/LoginKey HTTP/1.1" 200 -
182.239.115.26 - - [27/Nov/2024:09:33:41 +0800] "GET /InternetTrading/jquery/wait.gif HTTP/1.1" 200 432
182.239.115.26 - - [27/Nov/2024:09:33:41 +0800] "POST /InternetTrading/PreOrder HTTP/1.1" 200 1224
119.136.153.188 - - [27/Nov/2024:09:33:41 +0800] "GET /InternetTrading/longpoll/52832?X-Atmosphere-tracking-id=0&X-Atmosphere-Framework=2.2.3-javascript&X-Atmosphere-Transport=long-polling&X-Atmosphere-TrackMessageSize=true&Content-Type=charset%3Dutf-8&X-atmo-protocol=true&_=1732671428886 HTTP/1.1" 200 -
60.246.219.45 - - [27/Nov/2024:09:33:42 +0800] "GET /InternetTrading/longpoll/11736?X-Atmosphere-tracking-id=0&X-Atmosphere-Framework=2.2.3-javascript&X-Atmosphere-Transport=long-polling&X-Atmosphere-TrackMessageSize=true&Content-Type=charset%3Dutf-8&X-atmo-protocol=true&_=1732671428538 HTTP/1.1" 200 -
182.239.115.26 - - [27/Nov/2024:09:33:42 +0800] "POST /InternetTrading/SessionErrorLogger HTTP/1.1" 200 117
182.239.115.26 - - [27/Nov/2024:09:33:42 +0800] "GET /InternetTrading/Csrf?url=/Order HTTP/1.1" 200 126
182.239.115.26 - - [27/Nov/2024:09:33:42 +0800] "POST /InternetTrading/SessionErrorLogger HTTP/1.1" 200 117
182.239.115.26 - - [27/Nov/2024:09:33:42 +0800] "POST /InternetTrading/LoginKey HTTP/1.1" 200 -
182.239.115.26 - - [27/Nov/2024:09:33:42 +0800] "POST /InternetTrading/SessionErrorLogger HTTP/1.1" 200 117
182.239.115.26 - - [27/Nov/2024:09:33:42 +0800] "POST /InternetTrading/Order?csrf_nonce=9B0BD15804CF325A9BD6001D5DB0F4C1 HTTP/1.1" 200 1020
182.239.115.26 - - [27/Nov/2024:09:33:43 +0800] "POST /InternetTrading/SessionErrorLogger HTTP/1.1" 200 117
182.239.115.26 - - [27/Nov/2024:09:33:43 +0800] "GET /InternetTrading/tc/sell_ticket.html? HTTP/1.1" 200 2261
182.239.115.26 - - [27/Nov/2024:09:33:43 +0800] "POST /InternetTrading/SessionErrorLogger HTTP/1.1" 200 117
182.239.115.26 - - [27/Nov/2024:09:33:43 +0800] "POST /InternetTrading/SessionErrorLogger HTTP/1.1" 200 117
182.239.115.26 - - [27/Nov/2024:09:33:43 +0800] "POST /InternetTrading/MarketStatus HTTP/1.1" 200 772
182.239.115.26 - - [27/Nov/2024:09:33:43 +0800] "POST /InternetTrading/MarketStatus HTTP/1.1" 200 772
60.246.219.45 - - [27/Nov/2024:09:33:43 +0800] "POST /InternetTrading/SessionErrorLogger HTTP/1.1" 200 117
60.246.219.45 - - [27/Nov/2024:09:33:43 +0800] "POST /InternetTrading/Heartbeat HTTP/1.1" 200 32
60.246.219.45 - - [27/Nov/2024:09:33:43 +0800] "POST /InternetTrading/SessionErrorLogger HTTP/1.1" 200 117
60.246.219.45 - - [27/Nov/2024:09:33:43 +0800] "POST /InternetTrading/MarketStatus HTTP/1.1" 200 772
222.125.200.60 - - [27/Nov/2024:09:33:44 +0800] "GET /InternetTrading/longpoll/52091?X-Atmosphere-tracking-id=0&X-Atmosphere-Framework=2.2.3-javascript&X-Atmosphere-Transport=long-polling&X-Atmosphere-TrackMessageSize=true&Content-Type=charset%3Dutf-8&X-atmo-protocol=true&_=1732671429979 HTTP/1.1" 200 -
182.239.115.26 - - [27/Nov/2024:09:33:45 +0800] "GET /InternetTrading/jquery/wait.gif HTTP/1.1" 200 432
182.239.115.26 - - [27/Nov/2024:09:33:45 +0800] "POST /InternetTrading/SessionErrorLogger HTTP/1.1" 200 117
182.239.115.26 - - [27/Nov/2024:09:33:45 +0800] "POST /InternetTrading/Orderbook HTTP/1.1" 200 1657
182.239.115.26 - - [27/Nov/2024:09:33:46 +0800] "GET /InternetTrading/longpoll/A8127?X-Atmosphere-tracking-id=0&X-Atmosphere-Framework=2.2.3-javascript&X-Atmosphere-Transport=long-polling&X-Atmosphere-TrackMessageSize=true&Content-Type=charset%3Dutf-8&X-atmo-protocol=true&_=1732671433694 HTTP/1.1" 200 -
119.136.153.188 - - [27/Nov/2024:09:33:46 +0800] "GET /InternetTrading/longpoll/52832?X-Atmosphere-tracking-id=0&X-Atmosphere-Framework=2.2.3-javascript&X-Atmosphere-Transport=long-polling&X-Atmosphere-TrackMessageSize=true&Content-Type=charset%3Dutf-8&X-atmo-protocol=true&_=1732671433914 HTTP/1.1" 200 -
60.246.219.45 - - [27/Nov/2024:09:33:47 +0800] "GET /InternetTrading/longpoll/11736?X-Atmosphere-tracking-id=0&X-Atmosphere-Framework=2.2.3-javascript&X-Atmosphere-Transport=long-polling&X-Atmosphere-TrackMessageSize=true&Content-Type=charset%3Dutf-8&X-atmo-protocol=true&_=1732671433580 HTTP/1.1" 200 -
222.125.200.60 - - [27/Nov/2024:09:33:49 +0800] "GET /InternetTrading/longpoll/52091?X-Atmosphere-tracking-id=0&X-Atmosphere-Framework=2.2.3-javascript&X-Atmosphere-Transport=long-polling&X-Atmosphere-TrackMessageSize=true&Content-Type=charset%3Dutf-8&X-atmo-protocol=true&_=1732671435060 HTTP/1.1" 200 -
182.239.115.26 - - [27/Nov/2024:09:33:51 +0800] "GET /InternetTrading/longpoll/A8127?X-Atmosphere-tracking-id=0&X-Atmosphere-Framework=2.2.3-javascript&X-Atmosphere-Transport=long-polling&X-Atmosphere-TrackMessageSize=true&Content-Type=charset%3Dutf-8&X-atmo-protocol=true&_=1732671438783 HTTP/1.1" 200 -
119.136.153.188 - - [27/Nov/2024:09:33:51 +0800] "GET /InternetTrading/longpoll/52832?X-Atmosphere-tracking-id=0&X-Atmosphere-Framework=2.2.3-javascript&X-Atmosphere-Transport=long-polling&X-Atmosphere-TrackMessageSize=true&Content-Type=charset%3Dutf-8&X-atmo-protocol=true&_=1732671438954 HTTP/1.1" 200 -
60.246.219.45 - - [27/Nov/2024:09:33:52 +0800] "GET /InternetTrading/longpoll/11736?X-Atmosphere-tracking-id=0&X-Atmosphere-Framework=2.2.3-javascript&X-Atmosphere-Transport=long-polling&X-Atmosphere-TrackMessageSize=true&Content-Type=charset%3Dutf-8&X-atmo-protocol=true&_=1732671438598 HTTP/1.1" 200 -
222.125.200.60 - - [27/Nov/2024:09:33:54 +0800] "GET /InternetTrading/longpoll/52091?X-Atmosphere-tracking-id=0&X-Atmosphere-Framework=2.2.3-javascript&X-Atmosphere-Transport=long-polling&X-Atmosphere-TrackMessageSize=true&Content-Type=charset%3Dutf-8&X-atmo-protocol=true&_=1732671440372 HTTP/1.1" 200 -
182.239.115.26 - - [27/Nov/2024:09:33:56 +0800] "GET /InternetTrading/longpoll/A8127?X-Atmosphere-tracking-id=0&X-Atmosphere-Framework=2.2.3-javascript&X-Atmosphere-Transport=long-polling&X-Atmosphere-TrackMessageSize=true&Content-Type=charset%3Dutf-8&X-atmo-protocol=true&_=1732671443950 HTTP/1.1" 200 -
119.136.153.188 - - [27/Nov/2024:09:33:56 +0800] "GET /InternetTrading/longpoll/52832?X-Atmosphere-tracking-id=0&X-Atmosphere-Framework=2.2.3-javascript&X-Atmosphere-Transport=long-polling&X-Atmosphere-TrackMessageSize=true&Content-Type=charset%3Dutf-8&X-atmo-protocol=true&_=1732671444035 HTTP/1.1" 200 -
60.246.219.45 - - [27/Nov/2024:09:33:57 +0800] "GET /InternetTrading/longpoll/11736?X-Atmosphere-tracking-id=0&X-Atmosphere-Framework=2.2.3-javascript&X-Atmosphere-Transport=long-polling&X-Atmosphere-TrackMessageSize=true&Content-Type=charset%3Dutf-8&X-atmo-protocol=true&_=1732671443623 HTTP/1.1" 200 -
182.239.115.26 - - [27/Nov/2024:09:33:59 +0800] "POST /InternetTrading/SessionErrorLogger HTTP/1.1" 200 117
182.239.115.26 - - [27/Nov/2024:09:33:59 +0800] "POST /InternetTrading/Heartbeat HTTP/1.1" 200 32
222.125.200.60 - - [27/Nov/2024:09:34:00 +0800] "GET /InternetTrading/longpoll/52091?X-Atmosphere-tracking-id=0&X-Atmosphere-Framework=2.2.3-javascript&X-Atmosphere-Transport=long-polling&X-Atmosphere-TrackMessageSize=true&Content-Type=charset%3Dutf-8&X-atmo-protocol=true&_=1732671445458 HTTP/1.1" 200 -
182.239.115.26 - - [27/Nov/2024:09:34:01 +0800] "GET /InternetTrading/jquery/wait.gif HTTP/1.1" 200 432
182.239.115.26 - - [27/Nov/2024:09:34:01 +0800] "POST /InternetTrading/SessionErrorLogger HTTP/1.1" 200 117
182.239.115.26 - - [27/Nov/2024:09:34:01 +0800] "GET /InternetTrading/longpoll/A8127?X-Atmosphere-tracking-id=0&X-Atmosphere-Framework=2.2.3-javascript&X-Atmosphere-Transport=long-polling&X-Atmosphere-TrackMessageSize=true&Content-Type=charset%3Dutf-8&X-atmo-protocol=true&_=1732671449263 HTTP/1.1" 200 -
182.239.115.26 - - [27/Nov/2024:09:34:01 +0800] "POST /InternetTrading/Portfolio HTTP/1.1" 200 1730
60.246.219.45 - - [27/Nov/2024:09:34:02 +0800] "GET /InternetTrading/longpoll/11736?X-Atmosphere-tracking-id=0&X-Atmosphere-Framework=2.2.3-javascript&X-Atmosphere-Transport=long-polling&X-Atmosphere-TrackMessageSize=true&Content-Type=charset%3Dutf-8&X-atmo-protocol=true&_=1732671448661 HTTP/1.1" 200 -
119.136.153.188 - - [27/Nov/2024:09:34:03 +0800] "GET /InternetTrading/longpoll/52832?X-Atmosphere-tracking-id=0&X-Atmosphere-Framework=2.2.3-javascript&X-Atmosphere-Transport=long-polling&X-Atmosphere-TrackMessageSize=true&Content-Type=charset%3Dutf-8&X-atmo-protocol=true&_=1732671449093 HTTP/1.1" 200 -
182.239.115.26 - - [27/Nov/2024:09:34:03 +0800] "POST /InternetTrading/SessionErrorLogger HTTP/1.1" 200 117
182.239.115.26 - - [27/Nov/2024:09:34:03 +0800] "GET /InternetTrading/jquery/wait.gif HTTP/1.1" 200 432
182.239.115.26 - - [27/Nov/2024:09:34:03 +0800] "POST /InternetTrading/Orderbook HTTP/1.1" 200 1657
182.239.115.26 - - [27/Nov/2024:09:34:04 +0800] "GET /InternetTrading/jquery/wait.gif HTTP/1.1" 200 432
182.239.115.26 - - [27/Nov/2024:09:34:04 +0800] "POST /InternetTrading/SessionErrorLogger HTTP/1.1" 200 117
182.239.115.26 - - [27/Nov/2024:09:34:04 +0800] "POST /InternetTrading/OrderDetail HTTP/1.1" 200 1335
182.239.115.26 - - [27/Nov/2024:09:34:05 +0800] "GET /InternetTrading/jquery/images/ui-bg_glass_75_dadada_1x400.png HTTP/1.1" 200 262
182.239.115.26 - - [27/Nov/2024:09:34:05 +0800] "GET /InternetTrading/jquery/images/ui-bg_glass_75_e6e6e6_1x400.png HTTP/1.1" 200 262
222.125.200.60 - - [27/Nov/2024:09:34:05 +0800] "GET /InternetTrading/longpoll/52091?X-Atmosphere-tracking-id=0&X-Atmosphere-Framework=2.2.3-javascript&X-Atmosphere-Transport=long-polling&X-Atmosphere-TrackMessageSize=true&Content-Type=charset%3Dutf-8&X-atmo-protocol=true&_=1732671451205 HTTP/1.1" 200 -
182.239.115.26 - - [27/Nov/2024:09:34:06 +0800] "GET /InternetTrading/longpoll/A8127?X-Atmosphere-tracking-id=0&X-Atmosphere-Framework=2.2.3-javascript&X-Atmosphere-Transport=long-polling&X-Atmosphere-TrackMessageSize=true&Content-Type=charset%3Dutf-8&X-atmo-protocol=true&_=1732671454342 HTTP/1.1" 200 -
119.136.153.188 - - [27/Nov/2024:09:34:07 +0800] "POST /InternetTrading/SessionErrorLogger HTTP/1.1" 200 117
119.136.153.188 - - [27/Nov/2024:09:34:07 +0800] "POST /InternetTrading/Heartbeat HTTP/1.1" 200 32
182.239.115.26 - - [27/Nov/2024:09:34:07 +0800] "GET /InternetTrading/jquery/images/ui-bg_glass_65_ffffff_1x400.png HTTP/1.1" 200 207
182.239.115.26 - - [27/Nov/2024:09:34:07 +0800] "GET /InternetTrading/jquery/images/ui-icons_454545_256x240.png HTTP/1.1" 200 6992
119.136.153.188 - - [27/Nov/2024:09:34:07 +0800] "POST /InternetTrading/SessionErrorLogger HTTP/1.1" 200 117
119.136.153.188 - - [27/Nov/2024:09:34:07 +0800] "POST /InternetTrading/MarketStatus HTTP/1.1" 200 772
60.246.219.45 - - [27/Nov/2024:09:34:07 +0800] "GET /InternetTrading/longpoll/11736?X-Atmosphere-tracking-id=0&X-Atmosphere-Framework=2.2.3-javascript&X-Atmosphere-Transport=long-polling&X-Atmosphere-TrackMessageSize=true&Content-Type=charset%3Dutf-8&X-atmo-protocol=true&_=1732671453679 HTTP/1.1" 200 -
222.125.200.60 - - [27/Nov/2024:09:34:07 +0800] "POST /InternetTrading/SessionErrorLogger HTTP/1.1" 200 117
222.125.200.60 - - [27/Nov/2024:09:34:07 +0800] "POST /InternetTrading/Heartbeat HTTP/1.1" 200 32
222.125.200.60 - - [27/Nov/2024:09:34:07 +0800] "POST /InternetTrading/SessionErrorLogger HTTP/1.1" 200 117
222.125.200.60 - - [27/Nov/2024:09:34:07 +0800] "POST /InternetTrading/MarketStatus HTTP/1.1" 200 772
182.239.115.26 - - [27/Nov/2024:09:34:08 +0800] "GET /InternetTrading/jquery/wait.gif HTTP/1.1" 200 432
182.239.115.26 - - [27/Nov/2024:09:34:08 +0800] "POST /InternetTrading/SessionErrorLogger HTTP/1.1" 200 117
182.239.115.26 - - [27/Nov/2024:09:34:08 +0800] "POST /InternetTrading/Portfolio HTTP/1.1" 200 1730
119.136.153.188 - - [27/Nov/2024:09:34:08 +0800] "GET /InternetTrading/longpoll/52832?X-Atmosphere-tracking-id=0&X-Atmosphere-Framework=2.2.3-javascript&X-Atmosphere-Transport=long-polling&X-Atmosphere-TrackMessageSize=true&Content-Type=charset%3Dutf-8&X-atmo-protocol=true&_=1732671455433 HTTP/1.1" 200 -
222.125.200.60 - - [27/Nov/2024:09:34:10 +0800] "GET /InternetTrading/longpoll/52091?X-Atmosphere-tracking-id=0&X-Atmosphere-Framework=2.2.3-javascript&X-Atmosphere-Transport=long-polling&X-Atmosphere-TrackMessageSize=true&Content-Type=charset%3Dutf-8&X-atmo-protocol=true&_=1732671456240 HTTP/1.1" 200 -
182.239.115.26 - - [27/Nov/2024:09:34:11 +0800] "GET /InternetTrading/longpoll/A8127?X-Atmosphere-tracking-id=0&X-Atmosphere-Framework=2.2.3-javascript&X-Atmosphere-Transport=long-polling&X-Atmosphere-TrackMessageSize=true&Content-Type=charset%3Dutf-8&X-atmo-protocol=true&_=1732671459433 HTTP/1.1" 200 -
60.246.219.45 - - [27/Nov/2024:09:34:12 +0800] "GET /InternetTrading/longpoll/11736?X-Atmosphere-tracking-id=0&X-Atmosphere-Framework=2.2.3-javascript&X-Atmosphere-Transport=long-polling&X-Atmosphere-TrackMessageSize=true&Content-Type=charset%3Dutf-8&X-atmo-protocol=true&_=1732671458721 HTTP/1.1" 200 -
182.239.115.26 - - [27/Nov/2024:09:34:13 +0800] "POST /InternetTrading/SessionErrorLogger HTTP/1.1" 200 117
119.136.153.188 - - [27/Nov/2024:09:34:13 +0800] "GET /InternetTrading/longpoll/52832?X-Atmosphere-tracking-id=0&X-Atmosphere-Framework=2.2.3-javascript&X-Atmosphere-Transport=long-polling&X-Atmosphere-TrackMessageSize=true&Content-Type=charset%3Dutf-8&X-atmo-protocol=true&_=1732671460467 HTTP/1.1" 200 -
182.239.115.26 - - [27/Nov/2024:09:34:13 +0800] "POST /InternetTrading/MarketStatus HTTP/1.1" 200 772
60.246.219.45 - - [27/Nov/2024:09:34:13 +0800] "POST /InternetTrading/SessionErrorLogger HTTP/1.1" 200 117
60.246.219.45 - - [27/Nov/2024:09:34:13 +0800] "POST /InternetTrading/Heartbeat HTTP/1.1" 200 32
60.246.219.45 - - [27/Nov/2024:09:34:13 +0800] "POST /InternetTrading/SessionErrorLogger HTTP/1.1" 200 117
60.246.219.45 - - [27/Nov/2024:09:34:13 +0800] "POST /InternetTrading/MarketStatus HTTP/1.1" 200 772
222.125.200.60 - - [27/Nov/2024:09:34:15 +0800] "GET /InternetTrading/longpoll/52091?X-Atmosphere-tracking-id=0&X-Atmosphere-Framework=2.2.3-javascript&X-Atmosphere-Transport=long-polling&X-Atmosphere-TrackMessageSize=true&Content-Type=charset%3Dutf-8&X-atmo-protocol=true&_=1732671461330 HTTP/1.1" 200 -
182.239.115.26 - - [27/Nov/2024:09:34:16 +0800] "GET /InternetTrading/longpoll/A8127?X-Atmosphere-tracking-id=0&X-Atmosphere-Framework=2.2.3-javascript&X-Atmosphere-Transport=long-polling&X-Atmosphere-TrackMessageSize=true&Content-Type=charset%3Dutf-8&X-atmo-protocol=true&_=1732671464496 HTTP/1.1" 200 -
60.246.219.45 - - [27/Nov/2024:09:34:17 +0800] "GET /InternetTrading/longpoll/11736?X-Atmosphere-tracking-id=0&X-Atmosphere-Framework=2.2.3-javascript&X-Atmosphere-Transport=long-polling&X-Atmosphere-TrackMessageSize=true&Content-Type=charset%3Dutf-8&X-atmo-protocol=true&_=1732671463777 HTTP/1.1" 200 -
119.136.153.188 - - [27/Nov/2024:09:34:18 +0800] "GET /InternetTrading/longpoll/52832?X-Atmosphere-tracking-id=0&X-Atmosphere-Framework=2.2.3-javascript&X-Atmosphere-Transport=long-polling&X-Atmosphere-TrackMessageSize=true&Content-Type=charset%3Dutf-8&X-atmo-protocol=true&_=1732671465494 HTTP/1.1" 200 -
222.125.200.60 - - [27/Nov/2024:09:34:20 +0800] "GET /InternetTrading/longpoll/52091?X-Atmosphere-tracking-id=0&X-Atmosphere-Framework=2.2.3-javascript&X-Atmosphere-Transport=long-polling&X-Atmosphere-TrackMessageSize=true&Content-Type=charset%3Dutf-8&X-atmo-protocol=true&_=1732671466374 HTTP/1.1" 200 -
182.239.115.26 - - [27/Nov/2024:09:34:22 +0800] "GET /InternetTrading/longpoll/A8127?X-Atmosphere-tracking-id=0&X-Atmosphere-Framework=2.2.3-javascript&X-Atmosphere-Transport=long-polling&X-Atmosphere-TrackMessageSize=true&Content-Type=charset%3Dutf-8&X-atmo-protocol=true&_=1732671469562 HTTP/1.1" 200 -
60.246.219.45 - - [27/Nov/2024:09:34:22 +0800] "GET /InternetTrading/longpoll/11736?X-Atmosphere-tracking-id=0&X-Atmosphere-Framework=2.2.3-javascript&X-Atmosphere-Transport=long-polling&X-Atmosphere-TrackMessageSize=true&Content-Type=charset%3Dutf-8&X-atmo-protocol=true&_=1732671468801 HTTP/1.1" 200 -
119.136.153.188 - - [27/Nov/2024:09:34:23 +0800] "GET /InternetTrading/longpoll/52832?X-Atmosphere-tracking-id=0&X-Atmosphere-Framework=2.2.3-javascript&X-Atmosphere-Transport=long-polling&X-Atmosphere-TrackMessageSize=true&Content-Type=charset%3Dutf-8&X-atmo-protocol=true&_=1732671470571 HTTP/1.1" 200 -
222.125.200.60 - - [27/Nov/2024:09:34:25 +0800] "GET /InternetTrading/longpoll/52091?X-Atmosphere-tracking-id=0&X-Atmosphere-Framework=2.2.3-javascript&X-Atmosphere-Transport=long-polling&X-Atmosphere-TrackMessageSize=true&Content-Type=charset%3Dutf-8&X-atmo-protocol=true&_=1732671471443 HTTP/1.1" 200 -
182.239.115.26 - - [27/Nov/2024:09:34:27 +0800] "GET /InternetTrading/longpoll/A8127?X-Atmosphere-tracking-id=0&X-Atmosphere-Framework=2.2.3-javascript&X-Atmosphere-Transport=long-polling&X-Atmosphere-TrackMessageSize=true&Content-Type=charset%3Dutf-8&X-atmo-protocol=true&_=1732671474692 HTTP/1.1" 200 -
60.246.219.45 - - [27/Nov/2024:09:34:27 +0800] "GET /InternetTrading/longpoll/11736?X-Atmosphere-tracking-id=0&X-Atmosphere-Framework=2.2.3-javascript&X-Atmosphere-Transport=long-polling&X-Atmosphere-TrackMessageSize=true&Content-Type=charset%3Dutf-8&X-atmo-protocol=true&_=1732671473826 HTTP/1.1" 200 -
119.136.153.188 - - [27/Nov/2024:09:34:28 +0800] "GET /InternetTrading/longpoll/52832?X-Atmosphere-tracking-id=0&X-Atmosphere-Framework=2.2.3-javascript&X-Atmosphere-Transport=long-polling&X-Atmosphere-TrackMessageSize=true&Content-Type=charset%3Dutf-8&X-atmo-protocol=true&_=1732671475640 HTTP/1.1" 200 -
182.239.115.26 - - [27/Nov/2024:09:34:29 +0800] "POST /InternetTrading/SessionErrorLogger HTTP/1.1" 200 117
182.239.115.26 - - [27/Nov/2024:09:34:29 +0800] "POST /InternetTrading/Heartbeat HTTP/1.1" 200 32
222.125.200.60 - - [27/Nov/2024:09:34:30 +0800] "GET /InternetTrading/longpoll/52091?X-Atmosphere-tracking-id=0&X-Atmosphere-Framework=2.2.3-javascript&X-Atmosphere-Transport=long-polling&X-Atmosphere-TrackMessageSize=true&Content-Type=charset%3Dutf-8&X-atmo-protocol=true&_=1732671476530 HTTP/1.1" 200 -
182.239.115.26 - - [27/Nov/2024:09:34:32 +0800] "GET /InternetTrading/longpoll/A8127?X-Atmosphere-tracking-id=0&X-Atmosphere-Framework=2.2.3-javascript&X-Atmosphere-Transport=long-polling&X-Atmosphere-TrackMessageSize=true&Content-Type=charset%3Dutf-8&X-atmo-protocol=true&_=1732671479899 HTTP/1.1" 200 -
60.246.219.45 - - [27/Nov/2024:09:34:32 +0800] "GET /InternetTrading/longpoll/11736?X-Atmosphere-tracking-id=0&X-Atmosphere-Framework=2.2.3-javascript&X-Atmosphere-Transport=long-polling&X-Atmosphere-TrackMessageSize=true&Content-Type=charset%3Dutf-8&X-atmo-protocol=true&_=1732671478871 HTTP/1.1" 200 -
119.136.153.188 - - [27/Nov/2024:09:34:33 +0800] "GET /InternetTrading/longpoll/52832?X-Atmosphere-tracking-id=0&X-Atmosphere-Framework=2.2.3-javascript&X-Atmosphere-Transport=long-polling&X-Atmosphere-TrackMessageSize=true&Content-Type=charset%3Dutf-8&X-atmo-protocol=true&_=1732671480701 HTTP/1.1" 200 -
222.125.200.60 - - [27/Nov/2024:09:34:35 +0800] "GET /InternetTrading/longpoll/52091?X-Atmosphere-tracking-id=0&X-Atmosphere-Framework=2.2.3-javascript&X-Atmosphere-Transport=long-polling&X-Atmosphere-TrackMessageSize=true&Content-Type=charset%3Dutf-8&X-atmo-protocol=true&_=1732671481643 HTTP/1.1" 200 -
119.136.153.188 - - [27/Nov/2024:09:34:37 +0800] "POST /InternetTrading/SessionErrorLogger HTTP/1.1" 200 117
119.136.153.188 - - [27/Nov/2024:09:34:37 +0800] "POST /InternetTrading/Heartbeat HTTP/1.1" 200 32
182.239.115.26 - - [27/Nov/2024:09:34:37 +0800] "GET /InternetTrading/longpoll/A8127?X-Atmosphere-tracking-id=0&X-Atmosphere-Framework=2.2.3-javascript&X-Atmosphere-Transport=long-polling&X-Atmosphere-TrackMessageSize=true&Content-Type=charset%3Dutf-8&X-atmo-protocol=true&_=1732671484986 HTTP/1.1" 200 -
119.136.153.188 - - [27/Nov/2024:09:34:37 +0800] "POST /InternetTrading/SessionErrorLogger HTTP/1.1" 200 117
119.136.153.188 - - [27/Nov/2024:09:34:37 +0800] "POST /InternetTrading/MarketStatus HTTP/1.1" 200 772
222.125.200.60 - - [27/Nov/2024:09:34:37 +0800] "POST /InternetTrading/SessionErrorLogger HTTP/1.1" 200 117
222.125.200.60 - - [27/Nov/2024:09:34:37 +0800] "POST /InternetTrading/Heartbeat HTTP/1.1" 200 32
222.125.200.60 - - [27/Nov/2024:09:34:37 +0800] "POST /InternetTrading/SessionErrorLogger HTTP/1.1" 200 117
60.246.219.45 - - [27/Nov/2024:09:34:37 +0800] "GET /InternetTrading/longpoll/11736?X-Atmosphere-tracking-id=0&X-Atmosphere-Framework=2.2.3-javascript&X-Atmosphere-Transport=long-polling&X-Atmosphere-TrackMessageSize=true&Content-Type=charset%3Dutf-8&X-atmo-protocol=true&_=1732671483891 HTTP/1.1" 200 -
222.125.200.60 - - [27/Nov/2024:09:34:37 +0800] "POST /InternetTrading/MarketStatus HTTP/1.1" 200 772
119.136.153.188 - - [27/Nov/2024:09:34:38 +0800] "GET /InternetTrading/longpoll/52832?X-Atmosphere-tracking-id=0&X-Atmosphere-Framework=2.2.3-javascript&X-Atmosphere-Transport=long-polling&X-Atmosphere-TrackMessageSize=true&Content-Type=charset%3Dutf-8&X-atmo-protocol=true&_=1732671485762 HTTP/1.1" 200 -
222.125.200.60 - - [27/Nov/2024:09:34:40 +0800] "GET /InternetTrading/longpoll/52091?X-Atmosphere-tracking-id=0&X-Atmosphere-Framework=2.2.3-javascript&X-Atmosphere-Transport=long-polling&X-Atmosphere-TrackMessageSize=true&Content-Type=charset%3Dutf-8&X-atmo-protocol=true&_=1732671486720 HTTP/1.1" 200 -
182.239.115.26 - - [27/Nov/2024:09:34:42 +0800] "GET /InternetTrading/longpoll/A8127?X-Atmosphere-tracking-id=0&X-Atmosphere-Framework=2.2.3-javascript&X-Atmosphere-Transport=long-polling&X-Atmosphere-TrackMessageSize=true&Content-Type=charset%3Dutf-8&X-atmo-protocol=true&_=1732671490140 HTTP/1.1" 200 -
60.246.219.45 - - [27/Nov/2024:09:34:42 +0800] "GET /InternetTrading/longpoll/11736?X-Atmosphere-tracking-id=0&X-Atmosphere-Framework=2.2.3-javascript&X-Atmosphere-Transport=long-polling&X-Atmosphere-TrackMessageSize=true&Content-Type=charset%3Dutf-8&X-atmo-protocol=true&_=1732671488931 HTTP/1.1" 200 -
182.239.115.26 - - [27/Nov/2024:09:34:43 +0800] "POST /InternetTrading/SessionErrorLogger HTTP/1.1" 200 117
182.239.115.26 - - [27/Nov/2024:09:34:43 +0800] "POST /InternetTrading/MarketStatus HTTP/1.1" 200 772
119.136.153.188 - - [27/Nov/2024:09:34:43 +0800] "GET /InternetTrading/longpoll/52832?X-Atmosphere-tracking-id=0&X-Atmosphere-Framework=2.2.3-javascript&X-Atmosphere-Transport=long-polling&X-Atmosphere-TrackMessageSize=true&Content-Type=charset%3Dutf-8&X-atmo-protocol=true&_=1732671490789 HTTP/1.1" 200 -
60.246.219.45 - - [27/Nov/2024:09:34:43 +0800] "POST /InternetTrading/SessionErrorLogger HTTP/1.1" 200 117
60.246.219.45 - - [27/Nov/2024:09:34:43 +0800] "POST /InternetTrading/Heartbeat HTTP/1.1" 200 32
60.246.219.45 - - [27/Nov/2024:09:34:43 +0800] "POST /InternetTrading/SessionErrorLogger HTTP/1.1" 200 117
60.246.219.45 - - [27/Nov/2024:09:34:43 +0800] "POST /InternetTrading/MarketStatus HTTP/1.1" 200 772
222.125.200.60 - - [27/Nov/2024:09:34:46 +0800] "GET /InternetTrading/longpoll/52091?X-Atmosphere-tracking-id=0&X-Atmosphere-Framework=2.2.3-javascript&X-Atmosphere-Transport=long-polling&X-Atmosphere-TrackMessageSize=true&Content-Type=charset%3Dutf-8&X-atmo-protocol=true&_=1732671491763 HTTP/1.1" 200 -
182.239.115.26 - - [27/Nov/2024:09:34:47 +0800] "GET /InternetTrading/longpoll/A8127?X-Atmosphere-tracking-id=0&X-Atmosphere-Framework=2.2.3-javascript&X-Atmosphere-Transport=long-polling&X-Atmosphere-TrackMessageSize=true&Content-Type=charset%3Dutf-8&X-atmo-protocol=true&_=1732671495379 HTTP/1.1" 200 -
60.246.219.45 - - [27/Nov/2024:09:34:48 +0800] "GET /InternetTrading/longpoll/11736?X-Atmosphere-tracking-id=0&X-Atmosphere-Framework=2.2.3-javascript&X-Atmosphere-Transport=long-polling&X-Atmosphere-TrackMessageSize=true&Content-Type=charset%3Dutf-8&X-atmo-protocol=true&_=1732671493970 HTTP/1.1" 200 -
119.136.153.188 - - [27/Nov/2024:09:34:48 +0800] "GET /InternetTrading/longpoll/52832?X-Atmosphere-tracking-id=0&X-Atmosphere-Framework=2.2.3-javascript&X-Atmosphere-Transport=long-polling&X-Atmosphere-TrackMessageSize=true&Content-Type=charset%3Dutf-8&X-atmo-protocol=true&_=1732671495855 HTTP/1.1" 200 -
222.125.200.60 - - [27/Nov/2024:09:34:51 +0800] "GET /InternetTrading/longpoll/52091?X-Atmosphere-tracking-id=0&X-Atmosphere-Framework=2.2.3-javascript&X-Atmosphere-Transport=long-polling&X-Atmosphere-TrackMessageSize=true&Content-Type=charset%3Dutf-8&X-atmo-protocol=true&_=1732671496810 HTTP/1.1" 200 -
182.239.115.26 - - [27/Nov/2024:09:34:53 +0800] "GET /InternetTrading/longpoll/A8127?X-Atmosphere-tracking-id=0&X-Atmosphere-Framework=2.2.3-javascript&X-Atmosphere-Transport=long-polling&X-Atmosphere-TrackMessageSize=true&Content-Type=charset%3Dutf-8&X-atmo-protocol=true&_=1732671500452 HTTP/1.1" 200 -
60.246.219.45 - - [27/Nov/2024:09:34:53 +0800] "GET /InternetTrading/longpoll/11736?X-Atmosphere-tracking-id=0&X-Atmosphere-Framework=2.2.3-javascript&X-Atmosphere-Transport=long-polling&X-Atmosphere-TrackMessageSize=true&Content-Type=charset%3Dutf-8&X-atmo-protocol=true&_=1732671498991 HTTP/1.1" 200 -
119.136.153.188 - - [27/Nov/2024:09:34:53 +0800] "GET /InternetTrading/longpoll/52832?X-Atmosphere-tracking-id=0&X-Atmosphere-Framework=2.2.3-javascript&X-Atmosphere-Transport=long-polling&X-Atmosphere-TrackMessageSize=true&Content-Type=charset%3Dutf-8&X-atmo-protocol=true&_=1732671500890 HTTP/1.1" 200 -
