47.83.171.149 - - [11/Apr/2025:10:18:31 +0800] "GET /InternetTrading/longpoll/56327?X-Atmosphere-tracking-id=0&X-Atmosphere-Framework=2.2.3-javascript&X-Atmosphere-Transport=long-polling&X-Atmosphere-TrackMessageSize=true&Content-Type=charset%3Dutf-8&X-atmo-protocol=true&_=1744337872243 HTTP/1.1" 200 -
182.239.93.77 - - [11/Apr/2025:10:18:32 +0800] "GET /InternetTrading/longpoll/A8127?X-Atmosphere-tracking-id=0&X-Atmosphere-Framework=2.2.3-javascript&X-Atmosphere-Transport=long-polling&X-Atmosphere-TrackMessageSize=true&Content-Type=charset%3Dutf-8&X-atmo-protocol=true&_=1744337873849 HTTP/1.1" 200 -
65.181.90.29 - - [11/Apr/2025:10:18:34 +0800] "POST /InternetTrading/SessionErrorLogger HTTP/1.1" 200 117
65.181.90.29 - - [11/Apr/2025:10:18:34 +0800] "POST /InternetTrading/Heartbeat HTTP/1.1" 200 32
65.181.90.29 - - [11/Apr/2025:10:18:34 +0800] "POST /InternetTrading/SessionErrorLogger HTTP/1.1" 200 117
65.181.90.29 - - [11/Apr/2025:10:18:34 +0800] "GET /InternetTrading/longpoll/54338?X-Atmosphere-tracking-id=0&X-Atmosphere-Framework=2.2.3-javascript&X-Atmosphere-Transport=long-polling&X-Atmosphere-TrackMessageSize=true&Content-Type=charset%3Dutf-8&X-atmo-protocol=true&_=1744337877195 HTTP/1.1" 200 -
65.181.90.29 - - [11/Apr/2025:10:18:34 +0800] "POST /InternetTrading/MarketStatus HTTP/1.1" 200 772
47.83.171.149 - - [11/Apr/2025:10:18:36 +0800] "GET /InternetTrading/longpoll/56327?X-Atmosphere-tracking-id=0&X-Atmosphere-Framework=2.2.3-javascript&X-Atmosphere-Transport=long-polling&X-Atmosphere-TrackMessageSize=true&Content-Type=charset%3Dutf-8&X-atmo-protocol=true&_=1744337878238 HTTP/1.1" 200 -
182.239.93.77 - - [11/Apr/2025:10:18:37 +0800] "GET /InternetTrading/longpoll/A8127?X-Atmosphere-tracking-id=0&X-Atmosphere-Framework=2.2.3-javascript&X-Atmosphere-Transport=long-polling&X-Atmosphere-TrackMessageSize=true&Content-Type=charset%3Dutf-8&X-atmo-protocol=true&_=1744337879060 HTTP/1.1" 200 -
113.118.5.130 - - [11/Apr/2025:10:18:38 +0800] "GET /InternetTrading/longpoll/52832?X-Atmosphere-tracking-id=0&X-Atmosphere-Framework=2.2.3-javascript&X-Atmosphere-Transport=long-polling&X-Atmosphere-TrackMessageSize=true&Content-Type=charset%3Dutf-8&X-atmo-protocol=true&_=1744337860108 HTTP/1.1" 200 -
65.181.90.29 - - [11/Apr/2025:10:18:40 +0800] "GET /InternetTrading/longpoll/54338?X-Atmosphere-tracking-id=0&X-Atmosphere-Framework=2.2.3-javascript&X-Atmosphere-Transport=long-polling&X-Atmosphere-TrackMessageSize=true&Content-Type=charset%3Dutf-8&X-atmo-protocol=true&_=1744337883130 HTTP/1.1" 200 -
47.83.171.149 - - [11/Apr/2025:10:18:42 +0800] "GET /InternetTrading/longpoll/56327?X-Atmosphere-tracking-id=0&X-Atmosphere-Framework=2.2.3-javascript&X-Atmosphere-Transport=long-polling&X-Atmosphere-TrackMessageSize=true&Content-Type=charset%3Dutf-8&X-atmo-protocol=true&_=1744337884251 HTTP/1.1" 200 -
182.239.93.77 - - [11/Apr/2025:10:18:43 +0800] "GET /InternetTrading/longpoll/A8127?X-Atmosphere-tracking-id=0&X-Atmosphere-Framework=2.2.3-javascript&X-Atmosphere-Transport=long-polling&X-Atmosphere-TrackMessageSize=true&Content-Type=charset%3Dutf-8&X-atmo-protocol=true&_=1744337884231 HTTP/1.1" 200 -
113.118.5.130 - - [11/Apr/2025:10:18:46 +0800] "GET /InternetTrading/longpoll/52832?X-Atmosphere-tracking-id=0&X-Atmosphere-Framework=2.2.3-javascript&X-Atmosphere-Transport=long-polling&X-Atmosphere-TrackMessageSize=true&Content-Type=charset%3Dutf-8&X-atmo-protocol=true&_=1744337885103 HTTP/1.1" 200 -
65.181.90.29 - - [11/Apr/2025:10:18:46 +0800] "GET /InternetTrading/longpoll/54338?X-Atmosphere-tracking-id=0&X-Atmosphere-Framework=2.2.3-javascript&X-Atmosphere-Transport=long-polling&X-Atmosphere-TrackMessageSize=true&Content-Type=charset%3Dutf-8&X-atmo-protocol=true&_=1744337889117 HTTP/1.1" 200 -
182.239.93.77 - - [11/Apr/2025:10:18:48 +0800] "GET /InternetTrading/longpoll/A8127?X-Atmosphere-tracking-id=0&X-Atmosphere-Framework=2.2.3-javascript&X-Atmosphere-Transport=long-polling&X-Atmosphere-TrackMessageSize=true&Content-Type=charset%3Dutf-8&X-atmo-protocol=true&_=1744337889502 HTTP/1.1" 200 -
47.83.171.149 - - [11/Apr/2025:10:18:48 +0800] "GET /InternetTrading/longpoll/56327?X-Atmosphere-tracking-id=0&X-Atmosphere-Framework=2.2.3-javascript&X-Atmosphere-Transport=long-polling&X-Atmosphere-TrackMessageSize=true&Content-Type=charset%3Dutf-8&X-atmo-protocol=true&_=1744337890246 HTTP/1.1" 200 -
182.239.93.77 - - [11/Apr/2025:10:18:52 +0800] "POST /InternetTrading/SessionErrorLogger HTTP/1.1" 200 117
113.118.5.130 - - [11/Apr/2025:10:18:52 +0800] "GET /InternetTrading/longpoll/52832?X-Atmosphere-tracking-id=0&X-Atmosphere-Framework=2.2.3-javascript&X-Atmosphere-Transport=long-polling&X-Atmosphere-TrackMessageSize=true&Content-Type=charset%3Dutf-8&X-atmo-protocol=true&_=1744337893111 HTTP/1.1" 200 -
182.239.93.77 - - [11/Apr/2025:10:18:52 +0800] "POST /InternetTrading/Heartbeat HTTP/1.1" 200 32
182.239.93.77 - - [11/Apr/2025:10:18:52 +0800] "POST /InternetTrading/SessionErrorLogger HTTP/1.1" 200 117
182.239.93.77 - - [11/Apr/2025:10:18:52 +0800] "POST /InternetTrading/MarketStatus HTTP/1.1" 200 772
65.181.90.29 - - [11/Apr/2025:10:18:52 +0800] "GET /InternetTrading/longpoll/54338?X-Atmosphere-tracking-id=0&X-Atmosphere-Framework=2.2.3-javascript&X-Atmosphere-Transport=long-polling&X-Atmosphere-TrackMessageSize=true&Content-Type=charset%3Dutf-8&X-atmo-protocol=true&_=1744337895129 HTTP/1.1" 200 -
182.239.93.77 - - [11/Apr/2025:10:18:53 +0800] "GET /InternetTrading/longpoll/A8127?X-Atmosphere-tracking-id=0&X-Atmosphere-Framework=2.2.3-javascript&X-Atmosphere-Transport=long-polling&X-Atmosphere-TrackMessageSize=true&Content-Type=charset%3Dutf-8&X-atmo-protocol=true&_=1744337894781 HTTP/1.1" 200 -
47.83.171.149 - - [11/Apr/2025:10:18:54 +0800] "GET /InternetTrading/longpoll/56327?X-Atmosphere-tracking-id=0&X-Atmosphere-Framework=2.2.3-javascript&X-Atmosphere-Transport=long-polling&X-Atmosphere-TrackMessageSize=true&Content-Type=charset%3Dutf-8&X-atmo-protocol=true&_=1744337896244 HTTP/1.1" 200 -
65.181.90.29 - - [11/Apr/2025:10:18:58 +0800] "GET /InternetTrading/longpoll/54338?X-Atmosphere-tracking-id=0&X-Atmosphere-Framework=2.2.3-javascript&X-Atmosphere-Transport=long-polling&X-Atmosphere-TrackMessageSize=true&Content-Type=charset%3Dutf-8&X-atmo-protocol=true&_=1744337901130 HTTP/1.1" 200 -
182.239.93.77 - - [11/Apr/2025:10:18:58 +0800] "GET /InternetTrading/longpoll/A8127?X-Atmosphere-tracking-id=0&X-Atmosphere-Framework=2.2.3-javascript&X-Atmosphere-Transport=long-polling&X-Atmosphere-TrackMessageSize=true&Content-Type=charset%3Dutf-8&X-atmo-protocol=true&_=1744337899871 HTTP/1.1" 200 -
113.118.5.130 - - [11/Apr/2025:10:18:58 +0800] "GET /InternetTrading/longpoll/52832?X-Atmosphere-tracking-id=0&X-Atmosphere-Framework=2.2.3-javascript&X-Atmosphere-Transport=long-polling&X-Atmosphere-TrackMessageSize=true&Content-Type=charset%3Dutf-8&X-atmo-protocol=true&_=1744337899113 HTTP/1.1" 200 -
47.83.171.149 - - [11/Apr/2025:10:19:00 +0800] "GET /InternetTrading/longpoll/56327?X-Atmosphere-tracking-id=0&X-Atmosphere-Framework=2.2.3-javascript&X-Atmosphere-Transport=long-polling&X-Atmosphere-TrackMessageSize=true&Content-Type=charset%3Dutf-8&X-atmo-protocol=true&_=1744337902245 HTTP/1.1" 200 -
113.118.5.130 - - [11/Apr/2025:10:19:01 +0800] "POST /InternetTrading/SessionErrorLogger HTTP/1.1" 200 117
113.118.5.130 - - [11/Apr/2025:10:19:01 +0800] "POST /InternetTrading/MarketStatus HTTP/1.1" 200 772
113.118.5.130 - - [11/Apr/2025:10:19:01 +0800] "POST /InternetTrading/SessionErrorLogger HTTP/1.1" 200 117
113.118.5.130 - - [11/Apr/2025:10:19:01 +0800] "POST /InternetTrading/Heartbeat HTTP/1.1" 200 32
182.239.93.77 - - [11/Apr/2025:10:19:03 +0800] "GET /InternetTrading/longpoll/A8127?X-Atmosphere-tracking-id=0&X-Atmosphere-Framework=2.2.3-javascript&X-Atmosphere-Transport=long-polling&X-Atmosphere-TrackMessageSize=true&Content-Type=charset%3Dutf-8&X-atmo-protocol=true&_=1744337905062 HTTP/1.1" 200 -
113.118.5.130 - - [11/Apr/2025:10:19:04 +0800] "GET /InternetTrading/longpoll/52832?X-Atmosphere-tracking-id=0&X-Atmosphere-Framework=2.2.3-javascript&X-Atmosphere-Transport=long-polling&X-Atmosphere-TrackMessageSize=true&Content-Type=charset%3Dutf-8&X-atmo-protocol=true&_=1744337905103 HTTP/1.1" 200 -
65.181.90.29 - - [11/Apr/2025:10:19:04 +0800] "GET /InternetTrading/longpoll/54338?X-Atmosphere-tracking-id=0&X-Atmosphere-Framework=2.2.3-javascript&X-Atmosphere-Transport=long-polling&X-Atmosphere-TrackMessageSize=true&Content-Type=charset%3Dutf-8&X-atmo-protocol=true&_=1744337907132 HTTP/1.1" 200 -
47.83.171.149 - - [11/Apr/2025:10:19:06 +0800] "GET /InternetTrading/longpoll/56327?X-Atmosphere-tracking-id=0&X-Atmosphere-Framework=2.2.3-javascript&X-Atmosphere-Transport=long-polling&X-Atmosphere-TrackMessageSize=true&Content-Type=charset%3Dutf-8&X-atmo-protocol=true&_=1744337908238 HTTP/1.1" 200 -
210.21.220.69 - - [11/Apr/2025:10:19:07 +0800] "POST /InternetTrading/SessionErrorLogger HTTP/1.1" 200 117
210.21.220.69 - - [11/Apr/2025:10:19:07 +0800] "GET /InternetTrading/longpoll/13878?X-Atmosphere-tracking-id=0&X-Atmosphere-Framework=2.2.3-javascript&X-Atmosphere-Transport=long-polling&X-Atmosphere-TrackMessageSize=true&Content-Type=charset%3Dutf-8&X-atmo-protocol=true&_=1744337907224 HTTP/1.1" 200 -
210.21.220.69 - - [11/Apr/2025:10:19:07 +0800] "POST /InternetTrading/SessionErrorLogger HTTP/1.1" 200 117
210.21.220.69 - - [11/Apr/2025:10:19:07 +0800] "POST /InternetTrading/MarketStatus HTTP/1.1" 200 772
210.21.220.69 - - [11/Apr/2025:10:19:07 +0800] "POST /InternetTrading/Heartbeat HTTP/1.1" 200 32
182.239.93.77 - - [11/Apr/2025:10:19:09 +0800] "GET /InternetTrading/longpoll/A8127?X-Atmosphere-tracking-id=0&X-Atmosphere-Framework=2.2.3-javascript&X-Atmosphere-Transport=long-polling&X-Atmosphere-TrackMessageSize=true&Content-Type=charset%3Dutf-8&X-atmo-protocol=true&_=1744337910357 HTTP/1.1" 200 -
113.118.5.130 - - [11/Apr/2025:10:19:10 +0800] "GET /InternetTrading/longpoll/52832?X-Atmosphere-tracking-id=0&X-Atmosphere-Framework=2.2.3-javascript&X-Atmosphere-Transport=long-polling&X-Atmosphere-TrackMessageSize=true&Content-Type=charset%3Dutf-8&X-atmo-protocol=true&_=1744337911105 HTTP/1.1" 200 -
65.181.90.29 - - [11/Apr/2025:10:19:10 +0800] "GET /InternetTrading/longpoll/54338?X-Atmosphere-tracking-id=0&X-Atmosphere-Framework=2.2.3-javascript&X-Atmosphere-Transport=long-polling&X-Atmosphere-TrackMessageSize=true&Content-Type=charset%3Dutf-8&X-atmo-protocol=true&_=1744337913120 HTTP/1.1" 200 -
47.83.171.149 - - [11/Apr/2025:10:19:12 +0800] "GET /InternetTrading/longpoll/56327?X-Atmosphere-tracking-id=0&X-Atmosphere-Framework=2.2.3-javascript&X-Atmosphere-Transport=long-polling&X-Atmosphere-TrackMessageSize=true&Content-Type=charset%3Dutf-8&X-atmo-protocol=true&_=1744337914248 HTTP/1.1" 200 -
210.21.220.69 - - [11/Apr/2025:10:19:13 +0800] "GET /InternetTrading/longpoll/13878?X-Atmosphere-tracking-id=0&X-Atmosphere-Framework=2.2.3-javascript&X-Atmosphere-Transport=long-polling&X-Atmosphere-TrackMessageSize=true&Content-Type=charset%3Dutf-8&X-atmo-protocol=true&_=1744337913496 HTTP/1.1" 200 -
182.239.93.77 - - [11/Apr/2025:10:19:14 +0800] "GET /InternetTrading/longpoll/A8127?X-Atmosphere-tracking-id=0&X-Atmosphere-Framework=2.2.3-javascript&X-Atmosphere-Transport=long-polling&X-Atmosphere-TrackMessageSize=true&Content-Type=charset%3Dutf-8&X-atmo-protocol=true&_=1744337915542 HTTP/1.1" 200 -
113.118.5.130 - - [11/Apr/2025:10:19:16 +0800] "GET /InternetTrading/longpoll/52832?X-Atmosphere-tracking-id=0&X-Atmosphere-Framework=2.2.3-javascript&X-Atmosphere-Transport=long-polling&X-Atmosphere-TrackMessageSize=true&Content-Type=charset%3Dutf-8&X-atmo-protocol=true&_=1744337917106 HTTP/1.1" 200 -
65.181.90.29 - - [11/Apr/2025:10:19:16 +0800] "GET /InternetTrading/longpoll/54338?X-Atmosphere-tracking-id=0&X-Atmosphere-Framework=2.2.3-javascript&X-Atmosphere-Transport=long-polling&X-Atmosphere-TrackMessageSize=true&Content-Type=charset%3Dutf-8&X-atmo-protocol=true&_=1744337919129 HTTP/1.1" 200 -
47.83.171.149 - - [11/Apr/2025:10:19:18 +0800] "GET /InternetTrading/longpoll/56327?X-Atmosphere-tracking-id=0&X-Atmosphere-Framework=2.2.3-javascript&X-Atmosphere-Transport=long-polling&X-Atmosphere-TrackMessageSize=true&Content-Type=charset%3Dutf-8&X-atmo-protocol=true&_=1744337920244 HTTP/1.1" 200 -
182.239.93.77 - - [11/Apr/2025:10:19:19 +0800] "GET /InternetTrading/longpoll/A8127?X-Atmosphere-tracking-id=0&X-Atmosphere-Framework=2.2.3-javascript&X-Atmosphere-Transport=long-polling&X-Atmosphere-TrackMessageSize=true&Content-Type=charset%3Dutf-8&X-atmo-protocol=true&_=1744337920741 HTTP/1.1" 200 -
113.118.5.130 - - [11/Apr/2025:10:19:22 +0800] "GET /InternetTrading/longpoll/52832?X-Atmosphere-tracking-id=0&X-Atmosphere-Framework=2.2.3-javascript&X-Atmosphere-Transport=long-polling&X-Atmosphere-TrackMessageSize=true&Content-Type=charset%3Dutf-8&X-atmo-protocol=true&_=1744337923100 HTTP/1.1" 200 -
182.239.93.77 - - [11/Apr/2025:10:19:22 +0800] "POST /InternetTrading/SessionErrorLogger HTTP/1.1" 200 117
182.239.93.77 - - [11/Apr/2025:10:19:22 +0800] "POST /InternetTrading/Heartbeat HTTP/1.1" 200 32
182.239.93.77 - - [11/Apr/2025:10:19:22 +0800] "POST /InternetTrading/SessionErrorLogger HTTP/1.1" 200 117
182.239.93.77 - - [11/Apr/2025:10:19:22 +0800] "POST /InternetTrading/MarketStatus HTTP/1.1" 200 772
65.181.90.29 - - [11/Apr/2025:10:19:22 +0800] "GET /InternetTrading/longpoll/54338?X-Atmosphere-tracking-id=0&X-Atmosphere-Framework=2.2.3-javascript&X-Atmosphere-Transport=long-polling&X-Atmosphere-TrackMessageSize=true&Content-Type=charset%3Dutf-8&X-atmo-protocol=true&_=1744337925119 HTTP/1.1" 200 -
182.239.93.77 - - [11/Apr/2025:10:19:24 +0800] "GET /InternetTrading/longpoll/A8127?X-Atmosphere-tracking-id=0&X-Atmosphere-Framework=2.2.3-javascript&X-Atmosphere-Transport=long-polling&X-Atmosphere-TrackMessageSize=true&Content-Type=charset%3Dutf-8&X-atmo-protocol=true&_=1744337925905 HTTP/1.1" 200 -
47.83.171.149 - - [11/Apr/2025:10:19:24 +0800] "GET /InternetTrading/longpoll/56327?X-Atmosphere-tracking-id=0&X-Atmosphere-Framework=2.2.3-javascript&X-Atmosphere-Transport=long-polling&X-Atmosphere-TrackMessageSize=true&Content-Type=charset%3Dutf-8&X-atmo-protocol=true&_=1744337926244 HTTP/1.1" 200 -
47.83.171.149 - - [11/Apr/2025:10:19:27 +0800] "POST /InternetTrading/SessionErrorLogger HTTP/1.1" 200 117
47.83.171.149 - - [11/Apr/2025:10:19:27 +0800] "POST /InternetTrading/Heartbeat HTTP/1.1" 200 32
47.83.171.149 - - [11/Apr/2025:10:19:27 +0800] "POST /InternetTrading/SessionErrorLogger HTTP/1.1" 200 117
47.83.171.149 - - [11/Apr/2025:10:19:28 +0800] "POST /InternetTrading/MarketStatus HTTP/1.1" 200 772
113.118.5.130 - - [11/Apr/2025:10:19:28 +0800] "GET /InternetTrading/longpoll/52832?X-Atmosphere-tracking-id=0&X-Atmosphere-Framework=2.2.3-javascript&X-Atmosphere-Transport=long-polling&X-Atmosphere-TrackMessageSize=true&Content-Type=charset%3Dutf-8&X-atmo-protocol=true&_=1744337929110 HTTP/1.1" 200 -
65.181.90.29 - - [11/Apr/2025:10:19:28 +0800] "GET /InternetTrading/longpoll/54338?X-Atmosphere-tracking-id=0&X-Atmosphere-Framework=2.2.3-javascript&X-Atmosphere-Transport=long-polling&X-Atmosphere-TrackMessageSize=true&Content-Type=charset%3Dutf-8&X-atmo-protocol=true&_=1744337931129 HTTP/1.1" 200 -
182.239.93.77 - - [11/Apr/2025:10:19:29 +0800] "GET /InternetTrading/longpoll/A8127?X-Atmosphere-tracking-id=0&X-Atmosphere-Framework=2.2.3-javascript&X-Atmosphere-Transport=long-polling&X-Atmosphere-TrackMessageSize=true&Content-Type=charset%3Dutf-8&X-atmo-protocol=true&_=1744337931052 HTTP/1.1" 200 -
47.83.171.149 - - [11/Apr/2025:10:19:30 +0800] "GET /InternetTrading/longpoll/56327?X-Atmosphere-tracking-id=0&X-Atmosphere-Framework=2.2.3-javascript&X-Atmosphere-Transport=long-polling&X-Atmosphere-TrackMessageSize=true&Content-Type=charset%3Dutf-8&X-atmo-protocol=true&_=1744337932240 HTTP/1.1" 200 -
65.181.90.29 - - [11/Apr/2025:10:19:34 +0800] "POST /InternetTrading/SessionErrorLogger HTTP/1.1" 200 117
65.181.90.29 - - [11/Apr/2025:10:19:34 +0800] "POST /InternetTrading/Heartbeat HTTP/1.1" 200 32
65.181.90.29 - - [11/Apr/2025:10:19:34 +0800] "POST /InternetTrading/SessionErrorLogger HTTP/1.1" 200 117
65.181.90.29 - - [11/Apr/2025:10:19:34 +0800] "GET /InternetTrading/longpoll/54338?X-Atmosphere-tracking-id=0&X-Atmosphere-Framework=2.2.3-javascript&X-Atmosphere-Transport=long-polling&X-Atmosphere-TrackMessageSize=true&Content-Type=charset%3Dutf-8&X-atmo-protocol=true&_=1744337937192 HTTP/1.1" 200 -
65.181.90.29 - - [11/Apr/2025:10:19:34 +0800] "POST /InternetTrading/MarketStatus HTTP/1.1" 200 772
113.118.5.130 - - [11/Apr/2025:10:19:34 +0800] "GET /InternetTrading/longpoll/52832?X-Atmosphere-tracking-id=0&X-Atmosphere-Framework=2.2.3-javascript&X-Atmosphere-Transport=long-polling&X-Atmosphere-TrackMessageSize=true&Content-Type=charset%3Dutf-8&X-atmo-protocol=true&_=1744337935106 HTTP/1.1" 200 -
182.239.93.77 - - [11/Apr/2025:10:19:35 +0800] "GET /InternetTrading/longpoll/A8127?X-Atmosphere-tracking-id=0&X-Atmosphere-Framework=2.2.3-javascript&X-Atmosphere-Transport=long-polling&X-Atmosphere-TrackMessageSize=true&Content-Type=charset%3Dutf-8&X-atmo-protocol=true&_=1744337936313 HTTP/1.1" 200 -
47.83.171.149 - - [11/Apr/2025:10:19:36 +0800] "GET /InternetTrading/longpoll/56327?X-Atmosphere-tracking-id=0&X-Atmosphere-Framework=2.2.3-javascript&X-Atmosphere-Transport=long-polling&X-Atmosphere-TrackMessageSize=true&Content-Type=charset%3Dutf-8&X-atmo-protocol=true&_=1744337938251 HTTP/1.1" 200 -
113.118.5.130 - - [11/Apr/2025:10:19:40 +0800] "GET /InternetTrading/longpoll/52832?X-Atmosphere-tracking-id=0&X-Atmosphere-Framework=2.2.3-javascript&X-Atmosphere-Transport=long-polling&X-Atmosphere-TrackMessageSize=true&Content-Type=charset%3Dutf-8&X-atmo-protocol=true&_=1744337941107 HTTP/1.1" 200 -
182.239.93.77 - - [11/Apr/2025:10:19:40 +0800] "GET /InternetTrading/longpoll/A8127?X-Atmosphere-tracking-id=0&X-Atmosphere-Framework=2.2.3-javascript&X-Atmosphere-Transport=long-polling&X-Atmosphere-TrackMessageSize=true&Content-Type=charset%3Dutf-8&X-atmo-protocol=true&_=1744337941503 HTTP/1.1" 200 -
65.181.90.29 - - [11/Apr/2025:10:19:40 +0800] "GET /InternetTrading/longpoll/54338?X-Atmosphere-tracking-id=0&X-Atmosphere-Framework=2.2.3-javascript&X-Atmosphere-Transport=long-polling&X-Atmosphere-TrackMessageSize=true&Content-Type=charset%3Dutf-8&X-atmo-protocol=true&_=1744337943131 HTTP/1.1" 200 -
47.83.171.149 - - [11/Apr/2025:10:19:43 +0800] "GET /InternetTrading/longpoll/56327?X-Atmosphere-tracking-id=0&X-Atmosphere-Framework=2.2.3-javascript&X-Atmosphere-Transport=long-polling&X-Atmosphere-TrackMessageSize=true&Content-Type=charset%3Dutf-8&X-atmo-protocol=true&_=1744337944244 HTTP/1.1" 200 -
210.21.220.69 - - [11/Apr/2025:10:19:45 +0800] "GET /InternetTrading/longpoll/13878?X-Atmosphere-tracking-id=0&X-Atmosphere-Framework=2.2.3-javascript&X-Atmosphere-Transport=long-polling&X-Atmosphere-TrackMessageSize=true&Content-Type=charset%3Dutf-8&X-atmo-protocol=true&_=1744337945649 HTTP/1.1" 200 -
182.239.93.77 - - [11/Apr/2025:10:19:45 +0800] "GET /InternetTrading/longpoll/A8127?X-Atmosphere-tracking-id=0&X-Atmosphere-Framework=2.2.3-javascript&X-Atmosphere-Transport=long-polling&X-Atmosphere-TrackMessageSize=true&Content-Type=charset%3Dutf-8&X-atmo-protocol=true&_=1744337946799 HTTP/1.1" 200 -
210.21.220.69 - - [11/Apr/2025:10:19:45 +0800] "POST /InternetTrading/SessionErrorLogger HTTP/1.1" 200 117
210.21.220.69 - - [11/Apr/2025:10:19:45 +0800] "POST /InternetTrading/SessionErrorLogger HTTP/1.1" 200 117
210.21.220.69 - - [11/Apr/2025:10:19:45 +0800] "POST /InternetTrading/MarketStatus HTTP/1.1" 200 772
210.21.220.69 - - [11/Apr/2025:10:19:45 +0800] "POST /InternetTrading/Heartbeat HTTP/1.1" 200 32
113.118.5.130 - - [11/Apr/2025:10:19:46 +0800] "GET /InternetTrading/longpoll/52832?X-Atmosphere-tracking-id=0&X-Atmosphere-Framework=2.2.3-javascript&X-Atmosphere-Transport=long-polling&X-Atmosphere-TrackMessageSize=true&Content-Type=charset%3Dutf-8&X-atmo-protocol=true&_=1744337947103 HTTP/1.1" 200 -
65.181.90.29 - - [11/Apr/2025:10:19:46 +0800] "GET /InternetTrading/longpoll/54338?X-Atmosphere-tracking-id=0&X-Atmosphere-Framework=2.2.3-javascript&X-Atmosphere-Transport=long-polling&X-Atmosphere-TrackMessageSize=true&Content-Type=charset%3Dutf-8&X-atmo-protocol=true&_=1744337949128 HTTP/1.1" 200 -
47.83.171.149 - - [11/Apr/2025:10:19:48 +0800] "GET /InternetTrading/longpoll/56327?X-Atmosphere-tracking-id=0&X-Atmosphere-Framework=2.2.3-javascript&X-Atmosphere-Transport=long-polling&X-Atmosphere-TrackMessageSize=true&Content-Type=charset%3Dutf-8&X-atmo-protocol=true&_=1744337950259 HTTP/1.1" 200 -
182.239.93.77 - - [11/Apr/2025:10:19:50 +0800] "GET /InternetTrading/longpoll/A8127?X-Atmosphere-tracking-id=0&X-Atmosphere-Framework=2.2.3-javascript&X-Atmosphere-Transport=long-polling&X-Atmosphere-TrackMessageSize=true&Content-Type=charset%3Dutf-8&X-atmo-protocol=true&_=1744337952066 HTTP/1.1" 200 -
210.21.220.69 - - [11/Apr/2025:10:19:51 +0800] "GET /InternetTrading/longpoll/13878?X-Atmosphere-tracking-id=0&X-Atmosphere-Framework=2.2.3-javascript&X-Atmosphere-Transport=long-polling&X-Atmosphere-TrackMessageSize=true&Content-Type=charset%3Dutf-8&X-atmo-protocol=true&_=1744337951494 HTTP/1.1" 200 -
182.239.93.77 - - [11/Apr/2025:10:19:52 +0800] "POST /InternetTrading/SessionErrorLogger HTTP/1.1" 200 117
65.181.90.29 - - [11/Apr/2025:10:19:52 +0800] "GET /InternetTrading/longpoll/54338?X-Atmosphere-tracking-id=0&X-Atmosphere-Framework=2.2.3-javascript&X-Atmosphere-Transport=long-polling&X-Atmosphere-TrackMessageSize=true&Content-Type=charset%3Dutf-8&X-atmo-protocol=true&_=1744337955129 HTTP/1.1" 200 -
182.239.93.77 - - [11/Apr/2025:10:19:52 +0800] "POST /InternetTrading/Heartbeat HTTP/1.1" 200 32
182.239.93.77 - - [11/Apr/2025:10:19:52 +0800] "POST /InternetTrading/SessionErrorLogger HTTP/1.1" 200 117
182.239.93.77 - - [11/Apr/2025:10:19:52 +0800] "POST /InternetTrading/MarketStatus HTTP/1.1" 200 772
113.118.5.130 - - [11/Apr/2025:10:19:52 +0800] "GET /InternetTrading/longpoll/52832?X-Atmosphere-tracking-id=0&X-Atmosphere-Framework=2.2.3-javascript&X-Atmosphere-Transport=long-polling&X-Atmosphere-TrackMessageSize=true&Content-Type=charset%3Dutf-8&X-atmo-protocol=true&_=1744337953102 HTTP/1.1" 200 -
47.83.171.149 - - [11/Apr/2025:10:19:54 +0800] "GET /InternetTrading/longpoll/56327?X-Atmosphere-tracking-id=0&X-Atmosphere-Framework=2.2.3-javascript&X-Atmosphere-Transport=long-polling&X-Atmosphere-TrackMessageSize=true&Content-Type=charset%3Dutf-8&X-atmo-protocol=true&_=1744337956238 HTTP/1.1" 200 -
182.239.93.77 - - [11/Apr/2025:10:19:56 +0800] "GET /InternetTrading/longpoll/A8127?X-Atmosphere-tracking-id=0&X-Atmosphere-Framework=2.2.3-javascript&X-Atmosphere-Transport=long-polling&X-Atmosphere-TrackMessageSize=true&Content-Type=charset%3Dutf-8&X-atmo-protocol=true&_=1744337957335 HTTP/1.1" 200 -
113.118.5.130 - - [11/Apr/2025:10:19:58 +0800] "GET /InternetTrading/longpoll/52832?X-Atmosphere-tracking-id=0&X-Atmosphere-Framework=2.2.3-javascript&X-Atmosphere-Transport=long-polling&X-Atmosphere-TrackMessageSize=true&Content-Type=charset%3Dutf-8&X-atmo-protocol=true&_=1744337959100 HTTP/1.1" 200 -
65.181.90.29 - - [11/Apr/2025:10:19:58 +0800] "GET /InternetTrading/longpoll/54338?X-Atmosphere-tracking-id=0&X-Atmosphere-Framework=2.2.3-javascript&X-Atmosphere-Transport=long-polling&X-Atmosphere-TrackMessageSize=true&Content-Type=charset%3Dutf-8&X-atmo-protocol=true&_=1744337961131 HTTP/1.1" 200 -
47.83.171.149 - - [11/Apr/2025:10:20:00 +0800] "GET /InternetTrading/longpoll/56327?X-Atmosphere-tracking-id=0&X-Atmosphere-Framework=2.2.3-javascript&X-Atmosphere-Transport=long-polling&X-Atmosphere-TrackMessageSize=true&Content-Type=charset%3Dutf-8&X-atmo-protocol=true&_=1744337962242 HTTP/1.1" 200 -
182.239.93.77 - - [11/Apr/2025:10:20:01 +0800] "GET /InternetTrading/longpoll/A8127?X-Atmosphere-tracking-id=0&X-Atmosphere-Framework=2.2.3-javascript&X-Atmosphere-Transport=long-polling&X-Atmosphere-TrackMessageSize=true&Content-Type=charset%3Dutf-8&X-atmo-protocol=true&_=1744337962451 HTTP/1.1" 200 -
113.118.5.130 - - [11/Apr/2025:10:20:01 +0800] "POST /InternetTrading/SessionErrorLogger HTTP/1.1" 200 117
113.118.5.130 - - [11/Apr/2025:10:20:01 +0800] "POST /InternetTrading/MarketStatus HTTP/1.1" 200 772
113.118.5.130 - - [11/Apr/2025:10:20:01 +0800] "POST /InternetTrading/SessionErrorLogger HTTP/1.1" 200 117
113.118.5.130 - - [11/Apr/2025:10:20:01 +0800] "POST /InternetTrading/Heartbeat HTTP/1.1" 200 15
65.181.90.29 - - [11/Apr/2025:10:20:04 +0800] "GET /InternetTrading/longpoll/54338?X-Atmosphere-tracking-id=0&X-Atmosphere-Framework=2.2.3-javascript&X-Atmosphere-Transport=long-polling&X-Atmosphere-TrackMessageSize=true&Content-Type=charset%3Dutf-8&X-atmo-protocol=true&_=1744337967130 HTTP/1.1" 200 -
182.239.93.77 - - [11/Apr/2025:10:20:06 +0800] "GET /InternetTrading/longpoll/A8127?X-Atmosphere-tracking-id=0&X-Atmosphere-Framework=2.2.3-javascript&X-Atmosphere-Transport=long-polling&X-Atmosphere-TrackMessageSize=true&Content-Type=charset%3Dutf-8&X-atmo-protocol=true&_=1744337967558 HTTP/1.1" 200 -
113.118.5.130 - - [11/Apr/2025:10:20:06 +0800] "GET /InternetTrading/longpoll/52832?X-Atmosphere-tracking-id=0&X-Atmosphere-Framework=2.2.3-javascript&X-Atmosphere-Transport=long-polling&X-Atmosphere-TrackMessageSize=true&Content-Type=charset%3Dutf-8&X-atmo-protocol=true&_=1744337967512 HTTP/1.1" 200 -
113.118.5.130 - - [11/Apr/2025:10:20:06 +0800] "GET /InternetTrading/tc/login.html HTTP/1.1" 200 1755
113.118.5.130 - - [11/Apr/2025:10:20:07 +0800] "GET /InternetTrading/tc/style_common.css?v=20200819161914 HTTP/1.1" 200 2540
113.118.5.130 - - [11/Apr/2025:10:20:07 +0800] "GET /InternetTrading/tc/style.css?v=20200819161914 HTTP/1.1" 200 1435
47.83.171.149 - - [11/Apr/2025:10:20:07 +0800] "GET /InternetTrading/longpoll/56327?X-Atmosphere-tracking-id=0&X-Atmosphere-Framework=2.2.3-javascript&X-Atmosphere-Transport=long-polling&X-Atmosphere-TrackMessageSize=true&Content-Type=charset%3Dutf-8&X-atmo-protocol=true&_=1744337968248 HTTP/1.1" 200 -
113.118.5.130 - - [11/Apr/2025:10:20:07 +0800] "GET /InternetTrading/jquery/jquery-migrate-3.0.0.js HTTP/1.1" 200 4963
113.118.5.130 - - [11/Apr/2025:10:20:07 +0800] "GET /InternetTrading/jquery/jquery.form-3.46.0.js HTTP/1.1" 200 5673
113.118.5.130 - - [11/Apr/2025:10:20:07 +0800] "GET /InternetTrading/jquery/jquery.validate-1.11.1.js HTTP/1.1" 200 7041
113.118.5.130 - - [11/Apr/2025:10:20:07 +0800] "GET /InternetTrading/jquery/additional-methods.js HTTP/1.1" 200 2238
113.118.5.130 - - [11/Apr/2025:10:20:07 +0800] "GET /InternetTrading/jquery/jquery-3.3.1.js HTTP/1.1" 200 80650
113.118.5.130 - - [11/Apr/2025:10:20:07 +0800] "GET /InternetTrading/jquery/jquery-ui-personalized-1.6rc2.min.js HTTP/1.1" 200 55543
113.118.5.130 - - [11/Apr/2025:10:20:07 +0800] "GET /InternetTrading/jquery/jquery.blockUI-2.66.0.js HTTP/1.1" 200 6651
113.118.5.130 - - [11/Apr/2025:10:20:07 +0800] "GET /InternetTrading/jquery/jquery.timer-0.9.16.js HTTP/1.1" 200 542
113.118.5.130 - - [11/Apr/2025:10:20:07 +0800] "GET /InternetTrading/jquery/jquery.getParams.js HTTP/1.1" 200 587
113.118.5.130 - - [11/Apr/2025:10:20:08 +0800] "GET /InternetTrading/tc/user/translation.js?jsv=20200819161914 HTTP/1.1" 200 12818
113.118.5.130 - - [11/Apr/2025:10:20:08 +0800] "GET /InternetTrading/js/constants.js?jsv=20200819161914 HTTP/1.1" 200 400
113.118.5.130 - - [11/Apr/2025:10:20:08 +0800] "GET /InternetTrading/js/haitong.js?jsv=20200819161914 HTTP/1.1" 200 3881
113.118.5.130 - - [11/Apr/2025:10:20:08 +0800] "GET /InternetTrading/js/util.js?jsv=20200819161914 HTTP/1.1" 200 6636
113.118.5.130 - - [11/Apr/2025:10:20:08 +0800] "GET /InternetTrading/js/rsautil.js?jsv=20200819161914 HTTP/1.1" 200 1017
113.118.5.130 - - [11/Apr/2025:10:20:09 +0800] "GET /InternetTrading/js/init.js?jsv=20200819161914 HTTP/1.1" 200 886
113.118.5.130 - - [11/Apr/2025:10:20:09 +0800] "GET /InternetTrading/js/login.js?jsv=20200819161914 HTTP/1.1" 200 1684
113.118.5.130 - - [11/Apr/2025:10:20:09 +0800] "GET /InternetTrading/js/version.js?jsv=20200819161914 HTTP/1.1" 200 85
113.118.5.130 - - [11/Apr/2025:10:20:09 +0800] "GET /InternetTrading/tc/user/custom_variables.js?jsv=20200819161914 HTTP/1.1" 200 275
113.118.5.130 - - [11/Apr/2025:10:20:09 +0800] "GET /InternetTrading/js/string_extend.js?jsv=20200819161914 HTTP/1.1" 200 272
113.118.5.130 - - [11/Apr/2025:10:20:09 +0800] "GET /InternetTrading/js/pidcrypt.js?jsv=20200819161914 HTTP/1.1" 200 982
113.118.5.130 - - [11/Apr/2025:10:20:09 +0800] "GET /InternetTrading/js/pidcrypt_util.js?jsv=20200819161914 HTTP/1.1" 200 1206
113.118.5.130 - - [11/Apr/2025:10:20:09 +0800] "GET /InternetTrading/js/aes_cbc.js?jsv=20200819161914 HTTP/1.1" 200 2043
113.118.5.130 - - [11/Apr/2025:10:20:09 +0800] "GET /InternetTrading/js/aes_core.js?jsv=20200819161914 HTTP/1.1" 200 2106
113.118.5.130 - - [11/Apr/2025:10:20:09 +0800] "GET /InternetTrading/js/asn1.js?jsv=20200819161914 HTTP/1.1" 200 3099
113.118.5.130 - - [11/Apr/2025:10:20:09 +0800] "GET /InternetTrading/js/md5.js?jsv=20200819161914 HTTP/1.1" 200 1730
113.118.5.130 - - [11/Apr/2025:10:20:09 +0800] "GET /InternetTrading/js/sha256.js?jsv=20200819161914 HTTP/1.1" 200 1362
113.118.5.130 - - [11/Apr/2025:10:20:09 +0800] "GET /InternetTrading/js/jsbn.js?jsv=20200819161914 HTTP/1.1" 200 6736
113.118.5.130 - - [11/Apr/2025:10:20:09 +0800] "GET /InternetTrading/js/prng4.js?jsv=20200819161914 HTTP/1.1" 200 303
113.118.5.130 - - [11/Apr/2025:10:20:09 +0800] "GET /InternetTrading/js/rng.js?jsv=20200819161914 HTTP/1.1" 200 481
113.118.5.130 - - [11/Apr/2025:10:20:09 +0800] "GET /InternetTrading/js/rsa.js?jsv=20200819161914 HTTP/1.1" 200 1658
113.118.5.130 - - [11/Apr/2025:10:20:09 +0800] "GET /InternetTrading/tc/images/bg_login.jpg HTTP/1.1" 200 29296
65.181.90.29 - - [11/Apr/2025:10:20:10 +0800] "GET /InternetTrading/longpoll/54338?X-Atmosphere-tracking-id=0&X-Atmosphere-Framework=2.2.3-javascript&X-Atmosphere-Transport=long-polling&X-Atmosphere-TrackMessageSize=true&Content-Type=charset%3Dutf-8&X-atmo-protocol=true&_=1744337973123 HTTP/1.1" 200 -
182.239.93.77 - - [11/Apr/2025:10:20:11 +0800] "GET /InternetTrading/longpoll/A8127?X-Atmosphere-tracking-id=0&X-Atmosphere-Framework=2.2.3-javascript&X-Atmosphere-Transport=long-polling&X-Atmosphere-TrackMessageSize=true&Content-Type=charset%3Dutf-8&X-atmo-protocol=true&_=1744337972742 HTTP/1.1" 200 -
47.83.171.149 - - [11/Apr/2025:10:20:13 +0800] "GET /InternetTrading/longpoll/56327?X-Atmosphere-tracking-id=0&X-Atmosphere-Framework=2.2.3-javascript&X-Atmosphere-Transport=long-polling&X-Atmosphere-TrackMessageSize=true&Content-Type=charset%3Dutf-8&X-atmo-protocol=true&_=1744337974246 HTTP/1.1" 200 -
113.118.5.130 - - [11/Apr/2025:10:20:16 +0800] "POST /InternetTrading/SystemMaintenanceCheck HTTP/1.1" 200 119
113.118.5.130 - - [11/Apr/2025:10:20:16 +0800] "GET /InternetTrading/tc/dialog.html?1744337976945 HTTP/1.1" 200 3188
65.181.90.29 - - [11/Apr/2025:10:20:16 +0800] "GET /InternetTrading/longpoll/54338?X-Atmosphere-tracking-id=0&X-Atmosphere-Framework=2.2.3-javascript&X-Atmosphere-Transport=long-polling&X-Atmosphere-TrackMessageSize=true&Content-Type=charset%3Dutf-8&X-atmo-protocol=true&_=1744337979120 HTTP/1.1" 200 -
182.239.93.77 - - [11/Apr/2025:10:20:16 +0800] "GET /InternetTrading/longpoll/A8127?X-Atmosphere-tracking-id=0&X-Atmosphere-Framework=2.2.3-javascript&X-Atmosphere-Transport=long-polling&X-Atmosphere-TrackMessageSize=true&Content-Type=charset%3Dutf-8&X-atmo-protocol=true&_=1744337977892 HTTP/1.1" 200 -
47.83.171.149 - - [11/Apr/2025:10:20:19 +0800] "GET /InternetTrading/longpoll/56327?X-Atmosphere-tracking-id=0&X-Atmosphere-Framework=2.2.3-javascript&X-Atmosphere-Transport=long-polling&X-Atmosphere-TrackMessageSize=true&Content-Type=charset%3Dutf-8&X-atmo-protocol=true&_=1744337981243 HTTP/1.1" 200 -
182.239.93.77 - - [11/Apr/2025:10:20:21 +0800] "GET /InternetTrading/longpoll/A8127?X-Atmosphere-tracking-id=0&X-Atmosphere-Framework=2.2.3-javascript&X-Atmosphere-Transport=long-polling&X-Atmosphere-TrackMessageSize=true&Content-Type=charset%3Dutf-8&X-atmo-protocol=true&_=1744337983140 HTTP/1.1" 200 -
65.181.90.29 - - [11/Apr/2025:10:20:22 +0800] "GET /InternetTrading/longpoll/54338?X-Atmosphere-tracking-id=0&X-Atmosphere-Framework=2.2.3-javascript&X-Atmosphere-Transport=long-polling&X-Atmosphere-TrackMessageSize=true&Content-Type=charset%3Dutf-8&X-atmo-protocol=true&_=1744337985127 HTTP/1.1" 200 -
182.239.93.77 - - [11/Apr/2025:10:20:22 +0800] "POST /InternetTrading/SessionErrorLogger HTTP/1.1" 200 117
182.239.93.77 - - [11/Apr/2025:10:20:22 +0800] "POST /InternetTrading/Heartbeat HTTP/1.1" 200 32
182.239.93.77 - - [11/Apr/2025:10:20:22 +0800] "POST /InternetTrading/SessionErrorLogger HTTP/1.1" 200 117
182.239.93.77 - - [11/Apr/2025:10:20:22 +0800] "POST /InternetTrading/MarketStatus HTTP/1.1" 200 772
47.83.171.149 - - [11/Apr/2025:10:20:25 +0800] "GET /InternetTrading/longpoll/56327?X-Atmosphere-tracking-id=0&X-Atmosphere-Framework=2.2.3-javascript&X-Atmosphere-Transport=long-polling&X-Atmosphere-TrackMessageSize=true&Content-Type=charset%3Dutf-8&X-atmo-protocol=true&_=1744337987245 HTTP/1.1" 200 -
182.239.93.77 - - [11/Apr/2025:10:20:27 +0800] "GET /InternetTrading/longpoll/A8127?X-Atmosphere-tracking-id=0&X-Atmosphere-Framework=2.2.3-javascript&X-Atmosphere-Transport=long-polling&X-Atmosphere-TrackMessageSize=true&Content-Type=charset%3Dutf-8&X-atmo-protocol=true&_=1744337988365 HTTP/1.1" 200 -
47.83.171.149 - - [11/Apr/2025:10:20:27 +0800] "POST /InternetTrading/SessionErrorLogger HTTP/1.1" 200 117
47.83.171.149 - - [11/Apr/2025:10:20:27 +0800] "POST /InternetTrading/Heartbeat HTTP/1.1" 200 32
47.83.171.149 - - [11/Apr/2025:10:20:27 +0800] "POST /InternetTrading/SessionErrorLogger HTTP/1.1" 200 117
47.83.171.149 - - [11/Apr/2025:10:20:27 +0800] "POST /InternetTrading/MarketStatus HTTP/1.1" 200 772
65.181.90.29 - - [11/Apr/2025:10:20:28 +0800] "GET /InternetTrading/longpoll/54338?X-Atmosphere-tracking-id=0&X-Atmosphere-Framework=2.2.3-javascript&X-Atmosphere-Transport=long-polling&X-Atmosphere-TrackMessageSize=true&Content-Type=charset%3Dutf-8&X-atmo-protocol=true&_=1744337991127 HTTP/1.1" 200 -
47.83.171.149 - - [11/Apr/2025:10:20:31 +0800] "GET /InternetTrading/longpoll/56327?X-Atmosphere-tracking-id=0&X-Atmosphere-Framework=2.2.3-javascript&X-Atmosphere-Transport=long-polling&X-Atmosphere-TrackMessageSize=true&Content-Type=charset%3Dutf-8&X-atmo-protocol=true&_=1744337993251 HTTP/1.1" 200 -
182.239.93.77 - - [11/Apr/2025:10:20:32 +0800] "GET /InternetTrading/longpoll/A8127?X-Atmosphere-tracking-id=0&X-Atmosphere-Framework=2.2.3-javascript&X-Atmosphere-Transport=long-polling&X-Atmosphere-TrackMessageSize=true&Content-Type=charset%3Dutf-8&X-atmo-protocol=true&_=1744337993511 HTTP/1.1" 200 -
65.181.90.29 - - [11/Apr/2025:10:20:34 +0800] "POST /InternetTrading/SessionErrorLogger HTTP/1.1" 200 117
65.181.90.29 - - [11/Apr/2025:10:20:34 +0800] "POST /InternetTrading/Heartbeat HTTP/1.1" 200 32
65.181.90.29 - - [11/Apr/2025:10:20:34 +0800] "POST /InternetTrading/SessionErrorLogger HTTP/1.1" 200 117
65.181.90.29 - - [11/Apr/2025:10:20:34 +0800] "GET /InternetTrading/longpoll/54338?X-Atmosphere-tracking-id=0&X-Atmosphere-Framework=2.2.3-javascript&X-Atmosphere-Transport=long-polling&X-Atmosphere-TrackMessageSize=true&Content-Type=charset%3Dutf-8&X-atmo-protocol=true&_=1744337997190 HTTP/1.1" 200 -
65.181.90.29 - - [11/Apr/2025:10:20:34 +0800] "POST /InternetTrading/MarketStatus HTTP/1.1" 200 772
182.239.93.77 - - [11/Apr/2025:10:20:37 +0800] "GET /InternetTrading/longpoll/A8127?X-Atmosphere-tracking-id=0&X-Atmosphere-Framework=2.2.3-javascript&X-Atmosphere-Transport=long-polling&X-Atmosphere-TrackMessageSize=true&Content-Type=charset%3Dutf-8&X-atmo-protocol=true&_=1744337998867 HTTP/1.1" 200 -
47.83.171.149 - - [11/Apr/2025:10:20:37 +0800] "GET /InternetTrading/longpoll/56327?X-Atmosphere-tracking-id=0&X-Atmosphere-Framework=2.2.3-javascript&X-Atmosphere-Transport=long-polling&X-Atmosphere-TrackMessageSize=true&Content-Type=charset%3Dutf-8&X-atmo-protocol=true&_=1744337999248 HTTP/1.1" 200 -
65.181.90.29 - - [11/Apr/2025:10:20:40 +0800] "GET /InternetTrading/longpoll/54338?X-Atmosphere-tracking-id=0&X-Atmosphere-Framework=2.2.3-javascript&X-Atmosphere-Transport=long-polling&X-Atmosphere-TrackMessageSize=true&Content-Type=charset%3Dutf-8&X-atmo-protocol=true&_=1744338003125 HTTP/1.1" 200 -
182.239.93.77 - - [11/Apr/2025:10:20:42 +0800] "GET /InternetTrading/longpoll/A8127?X-Atmosphere-tracking-id=0&X-Atmosphere-Framework=2.2.3-javascript&X-Atmosphere-Transport=long-polling&X-Atmosphere-TrackMessageSize=true&Content-Type=charset%3Dutf-8&X-atmo-protocol=true&_=1744338004092 HTTP/1.1" 200 -
47.83.171.149 - - [11/Apr/2025:10:20:43 +0800] "GET /InternetTrading/longpoll/56327?X-Atmosphere-tracking-id=0&X-Atmosphere-Framework=2.2.3-javascript&X-Atmosphere-Transport=long-polling&X-Atmosphere-TrackMessageSize=true&Content-Type=charset%3Dutf-8&X-atmo-protocol=true&_=1744338005245 HTTP/1.1" 200 -
65.181.90.29 - - [11/Apr/2025:10:20:46 +0800] "GET /InternetTrading/longpoll/54338?X-Atmosphere-tracking-id=0&X-Atmosphere-Framework=2.2.3-javascript&X-Atmosphere-Transport=long-polling&X-Atmosphere-TrackMessageSize=true&Content-Type=charset%3Dutf-8&X-atmo-protocol=true&_=1744338009119 HTTP/1.1" 200 -
182.239.93.77 - - [11/Apr/2025:10:20:48 +0800] "GET /InternetTrading/longpoll/A8127?X-Atmosphere-tracking-id=0&X-Atmosphere-Framework=2.2.3-javascript&X-Atmosphere-Transport=long-polling&X-Atmosphere-TrackMessageSize=true&Content-Type=charset%3Dutf-8&X-atmo-protocol=true&_=1744338009303 HTTP/1.1" 200 -
47.83.171.149 - - [11/Apr/2025:10:20:50 +0800] "GET /InternetTrading/longpoll/56327?X-Atmosphere-tracking-id=0&X-Atmosphere-Framework=2.2.3-javascript&X-Atmosphere-Transport=long-polling&X-Atmosphere-TrackMessageSize=true&Content-Type=charset%3Dutf-8&X-atmo-protocol=true&_=1744338011259 HTTP/1.1" 200 -
65.181.90.29 - - [11/Apr/2025:10:20:52 +0800] "GET /InternetTrading/longpoll/54338?X-Atmosphere-tracking-id=0&X-Atmosphere-Framework=2.2.3-javascript&X-Atmosphere-Transport=long-polling&X-Atmosphere-TrackMessageSize=true&Content-Type=charset%3Dutf-8&X-atmo-protocol=true&_=1744338015128 HTTP/1.1" 200 -
182.239.93.77 - - [11/Apr/2025:10:20:52 +0800] "POST /InternetTrading/SessionErrorLogger HTTP/1.1" 200 117
182.239.93.77 - - [11/Apr/2025:10:20:52 +0800] "POST /InternetTrading/Heartbeat HTTP/1.1" 200 32
182.239.93.77 - - [11/Apr/2025:10:20:52 +0800] "POST /InternetTrading/SessionErrorLogger HTTP/1.1" 200 117
182.239.93.77 - - [11/Apr/2025:10:20:52 +0800] "POST /InternetTrading/MarketStatus HTTP/1.1" 200 772
182.239.93.77 - - [11/Apr/2025:10:20:53 +0800] "GET /InternetTrading/longpoll/A8127?X-Atmosphere-tracking-id=0&X-Atmosphere-Framework=2.2.3-javascript&X-Atmosphere-Transport=long-polling&X-Atmosphere-TrackMessageSize=true&Content-Type=charset%3Dutf-8&X-atmo-protocol=true&_=1744338014465 HTTP/1.1" 200 -
47.83.171.149 - - [11/Apr/2025:10:20:56 +0800] "GET /InternetTrading/longpoll/56327?X-Atmosphere-tracking-id=0&X-Atmosphere-Framework=2.2.3-javascript&X-Atmosphere-Transport=long-polling&X-Atmosphere-TrackMessageSize=true&Content-Type=charset%3Dutf-8&X-atmo-protocol=true&_=1744338017242 HTTP/1.1" 200 -
182.239.93.77 - - [11/Apr/2025:10:20:58 +0800] "GET /InternetTrading/longpoll/A8127?X-Atmosphere-tracking-id=0&X-Atmosphere-Framework=2.2.3-javascript&X-Atmosphere-Transport=long-polling&X-Atmosphere-TrackMessageSize=true&Content-Type=charset%3Dutf-8&X-atmo-protocol=true&_=1744338019538 HTTP/1.1" 200 -
65.181.90.29 - - [11/Apr/2025:10:20:58 +0800] "GET /InternetTrading/longpoll/54338?X-Atmosphere-tracking-id=0&X-Atmosphere-Framework=2.2.3-javascript&X-Atmosphere-Transport=long-polling&X-Atmosphere-TrackMessageSize=true&Content-Type=charset%3Dutf-8&X-atmo-protocol=true&_=1744338021117 HTTP/1.1" 200 -
47.83.171.149 - - [11/Apr/2025:10:21:01 +0800] "GET /InternetTrading/longpoll/56327?X-Atmosphere-tracking-id=0&X-Atmosphere-Framework=2.2.3-javascript&X-Atmosphere-Transport=long-polling&X-Atmosphere-TrackMessageSize=true&Content-Type=charset%3Dutf-8&X-atmo-protocol=true&_=1744338023239 HTTP/1.1" 200 -
182.239.93.77 - - [11/Apr/2025:10:21:03 +0800] "GET /InternetTrading/longpoll/A8127?X-Atmosphere-tracking-id=0&X-Atmosphere-Framework=2.2.3-javascript&X-Atmosphere-Transport=long-polling&X-Atmosphere-TrackMessageSize=true&Content-Type=charset%3Dutf-8&X-atmo-protocol=true&_=1744338024673 HTTP/1.1" 200 -
113.118.5.130 - - [11/Apr/2025:10:21:03 +0800] "POST /InternetTrading/CheckIsEnableRSA HTTP/1.1" 200 1
113.118.5.130 - - [11/Apr/2025:10:21:03 +0800] "POST /InternetTrading/CheckPwEncryptType HTTP/1.1" 200 -
113.118.5.130 - - [11/Apr/2025:10:21:03 +0800] "POST /InternetTrading/LoginKey HTTP/1.1" 200 -
113.118.5.130 - - [11/Apr/2025:10:21:03 +0800] "GET /InternetTrading/jquery/wait.gif HTTP/1.1" 200 432
65.181.90.29 - - [11/Apr/2025:10:21:04 +0800] "GET /InternetTrading/longpoll/54338?X-Atmosphere-tracking-id=0&X-Atmosphere-Framework=2.2.3-javascript&X-Atmosphere-Transport=long-polling&X-Atmosphere-TrackMessageSize=true&Content-Type=charset%3Dutf-8&X-atmo-protocol=true&_=1744338027131 HTTP/1.1" 200 -
113.118.5.130 - - [11/Apr/2025:10:21:03 +0800] "POST /InternetTrading/Login HTTP/1.1" 200 455
113.118.5.130 - - [11/Apr/2025:10:21:05 +0800] "GET /InternetTrading/tc/2FA_authentication.html?language=tc&version=HTML HTTP/1.1" 200 1468
113.118.5.130 - - [11/Apr/2025:10:21:05 +0800] "GET /InternetTrading/tc/style_common.css?v=20200819161914 HTTP/1.1" 200 2540
113.118.5.130 - - [11/Apr/2025:10:21:05 +0800] "GET /InternetTrading/tc/style.css?v=20200819161914 HTTP/1.1" 200 1435
113.118.5.130 - - [11/Apr/2025:10:21:05 +0800] "GET /InternetTrading/jquery/jquery-migrate-3.0.0.js HTTP/1.1" 200 4963
113.118.5.130 - - [11/Apr/2025:10:21:05 +0800] "GET /InternetTrading/jquery/jquery-3.3.1.js HTTP/1.1" 200 80650
113.118.5.130 - - [11/Apr/2025:10:21:05 +0800] "GET /InternetTrading/jquery/jquery-ui-1.10.3.js HTTP/1.1" 200 69642
113.118.5.130 - - [11/Apr/2025:10:21:05 +0800] "GET /InternetTrading/jquery/jquery.form-3.46.0.js HTTP/1.1" 200 5673
113.118.5.130 - - [11/Apr/2025:10:21:05 +0800] "GET /InternetTrading/jquery/jquery.validate-1.11.1.js HTTP/1.1" 200 7041
113.118.5.130 - - [11/Apr/2025:10:21:05 +0800] "GET /InternetTrading/jquery/additional-methods.js HTTP/1.1" 200 2238
113.118.5.130 - - [11/Apr/2025:10:21:05 +0800] "GET /InternetTrading/jquery/jquery.blockUI-2.66.0-iAsiaEdition.js HTTP/1.1" 200 6651
113.118.5.130 - - [11/Apr/2025:10:21:05 +0800] "GET /InternetTrading/jquery/jquery.timer-0.9.16.js HTTP/1.1" 200 542
113.118.5.130 - - [11/Apr/2025:10:21:05 +0800] "GET /InternetTrading/jquery/jquery.getParams.js HTTP/1.1" 200 587
113.118.5.130 - - [11/Apr/2025:10:21:05 +0800] "GET /InternetTrading/tc/user/translation.js?jsv=20200819161914 HTTP/1.1" 200 12818
113.118.5.130 - - [11/Apr/2025:10:21:05 +0800] "GET /InternetTrading/js/constants.js?jsv=20200819161914 HTTP/1.1" 200 400
113.118.5.130 - - [11/Apr/2025:10:21:05 +0800] "GET /InternetTrading/js/util.js?jsv=20200819161914 HTTP/1.1" 200 6636
113.118.5.130 - - [11/Apr/2025:10:21:05 +0800] "GET /InternetTrading/js/haitong.js?jsv=20200819161914 HTTP/1.1" 200 3881
113.118.5.130 - - [11/Apr/2025:10:21:05 +0800] "GET /InternetTrading/js/init.js?jsv=20200819161914 HTTP/1.1" 200 886
113.118.5.130 - - [11/Apr/2025:10:21:05 +0800] "GET /InternetTrading/tc/user/custom_variables.js?jsv=20200819161914 HTTP/1.1" 200 275
113.118.5.130 - - [11/Apr/2025:10:21:05 +0800] "GET /InternetTrading/js/2fa.js?jsv=20200819161914 HTTP/1.1" 200 1953
113.118.5.130 - - [11/Apr/2025:10:21:05 +0800] "GET /InternetTrading/js/login.js?jsv=20200819161914 HTTP/1.1" 200 1684
113.118.5.130 - - [11/Apr/2025:10:21:05 +0800] "GET /InternetTrading/settings/webpage_settings.js?jsv=20200819161914 HTTP/1.1" 200 33
113.118.5.130 - - [11/Apr/2025:10:21:05 +0800] "GET /InternetTrading/tc/images/logo.png HTTP/1.1" 200 7042
113.118.5.130 - - [11/Apr/2025:10:21:07 +0800] "GET /InternetTrading/js/login.js?jsv=20200819161914 HTTP/1.1" 200 1684
47.83.171.149 - - [11/Apr/2025:10:21:08 +0800] "GET /InternetTrading/longpoll/56327?X-Atmosphere-tracking-id=0&X-Atmosphere-Framework=2.2.3-javascript&X-Atmosphere-Transport=long-polling&X-Atmosphere-TrackMessageSize=true&Content-Type=charset%3Dutf-8&X-atmo-protocol=true&_=1744338029247 HTTP/1.1" 200 -
113.118.5.130 - - [11/Apr/2025:10:21:08 +0800] "GET /InternetTrading/jquery/wait.gif HTTP/1.1" 200 432
113.118.5.130 - - [11/Apr/2025:10:21:08 +0800] "GET /InternetTrading/tc/dialog.html?1744338029142 HTTP/1.1" 200 3188
113.118.5.130 - - [11/Apr/2025:10:21:08 +0800] "POST /InternetTrading/SystemMaintenanceCheck HTTP/1.1" 200 119
113.118.5.130 - - [11/Apr/2025:10:21:08 +0800] "POST /InternetTrading/Get2FAInfoService HTTP/1.1" 200 109
113.118.5.130 - - [11/Apr/2025:10:21:08 +0800] "POST /InternetTrading/SystemMaintenanceCheck HTTP/1.1" 200 119
182.239.93.77 - - [11/Apr/2025:10:21:08 +0800] "GET /InternetTrading/longpoll/A8127?X-Atmosphere-tracking-id=0&X-Atmosphere-Framework=2.2.3-javascript&X-Atmosphere-Transport=long-polling&X-Atmosphere-TrackMessageSize=true&Content-Type=charset%3Dutf-8&X-atmo-protocol=true&_=1744338029855 HTTP/1.1" 200 -
65.181.90.29 - - [11/Apr/2025:10:21:10 +0800] "GET /InternetTrading/longpoll/54338?X-Atmosphere-tracking-id=0&X-Atmosphere-Framework=2.2.3-javascript&X-Atmosphere-Transport=long-polling&X-Atmosphere-TrackMessageSize=true&Content-Type=charset%3Dutf-8&X-atmo-protocol=true&_=1744338033130 HTTP/1.1" 200 -
182.239.93.77 - - [11/Apr/2025:10:21:13 +0800] "GET /InternetTrading/longpoll/A8127?X-Atmosphere-tracking-id=0&X-Atmosphere-Framework=2.2.3-javascript&X-Atmosphere-Transport=long-polling&X-Atmosphere-TrackMessageSize=true&Content-Type=charset%3Dutf-8&X-atmo-protocol=true&_=1744338035091 HTTP/1.1" 200 -
47.83.171.149 - - [11/Apr/2025:10:21:13 +0800] "GET /InternetTrading/longpoll/56327?X-Atmosphere-tracking-id=0&X-Atmosphere-Framework=2.2.3-javascript&X-Atmosphere-Transport=long-polling&X-Atmosphere-TrackMessageSize=true&Content-Type=charset%3Dutf-8&X-atmo-protocol=true&_=1744338035244 HTTP/1.1" 200 -
65.181.90.29 - - [11/Apr/2025:10:21:16 +0800] "GET /InternetTrading/longpoll/54338?X-Atmosphere-tracking-id=0&X-Atmosphere-Framework=2.2.3-javascript&X-Atmosphere-Transport=long-polling&X-Atmosphere-TrackMessageSize=true&Content-Type=charset%3Dutf-8&X-atmo-protocol=true&_=1744338039117 HTTP/1.1" 200 -
113.118.5.130 - - [11/Apr/2025:10:21:18 +0800] "GET /InternetTrading/jquery/wait.gif HTTP/1.1" 200 432
182.239.93.77 - - [11/Apr/2025:10:21:19 +0800] "GET /InternetTrading/longpoll/A8127?X-Atmosphere-tracking-id=0&X-Atmosphere-Framework=2.2.3-javascript&X-Atmosphere-Transport=long-polling&X-Atmosphere-TrackMessageSize=true&Content-Type=charset%3Dutf-8&X-atmo-protocol=true&_=1744338040378 HTTP/1.1" 200 -
113.118.5.130 - - [11/Apr/2025:10:21:18 +0800] "POST /InternetTrading/Verify2FAService HTTP/1.1" 200 419
113.118.5.130 - - [11/Apr/2025:10:21:19 +0800] "GET /InternetTrading/tc/main.html?language=tc&version=HTML HTTP/1.1" 200 3578
113.118.5.130 - - [11/Apr/2025:10:21:19 +0800] "GET /InternetTrading/jquery/ui.datepicker.css HTTP/1.1" 200 1145
113.118.5.130 - - [11/Apr/2025:10:21:19 +0800] "GET /InternetTrading/jquery/jquery.tablesorter-theme.blue.css HTTP/1.1" 200 2083
113.118.5.130 - - [11/Apr/2025:10:21:19 +0800] "GET /InternetTrading/jquery/dragtable-2.0.9.css HTTP/1.1" 200 316
113.118.5.130 - - [11/Apr/2025:10:21:19 +0800] "GET /InternetTrading/jquery/jquery-ui-1.10.3.css HTTP/1.1" 200 5283
113.118.5.130 - - [11/Apr/2025:10:21:19 +0800] "GET /InternetTrading/tc/style_common.css?v=20200819161914 HTTP/1.1" 200 2540
113.118.5.130 - - [11/Apr/2025:10:21:19 +0800] "GET /InternetTrading/tc/style.css?v=20200819161914 HTTP/1.1" 200 1435
113.118.5.130 - - [11/Apr/2025:10:21:19 +0800] "GET /InternetTrading/tc/css/jquery.jscrollpane.css HTTP/1.1" 404 690
113.118.5.130 - - [11/Apr/2025:10:21:19 +0800] "GET /InternetTrading/jquery/jquery.ba-postmessage.js HTTP/1.1" 200 2990
113.118.5.130 - - [11/Apr/2025:10:21:19 +0800] "GET /InternetTrading/js/aastock.js HTTP/1.1" 200 553
113.118.5.130 - - [11/Apr/2025:10:21:19 +0800] "GET /InternetTrading/jquery/jquery-1.6.3.min.js HTTP/1.1" 200 32057
113.118.5.130 - - [11/Apr/2025:10:21:19 +0800] "GET /InternetTrading/jquery/jquery-migrate-3.0.0.js HTTP/1.1" 200 4963
113.118.5.130 - - [11/Apr/2025:10:21:19 +0800] "GET /InternetTrading/jquery/jquery-3.3.1.js HTTP/1.1" 200 80650
113.118.5.130 - - [11/Apr/2025:10:21:19 +0800] "GET /InternetTrading/jquery/jquery-ui-1.10.3.js HTTP/1.1" 200 69642
113.118.5.130 - - [11/Apr/2025:10:21:19 +0800] "GET /InternetTrading/js/atmosphere.js HTTP/1.1" 200 13461
113.118.5.130 - - [11/Apr/2025:10:21:19 +0800] "GET /InternetTrading/js/cache.js?jsv=20200819161914 HTTP/1.1" 200 940
113.118.5.130 - - [11/Apr/2025:10:21:19 +0800] "GET /InternetTrading/jquery/jquery.form-3.46.0.js HTTP/1.1" 200 5673
113.118.5.130 - - [11/Apr/2025:10:21:19 +0800] "GET /InternetTrading/jquery/jquery.blockUI-2.66.0.js HTTP/1.1" 200 6651
113.118.5.130 - - [11/Apr/2025:10:21:19 +0800] "GET /InternetTrading/jquery/jquery.validate-1.11.1.js HTTP/1.1" 200 7041
113.118.5.130 - - [11/Apr/2025:10:21:19 +0800] "GET /InternetTrading/jquery/additional-methods.js HTTP/1.1" 200 2238
113.118.5.130 - - [11/Apr/2025:10:21:19 +0800] "GET /InternetTrading/jquery/jquery.mousewheel-3.1.4.js HTTP/1.1" 200 822
113.118.5.130 - - [11/Apr/2025:10:21:19 +0800] "GET /InternetTrading/jquery/jquery.tablesorter-2.14.5.js HTTP/1.1" 200 8901
113.118.5.130 - - [11/Apr/2025:10:21:19 +0800] "GET /InternetTrading/jquery/jquery.tablesorter.widgets-2.14.5.js HTTP/1.1" 200 8611
47.83.171.149 - - [11/Apr/2025:10:21:19 +0800] "GET /InternetTrading/longpoll/56327?X-Atmosphere-tracking-id=0&X-Atmosphere-Framework=2.2.3-javascript&X-Atmosphere-Transport=long-polling&X-Atmosphere-TrackMessageSize=true&Content-Type=charset%3Dutf-8&X-atmo-protocol=true&_=1744338041258 HTTP/1.1" 200 -
