182.239.93.77 - - [11/Apr/2025:09:46:17 +0800] "POST /InternetTrading/SessionErrorLogger HTTP/1.1" 200 117
182.239.93.77 - - [11/Apr/2025:09:46:17 +0800] "POST /InternetTrading/MarketStatus HTTP/1.1" 200 772
182.239.93.77 - - [11/Apr/2025:09:46:17 +0800] "GET /InternetTrading/tc/multi_currency_balance.html HTTP/1.1" 200 295
182.239.93.77 - - [11/Apr/2025:09:46:17 +0800] "GET /InternetTrading/jquery/wait.gif HTTP/1.1" 200 432
182.239.93.77 - - [11/Apr/2025:09:46:17 +0800] "GET /InternetTrading/Home/PostToAA.jsp?hl=tc HTTP/1.1" 200 287
182.239.93.77 - - [11/Apr/2025:09:46:17 +0800] "GET /InternetTrading/jquery/images/ui-icons_222222_256x240.png HTTP/1.1" 200 6922
182.239.93.77 - - [11/Apr/2025:09:46:17 +0800] "GET /InternetTrading/jquery/images/ui-bg_flat_75_ffffff_40x100.png HTTP/1.1" 200 208
182.239.93.77 - - [11/Apr/2025:09:46:17 +0800] "POST /InternetTrading/SessionErrorLogger HTTP/1.1" 200 117
182.239.93.77 - - [11/Apr/2025:09:46:18 +0800] "POST /InternetTrading/SessionErrorLogger HTTP/1.1" 200 117
182.239.93.77 - - [11/Apr/2025:09:46:18 +0800] "POST /InternetTrading/MarketStatus HTTP/1.1" 200 772
65.181.90.29 - - [11/Apr/2025:09:46:18 +0800] "GET /InternetTrading/longpoll/54338?X-Atmosphere-tracking-id=0&X-Atmosphere-Framework=2.2.3-javascript&X-Atmosphere-Transport=long-polling&X-Atmosphere-TrackMessageSize=true&Content-Type=charset%3Dutf-8&X-atmo-protocol=true&_=1744335940666 HTTP/1.1" 200 -
182.239.93.77 - - [11/Apr/2025:09:46:18 +0800] "POST /InternetTrading/MarketStatus HTTP/1.1" 200 772
182.239.93.77 - - [11/Apr/2025:09:46:19 +0800] "POST /InternetTrading/SessionErrorLogger HTTP/1.1" 200 117
182.239.93.77 - - [11/Apr/2025:09:46:19 +0800] "POST /InternetTrading/CustomerInfo HTTP/1.1" 200 224
182.239.93.77 - - [11/Apr/2025:09:46:19 +0800] "POST /InternetTrading/SessionErrorLogger HTTP/1.1" 200 117
182.239.93.77 - - [11/Apr/2025:09:46:20 +0800] "GET /InternetTrading/tc/account_status.html HTTP/1.1" 200 426
182.239.93.77 - - [11/Apr/2025:09:46:20 +0800] "POST /InternetTrading/SessionErrorLogger HTTP/1.1" 200 117
182.239.93.77 - - [11/Apr/2025:09:46:20 +0800] "POST /InternetTrading/SessionErrorLogger HTTP/1.1" 200 117
182.239.93.77 - - [11/Apr/2025:09:46:20 +0800] "POST /InternetTrading/MarketStatus HTTP/1.1" 200 772
182.239.93.77 - - [11/Apr/2025:09:46:20 +0800] "GET /InternetTrading/jquery/wait.gif HTTP/1.1" 200 432
182.239.93.77 - - [11/Apr/2025:09:46:20 +0800] "POST /InternetTrading/SessionErrorLogger HTTP/1.1" 200 117
182.239.93.77 - - [11/Apr/2025:09:46:20 +0800] "POST /InternetTrading/LongPollingConfig HTTP/1.1" 200 4
65.181.90.29 - - [11/Apr/2025:09:46:20 +0800] "GET /InternetTrading/jquery/wait.gif HTTP/1.1" 200 432
182.239.93.77 - - [11/Apr/2025:09:46:20 +0800] "GET /InternetTrading/jquery/wait.gif HTTP/1.1" 200 432
65.181.90.29 - - [11/Apr/2025:09:46:20 +0800] "POST /InternetTrading/SessionErrorLogger HTTP/1.1" 200 117
182.239.93.77 - - [11/Apr/2025:09:46:20 +0800] "POST /InternetTrading/SessionErrorLogger HTTP/1.1" 200 117
65.181.90.29 - - [11/Apr/2025:09:46:20 +0800] "POST /InternetTrading/Orderbook HTTP/1.1" 200 94
182.239.93.77 - - [11/Apr/2025:09:46:20 +0800] "GET /InternetTrading/longpoll/A8127?X-Atmosphere-tracking-id=0&X-Atmosphere-Framework=2.2.3-javascript&X-Atmosphere-Transport=long-polling&X-Atmosphere-TrackMessageSize=true&Content-Type=charset%3Dutf-8&X-atmo-protocol=true&_=1744335941748 HTTP/1.1" 200 -
182.239.93.77 - - [11/Apr/2025:09:46:20 +0800] "POST /InternetTrading/Portfolio HTTP/1.1" 200 1577
65.181.90.29 - - [11/Apr/2025:09:46:21 +0800] "GET /InternetTrading/jquery/wait.gif HTTP/1.1" 200 432
65.181.90.29 - - [11/Apr/2025:09:46:21 +0800] "POST /InternetTrading/SessionErrorLogger HTTP/1.1" 200 117
65.181.90.29 - - [11/Apr/2025:09:46:21 +0800] "POST /InternetTrading/Orderbook HTTP/1.1" 200 1209
47.83.171.149 - - [11/Apr/2025:09:46:23 +0800] "GET /InternetTrading/longpoll/56327?X-Atmosphere-tracking-id=0&X-Atmosphere-Framework=2.2.3-javascript&X-Atmosphere-Transport=long-polling&X-Atmosphere-TrackMessageSize=true&Content-Type=charset%3Dutf-8&X-atmo-protocol=true&_=1744335944252 HTTP/1.1" 200 -
65.181.90.29 - - [11/Apr/2025:09:46:23 +0800] "GET /InternetTrading/longpoll/54338?X-Atmosphere-tracking-id=0&X-Atmosphere-Framework=2.2.3-javascript&X-Atmosphere-Transport=long-polling&X-Atmosphere-TrackMessageSize=true&Content-Type=charset%3Dutf-8&X-atmo-protocol=true&_=1744335945684 HTTP/1.1" 200 -
182.239.93.77 - - [11/Apr/2025:09:46:25 +0800] "GET /InternetTrading/longpoll/A8127?X-Atmosphere-tracking-id=0&X-Atmosphere-Framework=2.2.3-javascript&X-Atmosphere-Transport=long-polling&X-Atmosphere-TrackMessageSize=true&Content-Type=charset%3Dutf-8&X-atmo-protocol=true&_=1744335946835 HTTP/1.1" 200 -
210.21.220.69 - - [11/Apr/2025:09:46:27 +0800] "GET /InternetTrading/tc/login.html HTTP/1.1" 200 1755
210.21.220.69 - - [11/Apr/2025:09:46:27 +0800] "GET /InternetTrading/tc/style_common.css?v=20200819161914 HTTP/1.1" 200 2540
210.21.220.69 - - [11/Apr/2025:09:46:27 +0800] "GET /InternetTrading/tc/style.css?v=20200819161914 HTTP/1.1" 200 1435
210.21.220.69 - - [11/Apr/2025:09:46:27 +0800] "GET /InternetTrading/jquery/jquery-migrate-3.0.0.js HTTP/1.1" 200 4963
210.21.220.69 - - [11/Apr/2025:09:46:27 +0800] "GET /InternetTrading/jquery/jquery.form-3.46.0.js HTTP/1.1" 200 5673
210.21.220.69 - - [11/Apr/2025:09:46:27 +0800] "GET /InternetTrading/jquery/jquery-3.3.1.js HTTP/1.1" 200 80650
210.21.220.69 - - [11/Apr/2025:09:46:27 +0800] "GET /InternetTrading/jquery/jquery.validate-1.11.1.js HTTP/1.1" 200 7041
210.21.220.69 - - [11/Apr/2025:09:46:27 +0800] "GET /InternetTrading/jquery/additional-methods.js HTTP/1.1" 200 2238
210.21.220.69 - - [11/Apr/2025:09:46:27 +0800] "GET /InternetTrading/jquery/jquery.blockUI-2.66.0.js HTTP/1.1" 200 6651
47.83.171.149 - - [11/Apr/2025:09:46:27 +0800] "POST /InternetTrading/SessionErrorLogger HTTP/1.1" 200 117
210.21.220.69 - - [11/Apr/2025:09:46:27 +0800] "GET /InternetTrading/jquery/jquery-ui-personalized-1.6rc2.min.js HTTP/1.1" 200 55543
210.21.220.69 - - [11/Apr/2025:09:46:27 +0800] "GET /InternetTrading/jquery/jquery.timer-0.9.16.js HTTP/1.1" 200 542
210.21.220.69 - - [11/Apr/2025:09:46:27 +0800] "GET /InternetTrading/jquery/jquery.getParams.js HTTP/1.1" 200 587
47.83.171.149 - - [11/Apr/2025:09:46:27 +0800] "POST /InternetTrading/Heartbeat HTTP/1.1" 200 32
210.21.220.69 - - [11/Apr/2025:09:46:27 +0800] "GET /InternetTrading/tc/user/translation.js?jsv=20200819161914 HTTP/1.1" 200 12818
210.21.220.69 - - [11/Apr/2025:09:46:27 +0800] "GET /InternetTrading/js/constants.js?jsv=20200819161914 HTTP/1.1" 200 400
210.21.220.69 - - [11/Apr/2025:09:46:27 +0800] "GET /InternetTrading/js/haitong.js?jsv=20200819161914 HTTP/1.1" 200 3881
210.21.220.69 - - [11/Apr/2025:09:46:27 +0800] "GET /InternetTrading/js/util.js?jsv=20200819161914 HTTP/1.1" 200 6636
47.83.171.149 - - [11/Apr/2025:09:46:27 +0800] "POST /InternetTrading/SessionErrorLogger HTTP/1.1" 200 117
210.21.220.69 - - [11/Apr/2025:09:46:28 +0800] "GET /InternetTrading/js/rsautil.js?jsv=20200819161914 HTTP/1.1" 200 1017
47.83.171.149 - - [11/Apr/2025:09:46:28 +0800] "POST /InternetTrading/MarketStatus HTTP/1.1" 200 772
210.21.220.69 - - [11/Apr/2025:09:46:28 +0800] "GET /InternetTrading/js/init.js?jsv=20200819161914 HTTP/1.1" 200 886
210.21.220.69 - - [11/Apr/2025:09:46:28 +0800] "GET /InternetTrading/js/login.js?jsv=20200819161914 HTTP/1.1" 200 1684
210.21.220.69 - - [11/Apr/2025:09:46:28 +0800] "GET /InternetTrading/js/version.js?jsv=20200819161914 HTTP/1.1" 200 85
210.21.220.69 - - [11/Apr/2025:09:46:28 +0800] "GET /InternetTrading/tc/user/custom_variables.js?jsv=20200819161914 HTTP/1.1" 200 275
65.181.90.29 - - [11/Apr/2025:09:46:28 +0800] "GET /InternetTrading/longpoll/54338?X-Atmosphere-tracking-id=0&X-Atmosphere-Framework=2.2.3-javascript&X-Atmosphere-Transport=long-polling&X-Atmosphere-TrackMessageSize=true&Content-Type=charset%3Dutf-8&X-atmo-protocol=true&_=1744335950700 HTTP/1.1" 200 -
210.21.220.69 - - [11/Apr/2025:09:46:28 +0800] "GET /InternetTrading/js/string_extend.js?jsv=20200819161914 HTTP/1.1" 200 272
210.21.220.69 - - [11/Apr/2025:09:46:28 +0800] "GET /InternetTrading/js/pidcrypt.js?jsv=20200819161914 HTTP/1.1" 200 982
210.21.220.69 - - [11/Apr/2025:09:46:28 +0800] "GET /InternetTrading/js/pidcrypt_util.js?jsv=20200819161914 HTTP/1.1" 200 1206
210.21.220.69 - - [11/Apr/2025:09:46:28 +0800] "GET /InternetTrading/js/aes_cbc.js?jsv=20200819161914 HTTP/1.1" 200 2043
210.21.220.69 - - [11/Apr/2025:09:46:28 +0800] "GET /InternetTrading/js/aes_core.js?jsv=20200819161914 HTTP/1.1" 200 2106
210.21.220.69 - - [11/Apr/2025:09:46:28 +0800] "GET /InternetTrading/js/asn1.js?jsv=20200819161914 HTTP/1.1" 200 3099
210.21.220.69 - - [11/Apr/2025:09:46:28 +0800] "GET /InternetTrading/js/md5.js?jsv=20200819161914 HTTP/1.1" 200 1730
210.21.220.69 - - [11/Apr/2025:09:46:28 +0800] "GET /InternetTrading/js/sha256.js?jsv=20200819161914 HTTP/1.1" 200 1362
210.21.220.69 - - [11/Apr/2025:09:46:28 +0800] "GET /InternetTrading/js/jsbn.js?jsv=20200819161914 HTTP/1.1" 200 6736
210.21.220.69 - - [11/Apr/2025:09:46:28 +0800] "GET /InternetTrading/js/prng4.js?jsv=20200819161914 HTTP/1.1" 200 303
210.21.220.69 - - [11/Apr/2025:09:46:28 +0800] "GET /InternetTrading/js/rsa.js?jsv=20200819161914 HTTP/1.1" 200 1658
210.21.220.69 - - [11/Apr/2025:09:46:28 +0800] "GET /InternetTrading/js/rng.js?jsv=20200819161914 HTTP/1.1" 200 481
210.21.220.69 - - [11/Apr/2025:09:46:28 +0800] "GET /InternetTrading/tc/images/bg_login.jpg HTTP/1.1" 200 29296
47.83.171.149 - - [11/Apr/2025:09:46:28 +0800] "GET /InternetTrading/longpoll/56327?X-Atmosphere-tracking-id=0&X-Atmosphere-Framework=2.2.3-javascript&X-Atmosphere-Transport=long-polling&X-Atmosphere-TrackMessageSize=true&Content-Type=charset%3Dutf-8&X-atmo-protocol=true&_=1744335950251 HTTP/1.1" 200 -
210.21.220.69 - - [11/Apr/2025:09:46:28 +0800] "GET /InternetTrading/tc/images/favicon.ico HTTP/1.1" 404 682
210.21.220.69 - - [11/Apr/2025:09:46:28 +0800] "POST /InternetTrading/SystemMaintenanceCheck HTTP/1.1" 200 119
210.21.220.69 - - [11/Apr/2025:09:46:29 +0800] "GET /InternetTrading/tc/dialog.html?1744335948925 HTTP/1.1" 200 3188
182.239.93.77 - - [11/Apr/2025:09:46:30 +0800] "GET /InternetTrading/longpoll/A8127?X-Atmosphere-tracking-id=0&X-Atmosphere-Framework=2.2.3-javascript&X-Atmosphere-Transport=long-polling&X-Atmosphere-TrackMessageSize=true&Content-Type=charset%3Dutf-8&X-atmo-protocol=true&_=1744335951911 HTTP/1.1" 200 -
65.181.90.29 - - [11/Apr/2025:09:46:33 +0800] "GET /InternetTrading/longpoll/54338?X-Atmosphere-tracking-id=0&X-Atmosphere-Framework=2.2.3-javascript&X-Atmosphere-Transport=long-polling&X-Atmosphere-TrackMessageSize=true&Content-Type=charset%3Dutf-8&X-atmo-protocol=true&_=1744335955752 HTTP/1.1" 200 -
47.83.171.149 - - [11/Apr/2025:09:46:34 +0800] "GET /InternetTrading/longpoll/56327?X-Atmosphere-tracking-id=0&X-Atmosphere-Framework=2.2.3-javascript&X-Atmosphere-Transport=long-polling&X-Atmosphere-TrackMessageSize=true&Content-Type=charset%3Dutf-8&X-atmo-protocol=true&_=1744335956244 HTTP/1.1" 200 -
182.239.93.77 - - [11/Apr/2025:09:46:35 +0800] "GET /InternetTrading/longpoll/A8127?X-Atmosphere-tracking-id=0&X-Atmosphere-Framework=2.2.3-javascript&X-Atmosphere-Transport=long-polling&X-Atmosphere-TrackMessageSize=true&Content-Type=charset%3Dutf-8&X-atmo-protocol=true&_=1744335957217 HTTP/1.1" 200 -
65.181.90.29 - - [11/Apr/2025:09:46:37 +0800] "POST /InternetTrading/SessionErrorLogger HTTP/1.1" 200 117
65.181.90.29 - - [11/Apr/2025:09:46:37 +0800] "POST /InternetTrading/MarketStatus HTTP/1.1" 200 772
65.181.90.29 - - [11/Apr/2025:09:46:38 +0800] "GET /InternetTrading/longpoll/54338?X-Atmosphere-tracking-id=0&X-Atmosphere-Framework=2.2.3-javascript&X-Atmosphere-Transport=long-polling&X-Atmosphere-TrackMessageSize=true&Content-Type=charset%3Dutf-8&X-atmo-protocol=true&_=1744335960787 HTTP/1.1" 200 -
210.21.220.69 - - [11/Apr/2025:09:46:39 +0800] "POST /InternetTrading/CheckIsEnableRSA HTTP/1.1" 200 1
210.21.220.69 - - [11/Apr/2025:09:46:39 +0800] "POST /InternetTrading/CheckPwEncryptType HTTP/1.1" 200 -
210.21.220.69 - - [11/Apr/2025:09:46:39 +0800] "POST /InternetTrading/LoginKey HTTP/1.1" 200 -
210.21.220.69 - - [11/Apr/2025:09:46:39 +0800] "GET /InternetTrading/jquery/wait.gif HTTP/1.1" 200 432
47.83.171.149 - - [11/Apr/2025:09:46:40 +0800] "GET /InternetTrading/longpoll/56327?X-Atmosphere-tracking-id=0&X-Atmosphere-Framework=2.2.3-javascript&X-Atmosphere-Transport=long-polling&X-Atmosphere-TrackMessageSize=true&Content-Type=charset%3Dutf-8&X-atmo-protocol=true&_=1744335962245 HTTP/1.1" 200 -
210.21.220.69 - - [11/Apr/2025:09:46:39 +0800] "POST /InternetTrading/Login HTTP/1.1" 200 445
182.239.93.77 - - [11/Apr/2025:09:46:41 +0800] "GET /InternetTrading/longpoll/A8127?X-Atmosphere-tracking-id=0&X-Atmosphere-Framework=2.2.3-javascript&X-Atmosphere-Transport=long-polling&X-Atmosphere-TrackMessageSize=true&Content-Type=charset%3Dutf-8&X-atmo-protocol=true&_=1744335962361 HTTP/1.1" 200 -
210.21.220.69 - - [11/Apr/2025:09:46:41 +0800] "GET /InternetTrading/tc/2FA_authentication.html?language=tc&version=HTML HTTP/1.1" 200 1468
210.21.220.69 - - [11/Apr/2025:09:46:41 +0800] "GET /InternetTrading/tc/style_common.css?v=20200819161914 HTTP/1.1" 200 2540
210.21.220.69 - - [11/Apr/2025:09:46:41 +0800] "GET /InternetTrading/tc/style.css?v=20200819161914 HTTP/1.1" 200 1435
210.21.220.69 - - [11/Apr/2025:09:46:41 +0800] "GET /InternetTrading/jquery/jquery-migrate-3.0.0.js HTTP/1.1" 200 4963
210.21.220.69 - - [11/Apr/2025:09:46:41 +0800] "GET /InternetTrading/jquery/jquery-ui-1.10.3.js HTTP/1.1" 200 69642
210.21.220.69 - - [11/Apr/2025:09:46:41 +0800] "GET /InternetTrading/jquery/jquery-3.3.1.js HTTP/1.1" 200 80650
210.21.220.69 - - [11/Apr/2025:09:46:41 +0800] "GET /InternetTrading/jquery/jquery.form-3.46.0.js HTTP/1.1" 200 5673
210.21.220.69 - - [11/Apr/2025:09:46:41 +0800] "GET /InternetTrading/jquery/jquery.validate-1.11.1.js HTTP/1.1" 200 7041
210.21.220.69 - - [11/Apr/2025:09:46:41 +0800] "GET /InternetTrading/jquery/additional-methods.js HTTP/1.1" 200 2238
210.21.220.69 - - [11/Apr/2025:09:46:41 +0800] "GET /InternetTrading/jquery/jquery.blockUI-2.66.0-iAsiaEdition.js HTTP/1.1" 200 6651
210.21.220.69 - - [11/Apr/2025:09:46:41 +0800] "GET /InternetTrading/jquery/jquery.timer-0.9.16.js HTTP/1.1" 200 542
210.21.220.69 - - [11/Apr/2025:09:46:41 +0800] "GET /InternetTrading/jquery/jquery.getParams.js HTTP/1.1" 200 587
210.21.220.69 - - [11/Apr/2025:09:46:41 +0800] "GET /InternetTrading/tc/user/translation.js?jsv=20200819161914 HTTP/1.1" 200 12818
210.21.220.69 - - [11/Apr/2025:09:46:41 +0800] "GET /InternetTrading/js/constants.js?jsv=20200819161914 HTTP/1.1" 200 400
210.21.220.69 - - [11/Apr/2025:09:46:41 +0800] "GET /InternetTrading/js/haitong.js?jsv=20200819161914 HTTP/1.1" 200 3881
210.21.220.69 - - [11/Apr/2025:09:46:41 +0800] "GET /InternetTrading/tc/user/custom_variables.js?jsv=20200819161914 HTTP/1.1" 200 275
210.21.220.69 - - [11/Apr/2025:09:46:42 +0800] "GET /InternetTrading/js/init.js?jsv=20200819161914 HTTP/1.1" 200 886
210.21.220.69 - - [11/Apr/2025:09:46:42 +0800] "GET /InternetTrading/js/util.js?jsv=20200819161914 HTTP/1.1" 200 6636
210.21.220.69 - - [11/Apr/2025:09:46:42 +0800] "GET /InternetTrading/js/2fa.js?jsv=20200819161914 HTTP/1.1" 200 1953
210.21.220.69 - - [11/Apr/2025:09:46:42 +0800] "GET /InternetTrading/js/login.js?jsv=20200819161914 HTTP/1.1" 200 1684
210.21.220.69 - - [11/Apr/2025:09:46:42 +0800] "GET /InternetTrading/settings/webpage_settings.js?jsv=20200819161914 HTTP/1.1" 200 33
210.21.220.69 - - [11/Apr/2025:09:46:42 +0800] "GET /InternetTrading/tc/images/logo.png HTTP/1.1" 200 7042
210.21.220.69 - - [11/Apr/2025:09:46:42 +0800] "GET /InternetTrading/js/login.js?jsv=20200819161914 HTTP/1.1" 200 1684
210.21.220.69 - - [11/Apr/2025:09:46:43 +0800] "GET /InternetTrading/jquery/wait.gif HTTP/1.1" 200 432
210.21.220.69 - - [11/Apr/2025:09:46:43 +0800] "GET /InternetTrading/tc/dialog.html?1744335963141 HTTP/1.1" 200 3188
210.21.220.69 - - [11/Apr/2025:09:46:43 +0800] "POST /InternetTrading/SystemMaintenanceCheck HTTP/1.1" 200 119
210.21.220.69 - - [11/Apr/2025:09:46:43 +0800] "POST /InternetTrading/SystemMaintenanceCheck HTTP/1.1" 200 119
210.21.220.69 - - [11/Apr/2025:09:46:43 +0800] "POST /InternetTrading/Get2FAInfoService HTTP/1.1" 200 109
210.21.220.69 - - [11/Apr/2025:09:46:43 +0800] "GET /favicon.ico HTTP/1.1" 404 196
65.181.90.29 - - [11/Apr/2025:09:46:43 +0800] "POST /InternetTrading/SessionErrorLogger HTTP/1.1" 200 117
65.181.90.29 - - [11/Apr/2025:09:46:43 +0800] "POST /InternetTrading/Heartbeat HTTP/1.1" 200 32
65.181.90.29 - - [11/Apr/2025:09:46:43 +0800] "GET /InternetTrading/longpoll/54338?X-Atmosphere-tracking-id=0&X-Atmosphere-Framework=2.2.3-javascript&X-Atmosphere-Transport=long-polling&X-Atmosphere-TrackMessageSize=true&Content-Type=charset%3Dutf-8&X-atmo-protocol=true&_=1744335965825 HTTP/1.1" 200 -
182.239.93.77 - - [11/Apr/2025:09:46:46 +0800] "GET /InternetTrading/longpoll/A8127?X-Atmosphere-tracking-id=0&X-Atmosphere-Framework=2.2.3-javascript&X-Atmosphere-Transport=long-polling&X-Atmosphere-TrackMessageSize=true&Content-Type=charset%3Dutf-8&X-atmo-protocol=true&_=1744335967630 HTTP/1.1" 200 -
47.83.171.149 - - [11/Apr/2025:09:46:46 +0800] "GET /InternetTrading/longpoll/56327?X-Atmosphere-tracking-id=0&X-Atmosphere-Framework=2.2.3-javascript&X-Atmosphere-Transport=long-polling&X-Atmosphere-TrackMessageSize=true&Content-Type=charset%3Dutf-8&X-atmo-protocol=true&_=1744335968242 HTTP/1.1" 200 -
182.239.93.77 - - [11/Apr/2025:09:46:47 +0800] "POST /InternetTrading/SessionErrorLogger HTTP/1.1" 200 117
182.239.93.77 - - [11/Apr/2025:09:46:47 +0800] "POST /InternetTrading/Heartbeat HTTP/1.1" 200 32
182.239.93.77 - - [11/Apr/2025:09:46:48 +0800] "POST /InternetTrading/SessionErrorLogger HTTP/1.1" 200 117
182.239.93.77 - - [11/Apr/2025:09:46:48 +0800] "POST /InternetTrading/MarketStatus HTTP/1.1" 200 772
65.181.90.29 - - [11/Apr/2025:09:46:48 +0800] "GET /InternetTrading/longpoll/54338?X-Atmosphere-tracking-id=0&X-Atmosphere-Framework=2.2.3-javascript&X-Atmosphere-Transport=long-polling&X-Atmosphere-TrackMessageSize=true&Content-Type=charset%3Dutf-8&X-atmo-protocol=true&_=1744335970850 HTTP/1.1" 200 -
182.239.93.77 - - [11/Apr/2025:09:46:51 +0800] "GET /InternetTrading/longpoll/A8127?X-Atmosphere-tracking-id=0&X-Atmosphere-Framework=2.2.3-javascript&X-Atmosphere-Transport=long-polling&X-Atmosphere-TrackMessageSize=true&Content-Type=charset%3Dutf-8&X-atmo-protocol=true&_=1744335972907 HTTP/1.1" 200 -
47.83.171.149 - - [11/Apr/2025:09:46:52 +0800] "GET /InternetTrading/longpoll/56327?X-Atmosphere-tracking-id=0&X-Atmosphere-Framework=2.2.3-javascript&X-Atmosphere-Transport=long-polling&X-Atmosphere-TrackMessageSize=true&Content-Type=charset%3Dutf-8&X-atmo-protocol=true&_=1744335974240 HTTP/1.1" 200 -
65.181.90.29 - - [11/Apr/2025:09:46:53 +0800] "GET /InternetTrading/longpoll/54338?X-Atmosphere-tracking-id=0&X-Atmosphere-Framework=2.2.3-javascript&X-Atmosphere-Transport=long-polling&X-Atmosphere-TrackMessageSize=true&Content-Type=charset%3Dutf-8&X-atmo-protocol=true&_=1744335975888 HTTP/1.1" 200 -
210.21.220.69 - - [11/Apr/2025:09:46:53 +0800] "POST /InternetTrading/Verify2FAService HTTP/1.1" 200 412
210.21.220.69 - - [11/Apr/2025:09:46:54 +0800] "GET /InternetTrading/jquery/wait.gif HTTP/1.1" 200 432
210.21.220.69 - - [11/Apr/2025:09:46:54 +0800] "GET /InternetTrading/tc/main.html?language=tc&version=HTML HTTP/1.1" 200 3578
210.21.220.69 - - [11/Apr/2025:09:46:54 +0800] "GET /InternetTrading/jquery/ui.datepicker.css HTTP/1.1" 200 1145
210.21.220.69 - - [11/Apr/2025:09:46:54 +0800] "GET /InternetTrading/jquery/jquery-ui-1.10.3.css HTTP/1.1" 200 5283
210.21.220.69 - - [11/Apr/2025:09:46:54 +0800] "GET /InternetTrading/jquery/jquery.tablesorter-theme.blue.css HTTP/1.1" 200 2083
210.21.220.69 - - [11/Apr/2025:09:46:54 +0800] "GET /InternetTrading/jquery/dragtable-2.0.9.css HTTP/1.1" 200 316
210.21.220.69 - - [11/Apr/2025:09:46:54 +0800] "GET /InternetTrading/tc/style_common.css?v=20200819161914 HTTP/1.1" 200 2540
210.21.220.69 - - [11/Apr/2025:09:46:54 +0800] "GET /InternetTrading/tc/style.css?v=20200819161914 HTTP/1.1" 200 1435
210.21.220.69 - - [11/Apr/2025:09:46:54 +0800] "GET /InternetTrading/tc/css/jquery.jscrollpane.css HTTP/1.1" 404 690
210.21.220.69 - - [11/Apr/2025:09:46:54 +0800] "GET /InternetTrading/jquery/jquery-1.6.3.min.js HTTP/1.1" 200 32057
210.21.220.69 - - [11/Apr/2025:09:46:54 +0800] "GET /InternetTrading/js/aastock.js HTTP/1.1" 200 553
210.21.220.69 - - [11/Apr/2025:09:46:54 +0800] "GET /InternetTrading/jquery/jquery.ba-postmessage.js HTTP/1.1" 200 2990
210.21.220.69 - - [11/Apr/2025:09:46:54 +0800] "GET /InternetTrading/jquery/jquery-3.3.1.js HTTP/1.1" 200 80650
210.21.220.69 - - [11/Apr/2025:09:46:54 +0800] "GET /InternetTrading/jquery/jquery-migrate-3.0.0.js HTTP/1.1" 200 4963
210.21.220.69 - - [11/Apr/2025:09:46:55 +0800] "GET /InternetTrading/js/atmosphere.js HTTP/1.1" 200 13461
210.21.220.69 - - [11/Apr/2025:09:46:55 +0800] "GET /InternetTrading/js/cache.js?jsv=20200819161914 HTTP/1.1" 200 940
210.21.220.69 - - [11/Apr/2025:09:46:55 +0800] "GET /InternetTrading/jquery/jquery.form-3.46.0.js HTTP/1.1" 200 5673
210.21.220.69 - - [11/Apr/2025:09:46:55 +0800] "GET /InternetTrading/jquery/jquery.blockUI-2.66.0.js HTTP/1.1" 200 6651
210.21.220.69 - - [11/Apr/2025:09:46:55 +0800] "GET /InternetTrading/jquery/additional-methods.js HTTP/1.1" 200 2238
210.21.220.69 - - [11/Apr/2025:09:46:55 +0800] "GET /InternetTrading/jquery/jquery.mousewheel-3.1.4.js HTTP/1.1" 200 822
210.21.220.69 - - [11/Apr/2025:09:46:55 +0800] "GET /InternetTrading/jquery/jquery.tablesorter-2.14.5.js HTTP/1.1" 200 8901
210.21.220.69 - - [11/Apr/2025:09:46:56 +0800] "GET /InternetTrading/jquery/jquery.tablesorter.widgets-2.14.5.js HTTP/1.1" 200 8611
210.21.220.69 - - [11/Apr/2025:09:46:56 +0800] "GET /InternetTrading/jquery/jquery.combobox.packed.js HTTP/1.1" 200 3387
210.21.220.69 - - [11/Apr/2025:09:46:56 +0800] "GET /InternetTrading/jquery/jquery-ui-1.10.3.js HTTP/1.1" 200 69642
210.21.220.69 - - [11/Apr/2025:09:46:56 +0800] "GET /InternetTrading/jquery/jquery.timer-0.9.16.js HTTP/1.1" 200 542
210.21.220.69 - - [11/Apr/2025:09:46:56 +0800] "GET /InternetTrading/jquery/jquery.getParams.js HTTP/1.1" 200 587
210.21.220.69 - - [11/Apr/2025:09:46:56 +0800] "GET /InternetTrading/jquery/jquery.selectboxes.pack.js HTTP/1.1" 200 1640
210.21.220.69 - - [11/Apr/2025:09:46:56 +0800] "GET /InternetTrading/jquery/date.js HTTP/1.1" 200 2807
210.21.220.69 - - [11/Apr/2025:09:46:56 +0800] "GET /InternetTrading/jquery/globalize-0.1.0a1.js HTTP/1.1" 200 6984
210.21.220.69 - - [11/Apr/2025:09:46:56 +0800] "GET /InternetTrading/json/json2.js?jsv=20200819161914 HTTP/1.1" 200 1372
210.21.220.69 - - [11/Apr/2025:09:46:56 +0800] "GET /InternetTrading/settings/crm_display_settings.js?jsv=20200819161914 HTTP/1.1" 200 1781
210.21.220.69 - - [11/Apr/2025:09:46:56 +0800] "GET /InternetTrading/jquery/jquery.validate-1.11.1.js HTTP/1.1" 200 7041
210.21.220.69 - - [11/Apr/2025:09:46:56 +0800] "GET /InternetTrading/tc/user/translation.js?jsv=20200819161914 HTTP/1.1" 200 12818
210.21.220.69 - - [11/Apr/2025:09:46:56 +0800] "GET /InternetTrading/js/constants.js?jsv=20200819161914 HTTP/1.1" 200 400
210.21.220.69 - - [11/Apr/2025:09:46:56 +0800] "GET /InternetTrading/tc/user/custom_variables.js?jsv=20200819161914 HTTP/1.1" 200 275
210.21.220.69 - - [11/Apr/2025:09:46:56 +0800] "GET /InternetTrading/js/haitong.js?jsv=20200819161914 HTTP/1.1" 200 3881
210.21.220.69 - - [11/Apr/2025:09:46:56 +0800] "GET /InternetTrading/js/util.js?jsv=20200819161914 HTTP/1.1" 200 6636
210.21.220.69 - - [11/Apr/2025:09:46:56 +0800] "GET /InternetTrading/js/rsautil.js?jsv=20200819161914 HTTP/1.1" 200 1017
210.21.220.69 - - [11/Apr/2025:09:46:56 +0800] "GET /InternetTrading/js/init.js?jsv=20200819161914 HTTP/1.1" 200 886
182.239.93.77 - - [11/Apr/2025:09:46:56 +0800] "GET /InternetTrading/longpoll/A8127?X-Atmosphere-tracking-id=0&X-Atmosphere-Framework=2.2.3-javascript&X-Atmosphere-Transport=long-polling&X-Atmosphere-TrackMessageSize=true&Content-Type=charset%3Dutf-8&X-atmo-protocol=true&_=1744335978034 HTTP/1.1" 200 -
210.21.220.69 - - [11/Apr/2025:09:46:56 +0800] "GET /InternetTrading/js/main.js?jsv=20200819161914 HTTP/1.1" 200 30725
210.21.220.69 - - [11/Apr/2025:09:46:56 +0800] "GET /InternetTrading/js/corporate.js?jsv=20200819161914 HTTP/1.1" 200 1575
210.21.220.69 - - [11/Apr/2025:09:46:56 +0800] "GET /InternetTrading/js/update_mdf.js?jsv=20200819161914 HTTP/1.1" 200 856
210.21.220.69 - - [11/Apr/2025:09:46:56 +0800] "GET /InternetTrading/js/validation_hkex.js?jsv=20200819161914 HTTP/1.1" 200 2300
210.21.220.69 - - [11/Apr/2025:09:46:56 +0800] "GET /InternetTrading/js/validation_bshare.js?jsv=20200819161914 HTTP/1.1" 200 1567
210.21.220.69 - - [11/Apr/2025:09:46:56 +0800] "GET /InternetTrading/js/validation_ashare.js?jsv=20200819161914 HTTP/1.1" 200 2482
210.21.220.69 - - [11/Apr/2025:09:46:56 +0800] "GET /InternetTrading/js/validation_global.js?jsv=20200819161914 HTTP/1.1" 200 1564
210.21.220.69 - - [11/Apr/2025:09:46:56 +0800] "GET /InternetTrading/js/account.js?jsv=20200819161914 HTTP/1.1" 200 2656
210.21.220.69 - - [11/Apr/2025:09:46:57 +0800] "GET /InternetTrading/js/ipo.js?jsv=20200819161914 HTTP/1.1" 200 5726
210.21.220.69 - - [11/Apr/2025:09:46:57 +0800] "GET /InternetTrading/js/cash_transfer.js?jsv=20200819161914 HTTP/1.1" 200 2712
210.21.220.69 - - [11/Apr/2025:09:46:57 +0800] "GET /InternetTrading/js/spread_cache.js?jsv=20200819161914 HTTP/1.1" 200 908
210.21.220.69 - - [11/Apr/2025:09:46:57 +0800] "GET /InternetTrading/js/mm.js?jsv=20200819161914 HTTP/1.1" 200 487
210.21.220.69 - - [11/Apr/2025:09:46:57 +0800] "GET /InternetTrading/js/isec_calculator.js?jsv=20200819161914 HTTP/1.1" 200 1364
210.21.220.69 - - [11/Apr/2025:09:46:57 +0800] "GET /InternetTrading/js/payment_instruction.js?jsv=20200819161914 HTTP/1.1" 200 2178
210.21.220.69 - - [11/Apr/2025:09:46:57 +0800] "GET /InternetTrading/js/payment_instruction_IMOS.js?jsv=20200819161914 HTTP/1.1" 200 6874
210.21.220.69 - - [11/Apr/2025:09:46:57 +0800] "GET /InternetTrading/js/eStatement.js?jsv=20200819161914 HTTP/1.1" 200 562
210.21.220.69 - - [11/Apr/2025:09:46:57 +0800] "GET /InternetTrading/ExchangeList?fmt=js&jsv=20200819161914 HTTP/1.1" 200 146
210.21.220.69 - - [11/Apr/2025:09:46:57 +0800] "GET /InternetTrading/js/string_extend.js?jsv=20200819161914 HTTP/1.1" 200 272
210.21.220.69 - - [11/Apr/2025:09:46:57 +0800] "GET /InternetTrading/js/pidcrypt.js?jsv=20200819161914 HTTP/1.1" 200 982
210.21.220.69 - - [11/Apr/2025:09:46:57 +0800] "GET /InternetTrading/js/pidcrypt_util.js?jsv=20200819161914 HTTP/1.1" 200 1206
210.21.220.69 - - [11/Apr/2025:09:46:57 +0800] "GET /InternetTrading/js/aes_cbc.js?jsv=20200819161914 HTTP/1.1" 200 2043
210.21.220.69 - - [11/Apr/2025:09:46:57 +0800] "GET /InternetTrading/js/aes_core.js?jsv=20200819161914 HTTP/1.1" 200 2106
210.21.220.69 - - [11/Apr/2025:09:46:57 +0800] "GET /InternetTrading/js/md5.js?jsv=20200819161914 HTTP/1.1" 200 1730
210.21.220.69 - - [11/Apr/2025:09:46:57 +0800] "GET /InternetTrading/js/asn1.js?jsv=20200819161914 HTTP/1.1" 200 3099
210.21.220.69 - - [11/Apr/2025:09:46:57 +0800] "GET /InternetTrading/js/sha256.js?jsv=20200819161914 HTTP/1.1" 200 1362
210.21.220.69 - - [11/Apr/2025:09:46:57 +0800] "GET /InternetTrading/js/jsbn.js?jsv=20200819161914 HTTP/1.1" 200 6736
210.21.220.69 - - [11/Apr/2025:09:46:57 +0800] "GET /InternetTrading/js/prng4.js?jsv=20200819161914 HTTP/1.1" 200 303
210.21.220.69 - - [11/Apr/2025:09:46:57 +0800] "GET /InternetTrading/js/rng.js?jsv=20200819161914 HTTP/1.1" 200 481
210.21.220.69 - - [11/Apr/2025:09:46:57 +0800] "GET /InternetTrading/js/rsa.js?jsv=20200819161914 HTTP/1.1" 200 1658
210.21.220.69 - - [11/Apr/2025:09:46:57 +0800] "GET /InternetTrading/js/aes.js?jsv=20200819161914 HTTP/1.1" 200 4816
210.21.220.69 - - [11/Apr/2025:09:46:57 +0800] "GET /InternetTrading/js/mode-ecb.js?jsv=20200819161914 HTTP/1.1" 200 199
210.21.220.69 - - [11/Apr/2025:09:46:57 +0800] "GET /InternetTrading/js/utilSpec.js?jsv=20200819161914 HTTP/1.1" 200 27
210.21.220.69 - - [11/Apr/2025:09:46:57 +0800] "GET /InternetTrading/js/update_lastlogin.js?jsv=20200819161914 HTTP/1.1" 200 980
210.21.220.69 - - [11/Apr/2025:09:46:57 +0800] "GET /InternetTrading/js/pw_alert.js?jsv=20200819161914 HTTP/1.1" 200 418
210.21.220.69 - - [11/Apr/2025:09:46:57 +0800] "GET /InternetTrading/js/jquery.jscrollpane.js HTTP/1.1" 404 685
210.21.220.69 - - [11/Apr/2025:09:46:57 +0800] "GET /InternetTrading/js/jquery.mousewheel.js HTTP/1.1" 404 684
210.21.220.69 - - [11/Apr/2025:09:46:57 +0800] "GET /InternetTrading/js/jquery.cookie.js HTTP/1.1" 200 834
210.21.220.69 - - [11/Apr/2025:09:46:57 +0800] "GET /InternetTrading/js/decimal.js HTTP/1.1" 200 13492
210.21.220.69 - - [11/Apr/2025:09:46:57 +0800] "GET /InternetTrading/GoodTillDateValidExch?fmt=js&jsv=20200819161914 HTTP/1.1" 200 29
210.21.220.69 - - [11/Apr/2025:09:46:57 +0800] "GET /InternetTrading/tc/images/top_menu01.jpg HTTP/1.1" 200 3466
210.21.220.69 - - [11/Apr/2025:09:46:57 +0800] "GET /InternetTrading/tc/images/logo.png HTTP/1.1" 200 7042
210.21.220.69 - - [11/Apr/2025:09:46:57 +0800] "GET /InternetTrading/tc/images/top_menu04.jpg HTTP/1.1" 200 3430
65.181.90.29 - - [11/Apr/2025:09:46:58 +0800] "GET /InternetTrading/longpoll/54338?X-Atmosphere-tracking-id=0&X-Atmosphere-Framework=2.2.3-javascript&X-Atmosphere-Transport=long-polling&X-Atmosphere-TrackMessageSize=true&Content-Type=charset%3Dutf-8&X-atmo-protocol=true&_=1744335980913 HTTP/1.1" 200 -
210.21.220.69 - - [11/Apr/2025:09:46:58 +0800] "GET /InternetTrading/tc/images/top_menu_logout.jpg HTTP/1.1" 200 1016
47.83.171.149 - - [11/Apr/2025:09:46:58 +0800] "GET /InternetTrading/longpoll/56327?X-Atmosphere-tracking-id=0&X-Atmosphere-Framework=2.2.3-javascript&X-Atmosphere-Transport=long-polling&X-Atmosphere-TrackMessageSize=true&Content-Type=charset%3Dutf-8&X-atmo-protocol=true&_=1744335980248 HTTP/1.1" 200 -
182.239.93.77 - - [11/Apr/2025:09:47:01 +0800] "GET /InternetTrading/longpoll/A8127?X-Atmosphere-tracking-id=0&X-Atmosphere-Framework=2.2.3-javascript&X-Atmosphere-Transport=long-polling&X-Atmosphere-TrackMessageSize=true&Content-Type=charset%3Dutf-8&X-atmo-protocol=true&_=1744335983269 HTTP/1.1" 200 -
65.181.90.29 - - [11/Apr/2025:09:47:03 +0800] "GET /InternetTrading/longpoll/54338?X-Atmosphere-tracking-id=0&X-Atmosphere-Framework=2.2.3-javascript&X-Atmosphere-Transport=long-polling&X-Atmosphere-TrackMessageSize=true&Content-Type=charset%3Dutf-8&X-atmo-protocol=true&_=1744335985943 HTTP/1.1" 200 -
47.83.171.149 - - [11/Apr/2025:09:47:04 +0800] "GET /InternetTrading/longpoll/56327?X-Atmosphere-tracking-id=0&X-Atmosphere-Framework=2.2.3-javascript&X-Atmosphere-Transport=long-polling&X-Atmosphere-TrackMessageSize=true&Content-Type=charset%3Dutf-8&X-atmo-protocol=true&_=1744335986245 HTTP/1.1" 200 -
65.181.90.29 - - [11/Apr/2025:09:47:07 +0800] "POST /InternetTrading/SessionErrorLogger HTTP/1.1" 200 117
182.239.93.77 - - [11/Apr/2025:09:47:07 +0800] "GET /InternetTrading/longpoll/A8127?X-Atmosphere-tracking-id=0&X-Atmosphere-Framework=2.2.3-javascript&X-Atmosphere-Transport=long-polling&X-Atmosphere-TrackMessageSize=true&Content-Type=charset%3Dutf-8&X-atmo-protocol=true&_=1744335988457 HTTP/1.1" 200 -
65.181.90.29 - - [11/Apr/2025:09:47:07 +0800] "POST /InternetTrading/MarketStatus HTTP/1.1" 200 772
65.181.90.29 - - [11/Apr/2025:09:47:08 +0800] "GET /InternetTrading/longpoll/54338?X-Atmosphere-tracking-id=0&X-Atmosphere-Framework=2.2.3-javascript&X-Atmosphere-Transport=long-polling&X-Atmosphere-TrackMessageSize=true&Content-Type=charset%3Dutf-8&X-atmo-protocol=true&_=1744335990958 HTTP/1.1" 200 -
210.21.220.69 - - [11/Apr/2025:09:47:08 +0800] "GET /InternetTrading/tc/dialog.html?1744335988523 HTTP/1.1" 200 3188
210.21.220.69 - - [11/Apr/2025:09:47:08 +0800] "POST /InternetTrading/Heartbeat HTTP/1.1" 200 32
210.21.220.69 - - [11/Apr/2025:09:47:08 +0800] "GET /InternetTrading/images/top_bg3.jpg HTTP/1.1" 200 878
210.21.220.69 - - [11/Apr/2025:09:47:08 +0800] "POST /InternetTrading/PopUpConfig HTTP/1.1" 200 2
210.21.220.69 - - [11/Apr/2025:09:47:08 +0800] "POST /InternetTrading/CustomerInfoLite HTTP/1.1" 200 118
210.21.220.69 - - [11/Apr/2025:09:47:08 +0800] "GET /InternetTrading/images/top_bg1.jpg HTTP/1.1" 200 329
210.21.220.69 - - [11/Apr/2025:09:47:08 +0800] "GET /InternetTrading/images/top_bg2.jpg HTTP/1.1" 200 330
210.21.220.69 - - [11/Apr/2025:09:47:08 +0800] "GET /InternetTrading/tc/images/top_menu04.jpg HTTP/1.1" 200 3430
210.21.220.69 - - [11/Apr/2025:09:47:08 +0800] "GET /InternetTrading/tc/trade.html HTTP/1.1" 200 2113
210.21.220.69 - - [11/Apr/2025:09:47:08 +0800] "POST /InternetTrading/SpreadPriceCache HTTP/1.1" 200 3539
210.21.220.69 - - [11/Apr/2025:09:47:08 +0800] "GET /InternetTrading/jquery/wait.gif HTTP/1.1" 200 432
210.21.220.69 - - [11/Apr/2025:09:47:08 +0800] "GET /InternetTrading/tc/images/top_menu01_o.jpg HTTP/1.1" 200 3339
210.21.220.69 - - [11/Apr/2025:09:47:08 +0800] "POST /InternetTrading/SessionErrorLogger HTTP/1.1" 200 117
210.21.220.69 - - [11/Apr/2025:09:47:08 +0800] "POST /InternetTrading/GetLastLoginDate HTTP/1.1" 200 31
210.21.220.69 - - [11/Apr/2025:09:47:08 +0800] "POST /InternetTrading/SessionErrorLogger HTTP/1.1" 200 117
210.21.220.69 - - [11/Apr/2025:09:47:08 +0800] "GET /InternetTrading/tc/getpopupMsgName.jsp HTTP/1.1" 200 -
210.21.220.69 - - [11/Apr/2025:09:47:08 +0800] "GET /InternetTrading/tc/applet_dummy.html HTTP/1.1" 200 330
210.21.220.69 - - [11/Apr/2025:09:47:08 +0800] "POST /InternetTrading/SessionErrorLogger HTTP/1.1" 200 117
210.21.220.69 - - [11/Apr/2025:09:47:09 +0800] "GET /InternetTrading/tc/buy_ticket.html? HTTP/1.1" 200 1995
210.21.220.69 - - [11/Apr/2025:09:47:09 +0800] "POST /InternetTrading/SessionErrorLogger HTTP/1.1" 200 117
210.21.220.69 - - [11/Apr/2025:09:47:09 +0800] "POST /InternetTrading/MarketStatus HTTP/1.1" 200 772
210.21.220.69 - - [11/Apr/2025:09:47:09 +0800] "POST /InternetTrading/SessionErrorLogger HTTP/1.1" 200 117
210.21.220.69 - - [11/Apr/2025:09:47:09 +0800] "GET /InternetTrading/jquery/wait.gif HTTP/1.1" 200 432
210.21.220.69 - - [11/Apr/2025:09:47:09 +0800] "GET /InternetTrading/tc/multi_currency_balance.html HTTP/1.1" 200 295
210.21.220.69 - - [11/Apr/2025:09:47:09 +0800] "GET /InternetTrading/Home/PostToAA.jsp?hl=tc HTTP/1.1" 200 287
210.21.220.69 - - [11/Apr/2025:09:47:09 +0800] "GET /InternetTrading/tc/images/trade_point01.jpg HTTP/1.1" 200 358
210.21.220.69 - - [11/Apr/2025:09:47:09 +0800] "GET /InternetTrading/tc/images/refresh.gif HTTP/1.1" 200 1145
210.21.220.69 - - [11/Apr/2025:09:47:09 +0800] "GET /InternetTrading/jquery/images/ui-icons_222222_256x240.png HTTP/1.1" 200 6922
210.21.220.69 - - [11/Apr/2025:09:47:09 +0800] "POST /InternetTrading/SessionErrorLogger HTTP/1.1" 200 117
210.21.220.69 - - [11/Apr/2025:09:47:09 +0800] "POST /InternetTrading/SessionErrorLogger HTTP/1.1" 200 117
210.21.220.69 - - [11/Apr/2025:09:47:09 +0800] "POST /InternetTrading/MarketStatus HTTP/1.1" 200 772
210.21.220.69 - - [11/Apr/2025:09:47:09 +0800] "GET /InternetTrading/jquery/images/ui-bg_flat_75_ffffff_40x100.png HTTP/1.1" 200 208
210.21.220.69 - - [11/Apr/2025:09:47:09 +0800] "POST /InternetTrading/MarketStatus HTTP/1.1" 200 772
47.83.171.149 - - [11/Apr/2025:09:47:10 +0800] "GET /InternetTrading/longpoll/56327?X-Atmosphere-tracking-id=0&X-Atmosphere-Framework=2.2.3-javascript&X-Atmosphere-Transport=long-polling&X-Atmosphere-TrackMessageSize=true&Content-Type=charset%3Dutf-8&X-atmo-protocol=true&_=1744335992255 HTTP/1.1" 200 -
210.21.220.69 - - [11/Apr/2025:09:47:11 +0800] "POST /InternetTrading/SessionErrorLogger HTTP/1.1" 200 117
210.21.220.69 - - [11/Apr/2025:09:47:11 +0800] "POST /InternetTrading/CustomerInfo HTTP/1.1" 200 203
210.21.220.69 - - [11/Apr/2025:09:47:11 +0800] "POST /InternetTrading/SessionErrorLogger HTTP/1.1" 200 117
210.21.220.69 - - [11/Apr/2025:09:47:11 +0800] "POST /InternetTrading/SessionErrorLogger HTTP/1.1" 200 117
210.21.220.69 - - [11/Apr/2025:09:47:11 +0800] "GET /InternetTrading/jquery/wait.gif HTTP/1.1" 200 432
210.21.220.69 - - [11/Apr/2025:09:47:11 +0800] "POST /InternetTrading/SessionErrorLogger HTTP/1.1" 200 117
210.21.220.69 - - [11/Apr/2025:09:47:11 +0800] "POST /InternetTrading/LongPollingConfig HTTP/1.1" 200 4
210.21.220.69 - - [11/Apr/2025:09:47:11 +0800] "POST /InternetTrading/SessionErrorLogger HTTP/1.1" 200 117
210.21.220.69 - - [11/Apr/2025:09:47:11 +0800] "GET /InternetTrading/tc/account_status.html HTTP/1.1" 200 426
210.21.220.69 - - [11/Apr/2025:09:47:11 +0800] "GET /InternetTrading/longpoll/13878?X-Atmosphere-tracking-id=0&X-Atmosphere-Framework=2.2.3-javascript&X-Atmosphere-Transport=long-polling&X-Atmosphere-TrackMessageSize=true&Content-Type=charset%3Dutf-8&X-atmo-protocol=true&_=1744335991481 HTTP/1.1" 200 -
210.21.220.69 - - [11/Apr/2025:09:47:11 +0800] "GET /InternetTrading/jquery/wait.gif HTTP/1.1" 200 432
210.21.220.69 - - [11/Apr/2025:09:47:11 +0800] "POST /InternetTrading/SessionErrorLogger HTTP/1.1" 200 117
210.21.220.69 - - [11/Apr/2025:09:47:11 +0800] "POST /InternetTrading/Portfolio HTTP/1.1" 200 1291
210.21.220.69 - - [11/Apr/2025:09:47:11 +0800] "POST /InternetTrading/MarketStatus HTTP/1.1" 200 772
182.239.93.77 - - [11/Apr/2025:09:47:12 +0800] "GET /InternetTrading/longpoll/A8127?X-Atmosphere-tracking-id=0&X-Atmosphere-Framework=2.2.3-javascript&X-Atmosphere-Transport=long-polling&X-Atmosphere-TrackMessageSize=true&Content-Type=charset%3Dutf-8&X-atmo-protocol=true&_=1744335993710 HTTP/1.1" 200 -
65.181.90.29 - - [11/Apr/2025:09:47:13 +0800] "POST /InternetTrading/SessionErrorLogger HTTP/1.1" 200 117
65.181.90.29 - - [11/Apr/2025:09:47:13 +0800] "POST /InternetTrading/Heartbeat HTTP/1.1" 200 32
65.181.90.29 - - [11/Apr/2025:09:47:13 +0800] "GET /InternetTrading/longpoll/54338?X-Atmosphere-tracking-id=0&X-Atmosphere-Framework=2.2.3-javascript&X-Atmosphere-Transport=long-polling&X-Atmosphere-TrackMessageSize=true&Content-Type=charset%3Dutf-8&X-atmo-protocol=true&_=1744335995981 HTTP/1.1" 200 -
210.21.220.69 - - [11/Apr/2025:09:47:14 +0800] "POST /InternetTrading/SessionErrorLogger HTTP/1.1" 200 117
210.21.220.69 - - [11/Apr/2025:09:47:14 +0800] "POST /InternetTrading/Product HTTP/1.1" 200 316
210.21.220.69 - - [11/Apr/2025:09:47:16 +0800] "GET /InternetTrading/longpoll/13878?X-Atmosphere-tracking-id=0&X-Atmosphere-Framework=2.2.3-javascript&X-Atmosphere-Transport=long-polling&X-Atmosphere-TrackMessageSize=true&Content-Type=charset%3Dutf-8&X-atmo-protocol=true&_=1744335996545 HTTP/1.1" 200 -
47.83.171.149 - - [11/Apr/2025:09:47:16 +0800] "GET /InternetTrading/longpoll/56327?X-Atmosphere-tracking-id=0&X-Atmosphere-Framework=2.2.3-javascript&X-Atmosphere-Transport=long-polling&X-Atmosphere-TrackMessageSize=true&Content-Type=charset%3Dutf-8&X-atmo-protocol=true&_=1744335998239 HTTP/1.1" 200 -
182.239.93.77 - - [11/Apr/2025:09:47:17 +0800] "GET /InternetTrading/longpoll/A8127?X-Atmosphere-tracking-id=0&X-Atmosphere-Framework=2.2.3-javascript&X-Atmosphere-Transport=long-polling&X-Atmosphere-TrackMessageSize=true&Content-Type=charset%3Dutf-8&X-atmo-protocol=true&_=1744335998951 HTTP/1.1" 200 -
182.239.93.77 - - [11/Apr/2025:09:47:17 +0800] "POST /InternetTrading/SessionErrorLogger HTTP/1.1" 200 117
182.239.93.77 - - [11/Apr/2025:09:47:17 +0800] "POST /InternetTrading/Heartbeat HTTP/1.1" 200 32
182.239.93.77 - - [11/Apr/2025:09:47:18 +0800] "POST /InternetTrading/SessionErrorLogger HTTP/1.1" 200 117
182.239.93.77 - - [11/Apr/2025:09:47:18 +0800] "POST /InternetTrading/MarketStatus HTTP/1.1" 200 772
65.181.90.29 - - [11/Apr/2025:09:47:18 +0800] "GET /InternetTrading/longpoll/54338?X-Atmosphere-tracking-id=0&X-Atmosphere-Framework=2.2.3-javascript&X-Atmosphere-Transport=long-polling&X-Atmosphere-TrackMessageSize=true&Content-Type=charset%3Dutf-8&X-atmo-protocol=true&_=1744336001005 HTTP/1.1" 200 -
210.21.220.69 - - [11/Apr/2025:09:47:21 +0800] "GET /InternetTrading/longpoll/13878?X-Atmosphere-tracking-id=0&X-Atmosphere-Framework=2.2.3-javascript&X-Atmosphere-Transport=long-polling&X-Atmosphere-TrackMessageSize=true&Content-Type=charset%3Dutf-8&X-atmo-protocol=true&_=1744336001573 HTTP/1.1" 200 -
210.21.220.69 - - [11/Apr/2025:09:47:22 +0800] "POST /InternetTrading/SessionErrorLogger HTTP/1.1" 200 117
210.21.220.69 - - [11/Apr/2025:09:47:22 +0800] "POST /InternetTrading/OrderMaxQuantity HTTP/1.1" 200 9
182.239.93.77 - - [11/Apr/2025:09:47:22 +0800] "GET /InternetTrading/longpoll/A8127?X-Atmosphere-tracking-id=0&X-Atmosphere-Framework=2.2.3-javascript&X-Atmosphere-Transport=long-polling&X-Atmosphere-TrackMessageSize=true&Content-Type=charset%3Dutf-8&X-atmo-protocol=true&_=1744336004230 HTTP/1.1" 200 -
47.83.171.149 - - [11/Apr/2025:09:47:22 +0800] "GET /InternetTrading/longpoll/56327?X-Atmosphere-tracking-id=0&X-Atmosphere-Framework=2.2.3-javascript&X-Atmosphere-Transport=long-polling&X-Atmosphere-TrackMessageSize=true&Content-Type=charset%3Dutf-8&X-atmo-protocol=true&_=1744336004246 HTTP/1.1" 200 -
65.181.90.29 - - [11/Apr/2025:09:47:23 +0800] "GET /InternetTrading/longpoll/54338?X-Atmosphere-tracking-id=0&X-Atmosphere-Framework=2.2.3-javascript&X-Atmosphere-Transport=long-polling&X-Atmosphere-TrackMessageSize=true&Content-Type=charset%3Dutf-8&X-atmo-protocol=true&_=1744336006037 HTTP/1.1" 200 -
210.21.220.69 - - [11/Apr/2025:09:47:26 +0800] "GET /InternetTrading/longpoll/13878?X-Atmosphere-tracking-id=0&X-Atmosphere-Framework=2.2.3-javascript&X-Atmosphere-Transport=long-polling&X-Atmosphere-TrackMessageSize=true&Content-Type=charset%3Dutf-8&X-atmo-protocol=true&_=1744336006600 HTTP/1.1" 200 -
47.83.171.149 - - [11/Apr/2025:09:47:27 +0800] "POST /InternetTrading/SessionErrorLogger HTTP/1.1" 200 117
47.83.171.149 - - [11/Apr/2025:09:47:27 +0800] "POST /InternetTrading/Heartbeat HTTP/1.1" 200 32
47.83.171.149 - - [11/Apr/2025:09:47:27 +0800] "POST /InternetTrading/SessionErrorLogger HTTP/1.1" 200 117
47.83.171.149 - - [11/Apr/2025:09:47:28 +0800] "POST /InternetTrading/MarketStatus HTTP/1.1" 200 772
182.239.93.77 - - [11/Apr/2025:09:47:28 +0800] "GET /InternetTrading/longpoll/A8127?X-Atmosphere-tracking-id=0&X-Atmosphere-Framework=2.2.3-javascript&X-Atmosphere-Transport=long-polling&X-Atmosphere-TrackMessageSize=true&Content-Type=charset%3Dutf-8&X-atmo-protocol=true&_=1744336009365 HTTP/1.1" 200 -
65.181.90.29 - - [11/Apr/2025:09:47:28 +0800] "GET /InternetTrading/longpoll/54338?X-Atmosphere-tracking-id=0&X-Atmosphere-Framework=2.2.3-javascript&X-Atmosphere-Transport=long-polling&X-Atmosphere-TrackMessageSize=true&Content-Type=charset%3Dutf-8&X-atmo-protocol=true&_=1744336011055 HTTP/1.1" 200 -
47.83.171.149 - - [11/Apr/2025:09:47:28 +0800] "GET /InternetTrading/longpoll/56327?X-Atmosphere-tracking-id=0&X-Atmosphere-Framework=2.2.3-javascript&X-Atmosphere-Transport=long-polling&X-Atmosphere-TrackMessageSize=true&Content-Type=charset%3Dutf-8&X-atmo-protocol=true&_=1744336010246 HTTP/1.1" 200 -
210.21.220.69 - - [11/Apr/2025:09:47:29 +0800] "POST /InternetTrading/SessionErrorLogger HTTP/1.1" 200 117
210.21.220.69 - - [11/Apr/2025:09:47:29 +0800] "POST /InternetTrading/LoginKey HTTP/1.1" 200 -
210.21.220.69 - - [11/Apr/2025:09:47:29 +0800] "GET /InternetTrading/jquery/wait.gif HTTP/1.1" 200 432
210.21.220.69 - - [11/Apr/2025:09:47:29 +0800] "POST /InternetTrading/PreOrder HTTP/1.1" 200 1231
210.21.220.69 - - [11/Apr/2025:09:47:31 +0800] "GET /InternetTrading/longpoll/13878?X-Atmosphere-tracking-id=0&X-Atmosphere-Framework=2.2.3-javascript&X-Atmosphere-Transport=long-polling&X-Atmosphere-TrackMessageSize=true&Content-Type=charset%3Dutf-8&X-atmo-protocol=true&_=1744336011627 HTTP/1.1" 200 -
210.21.220.69 - - [11/Apr/2025:09:47:32 +0800] "POST /InternetTrading/SessionErrorLogger HTTP/1.1" 200 117
210.21.220.69 - - [11/Apr/2025:09:47:32 +0800] "GET /InternetTrading/Csrf?url=/Order HTTP/1.1" 200 126
210.21.220.69 - - [11/Apr/2025:09:47:32 +0800] "POST /InternetTrading/SessionErrorLogger HTTP/1.1" 200 117
210.21.220.69 - - [11/Apr/2025:09:47:32 +0800] "POST /InternetTrading/LoginKey HTTP/1.1" 200 -
210.21.220.69 - - [11/Apr/2025:09:47:32 +0800] "POST /InternetTrading/SessionErrorLogger HTTP/1.1" 200 117
210.21.220.69 - - [11/Apr/2025:09:47:32 +0800] "POST /InternetTrading/SessionErrorLogger HTTP/1.1" 200 117
210.21.220.69 - - [11/Apr/2025:09:47:32 +0800] "POST /InternetTrading/Order?csrf_nonce=8E5A8A51823BCCB44F708165C2B62573 HTTP/1.1" 200 1020
210.21.220.69 - - [11/Apr/2025:09:47:32 +0800] "POST /InternetTrading/Product HTTP/1.1" 200 316
210.21.220.69 - - [11/Apr/2025:09:47:32 +0800] "POST /InternetTrading/SessionErrorLogger HTTP/1.1" 200 117
210.21.220.69 - - [11/Apr/2025:09:47:32 +0800] "POST /InternetTrading/OrderMaxQuantity HTTP/1.1" 200 10
210.21.220.69 - - [11/Apr/2025:09:47:33 +0800] "POST /InternetTrading/SessionErrorLogger HTTP/1.1" 200 117
210.21.220.69 - - [11/Apr/2025:09:47:33 +0800] "GET /InternetTrading/tc/buy_ticket.html? HTTP/1.1" 200 1995
210.21.220.69 - - [11/Apr/2025:09:47:33 +0800] "POST /InternetTrading/SessionErrorLogger HTTP/1.1" 200 117
210.21.220.69 - - [11/Apr/2025:09:47:33 +0800] "POST /InternetTrading/SessionErrorLogger HTTP/1.1" 200 117
210.21.220.69 - - [11/Apr/2025:09:47:33 +0800] "POST /InternetTrading/MarketStatus HTTP/1.1" 200 772
210.21.220.69 - - [11/Apr/2025:09:47:33 +0800] "POST /InternetTrading/MarketStatus HTTP/1.1" 200 772
182.239.93.77 - - [11/Apr/2025:09:47:33 +0800] "GET /InternetTrading/longpoll/A8127?X-Atmosphere-tracking-id=0&X-Atmosphere-Framework=2.2.3-javascript&X-Atmosphere-Transport=long-polling&X-Atmosphere-TrackMessageSize=true&Content-Type=charset%3Dutf-8&X-atmo-protocol=true&_=1744336014624 HTTP/1.1" 200 -
65.181.90.29 - - [11/Apr/2025:09:47:33 +0800] "GET /InternetTrading/longpoll/54338?X-Atmosphere-tracking-id=0&X-Atmosphere-Framework=2.2.3-javascript&X-Atmosphere-Transport=long-polling&X-Atmosphere-TrackMessageSize=true&Content-Type=charset%3Dutf-8&X-atmo-protocol=true&_=1744336016084 HTTP/1.1" 200 -
47.83.171.149 - - [11/Apr/2025:09:47:34 +0800] "GET /InternetTrading/longpoll/56327?X-Atmosphere-tracking-id=0&X-Atmosphere-Framework=2.2.3-javascript&X-Atmosphere-Transport=long-polling&X-Atmosphere-TrackMessageSize=true&Content-Type=charset%3Dutf-8&X-atmo-protocol=true&_=1744336016241 HTTP/1.1" 200 -
210.21.220.69 - - [11/Apr/2025:09:47:35 +0800] "GET /InternetTrading/jquery/wait.gif HTTP/1.1" 200 432
210.21.220.69 - - [11/Apr/2025:09:47:35 +0800] "POST /InternetTrading/SessionErrorLogger HTTP/1.1" 200 117
210.21.220.69 - - [11/Apr/2025:09:47:35 +0800] "POST /InternetTrading/Orderbook HTTP/1.1" 200 1174
210.21.220.69 - - [11/Apr/2025:09:47:36 +0800] "GET /InternetTrading/longpoll/13878?X-Atmosphere-tracking-id=0&X-Atmosphere-Framework=2.2.3-javascript&X-Atmosphere-Transport=long-polling&X-Atmosphere-TrackMessageSize=true&Content-Type=charset%3Dutf-8&X-atmo-protocol=true&_=1744336016658 HTTP/1.1" 200 -
65.181.90.29 - - [11/Apr/2025:09:47:37 +0800] "POST /InternetTrading/SessionErrorLogger HTTP/1.1" 200 117
65.181.90.29 - - [11/Apr/2025:09:47:37 +0800] "POST /InternetTrading/MarketStatus HTTP/1.1" 200 772
65.181.90.29 - - [11/Apr/2025:09:47:38 +0800] "GET /InternetTrading/longpoll/54338?X-Atmosphere-tracking-id=0&X-Atmosphere-Framework=2.2.3-javascript&X-Atmosphere-Transport=long-polling&X-Atmosphere-TrackMessageSize=true&Content-Type=charset%3Dutf-8&X-atmo-protocol=true&_=1744336021119 HTTP/1.1" 200 -
182.239.93.77 - - [11/Apr/2025:09:47:38 +0800] "GET /InternetTrading/longpoll/A8127?X-Atmosphere-tracking-id=0&X-Atmosphere-Framework=2.2.3-javascript&X-Atmosphere-Transport=long-polling&X-Atmosphere-TrackMessageSize=true&Content-Type=charset%3Dutf-8&X-atmo-protocol=true&_=1744336019865 HTTP/1.1" 200 -
210.21.220.69 - - [11/Apr/2025:09:47:38 +0800] "POST /InternetTrading/SessionErrorLogger HTTP/1.1" 200 117
210.21.220.69 - - [11/Apr/2025:09:47:38 +0800] "POST /InternetTrading/Heartbeat HTTP/1.1" 200 32
47.83.171.149 - - [11/Apr/2025:09:47:40 +0800] "GET /InternetTrading/longpoll/56327?X-Atmosphere-tracking-id=0&X-Atmosphere-Framework=2.2.3-javascript&X-Atmosphere-Transport=long-polling&X-Atmosphere-TrackMessageSize=true&Content-Type=charset%3Dutf-8&X-atmo-protocol=true&_=1744336022238 HTTP/1.1" 200 -
210.21.220.69 - - [11/Apr/2025:09:47:41 +0800] "GET /InternetTrading/longpoll/13878?X-Atmosphere-tracking-id=0&X-Atmosphere-Framework=2.2.3-javascript&X-Atmosphere-Transport=long-polling&X-Atmosphere-TrackMessageSize=true&Content-Type=charset%3Dutf-8&X-atmo-protocol=true&_=1744336021684 HTTP/1.1" 200 -
210.21.220.69 - - [11/Apr/2025:09:47:42 +0800] "POST /InternetTrading/SessionErrorLogger HTTP/1.1" 200 117
210.21.220.69 - - [11/Apr/2025:09:47:42 +0800] "POST /InternetTrading/Product HTTP/1.1" 200 316
65.181.90.29 - - [11/Apr/2025:09:47:43 +0800] "POST /InternetTrading/SessionErrorLogger HTTP/1.1" 200 117
65.181.90.29 - - [11/Apr/2025:09:47:43 +0800] "POST /InternetTrading/Heartbeat HTTP/1.1" 200 32
65.181.90.29 - - [11/Apr/2025:09:47:43 +0800] "GET /InternetTrading/longpoll/54338?X-Atmosphere-tracking-id=0&X-Atmosphere-Framework=2.2.3-javascript&X-Atmosphere-Transport=long-polling&X-Atmosphere-TrackMessageSize=true&Content-Type=charset%3Dutf-8&X-atmo-protocol=true&_=1744336026148 HTTP/1.1" 200 -
182.239.93.77 - - [11/Apr/2025:09:47:43 +0800] "GET /InternetTrading/longpoll/A8127?X-Atmosphere-tracking-id=0&X-Atmosphere-Framework=2.2.3-javascript&X-Atmosphere-Transport=long-polling&X-Atmosphere-TrackMessageSize=true&Content-Type=charset%3Dutf-8&X-atmo-protocol=true&_=1744336025028 HTTP/1.1" 200 -
210.21.220.69 - - [11/Apr/2025:09:47:44 +0800] "POST /InternetTrading/SessionErrorLogger HTTP/1.1" 200 117
210.21.220.69 - - [11/Apr/2025:09:47:44 +0800] "POST /InternetTrading/OrderMaxQuantity HTTP/1.1" 200 10
