47.83.171.149 - - [11/Apr/2025:09:49:29 +0800] "GET /InternetTrading/longpoll/56327?X-Atmosphere-tracking-id=0&X-Atmosphere-Framework=2.2.3-javascript&X-Atmosphere-Transport=long-polling&X-Atmosphere-TrackMessageSize=true&Content-Type=charset%3Dutf-8&X-atmo-protocol=true&_=1744336131243 HTTP/1.1" 200 -
210.21.220.69 - - [11/Apr/2025:09:49:33 +0800] "GET /InternetTrading/longpoll/13878?X-Atmosphere-tracking-id=0&X-Atmosphere-Framework=2.2.3-javascript&X-Atmosphere-Transport=long-polling&X-Atmosphere-TrackMessageSize=true&Content-Type=charset%3Dutf-8&X-atmo-protocol=true&_=1744336132462 HTTP/1.1" 200 -
182.239.93.77 - - [11/Apr/2025:09:49:33 +0800] "GET /InternetTrading/longpoll/A8127?X-Atmosphere-tracking-id=0&X-Atmosphere-Framework=2.2.3-javascript&X-Atmosphere-Transport=long-polling&X-Atmosphere-TrackMessageSize=true&Content-Type=charset%3Dutf-8&X-atmo-protocol=true&_=1744336135069 HTTP/1.1" 200 -
65.181.90.29 - - [11/Apr/2025:09:49:34 +0800] "GET /InternetTrading/longpoll/54338?X-Atmosphere-tracking-id=0&X-Atmosphere-Framework=2.2.3-javascript&X-Atmosphere-Transport=long-polling&X-Atmosphere-TrackMessageSize=true&Content-Type=charset%3Dutf-8&X-atmo-protocol=true&_=1744336136834 HTTP/1.1" 200 -
47.83.171.149 - - [11/Apr/2025:09:49:35 +0800] "GET /InternetTrading/longpoll/56327?X-Atmosphere-tracking-id=0&X-Atmosphere-Framework=2.2.3-javascript&X-Atmosphere-Transport=long-polling&X-Atmosphere-TrackMessageSize=true&Content-Type=charset%3Dutf-8&X-atmo-protocol=true&_=1744336137239 HTTP/1.1" 200 -
65.181.90.29 - - [11/Apr/2025:09:49:37 +0800] "POST /InternetTrading/SessionErrorLogger HTTP/1.1" 200 117
65.181.90.29 - - [11/Apr/2025:09:49:37 +0800] "POST /InternetTrading/MarketStatus HTTP/1.1" 200 772
182.239.93.77 - - [11/Apr/2025:09:49:39 +0800] "GET /InternetTrading/longpoll/A8127?X-Atmosphere-tracking-id=0&X-Atmosphere-Framework=2.2.3-javascript&X-Atmosphere-Transport=long-polling&X-Atmosphere-TrackMessageSize=true&Content-Type=charset%3Dutf-8&X-atmo-protocol=true&_=1744336140295 HTTP/1.1" 200 -
65.181.90.29 - - [11/Apr/2025:09:49:39 +0800] "GET /InternetTrading/longpoll/54338?X-Atmosphere-tracking-id=0&X-Atmosphere-Framework=2.2.3-javascript&X-Atmosphere-Transport=long-polling&X-Atmosphere-TrackMessageSize=true&Content-Type=charset%3Dutf-8&X-atmo-protocol=true&_=1744336141894 HTTP/1.1" 200 -
210.21.220.69 - - [11/Apr/2025:09:49:39 +0800] "GET /InternetTrading/longpoll/13878?X-Atmosphere-tracking-id=0&X-Atmosphere-Framework=2.2.3-javascript&X-Atmosphere-Transport=long-polling&X-Atmosphere-TrackMessageSize=true&Content-Type=charset%3Dutf-8&X-atmo-protocol=true&_=1744336139463 HTTP/1.1" 200 -
47.83.171.149 - - [11/Apr/2025:09:49:41 +0800] "GET /InternetTrading/longpoll/56327?X-Atmosphere-tracking-id=0&X-Atmosphere-Framework=2.2.3-javascript&X-Atmosphere-Transport=long-polling&X-Atmosphere-TrackMessageSize=true&Content-Type=charset%3Dutf-8&X-atmo-protocol=true&_=1744336143237 HTTP/1.1" 200 -
65.181.90.29 - - [11/Apr/2025:09:49:43 +0800] "POST /InternetTrading/SessionErrorLogger HTTP/1.1" 200 117
65.181.90.29 - - [11/Apr/2025:09:49:43 +0800] "POST /InternetTrading/Heartbeat HTTP/1.1" 200 32
182.239.93.77 - - [11/Apr/2025:09:49:44 +0800] "GET /InternetTrading/longpoll/A8127?X-Atmosphere-tracking-id=0&X-Atmosphere-Framework=2.2.3-javascript&X-Atmosphere-Transport=long-polling&X-Atmosphere-TrackMessageSize=true&Content-Type=charset%3Dutf-8&X-atmo-protocol=true&_=1744336145544 HTTP/1.1" 200 -
65.181.90.29 - - [11/Apr/2025:09:49:44 +0800] "GET /InternetTrading/longpoll/54338?X-Atmosphere-tracking-id=0&X-Atmosphere-Framework=2.2.3-javascript&X-Atmosphere-Transport=long-polling&X-Atmosphere-TrackMessageSize=true&Content-Type=charset%3Dutf-8&X-atmo-protocol=true&_=1744336146916 HTTP/1.1" 200 -
210.21.220.69 - - [11/Apr/2025:09:49:45 +0800] "GET /InternetTrading/longpoll/13878?X-Atmosphere-tracking-id=0&X-Atmosphere-Framework=2.2.3-javascript&X-Atmosphere-Transport=long-polling&X-Atmosphere-TrackMessageSize=true&Content-Type=charset%3Dutf-8&X-atmo-protocol=true&_=1744336145462 HTTP/1.1" 200 -
47.83.171.149 - - [11/Apr/2025:09:49:47 +0800] "GET /InternetTrading/longpoll/56327?X-Atmosphere-tracking-id=0&X-Atmosphere-Framework=2.2.3-javascript&X-Atmosphere-Transport=long-polling&X-Atmosphere-TrackMessageSize=true&Content-Type=charset%3Dutf-8&X-atmo-protocol=true&_=1744336149237 HTTP/1.1" 200 -
182.239.93.77 - - [11/Apr/2025:09:49:48 +0800] "POST /InternetTrading/SessionErrorLogger HTTP/1.1" 200 117
182.239.93.77 - - [11/Apr/2025:09:49:48 +0800] "POST /InternetTrading/Heartbeat HTTP/1.1" 200 32
182.239.93.77 - - [11/Apr/2025:09:49:48 +0800] "POST /InternetTrading/SessionErrorLogger HTTP/1.1" 200 117
182.239.93.77 - - [11/Apr/2025:09:49:48 +0800] "POST /InternetTrading/MarketStatus HTTP/1.1" 200 772
182.239.93.77 - - [11/Apr/2025:09:49:49 +0800] "GET /InternetTrading/longpoll/A8127?X-Atmosphere-tracking-id=0&X-Atmosphere-Framework=2.2.3-javascript&X-Atmosphere-Transport=long-polling&X-Atmosphere-TrackMessageSize=true&Content-Type=charset%3Dutf-8&X-atmo-protocol=true&_=1744336150785 HTTP/1.1" 200 -
65.181.90.29 - - [11/Apr/2025:09:49:49 +0800] "GET /InternetTrading/longpoll/54338?X-Atmosphere-tracking-id=0&X-Atmosphere-Framework=2.2.3-javascript&X-Atmosphere-Transport=long-polling&X-Atmosphere-TrackMessageSize=true&Content-Type=charset%3Dutf-8&X-atmo-protocol=true&_=1744336151948 HTTP/1.1" 200 -
210.21.220.69 - - [11/Apr/2025:09:49:51 +0800] "GET /InternetTrading/longpoll/13878?X-Atmosphere-tracking-id=0&X-Atmosphere-Framework=2.2.3-javascript&X-Atmosphere-Transport=long-polling&X-Atmosphere-TrackMessageSize=true&Content-Type=charset%3Dutf-8&X-atmo-protocol=true&_=1744336151462 HTTP/1.1" 200 -
47.83.171.149 - - [11/Apr/2025:09:49:53 +0800] "GET /InternetTrading/longpoll/56327?X-Atmosphere-tracking-id=0&X-Atmosphere-Framework=2.2.3-javascript&X-Atmosphere-Transport=long-polling&X-Atmosphere-TrackMessageSize=true&Content-Type=charset%3Dutf-8&X-atmo-protocol=true&_=1744336155245 HTTP/1.1" 200 -
65.181.90.29 - - [11/Apr/2025:09:49:54 +0800] "GET /InternetTrading/longpoll/54338?X-Atmosphere-tracking-id=0&X-Atmosphere-Framework=2.2.3-javascript&X-Atmosphere-Transport=long-polling&X-Atmosphere-TrackMessageSize=true&Content-Type=charset%3Dutf-8&X-atmo-protocol=true&_=1744336156979 HTTP/1.1" 200 -
210.21.220.69 - - [11/Apr/2025:09:49:54 +0800] "POST /InternetTrading/SessionErrorLogger HTTP/1.1" 200 117
210.21.220.69 - - [11/Apr/2025:09:49:54 +0800] "POST /InternetTrading/MarketStatus HTTP/1.1" 200 772
182.239.93.77 - - [11/Apr/2025:09:49:54 +0800] "GET /InternetTrading/longpoll/A8127?X-Atmosphere-tracking-id=0&X-Atmosphere-Framework=2.2.3-javascript&X-Atmosphere-Transport=long-polling&X-Atmosphere-TrackMessageSize=true&Content-Type=charset%3Dutf-8&X-atmo-protocol=true&_=1744336155852 HTTP/1.1" 200 -
210.21.220.69 - - [11/Apr/2025:09:49:57 +0800] "GET /InternetTrading/longpoll/13878?X-Atmosphere-tracking-id=0&X-Atmosphere-Framework=2.2.3-javascript&X-Atmosphere-Transport=long-polling&X-Atmosphere-TrackMessageSize=true&Content-Type=charset%3Dutf-8&X-atmo-protocol=true&_=1744336157462 HTTP/1.1" 200 -
65.181.90.29 - - [11/Apr/2025:09:49:59 +0800] "GET /InternetTrading/longpoll/54338?X-Atmosphere-tracking-id=0&X-Atmosphere-Framework=2.2.3-javascript&X-Atmosphere-Transport=long-polling&X-Atmosphere-TrackMessageSize=true&Content-Type=charset%3Dutf-8&X-atmo-protocol=true&_=1744336162019 HTTP/1.1" 200 -
182.239.93.77 - - [11/Apr/2025:09:49:59 +0800] "GET /InternetTrading/longpoll/A8127?X-Atmosphere-tracking-id=0&X-Atmosphere-Framework=2.2.3-javascript&X-Atmosphere-Transport=long-polling&X-Atmosphere-TrackMessageSize=true&Content-Type=charset%3Dutf-8&X-atmo-protocol=true&_=1744336160943 HTTP/1.1" 200 -
47.83.171.149 - - [11/Apr/2025:09:49:59 +0800] "GET /InternetTrading/longpoll/56327?X-Atmosphere-tracking-id=0&X-Atmosphere-Framework=2.2.3-javascript&X-Atmosphere-Transport=long-polling&X-Atmosphere-TrackMessageSize=true&Content-Type=charset%3Dutf-8&X-atmo-protocol=true&_=1744336161237 HTTP/1.1" 200 -
182.239.93.77 - - [11/Apr/2025:09:50:01 +0800] "GET /InternetTrading/tc/main.html?language=tc&version=HTML HTTP/1.1" 200 3578
182.239.93.77 - - [11/Apr/2025:09:50:01 +0800] "GET /InternetTrading/jquery/ui.datepicker.css HTTP/1.1" 200 1145
182.239.93.77 - - [11/Apr/2025:09:50:01 +0800] "GET /InternetTrading/jquery/jquery.tablesorter-theme.blue.css HTTP/1.1" 200 2083
182.239.93.77 - - [11/Apr/2025:09:50:01 +0800] "GET /InternetTrading/jquery/jquery-ui-1.10.3.css HTTP/1.1" 200 5283
182.239.93.77 - - [11/Apr/2025:09:50:01 +0800] "GET /InternetTrading/jquery/dragtable-2.0.9.css HTTP/1.1" 200 316
182.239.93.77 - - [11/Apr/2025:09:50:01 +0800] "GET /InternetTrading/tc/style_common.css?v=20200819161914 HTTP/1.1" 200 2540
182.239.93.77 - - [11/Apr/2025:09:50:01 +0800] "GET /InternetTrading/tc/style.css?v=20200819161914 HTTP/1.1" 200 1435
182.239.93.77 - - [11/Apr/2025:09:50:01 +0800] "GET /InternetTrading/tc/css/jquery.jscrollpane.css HTTP/1.1" 404 690
182.239.93.77 - - [11/Apr/2025:09:50:01 +0800] "GET /InternetTrading/js/aastock.js HTTP/1.1" 200 553
182.239.93.77 - - [11/Apr/2025:09:50:01 +0800] "GET /InternetTrading/jquery/jquery.ba-postmessage.js HTTP/1.1" 200 2990
182.239.93.77 - - [11/Apr/2025:09:50:01 +0800] "GET /InternetTrading/jquery/jquery-1.6.3.min.js HTTP/1.1" 200 32057
182.239.93.77 - - [11/Apr/2025:09:50:01 +0800] "GET /InternetTrading/jquery/jquery-migrate-3.0.0.js HTTP/1.1" 200 4963
182.239.93.77 - - [11/Apr/2025:09:50:01 +0800] "GET /InternetTrading/jquery/jquery-3.3.1.js HTTP/1.1" 200 80650
182.239.93.77 - - [11/Apr/2025:09:50:01 +0800] "GET /InternetTrading/js/atmosphere.js HTTP/1.1" 200 13461
182.239.93.77 - - [11/Apr/2025:09:50:01 +0800] "GET /InternetTrading/js/cache.js?jsv=20200819161914 HTTP/1.1" 200 940
182.239.93.77 - - [11/Apr/2025:09:50:01 +0800] "GET /InternetTrading/jquery/jquery-ui-1.10.3.js HTTP/1.1" 200 69642
182.239.93.77 - - [11/Apr/2025:09:50:01 +0800] "GET /InternetTrading/jquery/jquery.blockUI-2.66.0.js HTTP/1.1" 200 6651
182.239.93.77 - - [11/Apr/2025:09:50:01 +0800] "GET /InternetTrading/jquery/additional-methods.js HTTP/1.1" 200 2238
182.239.93.77 - - [11/Apr/2025:09:50:01 +0800] "GET /InternetTrading/jquery/jquery.validate-1.11.1.js HTTP/1.1" 200 7041
182.239.93.77 - - [11/Apr/2025:09:50:01 +0800] "GET /InternetTrading/jquery/jquery.form-3.46.0.js HTTP/1.1" 200 5673
182.239.93.77 - - [11/Apr/2025:09:50:01 +0800] "GET /InternetTrading/jquery/jquery.mousewheel-3.1.4.js HTTP/1.1" 200 822
182.239.93.77 - - [11/Apr/2025:09:50:01 +0800] "GET /InternetTrading/jquery/jquery.tablesorter-2.14.5.js HTTP/1.1" 200 8901
182.239.93.77 - - [11/Apr/2025:09:50:01 +0800] "GET /InternetTrading/jquery/jquery.tablesorter.widgets-2.14.5.js HTTP/1.1" 200 8611
182.239.93.77 - - [11/Apr/2025:09:50:01 +0800] "GET /InternetTrading/jquery/jquery.timer-0.9.16.js HTTP/1.1" 200 542
182.239.93.77 - - [11/Apr/2025:09:50:01 +0800] "GET /InternetTrading/jquery/jquery.combobox.packed.js HTTP/1.1" 200 3387
182.239.93.77 - - [11/Apr/2025:09:50:01 +0800] "GET /InternetTrading/jquery/jquery.getParams.js HTTP/1.1" 200 587
182.239.93.77 - - [11/Apr/2025:09:50:01 +0800] "GET /InternetTrading/jquery/jquery.selectboxes.pack.js HTTP/1.1" 200 1640
182.239.93.77 - - [11/Apr/2025:09:50:01 +0800] "GET /InternetTrading/json/json2.js?jsv=20200819161914 HTTP/1.1" 200 1372
182.239.93.77 - - [11/Apr/2025:09:50:01 +0800] "GET /InternetTrading/jquery/date.js HTTP/1.1" 200 2807
182.239.93.77 - - [11/Apr/2025:09:50:01 +0800] "GET /InternetTrading/settings/crm_display_settings.js?jsv=20200819161914 HTTP/1.1" 200 1781
182.239.93.77 - - [11/Apr/2025:09:50:01 +0800] "GET /InternetTrading/jquery/globalize-0.1.0a1.js HTTP/1.1" 200 6984
182.239.93.77 - - [11/Apr/2025:09:50:01 +0800] "GET /InternetTrading/js/constants.js?jsv=20200819161914 HTTP/1.1" 200 400
182.239.93.77 - - [11/Apr/2025:09:50:01 +0800] "GET /InternetTrading/tc/user/custom_variables.js?jsv=20200819161914 HTTP/1.1" 200 275
182.239.93.77 - - [11/Apr/2025:09:50:01 +0800] "GET /InternetTrading/js/haitong.js?jsv=20200819161914 HTTP/1.1" 200 3881
182.239.93.77 - - [11/Apr/2025:09:50:01 +0800] "GET /InternetTrading/tc/user/translation.js?jsv=20200819161914 HTTP/1.1" 200 12818
182.239.93.77 - - [11/Apr/2025:09:50:01 +0800] "GET /InternetTrading/js/init.js?jsv=20200819161914 HTTP/1.1" 200 886
182.239.93.77 - - [11/Apr/2025:09:50:01 +0800] "GET /InternetTrading/js/util.js?jsv=20200819161914 HTTP/1.1" 200 6636
182.239.93.77 - - [11/Apr/2025:09:50:01 +0800] "GET /InternetTrading/js/rsautil.js?jsv=20200819161914 HTTP/1.1" 200 1017
182.239.93.77 - - [11/Apr/2025:09:50:01 +0800] "GET /InternetTrading/js/corporate.js?jsv=20200819161914 HTTP/1.1" 200 1575
182.239.93.77 - - [11/Apr/2025:09:50:01 +0800] "GET /InternetTrading/js/update_mdf.js?jsv=20200819161914 HTTP/1.1" 200 856
182.239.93.77 - - [11/Apr/2025:09:50:01 +0800] "GET /InternetTrading/js/validation_hkex.js?jsv=20200819161914 HTTP/1.1" 200 2300
182.239.93.77 - - [11/Apr/2025:09:50:01 +0800] "GET /InternetTrading/js/validation_bshare.js?jsv=20200819161914 HTTP/1.1" 200 1567
182.239.93.77 - - [11/Apr/2025:09:50:01 +0800] "GET /InternetTrading/js/main.js?jsv=20200819161914 HTTP/1.1" 200 30725
182.239.93.77 - - [11/Apr/2025:09:50:01 +0800] "GET /InternetTrading/js/validation_ashare.js?jsv=20200819161914 HTTP/1.1" 200 2482
182.239.93.77 - - [11/Apr/2025:09:50:01 +0800] "GET /InternetTrading/js/validation_global.js?jsv=20200819161914 HTTP/1.1" 200 1564
182.239.93.77 - - [11/Apr/2025:09:50:01 +0800] "GET /InternetTrading/js/account.js?jsv=20200819161914 HTTP/1.1" 200 2656
182.239.93.77 - - [11/Apr/2025:09:50:01 +0800] "GET /InternetTrading/js/ipo.js?jsv=20200819161914 HTTP/1.1" 200 5726
182.239.93.77 - - [11/Apr/2025:09:50:01 +0800] "GET /InternetTrading/js/cash_transfer.js?jsv=20200819161914 HTTP/1.1" 200 2712
182.239.93.77 - - [11/Apr/2025:09:50:01 +0800] "GET /InternetTrading/js/spread_cache.js?jsv=20200819161914 HTTP/1.1" 200 908
182.239.93.77 - - [11/Apr/2025:09:50:01 +0800] "GET /InternetTrading/js/mm.js?jsv=20200819161914 HTTP/1.1" 200 487
182.239.93.77 - - [11/Apr/2025:09:50:01 +0800] "GET /InternetTrading/js/isec_calculator.js?jsv=20200819161914 HTTP/1.1" 200 1364
182.239.93.77 - - [11/Apr/2025:09:50:01 +0800] "GET /InternetTrading/js/payment_instruction.js?jsv=20200819161914 HTTP/1.1" 200 2178
182.239.93.77 - - [11/Apr/2025:09:50:01 +0800] "GET /InternetTrading/js/eStatement.js?jsv=20200819161914 HTTP/1.1" 200 562
182.239.93.77 - - [11/Apr/2025:09:50:01 +0800] "GET /InternetTrading/js/payment_instruction_IMOS.js?jsv=20200819161914 HTTP/1.1" 200 6874
182.239.93.77 - - [11/Apr/2025:09:50:01 +0800] "GET /InternetTrading/ExchangeList?fmt=js&jsv=20200819161914 HTTP/1.1" 200 146
182.239.93.77 - - [11/Apr/2025:09:50:01 +0800] "GET /InternetTrading/js/string_extend.js?jsv=20200819161914 HTTP/1.1" 200 272
182.239.93.77 - - [11/Apr/2025:09:50:01 +0800] "GET /InternetTrading/js/pidcrypt.js?jsv=20200819161914 HTTP/1.1" 200 982
182.239.93.77 - - [11/Apr/2025:09:50:01 +0800] "GET /InternetTrading/js/pidcrypt_util.js?jsv=20200819161914 HTTP/1.1" 200 1206
182.239.93.77 - - [11/Apr/2025:09:50:01 +0800] "GET /InternetTrading/js/aes_core.js?jsv=20200819161914 HTTP/1.1" 200 2106
182.239.93.77 - - [11/Apr/2025:09:50:01 +0800] "GET /InternetTrading/js/aes_cbc.js?jsv=20200819161914 HTTP/1.1" 200 2043
182.239.93.77 - - [11/Apr/2025:09:50:01 +0800] "GET /InternetTrading/js/asn1.js?jsv=20200819161914 HTTP/1.1" 200 3099
182.239.93.77 - - [11/Apr/2025:09:50:02 +0800] "GET /InternetTrading/js/md5.js?jsv=20200819161914 HTTP/1.1" 200 1730
182.239.93.77 - - [11/Apr/2025:09:50:02 +0800] "GET /InternetTrading/js/sha256.js?jsv=20200819161914 HTTP/1.1" 200 1362
182.239.93.77 - - [11/Apr/2025:09:50:02 +0800] "GET /InternetTrading/js/jsbn.js?jsv=20200819161914 HTTP/1.1" 200 6736
182.239.93.77 - - [11/Apr/2025:09:50:02 +0800] "GET /InternetTrading/js/prng4.js?jsv=20200819161914 HTTP/1.1" 200 303
182.239.93.77 - - [11/Apr/2025:09:50:02 +0800] "GET /InternetTrading/js/rsa.js?jsv=20200819161914 HTTP/1.1" 200 1658
182.239.93.77 - - [11/Apr/2025:09:50:02 +0800] "GET /InternetTrading/js/rng.js?jsv=20200819161914 HTTP/1.1" 200 481
182.239.93.77 - - [11/Apr/2025:09:50:02 +0800] "GET /InternetTrading/js/utilSpec.js?jsv=20200819161914 HTTP/1.1" 200 27
182.239.93.77 - - [11/Apr/2025:09:50:02 +0800] "GET /InternetTrading/js/mode-ecb.js?jsv=20200819161914 HTTP/1.1" 200 199
182.239.93.77 - - [11/Apr/2025:09:50:02 +0800] "GET /InternetTrading/js/aes.js?jsv=20200819161914 HTTP/1.1" 200 4816
182.239.93.77 - - [11/Apr/2025:09:50:02 +0800] "GET /InternetTrading/js/update_lastlogin.js?jsv=20200819161914 HTTP/1.1" 200 980
182.239.93.77 - - [11/Apr/2025:09:50:02 +0800] "GET /InternetTrading/js/pw_alert.js?jsv=20200819161914 HTTP/1.1" 200 418
182.239.93.77 - - [11/Apr/2025:09:50:02 +0800] "GET /InternetTrading/js/jquery.jscrollpane.js HTTP/1.1" 404 685
182.239.93.77 - - [11/Apr/2025:09:50:02 +0800] "GET /InternetTrading/js/jquery.mousewheel.js HTTP/1.1" 404 684
182.239.93.77 - - [11/Apr/2025:09:50:02 +0800] "GET /InternetTrading/js/jquery.cookie.js HTTP/1.1" 200 834
182.239.93.77 - - [11/Apr/2025:09:50:02 +0800] "GET /InternetTrading/GoodTillDateValidExch?fmt=js&jsv=20200819161914 HTTP/1.1" 200 29
182.239.93.77 - - [11/Apr/2025:09:50:02 +0800] "GET /InternetTrading/tc/images/logo.png HTTP/1.1" 200 7042
182.239.93.77 - - [11/Apr/2025:09:50:02 +0800] "GET /InternetTrading/tc/images/top_menu01.jpg HTTP/1.1" 200 3466
182.239.93.77 - - [11/Apr/2025:09:50:02 +0800] "GET /InternetTrading/js/decimal.js HTTP/1.1" 200 13492
182.239.93.77 - - [11/Apr/2025:09:50:02 +0800] "GET /InternetTrading/tc/images/top_menu_logout.jpg HTTP/1.1" 200 1016
182.239.93.77 - - [11/Apr/2025:09:50:02 +0800] "GET /InternetTrading/tc/images/top_menu04.jpg HTTP/1.1" 200 3430
182.239.93.77 - - [11/Apr/2025:09:50:02 +0800] "POST /InternetTrading/PopUpConfig HTTP/1.1" 200 2
182.239.93.77 - - [11/Apr/2025:09:50:02 +0800] "GET /InternetTrading/images/top_bg1.jpg HTTP/1.1" 200 329
182.239.93.77 - - [11/Apr/2025:09:50:02 +0800] "GET /InternetTrading/images/top_bg2.jpg HTTP/1.1" 200 330
182.239.93.77 - - [11/Apr/2025:09:50:02 +0800] "GET /InternetTrading/images/top_bg3.jpg HTTP/1.1" 200 878
182.239.93.77 - - [11/Apr/2025:09:50:02 +0800] "POST /InternetTrading/Heartbeat HTTP/1.1" 200 32
182.239.93.77 - - [11/Apr/2025:09:50:02 +0800] "GET /InternetTrading/tc/dialog.html?1744336163694 HTTP/1.1" 200 3188
182.239.93.77 - - [11/Apr/2025:09:50:02 +0800] "POST /InternetTrading/CustomerInfoLite HTTP/1.1" 200 124
182.239.93.77 - - [11/Apr/2025:09:50:02 +0800] "GET /InternetTrading/tc/images/top_menu01_o.jpg HTTP/1.1" 200 3339
182.239.93.77 - - [11/Apr/2025:09:50:02 +0800] "GET /InternetTrading/tc/trade.html HTTP/1.1" 200 2113
182.239.93.77 - - [11/Apr/2025:09:50:02 +0800] "POST /InternetTrading/SpreadPriceCache HTTP/1.1" 200 3539
182.239.93.77 - - [11/Apr/2025:09:50:02 +0800] "GET /InternetTrading/jquery/wait.gif HTTP/1.1" 200 432
182.239.93.77 - - [11/Apr/2025:09:50:02 +0800] "POST /InternetTrading/SessionErrorLogger HTTP/1.1" 200 117
182.239.93.77 - - [11/Apr/2025:09:50:02 +0800] "POST /InternetTrading/GetLastLoginDate HTTP/1.1" 200 31
182.239.93.77 - - [11/Apr/2025:09:50:02 +0800] "POST /InternetTrading/SessionErrorLogger HTTP/1.1" 200 117
182.239.93.77 - - [11/Apr/2025:09:50:02 +0800] "GET /InternetTrading/tc/getpopupMsgName.jsp HTTP/1.1" 200 -
182.239.93.77 - - [11/Apr/2025:09:50:02 +0800] "GET /InternetTrading/tc/images/trade_point01.jpg HTTP/1.1" 200 358
182.239.93.77 - - [11/Apr/2025:09:50:02 +0800] "GET /InternetTrading/tc/images/refresh.gif HTTP/1.1" 200 1145
182.239.93.77 - - [11/Apr/2025:09:50:02 +0800] "GET /InternetTrading/tc/applet_dummy.html HTTP/1.1" 200 330
182.239.93.77 - - [11/Apr/2025:09:50:02 +0800] "POST /InternetTrading/SessionErrorLogger HTTP/1.1" 200 117
182.239.93.77 - - [11/Apr/2025:09:50:02 +0800] "POST /InternetTrading/SessionErrorLogger HTTP/1.1" 200 117
182.239.93.77 - - [11/Apr/2025:09:50:02 +0800] "GET /InternetTrading/tc/buy_ticket.html? HTTP/1.1" 200 1995
182.239.93.77 - - [11/Apr/2025:09:50:02 +0800] "POST /InternetTrading/SessionErrorLogger HTTP/1.1" 200 117
182.239.93.77 - - [11/Apr/2025:09:50:02 +0800] "POST /InternetTrading/MarketStatus HTTP/1.1" 200 772
182.239.93.77 - - [11/Apr/2025:09:50:02 +0800] "GET /InternetTrading/jquery/wait.gif HTTP/1.1" 200 432
182.239.93.77 - - [11/Apr/2025:09:50:02 +0800] "GET /InternetTrading/tc/multi_currency_balance.html HTTP/1.1" 200 295
182.239.93.77 - - [11/Apr/2025:09:50:02 +0800] "GET /InternetTrading/jquery/images/ui-bg_flat_75_ffffff_40x100.png HTTP/1.1" 200 208
182.239.93.77 - - [11/Apr/2025:09:50:02 +0800] "GET /InternetTrading/jquery/images/ui-icons_222222_256x240.png HTTP/1.1" 200 6922
182.239.93.77 - - [11/Apr/2025:09:50:02 +0800] "GET /InternetTrading/Home/PostToAA.jsp?hl=tc HTTP/1.1" 200 287
182.239.93.77 - - [11/Apr/2025:09:50:02 +0800] "POST /InternetTrading/SessionErrorLogger HTTP/1.1" 200 117
182.239.93.77 - - [11/Apr/2025:09:50:02 +0800] "POST /InternetTrading/SessionErrorLogger HTTP/1.1" 200 117
182.239.93.77 - - [11/Apr/2025:09:50:02 +0800] "POST /InternetTrading/MarketStatus HTTP/1.1" 200 772
182.239.93.77 - - [11/Apr/2025:09:50:02 +0800] "POST /InternetTrading/MarketStatus HTTP/1.1" 200 772
210.21.220.69 - - [11/Apr/2025:09:50:03 +0800] "GET /InternetTrading/longpoll/13878?X-Atmosphere-tracking-id=0&X-Atmosphere-Framework=2.2.3-javascript&X-Atmosphere-Transport=long-polling&X-Atmosphere-TrackMessageSize=true&Content-Type=charset%3Dutf-8&X-atmo-protocol=true&_=1744336163462 HTTP/1.1" 200 -
65.181.90.29 - - [11/Apr/2025:09:50:04 +0800] "GET /InternetTrading/longpoll/54338?X-Atmosphere-tracking-id=0&X-Atmosphere-Framework=2.2.3-javascript&X-Atmosphere-Transport=long-polling&X-Atmosphere-TrackMessageSize=true&Content-Type=charset%3Dutf-8&X-atmo-protocol=true&_=1744336167066 HTTP/1.1" 200 -
182.239.93.77 - - [11/Apr/2025:09:50:04 +0800] "POST /InternetTrading/SessionErrorLogger HTTP/1.1" 200 117
182.239.93.77 - - [11/Apr/2025:09:50:04 +0800] "POST /InternetTrading/CustomerInfo HTTP/1.1" 200 224
182.239.93.77 - - [11/Apr/2025:09:50:04 +0800] "POST /InternetTrading/SessionErrorLogger HTTP/1.1" 200 117
182.239.93.77 - - [11/Apr/2025:09:50:04 +0800] "GET /InternetTrading/tc/account_status.html HTTP/1.1" 200 426
182.239.93.77 - - [11/Apr/2025:09:50:04 +0800] "POST /InternetTrading/SessionErrorLogger HTTP/1.1" 200 117
182.239.93.77 - - [11/Apr/2025:09:50:05 +0800] "POST /InternetTrading/SessionErrorLogger HTTP/1.1" 200 117
182.239.93.77 - - [11/Apr/2025:09:50:05 +0800] "POST /InternetTrading/MarketStatus HTTP/1.1" 200 772
182.239.93.77 - - [11/Apr/2025:09:50:05 +0800] "GET /InternetTrading/jquery/wait.gif HTTP/1.1" 200 432
182.239.93.77 - - [11/Apr/2025:09:50:05 +0800] "POST /InternetTrading/SessionErrorLogger HTTP/1.1" 200 117
182.239.93.77 - - [11/Apr/2025:09:50:05 +0800] "POST /InternetTrading/LongPollingConfig HTTP/1.1" 200 4
182.239.93.77 - - [11/Apr/2025:09:50:05 +0800] "GET /InternetTrading/jquery/wait.gif HTTP/1.1" 200 432
182.239.93.77 - - [11/Apr/2025:09:50:05 +0800] "POST /InternetTrading/SessionErrorLogger HTTP/1.1" 200 117
182.239.93.77 - - [11/Apr/2025:09:50:05 +0800] "GET /InternetTrading/longpoll/A8127?X-Atmosphere-tracking-id=0&X-Atmosphere-Framework=2.2.3-javascript&X-Atmosphere-Transport=long-polling&X-Atmosphere-TrackMessageSize=true&Content-Type=charset%3Dutf-8&X-atmo-protocol=true&_=1744336166665 HTTP/1.1" 200 -
182.239.93.77 - - [11/Apr/2025:09:50:05 +0800] "POST /InternetTrading/Portfolio HTTP/1.1" 200 1576
47.83.171.149 - - [11/Apr/2025:09:50:05 +0800] "GET /InternetTrading/longpoll/56327?X-Atmosphere-tracking-id=0&X-Atmosphere-Framework=2.2.3-javascript&X-Atmosphere-Transport=long-polling&X-Atmosphere-TrackMessageSize=true&Content-Type=charset%3Dutf-8&X-atmo-protocol=true&_=1744336167238 HTTP/1.1" 200 -
65.181.90.29 - - [11/Apr/2025:09:50:07 +0800] "POST /InternetTrading/SessionErrorLogger HTTP/1.1" 200 117
65.181.90.29 - - [11/Apr/2025:09:50:07 +0800] "POST /InternetTrading/MarketStatus HTTP/1.1" 200 772
65.181.90.29 - - [11/Apr/2025:09:50:09 +0800] "GET /InternetTrading/longpoll/54338?X-Atmosphere-tracking-id=0&X-Atmosphere-Framework=2.2.3-javascript&X-Atmosphere-Transport=long-polling&X-Atmosphere-TrackMessageSize=true&Content-Type=charset%3Dutf-8&X-atmo-protocol=true&_=1744336172103 HTTP/1.1" 200 -
182.239.93.77 - - [11/Apr/2025:09:50:10 +0800] "GET /InternetTrading/longpoll/A8127?X-Atmosphere-tracking-id=0&X-Atmosphere-Framework=2.2.3-javascript&X-Atmosphere-Transport=long-polling&X-Atmosphere-TrackMessageSize=true&Content-Type=charset%3Dutf-8&X-atmo-protocol=true&_=1744336171740 HTTP/1.1" 200 -
14.155.201.102 - - [11/Apr/2025:09:50:11 +0800] "GET /InternetTrading/tc/login.html HTTP/1.1" 200 1755
47.83.171.149 - - [11/Apr/2025:09:50:11 +0800] "GET /InternetTrading/longpoll/56327?X-Atmosphere-tracking-id=0&X-Atmosphere-Framework=2.2.3-javascript&X-Atmosphere-Transport=long-polling&X-Atmosphere-TrackMessageSize=true&Content-Type=charset%3Dutf-8&X-atmo-protocol=true&_=1744336173265 HTTP/1.1" 200 -
14.155.201.102 - - [11/Apr/2025:09:50:12 +0800] "GET /InternetTrading/tc/style_common.css?v=20200819161914 HTTP/1.1" 200 2540
14.155.201.102 - - [11/Apr/2025:09:50:12 +0800] "GET /InternetTrading/tc/style.css?v=20200819161914 HTTP/1.1" 200 1435
14.155.201.102 - - [11/Apr/2025:09:50:12 +0800] "GET /InternetTrading/jquery/jquery-migrate-3.0.0.js HTTP/1.1" 200 4963
14.155.201.102 - - [11/Apr/2025:09:50:12 +0800] "GET /InternetTrading/jquery/jquery-3.3.1.js HTTP/1.1" 200 80650
14.155.201.102 - - [11/Apr/2025:09:50:12 +0800] "GET /InternetTrading/jquery/jquery.form-3.46.0.js HTTP/1.1" 200 5673
14.155.201.102 - - [11/Apr/2025:09:50:13 +0800] "GET /InternetTrading/jquery/jquery.validate-1.11.1.js HTTP/1.1" 200 7041
14.155.201.102 - - [11/Apr/2025:09:50:13 +0800] "GET /InternetTrading/jquery/additional-methods.js HTTP/1.1" 200 2238
65.181.90.29 - - [11/Apr/2025:09:50:13 +0800] "POST /InternetTrading/SessionErrorLogger HTTP/1.1" 200 117
14.155.201.102 - - [11/Apr/2025:09:50:13 +0800] "GET /InternetTrading/jquery/jquery.blockUI-2.66.0.js HTTP/1.1" 200 6651
65.181.90.29 - - [11/Apr/2025:09:50:13 +0800] "POST /InternetTrading/Heartbeat HTTP/1.1" 200 32
14.155.201.102 - - [11/Apr/2025:09:50:13 +0800] "GET /InternetTrading/jquery/jquery-ui-personalized-1.6rc2.min.js HTTP/1.1" 200 55543
14.155.201.102 - - [11/Apr/2025:09:50:13 +0800] "GET /InternetTrading/jquery/jquery.getParams.js HTTP/1.1" 200 587
14.155.201.102 - - [11/Apr/2025:09:50:13 +0800] "GET /InternetTrading/jquery/jquery.timer-0.9.16.js HTTP/1.1" 200 542
14.155.201.102 - - [11/Apr/2025:09:50:13 +0800] "GET /InternetTrading/js/constants.js?jsv=20200819161914 HTTP/1.1" 200 400
14.155.201.102 - - [11/Apr/2025:09:50:13 +0800] "GET /InternetTrading/tc/user/translation.js?jsv=20200819161914 HTTP/1.1" 200 12818
14.155.201.102 - - [11/Apr/2025:09:50:13 +0800] "GET /InternetTrading/js/haitong.js?jsv=20200819161914 HTTP/1.1" 200 3881
14.155.201.102 - - [11/Apr/2025:09:50:13 +0800] "GET /InternetTrading/js/util.js?jsv=20200819161914 HTTP/1.1" 200 6636
14.155.201.102 - - [11/Apr/2025:09:50:13 +0800] "GET /InternetTrading/js/rsautil.js?jsv=20200819161914 HTTP/1.1" 200 1017
14.155.201.102 - - [11/Apr/2025:09:50:14 +0800] "GET /InternetTrading/js/login.js?jsv=20200819161914 HTTP/1.1" 200 1684
14.155.201.102 - - [11/Apr/2025:09:50:14 +0800] "GET /InternetTrading/js/version.js?jsv=20200819161914 HTTP/1.1" 200 85
14.155.201.102 - - [11/Apr/2025:09:50:14 +0800] "GET /InternetTrading/js/init.js?jsv=20200819161914 HTTP/1.1" 200 886
14.155.201.102 - - [11/Apr/2025:09:50:14 +0800] "GET /InternetTrading/tc/user/custom_variables.js?jsv=20200819161914 HTTP/1.1" 200 275
14.155.201.102 - - [11/Apr/2025:09:50:14 +0800] "GET /InternetTrading/js/pidcrypt.js?jsv=20200819161914 HTTP/1.1" 200 982
14.155.201.102 - - [11/Apr/2025:09:50:14 +0800] "GET /InternetTrading/js/pidcrypt_util.js?jsv=20200819161914 HTTP/1.1" 200 1206
65.181.90.29 - - [11/Apr/2025:09:50:14 +0800] "GET /InternetTrading/longpoll/54338?X-Atmosphere-tracking-id=0&X-Atmosphere-Framework=2.2.3-javascript&X-Atmosphere-Transport=long-polling&X-Atmosphere-TrackMessageSize=true&Content-Type=charset%3Dutf-8&X-atmo-protocol=true&_=1744336177125 HTTP/1.1" 200 -
14.155.201.102 - - [11/Apr/2025:09:50:14 +0800] "GET /InternetTrading/js/aes_cbc.js?jsv=20200819161914 HTTP/1.1" 200 2043
14.155.201.102 - - [11/Apr/2025:09:50:14 +0800] "GET /InternetTrading/js/aes_core.js?jsv=20200819161914 HTTP/1.1" 200 2106
14.155.201.102 - - [11/Apr/2025:09:50:14 +0800] "GET /InternetTrading/js/asn1.js?jsv=20200819161914 HTTP/1.1" 200 3099
14.155.201.102 - - [11/Apr/2025:09:50:14 +0800] "GET /InternetTrading/js/string_extend.js?jsv=20200819161914 HTTP/1.1" 200 272
14.155.201.102 - - [11/Apr/2025:09:50:15 +0800] "GET /InternetTrading/js/md5.js?jsv=20200819161914 HTTP/1.1" 200 1730
14.155.201.102 - - [11/Apr/2025:09:50:15 +0800] "GET /InternetTrading/js/jsbn.js?jsv=20200819161914 HTTP/1.1" 200 6736
14.155.201.102 - - [11/Apr/2025:09:50:15 +0800] "GET /InternetTrading/js/rng.js?jsv=20200819161914 HTTP/1.1" 200 481
14.155.201.102 - - [11/Apr/2025:09:50:15 +0800] "GET /InternetTrading/js/prng4.js?jsv=20200819161914 HTTP/1.1" 200 303
14.155.201.102 - - [11/Apr/2025:09:50:15 +0800] "GET /InternetTrading/tc/images/bg_login.jpg HTTP/1.1" 200 29296
14.155.201.102 - - [11/Apr/2025:09:50:15 +0800] "GET /InternetTrading/js/rsa.js?jsv=20200819161914 HTTP/1.1" 200 1658
182.239.93.77 - - [11/Apr/2025:09:50:15 +0800] "GET /InternetTrading/longpoll/A8127?X-Atmosphere-tracking-id=0&X-Atmosphere-Framework=2.2.3-javascript&X-Atmosphere-Transport=long-polling&X-Atmosphere-TrackMessageSize=true&Content-Type=charset%3Dutf-8&X-atmo-protocol=true&_=1744336176796 HTTP/1.1" 200 -
14.155.201.102 - - [11/Apr/2025:09:50:16 +0800] "GET /InternetTrading/js/sha256.js?jsv=20200819161914 HTTP/1.1" 200 1362
210.21.220.69 - - [11/Apr/2025:09:50:17 +0800] "GET /InternetTrading/longpoll/13878?X-Atmosphere-tracking-id=0&X-Atmosphere-Framework=2.2.3-javascript&X-Atmosphere-Transport=long-polling&X-Atmosphere-TrackMessageSize=true&Content-Type=charset%3Dutf-8&X-atmo-protocol=true&_=1744336169463 HTTP/1.1" 200 -
47.83.171.149 - - [11/Apr/2025:09:50:17 +0800] "GET /InternetTrading/longpoll/56327?X-Atmosphere-tracking-id=0&X-Atmosphere-Framework=2.2.3-javascript&X-Atmosphere-Transport=long-polling&X-Atmosphere-TrackMessageSize=true&Content-Type=charset%3Dutf-8&X-atmo-protocol=true&_=1744336179251 HTTP/1.1" 200 -
14.155.201.102 - - [11/Apr/2025:09:50:18 +0800] "GET /InternetTrading/tc/dialog.html?1744336178446 HTTP/1.1" 200 3188
14.155.201.102 - - [11/Apr/2025:09:50:18 +0800] "POST /InternetTrading/SystemMaintenanceCheck HTTP/1.1" 200 119
14.155.201.102 - - [11/Apr/2025:09:50:18 +0800] "GET /InternetTrading/tc/images/favicon.ico HTTP/1.1" 404 682
65.181.90.29 - - [11/Apr/2025:09:50:19 +0800] "GET /InternetTrading/longpoll/54338?X-Atmosphere-tracking-id=0&X-Atmosphere-Framework=2.2.3-javascript&X-Atmosphere-Transport=long-polling&X-Atmosphere-TrackMessageSize=true&Content-Type=charset%3Dutf-8&X-atmo-protocol=true&_=1744336182155 HTTP/1.1" 200 -
14.155.201.102 - - [11/Apr/2025:09:50:19 +0800] "GET /InternetTrading/tc/images/favicon.ico HTTP/1.1" 404 682
182.239.93.77 - - [11/Apr/2025:09:50:20 +0800] "GET /InternetTrading/longpoll/A8127?X-Atmosphere-tracking-id=0&X-Atmosphere-Framework=2.2.3-javascript&X-Atmosphere-Transport=long-polling&X-Atmosphere-TrackMessageSize=true&Content-Type=charset%3Dutf-8&X-atmo-protocol=true&_=1744336182138 HTTP/1.1" 200 -
210.21.220.69 - - [11/Apr/2025:09:50:22 +0800] "GET /InternetTrading/longpoll/13878?X-Atmosphere-tracking-id=0&X-Atmosphere-Framework=2.2.3-javascript&X-Atmosphere-Transport=long-polling&X-Atmosphere-TrackMessageSize=true&Content-Type=charset%3Dutf-8&X-atmo-protocol=true&_=1744336182463 HTTP/1.1" 200 -
47.83.171.149 - - [11/Apr/2025:09:50:23 +0800] "GET /InternetTrading/longpoll/56327?X-Atmosphere-tracking-id=0&X-Atmosphere-Framework=2.2.3-javascript&X-Atmosphere-Transport=long-polling&X-Atmosphere-TrackMessageSize=true&Content-Type=charset%3Dutf-8&X-atmo-protocol=true&_=1744336185243 HTTP/1.1" 200 -
65.181.90.29 - - [11/Apr/2025:09:50:24 +0800] "GET /InternetTrading/longpoll/54338?X-Atmosphere-tracking-id=0&X-Atmosphere-Framework=2.2.3-javascript&X-Atmosphere-Transport=long-polling&X-Atmosphere-TrackMessageSize=true&Content-Type=charset%3Dutf-8&X-atmo-protocol=true&_=1744336187203 HTTP/1.1" 200 -
182.239.93.77 - - [11/Apr/2025:09:50:26 +0800] "GET /InternetTrading/longpoll/A8127?X-Atmosphere-tracking-id=0&X-Atmosphere-Framework=2.2.3-javascript&X-Atmosphere-Transport=long-polling&X-Atmosphere-TrackMessageSize=true&Content-Type=charset%3Dutf-8&X-atmo-protocol=true&_=1744336187310 HTTP/1.1" 200 -
47.83.171.149 - - [11/Apr/2025:09:50:27 +0800] "POST /InternetTrading/SessionErrorLogger HTTP/1.1" 200 117
47.83.171.149 - - [11/Apr/2025:09:50:27 +0800] "POST /InternetTrading/Heartbeat HTTP/1.1" 200 32
65.181.90.29 - - [11/Apr/2025:09:50:27 +0800] "POST /InternetTrading/SessionErrorLogger HTTP/1.1" 200 117
65.181.90.29 - - [11/Apr/2025:09:50:27 +0800] "POST /InternetTrading/Product HTTP/1.1" 200 310
47.83.171.149 - - [11/Apr/2025:09:50:27 +0800] "POST /InternetTrading/SessionErrorLogger HTTP/1.1" 200 117
47.83.171.149 - - [11/Apr/2025:09:50:28 +0800] "POST /InternetTrading/MarketStatus HTTP/1.1" 200 772
210.21.220.69 - - [11/Apr/2025:09:50:28 +0800] "GET /InternetTrading/longpoll/13878?X-Atmosphere-tracking-id=0&X-Atmosphere-Framework=2.2.3-javascript&X-Atmosphere-Transport=long-polling&X-Atmosphere-TrackMessageSize=true&Content-Type=charset%3Dutf-8&X-atmo-protocol=true&_=1744336188463 HTTP/1.1" 200 -
65.181.90.29 - - [11/Apr/2025:09:50:29 +0800] "GET /InternetTrading/longpoll/54338?X-Atmosphere-tracking-id=0&X-Atmosphere-Framework=2.2.3-javascript&X-Atmosphere-Transport=long-polling&X-Atmosphere-TrackMessageSize=true&Content-Type=charset%3Dutf-8&X-atmo-protocol=true&_=1744336192236 HTTP/1.1" 200 -
47.83.171.149 - - [11/Apr/2025:09:50:29 +0800] "GET /InternetTrading/longpoll/56327?X-Atmosphere-tracking-id=0&X-Atmosphere-Framework=2.2.3-javascript&X-Atmosphere-Transport=long-polling&X-Atmosphere-TrackMessageSize=true&Content-Type=charset%3Dutf-8&X-atmo-protocol=true&_=1744336191238 HTTP/1.1" 200 -
182.239.93.77 - - [11/Apr/2025:09:50:31 +0800] "GET /InternetTrading/longpoll/A8127?X-Atmosphere-tracking-id=0&X-Atmosphere-Framework=2.2.3-javascript&X-Atmosphere-Transport=long-polling&X-Atmosphere-TrackMessageSize=true&Content-Type=charset%3Dutf-8&X-atmo-protocol=true&_=1744336192510 HTTP/1.1" 200 -
182.239.93.77 - - [11/Apr/2025:09:50:32 +0800] "POST /InternetTrading/SessionErrorLogger HTTP/1.1" 200 117
182.239.93.77 - - [11/Apr/2025:09:50:32 +0800] "POST /InternetTrading/Heartbeat HTTP/1.1" 200 32
182.239.93.77 - - [11/Apr/2025:09:50:32 +0800] "POST /InternetTrading/SessionErrorLogger HTTP/1.1" 200 117
182.239.93.77 - - [11/Apr/2025:09:50:33 +0800] "POST /InternetTrading/MarketStatus HTTP/1.1" 200 772
65.181.90.29 - - [11/Apr/2025:09:50:34 +0800] "GET /InternetTrading/longpoll/54338?X-Atmosphere-tracking-id=0&X-Atmosphere-Framework=2.2.3-javascript&X-Atmosphere-Transport=long-polling&X-Atmosphere-TrackMessageSize=true&Content-Type=charset%3Dutf-8&X-atmo-protocol=true&_=1744336197257 HTTP/1.1" 200 -
47.83.171.149 - - [11/Apr/2025:09:50:35 +0800] "GET /InternetTrading/longpoll/56327?X-Atmosphere-tracking-id=0&X-Atmosphere-Framework=2.2.3-javascript&X-Atmosphere-Transport=long-polling&X-Atmosphere-TrackMessageSize=true&Content-Type=charset%3Dutf-8&X-atmo-protocol=true&_=1744336197236 HTTP/1.1" 200 -
182.239.93.77 - - [11/Apr/2025:09:50:36 +0800] "GET /InternetTrading/longpoll/A8127?X-Atmosphere-tracking-id=0&X-Atmosphere-Framework=2.2.3-javascript&X-Atmosphere-Transport=long-polling&X-Atmosphere-TrackMessageSize=true&Content-Type=charset%3Dutf-8&X-atmo-protocol=true&_=1744336197934 HTTP/1.1" 200 -
65.181.90.29 - - [11/Apr/2025:09:50:37 +0800] "POST /InternetTrading/SessionErrorLogger HTTP/1.1" 200 117
65.181.90.29 - - [11/Apr/2025:09:50:37 +0800] "POST /InternetTrading/MarketStatus HTTP/1.1" 200 772
65.181.90.29 - - [11/Apr/2025:09:50:39 +0800] "GET /InternetTrading/longpoll/54338?X-Atmosphere-tracking-id=0&X-Atmosphere-Framework=2.2.3-javascript&X-Atmosphere-Transport=long-polling&X-Atmosphere-TrackMessageSize=true&Content-Type=charset%3Dutf-8&X-atmo-protocol=true&_=1744336202304 HTTP/1.1" 200 -
182.239.93.77 - - [11/Apr/2025:09:50:41 +0800] "GET /InternetTrading/longpoll/A8127?X-Atmosphere-tracking-id=0&X-Atmosphere-Framework=2.2.3-javascript&X-Atmosphere-Transport=long-polling&X-Atmosphere-TrackMessageSize=true&Content-Type=charset%3Dutf-8&X-atmo-protocol=true&_=1744336203019 HTTP/1.1" 200 -
47.83.171.149 - - [11/Apr/2025:09:50:41 +0800] "GET /InternetTrading/longpoll/56327?X-Atmosphere-tracking-id=0&X-Atmosphere-Framework=2.2.3-javascript&X-Atmosphere-Transport=long-polling&X-Atmosphere-TrackMessageSize=true&Content-Type=charset%3Dutf-8&X-atmo-protocol=true&_=1744336203263 HTTP/1.1" 200 -
65.181.90.29 - - [11/Apr/2025:09:50:43 +0800] "POST /InternetTrading/SessionErrorLogger HTTP/1.1" 200 117
65.181.90.29 - - [11/Apr/2025:09:50:43 +0800] "POST /InternetTrading/Heartbeat HTTP/1.1" 200 32
65.181.90.29 - - [11/Apr/2025:09:50:44 +0800] "GET /InternetTrading/longpoll/54338?X-Atmosphere-tracking-id=0&X-Atmosphere-Framework=2.2.3-javascript&X-Atmosphere-Transport=long-polling&X-Atmosphere-TrackMessageSize=true&Content-Type=charset%3Dutf-8&X-atmo-protocol=true&_=1744336207334 HTTP/1.1" 200 -
182.239.93.77 - - [11/Apr/2025:09:50:47 +0800] "GET /InternetTrading/longpoll/A8127?X-Atmosphere-tracking-id=0&X-Atmosphere-Framework=2.2.3-javascript&X-Atmosphere-Transport=long-polling&X-Atmosphere-TrackMessageSize=true&Content-Type=charset%3Dutf-8&X-atmo-protocol=true&_=1744336208298 HTTP/1.1" 200 -
47.83.171.149 - - [11/Apr/2025:09:50:47 +0800] "GET /InternetTrading/longpoll/56327?X-Atmosphere-tracking-id=0&X-Atmosphere-Framework=2.2.3-javascript&X-Atmosphere-Transport=long-polling&X-Atmosphere-TrackMessageSize=true&Content-Type=charset%3Dutf-8&X-atmo-protocol=true&_=1744336209236 HTTP/1.1" 200 -
65.181.90.29 - - [11/Apr/2025:09:50:49 +0800] "GET /InternetTrading/longpoll/54338?X-Atmosphere-tracking-id=0&X-Atmosphere-Framework=2.2.3-javascript&X-Atmosphere-Transport=long-polling&X-Atmosphere-TrackMessageSize=true&Content-Type=charset%3Dutf-8&X-atmo-protocol=true&_=1744336212358 HTTP/1.1" 200 -
182.239.93.77 - - [11/Apr/2025:09:50:52 +0800] "GET /InternetTrading/longpoll/A8127?X-Atmosphere-tracking-id=0&X-Atmosphere-Framework=2.2.3-javascript&X-Atmosphere-Transport=long-polling&X-Atmosphere-TrackMessageSize=true&Content-Type=charset%3Dutf-8&X-atmo-protocol=true&_=1744336213507 HTTP/1.1" 200 -
210.21.220.69 - - [11/Apr/2025:09:50:52 +0800] "POST /InternetTrading/SessionErrorLogger HTTP/1.1" 200 117
210.21.220.69 - - [11/Apr/2025:09:50:52 +0800] "GET /InternetTrading/longpoll/13878?X-Atmosphere-tracking-id=0&X-Atmosphere-Framework=2.2.3-javascript&X-Atmosphere-Transport=long-polling&X-Atmosphere-TrackMessageSize=true&Content-Type=charset%3Dutf-8&X-atmo-protocol=true&_=1744336194480 HTTP/1.1" 200 -
210.21.220.69 - - [11/Apr/2025:09:50:52 +0800] "POST /InternetTrading/Heartbeat HTTP/1.1" 200 32
47.83.171.149 - - [11/Apr/2025:09:50:53 +0800] "GET /InternetTrading/longpoll/56327?X-Atmosphere-tracking-id=0&X-Atmosphere-Framework=2.2.3-javascript&X-Atmosphere-Transport=long-polling&X-Atmosphere-TrackMessageSize=true&Content-Type=charset%3Dutf-8&X-atmo-protocol=true&_=1744336215244 HTTP/1.1" 200 -
65.181.90.29 - - [11/Apr/2025:09:50:54 +0800] "GET /InternetTrading/longpoll/54338?X-Atmosphere-tracking-id=0&X-Atmosphere-Framework=2.2.3-javascript&X-Atmosphere-Transport=long-polling&X-Atmosphere-TrackMessageSize=true&Content-Type=charset%3Dutf-8&X-atmo-protocol=true&_=1744336217410 HTTP/1.1" 200 -
65.181.90.29 - - [11/Apr/2025:09:50:56 +0800] "POST /InternetTrading/SessionErrorLogger HTTP/1.1" 200 117
65.181.90.29 - - [11/Apr/2025:09:50:56 +0800] "POST /InternetTrading/OrderMaxQuantity HTTP/1.1" 200 8
182.239.93.77 - - [11/Apr/2025:09:50:57 +0800] "GET /InternetTrading/longpoll/A8127?X-Atmosphere-tracking-id=0&X-Atmosphere-Framework=2.2.3-javascript&X-Atmosphere-Transport=long-polling&X-Atmosphere-TrackMessageSize=true&Content-Type=charset%3Dutf-8&X-atmo-protocol=true&_=1744336218709 HTTP/1.1" 200 -
65.181.90.29 - - [11/Apr/2025:09:50:59 +0800] "GET /InternetTrading/longpoll/54338?X-Atmosphere-tracking-id=0&X-Atmosphere-Framework=2.2.3-javascript&X-Atmosphere-Transport=long-polling&X-Atmosphere-TrackMessageSize=true&Content-Type=charset%3Dutf-8&X-atmo-protocol=true&_=1744336222454 HTTP/1.1" 200 -
65.181.90.29 - - [11/Apr/2025:09:50:59 +0800] "POST /InternetTrading/SessionErrorLogger HTTP/1.1" 200 117
65.181.90.29 - - [11/Apr/2025:09:50:59 +0800] "POST /InternetTrading/OrderMaxQuantity HTTP/1.1" 200 8
47.83.171.149 - - [11/Apr/2025:09:50:59 +0800] "GET /InternetTrading/longpoll/56327?X-Atmosphere-tracking-id=0&X-Atmosphere-Framework=2.2.3-javascript&X-Atmosphere-Transport=long-polling&X-Atmosphere-TrackMessageSize=true&Content-Type=charset%3Dutf-8&X-atmo-protocol=true&_=1744336221238 HTTP/1.1" 200 -
182.239.93.77 - - [11/Apr/2025:09:51:02 +0800] "POST /InternetTrading/SessionErrorLogger HTTP/1.1" 200 117
182.239.93.77 - - [11/Apr/2025:09:51:02 +0800] "GET /InternetTrading/longpoll/A8127?X-Atmosphere-tracking-id=0&X-Atmosphere-Framework=2.2.3-javascript&X-Atmosphere-Transport=long-polling&X-Atmosphere-TrackMessageSize=true&Content-Type=charset%3Dutf-8&X-atmo-protocol=true&_=1744336223910 HTTP/1.1" 200 -
182.239.93.77 - - [11/Apr/2025:09:51:02 +0800] "POST /InternetTrading/Heartbeat HTTP/1.1" 200 32
182.239.93.77 - - [11/Apr/2025:09:51:03 +0800] "POST /InternetTrading/SessionErrorLogger HTTP/1.1" 200 117
182.239.93.77 - - [11/Apr/2025:09:51:03 +0800] "POST /InternetTrading/MarketStatus HTTP/1.1" 200 772
65.181.90.29 - - [11/Apr/2025:09:51:04 +0800] "GET /InternetTrading/longpoll/54338?X-Atmosphere-tracking-id=0&X-Atmosphere-Framework=2.2.3-javascript&X-Atmosphere-Transport=long-polling&X-Atmosphere-TrackMessageSize=true&Content-Type=charset%3Dutf-8&X-atmo-protocol=true&_=1744336227474 HTTP/1.1" 200 -
47.83.171.149 - - [11/Apr/2025:09:51:05 +0800] "GET /InternetTrading/longpoll/56327?X-Atmosphere-tracking-id=0&X-Atmosphere-Framework=2.2.3-javascript&X-Atmosphere-Transport=long-polling&X-Atmosphere-TrackMessageSize=true&Content-Type=charset%3Dutf-8&X-atmo-protocol=true&_=1744336227251 HTTP/1.1" 200 -
65.181.90.29 - - [11/Apr/2025:09:51:07 +0800] "POST /InternetTrading/SessionErrorLogger HTTP/1.1" 200 117
65.181.90.29 - - [11/Apr/2025:09:51:07 +0800] "POST /InternetTrading/MarketStatus HTTP/1.1" 200 772
182.239.93.77 - - [11/Apr/2025:09:51:08 +0800] "GET /InternetTrading/longpoll/A8127?X-Atmosphere-tracking-id=0&X-Atmosphere-Framework=2.2.3-javascript&X-Atmosphere-Transport=long-polling&X-Atmosphere-TrackMessageSize=true&Content-Type=charset%3Dutf-8&X-atmo-protocol=true&_=1744336229409 HTTP/1.1" 200 -
65.181.90.29 - - [11/Apr/2025:09:51:09 +0800] "GET /InternetTrading/longpoll/54338?X-Atmosphere-tracking-id=0&X-Atmosphere-Framework=2.2.3-javascript&X-Atmosphere-Transport=long-polling&X-Atmosphere-TrackMessageSize=true&Content-Type=charset%3Dutf-8&X-atmo-protocol=true&_=1744336232491 HTTP/1.1" 200 -
47.83.171.149 - - [11/Apr/2025:09:51:11 +0800] "GET /InternetTrading/longpoll/56327?X-Atmosphere-tracking-id=0&X-Atmosphere-Framework=2.2.3-javascript&X-Atmosphere-Transport=long-polling&X-Atmosphere-TrackMessageSize=true&Content-Type=charset%3Dutf-8&X-atmo-protocol=true&_=1744336233247 HTTP/1.1" 200 -
182.239.93.77 - - [11/Apr/2025:09:51:13 +0800] "GET /InternetTrading/longpoll/A8127?X-Atmosphere-tracking-id=0&X-Atmosphere-Framework=2.2.3-javascript&X-Atmosphere-Transport=long-polling&X-Atmosphere-TrackMessageSize=true&Content-Type=charset%3Dutf-8&X-atmo-protocol=true&_=1744336234502 HTTP/1.1" 200 -
65.181.90.29 - - [11/Apr/2025:09:51:13 +0800] "POST /InternetTrading/SessionErrorLogger HTTP/1.1" 200 117
65.181.90.29 - - [11/Apr/2025:09:51:13 +0800] "POST /InternetTrading/Heartbeat HTTP/1.1" 200 32
65.181.90.29 - - [11/Apr/2025:09:51:14 +0800] "GET /InternetTrading/longpoll/54338?X-Atmosphere-tracking-id=0&X-Atmosphere-Framework=2.2.3-javascript&X-Atmosphere-Transport=long-polling&X-Atmosphere-TrackMessageSize=true&Content-Type=charset%3Dutf-8&X-atmo-protocol=true&_=1744336237520 HTTP/1.1" 200 -
47.83.171.149 - - [11/Apr/2025:09:51:17 +0800] "GET /InternetTrading/longpoll/56327?X-Atmosphere-tracking-id=0&X-Atmosphere-Framework=2.2.3-javascript&X-Atmosphere-Transport=long-polling&X-Atmosphere-TrackMessageSize=true&Content-Type=charset%3Dutf-8&X-atmo-protocol=true&_=1744336239244 HTTP/1.1" 200 -
182.239.93.77 - - [11/Apr/2025:09:51:18 +0800] "GET /InternetTrading/longpoll/A8127?X-Atmosphere-tracking-id=0&X-Atmosphere-Framework=2.2.3-javascript&X-Atmosphere-Transport=long-polling&X-Atmosphere-TrackMessageSize=true&Content-Type=charset%3Dutf-8&X-atmo-protocol=true&_=1744336239771 HTTP/1.1" 200 -
65.181.90.29 - - [11/Apr/2025:09:51:19 +0800] "GET /InternetTrading/longpoll/54338?X-Atmosphere-tracking-id=0&X-Atmosphere-Framework=2.2.3-javascript&X-Atmosphere-Transport=long-polling&X-Atmosphere-TrackMessageSize=true&Content-Type=charset%3Dutf-8&X-atmo-protocol=true&_=1744336242548 HTTP/1.1" 200 -
182.239.93.77 - - [11/Apr/2025:09:51:23 +0800] "GET /InternetTrading/longpoll/A8127?X-Atmosphere-tracking-id=0&X-Atmosphere-Framework=2.2.3-javascript&X-Atmosphere-Transport=long-polling&X-Atmosphere-TrackMessageSize=true&Content-Type=charset%3Dutf-8&X-atmo-protocol=true&_=1744336245063 HTTP/1.1" 200 -
47.83.171.149 - - [11/Apr/2025:09:51:23 +0800] "GET /InternetTrading/longpoll/56327?X-Atmosphere-tracking-id=0&X-Atmosphere-Framework=2.2.3-javascript&X-Atmosphere-Transport=long-polling&X-Atmosphere-TrackMessageSize=true&Content-Type=charset%3Dutf-8&X-atmo-protocol=true&_=1744336245245 HTTP/1.1" 200 -
65.181.90.29 - - [11/Apr/2025:09:51:25 +0800] "GET /InternetTrading/longpoll/54338?X-Atmosphere-tracking-id=0&X-Atmosphere-Framework=2.2.3-javascript&X-Atmosphere-Transport=long-polling&X-Atmosphere-TrackMessageSize=true&Content-Type=charset%3Dutf-8&X-atmo-protocol=true&_=1744336247584 HTTP/1.1" 200 -
47.83.171.149 - - [11/Apr/2025:09:51:27 +0800] "POST /InternetTrading/SessionErrorLogger HTTP/1.1" 200 117
47.83.171.149 - - [11/Apr/2025:09:51:27 +0800] "POST /InternetTrading/Heartbeat HTTP/1.1" 200 32
47.83.171.149 - - [11/Apr/2025:09:51:27 +0800] "POST /InternetTrading/SessionErrorLogger HTTP/1.1" 200 117
47.83.171.149 - - [11/Apr/2025:09:51:28 +0800] "POST /InternetTrading/MarketStatus HTTP/1.1" 200 772
14.155.201.102 - - [11/Apr/2025:09:51:28 +0800] "POST /InternetTrading/CheckIsEnableRSA HTTP/1.1" 200 1
14.155.201.102 - - [11/Apr/2025:09:51:28 +0800] "POST /InternetTrading/CheckPwEncryptType HTTP/1.1" 200 -
14.155.201.102 - - [11/Apr/2025:09:51:28 +0800] "POST /InternetTrading/LoginKey HTTP/1.1" 200 -
14.155.201.102 - - [11/Apr/2025:09:51:29 +0800] "GET /InternetTrading/jquery/wait.gif HTTP/1.1" 200 432
182.239.93.77 - - [11/Apr/2025:09:51:29 +0800] "GET /InternetTrading/longpoll/A8127?X-Atmosphere-tracking-id=0&X-Atmosphere-Framework=2.2.3-javascript&X-Atmosphere-Transport=long-polling&X-Atmosphere-TrackMessageSize=true&Content-Type=charset%3Dutf-8&X-atmo-protocol=true&_=1744336250377 HTTP/1.1" 200 -
47.83.171.149 - - [11/Apr/2025:09:51:29 +0800] "GET /InternetTrading/longpoll/56327?X-Atmosphere-tracking-id=0&X-Atmosphere-Framework=2.2.3-javascript&X-Atmosphere-Transport=long-polling&X-Atmosphere-TrackMessageSize=true&Content-Type=charset%3Dutf-8&X-atmo-protocol=true&_=1744336251248 HTTP/1.1" 200 -
65.181.90.29 - - [11/Apr/2025:09:51:30 +0800] "GET /InternetTrading/longpoll/54338?X-Atmosphere-tracking-id=0&X-Atmosphere-Framework=2.2.3-javascript&X-Atmosphere-Transport=long-polling&X-Atmosphere-TrackMessageSize=true&Content-Type=charset%3Dutf-8&X-atmo-protocol=true&_=1744336252636 HTTP/1.1" 200 -
14.155.201.102 - - [11/Apr/2025:09:51:28 +0800] "POST /InternetTrading/Login HTTP/1.1" 200 454
14.155.201.102 - - [11/Apr/2025:09:51:30 +0800] "GET /InternetTrading/tc/2FA_authentication.html?language=tc&version=HTML HTTP/1.1" 200 1468
14.155.201.102 - - [11/Apr/2025:09:51:30 +0800] "GET /InternetTrading/tc/style_common.css?v=20200819161914 HTTP/1.1" 200 2540
14.155.201.102 - - [11/Apr/2025:09:51:31 +0800] "GET /InternetTrading/tc/style.css?v=20200819161914 HTTP/1.1" 200 1435
14.155.201.102 - - [11/Apr/2025:09:51:31 +0800] "GET /InternetTrading/jquery/jquery-3.3.1.js HTTP/1.1" 200 80650
14.155.201.102 - - [11/Apr/2025:09:51:31 +0800] "GET /InternetTrading/jquery/jquery-migrate-3.0.0.js HTTP/1.1" 200 4963
14.155.201.102 - - [11/Apr/2025:09:51:31 +0800] "GET /InternetTrading/jquery/jquery-ui-1.10.3.js HTTP/1.1" 200 69642
14.155.201.102 - - [11/Apr/2025:09:51:31 +0800] "GET /InternetTrading/jquery/jquery.form-3.46.0.js HTTP/1.1" 200 5673
14.155.201.102 - - [11/Apr/2025:09:51:31 +0800] "GET /InternetTrading/jquery/jquery.validate-1.11.1.js HTTP/1.1" 200 7041
14.155.201.102 - - [11/Apr/2025:09:51:31 +0800] "GET /InternetTrading/jquery/additional-methods.js HTTP/1.1" 200 2238
14.155.201.102 - - [11/Apr/2025:09:51:32 +0800] "GET /InternetTrading/jquery/jquery.blockUI-2.66.0-iAsiaEdition.js HTTP/1.1" 200 6651
14.155.201.102 - - [11/Apr/2025:09:51:32 +0800] "GET /InternetTrading/jquery/jquery.timer-0.9.16.js HTTP/1.1" 200 542
14.155.201.102 - - [11/Apr/2025:09:51:32 +0800] "GET /InternetTrading/jquery/jquery.getParams.js HTTP/1.1" 200 587
14.155.201.102 - - [11/Apr/2025:09:51:32 +0800] "GET /InternetTrading/tc/user/translation.js?jsv=20200819161914 HTTP/1.1" 200 12818
14.155.201.102 - - [11/Apr/2025:09:51:32 +0800] "GET /InternetTrading/js/constants.js?jsv=20200819161914 HTTP/1.1" 200 400
14.155.201.102 - - [11/Apr/2025:09:51:32 +0800] "GET /InternetTrading/js/haitong.js?jsv=20200819161914 HTTP/1.1" 200 3881
14.155.201.102 - - [11/Apr/2025:09:51:32 +0800] "GET /InternetTrading/js/util.js?jsv=20200819161914 HTTP/1.1" 200 6636
