65.181.90.29 - - [11/Apr/2025:10:43:22 +0800] "GET /InternetTrading/longpoll/54338?X-Atmosphere-tracking-id=0&X-Atmosphere-Framework=2.2.3-javascript&X-Atmosphere-Transport=long-polling&X-Atmosphere-TrackMessageSize=true&Content-Type=charset%3Dutf-8&X-atmo-protocol=true&_=1744339365118 HTTP/1.1" 200 -
113.118.5.130 - - [11/Apr/2025:10:43:23 +0800] "GET /InternetTrading/longpoll/52832?X-Atmosphere-tracking-id=0&X-Atmosphere-Framework=2.2.3-javascript&X-Atmosphere-Transport=long-polling&X-Atmosphere-TrackMessageSize=true&Content-Type=charset%3Dutf-8&X-atmo-protocol=true&_=1744339364106 HTTP/1.1" 200 -
182.239.93.77 - - [11/Apr/2025:10:43:25 +0800] "GET /InternetTrading/longpoll/A8127?X-Atmosphere-tracking-id=0&X-Atmosphere-Framework=2.2.3-javascript&X-Atmosphere-Transport=long-polling&X-Atmosphere-TrackMessageSize=true&Content-Type=charset%3Dutf-8&X-atmo-protocol=true&_=1744339366424 HTTP/1.1" 200 -
47.83.171.149 - - [11/Apr/2025:10:43:27 +0800] "POST /InternetTrading/SessionErrorLogger HTTP/1.1" 200 117
47.83.171.149 - - [11/Apr/2025:10:43:27 +0800] "POST /InternetTrading/Heartbeat HTTP/1.1" 200 32
47.83.171.149 - - [11/Apr/2025:10:43:28 +0800] "POST /InternetTrading/SessionErrorLogger HTTP/1.1" 200 117
47.83.171.149 - - [11/Apr/2025:10:43:28 +0800] "GET /InternetTrading/longpoll/56327?X-Atmosphere-tracking-id=0&X-Atmosphere-Framework=2.2.3-javascript&X-Atmosphere-Transport=long-polling&X-Atmosphere-TrackMessageSize=true&Content-Type=charset%3Dutf-8&X-atmo-protocol=true&_=1744339369630 HTTP/1.1" 200 -
47.83.171.149 - - [11/Apr/2025:10:43:28 +0800] "POST /InternetTrading/MarketStatus HTTP/1.1" 200 772
182.239.93.77 - - [11/Apr/2025:10:43:28 +0800] "POST /InternetTrading/SessionErrorLogger HTTP/1.1" 200 117
65.181.90.29 - - [11/Apr/2025:10:43:28 +0800] "GET /InternetTrading/longpoll/54338?X-Atmosphere-tracking-id=0&X-Atmosphere-Framework=2.2.3-javascript&X-Atmosphere-Transport=long-polling&X-Atmosphere-TrackMessageSize=true&Content-Type=charset%3Dutf-8&X-atmo-protocol=true&_=1744339371130 HTTP/1.1" 200 -
182.239.93.77 - - [11/Apr/2025:10:43:28 +0800] "POST /InternetTrading/Heartbeat HTTP/1.1" 200 32
182.239.93.77 - - [11/Apr/2025:10:43:28 +0800] "POST /InternetTrading/SessionErrorLogger HTTP/1.1" 200 117
182.239.93.77 - - [11/Apr/2025:10:43:28 +0800] "POST /InternetTrading/MarketStatus HTTP/1.1" 200 772
113.118.5.130 - - [11/Apr/2025:10:43:30 +0800] "GET /InternetTrading/longpoll/52832?X-Atmosphere-tracking-id=0&X-Atmosphere-Framework=2.2.3-javascript&X-Atmosphere-Transport=long-polling&X-Atmosphere-TrackMessageSize=true&Content-Type=charset%3Dutf-8&X-atmo-protocol=true&_=1744339370112 HTTP/1.1" 200 -
182.239.93.77 - - [11/Apr/2025:10:43:30 +0800] "GET /InternetTrading/longpoll/A8127?X-Atmosphere-tracking-id=0&X-Atmosphere-Framework=2.2.3-javascript&X-Atmosphere-Transport=long-polling&X-Atmosphere-TrackMessageSize=true&Content-Type=charset%3Dutf-8&X-atmo-protocol=true&_=1744339371666 HTTP/1.1" 200 -
47.83.171.149 - - [11/Apr/2025:10:43:33 +0800] "GET /InternetTrading/longpoll/56327?X-Atmosphere-tracking-id=0&X-Atmosphere-Framework=2.2.3-javascript&X-Atmosphere-Transport=long-polling&X-Atmosphere-TrackMessageSize=true&Content-Type=charset%3Dutf-8&X-atmo-protocol=true&_=1744339375241 HTTP/1.1" 200 -
65.181.90.29 - - [11/Apr/2025:10:43:34 +0800] "POST /InternetTrading/SessionErrorLogger HTTP/1.1" 200 117
65.181.90.29 - - [11/Apr/2025:10:43:34 +0800] "POST /InternetTrading/Heartbeat HTTP/1.1" 200 32
65.181.90.29 - - [11/Apr/2025:10:43:34 +0800] "POST /InternetTrading/SessionErrorLogger HTTP/1.1" 200 117
65.181.90.29 - - [11/Apr/2025:10:43:34 +0800] "GET /InternetTrading/longpoll/54338?X-Atmosphere-tracking-id=0&X-Atmosphere-Framework=2.2.3-javascript&X-Atmosphere-Transport=long-polling&X-Atmosphere-TrackMessageSize=true&Content-Type=charset%3Dutf-8&X-atmo-protocol=true&_=1744339377199 HTTP/1.1" 200 -
65.181.90.29 - - [11/Apr/2025:10:43:34 +0800] "POST /InternetTrading/MarketStatus HTTP/1.1" 200 772
182.239.93.77 - - [11/Apr/2025:10:43:35 +0800] "GET /InternetTrading/longpoll/A8127?X-Atmosphere-tracking-id=0&X-Atmosphere-Framework=2.2.3-javascript&X-Atmosphere-Transport=long-polling&X-Atmosphere-TrackMessageSize=true&Content-Type=charset%3Dutf-8&X-atmo-protocol=true&_=1744339376781 HTTP/1.1" 200 -
113.118.5.130 - - [11/Apr/2025:10:43:36 +0800] "GET /InternetTrading/longpoll/52832?X-Atmosphere-tracking-id=0&X-Atmosphere-Framework=2.2.3-javascript&X-Atmosphere-Transport=long-polling&X-Atmosphere-TrackMessageSize=true&Content-Type=charset%3Dutf-8&X-atmo-protocol=true&_=1744339376099 HTTP/1.1" 200 -
14.127.12.81 - - [11/Apr/2025:10:43:38 +0800] "POST /InternetTrading/Heartbeat2FAService HTTP/1.1" 200 1
47.83.171.149 - - [11/Apr/2025:10:43:39 +0800] "GET /InternetTrading/longpoll/56327?X-Atmosphere-tracking-id=0&X-Atmosphere-Framework=2.2.3-javascript&X-Atmosphere-Transport=long-polling&X-Atmosphere-TrackMessageSize=true&Content-Type=charset%3Dutf-8&X-atmo-protocol=true&_=1744339381246 HTTP/1.1" 200 -
65.181.90.29 - - [11/Apr/2025:10:43:40 +0800] "GET /InternetTrading/longpoll/54338?X-Atmosphere-tracking-id=0&X-Atmosphere-Framework=2.2.3-javascript&X-Atmosphere-Transport=long-polling&X-Atmosphere-TrackMessageSize=true&Content-Type=charset%3Dutf-8&X-atmo-protocol=true&_=1744339383128 HTTP/1.1" 200 -
182.239.93.77 - - [11/Apr/2025:10:43:40 +0800] "GET /InternetTrading/longpoll/A8127?X-Atmosphere-tracking-id=0&X-Atmosphere-Framework=2.2.3-javascript&X-Atmosphere-Transport=long-polling&X-Atmosphere-TrackMessageSize=true&Content-Type=charset%3Dutf-8&X-atmo-protocol=true&_=1744339382033 HTTP/1.1" 200 -
113.118.5.130 - - [11/Apr/2025:10:43:42 +0800] "GET /InternetTrading/longpoll/52832?X-Atmosphere-tracking-id=0&X-Atmosphere-Framework=2.2.3-javascript&X-Atmosphere-Transport=long-polling&X-Atmosphere-TrackMessageSize=true&Content-Type=charset%3Dutf-8&X-atmo-protocol=true&_=1744339383101 HTTP/1.1" 200 -
47.83.171.149 - - [11/Apr/2025:10:43:45 +0800] "GET /InternetTrading/longpoll/56327?X-Atmosphere-tracking-id=0&X-Atmosphere-Framework=2.2.3-javascript&X-Atmosphere-Transport=long-polling&X-Atmosphere-TrackMessageSize=true&Content-Type=charset%3Dutf-8&X-atmo-protocol=true&_=1744339387237 HTTP/1.1" 200 -
182.239.93.77 - - [11/Apr/2025:10:43:46 +0800] "GET /InternetTrading/longpoll/A8127?X-Atmosphere-tracking-id=0&X-Atmosphere-Framework=2.2.3-javascript&X-Atmosphere-Transport=long-polling&X-Atmosphere-TrackMessageSize=true&Content-Type=charset%3Dutf-8&X-atmo-protocol=true&_=1744339387258 HTTP/1.1" 200 -
65.181.90.29 - - [11/Apr/2025:10:43:46 +0800] "GET /InternetTrading/longpoll/54338?X-Atmosphere-tracking-id=0&X-Atmosphere-Framework=2.2.3-javascript&X-Atmosphere-Transport=long-polling&X-Atmosphere-TrackMessageSize=true&Content-Type=charset%3Dutf-8&X-atmo-protocol=true&_=1744339389130 HTTP/1.1" 200 -
113.118.5.130 - - [11/Apr/2025:10:43:48 +0800] "GET /InternetTrading/longpoll/52832?X-Atmosphere-tracking-id=0&X-Atmosphere-Framework=2.2.3-javascript&X-Atmosphere-Transport=long-polling&X-Atmosphere-TrackMessageSize=true&Content-Type=charset%3Dutf-8&X-atmo-protocol=true&_=1744339389102 HTTP/1.1" 200 -
182.239.93.77 - - [11/Apr/2025:10:43:51 +0800] "GET /InternetTrading/longpoll/A8127?X-Atmosphere-tracking-id=0&X-Atmosphere-Framework=2.2.3-javascript&X-Atmosphere-Transport=long-polling&X-Atmosphere-TrackMessageSize=true&Content-Type=charset%3Dutf-8&X-atmo-protocol=true&_=1744339392474 HTTP/1.1" 200 -
47.83.171.149 - - [11/Apr/2025:10:43:51 +0800] "GET /InternetTrading/longpoll/56327?X-Atmosphere-tracking-id=0&X-Atmosphere-Framework=2.2.3-javascript&X-Atmosphere-Transport=long-polling&X-Atmosphere-TrackMessageSize=true&Content-Type=charset%3Dutf-8&X-atmo-protocol=true&_=1744339393247 HTTP/1.1" 200 -
65.181.90.29 - - [11/Apr/2025:10:43:52 +0800] "GET /InternetTrading/longpoll/54338?X-Atmosphere-tracking-id=0&X-Atmosphere-Framework=2.2.3-javascript&X-Atmosphere-Transport=long-polling&X-Atmosphere-TrackMessageSize=true&Content-Type=charset%3Dutf-8&X-atmo-protocol=true&_=1744339395130 HTTP/1.1" 200 -
113.118.5.130 - - [11/Apr/2025:10:43:54 +0800] "GET /InternetTrading/longpoll/52832?X-Atmosphere-tracking-id=0&X-Atmosphere-Framework=2.2.3-javascript&X-Atmosphere-Transport=long-polling&X-Atmosphere-TrackMessageSize=true&Content-Type=charset%3Dutf-8&X-atmo-protocol=true&_=1744339395110 HTTP/1.1" 200 -
182.239.93.77 - - [11/Apr/2025:10:43:56 +0800] "GET /InternetTrading/longpoll/A8127?X-Atmosphere-tracking-id=0&X-Atmosphere-Framework=2.2.3-javascript&X-Atmosphere-Transport=long-polling&X-Atmosphere-TrackMessageSize=true&Content-Type=charset%3Dutf-8&X-atmo-protocol=true&_=1744339397799 HTTP/1.1" 200 -
47.83.171.149 - - [11/Apr/2025:10:43:57 +0800] "GET /InternetTrading/longpoll/56327?X-Atmosphere-tracking-id=0&X-Atmosphere-Framework=2.2.3-javascript&X-Atmosphere-Transport=long-polling&X-Atmosphere-TrackMessageSize=true&Content-Type=charset%3Dutf-8&X-atmo-protocol=true&_=1744339399247 HTTP/1.1" 200 -
65.181.90.29 - - [11/Apr/2025:10:43:58 +0800] "GET /InternetTrading/longpoll/54338?X-Atmosphere-tracking-id=0&X-Atmosphere-Framework=2.2.3-javascript&X-Atmosphere-Transport=long-polling&X-Atmosphere-TrackMessageSize=true&Content-Type=charset%3Dutf-8&X-atmo-protocol=true&_=1744339401132 HTTP/1.1" 200 -
182.239.93.77 - - [11/Apr/2025:10:43:58 +0800] "POST /InternetTrading/SessionErrorLogger HTTP/1.1" 200 117
182.239.93.77 - - [11/Apr/2025:10:43:58 +0800] "POST /InternetTrading/Heartbeat HTTP/1.1" 200 32
182.239.93.77 - - [11/Apr/2025:10:43:58 +0800] "POST /InternetTrading/SessionErrorLogger HTTP/1.1" 200 117
182.239.93.77 - - [11/Apr/2025:10:43:58 +0800] "POST /InternetTrading/MarketStatus HTTP/1.1" 200 772
113.118.5.130 - - [11/Apr/2025:10:44:00 +0800] "GET /InternetTrading/longpoll/52832?X-Atmosphere-tracking-id=0&X-Atmosphere-Framework=2.2.3-javascript&X-Atmosphere-Transport=long-polling&X-Atmosphere-TrackMessageSize=true&Content-Type=charset%3Dutf-8&X-atmo-protocol=true&_=1744339401100 HTTP/1.1" 200 -
113.118.5.130 - - [11/Apr/2025:10:44:01 +0800] "POST /InternetTrading/SessionErrorLogger HTTP/1.1" 200 117
113.118.5.130 - - [11/Apr/2025:10:44:01 +0800] "POST /InternetTrading/Heartbeat HTTP/1.1" 200 32
182.239.93.77 - - [11/Apr/2025:10:44:01 +0800] "GET /InternetTrading/longpoll/A8127?X-Atmosphere-tracking-id=0&X-Atmosphere-Framework=2.2.3-javascript&X-Atmosphere-Transport=long-polling&X-Atmosphere-TrackMessageSize=true&Content-Type=charset%3Dutf-8&X-atmo-protocol=true&_=1744339402929 HTTP/1.1" 200 -
113.118.5.130 - - [11/Apr/2025:10:44:01 +0800] "POST /InternetTrading/SessionErrorLogger HTTP/1.1" 200 117
113.118.5.130 - - [11/Apr/2025:10:44:01 +0800] "POST /InternetTrading/MarketStatus HTTP/1.1" 200 772
47.83.171.149 - - [11/Apr/2025:10:44:03 +0800] "GET /InternetTrading/longpoll/56327?X-Atmosphere-tracking-id=0&X-Atmosphere-Framework=2.2.3-javascript&X-Atmosphere-Transport=long-polling&X-Atmosphere-TrackMessageSize=true&Content-Type=charset%3Dutf-8&X-atmo-protocol=true&_=1744339405243 HTTP/1.1" 200 -
65.181.90.29 - - [11/Apr/2025:10:44:04 +0800] "GET /InternetTrading/longpoll/54338?X-Atmosphere-tracking-id=0&X-Atmosphere-Framework=2.2.3-javascript&X-Atmosphere-Transport=long-polling&X-Atmosphere-TrackMessageSize=true&Content-Type=charset%3Dutf-8&X-atmo-protocol=true&_=1744339407117 HTTP/1.1" 200 -
14.127.12.81 - - [11/Apr/2025:10:44:06 +0800] "POST /InternetTrading/Heartbeat2FAService HTTP/1.1" 200 1
113.118.5.130 - - [11/Apr/2025:10:44:06 +0800] "GET /InternetTrading/longpoll/52832?X-Atmosphere-tracking-id=0&X-Atmosphere-Framework=2.2.3-javascript&X-Atmosphere-Transport=long-polling&X-Atmosphere-TrackMessageSize=true&Content-Type=charset%3Dutf-8&X-atmo-protocol=true&_=1744339407106 HTTP/1.1" 200 -
182.239.93.77 - - [11/Apr/2025:10:44:06 +0800] "GET /InternetTrading/longpoll/A8127?X-Atmosphere-tracking-id=0&X-Atmosphere-Framework=2.2.3-javascript&X-Atmosphere-Transport=long-polling&X-Atmosphere-TrackMessageSize=true&Content-Type=charset%3Dutf-8&X-atmo-protocol=true&_=1744339408062 HTTP/1.1" 200 -
47.83.171.149 - - [11/Apr/2025:10:44:09 +0800] "GET /InternetTrading/longpoll/56327?X-Atmosphere-tracking-id=0&X-Atmosphere-Framework=2.2.3-javascript&X-Atmosphere-Transport=long-polling&X-Atmosphere-TrackMessageSize=true&Content-Type=charset%3Dutf-8&X-atmo-protocol=true&_=1744339411244 HTTP/1.1" 200 -
65.181.90.29 - - [11/Apr/2025:10:44:10 +0800] "GET /InternetTrading/longpoll/54338?X-Atmosphere-tracking-id=0&X-Atmosphere-Framework=2.2.3-javascript&X-Atmosphere-Transport=long-polling&X-Atmosphere-TrackMessageSize=true&Content-Type=charset%3Dutf-8&X-atmo-protocol=true&_=1744339413117 HTTP/1.1" 200 -
113.118.5.130 - - [11/Apr/2025:10:44:12 +0800] "GET /InternetTrading/longpoll/52832?X-Atmosphere-tracking-id=0&X-Atmosphere-Framework=2.2.3-javascript&X-Atmosphere-Transport=long-polling&X-Atmosphere-TrackMessageSize=true&Content-Type=charset%3Dutf-8&X-atmo-protocol=true&_=1744339413101 HTTP/1.1" 200 -
182.239.93.77 - - [11/Apr/2025:10:44:12 +0800] "GET /InternetTrading/longpoll/A8127?X-Atmosphere-tracking-id=0&X-Atmosphere-Framework=2.2.3-javascript&X-Atmosphere-Transport=long-polling&X-Atmosphere-TrackMessageSize=true&Content-Type=charset%3Dutf-8&X-atmo-protocol=true&_=1744339413321 HTTP/1.1" 200 -
47.83.171.149 - - [11/Apr/2025:10:44:15 +0800] "GET /InternetTrading/longpoll/56327?X-Atmosphere-tracking-id=0&X-Atmosphere-Framework=2.2.3-javascript&X-Atmosphere-Transport=long-polling&X-Atmosphere-TrackMessageSize=true&Content-Type=charset%3Dutf-8&X-atmo-protocol=true&_=1744339417247 HTTP/1.1" 200 -
65.181.90.29 - - [11/Apr/2025:10:44:16 +0800] "GET /InternetTrading/longpoll/54338?X-Atmosphere-tracking-id=0&X-Atmosphere-Framework=2.2.3-javascript&X-Atmosphere-Transport=long-polling&X-Atmosphere-TrackMessageSize=true&Content-Type=charset%3Dutf-8&X-atmo-protocol=true&_=1744339419118 HTTP/1.1" 200 -
182.239.93.77 - - [11/Apr/2025:10:44:17 +0800] "GET /InternetTrading/longpoll/A8127?X-Atmosphere-tracking-id=0&X-Atmosphere-Framework=2.2.3-javascript&X-Atmosphere-Transport=long-polling&X-Atmosphere-TrackMessageSize=true&Content-Type=charset%3Dutf-8&X-atmo-protocol=true&_=1744339418824 HTTP/1.1" 200 -
113.118.5.130 - - [11/Apr/2025:10:44:18 +0800] "GET /InternetTrading/longpoll/52832?X-Atmosphere-tracking-id=0&X-Atmosphere-Framework=2.2.3-javascript&X-Atmosphere-Transport=long-polling&X-Atmosphere-TrackMessageSize=true&Content-Type=charset%3Dutf-8&X-atmo-protocol=true&_=1744339419107 HTTP/1.1" 200 -
47.83.171.149 - - [11/Apr/2025:10:44:21 +0800] "GET /InternetTrading/longpoll/56327?X-Atmosphere-tracking-id=0&X-Atmosphere-Framework=2.2.3-javascript&X-Atmosphere-Transport=long-polling&X-Atmosphere-TrackMessageSize=true&Content-Type=charset%3Dutf-8&X-atmo-protocol=true&_=1744339423245 HTTP/1.1" 200 -
65.181.90.29 - - [11/Apr/2025:10:44:22 +0800] "GET /InternetTrading/longpoll/54338?X-Atmosphere-tracking-id=0&X-Atmosphere-Framework=2.2.3-javascript&X-Atmosphere-Transport=long-polling&X-Atmosphere-TrackMessageSize=true&Content-Type=charset%3Dutf-8&X-atmo-protocol=true&_=1744339425120 HTTP/1.1" 200 -
182.239.93.77 - - [11/Apr/2025:10:44:22 +0800] "GET /InternetTrading/longpoll/A8127?X-Atmosphere-tracking-id=0&X-Atmosphere-Framework=2.2.3-javascript&X-Atmosphere-Transport=long-polling&X-Atmosphere-TrackMessageSize=true&Content-Type=charset%3Dutf-8&X-atmo-protocol=true&_=1744339424024 HTTP/1.1" 200 -
203.145.94.36 - - [11/Apr/2025:10:44:23 +0800] "POST /InternetTrading/CheckIsEnableRSA HTTP/1.1" 200 1
203.145.94.36 - - [11/Apr/2025:10:44:23 +0800] "POST /InternetTrading/CheckPwEncryptType HTTP/1.1" 200 -
203.145.94.36 - - [11/Apr/2025:10:44:24 +0800] "POST /InternetTrading/LoginKey HTTP/1.1" 200 -
203.145.94.36 - - [11/Apr/2025:10:44:24 +0800] "GET /InternetTrading/jquery/wait.gif HTTP/1.1" 200 432
113.118.5.130 - - [11/Apr/2025:10:44:24 +0800] "GET /InternetTrading/longpoll/52832?X-Atmosphere-tracking-id=0&X-Atmosphere-Framework=2.2.3-javascript&X-Atmosphere-Transport=long-polling&X-Atmosphere-TrackMessageSize=true&Content-Type=charset%3Dutf-8&X-atmo-protocol=true&_=1744339425104 HTTP/1.1" 200 -
203.145.94.36 - - [11/Apr/2025:10:44:24 +0800] "POST /InternetTrading/Login HTTP/1.1" 200 459
203.145.94.36 - - [11/Apr/2025:10:44:25 +0800] "GET /InternetTrading/tc/2FA_authentication.html?language=tc&version=HTML HTTP/1.1" 200 1468
203.145.94.36 - - [11/Apr/2025:10:44:25 +0800] "GET /InternetTrading/tc/style_common.css?v=20200819161914 HTTP/1.1" 200 2540
203.145.94.36 - - [11/Apr/2025:10:44:25 +0800] "GET /InternetTrading/tc/style.css?v=20200819161914 HTTP/1.1" 200 1435
203.145.94.36 - - [11/Apr/2025:10:44:26 +0800] "GET /InternetTrading/jquery/jquery-migrate-3.0.0.js HTTP/1.1" 200 4963
203.145.94.36 - - [11/Apr/2025:10:44:25 +0800] "GET /InternetTrading/jquery/jquery-3.3.1.js HTTP/1.1" 200 80650
203.145.94.36 - - [11/Apr/2025:10:44:26 +0800] "GET /InternetTrading/jquery/jquery.form-3.46.0.js HTTP/1.1" 200 5673
203.145.94.36 - - [11/Apr/2025:10:44:26 +0800] "GET /InternetTrading/jquery/jquery.validate-1.11.1.js HTTP/1.1" 200 7041
203.145.94.36 - - [11/Apr/2025:10:44:26 +0800] "GET /InternetTrading/jquery/additional-methods.js HTTP/1.1" 200 2238
203.145.94.36 - - [11/Apr/2025:10:44:26 +0800] "GET /InternetTrading/jquery/jquery-ui-1.10.3.js HTTP/1.1" 200 69642
203.145.94.36 - - [11/Apr/2025:10:44:26 +0800] "GET /InternetTrading/jquery/jquery.blockUI-2.66.0-iAsiaEdition.js HTTP/1.1" 200 6651
203.145.94.36 - - [11/Apr/2025:10:44:26 +0800] "GET /InternetTrading/jquery/jquery.getParams.js HTTP/1.1" 200 587
203.145.94.36 - - [11/Apr/2025:10:44:26 +0800] "GET /InternetTrading/jquery/jquery.timer-0.9.16.js HTTP/1.1" 200 542
203.145.94.36 - - [11/Apr/2025:10:44:26 +0800] "GET /InternetTrading/js/constants.js?jsv=20200819161914 HTTP/1.1" 200 400
203.145.94.36 - - [11/Apr/2025:10:44:26 +0800] "GET /InternetTrading/tc/user/translation.js?jsv=20200819161914 HTTP/1.1" 200 12818
203.145.94.36 - - [11/Apr/2025:10:44:26 +0800] "GET /InternetTrading/js/haitong.js?jsv=20200819161914 HTTP/1.1" 200 3881
203.145.94.36 - - [11/Apr/2025:10:44:26 +0800] "GET /InternetTrading/js/init.js?jsv=20200819161914 HTTP/1.1" 200 886
203.145.94.36 - - [11/Apr/2025:10:44:26 +0800] "GET /InternetTrading/js/util.js?jsv=20200819161914 HTTP/1.1" 200 6636
203.145.94.36 - - [11/Apr/2025:10:44:26 +0800] "GET /InternetTrading/tc/user/custom_variables.js?jsv=20200819161914 HTTP/1.1" 200 275
203.145.94.36 - - [11/Apr/2025:10:44:26 +0800] "GET /InternetTrading/js/2fa.js?jsv=20200819161914 HTTP/1.1" 200 1953
203.145.94.36 - - [11/Apr/2025:10:44:26 +0800] "GET /InternetTrading/js/login.js?jsv=20200819161914 HTTP/1.1" 200 1684
203.145.94.36 - - [11/Apr/2025:10:44:26 +0800] "GET /InternetTrading/settings/webpage_settings.js?jsv=20200819161914 HTTP/1.1" 200 33
203.145.94.36 - - [11/Apr/2025:10:44:26 +0800] "GET /InternetTrading/jquery/wait.gif HTTP/1.1" 200 432
203.145.94.36 - - [11/Apr/2025:10:44:26 +0800] "GET /InternetTrading/tc/images/logo.png HTTP/1.1" 200 7042
203.145.94.36 - - [11/Apr/2025:10:44:26 +0800] "GET /InternetTrading/tc/dialog.html?1744339426293 HTTP/1.1" 200 3188
203.145.94.36 - - [11/Apr/2025:10:44:26 +0800] "POST /InternetTrading/Get2FAInfoService HTTP/1.1" 200 109
203.145.94.36 - - [11/Apr/2025:10:44:26 +0800] "POST /InternetTrading/SystemMaintenanceCheck HTTP/1.1" 200 119
203.145.94.36 - - [11/Apr/2025:10:44:26 +0800] "POST /InternetTrading/SystemMaintenanceCheck HTTP/1.1" 200 119
47.83.171.149 - - [11/Apr/2025:10:44:27 +0800] "POST /InternetTrading/SessionErrorLogger HTTP/1.1" 200 117
47.83.171.149 - - [11/Apr/2025:10:44:27 +0800] "POST /InternetTrading/Heartbeat HTTP/1.1" 200 32
182.239.93.77 - - [11/Apr/2025:10:44:27 +0800] "GET /InternetTrading/longpoll/A8127?X-Atmosphere-tracking-id=0&X-Atmosphere-Framework=2.2.3-javascript&X-Atmosphere-Transport=long-polling&X-Atmosphere-TrackMessageSize=true&Content-Type=charset%3Dutf-8&X-atmo-protocol=true&_=1744339429228 HTTP/1.1" 200 -
47.83.171.149 - - [11/Apr/2025:10:44:28 +0800] "POST /InternetTrading/SessionErrorLogger HTTP/1.1" 200 117
47.83.171.149 - - [11/Apr/2025:10:44:28 +0800] "GET /InternetTrading/longpoll/56327?X-Atmosphere-tracking-id=0&X-Atmosphere-Framework=2.2.3-javascript&X-Atmosphere-Transport=long-polling&X-Atmosphere-TrackMessageSize=true&Content-Type=charset%3Dutf-8&X-atmo-protocol=true&_=1744339429633 HTTP/1.1" 200 -
47.83.171.149 - - [11/Apr/2025:10:44:28 +0800] "POST /InternetTrading/MarketStatus HTTP/1.1" 200 772
65.181.90.29 - - [11/Apr/2025:10:44:28 +0800] "GET /InternetTrading/longpoll/54338?X-Atmosphere-tracking-id=0&X-Atmosphere-Framework=2.2.3-javascript&X-Atmosphere-Transport=long-polling&X-Atmosphere-TrackMessageSize=true&Content-Type=charset%3Dutf-8&X-atmo-protocol=true&_=1744339431128 HTTP/1.1" 200 -
182.239.93.77 - - [11/Apr/2025:10:44:28 +0800] "POST /InternetTrading/SessionErrorLogger HTTP/1.1" 200 117
182.239.93.77 - - [11/Apr/2025:10:44:28 +0800] "POST /InternetTrading/Heartbeat HTTP/1.1" 200 32
182.239.93.77 - - [11/Apr/2025:10:44:28 +0800] "POST /InternetTrading/SessionErrorLogger HTTP/1.1" 200 117
182.239.93.77 - - [11/Apr/2025:10:44:28 +0800] "POST /InternetTrading/MarketStatus HTTP/1.1" 200 772
113.118.209.42 - - [11/Apr/2025:10:44:29 +0800] "POST /InternetTrading/Heartbeat2FAService HTTP/1.1" 200 1
113.118.5.130 - - [11/Apr/2025:10:44:30 +0800] "GET /InternetTrading/longpoll/52832?X-Atmosphere-tracking-id=0&X-Atmosphere-Framework=2.2.3-javascript&X-Atmosphere-Transport=long-polling&X-Atmosphere-TrackMessageSize=true&Content-Type=charset%3Dutf-8&X-atmo-protocol=true&_=1744339431106 HTTP/1.1" 200 -
182.239.93.77 - - [11/Apr/2025:10:44:33 +0800] "GET /InternetTrading/longpoll/A8127?X-Atmosphere-tracking-id=0&X-Atmosphere-Framework=2.2.3-javascript&X-Atmosphere-Transport=long-polling&X-Atmosphere-TrackMessageSize=true&Content-Type=charset%3Dutf-8&X-atmo-protocol=true&_=1744339434424 HTTP/1.1" 200 -
47.83.171.149 - - [11/Apr/2025:10:44:33 +0800] "GET /InternetTrading/longpoll/56327?X-Atmosphere-tracking-id=0&X-Atmosphere-Framework=2.2.3-javascript&X-Atmosphere-Transport=long-polling&X-Atmosphere-TrackMessageSize=true&Content-Type=charset%3Dutf-8&X-atmo-protocol=true&_=1744339435242 HTTP/1.1" 200 -
65.181.90.29 - - [11/Apr/2025:10:44:34 +0800] "POST /InternetTrading/SessionErrorLogger HTTP/1.1" 200 117
65.181.90.29 - - [11/Apr/2025:10:44:34 +0800] "POST /InternetTrading/Heartbeat HTTP/1.1" 200 32
65.181.90.29 - - [11/Apr/2025:10:44:34 +0800] "POST /InternetTrading/SessionErrorLogger HTTP/1.1" 200 117
65.181.90.29 - - [11/Apr/2025:10:44:34 +0800] "GET /InternetTrading/longpoll/54338?X-Atmosphere-tracking-id=0&X-Atmosphere-Framework=2.2.3-javascript&X-Atmosphere-Transport=long-polling&X-Atmosphere-TrackMessageSize=true&Content-Type=charset%3Dutf-8&X-atmo-protocol=true&_=1744339437193 HTTP/1.1" 200 -
65.181.90.29 - - [11/Apr/2025:10:44:34 +0800] "POST /InternetTrading/MarketStatus HTTP/1.1" 200 772
14.127.12.81 - - [11/Apr/2025:10:44:35 +0800] "POST /InternetTrading/Heartbeat2FAService HTTP/1.1" 200 1
113.118.5.130 - - [11/Apr/2025:10:44:36 +0800] "GET /InternetTrading/longpoll/52832?X-Atmosphere-tracking-id=0&X-Atmosphere-Framework=2.2.3-javascript&X-Atmosphere-Transport=long-polling&X-Atmosphere-TrackMessageSize=true&Content-Type=charset%3Dutf-8&X-atmo-protocol=true&_=1744339437105 HTTP/1.1" 200 -
182.239.93.77 - - [11/Apr/2025:10:44:38 +0800] "GET /InternetTrading/longpoll/A8127?X-Atmosphere-tracking-id=0&X-Atmosphere-Framework=2.2.3-javascript&X-Atmosphere-Transport=long-polling&X-Atmosphere-TrackMessageSize=true&Content-Type=charset%3Dutf-8&X-atmo-protocol=true&_=1744339439552 HTTP/1.1" 200 -
210.21.220.69 - - [11/Apr/2025:10:44:38 +0800] "GET /InternetTrading/longpoll/13878?X-Atmosphere-tracking-id=0&X-Atmosphere-Framework=2.2.3-javascript&X-Atmosphere-Transport=long-polling&X-Atmosphere-TrackMessageSize=true&Content-Type=charset%3Dutf-8&X-atmo-protocol=true&_=1744339438880 HTTP/1.1" 200 -
210.21.220.69 - - [11/Apr/2025:10:44:38 +0800] "POST /InternetTrading/SessionErrorLogger HTTP/1.1" 200 117
210.21.220.69 - - [11/Apr/2025:10:44:38 +0800] "POST /InternetTrading/SessionErrorLogger HTTP/1.1" 200 117
210.21.220.69 - - [11/Apr/2025:10:44:38 +0800] "POST /InternetTrading/MarketStatus HTTP/1.1" 200 772
210.21.220.69 - - [11/Apr/2025:10:44:38 +0800] "POST /InternetTrading/Heartbeat HTTP/1.1" 200 32
47.83.171.149 - - [11/Apr/2025:10:44:39 +0800] "GET /InternetTrading/longpoll/56327?X-Atmosphere-tracking-id=0&X-Atmosphere-Framework=2.2.3-javascript&X-Atmosphere-Transport=long-polling&X-Atmosphere-TrackMessageSize=true&Content-Type=charset%3Dutf-8&X-atmo-protocol=true&_=1744339441243 HTTP/1.1" 200 -
65.181.90.29 - - [11/Apr/2025:10:44:40 +0800] "GET /InternetTrading/longpoll/54338?X-Atmosphere-tracking-id=0&X-Atmosphere-Framework=2.2.3-javascript&X-Atmosphere-Transport=long-polling&X-Atmosphere-TrackMessageSize=true&Content-Type=charset%3Dutf-8&X-atmo-protocol=true&_=1744339443129 HTTP/1.1" 200 -
203.145.94.36 - - [11/Apr/2025:10:44:41 +0800] "GET /InternetTrading/jquery/wait.gif HTTP/1.1" 200 432
203.145.94.36 - - [11/Apr/2025:10:44:41 +0800] "POST /InternetTrading/Verify2FAService HTTP/1.1" 200 425
113.118.5.130 - - [11/Apr/2025:10:44:42 +0800] "GET /InternetTrading/longpoll/52832?X-Atmosphere-tracking-id=0&X-Atmosphere-Framework=2.2.3-javascript&X-Atmosphere-Transport=long-polling&X-Atmosphere-TrackMessageSize=true&Content-Type=charset%3Dutf-8&X-atmo-protocol=true&_=1744339443108 HTTP/1.1" 200 -
203.145.94.36 - - [11/Apr/2025:10:44:42 +0800] "GET /InternetTrading/tc/main.html?language=tc&version=HTML HTTP/1.1" 200 3578
203.145.94.36 - - [11/Apr/2025:10:44:43 +0800] "GET /InternetTrading/jquery/ui.datepicker.css HTTP/1.1" 200 1145
203.145.94.36 - - [11/Apr/2025:10:44:43 +0800] "GET /InternetTrading/jquery/jquery.tablesorter-theme.blue.css HTTP/1.1" 200 2083
203.145.94.36 - - [11/Apr/2025:10:44:43 +0800] "GET /InternetTrading/jquery/jquery.ba-postmessage.js HTTP/1.1" 200 2990
203.145.94.36 - - [11/Apr/2025:10:44:43 +0800] "GET /InternetTrading/jquery/jquery-1.6.3.min.js HTTP/1.1" 200 32057
203.145.94.36 - - [11/Apr/2025:10:44:43 +0800] "GET /InternetTrading/jquery/jquery-ui-1.10.3.css HTTP/1.1" 200 5283
203.145.94.36 - - [11/Apr/2025:10:44:43 +0800] "GET /InternetTrading/js/aastock.js HTTP/1.1" 200 553
203.145.94.36 - - [11/Apr/2025:10:44:43 +0800] "GET /InternetTrading/jquery/jquery-migrate-3.0.0.js HTTP/1.1" 200 4963
203.145.94.36 - - [11/Apr/2025:10:44:43 +0800] "GET /InternetTrading/jquery/dragtable-2.0.9.css HTTP/1.1" 200 316
203.145.94.36 - - [11/Apr/2025:10:44:43 +0800] "GET /InternetTrading/tc/style_common.css?v=20200819161914 HTTP/1.1" 200 2540
203.145.94.36 - - [11/Apr/2025:10:44:43 +0800] "GET /InternetTrading/jquery/jquery-3.3.1.js HTTP/1.1" 200 80650
203.145.94.36 - - [11/Apr/2025:10:44:43 +0800] "GET /InternetTrading/tc/style.css?v=20200819161914 HTTP/1.1" 200 1435
203.145.94.36 - - [11/Apr/2025:10:44:43 +0800] "GET /InternetTrading/jquery/jquery-ui-1.10.3.js HTTP/1.1" 200 69642
203.145.94.36 - - [11/Apr/2025:10:44:43 +0800] "GET /InternetTrading/js/atmosphere.js HTTP/1.1" 200 13461
203.145.94.36 - - [11/Apr/2025:10:44:43 +0800] "GET /InternetTrading/js/cache.js?jsv=20200819161914 HTTP/1.1" 200 940
203.145.94.36 - - [11/Apr/2025:10:44:43 +0800] "GET /InternetTrading/jquery/jquery.form-3.46.0.js HTTP/1.1" 200 5673
203.145.94.36 - - [11/Apr/2025:10:44:43 +0800] "GET /InternetTrading/jquery/jquery.blockUI-2.66.0.js HTTP/1.1" 200 6651
203.145.94.36 - - [11/Apr/2025:10:44:43 +0800] "GET /InternetTrading/jquery/jquery.validate-1.11.1.js HTTP/1.1" 200 7041
203.145.94.36 - - [11/Apr/2025:10:44:43 +0800] "GET /InternetTrading/jquery/jquery.mousewheel-3.1.4.js HTTP/1.1" 200 822
203.145.94.36 - - [11/Apr/2025:10:44:43 +0800] "GET /InternetTrading/jquery/additional-methods.js HTTP/1.1" 200 2238
203.145.94.36 - - [11/Apr/2025:10:44:43 +0800] "GET /InternetTrading/jquery/jquery.tablesorter-2.14.5.js HTTP/1.1" 200 8901
203.145.94.36 - - [11/Apr/2025:10:44:43 +0800] "GET /InternetTrading/jquery/jquery.tablesorter.widgets-2.14.5.js HTTP/1.1" 200 8611
203.145.94.36 - - [11/Apr/2025:10:44:43 +0800] "GET /InternetTrading/jquery/jquery.combobox.packed.js HTTP/1.1" 200 3387
203.145.94.36 - - [11/Apr/2025:10:44:43 +0800] "GET /InternetTrading/jquery/jquery.timer-0.9.16.js HTTP/1.1" 200 542
203.145.94.36 - - [11/Apr/2025:10:44:43 +0800] "GET /InternetTrading/jquery/jquery.getParams.js HTTP/1.1" 200 587
203.145.94.36 - - [11/Apr/2025:10:44:43 +0800] "GET /InternetTrading/jquery/date.js HTTP/1.1" 200 2807
203.145.94.36 - - [11/Apr/2025:10:44:43 +0800] "GET /InternetTrading/jquery/jquery.selectboxes.pack.js HTTP/1.1" 200 1640
203.145.94.36 - - [11/Apr/2025:10:44:43 +0800] "GET /InternetTrading/jquery/globalize-0.1.0a1.js HTTP/1.1" 200 6984
203.145.94.36 - - [11/Apr/2025:10:44:43 +0800] "GET /InternetTrading/json/json2.js?jsv=20200819161914 HTTP/1.1" 200 1372
203.145.94.36 - - [11/Apr/2025:10:44:43 +0800] "GET /InternetTrading/settings/crm_display_settings.js?jsv=20200819161914 HTTP/1.1" 200 1781
203.145.94.36 - - [11/Apr/2025:10:44:43 +0800] "GET /InternetTrading/js/constants.js?jsv=20200819161914 HTTP/1.1" 200 400
203.145.94.36 - - [11/Apr/2025:10:44:43 +0800] "GET /InternetTrading/tc/user/translation.js?jsv=20200819161914 HTTP/1.1" 200 12818
203.145.94.36 - - [11/Apr/2025:10:44:43 +0800] "GET /InternetTrading/tc/user/custom_variables.js?jsv=20200819161914 HTTP/1.1" 200 275
203.145.94.36 - - [11/Apr/2025:10:44:43 +0800] "GET /InternetTrading/js/haitong.js?jsv=20200819161914 HTTP/1.1" 200 3881
203.145.94.36 - - [11/Apr/2025:10:44:43 +0800] "GET /InternetTrading/js/util.js?jsv=20200819161914 HTTP/1.1" 200 6636
203.145.94.36 - - [11/Apr/2025:10:44:43 +0800] "GET /InternetTrading/js/init.js?jsv=20200819161914 HTTP/1.1" 200 886
203.145.94.36 - - [11/Apr/2025:10:44:43 +0800] "GET /InternetTrading/js/rsautil.js?jsv=20200819161914 HTTP/1.1" 200 1017
203.145.94.36 - - [11/Apr/2025:10:44:43 +0800] "GET /InternetTrading/js/corporate.js?jsv=20200819161914 HTTP/1.1" 200 1575
203.145.94.36 - - [11/Apr/2025:10:44:43 +0800] "GET /InternetTrading/js/main.js?jsv=20200819161914 HTTP/1.1" 200 30725
203.145.94.36 - - [11/Apr/2025:10:44:43 +0800] "GET /InternetTrading/js/update_mdf.js?jsv=20200819161914 HTTP/1.1" 200 856
203.145.94.36 - - [11/Apr/2025:10:44:43 +0800] "GET /InternetTrading/js/validation_hkex.js?jsv=20200819161914 HTTP/1.1" 200 2300
203.145.94.36 - - [11/Apr/2025:10:44:43 +0800] "GET /InternetTrading/js/validation_ashare.js?jsv=20200819161914 HTTP/1.1" 200 2482
203.145.94.36 - - [11/Apr/2025:10:44:43 +0800] "GET /InternetTrading/js/validation_bshare.js?jsv=20200819161914 HTTP/1.1" 200 1567
203.145.94.36 - - [11/Apr/2025:10:44:43 +0800] "GET /InternetTrading/js/validation_global.js?jsv=20200819161914 HTTP/1.1" 200 1564
203.145.94.36 - - [11/Apr/2025:10:44:43 +0800] "GET /InternetTrading/js/spread_cache.js?jsv=20200819161914 HTTP/1.1" 200 908
203.145.94.36 - - [11/Apr/2025:10:44:43 +0800] "GET /InternetTrading/js/account.js?jsv=20200819161914 HTTP/1.1" 200 2656
203.145.94.36 - - [11/Apr/2025:10:44:43 +0800] "GET /InternetTrading/js/ipo.js?jsv=20200819161914 HTTP/1.1" 200 5726
203.145.94.36 - - [11/Apr/2025:10:44:43 +0800] "GET /InternetTrading/js/cash_transfer.js?jsv=20200819161914 HTTP/1.1" 200 2712
203.145.94.36 - - [11/Apr/2025:10:44:43 +0800] "GET /InternetTrading/js/mm.js?jsv=20200819161914 HTTP/1.1" 200 487
203.145.94.36 - - [11/Apr/2025:10:44:43 +0800] "GET /InternetTrading/js/isec_calculator.js?jsv=20200819161914 HTTP/1.1" 200 1364
203.145.94.36 - - [11/Apr/2025:10:44:43 +0800] "GET /InternetTrading/js/payment_instruction.js?jsv=20200819161914 HTTP/1.1" 200 2178
203.145.94.36 - - [11/Apr/2025:10:44:43 +0800] "GET /InternetTrading/js/payment_instruction_IMOS.js?jsv=20200819161914 HTTP/1.1" 200 6874
203.145.94.36 - - [11/Apr/2025:10:44:43 +0800] "GET /InternetTrading/js/eStatement.js?jsv=20200819161914 HTTP/1.1" 200 562
203.145.94.36 - - [11/Apr/2025:10:44:43 +0800] "GET /InternetTrading/js/string_extend.js?jsv=20200819161914 HTTP/1.1" 200 272
203.145.94.36 - - [11/Apr/2025:10:44:43 +0800] "GET /InternetTrading/ExchangeList?fmt=js&jsv=20200819161914 HTTP/1.1" 200 146
203.145.94.36 - - [11/Apr/2025:10:44:43 +0800] "GET /InternetTrading/js/pidcrypt.js?jsv=20200819161914 HTTP/1.1" 200 982
203.145.94.36 - - [11/Apr/2025:10:44:43 +0800] "GET /InternetTrading/js/pidcrypt_util.js?jsv=20200819161914 HTTP/1.1" 200 1206
203.145.94.36 - - [11/Apr/2025:10:44:43 +0800] "GET /InternetTrading/js/aes_cbc.js?jsv=20200819161914 HTTP/1.1" 200 2043
203.145.94.36 - - [11/Apr/2025:10:44:43 +0800] "GET /InternetTrading/js/aes_core.js?jsv=20200819161914 HTTP/1.1" 200 2106
203.145.94.36 - - [11/Apr/2025:10:44:43 +0800] "GET /InternetTrading/js/asn1.js?jsv=20200819161914 HTTP/1.1" 200 3099
182.239.93.77 - - [11/Apr/2025:10:44:43 +0800] "GET /InternetTrading/longpoll/A8127?X-Atmosphere-tracking-id=0&X-Atmosphere-Framework=2.2.3-javascript&X-Atmosphere-Transport=long-polling&X-Atmosphere-TrackMessageSize=true&Content-Type=charset%3Dutf-8&X-atmo-protocol=true&_=1744339445036 HTTP/1.1" 200 -
203.145.94.36 - - [11/Apr/2025:10:44:43 +0800] "GET /InternetTrading/js/sha256.js?jsv=20200819161914 HTTP/1.1" 200 1362
203.145.94.36 - - [11/Apr/2025:10:44:43 +0800] "GET /InternetTrading/js/jsbn.js?jsv=20200819161914 HTTP/1.1" 200 6736
203.145.94.36 - - [11/Apr/2025:10:44:43 +0800] "GET /InternetTrading/js/prng4.js?jsv=20200819161914 HTTP/1.1" 200 303
203.145.94.36 - - [11/Apr/2025:10:44:43 +0800] "GET /InternetTrading/js/rng.js?jsv=20200819161914 HTTP/1.1" 200 481
203.145.94.36 - - [11/Apr/2025:10:44:43 +0800] "GET /InternetTrading/js/rsa.js?jsv=20200819161914 HTTP/1.1" 200 1658
203.145.94.36 - - [11/Apr/2025:10:44:43 +0800] "GET /InternetTrading/js/md5.js?jsv=20200819161914 HTTP/1.1" 200 1730
203.145.94.36 - - [11/Apr/2025:10:44:43 +0800] "GET /InternetTrading/js/mode-ecb.js?jsv=20200819161914 HTTP/1.1" 200 199
203.145.94.36 - - [11/Apr/2025:10:44:43 +0800] "GET /InternetTrading/js/aes.js?jsv=20200819161914 HTTP/1.1" 200 4816
203.145.94.36 - - [11/Apr/2025:10:44:43 +0800] "GET /InternetTrading/js/utilSpec.js?jsv=20200819161914 HTTP/1.1" 200 27
203.145.94.36 - - [11/Apr/2025:10:44:43 +0800] "GET /InternetTrading/js/update_lastlogin.js?jsv=20200819161914 HTTP/1.1" 200 980
203.145.94.36 - - [11/Apr/2025:10:44:43 +0800] "GET /InternetTrading/js/pw_alert.js?jsv=20200819161914 HTTP/1.1" 200 418
203.145.94.36 - - [11/Apr/2025:10:44:43 +0800] "GET /InternetTrading/js/jquery.mousewheel.js HTTP/1.1" 404 684
203.145.94.36 - - [11/Apr/2025:10:44:43 +0800] "GET /InternetTrading/js/jquery.cookie.js HTTP/1.1" 200 834
203.145.94.36 - - [11/Apr/2025:10:44:43 +0800] "GET /InternetTrading/tc/css/jquery.jscrollpane.css HTTP/1.1" 404 690
203.145.94.36 - - [11/Apr/2025:10:44:43 +0800] "GET /InternetTrading/js/decimal.js HTTP/1.1" 200 13492
203.145.94.36 - - [11/Apr/2025:10:44:43 +0800] "GET /InternetTrading/js/jquery.jscrollpane.js HTTP/1.1" 404 685
203.145.94.36 - - [11/Apr/2025:10:44:43 +0800] "GET /InternetTrading/GoodTillDateValidExch?fmt=js&jsv=20200819161914 HTTP/1.1" 200 29
203.145.94.36 - - [11/Apr/2025:10:44:43 +0800] "GET /InternetTrading/tc/images/top_menu01.jpg HTTP/1.1" 200 3466
203.145.94.36 - - [11/Apr/2025:10:44:43 +0800] "GET /InternetTrading/tc/images/logo.png HTTP/1.1" 200 7042
203.145.94.36 - - [11/Apr/2025:10:44:43 +0800] "GET /InternetTrading/tc/images/top_menu04.jpg HTTP/1.1" 200 3430
203.145.94.36 - - [11/Apr/2025:10:44:43 +0800] "GET /InternetTrading/tc/dialog.html?1744339443953 HTTP/1.1" 200 3188
203.145.94.36 - - [11/Apr/2025:10:44:43 +0800] "POST /InternetTrading/PopUpConfig HTTP/1.1" 200 2
203.145.94.36 - - [11/Apr/2025:10:44:43 +0800] "GET /InternetTrading/tc/images/top_menu_logout.jpg HTTP/1.1" 200 1016
203.145.94.36 - - [11/Apr/2025:10:44:43 +0800] "GET /InternetTrading/images/top_bg3.jpg HTTP/1.1" 200 878
203.145.94.36 - - [11/Apr/2025:10:44:44 +0800] "POST /InternetTrading/Heartbeat HTTP/1.1" 200 32
203.145.94.36 - - [11/Apr/2025:10:44:44 +0800] "GET /InternetTrading/images/top_bg1.jpg HTTP/1.1" 200 329
203.145.94.36 - - [11/Apr/2025:10:44:44 +0800] "GET /InternetTrading/images/top_bg2.jpg HTTP/1.1" 200 330
203.145.94.36 - - [11/Apr/2025:10:44:44 +0800] "POST /InternetTrading/CustomerInfoLite HTTP/1.1" 200 118
203.145.94.36 - - [11/Apr/2025:10:44:44 +0800] "GET /InternetTrading/jquery/wait.gif HTTP/1.1" 200 432
203.145.94.36 - - [11/Apr/2025:10:44:44 +0800] "GET /InternetTrading/tc/images/top_menu01_o.jpg HTTP/1.1" 200 3339
203.145.94.36 - - [11/Apr/2025:10:44:44 +0800] "GET /InternetTrading/tc/images/trade_point01.jpg HTTP/1.1" 200 358
203.145.94.36 - - [11/Apr/2025:10:44:44 +0800] "GET /InternetTrading/tc/images/refresh.gif HTTP/1.1" 200 1145
203.145.94.36 - - [11/Apr/2025:10:44:44 +0800] "GET /InternetTrading/tc/trade.html HTTP/1.1" 200 2113
203.145.94.36 - - [11/Apr/2025:10:44:44 +0800] "POST /InternetTrading/SpreadPriceCache HTTP/1.1" 200 3539
203.145.94.36 - - [11/Apr/2025:10:44:44 +0800] "GET /InternetTrading/jquery/images/ui-icons_222222_256x240.png HTTP/1.1" 200 6922
203.145.94.36 - - [11/Apr/2025:10:44:44 +0800] "GET /InternetTrading/jquery/images/ui-bg_flat_75_ffffff_40x100.png HTTP/1.1" 200 208
203.145.94.36 - - [11/Apr/2025:10:44:44 +0800] "POST /InternetTrading/SessionErrorLogger HTTP/1.1" 200 117
203.145.94.36 - - [11/Apr/2025:10:44:44 +0800] "GET /InternetTrading/tc/buy_ticket.html? HTTP/1.1" 200 1995
203.145.94.36 - - [11/Apr/2025:10:44:44 +0800] "POST /InternetTrading/SessionErrorLogger HTTP/1.1" 200 117
203.145.94.36 - - [11/Apr/2025:10:44:44 +0800] "POST /InternetTrading/MarketStatus HTTP/1.1" 200 772
203.145.94.36 - - [11/Apr/2025:10:44:44 +0800] "POST /InternetTrading/SessionErrorLogger HTTP/1.1" 200 117
203.145.94.36 - - [11/Apr/2025:10:44:44 +0800] "GET /InternetTrading/tc/multi_currency_balance.html HTTP/1.1" 200 295
203.145.94.36 - - [11/Apr/2025:10:44:44 +0800] "GET /InternetTrading/tc/applet_dummy.html HTTP/1.1" 200 330
210.21.220.69 - - [11/Apr/2025:10:44:44 +0800] "GET /InternetTrading/longpoll/13878?X-Atmosphere-tracking-id=0&X-Atmosphere-Framework=2.2.3-javascript&X-Atmosphere-Transport=long-polling&X-Atmosphere-TrackMessageSize=true&Content-Type=charset%3Dutf-8&X-atmo-protocol=true&_=1744339444520 HTTP/1.1" 200 -
203.145.94.36 - - [11/Apr/2025:10:44:44 +0800] "POST /InternetTrading/SessionErrorLogger HTTP/1.1" 200 117
203.145.94.36 - - [11/Apr/2025:10:44:44 +0800] "POST /InternetTrading/MarketStatus HTTP/1.1" 200 772
203.145.94.36 - - [11/Apr/2025:10:44:44 +0800] "POST /InternetTrading/SessionErrorLogger HTTP/1.1" 200 117
203.145.94.36 - - [11/Apr/2025:10:44:44 +0800] "POST /InternetTrading/MarketStatus HTTP/1.1" 200 772
203.145.94.36 - - [11/Apr/2025:10:44:44 +0800] "POST /InternetTrading/SessionErrorLogger HTTP/1.1" 200 117
203.145.94.36 - - [11/Apr/2025:10:44:45 +0800] "POST /InternetTrading/GetLastLoginDate HTTP/1.1" 200 31
203.145.94.36 - - [11/Apr/2025:10:44:45 +0800] "POST /InternetTrading/SessionErrorLogger HTTP/1.1" 200 117
203.145.94.36 - - [11/Apr/2025:10:44:45 +0800] "GET /InternetTrading/tc/getpopupMsgName.jsp HTTP/1.1" 200 -
203.145.94.36 - - [11/Apr/2025:10:44:45 +0800] "GET /InternetTrading/Home/PostToAA.jsp?hl=tc HTTP/1.1" 200 287
47.83.171.149 - - [11/Apr/2025:10:44:45 +0800] "GET /InternetTrading/longpoll/56327?X-Atmosphere-tracking-id=0&X-Atmosphere-Framework=2.2.3-javascript&X-Atmosphere-Transport=long-polling&X-Atmosphere-TrackMessageSize=true&Content-Type=charset%3Dutf-8&X-atmo-protocol=true&_=1744339447236 HTTP/1.1" 200 -
65.181.90.29 - - [11/Apr/2025:10:44:46 +0800] "GET /InternetTrading/longpoll/54338?X-Atmosphere-tracking-id=0&X-Atmosphere-Framework=2.2.3-javascript&X-Atmosphere-Transport=long-polling&X-Atmosphere-TrackMessageSize=true&Content-Type=charset%3Dutf-8&X-atmo-protocol=true&_=1744339449127 HTTP/1.1" 200 -
203.145.94.36 - - [11/Apr/2025:10:44:46 +0800] "POST /InternetTrading/SessionErrorLogger HTTP/1.1" 200 117
203.145.94.36 - - [11/Apr/2025:10:44:46 +0800] "POST /InternetTrading/CustomerInfo HTTP/1.1" 200 207
203.145.94.36 - - [11/Apr/2025:10:44:46 +0800] "POST /InternetTrading/SessionErrorLogger HTTP/1.1" 200 117
203.145.94.36 - - [11/Apr/2025:10:44:46 +0800] "POST /InternetTrading/MarketStatus HTTP/1.1" 200 772
203.145.94.36 - - [11/Apr/2025:10:44:46 +0800] "POST /InternetTrading/SessionErrorLogger HTTP/1.1" 200 117
203.145.94.36 - - [11/Apr/2025:10:44:46 +0800] "POST /InternetTrading/SessionErrorLogger HTTP/1.1" 200 117
203.145.94.36 - - [11/Apr/2025:10:44:46 +0800] "POST /InternetTrading/LongPollingConfig HTTP/1.1" 200 4
203.145.94.36 - - [11/Apr/2025:10:44:46 +0800] "POST /InternetTrading/SessionErrorLogger HTTP/1.1" 200 117
203.145.94.36 - - [11/Apr/2025:10:44:46 +0800] "GET /InternetTrading/tc/account_status.html HTTP/1.1" 200 426
203.145.94.36 - - [11/Apr/2025:10:44:46 +0800] "GET /InternetTrading/longpoll/54822?X-Atmosphere-tracking-id=0&X-Atmosphere-Framework=2.2.3-javascript&X-Atmosphere-Transport=long-polling&X-Atmosphere-TrackMessageSize=true&Content-Type=charset%3Dutf-8&X-atmo-protocol=true&_=1744339447001 HTTP/1.1" 200 -
203.145.94.36 - - [11/Apr/2025:10:44:47 +0800] "POST /InternetTrading/SessionErrorLogger HTTP/1.1" 200 117
203.145.94.36 - - [11/Apr/2025:10:44:47 +0800] "POST /InternetTrading/Portfolio HTTP/1.1" 200 1551
113.118.5.130 - - [11/Apr/2025:10:44:48 +0800] "GET /InternetTrading/longpoll/52832?X-Atmosphere-tracking-id=0&X-Atmosphere-Framework=2.2.3-javascript&X-Atmosphere-Transport=long-polling&X-Atmosphere-TrackMessageSize=true&Content-Type=charset%3Dutf-8&X-atmo-protocol=true&_=1744339449104 HTTP/1.1" 200 -
182.239.93.77 - - [11/Apr/2025:10:44:48 +0800] "GET /InternetTrading/longpoll/A8127?X-Atmosphere-tracking-id=0&X-Atmosphere-Framework=2.2.3-javascript&X-Atmosphere-Transport=long-polling&X-Atmosphere-TrackMessageSize=true&Content-Type=charset%3Dutf-8&X-atmo-protocol=true&_=1744339450157 HTTP/1.1" 200 -
203.145.94.36 - - [11/Apr/2025:10:44:51 +0800] "POST /InternetTrading/SessionErrorLogger HTTP/1.1" 200 117
203.145.94.36 - - [11/Apr/2025:10:44:51 +0800] "GET /InternetTrading/tc/sell_ticket.html? HTTP/1.1" 200 2261
203.145.94.36 - - [11/Apr/2025:10:44:51 +0800] "POST /InternetTrading/SessionErrorLogger HTTP/1.1" 200 117
203.145.94.36 - - [11/Apr/2025:10:44:51 +0800] "POST /InternetTrading/MarketStatus HTTP/1.1" 200 772
203.145.94.36 - - [11/Apr/2025:10:44:51 +0800] "POST /InternetTrading/SessionErrorLogger HTTP/1.1" 200 117
203.145.94.36 - - [11/Apr/2025:10:44:51 +0800] "POST /InternetTrading/MarketStatus HTTP/1.1" 200 772
47.83.171.149 - - [11/Apr/2025:10:44:51 +0800] "GET /InternetTrading/longpoll/56327?X-Atmosphere-tracking-id=0&X-Atmosphere-Framework=2.2.3-javascript&X-Atmosphere-Transport=long-polling&X-Atmosphere-TrackMessageSize=true&Content-Type=charset%3Dutf-8&X-atmo-protocol=true&_=1744339453246 HTTP/1.1" 200 -
203.145.94.36 - - [11/Apr/2025:10:44:52 +0800] "GET /InternetTrading/longpoll/54822?X-Atmosphere-tracking-id=0&X-Atmosphere-Framework=2.2.3-javascript&X-Atmosphere-Transport=long-polling&X-Atmosphere-TrackMessageSize=true&Content-Type=charset%3Dutf-8&X-atmo-protocol=true&_=1744339452132 HTTP/1.1" 200 -
65.181.90.29 - - [11/Apr/2025:10:44:52 +0800] "GET /InternetTrading/longpoll/54338?X-Atmosphere-tracking-id=0&X-Atmosphere-Framework=2.2.3-javascript&X-Atmosphere-Transport=long-polling&X-Atmosphere-TrackMessageSize=true&Content-Type=charset%3Dutf-8&X-atmo-protocol=true&_=1744339455117 HTTP/1.1" 200 -
182.239.93.77 - - [11/Apr/2025:10:44:54 +0800] "GET /InternetTrading/longpoll/A8127?X-Atmosphere-tracking-id=0&X-Atmosphere-Framework=2.2.3-javascript&X-Atmosphere-Transport=long-polling&X-Atmosphere-TrackMessageSize=true&Content-Type=charset%3Dutf-8&X-atmo-protocol=true&_=1744339455383 HTTP/1.1" 200 -
113.118.5.130 - - [11/Apr/2025:10:44:54 +0800] "GET /InternetTrading/longpoll/52832?X-Atmosphere-tracking-id=0&X-Atmosphere-Framework=2.2.3-javascript&X-Atmosphere-Transport=long-polling&X-Atmosphere-TrackMessageSize=true&Content-Type=charset%3Dutf-8&X-atmo-protocol=true&_=1744339455104 HTTP/1.1" 200 -
203.145.94.36 - - [11/Apr/2025:10:44:56 +0800] "POST /InternetTrading/SessionErrorLogger HTTP/1.1" 200 117
203.145.94.36 - - [11/Apr/2025:10:44:56 +0800] "POST /InternetTrading/Product HTTP/1.1" 200 319
203.145.94.36 - - [11/Apr/2025:10:44:56 +0800] "POST /InternetTrading/SessionErrorLogger HTTP/1.1" 200 117
203.145.94.36 - - [11/Apr/2025:10:44:56 +0800] "POST /InternetTrading/OrderMaxQuantity HTTP/1.1" 200 9
203.145.94.36 - - [11/Apr/2025:10:44:57 +0800] "GET /InternetTrading/longpoll/54822?X-Atmosphere-tracking-id=0&X-Atmosphere-Framework=2.2.3-javascript&X-Atmosphere-Transport=long-polling&X-Atmosphere-TrackMessageSize=true&Content-Type=charset%3Dutf-8&X-atmo-protocol=true&_=1744339457278 HTTP/1.1" 200 -
47.83.171.149 - - [11/Apr/2025:10:44:57 +0800] "GET /InternetTrading/longpoll/56327?X-Atmosphere-tracking-id=0&X-Atmosphere-Framework=2.2.3-javascript&X-Atmosphere-Transport=long-polling&X-Atmosphere-TrackMessageSize=true&Content-Type=charset%3Dutf-8&X-atmo-protocol=true&_=1744339459244 HTTP/1.1" 200 -
65.181.90.29 - - [11/Apr/2025:10:44:58 +0800] "GET /InternetTrading/longpoll/54338?X-Atmosphere-tracking-id=0&X-Atmosphere-Framework=2.2.3-javascript&X-Atmosphere-Transport=long-polling&X-Atmosphere-TrackMessageSize=true&Content-Type=charset%3Dutf-8&X-atmo-protocol=true&_=1744339461119 HTTP/1.1" 200 -
182.239.93.77 - - [11/Apr/2025:10:44:58 +0800] "POST /InternetTrading/SessionErrorLogger HTTP/1.1" 200 117
182.239.93.77 - - [11/Apr/2025:10:44:58 +0800] "POST /InternetTrading/Heartbeat HTTP/1.1" 200 32
182.239.93.77 - - [11/Apr/2025:10:44:58 +0800] "POST /InternetTrading/SessionErrorLogger HTTP/1.1" 200 117
182.239.93.77 - - [11/Apr/2025:10:44:59 +0800] "POST /InternetTrading/MarketStatus HTTP/1.1" 200 772
182.239.93.77 - - [11/Apr/2025:10:44:59 +0800] "GET /InternetTrading/longpoll/A8127?X-Atmosphere-tracking-id=0&X-Atmosphere-Framework=2.2.3-javascript&X-Atmosphere-Transport=long-polling&X-Atmosphere-TrackMessageSize=true&Content-Type=charset%3Dutf-8&X-atmo-protocol=true&_=1744339460626 HTTP/1.1" 200 -
113.118.209.42 - - [11/Apr/2025:10:44:59 +0800] "POST /InternetTrading/Heartbeat2FAService HTTP/1.1" 200 1
113.118.5.130 - - [11/Apr/2025:10:45:00 +0800] "GET /InternetTrading/longpoll/52832?X-Atmosphere-tracking-id=0&X-Atmosphere-Framework=2.2.3-javascript&X-Atmosphere-Transport=long-polling&X-Atmosphere-TrackMessageSize=true&Content-Type=charset%3Dutf-8&X-atmo-protocol=true&_=1744339461112 HTTP/1.1" 200 -
113.118.5.130 - - [11/Apr/2025:10:45:01 +0800] "POST /InternetTrading/SessionErrorLogger HTTP/1.1" 200 117
113.118.5.130 - - [11/Apr/2025:10:45:01 +0800] "POST /InternetTrading/Heartbeat HTTP/1.1" 200 32
113.118.5.130 - - [11/Apr/2025:10:45:01 +0800] "POST /InternetTrading/SessionErrorLogger HTTP/1.1" 200 117
113.118.5.130 - - [11/Apr/2025:10:45:01 +0800] "POST /InternetTrading/MarketStatus HTTP/1.1" 200 772
203.145.94.36 - - [11/Apr/2025:10:45:02 +0800] "GET /InternetTrading/longpoll/54822?X-Atmosphere-tracking-id=0&X-Atmosphere-Framework=2.2.3-javascript&X-Atmosphere-Transport=long-polling&X-Atmosphere-TrackMessageSize=true&Content-Type=charset%3Dutf-8&X-atmo-protocol=true&_=1744339462422 HTTP/1.1" 200 -
47.83.171.149 - - [11/Apr/2025:10:45:03 +0800] "GET /InternetTrading/longpoll/56327?X-Atmosphere-tracking-id=0&X-Atmosphere-Framework=2.2.3-javascript&X-Atmosphere-Transport=long-polling&X-Atmosphere-TrackMessageSize=true&Content-Type=charset%3Dutf-8&X-atmo-protocol=true&_=1744339465241 HTTP/1.1" 200 -
65.181.90.29 - - [11/Apr/2025:10:45:04 +0800] "GET /InternetTrading/longpoll/54338?X-Atmosphere-tracking-id=0&X-Atmosphere-Framework=2.2.3-javascript&X-Atmosphere-Transport=long-polling&X-Atmosphere-TrackMessageSize=true&Content-Type=charset%3Dutf-8&X-atmo-protocol=true&_=1744339467121 HTTP/1.1" 200 -
182.239.93.77 - - [11/Apr/2025:10:45:04 +0800] "GET /InternetTrading/longpoll/A8127?X-Atmosphere-tracking-id=0&X-Atmosphere-Framework=2.2.3-javascript&X-Atmosphere-Transport=long-polling&X-Atmosphere-TrackMessageSize=true&Content-Type=charset%3Dutf-8&X-atmo-protocol=true&_=1744339465705 HTTP/1.1" 200 -
14.127.12.81 - - [11/Apr/2025:10:45:06 +0800] "POST /InternetTrading/Heartbeat2FAService HTTP/1.1" 200 1
203.145.94.36 - - [11/Apr/2025:10:45:06 +0800] "POST /InternetTrading/SessionErrorLogger HTTP/1.1" 200 117
203.145.94.36 - - [11/Apr/2025:10:45:06 +0800] "POST /InternetTrading/LoginKey HTTP/1.1" 200 -
203.145.94.36 - - [11/Apr/2025:10:45:06 +0800] "GET /InternetTrading/jquery/wait.gif HTTP/1.1" 200 432
113.118.5.130 - - [11/Apr/2025:10:45:06 +0800] "GET /InternetTrading/longpoll/52832?X-Atmosphere-tracking-id=0&X-Atmosphere-Framework=2.2.3-javascript&X-Atmosphere-Transport=long-polling&X-Atmosphere-TrackMessageSize=true&Content-Type=charset%3Dutf-8&X-atmo-protocol=true&_=1744339467112 HTTP/1.1" 200 -
203.145.94.36 - - [11/Apr/2025:10:45:06 +0800] "POST /InternetTrading/PreOrder HTTP/1.1" 200 1233
203.145.94.36 - - [11/Apr/2025:10:45:07 +0800] "GET /InternetTrading/longpoll/54822?X-Atmosphere-tracking-id=0&X-Atmosphere-Framework=2.2.3-javascript&X-Atmosphere-Transport=long-polling&X-Atmosphere-TrackMessageSize=true&Content-Type=charset%3Dutf-8&X-atmo-protocol=true&_=1744339467619 HTTP/1.1" 200 -
203.145.94.36 - - [11/Apr/2025:10:45:09 +0800] "POST /InternetTrading/SessionErrorLogger HTTP/1.1" 200 117
203.145.94.36 - - [11/Apr/2025:10:45:09 +0800] "GET /InternetTrading/Csrf?url=/Order HTTP/1.1" 200 126
203.145.94.36 - - [11/Apr/2025:10:45:09 +0800] "POST /InternetTrading/SessionErrorLogger HTTP/1.1" 200 117
203.145.94.36 - - [11/Apr/2025:10:45:09 +0800] "POST /InternetTrading/LoginKey HTTP/1.1" 200 -
203.145.94.36 - - [11/Apr/2025:10:45:09 +0800] "POST /InternetTrading/SessionErrorLogger HTTP/1.1" 200 117
203.145.94.36 - - [11/Apr/2025:10:45:09 +0800] "POST /InternetTrading/Order?csrf_nonce=D93D8417D86DE31D3870E69257B4E0C8 HTTP/1.1" 200 1017
203.145.94.36 - - [11/Apr/2025:10:45:09 +0800] "POST /InternetTrading/SessionErrorLogger HTTP/1.1" 200 117
203.145.94.36 - - [11/Apr/2025:10:45:09 +0800] "GET /InternetTrading/tc/sell_ticket.html? HTTP/1.1" 200 2261
