182.239.93.77 - - [11/Apr/2025:10:58:47 +0800] "GET /InternetTrading/longpoll/A8127?X-Atmosphere-tracking-id=0&X-Atmosphere-Framework=2.2.3-javascript&X-Atmosphere-Transport=long-polling&X-Atmosphere-TrackMessageSize=true&Content-Type=charset%3Dutf-8&X-atmo-protocol=true&_=1744340288841 HTTP/1.1" 200 -
47.83.171.149 - - [11/Apr/2025:10:58:50 +0800] "GET /InternetTrading/longpoll/56327?X-Atmosphere-tracking-id=0&X-Atmosphere-Framework=2.2.3-javascript&X-Atmosphere-Transport=long-polling&X-Atmosphere-TrackMessageSize=true&Content-Type=charset%3Dutf-8&X-atmo-protocol=true&_=1744340291724 HTTP/1.1" 200 -
203.145.94.36 - - [11/Apr/2025:10:58:50 +0800] "POST /InternetTrading/SessionErrorLogger HTTP/1.1" 200 117
203.145.94.36 - - [11/Apr/2025:10:58:50 +0800] "POST /InternetTrading/Heartbeat HTTP/1.1" 200 32
113.118.5.130 - - [11/Apr/2025:10:58:50 +0800] "GET /InternetTrading/longpoll/52832?X-Atmosphere-tracking-id=0&X-Atmosphere-Framework=2.2.3-javascript&X-Atmosphere-Transport=long-polling&X-Atmosphere-TrackMessageSize=true&Content-Type=charset%3Dutf-8&X-atmo-protocol=true&_=1744340291759 HTTP/1.1" 200 -
65.181.90.29 - - [11/Apr/2025:10:58:52 +0800] "GET /InternetTrading/longpoll/54338?X-Atmosphere-tracking-id=0&X-Atmosphere-Framework=2.2.3-javascript&X-Atmosphere-Transport=long-polling&X-Atmosphere-TrackMessageSize=true&Content-Type=charset%3Dutf-8&X-atmo-protocol=true&_=1744340295130 HTTP/1.1" 200 -
203.145.94.36 - - [11/Apr/2025:10:58:52 +0800] "GET /InternetTrading/longpoll/54822?X-Atmosphere-tracking-id=0&X-Atmosphere-Framework=2.2.3-javascript&X-Atmosphere-Transport=long-polling&X-Atmosphere-TrackMessageSize=true&Content-Type=charset%3Dutf-8&X-atmo-protocol=true&_=1744340292623 HTTP/1.1" 200 -
182.239.93.77 - - [11/Apr/2025:10:58:52 +0800] "GET /InternetTrading/longpoll/A8127?X-Atmosphere-tracking-id=0&X-Atmosphere-Framework=2.2.3-javascript&X-Atmosphere-Transport=long-polling&X-Atmosphere-TrackMessageSize=true&Content-Type=charset%3Dutf-8&X-atmo-protocol=true&_=1744340294085 HTTP/1.1" 200 -
47.83.171.149 - - [11/Apr/2025:10:58:55 +0800] "GET /InternetTrading/longpoll/56327?X-Atmosphere-tracking-id=0&X-Atmosphere-Framework=2.2.3-javascript&X-Atmosphere-Transport=long-polling&X-Atmosphere-TrackMessageSize=true&Content-Type=charset%3Dutf-8&X-atmo-protocol=true&_=1744340296846 HTTP/1.1" 200 -
113.118.5.130 - - [11/Apr/2025:10:58:56 +0800] "GET /InternetTrading/longpoll/52832?X-Atmosphere-tracking-id=0&X-Atmosphere-Framework=2.2.3-javascript&X-Atmosphere-Transport=long-polling&X-Atmosphere-TrackMessageSize=true&Content-Type=charset%3Dutf-8&X-atmo-protocol=true&_=1744340296792 HTTP/1.1" 200 -
47.83.171.149 - - [11/Apr/2025:10:58:57 +0800] "POST /InternetTrading/SessionErrorLogger HTTP/1.1" 200 117
203.145.94.36 - - [11/Apr/2025:10:58:58 +0800] "GET /InternetTrading/longpoll/54822?X-Atmosphere-tracking-id=0&X-Atmosphere-Framework=2.2.3-javascript&X-Atmosphere-Transport=long-polling&X-Atmosphere-TrackMessageSize=true&Content-Type=charset%3Dutf-8&X-atmo-protocol=true&_=1744340297878 HTTP/1.1" 200 -
47.83.171.149 - - [11/Apr/2025:10:58:58 +0800] "POST /InternetTrading/Heartbeat HTTP/1.1" 200 32
47.83.171.149 - - [11/Apr/2025:10:58:58 +0800] "POST /InternetTrading/SessionErrorLogger HTTP/1.1" 200 117
47.83.171.149 - - [11/Apr/2025:10:58:58 +0800] "POST /InternetTrading/MarketStatus HTTP/1.1" 200 772
182.239.93.77 - - [11/Apr/2025:10:58:58 +0800] "GET /InternetTrading/longpoll/A8127?X-Atmosphere-tracking-id=0&X-Atmosphere-Framework=2.2.3-javascript&X-Atmosphere-Transport=long-polling&X-Atmosphere-TrackMessageSize=true&Content-Type=charset%3Dutf-8&X-atmo-protocol=true&_=1744340299336 HTTP/1.1" 200 -
65.181.90.29 - - [11/Apr/2025:10:58:58 +0800] "GET /InternetTrading/longpoll/54338?X-Atmosphere-tracking-id=0&X-Atmosphere-Framework=2.2.3-javascript&X-Atmosphere-Transport=long-polling&X-Atmosphere-TrackMessageSize=true&Content-Type=charset%3Dutf-8&X-atmo-protocol=true&_=1744340301128 HTTP/1.1" 200 -
47.83.171.149 - - [11/Apr/2025:10:59:00 +0800] "GET /InternetTrading/sc/images/top_menu04_o.jpg HTTP/1.1" 200 3365
47.83.171.149 - - [11/Apr/2025:10:59:00 +0800] "GET /InternetTrading/sc/images/top_menu04.jpg HTTP/1.1" 200 3470
47.83.171.149 - - [11/Apr/2025:10:59:00 +0800] "GET /InternetTrading/longpoll/56327?X-Atmosphere-tracking-id=0&X-Atmosphere-Framework=2.2.3-javascript&X-Atmosphere-Transport=long-polling&X-Atmosphere-TrackMessageSize=true&Content-Type=charset%3Dutf-8&X-atmo-protocol=true&_=1744340301946 HTTP/1.1" 200 -
113.118.5.130 - - [11/Apr/2025:10:59:01 +0800] "GET /InternetTrading/longpoll/52832?X-Atmosphere-tracking-id=0&X-Atmosphere-Framework=2.2.3-javascript&X-Atmosphere-Transport=long-polling&X-Atmosphere-TrackMessageSize=true&Content-Type=charset%3Dutf-8&X-atmo-protocol=true&_=1744340301874 HTTP/1.1" 200 -
203.145.94.36 - - [11/Apr/2025:10:59:03 +0800] "GET /InternetTrading/longpoll/54822?X-Atmosphere-tracking-id=0&X-Atmosphere-Framework=2.2.3-javascript&X-Atmosphere-Transport=long-polling&X-Atmosphere-TrackMessageSize=true&Content-Type=charset%3Dutf-8&X-atmo-protocol=true&_=1744340303103 HTTP/1.1" 200 -
182.239.93.77 - - [11/Apr/2025:10:59:03 +0800] "GET /InternetTrading/longpoll/A8127?X-Atmosphere-tracking-id=0&X-Atmosphere-Framework=2.2.3-javascript&X-Atmosphere-Transport=long-polling&X-Atmosphere-TrackMessageSize=true&Content-Type=charset%3Dutf-8&X-atmo-protocol=true&_=1744340304683 HTTP/1.1" 200 -
65.181.90.29 - - [11/Apr/2025:10:59:04 +0800] "GET /InternetTrading/longpoll/54338?X-Atmosphere-tracking-id=0&X-Atmosphere-Framework=2.2.3-javascript&X-Atmosphere-Transport=long-polling&X-Atmosphere-TrackMessageSize=true&Content-Type=charset%3Dutf-8&X-atmo-protocol=true&_=1744340307127 HTTP/1.1" 200 -
113.118.5.130 - - [11/Apr/2025:10:59:04 +0800] "POST /InternetTrading/SessionErrorLogger HTTP/1.1" 200 117
113.118.5.130 - - [11/Apr/2025:10:59:04 +0800] "POST /InternetTrading/Heartbeat HTTP/1.1" 200 32
203.145.94.36 - - [11/Apr/2025:10:59:05 +0800] "GET /InternetTrading/jquery/wait.gif HTTP/1.1" 200 432
203.145.94.36 - - [11/Apr/2025:10:59:05 +0800] "POST /InternetTrading/SessionErrorLogger HTTP/1.1" 200 117
203.145.94.36 - - [11/Apr/2025:10:59:05 +0800] "POST /InternetTrading/Orderbook HTTP/1.1" 200 1175
14.127.12.81 - - [11/Apr/2025:10:59:05 +0800] "POST /InternetTrading/Heartbeat2FAService HTTP/1.1" 200 1
47.83.171.149 - - [11/Apr/2025:10:59:05 +0800] "GET /InternetTrading/longpoll/56327?X-Atmosphere-tracking-id=0&X-Atmosphere-Framework=2.2.3-javascript&X-Atmosphere-Transport=long-polling&X-Atmosphere-TrackMessageSize=true&Content-Type=charset%3Dutf-8&X-atmo-protocol=true&_=1744340307096 HTTP/1.1" 200 -
113.118.5.130 - - [11/Apr/2025:10:59:06 +0800] "GET /InternetTrading/longpoll/52832?X-Atmosphere-tracking-id=0&X-Atmosphere-Framework=2.2.3-javascript&X-Atmosphere-Transport=long-polling&X-Atmosphere-TrackMessageSize=true&Content-Type=charset%3Dutf-8&X-atmo-protocol=true&_=1744340306896 HTTP/1.1" 200 -
203.145.94.36 - - [11/Apr/2025:10:59:06 +0800] "POST /InternetTrading/SessionErrorLogger HTTP/1.1" 200 117
203.145.94.36 - - [11/Apr/2025:10:59:06 +0800] "POST /InternetTrading/Portfolio HTTP/1.1" 200 1569
113.118.5.130 - - [11/Apr/2025:10:59:06 +0800] "POST /InternetTrading/SessionErrorLogger HTTP/1.1" 200 117
113.118.5.130 - - [11/Apr/2025:10:59:06 +0800] "POST /InternetTrading/MarketStatus HTTP/1.1" 200 772
203.145.94.36 - - [11/Apr/2025:10:59:08 +0800] "GET /InternetTrading/longpoll/54822?X-Atmosphere-tracking-id=0&X-Atmosphere-Framework=2.2.3-javascript&X-Atmosphere-Transport=long-polling&X-Atmosphere-TrackMessageSize=true&Content-Type=charset%3Dutf-8&X-atmo-protocol=true&_=1744340308396 HTTP/1.1" 200 -
182.239.93.77 - - [11/Apr/2025:10:59:08 +0800] "GET /InternetTrading/longpoll/A8127?X-Atmosphere-tracking-id=0&X-Atmosphere-Framework=2.2.3-javascript&X-Atmosphere-Transport=long-polling&X-Atmosphere-TrackMessageSize=true&Content-Type=charset%3Dutf-8&X-atmo-protocol=true&_=1744340310080 HTTP/1.1" 200 -
182.239.93.77 - - [11/Apr/2025:10:59:09 +0800] "POST /InternetTrading/SessionErrorLogger HTTP/1.1" 200 117
182.239.93.77 - - [11/Apr/2025:10:59:09 +0800] "POST /InternetTrading/Heartbeat HTTP/1.1" 200 32
182.239.93.77 - - [11/Apr/2025:10:59:10 +0800] "POST /InternetTrading/SessionErrorLogger HTTP/1.1" 200 117
182.239.93.77 - - [11/Apr/2025:10:59:10 +0800] "POST /InternetTrading/MarketStatus HTTP/1.1" 200 772
65.181.90.29 - - [11/Apr/2025:10:59:10 +0800] "GET /InternetTrading/longpoll/54338?X-Atmosphere-tracking-id=0&X-Atmosphere-Framework=2.2.3-javascript&X-Atmosphere-Transport=long-polling&X-Atmosphere-TrackMessageSize=true&Content-Type=charset%3Dutf-8&X-atmo-protocol=true&_=1744340313128 HTTP/1.1" 200 -
47.83.171.149 - - [11/Apr/2025:10:59:10 +0800] "GET /InternetTrading/longpoll/56327?X-Atmosphere-tracking-id=0&X-Atmosphere-Framework=2.2.3-javascript&X-Atmosphere-Transport=long-polling&X-Atmosphere-TrackMessageSize=true&Content-Type=charset%3Dutf-8&X-atmo-protocol=true&_=1744340312202 HTTP/1.1" 200 -
113.118.5.130 - - [11/Apr/2025:10:59:11 +0800] "GET /InternetTrading/longpoll/52832?X-Atmosphere-tracking-id=0&X-Atmosphere-Framework=2.2.3-javascript&X-Atmosphere-Transport=long-polling&X-Atmosphere-TrackMessageSize=true&Content-Type=charset%3Dutf-8&X-atmo-protocol=true&_=1744340311929 HTTP/1.1" 200 -
203.145.94.36 - - [11/Apr/2025:10:59:13 +0800] "GET /InternetTrading/longpoll/54822?X-Atmosphere-tracking-id=0&X-Atmosphere-Framework=2.2.3-javascript&X-Atmosphere-Transport=long-polling&X-Atmosphere-TrackMessageSize=true&Content-Type=charset%3Dutf-8&X-atmo-protocol=true&_=1744340313558 HTTP/1.1" 200 -
182.239.93.77 - - [11/Apr/2025:10:59:14 +0800] "GET /InternetTrading/longpoll/A8127?X-Atmosphere-tracking-id=0&X-Atmosphere-Framework=2.2.3-javascript&X-Atmosphere-Transport=long-polling&X-Atmosphere-TrackMessageSize=true&Content-Type=charset%3Dutf-8&X-atmo-protocol=true&_=1744340315339 HTTP/1.1" 200 -
47.83.171.149 - - [11/Apr/2025:10:59:16 +0800] "GET /InternetTrading/longpoll/56327?X-Atmosphere-tracking-id=0&X-Atmosphere-Framework=2.2.3-javascript&X-Atmosphere-Transport=long-polling&X-Atmosphere-TrackMessageSize=true&Content-Type=charset%3Dutf-8&X-atmo-protocol=true&_=1744340317430 HTTP/1.1" 200 -
203.145.94.36 - - [11/Apr/2025:10:59:16 +0800] "POST /InternetTrading/SessionErrorLogger HTTP/1.1" 200 117
203.145.94.36 - - [11/Apr/2025:10:59:16 +0800] "POST /InternetTrading/MarketStatus HTTP/1.1" 200 772
113.118.5.130 - - [11/Apr/2025:10:59:16 +0800] "GET /InternetTrading/longpoll/52832?X-Atmosphere-tracking-id=0&X-Atmosphere-Framework=2.2.3-javascript&X-Atmosphere-Transport=long-polling&X-Atmosphere-TrackMessageSize=true&Content-Type=charset%3Dutf-8&X-atmo-protocol=true&_=1744340316970 HTTP/1.1" 200 -
65.181.90.29 - - [11/Apr/2025:10:59:16 +0800] "GET /InternetTrading/longpoll/54338?X-Atmosphere-tracking-id=0&X-Atmosphere-Framework=2.2.3-javascript&X-Atmosphere-Transport=long-polling&X-Atmosphere-TrackMessageSize=true&Content-Type=charset%3Dutf-8&X-atmo-protocol=true&_=1744340319118 HTTP/1.1" 200 -
203.145.94.36 - - [11/Apr/2025:10:59:18 +0800] "GET /InternetTrading/longpoll/54822?X-Atmosphere-tracking-id=0&X-Atmosphere-Framework=2.2.3-javascript&X-Atmosphere-Transport=long-polling&X-Atmosphere-TrackMessageSize=true&Content-Type=charset%3Dutf-8&X-atmo-protocol=true&_=1744340318796 HTTP/1.1" 200 -
182.239.93.77 - - [11/Apr/2025:10:59:19 +0800] "GET /InternetTrading/longpoll/A8127?X-Atmosphere-tracking-id=0&X-Atmosphere-Framework=2.2.3-javascript&X-Atmosphere-Transport=long-polling&X-Atmosphere-TrackMessageSize=true&Content-Type=charset%3Dutf-8&X-atmo-protocol=true&_=1744340320482 HTTP/1.1" 200 -
203.145.94.36 - - [11/Apr/2025:10:59:20 +0800] "POST /InternetTrading/SessionErrorLogger HTTP/1.1" 200 117
203.145.94.36 - - [11/Apr/2025:10:59:20 +0800] "POST /InternetTrading/Heartbeat HTTP/1.1" 200 32
113.118.209.42 - - [11/Apr/2025:10:59:20 +0800] "POST /InternetTrading/Heartbeat2FAService HTTP/1.1" 200 1
47.83.171.149 - - [11/Apr/2025:10:59:21 +0800] "GET /InternetTrading/longpoll/56327?X-Atmosphere-tracking-id=0&X-Atmosphere-Framework=2.2.3-javascript&X-Atmosphere-Transport=long-polling&X-Atmosphere-TrackMessageSize=true&Content-Type=charset%3Dutf-8&X-atmo-protocol=true&_=1744340322676 HTTP/1.1" 200 -
113.118.5.130 - - [11/Apr/2025:10:59:21 +0800] "GET /InternetTrading/longpoll/52832?X-Atmosphere-tracking-id=0&X-Atmosphere-Framework=2.2.3-javascript&X-Atmosphere-Transport=long-polling&X-Atmosphere-TrackMessageSize=true&Content-Type=charset%3Dutf-8&X-atmo-protocol=true&_=1744340322032 HTTP/1.1" 200 -
65.181.90.29 - - [11/Apr/2025:10:59:22 +0800] "GET /InternetTrading/longpoll/54338?X-Atmosphere-tracking-id=0&X-Atmosphere-Framework=2.2.3-javascript&X-Atmosphere-Transport=long-polling&X-Atmosphere-TrackMessageSize=true&Content-Type=charset%3Dutf-8&X-atmo-protocol=true&_=1744340325128 HTTP/1.1" 200 -
203.145.94.36 - - [11/Apr/2025:10:59:24 +0800] "GET /InternetTrading/longpoll/54822?X-Atmosphere-tracking-id=0&X-Atmosphere-Framework=2.2.3-javascript&X-Atmosphere-Transport=long-polling&X-Atmosphere-TrackMessageSize=true&Content-Type=charset%3Dutf-8&X-atmo-protocol=true&_=1744340324059 HTTP/1.1" 200 -
182.239.93.77 - - [11/Apr/2025:10:59:24 +0800] "GET /InternetTrading/longpoll/A8127?X-Atmosphere-tracking-id=0&X-Atmosphere-Framework=2.2.3-javascript&X-Atmosphere-Transport=long-polling&X-Atmosphere-TrackMessageSize=true&Content-Type=charset%3Dutf-8&X-atmo-protocol=true&_=1744340325815 HTTP/1.1" 200 -
47.83.171.149 - - [11/Apr/2025:10:59:26 +0800] "GET /InternetTrading/longpoll/56327?X-Atmosphere-tracking-id=0&X-Atmosphere-Framework=2.2.3-javascript&X-Atmosphere-Transport=long-polling&X-Atmosphere-TrackMessageSize=true&Content-Type=charset%3Dutf-8&X-atmo-protocol=true&_=1744340327905 HTTP/1.1" 200 -
113.118.5.130 - - [11/Apr/2025:10:59:26 +0800] "GET /InternetTrading/longpoll/52832?X-Atmosphere-tracking-id=0&X-Atmosphere-Framework=2.2.3-javascript&X-Atmosphere-Transport=long-polling&X-Atmosphere-TrackMessageSize=true&Content-Type=charset%3Dutf-8&X-atmo-protocol=true&_=1744340327339 HTTP/1.1" 200 -
47.83.171.149 - - [11/Apr/2025:10:59:28 +0800] "POST /InternetTrading/SessionErrorLogger HTTP/1.1" 200 117
47.83.171.149 - - [11/Apr/2025:10:59:28 +0800] "POST /InternetTrading/Heartbeat HTTP/1.1" 200 32
47.83.171.149 - - [11/Apr/2025:10:59:28 +0800] "POST /InternetTrading/SessionErrorLogger HTTP/1.1" 200 117
47.83.171.149 - - [11/Apr/2025:10:59:28 +0800] "POST /InternetTrading/MarketStatus HTTP/1.1" 200 772
65.181.90.29 - - [11/Apr/2025:10:59:28 +0800] "GET /InternetTrading/longpoll/54338?X-Atmosphere-tracking-id=0&X-Atmosphere-Framework=2.2.3-javascript&X-Atmosphere-Transport=long-polling&X-Atmosphere-TrackMessageSize=true&Content-Type=charset%3Dutf-8&X-atmo-protocol=true&_=1744340331129 HTTP/1.1" 200 -
203.145.94.36 - - [11/Apr/2025:10:59:29 +0800] "GET /InternetTrading/longpoll/54822?X-Atmosphere-tracking-id=0&X-Atmosphere-Framework=2.2.3-javascript&X-Atmosphere-Transport=long-polling&X-Atmosphere-TrackMessageSize=true&Content-Type=charset%3Dutf-8&X-atmo-protocol=true&_=1744340329300 HTTP/1.1" 200 -
182.239.93.77 - - [11/Apr/2025:10:59:29 +0800] "GET /InternetTrading/longpoll/A8127?X-Atmosphere-tracking-id=0&X-Atmosphere-Framework=2.2.3-javascript&X-Atmosphere-Transport=long-polling&X-Atmosphere-TrackMessageSize=true&Content-Type=charset%3Dutf-8&X-atmo-protocol=true&_=1744340330999 HTTP/1.1" 200 -
47.83.171.149 - - [11/Apr/2025:10:59:31 +0800] "GET /InternetTrading/longpoll/56327?X-Atmosphere-tracking-id=0&X-Atmosphere-Framework=2.2.3-javascript&X-Atmosphere-Transport=long-polling&X-Atmosphere-TrackMessageSize=true&Content-Type=charset%3Dutf-8&X-atmo-protocol=true&_=1744340333214 HTTP/1.1" 200 -
113.118.5.130 - - [11/Apr/2025:10:59:31 +0800] "GET /InternetTrading/longpoll/52832?X-Atmosphere-tracking-id=0&X-Atmosphere-Framework=2.2.3-javascript&X-Atmosphere-Transport=long-polling&X-Atmosphere-TrackMessageSize=true&Content-Type=charset%3Dutf-8&X-atmo-protocol=true&_=1744340332685 HTTP/1.1" 200 -
65.181.90.29 - - [11/Apr/2025:10:59:34 +0800] "POST /InternetTrading/SessionErrorLogger HTTP/1.1" 200 117
65.181.90.29 - - [11/Apr/2025:10:59:34 +0800] "POST /InternetTrading/Heartbeat HTTP/1.1" 200 32
65.181.90.29 - - [11/Apr/2025:10:59:34 +0800] "POST /InternetTrading/SessionErrorLogger HTTP/1.1" 200 117
65.181.90.29 - - [11/Apr/2025:10:59:34 +0800] "GET /InternetTrading/longpoll/54338?X-Atmosphere-tracking-id=0&X-Atmosphere-Framework=2.2.3-javascript&X-Atmosphere-Transport=long-polling&X-Atmosphere-TrackMessageSize=true&Content-Type=charset%3Dutf-8&X-atmo-protocol=true&_=1744340337189 HTTP/1.1" 200 -
65.181.90.29 - - [11/Apr/2025:10:59:34 +0800] "POST /InternetTrading/MarketStatus HTTP/1.1" 200 772
113.118.5.130 - - [11/Apr/2025:10:59:34 +0800] "POST /InternetTrading/SessionErrorLogger HTTP/1.1" 200 117
113.118.5.130 - - [11/Apr/2025:10:59:34 +0800] "POST /InternetTrading/Heartbeat HTTP/1.1" 200 32
203.145.94.36 - - [11/Apr/2025:10:59:34 +0800] "GET /InternetTrading/longpoll/54822?X-Atmosphere-tracking-id=0&X-Atmosphere-Framework=2.2.3-javascript&X-Atmosphere-Transport=long-polling&X-Atmosphere-TrackMessageSize=true&Content-Type=charset%3Dutf-8&X-atmo-protocol=true&_=1744340334619 HTTP/1.1" 200 -
182.239.93.77 - - [11/Apr/2025:10:59:35 +0800] "GET /InternetTrading/longpoll/A8127?X-Atmosphere-tracking-id=0&X-Atmosphere-Framework=2.2.3-javascript&X-Atmosphere-Transport=long-polling&X-Atmosphere-TrackMessageSize=true&Content-Type=charset%3Dutf-8&X-atmo-protocol=true&_=1744340336354 HTTP/1.1" 200 -
14.127.12.81 - - [11/Apr/2025:10:59:35 +0800] "POST /InternetTrading/Heartbeat2FAService HTTP/1.1" 200 1
113.118.5.130 - - [11/Apr/2025:10:59:36 +0800] "POST /InternetTrading/SessionErrorLogger HTTP/1.1" 200 117
47.83.171.149 - - [11/Apr/2025:10:59:36 +0800] "GET /InternetTrading/longpoll/56327?X-Atmosphere-tracking-id=0&X-Atmosphere-Framework=2.2.3-javascript&X-Atmosphere-Transport=long-polling&X-Atmosphere-TrackMessageSize=true&Content-Type=charset%3Dutf-8&X-atmo-protocol=true&_=1744340338316 HTTP/1.1" 200 -
113.118.5.130 - - [11/Apr/2025:10:59:36 +0800] "POST /InternetTrading/MarketStatus HTTP/1.1" 200 772
113.118.5.130 - - [11/Apr/2025:10:59:36 +0800] "GET /InternetTrading/longpoll/52832?X-Atmosphere-tracking-id=0&X-Atmosphere-Framework=2.2.3-javascript&X-Atmosphere-Transport=long-polling&X-Atmosphere-TrackMessageSize=true&Content-Type=charset%3Dutf-8&X-atmo-protocol=true&_=1744340337720 HTTP/1.1" 200 -
182.239.93.77 - - [11/Apr/2025:10:59:40 +0800] "POST /InternetTrading/SessionErrorLogger HTTP/1.1" 200 117
203.145.94.36 - - [11/Apr/2025:10:59:40 +0800] "GET /InternetTrading/longpoll/54822?X-Atmosphere-tracking-id=0&X-Atmosphere-Framework=2.2.3-javascript&X-Atmosphere-Transport=long-polling&X-Atmosphere-TrackMessageSize=true&Content-Type=charset%3Dutf-8&X-atmo-protocol=true&_=1744340339859 HTTP/1.1" 200 -
182.239.93.77 - - [11/Apr/2025:10:59:40 +0800] "POST /InternetTrading/Heartbeat HTTP/1.1" 200 32
182.239.93.77 - - [11/Apr/2025:10:59:40 +0800] "GET /InternetTrading/longpoll/A8127?X-Atmosphere-tracking-id=0&X-Atmosphere-Framework=2.2.3-javascript&X-Atmosphere-Transport=long-polling&X-Atmosphere-TrackMessageSize=true&Content-Type=charset%3Dutf-8&X-atmo-protocol=true&_=1744340341609 HTTP/1.1" 200 -
182.239.93.77 - - [11/Apr/2025:10:59:40 +0800] "POST /InternetTrading/SessionErrorLogger HTTP/1.1" 200 117
182.239.93.77 - - [11/Apr/2025:10:59:40 +0800] "POST /InternetTrading/MarketStatus HTTP/1.1" 200 772
65.181.90.29 - - [11/Apr/2025:10:59:40 +0800] "GET /InternetTrading/longpoll/54338?X-Atmosphere-tracking-id=0&X-Atmosphere-Framework=2.2.3-javascript&X-Atmosphere-Transport=long-polling&X-Atmosphere-TrackMessageSize=true&Content-Type=charset%3Dutf-8&X-atmo-protocol=true&_=1744340343116 HTTP/1.1" 200 -
113.118.5.130 - - [11/Apr/2025:10:59:41 +0800] "GET /InternetTrading/longpoll/52832?X-Atmosphere-tracking-id=0&X-Atmosphere-Framework=2.2.3-javascript&X-Atmosphere-Transport=long-polling&X-Atmosphere-TrackMessageSize=true&Content-Type=charset%3Dutf-8&X-atmo-protocol=true&_=1744340342751 HTTP/1.1" 200 -
47.83.171.149 - - [11/Apr/2025:10:59:42 +0800] "GET /InternetTrading/longpoll/56327?X-Atmosphere-tracking-id=0&X-Atmosphere-Framework=2.2.3-javascript&X-Atmosphere-Transport=long-polling&X-Atmosphere-TrackMessageSize=true&Content-Type=charset%3Dutf-8&X-atmo-protocol=true&_=1744340343407 HTTP/1.1" 200 -
203.145.94.36 - - [11/Apr/2025:10:59:45 +0800] "GET /InternetTrading/longpoll/54822?X-Atmosphere-tracking-id=0&X-Atmosphere-Framework=2.2.3-javascript&X-Atmosphere-Transport=long-polling&X-Atmosphere-TrackMessageSize=true&Content-Type=charset%3Dutf-8&X-atmo-protocol=true&_=1744340345164 HTTP/1.1" 200 -
182.239.93.77 - - [11/Apr/2025:10:59:45 +0800] "GET /InternetTrading/longpoll/A8127?X-Atmosphere-tracking-id=0&X-Atmosphere-Framework=2.2.3-javascript&X-Atmosphere-Transport=long-polling&X-Atmosphere-TrackMessageSize=true&Content-Type=charset%3Dutf-8&X-atmo-protocol=true&_=1744340346750 HTTP/1.1" 200 -
203.145.94.36 - - [11/Apr/2025:10:59:46 +0800] "POST /InternetTrading/SessionErrorLogger HTTP/1.1" 200 117
203.145.94.36 - - [11/Apr/2025:10:59:46 +0800] "POST /InternetTrading/MarketStatus HTTP/1.1" 200 772
65.181.90.29 - - [11/Apr/2025:10:59:46 +0800] "GET /InternetTrading/longpoll/54338?X-Atmosphere-tracking-id=0&X-Atmosphere-Framework=2.2.3-javascript&X-Atmosphere-Transport=long-polling&X-Atmosphere-TrackMessageSize=true&Content-Type=charset%3Dutf-8&X-atmo-protocol=true&_=1744340349121 HTTP/1.1" 200 -
113.118.5.130 - - [11/Apr/2025:10:59:47 +0800] "GET /InternetTrading/longpoll/52832?X-Atmosphere-tracking-id=0&X-Atmosphere-Framework=2.2.3-javascript&X-Atmosphere-Transport=long-polling&X-Atmosphere-TrackMessageSize=true&Content-Type=charset%3Dutf-8&X-atmo-protocol=true&_=1744340347822 HTTP/1.1" 200 -
47.83.171.149 - - [11/Apr/2025:10:59:47 +0800] "GET /InternetTrading/longpoll/56327?X-Atmosphere-tracking-id=0&X-Atmosphere-Framework=2.2.3-javascript&X-Atmosphere-Transport=long-polling&X-Atmosphere-TrackMessageSize=true&Content-Type=charset%3Dutf-8&X-atmo-protocol=true&_=1744340348652 HTTP/1.1" 200 -
203.145.94.36 - - [11/Apr/2025:10:59:50 +0800] "GET /InternetTrading/longpoll/54822?X-Atmosphere-tracking-id=0&X-Atmosphere-Framework=2.2.3-javascript&X-Atmosphere-Transport=long-polling&X-Atmosphere-TrackMessageSize=true&Content-Type=charset%3Dutf-8&X-atmo-protocol=true&_=1744340350365 HTTP/1.1" 200 -
203.145.94.36 - - [11/Apr/2025:10:59:50 +0800] "POST /InternetTrading/SessionErrorLogger HTTP/1.1" 200 117
203.145.94.36 - - [11/Apr/2025:10:59:50 +0800] "POST /InternetTrading/Heartbeat HTTP/1.1" 200 32
182.239.93.77 - - [11/Apr/2025:10:59:50 +0800] "GET /InternetTrading/longpoll/A8127?X-Atmosphere-tracking-id=0&X-Atmosphere-Framework=2.2.3-javascript&X-Atmosphere-Transport=long-polling&X-Atmosphere-TrackMessageSize=true&Content-Type=charset%3Dutf-8&X-atmo-protocol=true&_=1744340351897 HTTP/1.1" 200 -
113.118.5.130 - - [11/Apr/2025:10:59:52 +0800] "GET /InternetTrading/longpoll/52832?X-Atmosphere-tracking-id=0&X-Atmosphere-Framework=2.2.3-javascript&X-Atmosphere-Transport=long-polling&X-Atmosphere-TrackMessageSize=true&Content-Type=charset%3Dutf-8&X-atmo-protocol=true&_=1744340352890 HTTP/1.1" 200 -
47.83.171.149 - - [11/Apr/2025:10:59:52 +0800] "GET /InternetTrading/longpoll/56327?X-Atmosphere-tracking-id=0&X-Atmosphere-Framework=2.2.3-javascript&X-Atmosphere-Transport=long-polling&X-Atmosphere-TrackMessageSize=true&Content-Type=charset%3Dutf-8&X-atmo-protocol=true&_=1744340353881 HTTP/1.1" 200 -
65.181.90.29 - - [11/Apr/2025:10:59:52 +0800] "GET /InternetTrading/longpoll/54338?X-Atmosphere-tracking-id=0&X-Atmosphere-Framework=2.2.3-javascript&X-Atmosphere-Transport=long-polling&X-Atmosphere-TrackMessageSize=true&Content-Type=charset%3Dutf-8&X-atmo-protocol=true&_=1744340355129 HTTP/1.1" 200 -
203.145.94.36 - - [11/Apr/2025:10:59:55 +0800] "GET /InternetTrading/longpoll/54822?X-Atmosphere-tracking-id=0&X-Atmosphere-Framework=2.2.3-javascript&X-Atmosphere-Transport=long-polling&X-Atmosphere-TrackMessageSize=true&Content-Type=charset%3Dutf-8&X-atmo-protocol=true&_=1744340355744 HTTP/1.1" 200 -
182.239.93.77 - - [11/Apr/2025:10:59:55 +0800] "GET /InternetTrading/longpoll/A8127?X-Atmosphere-tracking-id=0&X-Atmosphere-Framework=2.2.3-javascript&X-Atmosphere-Transport=long-polling&X-Atmosphere-TrackMessageSize=true&Content-Type=charset%3Dutf-8&X-atmo-protocol=true&_=1744340357160 HTTP/1.1" 200 -
113.118.5.130 - - [11/Apr/2025:10:59:57 +0800] "GET /InternetTrading/longpoll/52832?X-Atmosphere-tracking-id=0&X-Atmosphere-Framework=2.2.3-javascript&X-Atmosphere-Transport=long-polling&X-Atmosphere-TrackMessageSize=true&Content-Type=charset%3Dutf-8&X-atmo-protocol=true&_=1744340357923 HTTP/1.1" 200 -
47.83.171.149 - - [11/Apr/2025:10:59:57 +0800] "GET /InternetTrading/longpoll/56327?X-Atmosphere-tracking-id=0&X-Atmosphere-Framework=2.2.3-javascript&X-Atmosphere-Transport=long-polling&X-Atmosphere-TrackMessageSize=true&Content-Type=charset%3Dutf-8&X-atmo-protocol=true&_=1744340359143 HTTP/1.1" 200 -
47.83.171.149 - - [11/Apr/2025:10:59:58 +0800] "POST /InternetTrading/SessionErrorLogger HTTP/1.1" 200 117
47.83.171.149 - - [11/Apr/2025:10:59:58 +0800] "POST /InternetTrading/Heartbeat HTTP/1.1" 200 32
47.83.171.149 - - [11/Apr/2025:10:59:58 +0800] "POST /InternetTrading/SessionErrorLogger HTTP/1.1" 200 117
47.83.171.149 - - [11/Apr/2025:10:59:58 +0800] "POST /InternetTrading/MarketStatus HTTP/1.1" 200 772
65.181.90.29 - - [11/Apr/2025:10:59:58 +0800] "GET /InternetTrading/longpoll/54338?X-Atmosphere-tracking-id=0&X-Atmosphere-Framework=2.2.3-javascript&X-Atmosphere-Transport=long-polling&X-Atmosphere-TrackMessageSize=true&Content-Type=charset%3Dutf-8&X-atmo-protocol=true&_=1744340361124 HTTP/1.1" 200 -
203.145.94.36 - - [11/Apr/2025:11:00:01 +0800] "GET /InternetTrading/longpoll/54822?X-Atmosphere-tracking-id=0&X-Atmosphere-Framework=2.2.3-javascript&X-Atmosphere-Transport=long-polling&X-Atmosphere-TrackMessageSize=true&Content-Type=charset%3Dutf-8&X-atmo-protocol=true&_=1744340361006 HTTP/1.1" 200 -
182.239.93.77 - - [11/Apr/2025:11:00:01 +0800] "GET /InternetTrading/longpoll/A8127?X-Atmosphere-tracking-id=0&X-Atmosphere-Framework=2.2.3-javascript&X-Atmosphere-Transport=long-polling&X-Atmosphere-TrackMessageSize=true&Content-Type=charset%3Dutf-8&X-atmo-protocol=true&_=1744340362404 HTTP/1.1" 200 -
113.118.5.130 - - [11/Apr/2025:11:00:02 +0800] "GET /InternetTrading/longpoll/52832?X-Atmosphere-tracking-id=0&X-Atmosphere-Framework=2.2.3-javascript&X-Atmosphere-Transport=long-polling&X-Atmosphere-TrackMessageSize=true&Content-Type=charset%3Dutf-8&X-atmo-protocol=true&_=1744340362984 HTTP/1.1" 200 -
47.83.171.149 - - [11/Apr/2025:11:00:02 +0800] "GET /InternetTrading/longpoll/56327?X-Atmosphere-tracking-id=0&X-Atmosphere-Framework=2.2.3-javascript&X-Atmosphere-Transport=long-polling&X-Atmosphere-TrackMessageSize=true&Content-Type=charset%3Dutf-8&X-atmo-protocol=true&_=1744340364394 HTTP/1.1" 200 -
65.181.90.29 - - [11/Apr/2025:11:00:04 +0800] "GET /InternetTrading/longpoll/54338?X-Atmosphere-tracking-id=0&X-Atmosphere-Framework=2.2.3-javascript&X-Atmosphere-Transport=long-polling&X-Atmosphere-TrackMessageSize=true&Content-Type=charset%3Dutf-8&X-atmo-protocol=true&_=1744340367124 HTTP/1.1" 200 -
113.118.5.130 - - [11/Apr/2025:11:00:04 +0800] "POST /InternetTrading/SessionErrorLogger HTTP/1.1" 200 117
113.118.5.130 - - [11/Apr/2025:11:00:04 +0800] "POST /InternetTrading/Heartbeat HTTP/1.1" 200 32
14.127.12.81 - - [11/Apr/2025:11:00:05 +0800] "POST /InternetTrading/Heartbeat2FAService HTTP/1.1" 200 1
203.145.94.36 - - [11/Apr/2025:11:00:06 +0800] "GET /InternetTrading/longpoll/54822?X-Atmosphere-tracking-id=0&X-Atmosphere-Framework=2.2.3-javascript&X-Atmosphere-Transport=long-polling&X-Atmosphere-TrackMessageSize=true&Content-Type=charset%3Dutf-8&X-atmo-protocol=true&_=1744340366211 HTTP/1.1" 200 -
182.239.93.77 - - [11/Apr/2025:11:00:06 +0800] "GET /InternetTrading/longpoll/A8127?X-Atmosphere-tracking-id=0&X-Atmosphere-Framework=2.2.3-javascript&X-Atmosphere-Transport=long-polling&X-Atmosphere-TrackMessageSize=true&Content-Type=charset%3Dutf-8&X-atmo-protocol=true&_=1744340367647 HTTP/1.1" 200 -
113.118.5.130 - - [11/Apr/2025:11:00:07 +0800] "POST /InternetTrading/SessionErrorLogger HTTP/1.1" 200 117
113.118.5.130 - - [11/Apr/2025:11:00:07 +0800] "POST /InternetTrading/MarketStatus HTTP/1.1" 200 772
113.118.5.130 - - [11/Apr/2025:11:00:07 +0800] "GET /InternetTrading/longpoll/52832?X-Atmosphere-tracking-id=0&X-Atmosphere-Framework=2.2.3-javascript&X-Atmosphere-Transport=long-polling&X-Atmosphere-TrackMessageSize=true&Content-Type=charset%3Dutf-8&X-atmo-protocol=true&_=1744340368272 HTTP/1.1" 200 -
47.83.171.149 - - [11/Apr/2025:11:00:08 +0800] "GET /InternetTrading/longpoll/56327?X-Atmosphere-tracking-id=0&X-Atmosphere-Framework=2.2.3-javascript&X-Atmosphere-Transport=long-polling&X-Atmosphere-TrackMessageSize=true&Content-Type=charset%3Dutf-8&X-atmo-protocol=true&_=1744340369485 HTTP/1.1" 200 -
182.239.93.77 - - [11/Apr/2025:11:00:10 +0800] "POST /InternetTrading/SessionErrorLogger HTTP/1.1" 200 117
182.239.93.77 - - [11/Apr/2025:11:00:10 +0800] "POST /InternetTrading/Heartbeat HTTP/1.1" 200 32
182.239.93.77 - - [11/Apr/2025:11:00:10 +0800] "POST /InternetTrading/SessionErrorLogger HTTP/1.1" 200 117
65.181.90.29 - - [11/Apr/2025:11:00:10 +0800] "GET /InternetTrading/longpoll/54338?X-Atmosphere-tracking-id=0&X-Atmosphere-Framework=2.2.3-javascript&X-Atmosphere-Transport=long-polling&X-Atmosphere-TrackMessageSize=true&Content-Type=charset%3Dutf-8&X-atmo-protocol=true&_=1744340373120 HTTP/1.1" 200 -
182.239.93.77 - - [11/Apr/2025:11:00:10 +0800] "POST /InternetTrading/MarketStatus HTTP/1.1" 200 772
203.145.94.36 - - [11/Apr/2025:11:00:11 +0800] "GET /InternetTrading/longpoll/54822?X-Atmosphere-tracking-id=0&X-Atmosphere-Framework=2.2.3-javascript&X-Atmosphere-Transport=long-polling&X-Atmosphere-TrackMessageSize=true&Content-Type=charset%3Dutf-8&X-atmo-protocol=true&_=1744340371380 HTTP/1.1" 200 -
182.239.93.77 - - [11/Apr/2025:11:00:11 +0800] "GET /InternetTrading/longpoll/A8127?X-Atmosphere-tracking-id=0&X-Atmosphere-Framework=2.2.3-javascript&X-Atmosphere-Transport=long-polling&X-Atmosphere-TrackMessageSize=true&Content-Type=charset%3Dutf-8&X-atmo-protocol=true&_=1744340372894 HTTP/1.1" 200 -
113.118.5.130 - - [11/Apr/2025:11:00:12 +0800] "GET /InternetTrading/longpoll/52832?X-Atmosphere-tracking-id=0&X-Atmosphere-Framework=2.2.3-javascript&X-Atmosphere-Transport=long-polling&X-Atmosphere-TrackMessageSize=true&Content-Type=charset%3Dutf-8&X-atmo-protocol=true&_=1744340373303 HTTP/1.1" 200 -
47.83.171.149 - - [11/Apr/2025:11:00:13 +0800] "GET /InternetTrading/longpoll/56327?X-Atmosphere-tracking-id=0&X-Atmosphere-Framework=2.2.3-javascript&X-Atmosphere-Transport=long-polling&X-Atmosphere-TrackMessageSize=true&Content-Type=charset%3Dutf-8&X-atmo-protocol=true&_=1744340374748 HTTP/1.1" 200 -
203.145.94.36 - - [11/Apr/2025:11:00:16 +0800] "POST /InternetTrading/SessionErrorLogger HTTP/1.1" 200 117
203.145.94.36 - - [11/Apr/2025:11:00:16 +0800] "POST /InternetTrading/MarketStatus HTTP/1.1" 200 772
65.181.90.29 - - [11/Apr/2025:11:00:16 +0800] "GET /InternetTrading/longpoll/54338?X-Atmosphere-tracking-id=0&X-Atmosphere-Framework=2.2.3-javascript&X-Atmosphere-Transport=long-polling&X-Atmosphere-TrackMessageSize=true&Content-Type=charset%3Dutf-8&X-atmo-protocol=true&_=1744340379130 HTTP/1.1" 200 -
203.145.94.36 - - [11/Apr/2025:11:00:16 +0800] "GET /InternetTrading/longpoll/54822?X-Atmosphere-tracking-id=0&X-Atmosphere-Framework=2.2.3-javascript&X-Atmosphere-Transport=long-polling&X-Atmosphere-TrackMessageSize=true&Content-Type=charset%3Dutf-8&X-atmo-protocol=true&_=1744340376577 HTTP/1.1" 200 -
182.239.93.77 - - [11/Apr/2025:11:00:16 +0800] "GET /InternetTrading/longpoll/A8127?X-Atmosphere-tracking-id=0&X-Atmosphere-Framework=2.2.3-javascript&X-Atmosphere-Transport=long-polling&X-Atmosphere-TrackMessageSize=true&Content-Type=charset%3Dutf-8&X-atmo-protocol=true&_=1744340378002 HTTP/1.1" 200 -
113.118.5.130 - - [11/Apr/2025:11:00:17 +0800] "GET /InternetTrading/longpoll/52832?X-Atmosphere-tracking-id=0&X-Atmosphere-Framework=2.2.3-javascript&X-Atmosphere-Transport=long-polling&X-Atmosphere-TrackMessageSize=true&Content-Type=charset%3Dutf-8&X-atmo-protocol=true&_=1744340378655 HTTP/1.1" 200 -
47.83.171.149 - - [11/Apr/2025:11:00:18 +0800] "GET /InternetTrading/longpoll/56327?X-Atmosphere-tracking-id=0&X-Atmosphere-Framework=2.2.3-javascript&X-Atmosphere-Transport=long-polling&X-Atmosphere-TrackMessageSize=true&Content-Type=charset%3Dutf-8&X-atmo-protocol=true&_=1744340379982 HTTP/1.1" 200 -
203.145.94.36 - - [11/Apr/2025:11:00:20 +0800] "POST /InternetTrading/SessionErrorLogger HTTP/1.1" 200 117
203.145.94.36 - - [11/Apr/2025:11:00:21 +0800] "POST /InternetTrading/Heartbeat HTTP/1.1" 200 32
113.118.209.42 - - [11/Apr/2025:11:00:21 +0800] "POST /InternetTrading/Heartbeat2FAService HTTP/1.1" 200 1
203.145.94.36 - - [11/Apr/2025:11:00:21 +0800] "GET /InternetTrading/longpoll/54822?X-Atmosphere-tracking-id=0&X-Atmosphere-Framework=2.2.3-javascript&X-Atmosphere-Transport=long-polling&X-Atmosphere-TrackMessageSize=true&Content-Type=charset%3Dutf-8&X-atmo-protocol=true&_=1744340381621 HTTP/1.1" 200 -
182.239.93.77 - - [11/Apr/2025:11:00:22 +0800] "GET /InternetTrading/longpoll/A8127?X-Atmosphere-tracking-id=0&X-Atmosphere-Framework=2.2.3-javascript&X-Atmosphere-Transport=long-polling&X-Atmosphere-TrackMessageSize=true&Content-Type=charset%3Dutf-8&X-atmo-protocol=true&_=1744340383141 HTTP/1.1" 200 -
65.181.90.29 - - [11/Apr/2025:11:00:22 +0800] "GET /InternetTrading/longpoll/54338?X-Atmosphere-tracking-id=0&X-Atmosphere-Framework=2.2.3-javascript&X-Atmosphere-Transport=long-polling&X-Atmosphere-TrackMessageSize=true&Content-Type=charset%3Dutf-8&X-atmo-protocol=true&_=1744340385119 HTTP/1.1" 200 -
113.118.5.130 - - [11/Apr/2025:11:00:22 +0800] "GET /InternetTrading/longpoll/52832?X-Atmosphere-tracking-id=0&X-Atmosphere-Framework=2.2.3-javascript&X-Atmosphere-Transport=long-polling&X-Atmosphere-TrackMessageSize=true&Content-Type=charset%3Dutf-8&X-atmo-protocol=true&_=1744340383693 HTTP/1.1" 200 -
47.83.171.149 - - [11/Apr/2025:11:00:23 +0800] "GET /InternetTrading/longpoll/56327?X-Atmosphere-tracking-id=0&X-Atmosphere-Framework=2.2.3-javascript&X-Atmosphere-Transport=long-polling&X-Atmosphere-TrackMessageSize=true&Content-Type=charset%3Dutf-8&X-atmo-protocol=true&_=1744340385226 HTTP/1.1" 200 -
203.145.94.36 - - [11/Apr/2025:11:00:26 +0800] "GET /InternetTrading/longpoll/54822?X-Atmosphere-tracking-id=0&X-Atmosphere-Framework=2.2.3-javascript&X-Atmosphere-Transport=long-polling&X-Atmosphere-TrackMessageSize=true&Content-Type=charset%3Dutf-8&X-atmo-protocol=true&_=1744340386796 HTTP/1.1" 200 -
182.239.93.77 - - [11/Apr/2025:11:00:27 +0800] "GET /InternetTrading/longpoll/A8127?X-Atmosphere-tracking-id=0&X-Atmosphere-Framework=2.2.3-javascript&X-Atmosphere-Transport=long-polling&X-Atmosphere-TrackMessageSize=true&Content-Type=charset%3Dutf-8&X-atmo-protocol=true&_=1744340388659 HTTP/1.1" 200 -
113.118.5.130 - - [11/Apr/2025:11:00:27 +0800] "GET /InternetTrading/longpoll/52832?X-Atmosphere-tracking-id=0&X-Atmosphere-Framework=2.2.3-javascript&X-Atmosphere-Transport=long-polling&X-Atmosphere-TrackMessageSize=true&Content-Type=charset%3Dutf-8&X-atmo-protocol=true&_=1744340388714 HTTP/1.1" 200 -
47.83.171.149 - - [11/Apr/2025:11:00:28 +0800] "POST /InternetTrading/SessionErrorLogger HTTP/1.1" 200 117
47.83.171.149 - - [11/Apr/2025:11:00:28 +0800] "POST /InternetTrading/Heartbeat HTTP/1.1" 200 32
47.83.171.149 - - [11/Apr/2025:11:00:28 +0800] "POST /InternetTrading/SessionErrorLogger HTTP/1.1" 200 117
47.83.171.149 - - [11/Apr/2025:11:00:28 +0800] "POST /InternetTrading/MarketStatus HTTP/1.1" 200 772
65.181.90.29 - - [11/Apr/2025:11:00:28 +0800] "GET /InternetTrading/longpoll/54338?X-Atmosphere-tracking-id=0&X-Atmosphere-Framework=2.2.3-javascript&X-Atmosphere-Transport=long-polling&X-Atmosphere-TrackMessageSize=true&Content-Type=charset%3Dutf-8&X-atmo-protocol=true&_=1744340391129 HTTP/1.1" 200 -
47.83.171.149 - - [11/Apr/2025:11:00:28 +0800] "GET /InternetTrading/longpoll/56327?X-Atmosphere-tracking-id=0&X-Atmosphere-Framework=2.2.3-javascript&X-Atmosphere-Transport=long-polling&X-Atmosphere-TrackMessageSize=true&Content-Type=charset%3Dutf-8&X-atmo-protocol=true&_=1744340390455 HTTP/1.1" 200 -
203.145.94.36 - - [11/Apr/2025:11:00:32 +0800] "GET /InternetTrading/longpoll/54822?X-Atmosphere-tracking-id=0&X-Atmosphere-Framework=2.2.3-javascript&X-Atmosphere-Transport=long-polling&X-Atmosphere-TrackMessageSize=true&Content-Type=charset%3Dutf-8&X-atmo-protocol=true&_=1744340391978 HTTP/1.1" 200 -
182.239.93.77 - - [11/Apr/2025:11:00:32 +0800] "GET /InternetTrading/longpoll/A8127?X-Atmosphere-tracking-id=0&X-Atmosphere-Framework=2.2.3-javascript&X-Atmosphere-Transport=long-polling&X-Atmosphere-TrackMessageSize=true&Content-Type=charset%3Dutf-8&X-atmo-protocol=true&_=1744340393827 HTTP/1.1" 200 -
113.118.5.130 - - [11/Apr/2025:11:00:32 +0800] "GET /InternetTrading/longpoll/52832?X-Atmosphere-tracking-id=0&X-Atmosphere-Framework=2.2.3-javascript&X-Atmosphere-Transport=long-polling&X-Atmosphere-TrackMessageSize=true&Content-Type=charset%3Dutf-8&X-atmo-protocol=true&_=1744340393747 HTTP/1.1" 200 -
47.83.171.149 - - [11/Apr/2025:11:00:34 +0800] "GET /InternetTrading/longpoll/56327?X-Atmosphere-tracking-id=0&X-Atmosphere-Framework=2.2.3-javascript&X-Atmosphere-Transport=long-polling&X-Atmosphere-TrackMessageSize=true&Content-Type=charset%3Dutf-8&X-atmo-protocol=true&_=1744340395543 HTTP/1.1" 200 -
65.181.90.29 - - [11/Apr/2025:11:00:34 +0800] "POST /InternetTrading/SessionErrorLogger HTTP/1.1" 200 117
65.181.90.29 - - [11/Apr/2025:11:00:34 +0800] "POST /InternetTrading/Heartbeat HTTP/1.1" 200 32
65.181.90.29 - - [11/Apr/2025:11:00:34 +0800] "POST /InternetTrading/SessionErrorLogger HTTP/1.1" 200 117
65.181.90.29 - - [11/Apr/2025:11:00:34 +0800] "GET /InternetTrading/longpoll/54338?X-Atmosphere-tracking-id=0&X-Atmosphere-Framework=2.2.3-javascript&X-Atmosphere-Transport=long-polling&X-Atmosphere-TrackMessageSize=true&Content-Type=charset%3Dutf-8&X-atmo-protocol=true&_=1744340397181 HTTP/1.1" 200 -
65.181.90.29 - - [11/Apr/2025:11:00:34 +0800] "POST /InternetTrading/MarketStatus HTTP/1.1" 200 772
113.118.5.130 - - [11/Apr/2025:11:00:34 +0800] "POST /InternetTrading/SessionErrorLogger HTTP/1.1" 200 117
113.118.5.130 - - [11/Apr/2025:11:00:34 +0800] "POST /InternetTrading/Heartbeat HTTP/1.1" 200 32
14.127.12.81 - - [11/Apr/2025:11:00:35 +0800] "POST /InternetTrading/Heartbeat2FAService HTTP/1.1" 200 1
113.118.5.130 - - [11/Apr/2025:11:00:37 +0800] "POST /InternetTrading/SessionErrorLogger HTTP/1.1" 200 117
113.118.5.130 - - [11/Apr/2025:11:00:37 +0800] "POST /InternetTrading/MarketStatus HTTP/1.1" 200 772
203.145.94.36 - - [11/Apr/2025:11:00:37 +0800] "GET /InternetTrading/longpoll/54822?X-Atmosphere-tracking-id=0&X-Atmosphere-Framework=2.2.3-javascript&X-Atmosphere-Transport=long-polling&X-Atmosphere-TrackMessageSize=true&Content-Type=charset%3Dutf-8&X-atmo-protocol=true&_=1744340397235 HTTP/1.1" 200 -
182.239.93.77 - - [11/Apr/2025:11:00:37 +0800] "GET /InternetTrading/longpoll/A8127?X-Atmosphere-tracking-id=0&X-Atmosphere-Framework=2.2.3-javascript&X-Atmosphere-Transport=long-polling&X-Atmosphere-TrackMessageSize=true&Content-Type=charset%3Dutf-8&X-atmo-protocol=true&_=1744340399055 HTTP/1.1" 200 -
113.118.5.130 - - [11/Apr/2025:11:00:37 +0800] "GET /InternetTrading/longpoll/52832?X-Atmosphere-tracking-id=0&X-Atmosphere-Framework=2.2.3-javascript&X-Atmosphere-Transport=long-polling&X-Atmosphere-TrackMessageSize=true&Content-Type=charset%3Dutf-8&X-atmo-protocol=true&_=1744340398818 HTTP/1.1" 200 -
47.83.171.149 - - [11/Apr/2025:11:00:39 +0800] "GET /InternetTrading/longpoll/56327?X-Atmosphere-tracking-id=0&X-Atmosphere-Framework=2.2.3-javascript&X-Atmosphere-Transport=long-polling&X-Atmosphere-TrackMessageSize=true&Content-Type=charset%3Dutf-8&X-atmo-protocol=true&_=1744340400637 HTTP/1.1" 200 -
182.239.93.77 - - [11/Apr/2025:11:00:40 +0800] "POST /InternetTrading/SessionErrorLogger HTTP/1.1" 200 117
65.181.90.29 - - [11/Apr/2025:11:00:40 +0800] "GET /InternetTrading/longpoll/54338?X-Atmosphere-tracking-id=0&X-Atmosphere-Framework=2.2.3-javascript&X-Atmosphere-Transport=long-polling&X-Atmosphere-TrackMessageSize=true&Content-Type=charset%3Dutf-8&X-atmo-protocol=true&_=1744340403125 HTTP/1.1" 200 -
182.239.93.77 - - [11/Apr/2025:11:00:40 +0800] "POST /InternetTrading/Heartbeat HTTP/1.1" 200 32
182.239.93.77 - - [11/Apr/2025:11:00:40 +0800] "POST /InternetTrading/SessionErrorLogger HTTP/1.1" 200 117
182.239.93.77 - - [11/Apr/2025:11:00:40 +0800] "POST /InternetTrading/MarketStatus HTTP/1.1" 200 772
203.145.94.36 - - [11/Apr/2025:11:00:42 +0800] "GET /InternetTrading/longpoll/54822?X-Atmosphere-tracking-id=0&X-Atmosphere-Framework=2.2.3-javascript&X-Atmosphere-Transport=long-polling&X-Atmosphere-TrackMessageSize=true&Content-Type=charset%3Dutf-8&X-atmo-protocol=true&_=1744340402418 HTTP/1.1" 200 -
182.239.93.77 - - [11/Apr/2025:11:00:43 +0800] "GET /InternetTrading/longpoll/A8127?X-Atmosphere-tracking-id=0&X-Atmosphere-Framework=2.2.3-javascript&X-Atmosphere-Transport=long-polling&X-Atmosphere-TrackMessageSize=true&Content-Type=charset%3Dutf-8&X-atmo-protocol=true&_=1744340404287 HTTP/1.1" 200 -
113.118.5.130 - - [11/Apr/2025:11:00:43 +0800] "GET /InternetTrading/longpoll/52832?X-Atmosphere-tracking-id=0&X-Atmosphere-Framework=2.2.3-javascript&X-Atmosphere-Transport=long-polling&X-Atmosphere-TrackMessageSize=true&Content-Type=charset%3Dutf-8&X-atmo-protocol=true&_=1744340403850 HTTP/1.1" 200 -
47.83.171.149 - - [11/Apr/2025:11:00:44 +0800] "GET /InternetTrading/longpoll/56327?X-Atmosphere-tracking-id=0&X-Atmosphere-Framework=2.2.3-javascript&X-Atmosphere-Transport=long-polling&X-Atmosphere-TrackMessageSize=true&Content-Type=charset%3Dutf-8&X-atmo-protocol=true&_=1744340405892 HTTP/1.1" 200 -
65.181.90.29 - - [11/Apr/2025:11:00:46 +0800] "GET /InternetTrading/longpoll/54338?X-Atmosphere-tracking-id=0&X-Atmosphere-Framework=2.2.3-javascript&X-Atmosphere-Transport=long-polling&X-Atmosphere-TrackMessageSize=true&Content-Type=charset%3Dutf-8&X-atmo-protocol=true&_=1744340409129 HTTP/1.1" 200 -
203.145.94.36 - - [11/Apr/2025:11:00:46 +0800] "POST /InternetTrading/SessionErrorLogger HTTP/1.1" 200 117
203.145.94.36 - - [11/Apr/2025:11:00:46 +0800] "POST /InternetTrading/MarketStatus HTTP/1.1" 200 772
203.145.94.36 - - [11/Apr/2025:11:00:47 +0800] "GET /InternetTrading/longpoll/54822?X-Atmosphere-tracking-id=0&X-Atmosphere-Framework=2.2.3-javascript&X-Atmosphere-Transport=long-polling&X-Atmosphere-TrackMessageSize=true&Content-Type=charset%3Dutf-8&X-atmo-protocol=true&_=1744340407661 HTTP/1.1" 200 -
113.118.5.130 - - [11/Apr/2025:11:00:48 +0800] "GET /InternetTrading/longpoll/52832?X-Atmosphere-tracking-id=0&X-Atmosphere-Framework=2.2.3-javascript&X-Atmosphere-Transport=long-polling&X-Atmosphere-TrackMessageSize=true&Content-Type=charset%3Dutf-8&X-atmo-protocol=true&_=1744340408918 HTTP/1.1" 200 -
182.239.93.77 - - [11/Apr/2025:11:00:48 +0800] "GET /InternetTrading/longpoll/A8127?X-Atmosphere-tracking-id=0&X-Atmosphere-Framework=2.2.3-javascript&X-Atmosphere-Transport=long-polling&X-Atmosphere-TrackMessageSize=true&Content-Type=charset%3Dutf-8&X-atmo-protocol=true&_=1744340409445 HTTP/1.1" 200 -
47.83.171.149 - - [11/Apr/2025:11:00:49 +0800] "GET /InternetTrading/longpoll/56327?X-Atmosphere-tracking-id=0&X-Atmosphere-Framework=2.2.3-javascript&X-Atmosphere-Transport=long-polling&X-Atmosphere-TrackMessageSize=true&Content-Type=charset%3Dutf-8&X-atmo-protocol=true&_=1744340411138 HTTP/1.1" 200 -
203.145.94.36 - - [11/Apr/2025:11:00:51 +0800] "POST /InternetTrading/SessionErrorLogger HTTP/1.1" 200 117
203.145.94.36 - - [11/Apr/2025:11:00:51 +0800] "POST /InternetTrading/Heartbeat HTTP/1.1" 200 32
65.181.90.29 - - [11/Apr/2025:11:00:52 +0800] "GET /InternetTrading/longpoll/54338?X-Atmosphere-tracking-id=0&X-Atmosphere-Framework=2.2.3-javascript&X-Atmosphere-Transport=long-polling&X-Atmosphere-TrackMessageSize=true&Content-Type=charset%3Dutf-8&X-atmo-protocol=true&_=1744340415130 HTTP/1.1" 200 -
203.145.94.36 - - [11/Apr/2025:11:00:52 +0800] "GET /InternetTrad