182.239.93.77 - - [11/Apr/2025:10:45:09 +0800] "GET /InternetTrading/longpoll/A8127?X-Atmosphere-tracking-id=0&X-Atmosphere-Framework=2.2.3-javascript&X-Atmosphere-Transport=long-polling&X-Atmosphere-TrackMessageSize=true&Content-Type=charset%3Dutf-8&X-atmo-protocol=true&_=1744339470972 HTTP/1.1" 200 -
203.145.94.36 - - [11/Apr/2025:10:45:09 +0800] "POST /InternetTrading/SessionErrorLogger HTTP/1.1" 200 117
203.145.94.36 - - [11/Apr/2025:10:45:09 +0800] "POST /InternetTrading/MarketStatus HTTP/1.1" 200 772
47.83.171.149 - - [11/Apr/2025:10:45:09 +0800] "GET /InternetTrading/longpoll/56327?X-Atmosphere-tracking-id=0&X-Atmosphere-Framework=2.2.3-javascript&X-Atmosphere-Transport=long-polling&X-Atmosphere-TrackMessageSize=true&Content-Type=charset%3Dutf-8&X-atmo-protocol=true&_=1744339471242 HTTP/1.1" 200 -
203.145.94.36 - - [11/Apr/2025:10:45:09 +0800] "POST /InternetTrading/SessionErrorLogger HTTP/1.1" 200 117
203.145.94.36 - - [11/Apr/2025:10:45:10 +0800] "POST /InternetTrading/MarketStatus HTTP/1.1" 200 772
65.181.90.29 - - [11/Apr/2025:10:45:10 +0800] "GET /InternetTrading/longpoll/54338?X-Atmosphere-tracking-id=0&X-Atmosphere-Framework=2.2.3-javascript&X-Atmosphere-Transport=long-polling&X-Atmosphere-TrackMessageSize=true&Content-Type=charset%3Dutf-8&X-atmo-protocol=true&_=1744339473125 HTTP/1.1" 200 -
203.145.94.36 - - [11/Apr/2025:10:45:11 +0800] "POST /InternetTrading/SessionErrorLogger HTTP/1.1" 200 117
203.145.94.36 - - [11/Apr/2025:10:45:11 +0800] "POST /InternetTrading/Orderbook HTTP/1.1" 200 1175
113.118.5.130 - - [11/Apr/2025:10:45:12 +0800] "GET /InternetTrading/longpoll/52832?X-Atmosphere-tracking-id=0&X-Atmosphere-Framework=2.2.3-javascript&X-Atmosphere-Transport=long-polling&X-Atmosphere-TrackMessageSize=true&Content-Type=charset%3Dutf-8&X-atmo-protocol=true&_=1744339473101 HTTP/1.1" 200 -
203.145.94.36 - - [11/Apr/2025:10:45:12 +0800] "POST /InternetTrading/SessionErrorLogger HTTP/1.1" 200 117
203.145.94.36 - - [11/Apr/2025:10:45:12 +0800] "POST /InternetTrading/Orderbook HTTP/1.1" 200 1175
203.145.94.36 - - [11/Apr/2025:10:45:12 +0800] "GET /InternetTrading/longpoll/54822?X-Atmosphere-tracking-id=0&X-Atmosphere-Framework=2.2.3-javascript&X-Atmosphere-Transport=long-polling&X-Atmosphere-TrackMessageSize=true&Content-Type=charset%3Dutf-8&X-atmo-protocol=true&_=1744339472684 HTTP/1.1" 200 -
203.145.94.36 - - [11/Apr/2025:10:45:14 +0800] "POST /InternetTrading/SessionErrorLogger HTTP/1.1" 200 117
203.145.94.36 - - [11/Apr/2025:10:45:14 +0800] "POST /InternetTrading/Heartbeat HTTP/1.1" 200 32
182.239.93.77 - - [11/Apr/2025:10:45:14 +0800] "GET /InternetTrading/longpoll/A8127?X-Atmosphere-tracking-id=0&X-Atmosphere-Framework=2.2.3-javascript&X-Atmosphere-Transport=long-polling&X-Atmosphere-TrackMessageSize=true&Content-Type=charset%3Dutf-8&X-atmo-protocol=true&_=1744339476135 HTTP/1.1" 200 -
47.83.171.149 - - [11/Apr/2025:10:45:15 +0800] "GET /InternetTrading/longpoll/56327?X-Atmosphere-tracking-id=0&X-Atmosphere-Framework=2.2.3-javascript&X-Atmosphere-Transport=long-polling&X-Atmosphere-TrackMessageSize=true&Content-Type=charset%3Dutf-8&X-atmo-protocol=true&_=1744339477248 HTTP/1.1" 200 -
65.181.90.29 - - [11/Apr/2025:10:45:16 +0800] "GET /InternetTrading/longpoll/54338?X-Atmosphere-tracking-id=0&X-Atmosphere-Framework=2.2.3-javascript&X-Atmosphere-Transport=long-polling&X-Atmosphere-TrackMessageSize=true&Content-Type=charset%3Dutf-8&X-atmo-protocol=true&_=1744339479122 HTTP/1.1" 200 -
203.145.94.36 - - [11/Apr/2025:10:45:17 +0800] "POST /InternetTrading/SessionErrorLogger HTTP/1.1" 200 117
203.145.94.36 - - [11/Apr/2025:10:45:17 +0800] "POST /InternetTrading/Portfolio HTTP/1.1" 200 1570
203.145.94.36 - - [11/Apr/2025:10:45:17 +0800] "GET /InternetTrading/longpoll/54822?X-Atmosphere-tracking-id=0&X-Atmosphere-Framework=2.2.3-javascript&X-Atmosphere-Transport=long-polling&X-Atmosphere-TrackMessageSize=true&Content-Type=charset%3Dutf-8&X-atmo-protocol=true&_=1744339477827 HTTP/1.1" 200 -
113.118.5.130 - - [11/Apr/2025:10:45:18 +0800] "GET /InternetTrading/longpoll/52832?X-Atmosphere-tracking-id=0&X-Atmosphere-Framework=2.2.3-javascript&X-Atmosphere-Transport=long-polling&X-Atmosphere-TrackMessageSize=true&Content-Type=charset%3Dutf-8&X-atmo-protocol=true&_=1744339479107 HTTP/1.1" 200 -
182.239.93.77 - - [11/Apr/2025:10:45:20 +0800] "GET /InternetTrading/longpoll/A8127?X-Atmosphere-tracking-id=0&X-Atmosphere-Framework=2.2.3-javascript&X-Atmosphere-Transport=long-polling&X-Atmosphere-TrackMessageSize=true&Content-Type=charset%3Dutf-8&X-atmo-protocol=true&_=1744339481316 HTTP/1.1" 200 -
47.83.171.149 - - [11/Apr/2025:10:45:21 +0800] "GET /InternetTrading/longpoll/56327?X-Atmosphere-tracking-id=0&X-Atmosphere-Framework=2.2.3-javascript&X-Atmosphere-Transport=long-polling&X-Atmosphere-TrackMessageSize=true&Content-Type=charset%3Dutf-8&X-atmo-protocol=true&_=1744339483243 HTTP/1.1" 200 -
65.181.90.29 - - [11/Apr/2025:10:45:22 +0800] "GET /InternetTrading/longpoll/54338?X-Atmosphere-tracking-id=0&X-Atmosphere-Framework=2.2.3-javascript&X-Atmosphere-Transport=long-polling&X-Atmosphere-TrackMessageSize=true&Content-Type=charset%3Dutf-8&X-atmo-protocol=true&_=1744339485128 HTTP/1.1" 200 -
203.145.94.36 - - [11/Apr/2025:10:45:23 +0800] "GET /InternetTrading/longpoll/54822?X-Atmosphere-tracking-id=0&X-Atmosphere-Framework=2.2.3-javascript&X-Atmosphere-Transport=long-polling&X-Atmosphere-TrackMessageSize=true&Content-Type=charset%3Dutf-8&X-atmo-protocol=true&_=1744339483020 HTTP/1.1" 200 -
113.118.5.130 - - [11/Apr/2025:10:45:24 +0800] "GET /InternetTrading/longpoll/52832?X-Atmosphere-tracking-id=0&X-Atmosphere-Framework=2.2.3-javascript&X-Atmosphere-Transport=long-polling&X-Atmosphere-TrackMessageSize=true&Content-Type=charset%3Dutf-8&X-atmo-protocol=true&_=1744339485112 HTTP/1.1" 200 -
182.239.93.77 - - [11/Apr/2025:10:45:25 +0800] "GET /InternetTrading/longpoll/A8127?X-Atmosphere-tracking-id=0&X-Atmosphere-Framework=2.2.3-javascript&X-Atmosphere-Transport=long-polling&X-Atmosphere-TrackMessageSize=true&Content-Type=charset%3Dutf-8&X-atmo-protocol=true&_=1744339486538 HTTP/1.1" 200 -
47.83.171.149 - - [11/Apr/2025:10:45:27 +0800] "POST /InternetTrading/SessionErrorLogger HTTP/1.1" 200 117
47.83.171.149 - - [11/Apr/2025:10:45:27 +0800] "POST /InternetTrading/Heartbeat HTTP/1.1" 200 32
47.83.171.149 - - [11/Apr/2025:10:45:28 +0800] "POST /InternetTrading/SessionErrorLogger HTTP/1.1" 200 117
47.83.171.149 - - [11/Apr/2025:10:45:28 +0800] "GET /InternetTrading/longpoll/56327?X-Atmosphere-tracking-id=0&X-Atmosphere-Framework=2.2.3-javascript&X-Atmosphere-Transport=long-polling&X-Atmosphere-TrackMessageSize=true&Content-Type=charset%3Dutf-8&X-atmo-protocol=true&_=1744339489644 HTTP/1.1" 200 -
47.83.171.149 - - [11/Apr/2025:10:45:28 +0800] "POST /InternetTrading/MarketStatus HTTP/1.1" 200 772
203.145.94.36 - - [11/Apr/2025:10:45:28 +0800] "GET /InternetTrading/longpoll/54822?X-Atmosphere-tracking-id=0&X-Atmosphere-Framework=2.2.3-javascript&X-Atmosphere-Transport=long-polling&X-Atmosphere-TrackMessageSize=true&Content-Type=charset%3Dutf-8&X-atmo-protocol=true&_=1744339488194 HTTP/1.1" 200 -
65.181.90.29 - - [11/Apr/2025:10:45:28 +0800] "GET /InternetTrading/longpoll/54338?X-Atmosphere-tracking-id=0&X-Atmosphere-Framework=2.2.3-javascript&X-Atmosphere-Transport=long-polling&X-Atmosphere-TrackMessageSize=true&Content-Type=charset%3Dutf-8&X-atmo-protocol=true&_=1744339491126 HTTP/1.1" 200 -
182.239.93.77 - - [11/Apr/2025:10:45:28 +0800] "POST /InternetTrading/SessionErrorLogger HTTP/1.1" 200 117
182.239.93.77 - - [11/Apr/2025:10:45:28 +0800] "POST /InternetTrading/Heartbeat HTTP/1.1" 200 32
182.239.93.77 - - [11/Apr/2025:10:45:29 +0800] "POST /InternetTrading/SessionErrorLogger HTTP/1.1" 200 117
182.239.93.77 - - [11/Apr/2025:10:45:29 +0800] "POST /InternetTrading/MarketStatus HTTP/1.1" 200 772
182.239.93.77 - - [11/Apr/2025:10:45:30 +0800] "GET /InternetTrading/longpoll/A8127?X-Atmosphere-tracking-id=0&X-Atmosphere-Framework=2.2.3-javascript&X-Atmosphere-Transport=long-polling&X-Atmosphere-TrackMessageSize=true&Content-Type=charset%3Dutf-8&X-atmo-protocol=true&_=1744339491792 HTTP/1.1" 200 -
113.118.5.130 - - [11/Apr/2025:10:45:30 +0800] "GET /InternetTrading/longpoll/52832?X-Atmosphere-tracking-id=0&X-Atmosphere-Framework=2.2.3-javascript&X-Atmosphere-Transport=long-polling&X-Atmosphere-TrackMessageSize=true&Content-Type=charset%3Dutf-8&X-atmo-protocol=true&_=1744339491110 HTTP/1.1" 200 -
203.145.94.36 - - [11/Apr/2025:10:45:33 +0800] "GET /InternetTrading/longpoll/54822?X-Atmosphere-tracking-id=0&X-Atmosphere-Framework=2.2.3-javascript&X-Atmosphere-Transport=long-polling&X-Atmosphere-TrackMessageSize=true&Content-Type=charset%3Dutf-8&X-atmo-protocol=true&_=1744339493511 HTTP/1.1" 200 -
47.83.171.149 - - [11/Apr/2025:10:45:33 +0800] "GET /InternetTrading/longpoll/56327?X-Atmosphere-tracking-id=0&X-Atmosphere-Framework=2.2.3-javascript&X-Atmosphere-Transport=long-polling&X-Atmosphere-TrackMessageSize=true&Content-Type=charset%3Dutf-8&X-atmo-protocol=true&_=1744339495240 HTTP/1.1" 200 -
65.181.90.29 - - [11/Apr/2025:10:45:34 +0800] "POST /InternetTrading/SessionErrorLogger HTTP/1.1" 200 117
65.181.90.29 - - [11/Apr/2025:10:45:34 +0800] "POST /InternetTrading/Heartbeat HTTP/1.1" 200 32
65.181.90.29 - - [11/Apr/2025:10:45:34 +0800] "POST /InternetTrading/SessionErrorLogger HTTP/1.1" 200 117
65.181.90.29 - - [11/Apr/2025:10:45:34 +0800] "GET /InternetTrading/longpoll/54338?X-Atmosphere-tracking-id=0&X-Atmosphere-Framework=2.2.3-javascript&X-Atmosphere-Transport=long-polling&X-Atmosphere-TrackMessageSize=true&Content-Type=charset%3Dutf-8&X-atmo-protocol=true&_=1744339497191 HTTP/1.1" 200 -
65.181.90.29 - - [11/Apr/2025:10:45:34 +0800] "POST /InternetTrading/MarketStatus HTTP/1.1" 200 772
14.127.12.81 - - [11/Apr/2025:10:45:35 +0800] "POST /InternetTrading/Heartbeat2FAService HTTP/1.1" 200 1
182.239.93.77 - - [11/Apr/2025:10:45:35 +0800] "GET /InternetTrading/longpoll/A8127?X-Atmosphere-tracking-id=0&X-Atmosphere-Framework=2.2.3-javascript&X-Atmosphere-Transport=long-polling&X-Atmosphere-TrackMessageSize=true&Content-Type=charset%3Dutf-8&X-atmo-protocol=true&_=1744339496862 HTTP/1.1" 200 -
113.118.5.130 - - [11/Apr/2025:10:45:36 +0800] "GET /InternetTrading/longpoll/52832?X-Atmosphere-tracking-id=0&X-Atmosphere-Framework=2.2.3-javascript&X-Atmosphere-Transport=long-polling&X-Atmosphere-TrackMessageSize=true&Content-Type=charset%3Dutf-8&X-atmo-protocol=true&_=1744339497100 HTTP/1.1" 200 -
51.8.102.76 - - [11/Apr/2025:10:45:38 +0800] "GET /robots.txt HTTP/1.1" 404 196
203.145.94.36 - - [11/Apr/2025:10:45:38 +0800] "GET /InternetTrading/longpoll/54822?X-Atmosphere-tracking-id=0&X-Atmosphere-Framework=2.2.3-javascript&X-Atmosphere-Transport=long-polling&X-Atmosphere-TrackMessageSize=true&Content-Type=charset%3Dutf-8&X-atmo-protocol=true&_=1744339498772 HTTP/1.1" 200 -
47.83.171.149 - - [11/Apr/2025:10:45:39 +0800] "GET /InternetTrading/longpoll/56327?X-Atmosphere-tracking-id=0&X-Atmosphere-Framework=2.2.3-javascript&X-Atmosphere-Transport=long-polling&X-Atmosphere-TrackMessageSize=true&Content-Type=charset%3Dutf-8&X-atmo-protocol=true&_=1744339501249 HTTP/1.1" 200 -
203.145.94.36 - - [11/Apr/2025:10:45:39 +0800] "POST /InternetTrading/SessionErrorLogger HTTP/1.1" 200 117
203.145.94.36 - - [11/Apr/2025:10:45:40 +0800] "POST /InternetTrading/MarketStatus HTTP/1.1" 200 772
65.181.90.29 - - [11/Apr/2025:10:45:40 +0800] "GET /InternetTrading/longpoll/54338?X-Atmosphere-tracking-id=0&X-Atmosphere-Framework=2.2.3-javascript&X-Atmosphere-Transport=long-polling&X-Atmosphere-TrackMessageSize=true&Content-Type=charset%3Dutf-8&X-atmo-protocol=true&_=1744339503129 HTTP/1.1" 200 -
182.239.93.77 - - [11/Apr/2025:10:45:40 +0800] "GET /InternetTrading/longpoll/A8127?X-Atmosphere-tracking-id=0&X-Atmosphere-Framework=2.2.3-javascript&X-Atmosphere-Transport=long-polling&X-Atmosphere-TrackMessageSize=true&Content-Type=charset%3Dutf-8&X-atmo-protocol=true&_=1744339502106 HTTP/1.1" 200 -
113.118.5.130 - - [11/Apr/2025:10:45:42 +0800] "GET /InternetTrading/longpoll/52832?X-Atmosphere-tracking-id=0&X-Atmosphere-Framework=2.2.3-javascript&X-Atmosphere-Transport=long-polling&X-Atmosphere-TrackMessageSize=true&Content-Type=charset%3Dutf-8&X-atmo-protocol=true&_=1744339503101 HTTP/1.1" 200 -
203.145.94.36 - - [11/Apr/2025:10:45:44 +0800] "GET /InternetTrading/longpoll/54822?X-Atmosphere-tracking-id=0&X-Atmosphere-Framework=2.2.3-javascript&X-Atmosphere-Transport=long-polling&X-Atmosphere-TrackMessageSize=true&Content-Type=charset%3Dutf-8&X-atmo-protocol=true&_=1744339504052 HTTP/1.1" 200 -
203.145.94.36 - - [11/Apr/2025:10:45:44 +0800] "POST /InternetTrading/SessionErrorLogger HTTP/1.1" 200 117
203.145.94.36 - - [11/Apr/2025:10:45:44 +0800] "POST /InternetTrading/Heartbeat HTTP/1.1" 200 32
47.83.171.149 - - [11/Apr/2025:10:45:45 +0800] "GET /InternetTrading/longpoll/56327?X-Atmosphere-tracking-id=0&X-Atmosphere-Framework=2.2.3-javascript&X-Atmosphere-Transport=long-polling&X-Atmosphere-TrackMessageSize=true&Content-Type=charset%3Dutf-8&X-atmo-protocol=true&_=1744339507247 HTTP/1.1" 200 -
182.239.93.77 - - [11/Apr/2025:10:45:46 +0800] "GET /InternetTrading/longpoll/A8127?X-Atmosphere-tracking-id=0&X-Atmosphere-Framework=2.2.3-javascript&X-Atmosphere-Transport=long-polling&X-Atmosphere-TrackMessageSize=true&Content-Type=charset%3Dutf-8&X-atmo-protocol=true&_=1744339507305 HTTP/1.1" 200 -
65.181.90.29 - - [11/Apr/2025:10:45:46 +0800] "GET /InternetTrading/longpoll/54338?X-Atmosphere-tracking-id=0&X-Atmosphere-Framework=2.2.3-javascript&X-Atmosphere-Transport=long-polling&X-Atmosphere-TrackMessageSize=true&Content-Type=charset%3Dutf-8&X-atmo-protocol=true&_=1744339509126 HTTP/1.1" 200 -
210.21.220.69 - - [11/Apr/2025:10:45:47 +0800] "-" 408 -
113.118.5.130 - - [11/Apr/2025:10:45:48 +0800] "GET /InternetTrading/longpoll/52832?X-Atmosphere-tracking-id=0&X-Atmosphere-Framework=2.2.3-javascript&X-Atmosphere-Transport=long-polling&X-Atmosphere-TrackMessageSize=true&Content-Type=charset%3Dutf-8&X-atmo-protocol=true&_=1744339509102 HTTP/1.1" 200 -
203.145.94.36 - - [11/Apr/2025:10:45:49 +0800] "GET /InternetTrading/longpoll/54822?X-Atmosphere-tracking-id=0&X-Atmosphere-Framework=2.2.3-javascript&X-Atmosphere-Transport=long-polling&X-Atmosphere-TrackMessageSize=true&Content-Type=charset%3Dutf-8&X-atmo-protocol=true&_=1744339509313 HTTP/1.1" 200 -
182.239.93.77 - - [11/Apr/2025:10:45:51 +0800] "GET /InternetTrading/longpoll/A8127?X-Atmosphere-tracking-id=0&X-Atmosphere-Framework=2.2.3-javascript&X-Atmosphere-Transport=long-polling&X-Atmosphere-TrackMessageSize=true&Content-Type=charset%3Dutf-8&X-atmo-protocol=true&_=1744339512592 HTTP/1.1" 200 -
47.83.171.149 - - [11/Apr/2025:10:45:51 +0800] "GET /InternetTrading/longpoll/56327?X-Atmosphere-tracking-id=0&X-Atmosphere-Framework=2.2.3-javascript&X-Atmosphere-Transport=long-polling&X-Atmosphere-TrackMessageSize=true&Content-Type=charset%3Dutf-8&X-atmo-protocol=true&_=1744339513242 HTTP/1.1" 200 -
65.181.90.29 - - [11/Apr/2025:10:45:52 +0800] "GET /InternetTrading/longpoll/54338?X-Atmosphere-tracking-id=0&X-Atmosphere-Framework=2.2.3-javascript&X-Atmosphere-Transport=long-polling&X-Atmosphere-TrackMessageSize=true&Content-Type=charset%3Dutf-8&X-atmo-protocol=true&_=1744339515121 HTTP/1.1" 200 -
113.118.5.130 - - [11/Apr/2025:10:45:54 +0800] "GET /InternetTrading/longpoll/52832?X-Atmosphere-tracking-id=0&X-Atmosphere-Framework=2.2.3-javascript&X-Atmosphere-Transport=long-polling&X-Atmosphere-TrackMessageSize=true&Content-Type=charset%3Dutf-8&X-atmo-protocol=true&_=1744339515112 HTTP/1.1" 200 -
203.145.94.36 - - [11/Apr/2025:10:45:54 +0800] "GET /InternetTrading/longpoll/54822?X-Atmosphere-tracking-id=0&X-Atmosphere-Framework=2.2.3-javascript&X-Atmosphere-Transport=long-polling&X-Atmosphere-TrackMessageSize=true&Content-Type=charset%3Dutf-8&X-atmo-protocol=true&_=1744339514651 HTTP/1.1" 200 -
182.239.93.77 - - [11/Apr/2025:10:45:56 +0800] "GET /InternetTrading/longpoll/A8127?X-Atmosphere-tracking-id=0&X-Atmosphere-Framework=2.2.3-javascript&X-Atmosphere-Transport=long-polling&X-Atmosphere-TrackMessageSize=true&Content-Type=charset%3Dutf-8&X-atmo-protocol=true&_=1744339517786 HTTP/1.1" 200 -
47.83.171.149 - - [11/Apr/2025:10:45:57 +0800] "GET /InternetTrading/longpoll/56327?X-Atmosphere-tracking-id=0&X-Atmosphere-Framework=2.2.3-javascript&X-Atmosphere-Transport=long-polling&X-Atmosphere-TrackMessageSize=true&Content-Type=charset%3Dutf-8&X-atmo-protocol=true&_=1744339519243 HTTP/1.1" 200 -
65.181.90.29 - - [11/Apr/2025:10:45:58 +0800] "GET /InternetTrading/longpoll/54338?X-Atmosphere-tracking-id=0&X-Atmosphere-Framework=2.2.3-javascript&X-Atmosphere-Transport=long-polling&X-Atmosphere-TrackMessageSize=true&Content-Type=charset%3Dutf-8&X-atmo-protocol=true&_=1744339521124 HTTP/1.1" 200 -
182.239.93.77 - - [11/Apr/2025:10:45:58 +0800] "POST /InternetTrading/SessionErrorLogger HTTP/1.1" 200 117
182.239.93.77 - - [11/Apr/2025:10:45:59 +0800] "POST /InternetTrading/Heartbeat HTTP/1.1" 200 32
182.239.93.77 - - [11/Apr/2025:10:45:59 +0800] "POST /InternetTrading/SessionErrorLogger HTTP/1.1" 200 117
182.239.93.77 - - [11/Apr/2025:10:45:59 +0800] "POST /InternetTrading/MarketStatus HTTP/1.1" 200 772
203.145.94.36 - - [11/Apr/2025:10:45:59 +0800] "GET /InternetTrading/longpoll/54822?X-Atmosphere-tracking-id=0&X-Atmosphere-Framework=2.2.3-javascript&X-Atmosphere-Transport=long-polling&X-Atmosphere-TrackMessageSize=true&Content-Type=charset%3Dutf-8&X-atmo-protocol=true&_=1744339519837 HTTP/1.1" 200 -
182.239.93.77 - - [11/Apr/2025:10:46:01 +0800] "GET /InternetTrading/longpoll/A8127?X-Atmosphere-tracking-id=0&X-Atmosphere-Framework=2.2.3-javascript&X-Atmosphere-Transport=long-polling&X-Atmosphere-TrackMessageSize=true&Content-Type=charset%3Dutf-8&X-atmo-protocol=true&_=1744339523063 HTTP/1.1" 200 -
113.118.5.130 - - [11/Apr/2025:10:46:02 +0800] "POST /InternetTrading/SessionErrorLogger HTTP/1.1" 200 117
113.118.5.130 - - [11/Apr/2025:10:46:02 +0800] "GET /InternetTrading/longpoll/52832?X-Atmosphere-tracking-id=0&X-Atmosphere-Framework=2.2.3-javascript&X-Atmosphere-Transport=long-polling&X-Atmosphere-TrackMessageSize=true&Content-Type=charset%3Dutf-8&X-atmo-protocol=true&_=1744339521110 HTTP/1.1" 200 -
113.118.5.130 - - [11/Apr/2025:10:46:02 +0800] "POST /InternetTrading/SessionErrorLogger HTTP/1.1" 200 117
113.118.5.130 - - [11/Apr/2025:10:46:02 +0800] "POST /InternetTrading/Heartbeat HTTP/1.1" 200 32
113.118.5.130 - - [11/Apr/2025:10:46:02 +0800] "POST /InternetTrading/MarketStatus HTTP/1.1" 200 772
47.83.171.149 - - [11/Apr/2025:10:46:03 +0800] "GET /InternetTrading/longpoll/56327?X-Atmosphere-tracking-id=0&X-Atmosphere-Framework=2.2.3-javascript&X-Atmosphere-Transport=long-polling&X-Atmosphere-TrackMessageSize=true&Content-Type=charset%3Dutf-8&X-atmo-protocol=true&_=1744339525238 HTTP/1.1" 200 -
65.181.90.29 - - [11/Apr/2025:10:46:04 +0800] "GET /InternetTrading/longpoll/54338?X-Atmosphere-tracking-id=0&X-Atmosphere-Framework=2.2.3-javascript&X-Atmosphere-Transport=long-polling&X-Atmosphere-TrackMessageSize=true&Content-Type=charset%3Dutf-8&X-atmo-protocol=true&_=1744339527122 HTTP/1.1" 200 -
203.145.94.36 - - [11/Apr/2025:10:46:05 +0800] "GET /InternetTrading/longpoll/54822?X-Atmosphere-tracking-id=0&X-Atmosphere-Framework=2.2.3-javascript&X-Atmosphere-Transport=long-polling&X-Atmosphere-TrackMessageSize=true&Content-Type=charset%3Dutf-8&X-atmo-protocol=true&_=1744339525072 HTTP/1.1" 200 -
14.127.12.81 - - [11/Apr/2025:10:46:05 +0800] "POST /InternetTrading/Heartbeat2FAService HTTP/1.1" 200 1
182.239.93.77 - - [11/Apr/2025:10:46:07 +0800] "GET /InternetTrading/longpoll/A8127?X-Atmosphere-tracking-id=0&X-Atmosphere-Framework=2.2.3-javascript&X-Atmosphere-Transport=long-polling&X-Atmosphere-TrackMessageSize=true&Content-Type=charset%3Dutf-8&X-atmo-protocol=true&_=1744339528187 HTTP/1.1" 200 -
113.118.5.130 - - [11/Apr/2025:10:46:08 +0800] "GET /InternetTrading/longpoll/52832?X-Atmosphere-tracking-id=0&X-Atmosphere-Framework=2.2.3-javascript&X-Atmosphere-Transport=long-polling&X-Atmosphere-TrackMessageSize=true&Content-Type=charset%3Dutf-8&X-atmo-protocol=true&_=1744339529100 HTTP/1.1" 200 -
47.83.171.149 - - [11/Apr/2025:10:46:09 +0800] "GET /InternetTrading/longpoll/56327?X-Atmosphere-tracking-id=0&X-Atmosphere-Framework=2.2.3-javascript&X-Atmosphere-Transport=long-polling&X-Atmosphere-TrackMessageSize=true&Content-Type=charset%3Dutf-8&X-atmo-protocol=true&_=1744339531251 HTTP/1.1" 200 -
203.145.94.36 - - [11/Apr/2025:10:46:10 +0800] "POST /InternetTrading/SessionErrorLogger HTTP/1.1" 200 117
203.145.94.36 - - [11/Apr/2025:10:46:10 +0800] "POST /InternetTrading/MarketStatus HTTP/1.1" 200 772
203.145.94.36 - - [11/Apr/2025:10:46:10 +0800] "GET /InternetTrading/longpoll/54822?X-Atmosphere-tracking-id=0&X-Atmosphere-Framework=2.2.3-javascript&X-Atmosphere-Transport=long-polling&X-Atmosphere-TrackMessageSize=true&Content-Type=charset%3Dutf-8&X-atmo-protocol=true&_=1744339530315 HTTP/1.1" 200 -
65.181.90.29 - - [11/Apr/2025:10:46:10 +0800] "GET /InternetTrading/longpoll/54338?X-Atmosphere-tracking-id=0&X-Atmosphere-Framework=2.2.3-javascript&X-Atmosphere-Transport=long-polling&X-Atmosphere-TrackMessageSize=true&Content-Type=charset%3Dutf-8&X-atmo-protocol=true&_=1744339533126 HTTP/1.1" 200 -
182.239.93.77 - - [11/Apr/2025:10:46:12 +0800] "GET /InternetTrading/longpoll/A8127?X-Atmosphere-tracking-id=0&X-Atmosphere-Framework=2.2.3-javascript&X-Atmosphere-Transport=long-polling&X-Atmosphere-TrackMessageSize=true&Content-Type=charset%3Dutf-8&X-atmo-protocol=true&_=1744339533517 HTTP/1.1" 200 -
113.118.5.130 - - [11/Apr/2025:10:46:14 +0800] "GET /InternetTrading/longpoll/52832?X-Atmosphere-tracking-id=0&X-Atmosphere-Framework=2.2.3-javascript&X-Atmosphere-Transport=long-polling&X-Atmosphere-TrackMessageSize=true&Content-Type=charset%3Dutf-8&X-atmo-protocol=true&_=1744339535111 HTTP/1.1" 200 -
203.145.94.36 - - [11/Apr/2025:10:46:14 +0800] "POST /InternetTrading/SessionErrorLogger HTTP/1.1" 200 117
203.145.94.36 - - [11/Apr/2025:10:46:15 +0800] "POST /InternetTrading/Heartbeat HTTP/1.1" 200 32
203.145.94.36 - - [11/Apr/2025:10:46:15 +0800] "GET /InternetTrading/longpoll/54822?X-Atmosphere-tracking-id=0&X-Atmosphere-Framework=2.2.3-javascript&X-Atmosphere-Transport=long-polling&X-Atmosphere-TrackMessageSize=true&Content-Type=charset%3Dutf-8&X-atmo-protocol=true&_=1744339535434 HTTP/1.1" 200 -
47.83.171.149 - - [11/Apr/2025:10:46:15 +0800] "GET /InternetTrading/longpoll/56327?X-Atmosphere-tracking-id=0&X-Atmosphere-Framework=2.2.3-javascript&X-Atmosphere-Transport=long-polling&X-Atmosphere-TrackMessageSize=true&Content-Type=charset%3Dutf-8&X-atmo-protocol=true&_=1744339537246 HTTP/1.1" 200 -
65.181.90.29 - - [11/Apr/2025:10:46:16 +0800] "GET /InternetTrading/longpoll/54338?X-Atmosphere-tracking-id=0&X-Atmosphere-Framework=2.2.3-javascript&X-Atmosphere-Transport=long-polling&X-Atmosphere-TrackMessageSize=true&Content-Type=charset%3Dutf-8&X-atmo-protocol=true&_=1744339539121 HTTP/1.1" 200 -
182.239.93.77 - - [11/Apr/2025:10:46:17 +0800] "GET /InternetTrading/longpoll/A8127?X-Atmosphere-tracking-id=0&X-Atmosphere-Framework=2.2.3-javascript&X-Atmosphere-Transport=long-polling&X-Atmosphere-TrackMessageSize=true&Content-Type=charset%3Dutf-8&X-atmo-protocol=true&_=1744339538943 HTTP/1.1" 200 -
113.118.5.130 - - [11/Apr/2025:10:46:20 +0800] "GET /InternetTrading/longpoll/52832?X-Atmosphere-tracking-id=0&X-Atmosphere-Framework=2.2.3-javascript&X-Atmosphere-Transport=long-polling&X-Atmosphere-TrackMessageSize=true&Content-Type=charset%3Dutf-8&X-atmo-protocol=true&_=1744339541113 HTTP/1.1" 200 -
203.145.94.36 - - [11/Apr/2025:10:46:20 +0800] "GET /InternetTrading/longpoll/54822?X-Atmosphere-tracking-id=0&X-Atmosphere-Framework=2.2.3-javascript&X-Atmosphere-Transport=long-polling&X-Atmosphere-TrackMessageSize=true&Content-Type=charset%3Dutf-8&X-atmo-protocol=true&_=1744339540596 HTTP/1.1" 200 -
182.239.93.77 - - [11/Apr/2025:10:46:21 +0800] "POST /InternetTrading/SessionErrorLogger HTTP/1.1" 200 117
182.239.93.77 - - [11/Apr/2025:10:46:21 +0800] "POST /InternetTrading/Orderbook HTTP/1.1" 200 1266
182.239.93.77 - - [11/Apr/2025:10:46:21 +0800] "GET /InternetTrading/jquery/wait.gif HTTP/1.1" 200 432
47.83.171.149 - - [11/Apr/2025:10:46:21 +0800] "GET /InternetTrading/longpoll/56327?X-Atmosphere-tracking-id=0&X-Atmosphere-Framework=2.2.3-javascript&X-Atmosphere-Transport=long-polling&X-Atmosphere-TrackMessageSize=true&Content-Type=charset%3Dutf-8&X-atmo-protocol=true&_=1744339543240 HTTP/1.1" 200 -
65.181.90.29 - - [11/Apr/2025:10:46:22 +0800] "GET /InternetTrading/longpoll/54338?X-Atmosphere-tracking-id=0&X-Atmosphere-Framework=2.2.3-javascript&X-Atmosphere-Transport=long-polling&X-Atmosphere-TrackMessageSize=true&Content-Type=charset%3Dutf-8&X-atmo-protocol=true&_=1744339545117 HTTP/1.1" 200 -
182.239.93.77 - - [11/Apr/2025:10:46:22 +0800] "GET /InternetTrading/longpoll/A8127?X-Atmosphere-tracking-id=0&X-Atmosphere-Framework=2.2.3-javascript&X-Atmosphere-Transport=long-polling&X-Atmosphere-TrackMessageSize=true&Content-Type=charset%3Dutf-8&X-atmo-protocol=true&_=1744339544193 HTTP/1.1" 200 -
210.21.220.69 - - [11/Apr/2025:10:46:24 +0800] "POST /InternetTrading/SessionErrorLogger HTTP/1.1" 200 117
210.21.220.69 - - [11/Apr/2025:10:46:24 +0800] "GET /InternetTrading/longpoll/13878?X-Atmosphere-tracking-id=0&X-Atmosphere-Framework=2.2.3-javascript&X-Atmosphere-Transport=long-polling&X-Atmosphere-TrackMessageSize=true&Content-Type=charset%3Dutf-8&X-atmo-protocol=true&_=1744339543756 HTTP/1.1" 200 -
210.21.220.69 - - [11/Apr/2025:10:46:24 +0800] "POST /InternetTrading/SessionErrorLogger HTTP/1.1" 200 117
210.21.220.69 - - [11/Apr/2025:10:46:24 +0800] "POST /InternetTrading/MarketStatus HTTP/1.1" 200 772
210.21.220.69 - - [11/Apr/2025:10:46:24 +0800] "POST /InternetTrading/Heartbeat HTTP/1.1" 200 32
203.145.94.36 - - [11/Apr/2025:10:46:25 +0800] "GET /InternetTrading/longpoll/54822?X-Atmosphere-tracking-id=0&X-Atmosphere-Framework=2.2.3-javascript&X-Atmosphere-Transport=long-polling&X-Atmosphere-TrackMessageSize=true&Content-Type=charset%3Dutf-8&X-atmo-protocol=true&_=1744339545795 HTTP/1.1" 200 -
113.118.5.130 - - [11/Apr/2025:10:46:27 +0800] "GET /InternetTrading/longpoll/52832?X-Atmosphere-tracking-id=0&X-Atmosphere-Framework=2.2.3-javascript&X-Atmosphere-Transport=long-polling&X-Atmosphere-TrackMessageSize=true&Content-Type=charset%3Dutf-8&X-atmo-protocol=true&_=1744339547101 HTTP/1.1" 200 -
47.83.171.149 - - [11/Apr/2025:10:46:27 +0800] "POST /InternetTrading/SessionErrorLogger HTTP/1.1" 200 117
182.239.93.77 - - [11/Apr/2025:10:46:28 +0800] "GET /InternetTrading/longpoll/A8127?X-Atmosphere-tracking-id=0&X-Atmosphere-Framework=2.2.3-javascript&X-Atmosphere-Transport=long-polling&X-Atmosphere-TrackMessageSize=true&Content-Type=charset%3Dutf-8&X-atmo-protocol=true&_=1744339549297 HTTP/1.1" 200 -
47.83.171.149 - - [11/Apr/2025:10:46:28 +0800] "POST /InternetTrading/Heartbeat HTTP/1.1" 200 32
47.83.171.149 - - [11/Apr/2025:10:46:28 +0800] "POST /InternetTrading/SessionErrorLogger HTTP/1.1" 200 117
47.83.171.149 - - [11/Apr/2025:10:46:28 +0800] "GET /InternetTrading/longpoll/56327?X-Atmosphere-tracking-id=0&X-Atmosphere-Framework=2.2.3-javascript&X-Atmosphere-Transport=long-polling&X-Atmosphere-TrackMessageSize=true&Content-Type=charset%3Dutf-8&X-atmo-protocol=true&_=1744339549695 HTTP/1.1" 200 -
47.83.171.149 - - [11/Apr/2025:10:46:28 +0800] "POST /InternetTrading/MarketStatus HTTP/1.1" 200 772
65.181.90.29 - - [11/Apr/2025:10:46:28 +0800] "GET /InternetTrading/longpoll/54338?X-Atmosphere-tracking-id=0&X-Atmosphere-Framework=2.2.3-javascript&X-Atmosphere-Transport=long-polling&X-Atmosphere-TrackMessageSize=true&Content-Type=charset%3Dutf-8&X-atmo-protocol=true&_=1744339551125 HTTP/1.1" 200 -
182.239.93.77 - - [11/Apr/2025:10:46:29 +0800] "POST /InternetTrading/SessionErrorLogger HTTP/1.1" 200 117
182.239.93.77 - - [11/Apr/2025:10:46:29 +0800] "POST /InternetTrading/Heartbeat HTTP/1.1" 200 32
182.239.93.77 - - [11/Apr/2025:10:46:29 +0800] "POST /InternetTrading/SessionErrorLogger HTTP/1.1" 200 117
182.239.93.77 - - [11/Apr/2025:10:46:29 +0800] "POST /InternetTrading/MarketStatus HTTP/1.1" 200 772
210.21.220.69 - - [11/Apr/2025:10:46:30 +0800] "GET /InternetTrading/longpoll/13878?X-Atmosphere-tracking-id=0&X-Atmosphere-Framework=2.2.3-javascript&X-Atmosphere-Transport=long-polling&X-Atmosphere-TrackMessageSize=true&Content-Type=charset%3Dutf-8&X-atmo-protocol=true&_=1744339550524 HTTP/1.1" 200 -
203.145.94.36 - - [11/Apr/2025:10:46:31 +0800] "GET /InternetTrading/longpoll/54822?X-Atmosphere-tracking-id=0&X-Atmosphere-Framework=2.2.3-javascript&X-Atmosphere-Transport=long-polling&X-Atmosphere-TrackMessageSize=true&Content-Type=charset%3Dutf-8&X-atmo-protocol=true&_=1744339551067 HTTP/1.1" 200 -
182.239.93.77 - - [11/Apr/2025:10:46:33 +0800] "GET /InternetTrading/longpoll/A8127?X-Atmosphere-tracking-id=0&X-Atmosphere-Framework=2.2.3-javascript&X-Atmosphere-Transport=long-polling&X-Atmosphere-TrackMessageSize=true&Content-Type=charset%3Dutf-8&X-atmo-protocol=true&_=1744339554428 HTTP/1.1" 200 -
113.118.5.130 - - [11/Apr/2025:10:46:33 +0800] "GET /InternetTrading/longpoll/52832?X-Atmosphere-tracking-id=0&X-Atmosphere-Framework=2.2.3-javascript&X-Atmosphere-Transport=long-polling&X-Atmosphere-TrackMessageSize=true&Content-Type=charset%3Dutf-8&X-atmo-protocol=true&_=1744339554105 HTTP/1.1" 200 -
47.83.171.149 - - [11/Apr/2025:10:46:33 +0800] "GET /InternetTrading/longpoll/56327?X-Atmosphere-tracking-id=0&X-Atmosphere-Framework=2.2.3-javascript&X-Atmosphere-Transport=long-polling&X-Atmosphere-TrackMessageSize=true&Content-Type=charset%3Dutf-8&X-atmo-protocol=true&_=1744339555236 HTTP/1.1" 200 -
65.181.90.29 - - [11/Apr/2025:10:46:34 +0800] "POST /InternetTrading/SessionErrorLogger HTTP/1.1" 200 117
65.181.90.29 - - [11/Apr/2025:10:46:34 +0800] "POST /InternetTrading/Heartbeat HTTP/1.1" 200 32
65.181.90.29 - - [11/Apr/2025:10:46:34 +0800] "POST /InternetTrading/SessionErrorLogger HTTP/1.1" 200 117
65.181.90.29 - - [11/Apr/2025:10:46:34 +0800] "GET /InternetTrading/longpoll/54338?X-Atmosphere-tracking-id=0&X-Atmosphere-Framework=2.2.3-javascript&X-Atmosphere-Transport=long-polling&X-Atmosphere-TrackMessageSize=true&Content-Type=charset%3Dutf-8&X-atmo-protocol=true&_=1744339557201 HTTP/1.1" 200 -
65.181.90.29 - - [11/Apr/2025:10:46:34 +0800] "POST /InternetTrading/MarketStatus HTTP/1.1" 200 772
203.145.94.36 - - [11/Apr/2025:10:46:36 +0800] "GET /InternetTrading/longpoll/54822?X-Atmosphere-tracking-id=0&X-Atmosphere-Framework=2.2.3-javascript&X-Atmosphere-Transport=long-polling&X-Atmosphere-TrackMessageSize=true&Content-Type=charset%3Dutf-8&X-atmo-protocol=true&_=1744339556236 HTTP/1.1" 200 -
14.127.12.81 - - [11/Apr/2025:10:46:37 +0800] "POST /InternetTrading/Heartbeat2FAService HTTP/1.1" 200 1
182.239.93.77 - - [11/Apr/2025:10:46:38 +0800] "GET /InternetTrading/longpoll/A8127?X-Atmosphere-tracking-id=0&X-Atmosphere-Framework=2.2.3-javascript&X-Atmosphere-Transport=long-polling&X-Atmosphere-TrackMessageSize=true&Content-Type=charset%3Dutf-8&X-atmo-protocol=true&_=1744339559538 HTTP/1.1" 200 -
113.118.5.130 - - [11/Apr/2025:10:46:39 +0800] "GET /InternetTrading/longpoll/52832?X-Atmosphere-tracking-id=0&X-Atmosphere-Framework=2.2.3-javascript&X-Atmosphere-Transport=long-polling&X-Atmosphere-TrackMessageSize=true&Content-Type=charset%3Dutf-8&X-atmo-protocol=true&_=1744339560102 HTTP/1.1" 200 -
47.83.171.149 - - [11/Apr/2025:10:46:39 +0800] "GET /InternetTrading/longpoll/56327?X-Atmosphere-tracking-id=0&X-Atmosphere-Framework=2.2.3-javascript&X-Atmosphere-Transport=long-polling&X-Atmosphere-TrackMessageSize=true&Content-Type=charset%3Dutf-8&X-atmo-protocol=true&_=1744339561247 HTTP/1.1" 200 -
203.145.94.36 - - [11/Apr/2025:10:46:40 +0800] "POST /InternetTrading/SessionErrorLogger HTTP/1.1" 200 117
65.181.90.29 - - [11/Apr/2025:10:46:40 +0800] "GET /InternetTrading/longpoll/54338?X-Atmosphere-tracking-id=0&X-Atmosphere-Framework=2.2.3-javascript&X-Atmosphere-Transport=long-polling&X-Atmosphere-TrackMessageSize=true&Content-Type=charset%3Dutf-8&X-atmo-protocol=true&_=1744339563120 HTTP/1.1" 200 -
203.145.94.36 - - [11/Apr/2025:10:46:40 +0800] "POST /InternetTrading/MarketStatus HTTP/1.1" 200 772
203.145.94.36 - - [11/Apr/2025:10:46:41 +0800] "GET /InternetTrading/longpoll/54822?X-Atmosphere-tracking-id=0&X-Atmosphere-Framework=2.2.3-javascript&X-Atmosphere-Transport=long-polling&X-Atmosphere-TrackMessageSize=true&Content-Type=charset%3Dutf-8&X-atmo-protocol=true&_=1744339561554 HTTP/1.1" 200 -
182.239.93.77 - - [11/Apr/2025:10:46:42 +0800] "POST /InternetTrading/SessionErrorLogger HTTP/1.1" 200 117
182.239.93.77 - - [11/Apr/2025:10:46:42 +0800] "POST /InternetTrading/Product HTTP/1.1" 200 308
182.239.93.77 - - [11/Apr/2025:10:46:43 +0800] "GET /InternetTrading/longpoll/A8127?X-Atmosphere-tracking-id=0&X-Atmosphere-Framework=2.2.3-javascript&X-Atmosphere-Transport=long-polling&X-Atmosphere-TrackMessageSize=true&Content-Type=charset%3Dutf-8&X-atmo-protocol=true&_=1744339564773 HTTP/1.1" 200 -
182.239.93.77 - - [11/Apr/2025:10:46:43 +0800] "GET /InternetTrading/jquery/images/ui-icons_888888_256x240.png HTTP/1.1" 200 6999
182.239.93.77 - - [11/Apr/2025:10:46:44 +0800] "GET /InternetTrading/jquery/images/ui-icons_454545_256x240.png HTTP/1.1" 200 6992
203.145.94.36 - - [11/Apr/2025:10:46:45 +0800] "POST /InternetTrading/SessionErrorLogger HTTP/1.1" 200 117
203.145.94.36 - - [11/Apr/2025:10:46:45 +0800] "POST /InternetTrading/Heartbeat HTTP/1.1" 200 32
113.118.5.130 - - [11/Apr/2025:10:46:45 +0800] "GET /InternetTrading/longpoll/52832?X-Atmosphere-tracking-id=0&X-Atmosphere-Framework=2.2.3-javascript&X-Atmosphere-Transport=long-polling&X-Atmosphere-TrackMessageSize=true&Content-Type=charset%3Dutf-8&X-atmo-protocol=true&_=1744339566105 HTTP/1.1" 200 -
47.83.171.149 - - [11/Apr/2025:10:46:45 +0800] "GET /InternetTrading/longpoll/56327?X-Atmosphere-tracking-id=0&X-Atmosphere-Framework=2.2.3-javascript&X-Atmosphere-Transport=long-polling&X-Atmosphere-TrackMessageSize=true&Content-Type=charset%3Dutf-8&X-atmo-protocol=true&_=1744339567247 HTTP/1.1" 200 -
65.181.90.29 - - [11/Apr/2025:10:46:46 +0800] "GET /InternetTrading/longpoll/54338?X-Atmosphere-tracking-id=0&X-Atmosphere-Framework=2.2.3-javascript&X-Atmosphere-Transport=long-polling&X-Atmosphere-TrackMessageSize=true&Content-Type=charset%3Dutf-8&X-atmo-protocol=true&_=1744339569128 HTTP/1.1" 200 -
203.145.94.36 - - [11/Apr/2025:10:46:46 +0800] "GET /InternetTrading/longpoll/54822?X-Atmosphere-tracking-id=0&X-Atmosphere-Framework=2.2.3-javascript&X-Atmosphere-Transport=long-polling&X-Atmosphere-TrackMessageSize=true&Content-Type=charset%3Dutf-8&X-atmo-protocol=true&_=1744339566718 HTTP/1.1" 200 -
182.239.93.77 - - [11/Apr/2025:10:46:48 +0800] "GET /InternetTrading/longpoll/A8127?X-Atmosphere-tracking-id=0&X-Atmosphere-Framework=2.2.3-javascript&X-Atmosphere-Transport=long-polling&X-Atmosphere-TrackMessageSize=true&Content-Type=charset%3Dutf-8&X-atmo-protocol=true&_=1744339569882 HTTP/1.1" 200 -
182.239.93.77 - - [11/Apr/2025:10:46:49 +0800] "POST /InternetTrading/SessionErrorLogger HTTP/1.1" 200 117
182.239.93.77 - - [11/Apr/2025:10:46:49 +0800] "GET /InternetTrading/Csrf?url=/Amend HTTP/1.1" 200 126
182.239.93.77 - - [11/Apr/2025:10:46:49 +0800] "POST /InternetTrading/SessionErrorLogger HTTP/1.1" 200 117
182.239.93.77 - - [11/Apr/2025:10:46:49 +0800] "POST /InternetTrading/LoginKey HTTP/1.1" 200 -
182.239.93.77 - - [11/Apr/2025:10:46:49 +0800] "POST /InternetTrading/SessionErrorLogger HTTP/1.1" 200 117
182.239.93.77 - - [11/Apr/2025:10:46:49 +0800] "POST /InternetTrading/Amend?csrf_nonce=0041B7821C6D968FA61A0986FE74F4BE HTTP/1.1" 200 949
182.239.93.77 - - [11/Apr/2025:10:46:49 +0800] "POST /InternetTrading/SessionErrorLogger HTTP/1.1" 200 117
182.239.93.77 - - [11/Apr/2025:10:46:49 +0800] "POST /InternetTrading/MarketStatus HTTP/1.1" 200 772
113.118.5.130 - - [11/Apr/2025:10:46:51 +0800] "GET /InternetTrading/longpoll/52832?X-Atmosphere-tracking-id=0&X-Atmosphere-Framework=2.2.3-javascript&X-Atmosphere-Transport=long-polling&X-Atmosphere-TrackMessageSize=true&Content-Type=charset%3Dutf-8&X-atmo-protocol=true&_=1744339572101 HTTP/1.1" 200 -
113.118.209.42 - - [11/Apr/2025:10:46:51 +0800] "POST /InternetTrading/Heartbeat2FAService HTTP/1.1" 200 1
182.239.93.77 - - [11/Apr/2025:10:46:51 +0800] "POST /InternetTrading/SessionErrorLogger HTTP/1.1" 200 117
47.83.171.149 - - [11/Apr/2025:10:46:51 +0800] "GET /InternetTrading/longpoll/56327?X-Atmosphere-tracking-id=0&X-Atmosphere-Framework=2.2.3-javascript&X-Atmosphere-Transport=long-polling&X-Atmosphere-TrackMessageSize=true&Content-Type=charset%3Dutf-8&X-atmo-protocol=true&_=1744339573238 HTTP/1.1" 200 -
182.239.93.77 - - [11/Apr/2025:10:46:51 +0800] "POST /InternetTrading/Orderbook HTTP/1.1" 200 1585
182.239.93.77 - - [11/Apr/2025:10:46:51 +0800] "GET /InternetTrading/jquery/wait.gif HTTP/1.1" 200 432
203.145.94.36 - - [11/Apr/2025:10:46:52 +0800] "GET /InternetTrading/longpoll/54822?X-Atmosphere-tracking-id=0&X-Atmosphere-Framework=2.2.3-javascript&X-Atmosphere-Transport=long-polling&X-Atmosphere-TrackMessageSize=true&Content-Type=charset%3Dutf-8&X-atmo-protocol=true&_=1744339571892 HTTP/1.1" 200 -
65.181.90.29 - - [11/Apr/2025:10:46:52 +0800] "GET /InternetTrading/longpoll/54338?X-Atmosphere-tracking-id=0&X-Atmosphere-Framework=2.2.3-javascript&X-Atmosphere-Transport=long-polling&X-Atmosphere-TrackMessageSize=true&Content-Type=charset%3Dutf-8&X-atmo-protocol=true&_=1744339575117 HTTP/1.1" 200 -
182.239.93.77 - - [11/Apr/2025:10:46:53 +0800] "GET /InternetTrading/longpoll/A8127?X-Atmosphere-tracking-id=0&X-Atmosphere-Framework=2.2.3-javascript&X-Atmosphere-Transport=long-polling&X-Atmosphere-TrackMessageSize=true&Content-Type=charset%3Dutf-8&X-atmo-protocol=true&_=1744339574983 HTTP/1.1" 200 -
182.239.93.77 - - [11/Apr/2025:10:46:56 +0800] "POST /InternetTrading/SessionErrorLogger HTTP/1.1" 200 117
182.239.93.77 - - [11/Apr/2025:10:46:56 +0800] "POST /InternetTrading/Product HTTP/1.1" 200 308
203.145.94.36 - - [11/Apr/2025:10:46:57 +0800] "GET /InternetTrading/longpoll/54822?X-Atmosphere-tracking-id=0&X-Atmosphere-Framework=2.2.3-javascript&X-Atmosphere-Transport=long-polling&X-Atmosphere-TrackMessageSize=true&Content-Type=charset%3Dutf-8&X-atmo-protocol=true&_=1744339577113 HTTP/1.1" 200 -
113.118.5.130 - - [11/Apr/2025:10:46:57 +0800] "GET /InternetTrading/longpoll/52832?X-Atmosphere-tracking-id=0&X-Atmosphere-Framework=2.2.3-javascript&X-Atmosphere-Transport=long-polling&X-Atmosphere-TrackMessageSize=true&Content-Type=charset%3Dutf-8&X-atmo-protocol=true&_=1744339578112 HTTP/1.1" 200 -
47.83.171.149 - - [11/Apr/2025:10:46:57 +0800] "GET /InternetTrading/longpoll/56327?X-Atmosphere-tracking-id=0&X-Atmosphere-Framework=2.2.3-javascript&X-Atmosphere-Transport=long-polling&X-Atmosphere-TrackMessageSize=true&Content-Type=charset%3Dutf-8&X-atmo-protocol=true&_=1744339579250 HTTP/1.1" 200 -
65.181.90.29 - - [11/Apr/2025:10:46:58 +0800] "GET /InternetTrading/longpoll/54338?X-Atmosphere-tracking-id=0&X-Atmosphere-Framework=2.2.3-javascript&X-Atmosphere-Transport=long-polling&X-Atmosphere-TrackMessageSize=true&Content-Type=charset%3Dutf-8&X-atmo-protocol=true&_=1744339581128 HTTP/1.1" 200 -
182.239.93.77 - - [11/Apr/2025:10:46:58 +0800] "GET /InternetTrading/longpoll/A8127?X-Atmosphere-tracking-id=0&X-Atmosphere-Framework=2.2.3-javascript&X-Atmosphere-Transport=long-polling&X-Atmosphere-TrackMessageSize=true&Content-Type=charset%3Dutf-8&X-atmo-protocol=true&_=1744339580020 HTTP/1.1" 200 -
182.239.93.77 - - [11/Apr/2025:10:46:59 +0800] "POST /InternetTrading/SessionErrorLogger HTTP/1.1" 200 117
182.239.93.77 - - [11/Apr/2025:10:46:59 +0800] "POST /InternetTrading/Heartbeat HTTP/1.1" 200 32
182.239.93.77 - - [11/Apr/2025:10:46:59 +0800] "POST /InternetTrading/SessionErrorLogger HTTP/1.1" 200 117
182.239.93.77 - - [11/Apr/2025:10:46:59 +0800] "POST /InternetTrading/MarketStatus HTTP/1.1" 200 772
113.118.5.130 - - [11/Apr/2025:10:47:01 +0800] "POST /InternetTrading/SessionErrorLogger HTTP/1.1" 200 117
182.239.93.77 - - [11/Apr/2025:10:47:01 +0800] "POST /InternetTrading/SessionErrorLogger HTTP/1.1" 200 117
182.239.93.77 - - [11/Apr/2025:10:47:01 +0800] "GET /InternetTrading/Csrf?url=/Amend HTTP/1.1" 200 126
182.239.93.77 - - [11/Apr/2025:10:47:01 +0800] "POST /InternetTrading/SessionErrorLogger HTTP/1.1" 200 117
113.118.5.130 - - [11/Apr/2025:10:47:01 +0800] "POST /InternetTrading/Heartbeat HTTP/1.1" 200 32
113.118.5.130 - - [11/Apr/2025:10:47:01 +0800] "POST /InternetTrading/SessionErrorLogger HTTP/1.1" 200 117
182.239.93.77 - - [11/Apr/2025:10:47:01 +0800] "POST /InternetTrading/LoginKey HTTP/1.1" 200 -
113.118.5.130 - - [11/Apr/2025:10:47:01 +0800] "POST /InternetTrading/MarketStatus HTTP/1.1" 200 772
182.239.93.77 - - [11/Apr/2025:10:47:01 +0800] "POST /InternetTrading/SessionErrorLogger HTTP/1.1" 200 117
182.239.93.77 - - [11/Apr/2025:10:47:01 +0800] "POST /InternetTrading/Amend?csrf_nonce=2767FC54F7347C7601C271E5F45B7BF3 HTTP/1.1" 200 949
182.239.93.77 - - [11/Apr/2025:10:47:01 +0800] "POST /InternetTrading/SessionErrorLogger HTTP/1.1" 200 117
182.239.93.77 - - [11/Apr/2025:10:47:01 +0800] "POST /InternetTrading/MarketStatus HTTP/1.1" 200 772
203.145.94.36 - - [11/Apr/2025:10:47:02 +0800] "GET /InternetTrading/longpoll/54822?X-Atmosphere-tracking-id=0&X-Atmosphere-Framework=2.2.3-javascript&X-Atmosphere-Transport=long-polling&X-Atmosphere-TrackMessageSize=true&Content-Type=charset%3Dutf-8&X-atmo-protocol=true&_=1744339582359 HTTP/1.1" 200 -
113.118.5.130 - - [11/Apr/2025:10:47:03 +0800] "GET /InternetTrading/longpoll/52832?X-Atmosphere-tracking-id=0&X-Atmosphere-Framework=2.2.3-javascript&X-Atmosphere-Transport=long-polling&X-Atmosphere-TrackMessageSize=true&Content-Type=charset%3Dutf-8&X-atmo-protocol=true&_=1744339584102 HTTP/1.1" 200 -
210.21.220.69 - - [11/Apr/2025:10:47:03 +0800] "GET /InternetTrading/longpoll/13878?X-Atmosphere-tracking-id=0&X-Atmosphere-Framework=2.2.3-javascript&X-Atmosphere-Transport=long-polling&X-Atmosphere-TrackMessageSize=true&Content-Type=charset%3Dutf-8&X-atmo-protocol=true&_=1744339583865 HTTP/1.1" 200 -
210.21.220.69 - - [11/Apr/2025:10:47:03 +0800] "POST /InternetTrading/SessionErrorLogger HTTP/1.1" 200 117
210.21.220.69 - - [11/Apr/2025:10:47:03 +0800] "POST /InternetTrading/SessionErrorLogger HTTP/1.1" 200 117
210.21.220.69 - - [11/Apr/2025:10:47:03 +0800] "POST /InternetTrading/MarketStatus HTTP/1.1" 200 772
182.239.93.77 - - [11/Apr/2025:10:47:03 +0800] "GET /InternetTrading/longpoll/A8127?X-Atmosphere-tracking-id=0&X-Atmosphere-Framework=2.2.3-javascript&X-Atmosphere-Transport=long-polling&X-Atmosphere-TrackMessageSize=true&Content-Type=charset%3Dutf-8&X-atmo-protocol=true&_=1744339585131 HTTP/1.1" 200 -
182.239.93.77 - - [11/Apr/2025:10:47:03 +0800] "GET /InternetTrading/jquery/wait.gif HTTP/1.1" 200 432
182.239.93.77 - - [11/Apr/2025:10:47:03 +0800] "POST /InternetTrading/SessionErrorLogger HTTP/1.1" 200 117
47.83.171.149 - - [11/Apr/2025:10:47:03 +0800] "GET /InternetTrading/longpoll/56327?X-Atmosphere-tracking-id=0&X-Atmosphere-Framework=2.2.3-javascript&X-Atmosphere-Transport=long-polling&X-Atmosphere-TrackMessageSize=true&Content-Type=charset%3Dutf-8&X-atmo-protocol=true&_=1744339585250 HTTP/1.1" 200 -
182.239.93.77 - - [11/Apr/2025:10:47:03 +0800] "POST /InternetTrading/Orderbook HTTP/1.1" 200 1624
65.181.90.29 - - [11/Apr/2025:10:47:04 +0800] "GET /InternetTrading/longpoll/54338?X-Atmosphere-tracking-id=0&X-Atmosphere-Framework=2.2.3-javascript&X-Atmosphere-Transport=long-polling&X-Atmosphere-TrackMessageSize=true&Content-Type=charset%3Dutf-8&X-atmo-protocol=true&_=1744339587132 HTTP/1.1" 200 -
14.127.12.81 - - [11/Apr/2025:10:47:05 +0800] "POST /InternetTrading/Heartbeat2FAService HTTP/1.1" 200 1
210.21.220.69 - - [11/Apr/2025:10:47:05 +0800] "POST /InternetTrading/Heartbeat HTTP/1.1" 200 32
182.239.93.77 - - [11/Apr/2025:10:47:05 +0800] "POST /InternetTrading/SessionErrorLogger HTTP/1.1" 200 117
182.239.93.77 - - [11/Apr/2025:10:47:05 +0800] "POST /InternetTrading/Product HTTP/1.1" 200 308
203.145.94.36 - - [11/Apr/2025:10:47:07 +0800] "GET /InternetTrading/longpoll/54822?X-Atmosphere-tracking-id=0&X-Atmosphere-Framework=2.2.3-javascript&X-Atmosphere-Transport=long-polling&X-Atmosphere-TrackMessageSize=true&Content-Type=charset%3Dutf-8&X-atmo-protocol=true&_=1744339587555 HTTP/1.1" 200 -
182.239.93.77 - - [11/Apr/2025:10:47:08 +0800] "POST /InternetTrading/SessionErrorLogger HTTP/1.1" 200 117
182.239.93.77 - - [11/Apr/2025:10:47:08 +0800] "GET /InternetTrading/Csrf?url=/Amend HTTP/1.1" 200 126
182.239.93.77 - - [11/Apr/2025:10:47:08 +0800] "POST /InternetTrading/SessionErrorLogger HTTP/1.1" 200 117
182.239.93.77 - - [11/Apr/2025:10:47:08 +0800] "POST /InternetTrading/LoginKey HTTP/1.1" 200 -
182.239.93.77 - - [11/Apr/2025:10:47:08 +0800] "POST /InternetTrading/SessionErrorLogger HTTP/1.1" 200 117
182.239.93.77 - - [11/Apr/2025:10:47:08 +0800] "GET /InternetTrading/longpoll/A8127?X-Atmosphere-tracking-id=0&X-Atmosphere-Framework=2.2.3-javascript&X-Atmosphere-Transport=long-polling&X-Atmosphere-TrackMessageSize=true&Content-Type=charset%3Dutf-8&X-atmo-protocol=true&_=1744339590313 HTTP/1.1" 200 -
182.239.93.77 - - [11/Apr/2025:10:47:08 +0800] "POST /InternetTrading/Amend?csrf_nonce=2767FC54F7347C7601C271E5F45B7BF3 HTTP/1.1" 200 948
182.239.93.77 - - [11/Apr/2025:10:47:09 +0800] "POST /InternetTrading/SessionErrorLogger HTTP/1.1" 200 117
182.239.93.77 - - [11/Apr/2025:10:47:09 +0800] "POST /InternetTrading/MarketStatus HTTP/1.1" 200 772
113.118.5.130 - - [11/Apr/2025:10:47:09 +0800] "GET /InternetTrading/longpoll/52832?X-Atmosphere-tracking-id=0&X-Atmosphere-Framework=2.2.3-javascript&X-Atmosphere-Transport=long-polling&X-Atmosphere-TrackMessageSize=true&Content-Type=charset%3Dutf-8&X-atmo-protocol=true&_=1744339590102 HTTP/1.1" 200 -
47.83.171.149 - - [11/Apr/2025:10:47:09 +0800] "GET /InternetTrading/longpoll/56327?X-Atmosphere-tracking-id=0&X-Atmosphere-Framework=2.2.3-javascript&X-Atmosphere-Transport=long-polling&X-Atmosphere-TrackMessageSize=true&Content-Type=charset%3Dutf-8&X-atmo-protocol=true&_=1744339591249 HTTP/1.1" 200 -
65.181.90.29 - - [11/Apr/2025:10:47:10 +0800] "GET /InternetTrading/longpoll/54338?X-Atmosphere-tracking-id=0&X-Atmosphere-Framework=2.2.3-javascript&X-Atmosphere-Transport=long-polling&X-Atmosphere-TrackMessageSize=true&Content-Type=charset%3Dutf-8&X-atmo-protocol=true&_=1744339593128 HTTP/1.1" 200 -
203.145.94.36 - - [11/Apr/2025:10:47:10 +0800] "POST /InternetTrading/SessionErrorLogger HTTP/1.1" 200 117
203.145.94.36 - - [11/Apr/2025:10:47:10 +0800] "POST /InternetTrading/MarketStatus HTTP/1.1" 200 772
182.239.93.77 - - [11/Apr/2025:10:47:11 +0800] "POST /InternetTrading/SessionErrorLogger HTTP/1.1" 200 117
182.239.93.77 - - [11/Apr/2025:10:47:11 +0800] "GET /InternetTrading/jquery/wait.gif HTTP/1.1" 200 432
182.239.93.77 - - [11/Apr/2025:10:47:11 +0800] "POST /InternetTrading/Orderbook HTTP/1.1" 200 1706
210.21.220.69 - - [11/Apr/2025:10:47:11 +0800] "GET /InternetTrading/longpoll/13878?X-Atmosphere-tracking-id=0&X-Atmosphere-Framework=2.2.3-javascript&X-Atmosphere-Transport=long-polling&X-Atmosphere-TrackMessageSize=true&Content-Type=charset%3Dutf-8&X-atmo-protocol=true&_=1744339591525 HTTP/1.1" 200 -
203.145.94.36 - - [11/Apr/2025:10:47:13 +0800] "GET /InternetTrading/longpoll/54822?X-Atmosphere-tracking-id=0&X-Atmosphere-Framework=2.2.3-javascript&X-Atmosphere-Transport=long-polling&X-Atmosphere-TrackMessageSize=true&Content-Type=charset%3Dutf-8&X-atmo-protocol=true&_=1744339592890 HTTP/1.1" 200 -
182.239.93.77 - - [11/Apr/2025:10:47:13 +0800] "GET /InternetTrading/jquery/wait.gif HTTP/1.1" 200 432
182.239.93.77 - - [11/Apr/2025:10:47:13 +0800] "POST /InternetTrading/SessionErrorLogger HTTP/1.1" 200 117
182.239.93.77 - - [11/Apr/2025:10:47:13 +0800] "POST /InternetTrading/Portfolio HTTP/1.1" 200 1583
182.239.93.77 - - [11/Apr/2025:10:47:14 +0800] "GET /InternetTrading/longpoll/A8127?X-Atmosphere-tracking-id=0&X-Atmosphere-Framework=2.2.3-javascript&X-Atmosphere-Transport=long-polling&X-Atmosphere-TrackMessageSize=true&Content-Type=charset%3Dutf-8&X-atmo-protocol=true&_=1744339595442 HTTP/1.1" 200 -
203.145.94.36 - - [11/Apr/2025:10:47:15 +0800] "POST /InternetTrading/SessionErrorLogger HTTP/1.1" 200 117
203.145.94.36 - - [11/Apr/2025:10:47:15 +0800] "POST /InternetTrading/Heartbeat HTTP/1.1" 200 32
47.83.171.149 - - [11/Apr/2025:10:47:15 +0800] "GET /InternetTrading/longpoll/56327?X-Atmosphere-tracking-id=0&X-Atmosphere-Framework=2.2.3-javascript&X-Atmosphere-Transport=long-polling&X-Atmosphere-TrackMessageSize=true&Content-Type=charset%3Dutf-8&X-atmo-protocol=true&_=1744339597246 HTTP/1.1" 200 -
65.181.90.29 - - [11/Apr/2025:10:47:16 +0800] "GET /InternetTrading/longpoll/54338?X-Atmosphere-tracking-id=0&X-Atmosphere-Framework=2.2.3-javascript&X-Atmosphere-Transport=long-polling&X-Atmosphere-TrackMessageSize=true&Content-Type=charset%3Dutf-8&X-atmo-protocol=true&_=1744339599131 HTTP/1.1" 200 -
113.118.5.130 - - [11/Apr/2025:10:47:16 +0800] "GET /InternetTrading/longpoll/52832?X-Atmosphere-tracking-id=0&X-Atmosphere-Framework=2.2.3-javascript&X-Atmosphere-Transport=long-polling&X-Atmosphere-TrackMessageSize=true&Content-Type=charset%3Dutf-8&X-atmo-protocol=true&_=1744339596105 HTTP/1.1" 200 -
203.145.94.36 - - [11/Apr/2025:10:47:18 +0800] "GET /InternetTrading/longpoll/54822?X-Atmosphere-tracking-id=0&X-Atmosphere-Framework=2.2.3-javascript&X-Atmosphere-Transport=long-polling&X-Atmosphere-TrackMessageSize=true&Content-Type=charset%3Dutf-8&X-atmo-protocol=true&_=1744339598131 HTTP/1.1" 200 -
113.118.209.42 - - [11/Apr/2025:10:47:18 +0800] "POST /InternetTrading/Heartbeat2FAService HTTP/1.1" 200 1
