112.118.106.58 - - [11/Apr/2025:10:05:18 +0800] "GET /InternetTrading/js/string_extend.js?jsv=20200819161914 HTTP/1.1" 200 272
112.118.106.58 - - [11/Apr/2025:10:05:18 +0800] "GET /InternetTrading/js/pidcrypt.js?jsv=20200819161914 HTTP/1.1" 200 982
112.118.106.58 - - [11/Apr/2025:10:05:18 +0800] "GET /InternetTrading/ExchangeList?fmt=js&jsv=20200819161914 HTTP/1.1" 200 146
112.118.106.58 - - [11/Apr/2025:10:05:18 +0800] "GET /InternetTrading/js/pidcrypt_util.js?jsv=20200819161914 HTTP/1.1" 200 1206
112.118.106.58 - - [11/Apr/2025:10:05:18 +0800] "GET /InternetTrading/js/aes_cbc.js?jsv=20200819161914 HTTP/1.1" 200 2043
112.118.106.58 - - [11/Apr/2025:10:05:18 +0800] "GET /InternetTrading/js/md5.js?jsv=20200819161914 HTTP/1.1" 200 1730
112.118.106.58 - - [11/Apr/2025:10:05:18 +0800] "GET /InternetTrading/js/aes_core.js?jsv=20200819161914 HTTP/1.1" 200 2106
112.118.106.58 - - [11/Apr/2025:10:05:18 +0800] "GET /InternetTrading/js/asn1.js?jsv=20200819161914 HTTP/1.1" 200 3099
112.118.106.58 - - [11/Apr/2025:10:05:18 +0800] "GET /InternetTrading/js/sha256.js?jsv=20200819161914 HTTP/1.1" 200 1362
112.118.106.58 - - [11/Apr/2025:10:05:18 +0800] "GET /InternetTrading/js/jsbn.js?jsv=20200819161914 HTTP/1.1" 200 6736
112.118.106.58 - - [11/Apr/2025:10:05:18 +0800] "GET /InternetTrading/js/prng4.js?jsv=20200819161914 HTTP/1.1" 200 303
112.118.106.58 - - [11/Apr/2025:10:05:18 +0800] "GET /InternetTrading/js/rng.js?jsv=20200819161914 HTTP/1.1" 200 481
112.118.106.58 - - [11/Apr/2025:10:05:18 +0800] "GET /InternetTrading/js/rsa.js?jsv=20200819161914 HTTP/1.1" 200 1658
112.118.106.58 - - [11/Apr/2025:10:05:18 +0800] "GET /InternetTrading/js/mode-ecb.js?jsv=20200819161914 HTTP/1.1" 200 199
112.118.106.58 - - [11/Apr/2025:10:05:18 +0800] "GET /InternetTrading/js/aes.js?jsv=20200819161914 HTTP/1.1" 200 4816
112.118.106.58 - - [11/Apr/2025:10:05:18 +0800] "GET /InternetTrading/js/utilSpec.js?jsv=20200819161914 HTTP/1.1" 200 27
112.118.106.58 - - [11/Apr/2025:10:05:18 +0800] "GET /InternetTrading/js/update_lastlogin.js?jsv=20200819161914 HTTP/1.1" 200 980
112.118.106.58 - - [11/Apr/2025:10:05:18 +0800] "GET /InternetTrading/js/pw_alert.js?jsv=20200819161914 HTTP/1.1" 200 418
112.118.106.58 - - [11/Apr/2025:10:05:18 +0800] "GET /InternetTrading/js/jquery.jscrollpane.js HTTP/1.1" 404 685
112.118.106.58 - - [11/Apr/2025:10:05:18 +0800] "GET /InternetTrading/js/jquery.mousewheel.js HTTP/1.1" 404 684
112.118.106.58 - - [11/Apr/2025:10:05:18 +0800] "GET /InternetTrading/js/jquery.cookie.js HTTP/1.1" 200 834
112.118.106.58 - - [11/Apr/2025:10:05:18 +0800] "GET /InternetTrading/tc/css/jquery.jscrollpane.css HTTP/1.1" 404 690
112.118.106.58 - - [11/Apr/2025:10:05:18 +0800] "GET /InternetTrading/GoodTillDateValidExch?fmt=js&jsv=20200819161914 HTTP/1.1" 200 29
112.118.106.58 - - [11/Apr/2025:10:05:18 +0800] "GET /InternetTrading/js/decimal.js HTTP/1.1" 200 13492
112.118.106.58 - - [11/Apr/2025:10:05:18 +0800] "GET /InternetTrading/tc/images/logo.png HTTP/1.1" 200 7042
112.118.106.58 - - [11/Apr/2025:10:05:18 +0800] "GET /InternetTrading/tc/images/top_menu01.jpg HTTP/1.1" 200 3466
112.118.106.58 - - [11/Apr/2025:10:05:18 +0800] "GET /InternetTrading/tc/images/top_menu04.jpg HTTP/1.1" 200 3430
112.118.106.58 - - [11/Apr/2025:10:05:18 +0800] "GET /InternetTrading/tc/images/top_menu_logout.jpg HTTP/1.1" 200 1016
112.118.106.58 - - [11/Apr/2025:10:05:18 +0800] "GET /InternetTrading/tc/dialog.html?1744337078423 HTTP/1.1" 200 3188
112.118.106.58 - - [11/Apr/2025:10:05:18 +0800] "POST /InternetTrading/PopUpConfig HTTP/1.1" 200 2
112.118.106.58 - - [11/Apr/2025:10:05:18 +0800] "GET /InternetTrading/images/top_bg3.jpg HTTP/1.1" 200 878
112.118.106.58 - - [11/Apr/2025:10:05:18 +0800] "POST /InternetTrading/Heartbeat HTTP/1.1" 200 32
112.118.106.58 - - [11/Apr/2025:10:05:18 +0800] "GET /InternetTrading/images/top_bg1.jpg HTTP/1.1" 200 329
112.118.106.58 - - [11/Apr/2025:10:05:18 +0800] "GET /InternetTrading/images/top_bg2.jpg HTTP/1.1" 200 330
112.118.106.58 - - [11/Apr/2025:10:05:18 +0800] "GET /InternetTrading/tc/images/top_menu01_o.jpg HTTP/1.1" 200 3339
112.118.106.58 - - [11/Apr/2025:10:05:18 +0800] "POST /InternetTrading/CustomerInfoLite HTTP/1.1" 200 125
112.118.106.58 - - [11/Apr/2025:10:05:18 +0800] "GET /InternetTrading/tc/images/trade_point01.jpg HTTP/1.1" 200 358
112.118.106.58 - - [11/Apr/2025:10:05:18 +0800] "GET /InternetTrading/jquery/wait.gif HTTP/1.1" 200 432
112.118.106.58 - - [11/Apr/2025:10:05:18 +0800] "GET /InternetTrading/tc/trade.html HTTP/1.1" 200 2113
112.118.106.58 - - [11/Apr/2025:10:05:18 +0800] "GET /InternetTrading/tc/images/refresh.gif HTTP/1.1" 200 1145
112.118.106.58 - - [11/Apr/2025:10:05:18 +0800] "POST /InternetTrading/SpreadPriceCache HTTP/1.1" 200 3539
112.118.106.58 - - [11/Apr/2025:10:05:18 +0800] "GET /InternetTrading/jquery/images/ui-icons_222222_256x240.png HTTP/1.1" 200 6922
112.118.106.58 - - [11/Apr/2025:10:05:18 +0800] "GET /InternetTrading/jquery/images/ui-bg_flat_75_ffffff_40x100.png HTTP/1.1" 200 208
112.118.106.58 - - [11/Apr/2025:10:05:18 +0800] "POST /InternetTrading/SessionErrorLogger HTTP/1.1" 200 117
112.118.106.58 - - [11/Apr/2025:10:05:18 +0800] "POST /InternetTrading/SessionErrorLogger HTTP/1.1" 200 117
112.118.106.58 - - [11/Apr/2025:10:05:18 +0800] "POST /InternetTrading/MarketStatus HTTP/1.1" 200 772
112.118.106.58 - - [11/Apr/2025:10:05:18 +0800] "POST /InternetTrading/SessionErrorLogger HTTP/1.1" 200 117
112.118.106.58 - - [11/Apr/2025:10:05:18 +0800] "GET /InternetTrading/tc/buy_ticket.html? HTTP/1.1" 200 1995
112.118.106.58 - - [11/Apr/2025:10:05:18 +0800] "GET /InternetTrading/tc/multi_currency_balance.html HTTP/1.1" 200 295
112.118.106.58 - - [11/Apr/2025:10:05:18 +0800] "GET /InternetTrading/tc/applet_dummy.html HTTP/1.1" 200 330
112.118.106.58 - - [11/Apr/2025:10:05:18 +0800] "POST /InternetTrading/SessionErrorLogger HTTP/1.1" 200 117
112.118.106.58 - - [11/Apr/2025:10:05:18 +0800] "POST /InternetTrading/SessionErrorLogger HTTP/1.1" 200 117
112.118.106.58 - - [11/Apr/2025:10:05:18 +0800] "POST /InternetTrading/MarketStatus HTTP/1.1" 200 772
112.118.106.58 - - [11/Apr/2025:10:05:18 +0800] "POST /InternetTrading/MarketStatus HTTP/1.1" 200 772
112.118.106.58 - - [11/Apr/2025:10:05:18 +0800] "POST /InternetTrading/SessionErrorLogger HTTP/1.1" 200 117
112.118.106.58 - - [11/Apr/2025:10:05:18 +0800] "POST /InternetTrading/GetLastLoginDate HTTP/1.1" 200 31
112.118.106.58 - - [11/Apr/2025:10:05:18 +0800] "POST /InternetTrading/SessionErrorLogger HTTP/1.1" 200 117
112.118.106.58 - - [11/Apr/2025:10:05:18 +0800] "GET /InternetTrading/tc/getpopupMsgName.jsp HTTP/1.1" 200 -
112.118.106.58 - - [11/Apr/2025:10:05:18 +0800] "GET /InternetTrading/Home/PostToAA.jsp?hl=tc HTTP/1.1" 200 287
182.239.93.77 - - [11/Apr/2025:10:05:19 +0800] "GET /InternetTrading/longpoll/A8127?X-Atmosphere-tracking-id=0&X-Atmosphere-Framework=2.2.3-javascript&X-Atmosphere-Transport=long-polling&X-Atmosphere-TrackMessageSize=true&Content-Type=charset%3Dutf-8&X-atmo-protocol=true&_=1744337080238 HTTP/1.1" 200 -
65.181.90.29 - - [11/Apr/2025:10:05:20 +0800] "GET /InternetTrading/longpoll/54338?X-Atmosphere-tracking-id=0&X-Atmosphere-Framework=2.2.3-javascript&X-Atmosphere-Transport=long-polling&X-Atmosphere-TrackMessageSize=true&Content-Type=charset%3Dutf-8&X-atmo-protocol=true&_=1744337082597 HTTP/1.1" 200 -
112.118.106.58 - - [11/Apr/2025:10:05:20 +0800] "POST /InternetTrading/SessionErrorLogger HTTP/1.1" 200 117
112.118.106.58 - - [11/Apr/2025:10:05:20 +0800] "POST /InternetTrading/CustomerInfo HTTP/1.1" 200 220
112.118.106.58 - - [11/Apr/2025:10:05:20 +0800] "POST /InternetTrading/SessionErrorLogger HTTP/1.1" 200 117
112.118.106.58 - - [11/Apr/2025:10:05:20 +0800] "GET /InternetTrading/tc/account_status.html HTTP/1.1" 200 426
112.118.106.58 - - [11/Apr/2025:10:05:20 +0800] "POST /InternetTrading/SessionErrorLogger HTTP/1.1" 200 117
112.118.106.58 - - [11/Apr/2025:10:05:20 +0800] "POST /InternetTrading/SessionErrorLogger HTTP/1.1" 200 117
112.118.106.58 - - [11/Apr/2025:10:05:20 +0800] "POST /InternetTrading/MarketStatus HTTP/1.1" 200 772
112.118.106.58 - - [11/Apr/2025:10:05:20 +0800] "POST /InternetTrading/SessionErrorLogger HTTP/1.1" 200 117
112.118.106.58 - - [11/Apr/2025:10:05:20 +0800] "POST /InternetTrading/LongPollingConfig HTTP/1.1" 200 4
112.118.106.58 - - [11/Apr/2025:10:05:20 +0800] "POST /InternetTrading/SessionErrorLogger HTTP/1.1" 200 117
112.118.106.58 - - [11/Apr/2025:10:05:20 +0800] "GET /InternetTrading/longpoll/M4613?X-Atmosphere-tracking-id=0&X-Atmosphere-Framework=2.2.3-javascript&X-Atmosphere-Transport=long-polling&X-Atmosphere-TrackMessageSize=true&Content-Type=charset%3Dutf-8&X-atmo-protocol=true&_=1744337080727 HTTP/1.1" 200 -
112.118.106.58 - - [11/Apr/2025:10:05:20 +0800] "POST /InternetTrading/Portfolio HTTP/1.1" 200 2931
47.83.171.149 - - [11/Apr/2025:10:05:23 +0800] "GET /InternetTrading/longpoll/56327?X-Atmosphere-tracking-id=0&X-Atmosphere-Framework=2.2.3-javascript&X-Atmosphere-Transport=long-polling&X-Atmosphere-TrackMessageSize=true&Content-Type=charset%3Dutf-8&X-atmo-protocol=true&_=1744337085248 HTTP/1.1" 200 -
182.239.93.77 - - [11/Apr/2025:10:05:24 +0800] "GET /InternetTrading/longpoll/A8127?X-Atmosphere-tracking-id=0&X-Atmosphere-Framework=2.2.3-javascript&X-Atmosphere-Transport=long-polling&X-Atmosphere-TrackMessageSize=true&Content-Type=charset%3Dutf-8&X-atmo-protocol=true&_=1744337085477 HTTP/1.1" 200 -
65.181.90.29 - - [11/Apr/2025:10:05:24 +0800] "POST /InternetTrading/SessionErrorLogger HTTP/1.1" 200 117
65.181.90.29 - - [11/Apr/2025:10:05:24 +0800] "POST /InternetTrading/MarketStatus HTTP/1.1" 200 772
65.181.90.29 - - [11/Apr/2025:10:05:25 +0800] "GET /InternetTrading/longpoll/54338?X-Atmosphere-tracking-id=0&X-Atmosphere-Framework=2.2.3-javascript&X-Atmosphere-Transport=long-polling&X-Atmosphere-TrackMessageSize=true&Content-Type=charset%3Dutf-8&X-atmo-protocol=true&_=1744337087631 HTTP/1.1" 200 -
112.118.106.58 - - [11/Apr/2025:10:05:25 +0800] "GET /InternetTrading/longpoll/M4613?X-Atmosphere-tracking-id=0&X-Atmosphere-Framework=2.2.3-javascript&X-Atmosphere-Transport=long-polling&X-Atmosphere-TrackMessageSize=true&Content-Type=charset%3Dutf-8&X-atmo-protocol=true&_=1744337085741 HTTP/1.1" 200 -
47.83.171.149 - - [11/Apr/2025:10:05:27 +0800] "POST /InternetTrading/SessionErrorLogger HTTP/1.1" 200 117
47.83.171.149 - - [11/Apr/2025:10:05:27 +0800] "POST /InternetTrading/Heartbeat HTTP/1.1" 200 32
47.83.171.149 - - [11/Apr/2025:10:05:27 +0800] "POST /InternetTrading/SessionErrorLogger HTTP/1.1" 200 117
47.83.171.149 - - [11/Apr/2025:10:05:28 +0800] "POST /InternetTrading/MarketStatus HTTP/1.1" 200 772
210.21.220.69 - - [11/Apr/2025:10:05:29 +0800] "-" 408 -
182.239.93.77 - - [11/Apr/2025:10:05:29 +0800] "GET /InternetTrading/longpoll/A8127?X-Atmosphere-tracking-id=0&X-Atmosphere-Framework=2.2.3-javascript&X-Atmosphere-Transport=long-polling&X-Atmosphere-TrackMessageSize=true&Content-Type=charset%3Dutf-8&X-atmo-protocol=true&_=1744337090799 HTTP/1.1" 200 -
210.21.220.69 - - [11/Apr/2025:10:05:29 +0800] "-" 408 -
47.83.171.149 - - [11/Apr/2025:10:05:29 +0800] "GET /InternetTrading/longpoll/56327?X-Atmosphere-tracking-id=0&X-Atmosphere-Framework=2.2.3-javascript&X-Atmosphere-Transport=long-polling&X-Atmosphere-TrackMessageSize=true&Content-Type=charset%3Dutf-8&X-atmo-protocol=true&_=1744337091238 HTTP/1.1" 200 -
65.181.90.29 - - [11/Apr/2025:10:05:30 +0800] "GET /InternetTrading/longpoll/54338?X-Atmosphere-tracking-id=0&X-Atmosphere-Framework=2.2.3-javascript&X-Atmosphere-Transport=long-polling&X-Atmosphere-TrackMessageSize=true&Content-Type=charset%3Dutf-8&X-atmo-protocol=true&_=1744337092655 HTTP/1.1" 200 -
112.118.106.58 - - [11/Apr/2025:10:05:30 +0800] "GET /InternetTrading/longpoll/M4613?X-Atmosphere-tracking-id=0&X-Atmosphere-Framework=2.2.3-javascript&X-Atmosphere-Transport=long-polling&X-Atmosphere-TrackMessageSize=true&Content-Type=charset%3Dutf-8&X-atmo-protocol=true&_=1744337090765 HTTP/1.1" 200 -
182.239.93.77 - - [11/Apr/2025:10:05:34 +0800] "GET /InternetTrading/longpoll/A8127?X-Atmosphere-tracking-id=0&X-Atmosphere-Framework=2.2.3-javascript&X-Atmosphere-Transport=long-polling&X-Atmosphere-TrackMessageSize=true&Content-Type=charset%3Dutf-8&X-atmo-protocol=true&_=1744337095994 HTTP/1.1" 200 -
65.181.90.29 - - [11/Apr/2025:10:05:35 +0800] "GET /InternetTrading/longpoll/54338?X-Atmosphere-tracking-id=0&X-Atmosphere-Framework=2.2.3-javascript&X-Atmosphere-Transport=long-polling&X-Atmosphere-TrackMessageSize=true&Content-Type=charset%3Dutf-8&X-atmo-protocol=true&_=1744337097707 HTTP/1.1" 200 -
47.83.171.149 - - [11/Apr/2025:10:05:35 +0800] "GET /InternetTrading/longpoll/56327?X-Atmosphere-tracking-id=0&X-Atmosphere-Framework=2.2.3-javascript&X-Atmosphere-Transport=long-polling&X-Atmosphere-TrackMessageSize=true&Content-Type=charset%3Dutf-8&X-atmo-protocol=true&_=1744337097242 HTTP/1.1" 200 -
112.118.106.58 - - [11/Apr/2025:10:05:35 +0800] "GET /InternetTrading/longpoll/M4613?X-Atmosphere-tracking-id=0&X-Atmosphere-Framework=2.2.3-javascript&X-Atmosphere-Transport=long-polling&X-Atmosphere-TrackMessageSize=true&Content-Type=charset%3Dutf-8&X-atmo-protocol=true&_=1744337095859 HTTP/1.1" 200 -
182.239.93.77 - - [11/Apr/2025:10:05:35 +0800] "POST /InternetTrading/SessionErrorLogger HTTP/1.1" 200 117
182.239.93.77 - - [11/Apr/2025:10:05:35 +0800] "POST /InternetTrading/Heartbeat HTTP/1.1" 200 32
182.239.93.77 - - [11/Apr/2025:10:05:35 +0800] "POST /InternetTrading/SessionErrorLogger HTTP/1.1" 200 117
182.239.93.77 - - [11/Apr/2025:10:05:36 +0800] "POST /InternetTrading/MarketStatus HTTP/1.1" 200 772
182.239.93.77 - - [11/Apr/2025:10:05:39 +0800] "GET /InternetTrading/longpoll/A8127?X-Atmosphere-tracking-id=0&X-Atmosphere-Framework=2.2.3-javascript&X-Atmosphere-Transport=long-polling&X-Atmosphere-TrackMessageSize=true&Content-Type=charset%3Dutf-8&X-atmo-protocol=true&_=1744337101215 HTTP/1.1" 200 -
65.181.90.29 - - [11/Apr/2025:10:05:40 +0800] "GET /InternetTrading/longpoll/54338?X-Atmosphere-tracking-id=0&X-Atmosphere-Framework=2.2.3-javascript&X-Atmosphere-Transport=long-polling&X-Atmosphere-TrackMessageSize=true&Content-Type=charset%3Dutf-8&X-atmo-protocol=true&_=1744337102731 HTTP/1.1" 200 -
112.118.106.58 - - [11/Apr/2025:10:05:40 +0800] "GET /InternetTrading/longpoll/M4613?X-Atmosphere-tracking-id=0&X-Atmosphere-Framework=2.2.3-javascript&X-Atmosphere-Transport=long-polling&X-Atmosphere-TrackMessageSize=true&Content-Type=charset%3Dutf-8&X-atmo-protocol=true&_=1744337100918 HTTP/1.1" 200 -
47.83.171.149 - - [11/Apr/2025:10:05:42 +0800] "GET /InternetTrading/longpoll/56327?X-Atmosphere-tracking-id=0&X-Atmosphere-Framework=2.2.3-javascript&X-Atmosphere-Transport=long-polling&X-Atmosphere-TrackMessageSize=true&Content-Type=charset%3Dutf-8&X-atmo-protocol=true&_=1744337103237 HTTP/1.1" 200 -
65.181.90.29 - - [11/Apr/2025:10:05:43 +0800] "POST /InternetTrading/SessionErrorLogger HTTP/1.1" 200 117
65.181.90.29 - - [11/Apr/2025:10:05:43 +0800] "POST /InternetTrading/Product HTTP/1.1" 200 310
65.181.90.29 - - [11/Apr/2025:10:05:44 +0800] "POST /InternetTrading/SessionErrorLogger HTTP/1.1" 200 117
65.181.90.29 - - [11/Apr/2025:10:05:44 +0800] "POST /InternetTrading/Heartbeat HTTP/1.1" 200 32
182.239.93.77 - - [11/Apr/2025:10:05:44 +0800] "GET /InternetTrading/longpoll/A8127?X-Atmosphere-tracking-id=0&X-Atmosphere-Framework=2.2.3-javascript&X-Atmosphere-Transport=long-polling&X-Atmosphere-TrackMessageSize=true&Content-Type=charset%3Dutf-8&X-atmo-protocol=true&_=1744337106320 HTTP/1.1" 200 -
65.181.90.29 - - [11/Apr/2025:10:05:45 +0800] "GET /InternetTrading/longpoll/54338?X-Atmosphere-tracking-id=0&X-Atmosphere-Framework=2.2.3-javascript&X-Atmosphere-Transport=long-polling&X-Atmosphere-TrackMessageSize=true&Content-Type=charset%3Dutf-8&X-atmo-protocol=true&_=1744337107767 HTTP/1.1" 200 -
112.118.106.58 - - [11/Apr/2025:10:05:45 +0800] "GET /InternetTrading/longpoll/M4613?X-Atmosphere-tracking-id=0&X-Atmosphere-Framework=2.2.3-javascript&X-Atmosphere-Transport=long-polling&X-Atmosphere-TrackMessageSize=true&Content-Type=charset%3Dutf-8&X-atmo-protocol=true&_=1744337106005 HTTP/1.1" 200 -
210.21.220.69 - - [11/Apr/2025:10:05:47 +0800] "POST /InternetTrading/SessionErrorLogger HTTP/1.1" 200 117
210.21.220.69 - - [11/Apr/2025:10:05:47 +0800] "GET /InternetTrading/longpoll/13878?X-Atmosphere-tracking-id=0&X-Atmosphere-Framework=2.2.3-javascript&X-Atmosphere-Transport=long-polling&X-Atmosphere-TrackMessageSize=true&Content-Type=charset%3Dutf-8&X-atmo-protocol=true&_=1744337106567 HTTP/1.1" 200 -
210.21.220.69 - - [11/Apr/2025:10:05:47 +0800] "POST /InternetTrading/SessionErrorLogger HTTP/1.1" 200 117
210.21.220.69 - - [11/Apr/2025:10:05:47 +0800] "POST /InternetTrading/MarketStatus HTTP/1.1" 200 772
47.83.171.149 - - [11/Apr/2025:10:05:47 +0800] "GET /InternetTrading/longpoll/56327?X-Atmosphere-tracking-id=0&X-Atmosphere-Framework=2.2.3-javascript&X-Atmosphere-Transport=long-polling&X-Atmosphere-TrackMessageSize=true&Content-Type=charset%3Dutf-8&X-atmo-protocol=true&_=1744337109237 HTTP/1.1" 200 -
210.21.220.69 - - [11/Apr/2025:10:05:47 +0800] "POST /InternetTrading/Heartbeat HTTP/1.1" 200 32
112.118.106.58 - - [11/Apr/2025:10:05:48 +0800] "POST /InternetTrading/SessionErrorLogger HTTP/1.1" 200 117
112.118.106.58 - - [11/Apr/2025:10:05:48 +0800] "POST /InternetTrading/Heartbeat HTTP/1.1" 200 32
112.118.106.58 - - [11/Apr/2025:10:05:48 +0800] "POST /InternetTrading/SessionErrorLogger HTTP/1.1" 200 117
112.118.106.58 - - [11/Apr/2025:10:05:48 +0800] "POST /InternetTrading/MarketStatus HTTP/1.1" 200 772
182.239.93.77 - - [11/Apr/2025:10:05:50 +0800] "GET /InternetTrading/longpoll/A8127?X-Atmosphere-tracking-id=0&X-Atmosphere-Framework=2.2.3-javascript&X-Atmosphere-Transport=long-polling&X-Atmosphere-TrackMessageSize=true&Content-Type=charset%3Dutf-8&X-atmo-protocol=true&_=1744337111467 HTTP/1.1" 200 -
65.181.90.29 - - [11/Apr/2025:10:05:50 +0800] "GET /InternetTrading/longpoll/54338?X-Atmosphere-tracking-id=0&X-Atmosphere-Framework=2.2.3-javascript&X-Atmosphere-Transport=long-polling&X-Atmosphere-TrackMessageSize=true&Content-Type=charset%3Dutf-8&X-atmo-protocol=true&_=1744337112795 HTTP/1.1" 200 -
112.118.106.58 - - [11/Apr/2025:10:05:50 +0800] "GET /InternetTrading/longpoll/M4613?X-Atmosphere-tracking-id=0&X-Atmosphere-Framework=2.2.3-javascript&X-Atmosphere-Transport=long-polling&X-Atmosphere-TrackMessageSize=true&Content-Type=charset%3Dutf-8&X-atmo-protocol=true&_=1744337111044 HTTP/1.1" 200 -
210.21.220.69 - - [11/Apr/2025:10:05:53 +0800] "GET /InternetTrading/longpoll/13878?X-Atmosphere-tracking-id=0&X-Atmosphere-Framework=2.2.3-javascript&X-Atmosphere-Transport=long-polling&X-Atmosphere-TrackMessageSize=true&Content-Type=charset%3Dutf-8&X-atmo-protocol=true&_=1744337113477 HTTP/1.1" 200 -
47.83.171.149 - - [11/Apr/2025:10:05:53 +0800] "GET /InternetTrading/longpoll/56327?X-Atmosphere-tracking-id=0&X-Atmosphere-Framework=2.2.3-javascript&X-Atmosphere-Transport=long-polling&X-Atmosphere-TrackMessageSize=true&Content-Type=charset%3Dutf-8&X-atmo-protocol=true&_=1744337115249 HTTP/1.1" 200 -
65.181.90.29 - - [11/Apr/2025:10:05:54 +0800] "POST /InternetTrading/SessionErrorLogger HTTP/1.1" 200 117
65.181.90.29 - - [11/Apr/2025:10:05:54 +0800] "POST /InternetTrading/MarketStatus HTTP/1.1" 200 772
65.181.90.29 - - [11/Apr/2025:10:05:55 +0800] "GET /InternetTrading/longpoll/54338?X-Atmosphere-tracking-id=0&X-Atmosphere-Framework=2.2.3-javascript&X-Atmosphere-Transport=long-polling&X-Atmosphere-TrackMessageSize=true&Content-Type=charset%3Dutf-8&X-atmo-protocol=true&_=1744337117816 HTTP/1.1" 200 -
182.239.93.77 - - [11/Apr/2025:10:05:55 +0800] "GET /InternetTrading/longpoll/A8127?X-Atmosphere-tracking-id=0&X-Atmosphere-Framework=2.2.3-javascript&X-Atmosphere-Transport=long-polling&X-Atmosphere-TrackMessageSize=true&Content-Type=charset%3Dutf-8&X-atmo-protocol=true&_=1744337116598 HTTP/1.1" 200 -
112.118.106.58 - - [11/Apr/2025:10:05:56 +0800] "GET /InternetTrading/longpoll/M4613?X-Atmosphere-tracking-id=0&X-Atmosphere-Framework=2.2.3-javascript&X-Atmosphere-Transport=long-polling&X-Atmosphere-TrackMessageSize=true&Content-Type=charset%3Dutf-8&X-atmo-protocol=true&_=1744337116076 HTTP/1.1" 200 -
210.21.220.69 - - [11/Apr/2025:10:05:59 +0800] "GET /InternetTrading/longpoll/13878?X-Atmosphere-tracking-id=0&X-Atmosphere-Framework=2.2.3-javascript&X-Atmosphere-Transport=long-polling&X-Atmosphere-TrackMessageSize=true&Content-Type=charset%3Dutf-8&X-atmo-protocol=true&_=1744337119477 HTTP/1.1" 200 -
47.83.171.149 - - [11/Apr/2025:10:05:59 +0800] "GET /InternetTrading/longpoll/56327?X-Atmosphere-tracking-id=0&X-Atmosphere-Framework=2.2.3-javascript&X-Atmosphere-Transport=long-polling&X-Atmosphere-TrackMessageSize=true&Content-Type=charset%3Dutf-8&X-atmo-protocol=true&_=1744337121243 HTTP/1.1" 200 -
65.181.90.29 - - [11/Apr/2025:10:06:00 +0800] "GET /InternetTrading/longpoll/54338?X-Atmosphere-tracking-id=0&X-Atmosphere-Framework=2.2.3-javascript&X-Atmosphere-Transport=long-polling&X-Atmosphere-TrackMessageSize=true&Content-Type=charset%3Dutf-8&X-atmo-protocol=true&_=1744337122833 HTTP/1.1" 200 -
182.239.93.77 - - [11/Apr/2025:10:06:00 +0800] "GET /InternetTrading/longpoll/A8127?X-Atmosphere-tracking-id=0&X-Atmosphere-Framework=2.2.3-javascript&X-Atmosphere-Transport=long-polling&X-Atmosphere-TrackMessageSize=true&Content-Type=charset%3Dutf-8&X-atmo-protocol=true&_=1744337121801 HTTP/1.1" 200 -
112.118.106.58 - - [11/Apr/2025:10:06:01 +0800] "GET /InternetTrading/longpoll/M4613?X-Atmosphere-tracking-id=0&X-Atmosphere-Framework=2.2.3-javascript&X-Atmosphere-Transport=long-polling&X-Atmosphere-TrackMessageSize=true&Content-Type=charset%3Dutf-8&X-atmo-protocol=true&_=1744337121152 HTTP/1.1" 200 -
65.181.90.29 - - [11/Apr/2025:10:06:05 +0800] "GET /InternetTrading/longpoll/54338?X-Atmosphere-tracking-id=0&X-Atmosphere-Framework=2.2.3-javascript&X-Atmosphere-Transport=long-polling&X-Atmosphere-TrackMessageSize=true&Content-Type=charset%3Dutf-8&X-atmo-protocol=true&_=1744337127850 HTTP/1.1" 200 -
182.239.93.77 - - [11/Apr/2025:10:06:05 +0800] "GET /InternetTrading/longpoll/A8127?X-Atmosphere-tracking-id=0&X-Atmosphere-Framework=2.2.3-javascript&X-Atmosphere-Transport=long-polling&X-Atmosphere-TrackMessageSize=true&Content-Type=charset%3Dutf-8&X-atmo-protocol=true&_=1744337127187 HTTP/1.1" 200 -
47.83.171.149 - - [11/Apr/2025:10:06:05 +0800] "GET /InternetTrading/longpoll/56327?X-Atmosphere-tracking-id=0&X-Atmosphere-Framework=2.2.3-javascript&X-Atmosphere-Transport=long-polling&X-Atmosphere-TrackMessageSize=true&Content-Type=charset%3Dutf-8&X-atmo-protocol=true&_=1744337127238 HTTP/1.1" 200 -
182.239.93.77 - - [11/Apr/2025:10:06:05 +0800] "POST /InternetTrading/SessionErrorLogger HTTP/1.1" 200 117
182.239.93.77 - - [11/Apr/2025:10:06:06 +0800] "POST /InternetTrading/Heartbeat HTTP/1.1" 200 32
182.239.93.77 - - [11/Apr/2025:10:06:06 +0800] "POST /InternetTrading/SessionErrorLogger HTTP/1.1" 200 117
182.239.93.77 - - [11/Apr/2025:10:06:06 +0800] "POST /InternetTrading/MarketStatus HTTP/1.1" 200 772
112.118.106.58 - - [11/Apr/2025:10:06:06 +0800] "GET /InternetTrading/longpoll/M4613?X-Atmosphere-tracking-id=0&X-Atmosphere-Framework=2.2.3-javascript&X-Atmosphere-Transport=long-polling&X-Atmosphere-TrackMessageSize=true&Content-Type=charset%3Dutf-8&X-atmo-protocol=true&_=1744337126234 HTTP/1.1" 200 -
65.181.90.29 - - [11/Apr/2025:10:06:10 +0800] "GET /InternetTrading/longpoll/54338?X-Atmosphere-tracking-id=0&X-Atmosphere-Framework=2.2.3-javascript&X-Atmosphere-Transport=long-polling&X-Atmosphere-TrackMessageSize=true&Content-Type=charset%3Dutf-8&X-atmo-protocol=true&_=1744337132872 HTTP/1.1" 200 -
182.239.93.77 - - [11/Apr/2025:10:06:10 +0800] "GET /InternetTrading/longpoll/A8127?X-Atmosphere-tracking-id=0&X-Atmosphere-Framework=2.2.3-javascript&X-Atmosphere-Transport=long-polling&X-Atmosphere-TrackMessageSize=true&Content-Type=charset%3Dutf-8&X-atmo-protocol=true&_=1744337132315 HTTP/1.1" 200 -
112.118.106.58 - - [11/Apr/2025:10:06:11 +0800] "GET /InternetTrading/longpoll/M4613?X-Atmosphere-tracking-id=0&X-Atmosphere-Framework=2.2.3-javascript&X-Atmosphere-Transport=long-polling&X-Atmosphere-TrackMessageSize=true&Content-Type=charset%3Dutf-8&X-atmo-protocol=true&_=1744337131302 HTTP/1.1" 200 -
47.83.171.149 - - [11/Apr/2025:10:06:11 +0800] "GET /InternetTrading/longpoll/56327?X-Atmosphere-tracking-id=0&X-Atmosphere-Framework=2.2.3-javascript&X-Atmosphere-Transport=long-polling&X-Atmosphere-TrackMessageSize=true&Content-Type=charset%3Dutf-8&X-atmo-protocol=true&_=1744337133240 HTTP/1.1" 200 -
210.21.220.69 - - [11/Apr/2025:10:06:12 +0800] "GET /InternetTrading/longpoll/13878?X-Atmosphere-tracking-id=0&X-Atmosphere-Framework=2.2.3-javascript&X-Atmosphere-Transport=long-polling&X-Atmosphere-TrackMessageSize=true&Content-Type=charset%3Dutf-8&X-atmo-protocol=true&_=1744337125477 HTTP/1.1" 200 -
47.83.171.149 - - [11/Apr/2025:10:06:12 +0800] "POST /InternetTrading/SessionErrorLogger HTTP/1.1" 200 117
47.83.171.149 - - [11/Apr/2025:10:06:12 +0800] "POST /InternetTrading/Heartbeat HTTP/1.1" 200 32
47.83.171.149 - - [11/Apr/2025:10:06:12 +0800] "POST /InternetTrading/SessionErrorLogger HTTP/1.1" 200 117
47.83.171.149 - - [11/Apr/2025:10:06:13 +0800] "POST /InternetTrading/MarketStatus HTTP/1.1" 200 772
47.83.171.149 - - [11/Apr/2025:10:06:13 +0800] "GET /InternetTrading/sc/images/refresh.gif HTTP/1.1" 200 1145
65.181.90.29 - - [11/Apr/2025:10:06:14 +0800] "POST /InternetTrading/SessionErrorLogger HTTP/1.1" 200 117
65.181.90.29 - - [11/Apr/2025:10:06:14 +0800] "POST /InternetTrading/Heartbeat HTTP/1.1" 200 32
47.83.171.149 - - [11/Apr/2025:10:06:14 +0800] "POST /InternetTrading/SessionErrorLogger HTTP/1.1" 200 117
47.83.171.149 - - [11/Apr/2025:10:06:14 +0800] "GET /InternetTrading/jquery/wait.gif HTTP/1.1" 200 432
47.83.171.149 - - [11/Apr/2025:10:06:14 +0800] "POST /InternetTrading/Portfolio HTTP/1.1" 200 1344
47.83.171.149 - - [11/Apr/2025:10:06:15 +0800] "GET /InternetTrading/sc/images/refresh.gif HTTP/1.1" 200 1145
65.181.90.29 - - [11/Apr/2025:10:06:15 +0800] "GET /InternetTrading/longpoll/54338?X-Atmosphere-tracking-id=0&X-Atmosphere-Framework=2.2.3-javascript&X-Atmosphere-Transport=long-polling&X-Atmosphere-TrackMessageSize=true&Content-Type=charset%3Dutf-8&X-atmo-protocol=true&_=1744337137908 HTTP/1.1" 200 -
182.239.93.77 - - [11/Apr/2025:10:06:16 +0800] "GET /InternetTrading/longpoll/A8127?X-Atmosphere-tracking-id=0&X-Atmosphere-Framework=2.2.3-javascript&X-Atmosphere-Transport=long-polling&X-Atmosphere-TrackMessageSize=true&Content-Type=charset%3Dutf-8&X-atmo-protocol=true&_=1744337137443 HTTP/1.1" 200 -
112.118.106.58 - - [11/Apr/2025:10:06:16 +0800] "GET /InternetTrading/longpoll/M4613?X-Atmosphere-tracking-id=0&X-Atmosphere-Framework=2.2.3-javascript&X-Atmosphere-Transport=long-polling&X-Atmosphere-TrackMessageSize=true&Content-Type=charset%3Dutf-8&X-atmo-protocol=true&_=1744337136390 HTTP/1.1" 200 -
47.83.171.149 - - [11/Apr/2025:10:06:17 +0800] "GET /InternetTrading/longpoll/56327?X-Atmosphere-tracking-id=0&X-Atmosphere-Framework=2.2.3-javascript&X-Atmosphere-Transport=long-polling&X-Atmosphere-TrackMessageSize=true&Content-Type=charset%3Dutf-8&X-atmo-protocol=true&_=1744337139256 HTTP/1.1" 200 -
112.118.106.58 - - [11/Apr/2025:10:06:18 +0800] "POST /InternetTrading/SessionErrorLogger HTTP/1.1" 200 117
112.118.106.58 - - [11/Apr/2025:10:06:18 +0800] "POST /InternetTrading/Heartbeat HTTP/1.1" 200 32
112.118.106.58 - - [11/Apr/2025:10:06:18 +0800] "POST /InternetTrading/SessionErrorLogger HTTP/1.1" 200 117
112.118.106.58 - - [11/Apr/2025:10:06:18 +0800] "POST /InternetTrading/MarketStatus HTTP/1.1" 200 772
65.181.90.29 - - [11/Apr/2025:10:06:20 +0800] "GET /InternetTrading/longpoll/54338?X-Atmosphere-tracking-id=0&X-Atmosphere-Framework=2.2.3-javascript&X-Atmosphere-Transport=long-polling&X-Atmosphere-TrackMessageSize=true&Content-Type=charset%3Dutf-8&X-atmo-protocol=true&_=1744337142926 HTTP/1.1" 200 -
112.118.106.58 - - [11/Apr/2025:10:06:21 +0800] "GET /InternetTrading/longpoll/M4613?X-Atmosphere-tracking-id=0&X-Atmosphere-Framework=2.2.3-javascript&X-Atmosphere-Transport=long-polling&X-Atmosphere-TrackMessageSize=true&Content-Type=charset%3Dutf-8&X-atmo-protocol=true&_=1744337141448 HTTP/1.1" 200 -
182.239.93.77 - - [11/Apr/2025:10:06:21 +0800] "GET /InternetTrading/longpoll/A8127?X-Atmosphere-tracking-id=0&X-Atmosphere-Framework=2.2.3-javascript&X-Atmosphere-Transport=long-polling&X-Atmosphere-TrackMessageSize=true&Content-Type=charset%3Dutf-8&X-atmo-protocol=true&_=1744337142573 HTTP/1.1" 200 -
47.83.171.149 - - [11/Apr/2025:10:06:23 +0800] "GET /InternetTrading/longpoll/56327?X-Atmosphere-tracking-id=0&X-Atmosphere-Framework=2.2.3-javascript&X-Atmosphere-Transport=long-polling&X-Atmosphere-TrackMessageSize=true&Content-Type=charset%3Dutf-8&X-atmo-protocol=true&_=1744337145245 HTTP/1.1" 200 -
65.181.90.29 - - [11/Apr/2025:10:06:24 +0800] "POST /InternetTrading/SessionErrorLogger HTTP/1.1" 200 117
65.181.90.29 - - [11/Apr/2025:10:06:24 +0800] "POST /InternetTrading/MarketStatus HTTP/1.1" 200 772
65.181.90.29 - - [11/Apr/2025:10:06:25 +0800] "GET /InternetTrading/longpoll/54338?X-Atmosphere-tracking-id=0&X-Atmosphere-Framework=2.2.3-javascript&X-Atmosphere-Transport=long-polling&X-Atmosphere-TrackMessageSize=true&Content-Type=charset%3Dutf-8&X-atmo-protocol=true&_=1744337147962 HTTP/1.1" 200 -
112.118.106.58 - - [11/Apr/2025:10:06:26 +0800] "GET /InternetTrading/longpoll/M4613?X-Atmosphere-tracking-id=0&X-Atmosphere-Framework=2.2.3-javascript&X-Atmosphere-Transport=long-polling&X-Atmosphere-TrackMessageSize=true&Content-Type=charset%3Dutf-8&X-atmo-protocol=true&_=1744337146480 HTTP/1.1" 200 -
182.239.93.77 - - [11/Apr/2025:10:06:26 +0800] "GET /InternetTrading/longpoll/A8127?X-Atmosphere-tracking-id=0&X-Atmosphere-Framework=2.2.3-javascript&X-Atmosphere-Transport=long-polling&X-Atmosphere-TrackMessageSize=true&Content-Type=charset%3Dutf-8&X-atmo-protocol=true&_=1744337148037 HTTP/1.1" 200 -
47.83.171.149 - - [11/Apr/2025:10:06:29 +0800] "GET /InternetTrading/longpoll/56327?X-Atmosphere-tracking-id=0&X-Atmosphere-Framework=2.2.3-javascript&X-Atmosphere-Transport=long-polling&X-Atmosphere-TrackMessageSize=true&Content-Type=charset%3Dutf-8&X-atmo-protocol=true&_=1744337151240 HTTP/1.1" 200 -
65.181.90.29 - - [11/Apr/2025:10:06:30 +0800] "GET /InternetTrading/longpoll/54338?X-Atmosphere-tracking-id=0&X-Atmosphere-Framework=2.2.3-javascript&X-Atmosphere-Transport=long-polling&X-Atmosphere-TrackMessageSize=true&Content-Type=charset%3Dutf-8&X-atmo-protocol=true&_=1744337152995 HTTP/1.1" 200 -
112.118.106.58 - - [11/Apr/2025:10:06:31 +0800] "GET /InternetTrading/longpoll/M4613?X-Atmosphere-tracking-id=0&X-Atmosphere-Framework=2.2.3-javascript&X-Atmosphere-Transport=long-polling&X-Atmosphere-TrackMessageSize=true&Content-Type=charset%3Dutf-8&X-atmo-protocol=true&_=1744337151588 HTTP/1.1" 200 -
182.239.93.77 - - [11/Apr/2025:10:06:31 +0800] "GET /InternetTrading/longpoll/A8127?X-Atmosphere-tracking-id=0&X-Atmosphere-Framework=2.2.3-javascript&X-Atmosphere-Transport=long-polling&X-Atmosphere-TrackMessageSize=true&Content-Type=charset%3Dutf-8&X-atmo-protocol=true&_=1744337153244 HTTP/1.1" 200 -
65.181.90.29 - - [11/Apr/2025:10:06:35 +0800] "GET /InternetTrading/longpoll/54338?X-Atmosphere-tracking-id=0&X-Atmosphere-Framework=2.2.3-javascript&X-Atmosphere-Transport=long-polling&X-Atmosphere-TrackMessageSize=true&Content-Type=charset%3Dutf-8&X-atmo-protocol=true&_=1744337158064 HTTP/1.1" 200 -
47.83.171.149 - - [11/Apr/2025:10:06:35 +0800] "GET /InternetTrading/longpoll/56327?X-Atmosphere-tracking-id=0&X-Atmosphere-Framework=2.2.3-javascript&X-Atmosphere-Transport=long-polling&X-Atmosphere-TrackMessageSize=true&Content-Type=charset%3Dutf-8&X-atmo-protocol=true&_=1744337157238 HTTP/1.1" 200 -
182.239.93.77 - - [11/Apr/2025:10:06:36 +0800] "POST /InternetTrading/SessionErrorLogger HTTP/1.1" 200 117
182.239.93.77 - - [11/Apr/2025:10:06:36 +0800] "POST /InternetTrading/Heartbeat HTTP/1.1" 200 32
182.239.93.77 - - [11/Apr/2025:10:06:36 +0800] "POST /InternetTrading/SessionErrorLogger HTTP/1.1" 200 117
182.239.93.77 - - [11/Apr/2025:10:06:36 +0800] "POST /InternetTrading/MarketStatus HTTP/1.1" 200 772
112.118.106.58 - - [11/Apr/2025:10:06:36 +0800] "GET /InternetTrading/longpoll/M4613?X-Atmosphere-tracking-id=0&X-Atmosphere-Framework=2.2.3-javascript&X-Atmosphere-Transport=long-polling&X-Atmosphere-TrackMessageSize=true&Content-Type=charset%3Dutf-8&X-atmo-protocol=true&_=1744337156657 HTTP/1.1" 200 -
182.239.93.77 - - [11/Apr/2025:10:06:37 +0800] "GET /InternetTrading/longpoll/A8127?X-Atmosphere-tracking-id=0&X-Atmosphere-Framework=2.2.3-javascript&X-Atmosphere-Transport=long-polling&X-Atmosphere-TrackMessageSize=true&Content-Type=charset%3Dutf-8&X-atmo-protocol=true&_=1744337158442 HTTP/1.1" 200 -
65.181.90.29 - - [11/Apr/2025:10:06:40 +0800] "GET /InternetTrading/longpoll/54338?X-Atmosphere-tracking-id=0&X-Atmosphere-Framework=2.2.3-javascript&X-Atmosphere-Transport=long-polling&X-Atmosphere-TrackMessageSize=true&Content-Type=charset%3Dutf-8&X-atmo-protocol=true&_=1744337163106 HTTP/1.1" 200 -
112.118.106.58 - - [11/Apr/2025:10:06:41 +0800] "GET /InternetTrading/longpoll/M4613?X-Atmosphere-tracking-id=0&X-Atmosphere-Framework=2.2.3-javascript&X-Atmosphere-Transport=long-polling&X-Atmosphere-TrackMessageSize=true&Content-Type=charset%3Dutf-8&X-atmo-protocol=true&_=1744337161753 HTTP/1.1" 200 -
47.83.171.149 - - [11/Apr/2025:10:06:41 +0800] "GET /InternetTrading/longpoll/56327?X-Atmosphere-tracking-id=0&X-Atmosphere-Framework=2.2.3-javascript&X-Atmosphere-Transport=long-polling&X-Atmosphere-TrackMessageSize=true&Content-Type=charset%3Dutf-8&X-atmo-protocol=true&_=1744337163251 HTTP/1.1" 200 -
182.239.93.77 - - [11/Apr/2025:10:06:42 +0800] "GET /InternetTrading/longpoll/A8127?X-Atmosphere-tracking-id=0&X-Atmosphere-Framework=2.2.3-javascript&X-Atmosphere-Transport=long-polling&X-Atmosphere-TrackMessageSize=true&Content-Type=charset%3Dutf-8&X-atmo-protocol=true&_=1744337163564 HTTP/1.1" 200 -
47.83.171.149 - - [11/Apr/2025:10:06:43 +0800] "POST /InternetTrading/SessionErrorLogger HTTP/1.1" 200 117
47.83.171.149 - - [11/Apr/2025:10:06:43 +0800] "POST /InternetTrading/Heartbeat HTTP/1.1" 200 32
182.239.93.77 - - [11/Apr/2025:10:06:43 +0800] "GET /InternetTrading/tc/main.html?language=tc&version=HTML HTTP/1.1" 200 3578
47.83.171.149 - - [11/Apr/2025:10:06:43 +0800] "POST /InternetTrading/SessionErrorLogger HTTP/1.1" 200 117
182.239.93.77 - - [11/Apr/2025:10:06:43 +0800] "GET /InternetTrading/jquery/ui.datepicker.css HTTP/1.1" 200 1145
182.239.93.77 - - [11/Apr/2025:10:06:43 +0800] "GET /InternetTrading/jquery/jquery.tablesorter-theme.blue.css HTTP/1.1" 200 2083
182.239.93.77 - - [11/Apr/2025:10:06:43 +0800] "GET /InternetTrading/jquery/dragtable-2.0.9.css HTTP/1.1" 200 316
182.239.93.77 - - [11/Apr/2025:10:06:43 +0800] "GET /InternetTrading/jquery/jquery-ui-1.10.3.css HTTP/1.1" 200 5283
47.83.171.149 - - [11/Apr/2025:10:06:43 +0800] "POST /InternetTrading/MarketStatus HTTP/1.1" 200 772
182.239.93.77 - - [11/Apr/2025:10:06:44 +0800] "GET /InternetTrading/tc/style_common.css?v=20200819161914 HTTP/1.1" 200 2540
182.239.93.77 - - [11/Apr/2025:10:06:44 +0800] "GET /InternetTrading/tc/style.css?v=20200819161914 HTTP/1.1" 200 1435
182.239.93.77 - - [11/Apr/2025:10:06:44 +0800] "GET /InternetTrading/tc/css/jquery.jscrollpane.css HTTP/1.1" 404 690
182.239.93.77 - - [11/Apr/2025:10:06:44 +0800] "GET /InternetTrading/js/aastock.js HTTP/1.1" 200 553
182.239.93.77 - - [11/Apr/2025:10:06:44 +0800] "GET /InternetTrading/jquery/jquery.ba-postmessage.js HTTP/1.1" 200 2990
182.239.93.77 - - [11/Apr/2025:10:06:44 +0800] "GET /InternetTrading/jquery/jquery-1.6.3.min.js HTTP/1.1" 200 32057
182.239.93.77 - - [11/Apr/2025:10:06:44 +0800] "GET /InternetTrading/jquery/jquery-migrate-3.0.0.js HTTP/1.1" 200 4963
182.239.93.77 - - [11/Apr/2025:10:06:44 +0800] "GET /InternetTrading/jquery/jquery-3.3.1.js HTTP/1.1" 200 80650
182.239.93.77 - - [11/Apr/2025:10:06:44 +0800] "GET /InternetTrading/jquery/jquery-ui-1.10.3.js HTTP/1.1" 200 69642
182.239.93.77 - - [11/Apr/2025:10:06:44 +0800] "GET /InternetTrading/js/cache.js?jsv=20200819161914 HTTP/1.1" 200 940
182.239.93.77 - - [11/Apr/2025:10:06:44 +0800] "GET /InternetTrading/jquery/jquery.form-3.46.0.js HTTP/1.1" 200 5673
182.239.93.77 - - [11/Apr/2025:10:06:44 +0800] "GET /InternetTrading/js/atmosphere.js HTTP/1.1" 200 13461
182.239.93.77 - - [11/Apr/2025:10:06:44 +0800] "GET /InternetTrading/jquery/jquery.blockUI-2.66.0.js HTTP/1.1" 200 6651
182.239.93.77 - - [11/Apr/2025:10:06:44 +0800] "GET /InternetTrading/jquery/additional-methods.js HTTP/1.1" 200 2238
182.239.93.77 - - [11/Apr/2025:10:06:44 +0800] "GET /InternetTrading/jquery/jquery.validate-1.11.1.js HTTP/1.1" 200 7041
182.239.93.77 - - [11/Apr/2025:10:06:44 +0800] "GET /InternetTrading/jquery/jquery.mousewheel-3.1.4.js HTTP/1.1" 200 822
182.239.93.77 - - [11/Apr/2025:10:06:44 +0800] "GET /InternetTrading/jquery/jquery.tablesorter-2.14.5.js HTTP/1.1" 200 8901
182.239.93.77 - - [11/Apr/2025:10:06:44 +0800] "GET /InternetTrading/jquery/jquery.tablesorter.widgets-2.14.5.js HTTP/1.1" 200 8611
182.239.93.77 - - [11/Apr/2025:10:06:44 +0800] "GET /InternetTrading/jquery/jquery.timer-0.9.16.js HTTP/1.1" 200 542
182.239.93.77 - - [11/Apr/2025:10:06:44 +0800] "GET /InternetTrading/jquery/jquery.combobox.packed.js HTTP/1.1" 200 3387
182.239.93.77 - - [11/Apr/2025:10:06:44 +0800] "GET /InternetTrading/jquery/jquery.getParams.js HTTP/1.1" 200 587
182.239.93.77 - - [11/Apr/2025:10:06:44 +0800] "GET /InternetTrading/jquery/jquery.selectboxes.pack.js HTTP/1.1" 200 1640
182.239.93.77 - - [11/Apr/2025:10:06:44 +0800] "GET /InternetTrading/jquery/date.js HTTP/1.1" 200 2807
65.181.90.29 - - [11/Apr/2025:10:06:44 +0800] "POST /InternetTrading/SessionErrorLogger HTTP/1.1" 200 117
65.181.90.29 - - [11/Apr/2025:10:06:44 +0800] "POST /InternetTrading/Heartbeat HTTP/1.1" 200 32
182.239.93.77 - - [11/Apr/2025:10:06:44 +0800] "GET /InternetTrading/json/json2.js?jsv=20200819161914 HTTP/1.1" 200 1372
182.239.93.77 - - [11/Apr/2025:10:06:44 +0800] "GET /InternetTrading/settings/crm_display_settings.js?jsv=20200819161914 HTTP/1.1" 200 1781
182.239.93.77 - - [11/Apr/2025:10:06:44 +0800] "GET /InternetTrading/jquery/globalize-0.1.0a1.js HTTP/1.1" 200 6984
182.239.93.77 - - [11/Apr/2025:10:06:44 +0800] "GET /InternetTrading/js/constants.js?jsv=20200819161914 HTTP/1.1" 200 400
182.239.93.77 - - [11/Apr/2025:10:06:44 +0800] "GET /InternetTrading/tc/user/custom_variables.js?jsv=20200819161914 HTTP/1.1" 200 275
182.239.93.77 - - [11/Apr/2025:10:06:44 +0800] "GET /InternetTrading/tc/user/translation.js?jsv=20200819161914 HTTP/1.1" 200 12818
182.239.93.77 - - [11/Apr/2025:10:06:44 +0800] "GET /InternetTrading/js/haitong.js?jsv=20200819161914 HTTP/1.1" 200 3881
182.239.93.77 - - [11/Apr/2025:10:06:44 +0800] "GET /InternetTrading/js/init.js?jsv=20200819161914 HTTP/1.1" 200 886
182.239.93.77 - - [11/Apr/2025:10:06:44 +0800] "GET /InternetTrading/js/util.js?jsv=20200819161914 HTTP/1.1" 200 6636
182.239.93.77 - - [11/Apr/2025:10:06:44 +0800] "GET /InternetTrading/js/rsautil.js?jsv=20200819161914 HTTP/1.1" 200 1017
182.239.93.77 - - [11/Apr/2025:10:06:44 +0800] "GET /InternetTrading/js/corporate.js?jsv=20200819161914 HTTP/1.1" 200 1575
182.239.93.77 - - [11/Apr/2025:10:06:44 +0800] "GET /InternetTrading/js/update_mdf.js?jsv=20200819161914 HTTP/1.1" 200 856
182.239.93.77 - - [11/Apr/2025:10:06:44 +0800] "GET /InternetTrading/js/main.js?jsv=20200819161914 HTTP/1.1" 200 30725
182.239.93.77 - - [11/Apr/2025:10:06:44 +0800] "GET /InternetTrading/js/validation_hkex.js?jsv=20200819161914 HTTP/1.1" 200 2300
182.239.93.77 - - [11/Apr/2025:10:06:44 +0800] "GET /InternetTrading/js/validation_bshare.js?jsv=20200819161914 HTTP/1.1" 200 1567
182.239.93.77 - - [11/Apr/2025:10:06:44 +0800] "GET /InternetTrading/js/validation_global.js?jsv=20200819161914 HTTP/1.1" 200 1564
182.239.93.77 - - [11/Apr/2025:10:06:44 +0800] "GET /InternetTrading/js/validation_ashare.js?jsv=20200819161914 HTTP/1.1" 200 2482
182.239.93.77 - - [11/Apr/2025:10:06:44 +0800] "GET /InternetTrading/js/account.js?jsv=20200819161914 HTTP/1.1" 200 2656
182.239.93.77 - - [11/Apr/2025:10:06:44 +0800] "GET /InternetTrading/js/ipo.js?jsv=20200819161914 HTTP/1.1" 200 5726
182.239.93.77 - - [11/Apr/2025:10:06:44 +0800] "GET /InternetTrading/js/mm.js?jsv=20200819161914 HTTP/1.1" 200 487
182.239.93.77 - - [11/Apr/2025:10:06:44 +0800] "GET /InternetTrading/js/cash_transfer.js?jsv=20200819161914 HTTP/1.1" 200 2712
182.239.93.77 - - [11/Apr/2025:10:06:44 +0800] "GET /InternetTrading/js/spread_cache.js?jsv=20200819161914 HTTP/1.1" 200 908
182.239.93.77 - - [11/Apr/2025:10:06:44 +0800] "GET /InternetTrading/js/isec_calculator.js?jsv=20200819161914 HTTP/1.1" 200 1364
182.239.93.77 - - [11/Apr/2025:10:06:44 +0800] "GET /InternetTrading/js/payment_instruction.js?jsv=20200819161914 HTTP/1.1" 200 2178
182.239.93.77 - - [11/Apr/2025:10:06:44 +0800] "GET /InternetTrading/js/payment_instruction_IMOS.js?jsv=20200819161914 HTTP/1.1" 200 6874
182.239.93.77 - - [11/Apr/2025:10:06:44 +0800] "GET /InternetTrading/ExchangeList?fmt=js&jsv=20200819161914 HTTP/1.1" 200 146
182.239.93.77 - - [11/Apr/2025:10:06:44 +0800] "GET /InternetTrading/js/string_extend.js?jsv=20200819161914 HTTP/1.1" 200 272
182.239.93.77 - - [11/Apr/2025:10:06:44 +0800] "GET /InternetTrading/js/pidcrypt.js?jsv=20200819161914 HTTP/1.1" 200 982
182.239.93.77 - - [11/Apr/2025:10:06:44 +0800] "GET /InternetTrading/js/eStatement.js?jsv=20200819161914 HTTP/1.1" 200 562
182.239.93.77 - - [11/Apr/2025:10:06:44 +0800] "GET /InternetTrading/js/pidcrypt_util.js?jsv=20200819161914 HTTP/1.1" 200 1206
182.239.93.77 - - [11/Apr/2025:10:06:44 +0800] "GET /InternetTrading/js/aes_cbc.js?jsv=20200819161914 HTTP/1.1" 200 2043
182.239.93.77 - - [11/Apr/2025:10:06:44 +0800] "GET /InternetTrading/js/aes_core.js?jsv=20200819161914 HTTP/1.1" 200 2106
182.239.93.77 - - [11/Apr/2025:10:06:44 +0800] "GET /InternetTrading/js/asn1.js?jsv=20200819161914 HTTP/1.1" 200 3099
182.239.93.77 - - [11/Apr/2025:10:06:44 +0800] "GET /InternetTrading/js/sha256.js?jsv=20200819161914 HTTP/1.1" 200 1362
182.239.93.77 - - [11/Apr/2025:10:06:44 +0800] "GET /InternetTrading/js/md5.js?jsv=20200819161914 HTTP/1.1" 200 1730
182.239.93.77 - - [11/Apr/2025:10:06:44 +0800] "GET /InternetTrading/js/jsbn.js?jsv=20200819161914 HTTP/1.1" 200 6736
182.239.93.77 - - [11/Apr/2025:10:06:44 +0800] "GET /InternetTrading/js/rng.js?jsv=20200819161914 HTTP/1.1" 200 481
182.239.93.77 - - [11/Apr/2025:10:06:44 +0800] "GET /InternetTrading/js/prng4.js?jsv=20200819161914 HTTP/1.1" 200 303
182.239.93.77 - - [11/Apr/2025:10:06:44 +0800] "GET /InternetTrading/js/rsa.js?jsv=20200819161914 HTTP/1.1" 200 1658
182.239.93.77 - - [11/Apr/2025:10:06:44 +0800] "GET /InternetTrading/js/mode-ecb.js?jsv=20200819161914 HTTP/1.1" 200 199
182.239.93.77 - - [11/Apr/2025:10:06:44 +0800] "GET /InternetTrading/js/utilSpec.js?jsv=20200819161914 HTTP/1.1" 200 27
182.239.93.77 - - [11/Apr/2025:10:06:44 +0800] "GET /InternetTrading/js/update_lastlogin.js?jsv=20200819161914 HTTP/1.1" 200 980
182.239.93.77 - - [11/Apr/2025:10:06:44 +0800] "GET /InternetTrading/js/pw_alert.js?jsv=20200819161914 HTTP/1.1" 200 418
182.239.93.77 - - [11/Apr/2025:10:06:44 +0800] "GET /InternetTrading/js/jquery.jscrollpane.js HTTP/1.1" 404 685
182.239.93.77 - - [11/Apr/2025:10:06:44 +0800] "GET /InternetTrading/js/aes.js?jsv=20200819161914 HTTP/1.1" 200 4816
182.239.93.77 - - [11/Apr/2025:10:06:44 +0800] "GET /InternetTrading/js/jquery.mousewheel.js HTTP/1.1" 404 684
182.239.93.77 - - [11/Apr/2025:10:06:44 +0800] "GET /InternetTrading/js/jquery.cookie.js HTTP/1.1" 200 834
182.239.93.77 - - [11/Apr/2025:10:06:44 +0800] "GET /InternetTrading/GoodTillDateValidExch?fmt=js&jsv=20200819161914 HTTP/1.1" 200 29
182.239.93.77 - - [11/Apr/2025:10:06:44 +0800] "GET /InternetTrading/tc/images/logo.png HTTP/1.1" 200 7042
182.239.93.77 - - [11/Apr/2025:10:06:44 +0800] "GET /InternetTrading/js/decimal.js HTTP/1.1" 200 13492
182.239.93.77 - - [11/Apr/2025:10:06:44 +0800] "GET /InternetTrading/tc/images/top_menu01.jpg HTTP/1.1" 200 3466
182.239.93.77 - - [11/Apr/2025:10:06:44 +0800] "GET /InternetTrading/tc/images/top_menu04.jpg HTTP/1.1" 200 3430
182.239.93.77 - - [11/Apr/2025:10:06:44 +0800] "POST /InternetTrading/PopUpConfig HTTP/1.1" 200 2
182.239.93.77 - - [11/Apr/2025:10:06:44 +0800] "GET /InternetTrading/tc/images/top_menu_logout.jpg HTTP/1.1" 200 1016
182.239.93.77 - - [11/Apr/2025:10:06:44 +0800] "GET /InternetTrading/images/top_bg3.jpg HTTP/1.1" 200 878
182.239.93.77 - - [11/Apr/2025:10:06:44 +0800] "POST /InternetTrading/Heartbeat HTTP/1.1" 200 32
182.239.93.77 - - [11/Apr/2025:10:06:44 +0800] "GET /InternetTrading/images/top_bg1.jpg HTTP/1.1" 200 329
182.239.93.77 - - [11/Apr/2025:10:06:44 +0800] "GET /InternetTrading/images/top_bg2.jpg HTTP/1.1" 200 330
182.239.93.77 - - [11/Apr/2025:10:06:44 +0800] "GET /InternetTrading/tc/dialog.html?1744337166310 HTTP/1.1" 200 3188
182.239.93.77 - - [11/Apr/2025:10:06:45 +0800] "POST /InternetTrading/CustomerInfoLite HTTP/1.1" 200 124
182.239.93.77 - - [11/Apr/2025:10:06:45 +0800] "GET /InternetTrading/tc/images/top_menu01_o.jpg HTTP/1.1" 200 3339
182.239.93.77 - - [11/Apr/2025:10:06:45 +0800] "POST /InternetTrading/SpreadPriceCache HTTP/1.1" 200 3539
182.239.93.77 - - [11/Apr/2025:10:06:45 +0800] "GET /InternetTrading/tc/trade.html HTTP/1.1" 200 2113
182.239.93.77 - - [11/Apr/2025:10:06:45 +0800] "GET /InternetTrading/jquery/wait.gif HTTP/1.1" 200 432
182.239.93.77 - - [11/Apr/2025:10:06:45 +0800] "POST /InternetTrading/SessionErrorLogger HTTP/1.1" 200 117
182.239.93.77 - - [11/Apr/2025:10:06:45 +0800] "POST /InternetTrading/GetLastLoginDate HTTP/1.1" 200 31
182.239.93.77 - - [11/Apr/2025:10:06:45 +0800] "POST /InternetTrading/SessionErrorLogger HTTP/1.1" 200 117
182.239.93.77 - - [11/Apr/2025:10:06:45 +0800] "GET /InternetTrading/tc/getpopupMsgName.jsp HTTP/1.1" 200 -
182.239.93.77 - - [11/Apr/2025:10:06:45 +0800] "GET /InternetTrading/tc/images/trade_point01.jpg HTTP/1.1" 200 358
182.239.93.77 - - [11/Apr/2025:10:06:45 +0800] "GET /InternetTrading/tc/images/refresh.gif HTTP/1.1" 200 1145
182.239.93.77 - - [11/Apr/2025:10:06:45 +0800] "GET /InternetTrading/tc/applet_dummy.html HTTP/1.1" 200 330
182.239.93.77 - - [11/Apr/2025:10:06:45 +0800] "POST /InternetTrading/SessionErrorLogger HTTP/1.1" 200 117
182.239.93.77 - - [11/Apr/2025:10:06:45 +0800] "GET /InternetTrading/tc/buy_ticket.html? HTTP/1.1" 200 1995
182.239.93.77 - - [11/Apr/2025:10:06:45 +0800] "POST /InternetTrading/SessionErrorLogger HTTP/1.1" 200 117
182.239.93.77 - - [11/Apr/2025:10:06:45 +0800] "POST /InternetTrading/SessionErrorLogger HTTP/1.1" 200 117
182.239.93.77 - - [11/Apr/2025:10:06:45 +0800] "POST /InternetTrading/MarketStatus HTTP/1.1" 200 772
65.181.90.29 - - [11/Apr/2025:10:06:45 +0800] "GET /InternetTrading/longpoll/54338?X-Atmosphere-tracking-id=0&X-Atmosphere-Framework=2.2.3-javascript&X-Atmosphere-Transport=long-polling&X-Atmosphere-TrackMessageSize=true&Content-Type=charset%3Dutf-8&X-atmo-protocol=true&_=1744337168148 HTTP/1.1" 200 -
182.239.93.77 - - [11/Apr/2025:10:06:45 +0800] "GET /InternetTrading/tc/multi_currency_balance.html HTTP/1.1" 200 295
182.239.93.77 - - [11/Apr/2025:10:06:45 +0800] "GET /InternetTrading/jquery/wait.gif HTTP/1.1" 200 432
182.239.93.77 - - [11/Apr/2025:10:06:45 +0800] "GET /InternetTrading/jquery/images/ui-icons_222222_256x240.png HTTP/1.1" 200 6922
182.239.93.77 - - [11/Apr/2025:10:06:45 +0800] "GET /InternetTrading/Home/PostToAA.jsp?hl=tc HTTP/1.1" 200 287
182.239.93.77 - - [11/Apr/2025:10:06:45 +0800] "GET /InternetTrading/jquery/images/ui-bg_flat_75_ffffff_40x100.png HTTP/1.1" 200 208
182.239.93.77 - - [11/Apr/2025:10:06:45 +0800] "POST /InternetTrading/SessionErrorLogger HTTP/1.1" 200 117
182.239.93.77 - - [11/Apr/2025:10:06:45 +0800] "POST /InternetTrading/SessionErrorLogger HTTP/1.1" 200 117
182.239.93.77 - - [11/Apr/2025:10:06:45 +0800] "POST /InternetTrading/MarketStatus HTTP/1.1" 200 772
182.239.93.77 - - [11/Apr/2025:10:06:45 +0800] "POST /InternetTrading/MarketStatus HTTP/1.1" 200 772
112.118.106.58 - - [11/Apr/2025:10:06:46 +0800] "GET /InternetTrading/longpoll/M4613?X-Atmosphere-tracking-id=0&X-Atmosphere-Framework=2.2.3-javascript&X-Atmosphere-Transport=long-polling&X-Atmosphere-TrackMessageSize=true&Content-Type=charset%3Dutf-8&X-atmo-protocol=true&_=1744337166805 HTTP/1.1" 200 -
182.239.93.77 - - [11/Apr/2025:10:06:47 +0800] "POST /InternetTrading/SessionErrorLogger HTTP/1.1" 200 117
182.239.93.77 - - [11/Apr/2025:10:06:47 +0800] "POST /InternetTrading/SessionErrorLogger HTTP/1.1" 200 117
182.239.93.77 - - [11/Apr/2025:10:06:47 +0800] "POST /InternetTrading/CustomerInfo HTTP/1.1" 200 224
182.239.93.77 - - [11/Apr/2025:10:06:47 +0800] "GET /InternetTrading/tc/account_status.html HTTP/1.1" 200 426
182.239.93.77 - - [11/Apr/2025:10:06:47 +0800] "POST /InternetTrading/SessionErrorLogger HTTP/1.1" 200 117
47.83.171.149 - - [11/Apr/2025:10:06:47 +0800] "GET /InternetTrading/longpoll/56327?X-Atmosphere-tracking-id=0&X-Atmosphere-Framework=2.2.3-javascript&X-Atmosphere-Transport=long-polling&X-Atmosphere-TrackMessageSize=true&Content-Type=charset%3Dutf-8&X-atmo-protocol=true&_=1744337169251 HTTP/1.1" 200 -
182.239.93.77 - - [11/Apr/2025:10:06:47 +0800] "POST /InternetTrading/SessionErrorLogger HTTP/1.1" 200 117
182.239.93.77 - - [11/Apr/2025:10:06:47 +0800] "POST /InternetTrading/MarketStatus HTTP/1.1" 200 772
182.239.93.77 - - [11/Apr/2025:10:06:47 +0800] "GET /InternetTrading/jquery/wait.gif HTTP/1.1" 200 432
182.239.93.77 - - [11/Apr/2025:10:06:47 +0800] "POST /InternetTrading/SessionErrorLogger HTTP/1.1" 200 117
182.239.93.77 - - [11/Apr/2025:10:06:47 +0800] "POST /InternetTrading/LongPollingConfig HTTP/1.1" 200 4
182.239.93.77 - - [11/Apr/2025:10:06:47 +0800] "GET /InternetTrading/jquery/wait.gif HTTP/1.1" 200 432
