182.239.93.77 - - [11/Apr/2025:10:47:19 +0800] "GET /InternetTrading/longpoll/A8127?X-Atmosphere-tracking-id=0&X-Atmosphere-Framework=2.2.3-javascript&X-Atmosphere-Transport=long-polling&X-Atmosphere-TrackMessageSize=true&Content-Type=charset%3Dutf-8&X-atmo-protocol=true&_=1744339600505 HTTP/1.1" 200 -
47.83.171.149 - - [11/Apr/2025:10:47:21 +0800] "GET /InternetTrading/longpoll/56327?X-Atmosphere-tracking-id=0&X-Atmosphere-Framework=2.2.3-javascript&X-Atmosphere-Transport=long-polling&X-Atmosphere-TrackMessageSize=true&Content-Type=charset%3Dutf-8&X-atmo-protocol=true&_=1744339603237 HTTP/1.1" 200 -
65.181.90.29 - - [11/Apr/2025:10:47:22 +0800] "GET /InternetTrading/longpoll/54338?X-Atmosphere-tracking-id=0&X-Atmosphere-Framework=2.2.3-javascript&X-Atmosphere-Transport=long-polling&X-Atmosphere-TrackMessageSize=true&Content-Type=charset%3Dutf-8&X-atmo-protocol=true&_=1744339605128 HTTP/1.1" 200 -
203.145.94.36 - - [11/Apr/2025:10:47:23 +0800] "GET /InternetTrading/longpoll/54822?X-Atmosphere-tracking-id=0&X-Atmosphere-Framework=2.2.3-javascript&X-Atmosphere-Transport=long-polling&X-Atmosphere-TrackMessageSize=true&Content-Type=charset%3Dutf-8&X-atmo-protocol=true&_=1744339603467 HTTP/1.1" 200 -
182.239.93.77 - - [11/Apr/2025:10:47:24 +0800] "GET /InternetTrading/longpoll/A8127?X-Atmosphere-tracking-id=0&X-Atmosphere-Framework=2.2.3-javascript&X-Atmosphere-Transport=long-polling&X-Atmosphere-TrackMessageSize=true&Content-Type=charset%3Dutf-8&X-atmo-protocol=true&_=1744339605734 HTTP/1.1" 200 -
113.118.5.130 - - [11/Apr/2025:10:47:24 +0800] "GET /InternetTrading/longpoll/52832?X-Atmosphere-tracking-id=0&X-Atmosphere-Framework=2.2.3-javascript&X-Atmosphere-Transport=long-polling&X-Atmosphere-TrackMessageSize=true&Content-Type=charset%3Dutf-8&X-atmo-protocol=true&_=1744339604101 HTTP/1.1" 200 -
47.83.171.149 - - [11/Apr/2025:10:47:27 +0800] "POST /InternetTrading/SessionErrorLogger HTTP/1.1" 200 117
47.83.171.149 - - [11/Apr/2025:10:47:27 +0800] "POST /InternetTrading/Heartbeat HTTP/1.1" 200 32
47.83.171.149 - - [11/Apr/2025:10:47:28 +0800] "POST /InternetTrading/SessionErrorLogger HTTP/1.1" 200 117
47.83.171.149 - - [11/Apr/2025:10:47:28 +0800] "POST /InternetTrading/MarketStatus HTTP/1.1" 200 772
47.83.171.149 - - [11/Apr/2025:10:47:28 +0800] "GET /InternetTrading/longpoll/56327?X-Atmosphere-tracking-id=0&X-Atmosphere-Framework=2.2.3-javascript&X-Atmosphere-Transport=long-polling&X-Atmosphere-TrackMessageSize=true&Content-Type=charset%3Dutf-8&X-atmo-protocol=true&_=1744339609605 HTTP/1.1" 200 -
65.181.90.29 - - [11/Apr/2025:10:47:28 +0800] "GET /InternetTrading/longpoll/54338?X-Atmosphere-tracking-id=0&X-Atmosphere-Framework=2.2.3-javascript&X-Atmosphere-Transport=long-polling&X-Atmosphere-TrackMessageSize=true&Content-Type=charset%3Dutf-8&X-atmo-protocol=true&_=1744339611129 HTTP/1.1" 200 -
203.145.94.36 - - [11/Apr/2025:10:47:28 +0800] "GET /InternetTrading/longpoll/54822?X-Atmosphere-tracking-id=0&X-Atmosphere-Framework=2.2.3-javascript&X-Atmosphere-Transport=long-polling&X-Atmosphere-TrackMessageSize=true&Content-Type=charset%3Dutf-8&X-atmo-protocol=true&_=1744339608731 HTTP/1.1" 200 -
182.239.93.77 - - [11/Apr/2025:10:47:29 +0800] "POST /InternetTrading/SessionErrorLogger HTTP/1.1" 200 117
182.239.93.77 - - [11/Apr/2025:10:47:29 +0800] "POST /InternetTrading/Heartbeat HTTP/1.1" 200 32
182.239.93.77 - - [11/Apr/2025:10:47:29 +0800] "POST /InternetTrading/SessionErrorLogger HTTP/1.1" 200 117
182.239.93.77 - - [11/Apr/2025:10:47:29 +0800] "POST /InternetTrading/MarketStatus HTTP/1.1" 200 772
182.239.93.77 - - [11/Apr/2025:10:47:29 +0800] "GET /InternetTrading/longpoll/A8127?X-Atmosphere-tracking-id=0&X-Atmosphere-Framework=2.2.3-javascript&X-Atmosphere-Transport=long-polling&X-Atmosphere-TrackMessageSize=true&Content-Type=charset%3Dutf-8&X-atmo-protocol=true&_=1744339610936 HTTP/1.1" 200 -
113.118.5.130 - - [11/Apr/2025:10:47:30 +0800] "GET /InternetTrading/longpoll/52832?X-Atmosphere-tracking-id=0&X-Atmosphere-Framework=2.2.3-javascript&X-Atmosphere-Transport=long-polling&X-Atmosphere-TrackMessageSize=true&Content-Type=charset%3Dutf-8&X-atmo-protocol=true&_=1744339611099 HTTP/1.1" 200 -
47.83.171.149 - - [11/Apr/2025:10:47:33 +0800] "GET /InternetTrading/longpoll/56327?X-Atmosphere-tracking-id=0&X-Atmosphere-Framework=2.2.3-javascript&X-Atmosphere-Transport=long-polling&X-Atmosphere-TrackMessageSize=true&Content-Type=charset%3Dutf-8&X-atmo-protocol=true&_=1744339615246 HTTP/1.1" 200 -
203.145.94.36 - - [11/Apr/2025:10:47:34 +0800] "GET /InternetTrading/longpoll/54822?X-Atmosphere-tracking-id=0&X-Atmosphere-Framework=2.2.3-javascript&X-Atmosphere-Transport=long-polling&X-Atmosphere-TrackMessageSize=true&Content-Type=charset%3Dutf-8&X-atmo-protocol=true&_=1744339613950 HTTP/1.1" 200 -
65.181.90.29 - - [11/Apr/2025:10:47:34 +0800] "POST /InternetTrading/SessionErrorLogger HTTP/1.1" 200 117
65.181.90.29 - - [11/Apr/2025:10:47:34 +0800] "POST /InternetTrading/Heartbeat HTTP/1.1" 200 32
65.181.90.29 - - [11/Apr/2025:10:47:34 +0800] "POST /InternetTrading/SessionErrorLogger HTTP/1.1" 200 117
65.181.90.29 - - [11/Apr/2025:10:47:34 +0800] "POST /InternetTrading/MarketStatus HTTP/1.1" 200 772
65.181.90.29 - - [11/Apr/2025:10:47:34 +0800] "GET /InternetTrading/longpoll/54338?X-Atmosphere-tracking-id=0&X-Atmosphere-Framework=2.2.3-javascript&X-Atmosphere-Transport=long-polling&X-Atmosphere-TrackMessageSize=true&Content-Type=charset%3Dutf-8&X-atmo-protocol=true&_=1744339617185 HTTP/1.1" 200 -
182.239.93.77 - - [11/Apr/2025:10:47:34 +0800] "GET /InternetTrading/longpoll/A8127?X-Atmosphere-tracking-id=0&X-Atmosphere-Framework=2.2.3-javascript&X-Atmosphere-Transport=long-polling&X-Atmosphere-TrackMessageSize=true&Content-Type=charset%3Dutf-8&X-atmo-protocol=true&_=1744339616028 HTTP/1.1" 200 -
14.127.12.81 - - [11/Apr/2025:10:47:36 +0800] "POST /InternetTrading/Heartbeat2FAService HTTP/1.1" 200 1
113.118.5.130 - - [11/Apr/2025:10:47:36 +0800] "GET /InternetTrading/longpoll/52832?X-Atmosphere-tracking-id=0&X-Atmosphere-Framework=2.2.3-javascript&X-Atmosphere-Transport=long-polling&X-Atmosphere-TrackMessageSize=true&Content-Type=charset%3Dutf-8&X-atmo-protocol=true&_=1744339617108 HTTP/1.1" 200 -
203.145.94.36 - - [11/Apr/2025:10:47:39 +0800] "GET /InternetTrading/longpoll/54822?X-Atmosphere-tracking-id=0&X-Atmosphere-Framework=2.2.3-javascript&X-Atmosphere-Transport=long-polling&X-Atmosphere-TrackMessageSize=true&Content-Type=charset%3Dutf-8&X-atmo-protocol=true&_=1744339619114 HTTP/1.1" 200 -
47.83.171.149 - - [11/Apr/2025:10:47:39 +0800] "GET /InternetTrading/longpoll/56327?X-Atmosphere-tracking-id=0&X-Atmosphere-Framework=2.2.3-javascript&X-Atmosphere-Transport=long-polling&X-Atmosphere-TrackMessageSize=true&Content-Type=charset%3Dutf-8&X-atmo-protocol=true&_=1744339621246 HTTP/1.1" 200 -
182.239.93.77 - - [11/Apr/2025:10:47:40 +0800] "GET /InternetTrading/longpoll/A8127?X-Atmosphere-tracking-id=0&X-Atmosphere-Framework=2.2.3-javascript&X-Atmosphere-Transport=long-polling&X-Atmosphere-TrackMessageSize=true&Content-Type=charset%3Dutf-8&X-atmo-protocol=true&_=1744339621385 HTTP/1.1" 200 -
65.181.90.29 - - [11/Apr/2025:10:47:40 +0800] "GET /InternetTrading/longpoll/54338?X-Atmosphere-tracking-id=0&X-Atmosphere-Framework=2.2.3-javascript&X-Atmosphere-Transport=long-polling&X-Atmosphere-TrackMessageSize=true&Content-Type=charset%3Dutf-8&X-atmo-protocol=true&_=1744339623131 HTTP/1.1" 200 -
203.145.94.36 - - [11/Apr/2025:10:47:40 +0800] "POST /InternetTrading/SessionErrorLogger HTTP/1.1" 200 117
203.145.94.36 - - [11/Apr/2025:10:47:40 +0800] "POST /InternetTrading/MarketStatus HTTP/1.1" 200 772
113.118.5.130 - - [11/Apr/2025:10:47:43 +0800] "GET /InternetTrading/longpoll/52832?X-Atmosphere-tracking-id=0&X-Atmosphere-Framework=2.2.3-javascript&X-Atmosphere-Transport=long-polling&X-Atmosphere-TrackMessageSize=true&Content-Type=charset%3Dutf-8&X-atmo-protocol=true&_=1744339623109 HTTP/1.1" 200 -
203.145.94.36 - - [11/Apr/2025:10:47:44 +0800] "GET /InternetTrading/longpoll/54822?X-Atmosphere-tracking-id=0&X-Atmosphere-Framework=2.2.3-javascript&X-Atmosphere-Transport=long-polling&X-Atmosphere-TrackMessageSize=true&Content-Type=charset%3Dutf-8&X-atmo-protocol=true&_=1744339624465 HTTP/1.1" 200 -
182.239.93.77 - - [11/Apr/2025:10:47:45 +0800] "GET /InternetTrading/longpoll/A8127?X-Atmosphere-tracking-id=0&X-Atmosphere-Framework=2.2.3-javascript&X-Atmosphere-Transport=long-polling&X-Atmosphere-TrackMessageSize=true&Content-Type=charset%3Dutf-8&X-atmo-protocol=true&_=1744339626546 HTTP/1.1" 200 -
203.145.94.36 - - [11/Apr/2025:10:47:45 +0800] "POST /InternetTrading/SessionErrorLogger HTTP/1.1" 200 117
203.145.94.36 - - [11/Apr/2025:10:47:45 +0800] "POST /InternetTrading/Heartbeat HTTP/1.1" 200 32
47.83.171.149 - - [11/Apr/2025:10:47:45 +0800] "GET /InternetTrading/longpoll/56327?X-Atmosphere-tracking-id=0&X-Atmosphere-Framework=2.2.3-javascript&X-Atmosphere-Transport=long-polling&X-Atmosphere-TrackMessageSize=true&Content-Type=charset%3Dutf-8&X-atmo-protocol=true&_=1744339627243 HTTP/1.1" 200 -
210.21.220.69 - - [11/Apr/2025:10:47:46 +0800] "POST /InternetTrading/SessionErrorLogger HTTP/1.1" 200 117
210.21.220.69 - - [11/Apr/2025:10:47:46 +0800] "GET /InternetTrading/longpoll/13878?X-Atmosphere-tracking-id=0&X-Atmosphere-Framework=2.2.3-javascript&X-Atmosphere-Transport=long-polling&X-Atmosphere-TrackMessageSize=true&Content-Type=charset%3Dutf-8&X-atmo-protocol=true&_=1744339626510 HTTP/1.1" 200 -
210.21.220.69 - - [11/Apr/2025:10:47:46 +0800] "POST /InternetTrading/SessionErrorLogger HTTP/1.1" 200 117
210.21.220.69 - - [11/Apr/2025:10:47:46 +0800] "POST /InternetTrading/MarketStatus HTTP/1.1" 200 772
65.181.90.29 - - [11/Apr/2025:10:47:46 +0800] "GET /InternetTrading/longpoll/54338?X-Atmosphere-tracking-id=0&X-Atmosphere-Framework=2.2.3-javascript&X-Atmosphere-Transport=long-polling&X-Atmosphere-TrackMessageSize=true&Content-Type=charset%3Dutf-8&X-atmo-protocol=true&_=1744339629118 HTTP/1.1" 200 -
210.21.220.69 - - [11/Apr/2025:10:47:46 +0800] "POST /InternetTrading/Heartbeat HTTP/1.1" 200 32
113.118.5.130 - - [11/Apr/2025:10:47:49 +0800] "GET /InternetTrading/longpoll/52832?X-Atmosphere-tracking-id=0&X-Atmosphere-Framework=2.2.3-javascript&X-Atmosphere-Transport=long-polling&X-Atmosphere-TrackMessageSize=true&Content-Type=charset%3Dutf-8&X-atmo-protocol=true&_=1744339630107 HTTP/1.1" 200 -
113.118.209.42 - - [11/Apr/2025:10:47:49 +0800] "POST /InternetTrading/Heartbeat2FAService HTTP/1.1" 200 1
203.145.94.36 - - [11/Apr/2025:10:47:49 +0800] "GET /InternetTrading/longpoll/54822?X-Atmosphere-tracking-id=0&X-Atmosphere-Framework=2.2.3-javascript&X-Atmosphere-Transport=long-polling&X-Atmosphere-TrackMessageSize=true&Content-Type=charset%3Dutf-8&X-atmo-protocol=true&_=1744339629690 HTTP/1.1" 200 -
182.239.93.77 - - [11/Apr/2025:10:47:50 +0800] "GET /InternetTrading/longpoll/A8127?X-Atmosphere-tracking-id=0&X-Atmosphere-Framework=2.2.3-javascript&X-Atmosphere-Transport=long-polling&X-Atmosphere-TrackMessageSize=true&Content-Type=charset%3Dutf-8&X-atmo-protocol=true&_=1744339631696 HTTP/1.1" 200 -
47.83.171.149 - - [11/Apr/2025:10:47:51 +0800] "GET /InternetTrading/longpoll/56327?X-Atmosphere-tracking-id=0&X-Atmosphere-Framework=2.2.3-javascript&X-Atmosphere-Transport=long-polling&X-Atmosphere-TrackMessageSize=true&Content-Type=charset%3Dutf-8&X-atmo-protocol=true&_=1744339633238 HTTP/1.1" 200 -
210.21.220.69 - - [11/Apr/2025:10:47:52 +0800] "GET /InternetTrading/longpoll/13878?X-Atmosphere-tracking-id=0&X-Atmosphere-Framework=2.2.3-javascript&X-Atmosphere-Transport=long-polling&X-Atmosphere-TrackMessageSize=true&Content-Type=charset%3Dutf-8&X-atmo-protocol=true&_=1744339632527 HTTP/1.1" 200 -
65.181.90.29 - - [11/Apr/2025:10:47:52 +0800] "GET /InternetTrading/longpoll/54338?X-Atmosphere-tracking-id=0&X-Atmosphere-Framework=2.2.3-javascript&X-Atmosphere-Transport=long-polling&X-Atmosphere-TrackMessageSize=true&Content-Type=charset%3Dutf-8&X-atmo-protocol=true&_=1744339635129 HTTP/1.1" 200 -
203.145.94.36 - - [11/Apr/2025:10:47:55 +0800] "GET /InternetTrading/longpoll/54822?X-Atmosphere-tracking-id=0&X-Atmosphere-Framework=2.2.3-javascript&X-Atmosphere-Transport=long-polling&X-Atmosphere-TrackMessageSize=true&Content-Type=charset%3Dutf-8&X-atmo-protocol=true&_=1744339634953 HTTP/1.1" 200 -
182.239.93.77 - - [11/Apr/2025:10:47:55 +0800] "GET /InternetTrading/longpoll/A8127?X-Atmosphere-tracking-id=0&X-Atmosphere-Framework=2.2.3-javascript&X-Atmosphere-Transport=long-polling&X-Atmosphere-TrackMessageSize=true&Content-Type=charset%3Dutf-8&X-atmo-protocol=true&_=1744339636909 HTTP/1.1" 200 -
113.118.5.130 - - [11/Apr/2025:10:47:56 +0800] "GET /InternetTrading/longpoll/52832?X-Atmosphere-tracking-id=0&X-Atmosphere-Framework=2.2.3-javascript&X-Atmosphere-Transport=long-polling&X-Atmosphere-TrackMessageSize=true&Content-Type=charset%3Dutf-8&X-atmo-protocol=true&_=1744339636106 HTTP/1.1" 200 -
47.83.171.149 - - [11/Apr/2025:10:47:57 +0800] "GET /InternetTrading/longpoll/56327?X-Atmosphere-tracking-id=0&X-Atmosphere-Framework=2.2.3-javascript&X-Atmosphere-Transport=long-polling&X-Atmosphere-TrackMessageSize=true&Content-Type=charset%3Dutf-8&X-atmo-protocol=true&_=1744339639236 HTTP/1.1" 200 -
65.181.90.29 - - [11/Apr/2025:10:47:58 +0800] "GET /InternetTrading/longpoll/54338?X-Atmosphere-tracking-id=0&X-Atmosphere-Framework=2.2.3-javascript&X-Atmosphere-Transport=long-polling&X-Atmosphere-TrackMessageSize=true&Content-Type=charset%3Dutf-8&X-atmo-protocol=true&_=1744339641117 HTTP/1.1" 200 -
182.239.93.77 - - [11/Apr/2025:10:47:59 +0800] "POST /InternetTrading/SessionErrorLogger HTTP/1.1" 200 117
182.239.93.77 - - [11/Apr/2025:10:47:59 +0800] "POST /InternetTrading/Heartbeat HTTP/1.1" 200 32
182.239.93.77 - - [11/Apr/2025:10:47:59 +0800] "POST /InternetTrading/SessionErrorLogger HTTP/1.1" 200 117
182.239.93.77 - - [11/Apr/2025:10:47:59 +0800] "POST /InternetTrading/MarketStatus HTTP/1.1" 200 772
203.145.94.36 - - [11/Apr/2025:10:48:00 +0800] "GET /InternetTrading/longpoll/54822?X-Atmosphere-tracking-id=0&X-Atmosphere-Framework=2.2.3-javascript&X-Atmosphere-Transport=long-polling&X-Atmosphere-TrackMessageSize=true&Content-Type=charset%3Dutf-8&X-atmo-protocol=true&_=1744339640196 HTTP/1.1" 200 -
182.239.93.77 - - [11/Apr/2025:10:48:00 +0800] "GET /InternetTrading/longpoll/A8127?X-Atmosphere-tracking-id=0&X-Atmosphere-Framework=2.2.3-javascript&X-Atmosphere-Transport=long-polling&X-Atmosphere-TrackMessageSize=true&Content-Type=charset%3Dutf-8&X-atmo-protocol=true&_=1744339642177 HTTP/1.1" 200 -
113.118.5.130 - - [11/Apr/2025:10:48:01 +0800] "POST /InternetTrading/SessionErrorLogger HTTP/1.1" 200 117
113.118.5.130 - - [11/Apr/2025:10:48:01 +0800] "POST /InternetTrading/Heartbeat HTTP/1.1" 200 32
113.118.5.130 - - [11/Apr/2025:10:48:01 +0800] "POST /InternetTrading/SessionErrorLogger HTTP/1.1" 200 117
113.118.5.130 - - [11/Apr/2025:10:48:01 +0800] "POST /InternetTrading/MarketStatus HTTP/1.1" 200 772
113.118.5.130 - - [11/Apr/2025:10:48:02 +0800] "GET /InternetTrading/longpoll/52832?X-Atmosphere-tracking-id=0&X-Atmosphere-Framework=2.2.3-javascript&X-Atmosphere-Transport=long-polling&X-Atmosphere-TrackMessageSize=true&Content-Type=charset%3Dutf-8&X-atmo-protocol=true&_=1744339643098 HTTP/1.1" 200 -
47.83.171.149 - - [11/Apr/2025:10:48:03 +0800] "GET /InternetTrading/longpoll/56327?X-Atmosphere-tracking-id=0&X-Atmosphere-Framework=2.2.3-javascript&X-Atmosphere-Transport=long-polling&X-Atmosphere-TrackMessageSize=true&Content-Type=charset%3Dutf-8&X-atmo-protocol=true&_=1744339645249 HTTP/1.1" 200 -
182.239.93.77 - - [11/Apr/2025:10:48:04 +0800] "GET /InternetTrading/tc/main.html?language=tc&version=HTML HTTP/1.1" 200 3578
65.181.90.29 - - [11/Apr/2025:10:48:04 +0800] "GET /InternetTrading/longpoll/54338?X-Atmosphere-tracking-id=0&X-Atmosphere-Framework=2.2.3-javascript&X-Atmosphere-Transport=long-polling&X-Atmosphere-TrackMessageSize=true&Content-Type=charset%3Dutf-8&X-atmo-protocol=true&_=1744339647123 HTTP/1.1" 200 -
182.239.93.77 - - [11/Apr/2025:10:48:04 +0800] "GET /InternetTrading/jquery/ui.datepicker.css HTTP/1.1" 200 1145
182.239.93.77 - - [11/Apr/2025:10:48:04 +0800] "GET /InternetTrading/jquery/jquery.tablesorter-theme.blue.css HTTP/1.1" 200 2083
182.239.93.77 - - [11/Apr/2025:10:48:04 +0800] "GET /InternetTrading/tc/style_common.css?v=20200819161914 HTTP/1.1" 200 2540
182.239.93.77 - - [11/Apr/2025:10:48:04 +0800] "GET /InternetTrading/jquery/dragtable-2.0.9.css HTTP/1.1" 200 316
182.239.93.77 - - [11/Apr/2025:10:48:04 +0800] "GET /InternetTrading/jquery/jquery-ui-1.10.3.css HTTP/1.1" 200 5283
182.239.93.77 - - [11/Apr/2025:10:48:04 +0800] "GET /InternetTrading/tc/css/jquery.jscrollpane.css HTTP/1.1" 404 690
182.239.93.77 - - [11/Apr/2025:10:48:04 +0800] "GET /InternetTrading/tc/style.css?v=20200819161914 HTTP/1.1" 200 1435
182.239.93.77 - - [11/Apr/2025:10:48:04 +0800] "GET /InternetTrading/js/aastock.js HTTP/1.1" 200 553
182.239.93.77 - - [11/Apr/2025:10:48:04 +0800] "GET /InternetTrading/jquery/jquery.ba-postmessage.js HTTP/1.1" 200 2990
182.239.93.77 - - [11/Apr/2025:10:48:04 +0800] "GET /InternetTrading/jquery/jquery-1.6.3.min.js HTTP/1.1" 200 32057
182.239.93.77 - - [11/Apr/2025:10:48:04 +0800] "GET /InternetTrading/jquery/jquery-3.3.1.js HTTP/1.1" 200 80650
182.239.93.77 - - [11/Apr/2025:10:48:04 +0800] "GET /InternetTrading/jquery/jquery-migrate-3.0.0.js HTTP/1.1" 200 4963
182.239.93.77 - - [11/Apr/2025:10:48:04 +0800] "GET /InternetTrading/js/atmosphere.js HTTP/1.1" 200 13461
182.239.93.77 - - [11/Apr/2025:10:48:04 +0800] "GET /InternetTrading/js/cache.js?jsv=20200819161914 HTTP/1.1" 200 940
182.239.93.77 - - [11/Apr/2025:10:48:04 +0800] "GET /InternetTrading/jquery/jquery-ui-1.10.3.js HTTP/1.1" 200 69642
182.239.93.77 - - [11/Apr/2025:10:48:04 +0800] "GET /InternetTrading/jquery/jquery.form-3.46.0.js HTTP/1.1" 200 5673
182.239.93.77 - - [11/Apr/2025:10:48:05 +0800] "GET /InternetTrading/jquery/jquery.blockUI-2.66.0.js HTTP/1.1" 200 6651
182.239.93.77 - - [11/Apr/2025:10:48:05 +0800] "GET /InternetTrading/jquery/jquery.validate-1.11.1.js HTTP/1.1" 200 7041
182.239.93.77 - - [11/Apr/2025:10:48:05 +0800] "GET /InternetTrading/jquery/additional-methods.js HTTP/1.1" 200 2238
182.239.93.77 - - [11/Apr/2025:10:48:05 +0800] "GET /InternetTrading/jquery/jquery.mousewheel-3.1.4.js HTTP/1.1" 200 822
182.239.93.77 - - [11/Apr/2025:10:48:05 +0800] "GET /InternetTrading/jquery/jquery.tablesorter-2.14.5.js HTTP/1.1" 200 8901
14.127.12.81 - - [11/Apr/2025:10:48:05 +0800] "POST /InternetTrading/Heartbeat2FAService HTTP/1.1" 200 1
182.239.93.77 - - [11/Apr/2025:10:48:05 +0800] "GET /InternetTrading/jquery/jquery.tablesorter.widgets-2.14.5.js HTTP/1.1" 200 8611
182.239.93.77 - - [11/Apr/2025:10:48:05 +0800] "GET /InternetTrading/jquery/jquery.timer-0.9.16.js HTTP/1.1" 200 542
182.239.93.77 - - [11/Apr/2025:10:48:05 +0800] "GET /InternetTrading/jquery/jquery.combobox.packed.js HTTP/1.1" 200 3387
203.145.94.36 - - [11/Apr/2025:10:48:05 +0800] "GET /InternetTrading/longpoll/54822?X-Atmosphere-tracking-id=0&X-Atmosphere-Framework=2.2.3-javascript&X-Atmosphere-Transport=long-polling&X-Atmosphere-TrackMessageSize=true&Content-Type=charset%3Dutf-8&X-atmo-protocol=true&_=1744339645530 HTTP/1.1" 200 -
182.239.93.77 - - [11/Apr/2025:10:48:05 +0800] "GET /InternetTrading/jquery/jquery.getParams.js HTTP/1.1" 200 587
182.239.93.77 - - [11/Apr/2025:10:48:05 +0800] "GET /InternetTrading/jquery/jquery.selectboxes.pack.js HTTP/1.1" 200 1640
182.239.93.77 - - [11/Apr/2025:10:48:05 +0800] "GET /InternetTrading/jquery/date.js HTTP/1.1" 200 2807
182.239.93.77 - - [11/Apr/2025:10:48:05 +0800] "GET /InternetTrading/jquery/globalize-0.1.0a1.js HTTP/1.1" 200 6984
182.239.93.77 - - [11/Apr/2025:10:48:05 +0800] "GET /InternetTrading/json/json2.js?jsv=20200819161914 HTTP/1.1" 200 1372
182.239.93.77 - - [11/Apr/2025:10:48:05 +0800] "GET /InternetTrading/settings/crm_display_settings.js?jsv=20200819161914 HTTP/1.1" 200 1781
182.239.93.77 - - [11/Apr/2025:10:48:05 +0800] "GET /InternetTrading/tc/user/translation.js?jsv=20200819161914 HTTP/1.1" 200 12818
182.239.93.77 - - [11/Apr/2025:10:48:05 +0800] "GET /InternetTrading/js/constants.js?jsv=20200819161914 HTTP/1.1" 200 400
182.239.93.77 - - [11/Apr/2025:10:48:05 +0800] "GET /InternetTrading/tc/user/custom_variables.js?jsv=20200819161914 HTTP/1.1" 200 275
182.239.93.77 - - [11/Apr/2025:10:48:05 +0800] "GET /InternetTrading/js/init.js?jsv=20200819161914 HTTP/1.1" 200 886
182.239.93.77 - - [11/Apr/2025:10:48:05 +0800] "GET /InternetTrading/js/haitong.js?jsv=20200819161914 HTTP/1.1" 200 3881
182.239.93.77 - - [11/Apr/2025:10:48:05 +0800] "GET /InternetTrading/js/util.js?jsv=20200819161914 HTTP/1.1" 200 6636
182.239.93.77 - - [11/Apr/2025:10:48:05 +0800] "GET /InternetTrading/js/rsautil.js?jsv=20200819161914 HTTP/1.1" 200 1017
182.239.93.77 - - [11/Apr/2025:10:48:05 +0800] "GET /InternetTrading/js/corporate.js?jsv=20200819161914 HTTP/1.1" 200 1575
182.239.93.77 - - [11/Apr/2025:10:48:05 +0800] "GET /InternetTrading/js/update_mdf.js?jsv=20200819161914 HTTP/1.1" 200 856
182.239.93.77 - - [11/Apr/2025:10:48:05 +0800] "GET /InternetTrading/js/validation_bshare.js?jsv=20200819161914 HTTP/1.1" 200 1567
182.239.93.77 - - [11/Apr/2025:10:48:05 +0800] "GET /InternetTrading/js/validation_hkex.js?jsv=20200819161914 HTTP/1.1" 200 2300
182.239.93.77 - - [11/Apr/2025:10:48:05 +0800] "GET /InternetTrading/js/main.js?jsv=20200819161914 HTTP/1.1" 200 30725
182.239.93.77 - - [11/Apr/2025:10:48:06 +0800] "GET /InternetTrading/js/validation_ashare.js?jsv=20200819161914 HTTP/1.1" 200 2482
182.239.93.77 - - [11/Apr/2025:10:48:06 +0800] "GET /InternetTrading/js/validation_global.js?jsv=20200819161914 HTTP/1.1" 200 1564
182.239.93.77 - - [11/Apr/2025:10:48:06 +0800] "GET /InternetTrading/js/ipo.js?jsv=20200819161914 HTTP/1.1" 200 5726
182.239.93.77 - - [11/Apr/2025:10:48:06 +0800] "GET /InternetTrading/js/cash_transfer.js?jsv=20200819161914 HTTP/1.1" 200 2712
182.239.93.77 - - [11/Apr/2025:10:48:06 +0800] "GET /InternetTrading/js/account.js?jsv=20200819161914 HTTP/1.1" 200 2656
182.239.93.77 - - [11/Apr/2025:10:48:06 +0800] "GET /InternetTrading/js/spread_cache.js?jsv=20200819161914 HTTP/1.1" 200 908
182.239.93.77 - - [11/Apr/2025:10:48:06 +0800] "GET /InternetTrading/js/mm.js?jsv=20200819161914 HTTP/1.1" 200 487
182.239.93.77 - - [11/Apr/2025:10:48:06 +0800] "GET /InternetTrading/js/isec_calculator.js?jsv=20200819161914 HTTP/1.1" 200 1364
182.239.93.77 - - [11/Apr/2025:10:48:06 +0800] "GET /InternetTrading/js/payment_instruction.js?jsv=20200819161914 HTTP/1.1" 200 2178
182.239.93.77 - - [11/Apr/2025:10:48:06 +0800] "GET /InternetTrading/js/payment_instruction_IMOS.js?jsv=20200819161914 HTTP/1.1" 200 6874
182.239.93.77 - - [11/Apr/2025:10:48:06 +0800] "GET /InternetTrading/js/string_extend.js?jsv=20200819161914 HTTP/1.1" 200 272
182.239.93.77 - - [11/Apr/2025:10:48:06 +0800] "GET /InternetTrading/js/pidcrypt.js?jsv=20200819161914 HTTP/1.1" 200 982
182.239.93.77 - - [11/Apr/2025:10:48:06 +0800] "GET /InternetTrading/js/pidcrypt_util.js?jsv=20200819161914 HTTP/1.1" 200 1206
182.239.93.77 - - [11/Apr/2025:10:48:06 +0800] "GET /InternetTrading/js/aes_cbc.js?jsv=20200819161914 HTTP/1.1" 200 2043
182.239.93.77 - - [11/Apr/2025:10:48:06 +0800] "GET /InternetTrading/ExchangeList?fmt=js&jsv=20200819161914 HTTP/1.1" 200 146
182.239.93.77 - - [11/Apr/2025:10:48:06 +0800] "GET /InternetTrading/js/eStatement.js?jsv=20200819161914 HTTP/1.1" 200 562
182.239.93.77 - - [11/Apr/2025:10:48:06 +0800] "GET /InternetTrading/js/aes_core.js?jsv=20200819161914 HTTP/1.1" 200 2106
182.239.93.77 - - [11/Apr/2025:10:48:06 +0800] "GET /InternetTrading/js/md5.js?jsv=20200819161914 HTTP/1.1" 200 1730
182.239.93.77 - - [11/Apr/2025:10:48:06 +0800] "GET /InternetTrading/js/asn1.js?jsv=20200819161914 HTTP/1.1" 200 3099
182.239.93.77 - - [11/Apr/2025:10:48:06 +0800] "GET /InternetTrading/js/sha256.js?jsv=20200819161914 HTTP/1.1" 200 1362
182.239.93.77 - - [11/Apr/2025:10:48:06 +0800] "GET /InternetTrading/js/prng4.js?jsv=20200819161914 HTTP/1.1" 200 303
182.239.93.77 - - [11/Apr/2025:10:48:06 +0800] "GET /InternetTrading/js/jsbn.js?jsv=20200819161914 HTTP/1.1" 200 6736
182.239.93.77 - - [11/Apr/2025:10:48:06 +0800] "GET /InternetTrading/js/rng.js?jsv=20200819161914 HTTP/1.1" 200 481
182.239.93.77 - - [11/Apr/2025:10:48:06 +0800] "GET /InternetTrading/js/rsa.js?jsv=20200819161914 HTTP/1.1" 200 1658
182.239.93.77 - - [11/Apr/2025:10:48:06 +0800] "GET /InternetTrading/js/mode-ecb.js?jsv=20200819161914 HTTP/1.1" 200 199
182.239.93.77 - - [11/Apr/2025:10:48:06 +0800] "GET /InternetTrading/js/aes.js?jsv=20200819161914 HTTP/1.1" 200 4816
182.239.93.77 - - [11/Apr/2025:10:48:06 +0800] "GET /InternetTrading/js/utilSpec.js?jsv=20200819161914 HTTP/1.1" 200 27
182.239.93.77 - - [11/Apr/2025:10:48:06 +0800] "GET /InternetTrading/js/update_lastlogin.js?jsv=20200819161914 HTTP/1.1" 200 980
182.239.93.77 - - [11/Apr/2025:10:48:06 +0800] "GET /InternetTrading/js/jquery.jscrollpane.js HTTP/1.1" 404 685
182.239.93.77 - - [11/Apr/2025:10:48:06 +0800] "GET /InternetTrading/js/pw_alert.js?jsv=20200819161914 HTTP/1.1" 200 418
182.239.93.77 - - [11/Apr/2025:10:48:06 +0800] "GET /InternetTrading/js/jquery.cookie.js HTTP/1.1" 200 834
182.239.93.77 - - [11/Apr/2025:10:48:06 +0800] "GET /InternetTrading/js/jquery.mousewheel.js HTTP/1.1" 404 684
182.239.93.77 - - [11/Apr/2025:10:48:06 +0800] "GET /InternetTrading/GoodTillDateValidExch?fmt=js&jsv=20200819161914 HTTP/1.1" 200 29
182.239.93.77 - - [11/Apr/2025:10:48:06 +0800] "GET /InternetTrading/js/decimal.js HTTP/1.1" 200 13492
182.239.93.77 - - [11/Apr/2025:10:48:06 +0800] "GET /InternetTrading/tc/images/logo.png HTTP/1.1" 200 7042
182.239.93.77 - - [11/Apr/2025:10:48:06 +0800] "GET /InternetTrading/tc/images/top_menu01.jpg HTTP/1.1" 200 3466
182.239.93.77 - - [11/Apr/2025:10:48:06 +0800] "GET /InternetTrading/tc/images/top_menu04.jpg HTTP/1.1" 200 3430
182.239.93.77 - - [11/Apr/2025:10:48:06 +0800] "GET /InternetTrading/images/top_bg3.jpg HTTP/1.1" 200 878
182.239.93.77 - - [11/Apr/2025:10:48:06 +0800] "GET /InternetTrading/tc/images/top_menu_logout.jpg HTTP/1.1" 200 1016
182.239.93.77 - - [11/Apr/2025:10:48:06 +0800] "GET /InternetTrading/images/top_bg1.jpg HTTP/1.1" 200 329
182.239.93.77 - - [11/Apr/2025:10:48:06 +0800] "GET /InternetTrading/images/top_bg2.jpg HTTP/1.1" 200 330
182.239.93.77 - - [11/Apr/2025:10:48:06 +0800] "GET /InternetTrading/tc/dialog.html?1744339647894 HTTP/1.1" 200 3188
182.239.93.77 - - [11/Apr/2025:10:48:06 +0800] "POST /InternetTrading/PopUpConfig HTTP/1.1" 200 2
182.239.93.77 - - [11/Apr/2025:10:48:06 +0800] "POST /InternetTrading/Heartbeat HTTP/1.1" 200 32
182.239.93.77 - - [11/Apr/2025:10:48:06 +0800] "POST /InternetTrading/CustomerInfoLite HTTP/1.1" 200 124
182.239.93.77 - - [11/Apr/2025:10:48:06 +0800] "GET /InternetTrading/tc/images/top_menu01_o.jpg HTTP/1.1" 200 3339
182.239.93.77 - - [11/Apr/2025:10:48:06 +0800] "GET /InternetTrading/tc/trade.html HTTP/1.1" 200 2113
182.239.93.77 - - [11/Apr/2025:10:48:06 +0800] "POST /InternetTrading/SpreadPriceCache HTTP/1.1" 200 3539
182.239.93.77 - - [11/Apr/2025:10:48:06 +0800] "GET /InternetTrading/jquery/wait.gif HTTP/1.1" 200 432
182.239.93.77 - - [11/Apr/2025:10:48:06 +0800] "POST /InternetTrading/SessionErrorLogger HTTP/1.1" 200 117
182.239.93.77 - - [11/Apr/2025:10:48:06 +0800] "POST /InternetTrading/GetLastLoginDate HTTP/1.1" 200 31
182.239.93.77 - - [11/Apr/2025:10:48:06 +0800] "POST /InternetTrading/SessionErrorLogger HTTP/1.1" 200 117
182.239.93.77 - - [11/Apr/2025:10:48:06 +0800] "GET /InternetTrading/tc/images/trade_point01.jpg HTTP/1.1" 200 358
182.239.93.77 - - [11/Apr/2025:10:48:06 +0800] "GET /InternetTrading/tc/getpopupMsgName.jsp HTTP/1.1" 200 -
182.239.93.77 - - [11/Apr/2025:10:48:06 +0800] "GET /InternetTrading/tc/images/refresh.gif HTTP/1.1" 200 1145
182.239.93.77 - - [11/Apr/2025:10:48:06 +0800] "GET /InternetTrading/tc/applet_dummy.html HTTP/1.1" 200 330
182.239.93.77 - - [11/Apr/2025:10:48:06 +0800] "POST /InternetTrading/SessionErrorLogger HTTP/1.1" 200 117
182.239.93.77 - - [11/Apr/2025:10:48:07 +0800] "GET /InternetTrading/tc/buy_ticket.html? HTTP/1.1" 200 1995
182.239.93.77 - - [11/Apr/2025:10:48:07 +0800] "POST /InternetTrading/SessionErrorLogger HTTP/1.1" 200 117
182.239.93.77 - - [11/Apr/2025:10:48:07 +0800] "POST /InternetTrading/MarketStatus HTTP/1.1" 200 772
182.239.93.77 - - [11/Apr/2025:10:48:07 +0800] "POST /InternetTrading/SessionErrorLogger HTTP/1.1" 200 117
182.239.93.77 - - [11/Apr/2025:10:48:07 +0800] "GET /InternetTrading/tc/multi_currency_balance.html HTTP/1.1" 200 295
182.239.93.77 - - [11/Apr/2025:10:48:07 +0800] "GET /InternetTrading/jquery/wait.gif HTTP/1.1" 200 432
182.239.93.77 - - [11/Apr/2025:10:48:07 +0800] "GET /InternetTrading/jquery/images/ui-bg_flat_75_ffffff_40x100.png HTTP/1.1" 200 208
182.239.93.77 - - [11/Apr/2025:10:48:07 +0800] "GET /InternetTrading/jquery/images/ui-icons_222222_256x240.png HTTP/1.1" 200 6922
182.239.93.77 - - [11/Apr/2025:10:48:07 +0800] "GET /InternetTrading/Home/PostToAA.jsp?hl=tc HTTP/1.1" 200 287
182.239.93.77 - - [11/Apr/2025:10:48:07 +0800] "POST /InternetTrading/SessionErrorLogger HTTP/1.1" 200 117
182.239.93.77 - - [11/Apr/2025:10:48:07 +0800] "POST /InternetTrading/MarketStatus HTTP/1.1" 200 772
182.239.93.77 - - [11/Apr/2025:10:48:07 +0800] "POST /InternetTrading/SessionErrorLogger HTTP/1.1" 200 117
182.239.93.77 - - [11/Apr/2025:10:48:07 +0800] "POST /InternetTrading/MarketStatus HTTP/1.1" 200 772
182.239.93.77 - - [11/Apr/2025:10:48:09 +0800] "POST /InternetTrading/SessionErrorLogger HTTP/1.1" 200 117
182.239.93.77 - - [11/Apr/2025:10:48:09 +0800] "POST /InternetTrading/CustomerInfo HTTP/1.1" 200 224
182.239.93.77 - - [11/Apr/2025:10:48:09 +0800] "POST /InternetTrading/SessionErrorLogger HTTP/1.1" 200 117
182.239.93.77 - - [11/Apr/2025:10:48:09 +0800] "GET /InternetTrading/tc/account_status.html HTTP/1.1" 200 426
182.239.93.77 - - [11/Apr/2025:10:48:09 +0800] "POST /InternetTrading/SessionErrorLogger HTTP/1.1" 200 117
113.118.5.130 - - [11/Apr/2025:10:48:09 +0800] "GET /InternetTrading/longpoll/52832?X-Atmosphere-tracking-id=0&X-Atmosphere-Framework=2.2.3-javascript&X-Atmosphere-Transport=long-polling&X-Atmosphere-TrackMessageSize=true&Content-Type=charset%3Dutf-8&X-atmo-protocol=true&_=1744339649111 HTTP/1.1" 200 -
182.239.93.77 - - [11/Apr/2025:10:48:09 +0800] "POST /InternetTrading/SessionErrorLogger HTTP/1.1" 200 117
182.239.93.77 - - [11/Apr/2025:10:48:09 +0800] "POST /InternetTrading/MarketStatus HTTP/1.1" 200 772
182.239.93.77 - - [11/Apr/2025:10:48:09 +0800] "GET /InternetTrading/jquery/wait.gif HTTP/1.1" 200 432
182.239.93.77 - - [11/Apr/2025:10:48:09 +0800] "POST /InternetTrading/SessionErrorLogger HTTP/1.1" 200 117
182.239.93.77 - - [11/Apr/2025:10:48:09 +0800] "POST /InternetTrading/LongPollingConfig HTTP/1.1" 200 4
182.239.93.77 - - [11/Apr/2025:10:48:09 +0800] "GET /InternetTrading/jquery/wait.gif HTTP/1.1" 200 432
182.239.93.77 - - [11/Apr/2025:10:48:09 +0800] "POST /InternetTrading/SessionErrorLogger HTTP/1.1" 200 117
182.239.93.77 - - [11/Apr/2025:10:48:09 +0800] "GET /InternetTrading/longpoll/A8127?X-Atmosphere-tracking-id=0&X-Atmosphere-Framework=2.2.3-javascript&X-Atmosphere-Transport=long-polling&X-Atmosphere-TrackMessageSize=true&Content-Type=charset%3Dutf-8&X-atmo-protocol=true&_=1744339651157 HTTP/1.1" 200 -
182.239.93.77 - - [11/Apr/2025:10:48:09 +0800] "POST /InternetTrading/Portfolio HTTP/1.1" 200 1580
47.83.171.149 - - [11/Apr/2025:10:48:09 +0800] "GET /InternetTrading/longpoll/56327?X-Atmosphere-tracking-id=0&X-Atmosphere-Framework=2.2.3-javascript&X-Atmosphere-Transport=long-polling&X-Atmosphere-TrackMessageSize=true&Content-Type=charset%3Dutf-8&X-atmo-protocol=true&_=1744339651250 HTTP/1.1" 200 -
65.181.90.29 - - [11/Apr/2025:10:48:10 +0800] "GET /InternetTrading/longpoll/54338?X-Atmosphere-tracking-id=0&X-Atmosphere-Framework=2.2.3-javascript&X-Atmosphere-Transport=long-polling&X-Atmosphere-TrackMessageSize=true&Content-Type=charset%3Dutf-8&X-atmo-protocol=true&_=1744339653119 HTTP/1.1" 200 -
203.145.94.36 - - [11/Apr/2025:10:48:10 +0800] "GET /InternetTrading/longpoll/54822?X-Atmosphere-tracking-id=0&X-Atmosphere-Framework=2.2.3-javascript&X-Atmosphere-Transport=long-polling&X-Atmosphere-TrackMessageSize=true&Content-Type=charset%3Dutf-8&X-atmo-protocol=true&_=1744339650730 HTTP/1.1" 200 -
203.145.94.36 - - [11/Apr/2025:10:48:11 +0800] "POST /InternetTrading/SessionErrorLogger HTTP/1.1" 200 117
203.145.94.36 - - [11/Apr/2025:10:48:11 +0800] "POST /InternetTrading/MarketStatus HTTP/1.1" 200 772
182.239.93.77 - - [11/Apr/2025:10:48:14 +0800] "GET /InternetTrading/longpoll/A8127?X-Atmosphere-tracking-id=0&X-Atmosphere-Framework=2.2.3-javascript&X-Atmosphere-Transport=long-polling&X-Atmosphere-TrackMessageSize=true&Content-Type=charset%3Dutf-8&X-atmo-protocol=true&_=1744339656247 HTTP/1.1" 200 -
113.118.5.130 - - [11/Apr/2025:10:48:15 +0800] "GET /InternetTrading/longpoll/52832?X-Atmosphere-tracking-id=0&X-Atmosphere-Framework=2.2.3-javascript&X-Atmosphere-Transport=long-polling&X-Atmosphere-TrackMessageSize=true&Content-Type=charset%3Dutf-8&X-atmo-protocol=true&_=1744339656104 HTTP/1.1" 200 -
47.83.171.149 - - [11/Apr/2025:10:48:15 +0800] "GET /InternetTrading/longpoll/56327?X-Atmosphere-tracking-id=0&X-Atmosphere-Framework=2.2.3-javascript&X-Atmosphere-Transport=long-polling&X-Atmosphere-TrackMessageSize=true&Content-Type=charset%3Dutf-8&X-atmo-protocol=true&_=1744339657240 HTTP/1.1" 200 -
203.145.94.36 - - [11/Apr/2025:10:48:16 +0800] "POST /InternetTrading/SessionErrorLogger HTTP/1.1" 200 117
203.145.94.36 - - [11/Apr/2025:10:48:16 +0800] "POST /InternetTrading/Heartbeat HTTP/1.1" 200 32
203.145.94.36 - - [11/Apr/2025:10:48:16 +0800] "GET /InternetTrading/longpoll/54822?X-Atmosphere-tracking-id=0&X-Atmosphere-Framework=2.2.3-javascript&X-Atmosphere-Transport=long-polling&X-Atmosphere-TrackMessageSize=true&Content-Type=charset%3Dutf-8&X-atmo-protocol=true&_=1744339656124 HTTP/1.1" 200 -
65.181.90.29 - - [11/Apr/2025:10:48:16 +0800] "GET /InternetTrading/longpoll/54338?X-Atmosphere-tracking-id=0&X-Atmosphere-Framework=2.2.3-javascript&X-Atmosphere-Transport=long-polling&X-Atmosphere-TrackMessageSize=true&Content-Type=charset%3Dutf-8&X-atmo-protocol=true&_=1744339659117 HTTP/1.1" 200 -
182.239.93.77 - - [11/Apr/2025:10:48:20 +0800] "GET /InternetTrading/longpoll/A8127?X-Atmosphere-tracking-id=0&X-Atmosphere-Framework=2.2.3-javascript&X-Atmosphere-Transport=long-polling&X-Atmosphere-TrackMessageSize=true&Content-Type=charset%3Dutf-8&X-atmo-protocol=true&_=1744339661346 HTTP/1.1" 200 -
203.145.94.36 - - [11/Apr/2025:10:48:21 +0800] "GET /InternetTrading/longpoll/54822?X-Atmosphere-tracking-id=0&X-Atmosphere-Framework=2.2.3-javascript&X-Atmosphere-Transport=long-polling&X-Atmosphere-TrackMessageSize=true&Content-Type=charset%3Dutf-8&X-atmo-protocol=true&_=1744339661290 HTTP/1.1" 200 -
113.118.5.130 - - [11/Apr/2025:10:48:21 +0800] "GET /InternetTrading/longpoll/52832?X-Atmosphere-tracking-id=0&X-Atmosphere-Framework=2.2.3-javascript&X-Atmosphere-Transport=long-polling&X-Atmosphere-TrackMessageSize=true&Content-Type=charset%3Dutf-8&X-atmo-protocol=true&_=1744339662109 HTTP/1.1" 200 -
47.83.171.149 - - [11/Apr/2025:10:48:21 +0800] "GET /InternetTrading/longpoll/56327?X-Atmosphere-tracking-id=0&X-Atmosphere-Framework=2.2.3-javascript&X-Atmosphere-Transport=long-polling&X-Atmosphere-TrackMessageSize=true&Content-Type=charset%3Dutf-8&X-atmo-protocol=true&_=1744339663237 HTTP/1.1" 200 -
65.181.90.29 - - [11/Apr/2025:10:48:22 +0800] "GET /InternetTrading/longpoll/54338?X-Atmosphere-tracking-id=0&X-Atmosphere-Framework=2.2.3-javascript&X-Atmosphere-Transport=long-polling&X-Atmosphere-TrackMessageSize=true&Content-Type=charset%3Dutf-8&X-atmo-protocol=true&_=1744339665122 HTTP/1.1" 200 -
182.239.93.77 - - [11/Apr/2025:10:48:25 +0800] "GET /InternetTrading/longpoll/A8127?X-Atmosphere-tracking-id=0&X-Atmosphere-Framework=2.2.3-javascript&X-Atmosphere-Transport=long-polling&X-Atmosphere-TrackMessageSize=true&Content-Type=charset%3Dutf-8&X-atmo-protocol=true&_=1744339666589 HTTP/1.1" 200 -
203.145.94.36 - - [11/Apr/2025:10:48:26 +0800] "GET /InternetTrading/longpoll/54822?X-Atmosphere-tracking-id=0&X-Atmosphere-Framework=2.2.3-javascript&X-Atmosphere-Transport=long-polling&X-Atmosphere-TrackMessageSize=true&Content-Type=charset%3Dutf-8&X-atmo-protocol=true&_=1744339666554 HTTP/1.1" 200 -
113.118.5.130 - - [11/Apr/2025:10:48:27 +0800] "GET /InternetTrading/longpoll/52832?X-Atmosphere-tracking-id=0&X-Atmosphere-Framework=2.2.3-javascript&X-Atmosphere-Transport=long-polling&X-Atmosphere-TrackMessageSize=true&Content-Type=charset%3Dutf-8&X-atmo-protocol=true&_=1744339668101 HTTP/1.1" 200 -
47.83.171.149 - - [11/Apr/2025:10:48:27 +0800] "POST /InternetTrading/SessionErrorLogger HTTP/1.1" 200 117
47.83.171.149 - - [11/Apr/2025:10:48:27 +0800] "POST /InternetTrading/Heartbeat HTTP/1.1" 200 32
47.83.171.149 - - [11/Apr/2025:10:48:28 +0800] "POST /InternetTrading/SessionErrorLogger HTTP/1.1" 200 117
47.83.171.149 - - [11/Apr/2025:10:48:28 +0800] "GET /InternetTrading/longpoll/56327?X-Atmosphere-tracking-id=0&X-Atmosphere-Framework=2.2.3-javascript&X-Atmosphere-Transport=long-polling&X-Atmosphere-TrackMessageSize=true&Content-Type=charset%3Dutf-8&X-atmo-protocol=true&_=1744339669648 HTTP/1.1" 200 -
47.83.171.149 - - [11/Apr/2025:10:48:28 +0800] "POST /InternetTrading/MarketStatus HTTP/1.1" 200 772
65.181.90.29 - - [11/Apr/2025:10:48:28 +0800] "GET /InternetTrading/longpoll/54338?X-Atmosphere-tracking-id=0&X-Atmosphere-Framework=2.2.3-javascript&X-Atmosphere-Transport=long-polling&X-Atmosphere-TrackMessageSize=true&Content-Type=charset%3Dutf-8&X-atmo-protocol=true&_=1744339671117 HTTP/1.1" 200 -
182.239.93.77 - - [11/Apr/2025:10:48:30 +0800] "GET /InternetTrading/longpoll/A8127?X-Atmosphere-tracking-id=0&X-Atmosphere-Framework=2.2.3-javascript&X-Atmosphere-Transport=long-polling&X-Atmosphere-TrackMessageSize=true&Content-Type=charset%3Dutf-8&X-atmo-protocol=true&_=1744339671852 HTTP/1.1" 200 -
203.145.94.36 - - [11/Apr/2025:10:48:31 +0800] "GET /InternetTrading/longpoll/54822?X-Atmosphere-tracking-id=0&X-Atmosphere-Framework=2.2.3-javascript&X-Atmosphere-Transport=long-polling&X-Atmosphere-TrackMessageSize=true&Content-Type=charset%3Dutf-8&X-atmo-protocol=true&_=1744339671795 HTTP/1.1" 200 -
113.118.5.130 - - [11/Apr/2025:10:48:33 +0800] "GET /InternetTrading/longpoll/52832?X-Atmosphere-tracking-id=0&X-Atmosphere-Framework=2.2.3-javascript&X-Atmosphere-Transport=long-polling&X-Atmosphere-TrackMessageSize=true&Content-Type=charset%3Dutf-8&X-atmo-protocol=true&_=1744339674103 HTTP/1.1" 200 -
47.83.171.149 - - [11/Apr/2025:10:48:33 +0800] "GET /InternetTrading/longpoll/56327?X-Atmosphere-tracking-id=0&X-Atmosphere-Framework=2.2.3-javascript&X-Atmosphere-Transport=long-polling&X-Atmosphere-TrackMessageSize=true&Content-Type=charset%3Dutf-8&X-atmo-protocol=true&_=1744339675249 HTTP/1.1" 200 -
65.181.90.29 - - [11/Apr/2025:10:48:34 +0800] "POST /InternetTrading/SessionErrorLogger HTTP/1.1" 200 117
65.181.90.29 - - [11/Apr/2025:10:48:34 +0800] "POST /InternetTrading/Heartbeat HTTP/1.1" 200 32
65.181.90.29 - - [11/Apr/2025:10:48:34 +0800] "POST /InternetTrading/SessionErrorLogger HTTP/1.1" 200 117
65.181.90.29 - - [11/Apr/2025:10:48:34 +0800] "GET /InternetTrading/longpoll/54338?X-Atmosphere-tracking-id=0&X-Atmosphere-Framework=2.2.3-javascript&X-Atmosphere-Transport=long-polling&X-Atmosphere-TrackMessageSize=true&Content-Type=charset%3Dutf-8&X-atmo-protocol=true&_=1744339677191 HTTP/1.1" 200 -
65.181.90.29 - - [11/Apr/2025:10:48:34 +0800] "POST /InternetTrading/MarketStatus HTTP/1.1" 200 772
14.127.12.81 - - [11/Apr/2025:10:48:35 +0800] "POST /InternetTrading/Heartbeat2FAService HTTP/1.1" 200 1
182.239.93.77 - - [11/Apr/2025:10:48:35 +0800] "GET /InternetTrading/longpoll/A8127?X-Atmosphere-tracking-id=0&X-Atmosphere-Framework=2.2.3-javascript&X-Atmosphere-Transport=long-polling&X-Atmosphere-TrackMessageSize=true&Content-Type=charset%3Dutf-8&X-atmo-protocol=true&_=1744339677052 HTTP/1.1" 200 -
182.239.93.77 - - [11/Apr/2025:10:48:37 +0800] "POST /InternetTrading/SessionErrorLogger HTTP/1.1" 200 117
182.239.93.77 - - [11/Apr/2025:10:48:37 +0800] "POST /InternetTrading/Heartbeat HTTP/1.1" 200 32
203.145.94.36 - - [11/Apr/2025:10:48:37 +0800] "GET /InternetTrading/longpoll/54822?X-Atmosphere-tracking-id=0&X-Atmosphere-Framework=2.2.3-javascript&X-Atmosphere-Transport=long-polling&X-Atmosphere-TrackMessageSize=true&Content-Type=charset%3Dutf-8&X-atmo-protocol=true&_=1744339677073 HTTP/1.1" 200 -
182.239.93.77 - - [11/Apr/2025:10:48:37 +0800] "POST /InternetTrading/SessionErrorLogger HTTP/1.1" 200 117
182.239.93.77 - - [11/Apr/2025:10:48:37 +0800] "POST /InternetTrading/MarketStatus HTTP/1.1" 200 772
113.118.5.130 - - [11/Apr/2025:10:48:39 +0800] "GET /InternetTrading/longpoll/52832?X-Atmosphere-tracking-id=0&X-Atmosphere-Framework=2.2.3-javascript&X-Atmosphere-Transport=long-polling&X-Atmosphere-TrackMessageSize=true&Content-Type=charset%3Dutf-8&X-atmo-protocol=true&_=1744339680103 HTTP/1.1" 200 -
47.83.171.149 - - [11/Apr/2025:10:48:39 +0800] "GET /InternetTrading/longpoll/56327?X-Atmosphere-tracking-id=0&X-Atmosphere-Framework=2.2.3-javascript&X-Atmosphere-Transport=long-polling&X-Atmosphere-TrackMessageSize=true&Content-Type=charset%3Dutf-8&X-atmo-protocol=true&_=1744339681249 HTTP/1.1" 200 -
65.181.90.29 - - [11/Apr/2025:10:48:40 +0800] "GET /InternetTrading/longpoll/54338?X-Atmosphere-tracking-id=0&X-Atmosphere-Framework=2.2.3-javascript&X-Atmosphere-Transport=long-polling&X-Atmosphere-TrackMessageSize=true&Content-Type=charset%3Dutf-8&X-atmo-protocol=true&_=1744339683117 HTTP/1.1" 200 -
182.239.93.77 - - [11/Apr/2025:10:48:40 +0800] "GET /InternetTrading/longpoll/A8127?X-Atmosphere-tracking-id=0&X-Atmosphere-Framework=2.2.3-javascript&X-Atmosphere-Transport=long-polling&X-Atmosphere-TrackMessageSize=true&Content-Type=charset%3Dutf-8&X-atmo-protocol=true&_=1744339682277 HTTP/1.1" 200 -
203.145.94.36 - - [11/Apr/2025:10:48:41 +0800] "POST /InternetTrading/SessionErrorLogger HTTP/1.1" 200 117
203.145.94.36 - - [11/Apr/2025:10:48:41 +0800] "POST /InternetTrading/MarketStatus HTTP/1.1" 200 772
203.145.94.36 - - [11/Apr/2025:10:48:42 +0800] "GET /InternetTrading/longpoll/54822?X-Atmosphere-tracking-id=0&X-Atmosphere-Framework=2.2.3-javascript&X-Atmosphere-Transport=long-polling&X-Atmosphere-TrackMessageSize=true&Content-Type=charset%3Dutf-8&X-atmo-protocol=true&_=1744339682272 HTTP/1.1" 200 -
113.118.5.130 - - [11/Apr/2025:10:48:45 +0800] "GET /InternetTrading/longpoll/52832?X-Atmosphere-tracking-id=0&X-Atmosphere-Framework=2.2.3-javascript&X-Atmosphere-Transport=long-polling&X-Atmosphere-TrackMessageSize=true&Content-Type=charset%3Dutf-8&X-atmo-protocol=true&_=1744339686111 HTTP/1.1" 200 -
47.83.171.149 - - [11/Apr/2025:10:48:45 +0800] "GET /InternetTrading/longpoll/56327?X-Atmosphere-tracking-id=0&X-Atmosphere-Framework=2.2.3-javascript&X-Atmosphere-Transport=long-polling&X-Atmosphere-TrackMessageSize=true&Content-Type=charset%3Dutf-8&X-atmo-protocol=true&_=1744339687238 HTTP/1.1" 200 -
182.239.93.77 - - [11/Apr/2025:10:48:46 +0800] "GET /InternetTrading/longpoll/A8127?X-Atmosphere-tracking-id=0&X-Atmosphere-Framework=2.2.3-javascript&X-Atmosphere-Transport=long-polling&X-Atmosphere-TrackMessageSize=true&Content-Type=charset%3Dutf-8&X-atmo-protocol=true&_=1744339687411 HTTP/1.1" 200 -
203.145.94.36 - - [11/Apr/2025:10:48:46 +0800] "POST /InternetTrading/SessionErrorLogger HTTP/1.1" 200 117
203.145.94.36 - - [11/Apr/2025:10:48:46 +0800] "POST /InternetTrading/Heartbeat HTTP/1.1" 200 32
65.181.90.29 - - [11/Apr/2025:10:48:46 +0800] "GET /InternetTrading/longpoll/54338?X-Atmosphere-tracking-id=0&X-Atmosphere-Framework=2.2.3-javascript&X-Atmosphere-Transport=long-polling&X-Atmosphere-TrackMessageSize=true&Content-Type=charset%3Dutf-8&X-atmo-protocol=true&_=1744339689129 HTTP/1.1" 200 -
210.21.220.69 - - [11/Apr/2025:10:48:46 +0800] "-" 408 -
203.145.94.36 - - [11/Apr/2025:10:48:47 +0800] "GET /InternetTrading/longpoll/54822?X-Atmosphere-tracking-id=0&X-Atmosphere-Framework=2.2.3-javascript&X-Atmosphere-Transport=long-polling&X-Atmosphere-TrackMessageSize=true&Content-Type=charset%3Dutf-8&X-atmo-protocol=true&_=1744339687473 HTTP/1.1" 200 -
113.118.5.130 - - [11/Apr/2025:10:48:51 +0800] "GET /InternetTrading/longpoll/52832?X-Atmosphere-tracking-id=0&X-Atmosphere-Framework=2.2.3-javascript&X-Atmosphere-Transport=long-polling&X-Atmosphere-TrackMessageSize=true&Content-Type=charset%3Dutf-8&X-atmo-protocol=true&_=1744339692106 HTTP/1.1" 200 -
182.239.93.77 - - [11/Apr/2025:10:48:51 +0800] "GET /InternetTrading/longpoll/A8127?X-Atmosphere-tracking-id=0&X-Atmosphere-Framework=2.2.3-javascript&X-Atmosphere-Transport=long-polling&X-Atmosphere-TrackMessageSize=true&Content-Type=charset%3Dutf-8&X-atmo-protocol=true&_=1744339692674 HTTP/1.1" 200 -
47.83.171.149 - - [11/Apr/2025:10:48:51 +0800] "GET /InternetTrading/longpoll/56327?X-Atmosphere-tracking-id=0&X-Atmosphere-Framework=2.2.3-javascript&X-Atmosphere-Transport=long-polling&X-Atmosphere-TrackMessageSize=true&Content-Type=charset%3Dutf-8&X-atmo-protocol=true&_=1744339693249 HTTP/1.1" 200 -
65.181.90.29 - - [11/Apr/2025:10:48:52 +0800] "GET /InternetTrading/longpoll/54338?X-Atmosphere-tracking-id=0&X-Atmosphere-Framework=2.2.3-javascript&X-Atmosphere-Transport=long-polling&X-Atmosphere-TrackMessageSize=true&Content-Type=charset%3Dutf-8&X-atmo-protocol=true&_=1744339695128 HTTP/1.1" 200 -
203.145.94.36 - - [11/Apr/2025:10:48:52 +0800] "GET /InternetTrading/longpoll/54822?X-Atmosphere-tracking-id=0&X-Atmosphere-Framework=2.2.3-javascript&X-Atmosphere-Transport=long-polling&X-Atmosphere-TrackMessageSize=true&Content-Type=charset%3Dutf-8&X-atmo-protocol=true&_=1744339692651 HTTP/1.1" 200 -
182.239.93.77 - - [11/Apr/2025:10:48:56 +0800] "GET /InternetTrading/longpoll/A8127?X-Atmosphere-tracking-id=0&X-Atmosphere-Framework=2.2.3-javascript&X-Atmosphere-Transport=long-polling&X-Atmosphere-TrackMessageSize=true&Content-Type=charset%3Dutf-8&X-atmo-protocol=true&_=1744339697855 HTTP/1.1" 200 -
113.118.5.130 - - [11/Apr/2025:10:48:57 +0800] "GET /InternetTrading/longpoll/52832?X-Atmosphere-tracking-id=0&X-Atmosphere-Framework=2.2.3-javascript&X-Atmosphere-Transport=long-polling&X-Atmosphere-TrackMessageSize=true&Content-Type=charset%3Dutf-8&X-atmo-protocol=true&_=1744339698101 HTTP/1.1" 200 -
47.83.171.149 - - [11/Apr/2025:10:48:57 +0800] "GET /InternetTrading/longpoll/56327?X-Atmosphere-tracking-id=0&X-Atmosphere-Framework=2.2.3-javascript&X-Atmosphere-Transport=long-polling&X-Atmosphere-TrackMessageSize=true&Content-Type=charset%3Dutf-8&X-atmo-protocol=true&_=1744339699248 HTTP/1.1" 200 -
203.145.94.36 - - [11/Apr/2025:10:48:58 +0800] "GET /InternetTrading/longpoll/54822?X-Atmosphere-tracking-id=0&X-Atmosphere-Framework=2.2.3-javascript&X-Atmosphere-Transport=long-polling&X-Atmosphere-TrackMessageSize=true&Content-Type=charset%3Dutf-8&X-atmo-protocol=true&_=1744339697877 HTTP/1.1" 200 -
65.181.90.29 - - [11/Apr/2025:10:48:58 +0800] "GET /InternetTrading/longpoll/54338?X-Atmosphere-tracking-id=0&X-Atmosphere-Framework=2.2.3-javascript&X-Atmosphere-Transport=long-polling&X-Atmosphere-TrackMessageSize=true&Content-Type=charset%3Dutf-8&X-atmo-protocol=true&_=1744339701122 HTTP/1.1" 200 -
113.118.5.130 - - [11/Apr/2025:10:49:01 +0800] "POST /InternetTrading/SessionErrorLogger HTTP/1.1" 200 117
113.118.5.130 - - [11/Apr/2025:10:49:01 +0800] "POST /InternetTrading/Heartbeat HTTP/1.1" 200 32
113.118.5.130 - - [11/Apr/2025:10:49:01 +0800] "POST /InternetTrading/SessionErrorLogger HTTP/1.1" 200 117
113.118.5.130 - - [11/Apr/2025:10:49:01 +0800] "POST /InternetTrading/MarketStatus HTTP/1.1" 200 772
182.239.93.77 - - [11/Apr/2025:10:49:02 +0800] "GET /InternetTrading/longpoll/A8127?X-Atmosphere-tracking-id=0&X-Atmosphere-Framework=2.2.3-javascript&X-Atmosphere-Transport=long-polling&X-Atmosphere-TrackMessageSize=true&Content-Type=charset%3Dutf-8&X-atmo-protocol=true&_=1744339703065 HTTP/1.1" 200 -
113.118.5.130 - - [11/Apr/2025:10:49:03 +0800] "GET /InternetTrading/longpoll/52832?X-Atmosphere-tracking-id=0&X-Atmosphere-Framework=2.2.3-javascript&X-Atmosphere-Transport=long-polling&X-Atmosphere-TrackMessageSize=true&Content-Type=charset%3Dutf-8&X-atmo-protocol=true&_=1744339704110 HTTP/1.1" 200 -
203.145.94.36 - - [11/Apr/2025:10:49:03 +0800] "GET /InternetTrading/longpoll/54822?X-Atmosphere-tracking-id=0&X-Atmosphere-Framework=2.2.3-javascript&X-Atmosphere-Transport=long-polling&X-Atmosphere-TrackMessageSize=true&Content-Type=charset%3Dutf-8&X-atmo-protocol=true&_=1744339703128 HTTP/1.1" 200 -
47.83.171.149 - - [11/Apr/2025:10:49:03 +0800] "GET /InternetTrading/longpoll/56327?X-Atmosphere-tracking-id=0&X-Atmosphere-Framework=2.2.3-javascript&X-Atmosphere-Transport=long-polling&X-Atmosphere-TrackMessageSize=true&Content-Type=charset%3Dutf-8&X-atmo-protocol=true&_=1744339705244 HTTP/1.1" 200 -
65.181.90.29 - - [11/Apr/2025:10:49:04 +0800] "GET /InternetTrading/longpoll/54338?X-Atmosphere-tracking-id=0&X-Atmosphere-Framework=2.2.3-javascript&X-Atmosphere-Transport=long-polling&X-Atmosphere-TrackMessageSize=true&Content-Type=charset%3Dutf-8&X-atmo-protocol=true&_=1744339707128 HTTP/1.1" 200 -
182.239.93.77 - - [11/Apr/2025:10:49:07 +0800] "GET /InternetTrading/longpoll/A8127?X-Atmosphere-tracking-id=0&X-Atmosphere-Framework=2.2.3-javascript&X-Atmosphere-Transport=long-polling&X-Atmosphere-TrackMessageSize=true&Content-Type=charset%3Dutf-8&X-atmo-protocol=true&_=1744339708499 HTTP/1.1" 200 -
182.239.93.77 - - [11/Apr/2025:10:49:07 +0800] "POST /InternetTrading/SessionErrorLogger HTTP/1.1" 200 117
182.239.93.77 - - [11/Apr/2025:10:49:07 +0800] "POST /InternetTrading/Heartbeat HTTP/1.1" 200 32
182.239.93.77 - - [11/Apr/2025:10:49:07 +0800] "POST /InternetTrading/SessionErrorLogger HTTP/1.1" 200 117
182.239.93.77 - - [11/Apr/2025:10:49:07 +0800] "POST /InternetTrading/MarketStatus HTTP/1.1" 200 772
