65.181.90.29 - - [11/Apr/2025:10:01:43 +0800] "GET /InternetTrading/longpoll/54338?X-Atmosphere-tracking-id=0&X-Atmosphere-Framework=2.2.3-javascript&X-Atmosphere-Transport=long-polling&X-Atmosphere-TrackMessageSize=true&Content-Type=charset%3Dutf-8&X-atmo-protocol=true&_=1744336866231 HTTP/1.1" 200 -
65.181.90.29 - - [11/Apr/2025:10:01:44 +0800] "POST /InternetTrading/SessionErrorLogger HTTP/1.1" 200 117
65.181.90.29 - - [11/Apr/2025:10:01:44 +0800] "POST /InternetTrading/Heartbeat HTTP/1.1" 200 32
182.239.93.77 - - [11/Apr/2025:10:01:46 +0800] "GET /InternetTrading/longpoll/A8127?X-Atmosphere-tracking-id=0&X-Atmosphere-Framework=2.2.3-javascript&X-Atmosphere-Transport=long-polling&X-Atmosphere-TrackMessageSize=true&Content-Type=charset%3Dutf-8&X-atmo-protocol=true&_=1744336867637 HTTP/1.1" 200 -
47.83.171.149 - - [11/Apr/2025:10:01:47 +0800] "GET /InternetTrading/longpoll/56327?X-Atmosphere-tracking-id=0&X-Atmosphere-Framework=2.2.3-javascript&X-Atmosphere-Transport=long-polling&X-Atmosphere-TrackMessageSize=true&Content-Type=charset%3Dutf-8&X-atmo-protocol=true&_=1744336869249 HTTP/1.1" 200 -
65.181.90.29 - - [11/Apr/2025:10:01:48 +0800] "GET /InternetTrading/longpoll/54338?X-Atmosphere-tracking-id=0&X-Atmosphere-Framework=2.2.3-javascript&X-Atmosphere-Transport=long-polling&X-Atmosphere-TrackMessageSize=true&Content-Type=charset%3Dutf-8&X-atmo-protocol=true&_=1744336871252 HTTP/1.1" 200 -
14.155.201.102 - - [11/Apr/2025:10:01:51 +0800] "GET /InternetTrading/longpoll/54083?X-Atmosphere-tracking-id=0&X-Atmosphere-Framework=2.2.3-javascript&X-Atmosphere-Transport=long-polling&X-Atmosphere-TrackMessageSize=true&Content-Type=charset%3Dutf-8&X-atmo-protocol=true&_=1744336865226 HTTP/1.1" 200 -
182.239.93.77 - - [11/Apr/2025:10:01:51 +0800] "GET /InternetTrading/longpoll/A8127?X-Atmosphere-tracking-id=0&X-Atmosphere-Framework=2.2.3-javascript&X-Atmosphere-Transport=long-polling&X-Atmosphere-TrackMessageSize=true&Content-Type=charset%3Dutf-8&X-atmo-protocol=true&_=1744336873126 HTTP/1.1" 200 -
65.181.90.29 - - [11/Apr/2025:10:01:53 +0800] "GET /InternetTrading/longpoll/54338?X-Atmosphere-tracking-id=0&X-Atmosphere-Framework=2.2.3-javascript&X-Atmosphere-Transport=long-polling&X-Atmosphere-TrackMessageSize=true&Content-Type=charset%3Dutf-8&X-atmo-protocol=true&_=1744336876274 HTTP/1.1" 200 -
47.83.171.149 - - [11/Apr/2025:10:01:53 +0800] "GET /InternetTrading/longpoll/56327?X-Atmosphere-tracking-id=0&X-Atmosphere-Framework=2.2.3-javascript&X-Atmosphere-Transport=long-polling&X-Atmosphere-TrackMessageSize=true&Content-Type=charset%3Dutf-8&X-atmo-protocol=true&_=1744336875245 HTTP/1.1" 200 -
65.181.90.29 - - [11/Apr/2025:10:01:54 +0800] "POST /InternetTrading/SessionErrorLogger HTTP/1.1" 200 117
65.181.90.29 - - [11/Apr/2025:10:01:54 +0800] "POST /InternetTrading/MarketStatus HTTP/1.1" 200 772
14.155.201.102 - - [11/Apr/2025:10:01:56 +0800] "GET /InternetTrading/longpoll/54083?X-Atmosphere-tracking-id=0&X-Atmosphere-Framework=2.2.3-javascript&X-Atmosphere-Transport=long-polling&X-Atmosphere-TrackMessageSize=true&Content-Type=charset%3Dutf-8&X-atmo-protocol=true&_=1744336875822 HTTP/1.1" 200 -
182.239.93.77 - - [11/Apr/2025:10:01:56 +0800] "GET /InternetTrading/longpoll/A8127?X-Atmosphere-tracking-id=0&X-Atmosphere-Framework=2.2.3-javascript&X-Atmosphere-Transport=long-polling&X-Atmosphere-TrackMessageSize=true&Content-Type=charset%3Dutf-8&X-atmo-protocol=true&_=1744336878259 HTTP/1.1" 200 -
65.181.90.29 - - [11/Apr/2025:10:01:58 +0800] "GET /InternetTrading/longpoll/54338?X-Atmosphere-tracking-id=0&X-Atmosphere-Framework=2.2.3-javascript&X-Atmosphere-Transport=long-polling&X-Atmosphere-TrackMessageSize=true&Content-Type=charset%3Dutf-8&X-atmo-protocol=true&_=1744336881397 HTTP/1.1" 200 -
47.83.171.149 - - [11/Apr/2025:10:01:59 +0800] "GET /InternetTrading/longpoll/56327?X-Atmosphere-tracking-id=0&X-Atmosphere-Framework=2.2.3-javascript&X-Atmosphere-Transport=long-polling&X-Atmosphere-TrackMessageSize=true&Content-Type=charset%3Dutf-8&X-atmo-protocol=true&_=1744336881251 HTTP/1.1" 200 -
14.155.201.102 - - [11/Apr/2025:10:02:01 +0800] "GET /InternetTrading/longpoll/54083?X-Atmosphere-tracking-id=0&X-Atmosphere-Framework=2.2.3-javascript&X-Atmosphere-Transport=long-polling&X-Atmosphere-TrackMessageSize=true&Content-Type=charset%3Dutf-8&X-atmo-protocol=true&_=1744336881029 HTTP/1.1" 200 -
182.239.93.77 - - [11/Apr/2025:10:02:02 +0800] "GET /InternetTrading/longpoll/A8127?X-Atmosphere-tracking-id=0&X-Atmosphere-Framework=2.2.3-javascript&X-Atmosphere-Transport=long-polling&X-Atmosphere-TrackMessageSize=true&Content-Type=charset%3Dutf-8&X-atmo-protocol=true&_=1744336883453 HTTP/1.1" 200 -
14.155.201.102 - - [11/Apr/2025:10:02:03 +0800] "POST /InternetTrading/SessionErrorLogger HTTP/1.1" 200 117
14.155.201.102 - - [11/Apr/2025:10:02:03 +0800] "POST /InternetTrading/MarketStatus HTTP/1.1" 200 772
14.155.201.102 - - [11/Apr/2025:10:02:03 +0800] "POST /InternetTrading/SessionErrorLogger HTTP/1.1" 200 117
14.155.201.102 - - [11/Apr/2025:10:02:03 +0800] "POST /InternetTrading/Heartbeat HTTP/1.1" 200 32
65.181.90.29 - - [11/Apr/2025:10:02:03 +0800] "GET /InternetTrading/longpoll/54338?X-Atmosphere-tracking-id=0&X-Atmosphere-Framework=2.2.3-javascript&X-Atmosphere-Transport=long-polling&X-Atmosphere-TrackMessageSize=true&Content-Type=charset%3Dutf-8&X-atmo-protocol=true&_=1744336886425 HTTP/1.1" 200 -
182.239.93.77 - - [11/Apr/2025:10:02:05 +0800] "POST /InternetTrading/SessionErrorLogger HTTP/1.1" 200 117
182.239.93.77 - - [11/Apr/2025:10:02:05 +0800] "POST /InternetTrading/Heartbeat HTTP/1.1" 200 32
182.239.93.77 - - [11/Apr/2025:10:02:05 +0800] "POST /InternetTrading/SessionErrorLogger HTTP/1.1" 200 117
182.239.93.77 - - [11/Apr/2025:10:02:05 +0800] "POST /InternetTrading/MarketStatus HTTP/1.1" 200 772
47.83.171.149 - - [11/Apr/2025:10:02:05 +0800] "GET /InternetTrading/longpoll/56327?X-Atmosphere-tracking-id=0&X-Atmosphere-Framework=2.2.3-javascript&X-Atmosphere-Transport=long-polling&X-Atmosphere-TrackMessageSize=true&Content-Type=charset%3Dutf-8&X-atmo-protocol=true&_=1744336887250 HTTP/1.1" 200 -
14.155.201.102 - - [11/Apr/2025:10:02:06 +0800] "GET /InternetTrading/longpoll/54083?X-Atmosphere-tracking-id=0&X-Atmosphere-Framework=2.2.3-javascript&X-Atmosphere-Transport=long-polling&X-Atmosphere-TrackMessageSize=true&Content-Type=charset%3Dutf-8&X-atmo-protocol=true&_=1744336886127 HTTP/1.1" 200 -
182.239.93.77 - - [11/Apr/2025:10:02:07 +0800] "GET /InternetTrading/longpoll/A8127?X-Atmosphere-tracking-id=0&X-Atmosphere-Framework=2.2.3-javascript&X-Atmosphere-Transport=long-polling&X-Atmosphere-TrackMessageSize=true&Content-Type=charset%3Dutf-8&X-atmo-protocol=true&_=1744336888601 HTTP/1.1" 200 -
65.181.90.29 - - [11/Apr/2025:10:02:08 +0800] "GET /InternetTrading/longpoll/54338?X-Atmosphere-tracking-id=0&X-Atmosphere-Framework=2.2.3-javascript&X-Atmosphere-Transport=long-polling&X-Atmosphere-TrackMessageSize=true&Content-Type=charset%3Dutf-8&X-atmo-protocol=true&_=1744336891467 HTTP/1.1" 200 -
47.83.171.149 - - [11/Apr/2025:10:02:11 +0800] "GET /InternetTrading/longpoll/56327?X-Atmosphere-tracking-id=0&X-Atmosphere-Framework=2.2.3-javascript&X-Atmosphere-Transport=long-polling&X-Atmosphere-TrackMessageSize=true&Content-Type=charset%3Dutf-8&X-atmo-protocol=true&_=1744336893243 HTTP/1.1" 200 -
182.239.93.77 - - [11/Apr/2025:10:02:12 +0800] "GET /InternetTrading/longpoll/A8127?X-Atmosphere-tracking-id=0&X-Atmosphere-Framework=2.2.3-javascript&X-Atmosphere-Transport=long-polling&X-Atmosphere-TrackMessageSize=true&Content-Type=charset%3Dutf-8&X-atmo-protocol=true&_=1744336893732 HTTP/1.1" 200 -
14.155.201.102 - - [11/Apr/2025:10:02:13 +0800] "POST /InternetTrading/SessionErrorLogger HTTP/1.1" 200 117
14.155.201.102 - - [11/Apr/2025:10:02:13 +0800] "GET /InternetTrading/longpoll/54083?X-Atmosphere-tracking-id=0&X-Atmosphere-Framework=2.2.3-javascript&X-Atmosphere-Transport=long-polling&X-Atmosphere-TrackMessageSize=true&Content-Type=charset%3Dutf-8&X-atmo-protocol=true&_=1744336891195 HTTP/1.1" 200 -
14.155.201.102 - - [11/Apr/2025:10:02:13 +0800] "POST /InternetTrading/LoginKey HTTP/1.1" 200 -
65.181.90.29 - - [11/Apr/2025:10:02:13 +0800] "GET /InternetTrading/longpoll/54338?X-Atmosphere-tracking-id=0&X-Atmosphere-Framework=2.2.3-javascript&X-Atmosphere-Transport=long-polling&X-Atmosphere-TrackMessageSize=true&Content-Type=charset%3Dutf-8&X-atmo-protocol=true&_=1744336896502 HTTP/1.1" 200 -
65.181.90.29 - - [11/Apr/2025:10:02:14 +0800] "POST /InternetTrading/SessionErrorLogger HTTP/1.1" 200 117
65.181.90.29 - - [11/Apr/2025:10:02:14 +0800] "POST /InternetTrading/Heartbeat HTTP/1.1" 200 32
14.155.201.102 - - [11/Apr/2025:10:02:14 +0800] "POST /InternetTrading/PreOrder HTTP/1.1" 200 1189
210.21.220.69 - - [11/Apr/2025:10:02:14 +0800] "POST /InternetTrading/SessionErrorLogger HTTP/1.1" 200 117
210.21.220.69 - - [11/Apr/2025:10:02:14 +0800] "GET /InternetTrading/longpoll/13878?X-Atmosphere-tracking-id=0&X-Atmosphere-Framework=2.2.3-javascript&X-Atmosphere-Transport=long-polling&X-Atmosphere-TrackMessageSize=true&Content-Type=charset%3Dutf-8&X-atmo-protocol=true&_=1744336894720 HTTP/1.1" 200 -
65.181.90.29 - - [11/Apr/2025:10:02:15 +0800] "POST /InternetTrading/SessionErrorLogger HTTP/1.1" 200 117
65.181.90.29 - - [11/Apr/2025:10:02:15 +0800] "POST /InternetTrading/Orderbook HTTP/1.1" 200 94
65.181.90.29 - - [11/Apr/2025:10:02:15 +0800] "GET /InternetTrading/jquery/wait.gif HTTP/1.1" 200 432
210.21.220.69 - - [11/Apr/2025:10:02:15 +0800] "POST /InternetTrading/SessionErrorLogger HTTP/1.1" 200 117
210.21.220.69 - - [11/Apr/2025:10:02:15 +0800] "POST /InternetTrading/MarketStatus HTTP/1.1" 200 772
210.21.220.69 - - [11/Apr/2025:10:02:15 +0800] "POST /InternetTrading/Heartbeat HTTP/1.1" 200 32
14.155.201.102 - - [11/Apr/2025:10:02:15 +0800] "GET /InternetTrading/jquery/wait.gif HTTP/1.1" 200 432
65.181.90.29 - - [11/Apr/2025:10:02:15 +0800] "GET /InternetTrading/jquery/wait.gif HTTP/1.1" 200 432
65.181.90.29 - - [11/Apr/2025:10:02:15 +0800] "POST /InternetTrading/SessionErrorLogger HTTP/1.1" 200 117
65.181.90.29 - - [11/Apr/2025:10:02:15 +0800] "POST /InternetTrading/Orderbook HTTP/1.1" 200 1556
65.181.90.29 - - [11/Apr/2025:10:02:17 +0800] "POST /InternetTrading/SessionErrorLogger HTTP/1.1" 200 117
65.181.90.29 - - [11/Apr/2025:10:02:17 +0800] "POST /InternetTrading/Product HTTP/1.1" 200 310
182.239.93.77 - - [11/Apr/2025:10:02:17 +0800] "GET /InternetTrading/longpoll/A8127?X-Atmosphere-tracking-id=0&X-Atmosphere-Framework=2.2.3-javascript&X-Atmosphere-Transport=long-polling&X-Atmosphere-TrackMessageSize=true&Content-Type=charset%3Dutf-8&X-atmo-protocol=true&_=1744336898923 HTTP/1.1" 200 -
47.83.171.149 - - [11/Apr/2025:10:02:17 +0800] "GET /InternetTrading/longpoll/56327?X-Atmosphere-tracking-id=0&X-Atmosphere-Framework=2.2.3-javascript&X-Atmosphere-Transport=long-polling&X-Atmosphere-TrackMessageSize=true&Content-Type=charset%3Dutf-8&X-atmo-protocol=true&_=1744336899250 HTTP/1.1" 200 -
14.155.201.102 - - [11/Apr/2025:10:02:18 +0800] "GET /InternetTrading/longpoll/54083?X-Atmosphere-tracking-id=0&X-Atmosphere-Framework=2.2.3-javascript&X-Atmosphere-Transport=long-polling&X-Atmosphere-TrackMessageSize=true&Content-Type=charset%3Dutf-8&X-atmo-protocol=true&_=1744336898638 HTTP/1.1" 200 -
65.181.90.29 - - [11/Apr/2025:10:02:18 +0800] "GET /InternetTrading/longpoll/54338?X-Atmosphere-tracking-id=0&X-Atmosphere-Framework=2.2.3-javascript&X-Atmosphere-Transport=long-polling&X-Atmosphere-TrackMessageSize=true&Content-Type=charset%3Dutf-8&X-atmo-protocol=true&_=1744336901522 HTTP/1.1" 200 -
210.21.220.69 - - [11/Apr/2025:10:02:20 +0800] "GET /InternetTrading/longpoll/13878?X-Atmosphere-tracking-id=0&X-Atmosphere-Framework=2.2.3-javascript&X-Atmosphere-Transport=long-polling&X-Atmosphere-TrackMessageSize=true&Content-Type=charset%3Dutf-8&X-atmo-protocol=true&_=1744336900478 HTTP/1.1" 200 -
65.181.90.29 - - [11/Apr/2025:10:02:22 +0800] "POST /InternetTrading/SessionErrorLogger HTTP/1.1" 200 117
65.181.90.29 - - [11/Apr/2025:10:02:22 +0800] "GET /InternetTrading/Csrf?url=/Amend HTTP/1.1" 200 126
65.181.90.29 - - [11/Apr/2025:10:02:22 +0800] "POST /InternetTrading/SessionErrorLogger HTTP/1.1" 200 117
65.181.90.29 - - [11/Apr/2025:10:02:22 +0800] "POST /InternetTrading/LoginKey HTTP/1.1" 200 -
65.181.90.29 - - [11/Apr/2025:10:02:22 +0800] "POST /InternetTrading/SessionErrorLogger HTTP/1.1" 200 117
65.181.90.29 - - [11/Apr/2025:10:02:22 +0800] "POST /InternetTrading/Amend?csrf_nonce=F685B292A0C6A34EBE8BC968920E041D HTTP/1.1" 200 947
65.181.90.29 - - [11/Apr/2025:10:02:22 +0800] "POST /InternetTrading/SessionErrorLogger HTTP/1.1" 200 117
65.181.90.29 - - [11/Apr/2025:10:02:22 +0800] "POST /InternetTrading/MarketStatus HTTP/1.1" 200 772
182.239.93.77 - - [11/Apr/2025:10:02:22 +0800] "GET /InternetTrading/longpoll/A8127?X-Atmosphere-tracking-id=0&X-Atmosphere-Framework=2.2.3-javascript&X-Atmosphere-Transport=long-polling&X-Atmosphere-TrackMessageSize=true&Content-Type=charset%3Dutf-8&X-atmo-protocol=true&_=1744336904089 HTTP/1.1" 200 -
47.83.171.149 - - [11/Apr/2025:10:02:23 +0800] "GET /InternetTrading/longpoll/56327?X-Atmosphere-tracking-id=0&X-Atmosphere-Framework=2.2.3-javascript&X-Atmosphere-Transport=long-polling&X-Atmosphere-TrackMessageSize=true&Content-Type=charset%3Dutf-8&X-atmo-protocol=true&_=1744336905246 HTTP/1.1" 200 -
65.181.90.29 - - [11/Apr/2025:10:02:23 +0800] "GET /InternetTrading/longpoll/54338?X-Atmosphere-tracking-id=0&X-Atmosphere-Framework=2.2.3-javascript&X-Atmosphere-Transport=long-polling&X-Atmosphere-TrackMessageSize=true&Content-Type=charset%3Dutf-8&X-atmo-protocol=true&_=1744336906568 HTTP/1.1" 200 -
65.181.90.29 - - [11/Apr/2025:10:02:24 +0800] "POST /InternetTrading/SessionErrorLogger HTTP/1.1" 200 117
65.181.90.29 - - [11/Apr/2025:10:02:24 +0800] "POST /InternetTrading/MarketStatus HTTP/1.1" 200 772
65.181.90.29 - - [11/Apr/2025:10:02:24 +0800] "POST /InternetTrading/SessionErrorLogger HTTP/1.1" 200 117
65.181.90.29 - - [11/Apr/2025:10:02:24 +0800] "GET /InternetTrading/jquery/wait.gif HTTP/1.1" 200 432
65.181.90.29 - - [11/Apr/2025:10:02:24 +0800] "POST /InternetTrading/Orderbook HTTP/1.1" 200 1640
14.155.201.102 - - [11/Apr/2025:10:02:25 +0800] "GET /InternetTrading/longpoll/54083?X-Atmosphere-tracking-id=0&X-Atmosphere-Framework=2.2.3-javascript&X-Atmosphere-Transport=long-polling&X-Atmosphere-TrackMessageSize=true&Content-Type=charset%3Dutf-8&X-atmo-protocol=true&_=1744336903724 HTTP/1.1" 200 -
210.21.220.69 - - [11/Apr/2025:10:02:26 +0800] "GET /InternetTrading/longpoll/13878?X-Atmosphere-tracking-id=0&X-Atmosphere-Framework=2.2.3-javascript&X-Atmosphere-Transport=long-polling&X-Atmosphere-TrackMessageSize=true&Content-Type=charset%3Dutf-8&X-atmo-protocol=true&_=1744336906477 HTTP/1.1" 200 -
47.83.171.149 - - [11/Apr/2025:10:02:27 +0800] "POST /InternetTrading/SessionErrorLogger HTTP/1.1" 200 117
47.83.171.149 - - [11/Apr/2025:10:02:27 +0800] "POST /InternetTrading/Heartbeat HTTP/1.1" 200 32
47.83.171.149 - - [11/Apr/2025:10:02:27 +0800] "POST /InternetTrading/SessionErrorLogger HTTP/1.1" 200 117
182.239.93.77 - - [11/Apr/2025:10:02:27 +0800] "GET /InternetTrading/longpoll/A8127?X-Atmosphere-tracking-id=0&X-Atmosphere-Framework=2.2.3-javascript&X-Atmosphere-Transport=long-polling&X-Atmosphere-TrackMessageSize=true&Content-Type=charset%3Dutf-8&X-atmo-protocol=true&_=1744336909286 HTTP/1.1" 200 -
47.83.171.149 - - [11/Apr/2025:10:02:28 +0800] "POST /InternetTrading/MarketStatus HTTP/1.1" 200 772
65.181.90.29 - - [11/Apr/2025:10:02:29 +0800] "GET /InternetTrading/longpoll/54338?X-Atmosphere-tracking-id=0&X-Atmosphere-Framework=2.2.3-javascript&X-Atmosphere-Transport=long-polling&X-Atmosphere-TrackMessageSize=true&Content-Type=charset%3Dutf-8&X-atmo-protocol=true&_=1744336911583 HTTP/1.1" 200 -
47.83.171.149 - - [11/Apr/2025:10:02:29 +0800] "GET /InternetTrading/longpoll/56327?X-Atmosphere-tracking-id=0&X-Atmosphere-Framework=2.2.3-javascript&X-Atmosphere-Transport=long-polling&X-Atmosphere-TrackMessageSize=true&Content-Type=charset%3Dutf-8&X-atmo-protocol=true&_=1744336911250 HTTP/1.1" 200 -
14.155.201.102 - - [11/Apr/2025:10:02:30 +0800] "GET /InternetTrading/longpoll/54083?X-Atmosphere-tracking-id=0&X-Atmosphere-Framework=2.2.3-javascript&X-Atmosphere-Transport=long-polling&X-Atmosphere-TrackMessageSize=true&Content-Type=charset%3Dutf-8&X-atmo-protocol=true&_=1744336909943 HTTP/1.1" 200 -
14.155.201.102 - - [11/Apr/2025:10:02:31 +0800] "POST /InternetTrading/SessionErrorLogger HTTP/1.1" 200 117
14.155.201.102 - - [11/Apr/2025:10:02:31 +0800] "GET /InternetTrading/tc/sell_ticket.html? HTTP/1.1" 200 2261
14.155.201.102 - - [11/Apr/2025:10:02:31 +0800] "POST /InternetTrading/SessionErrorLogger HTTP/1.1" 200 117
14.155.201.102 - - [11/Apr/2025:10:02:31 +0800] "POST /InternetTrading/MarketStatus HTTP/1.1" 200 772
14.155.201.102 - - [11/Apr/2025:10:02:31 +0800] "POST /InternetTrading/SessionErrorLogger HTTP/1.1" 200 117
14.155.201.102 - - [11/Apr/2025:10:02:31 +0800] "POST /InternetTrading/MarketStatus HTTP/1.1" 200 772
14.155.201.102 - - [11/Apr/2025:10:02:31 +0800] "POST /InternetTrading/SessionErrorLogger HTTP/1.1" 200 117
14.155.201.102 - - [11/Apr/2025:10:02:31 +0800] "POST /InternetTrading/Product HTTP/1.1" 200 319
14.155.201.102 - - [11/Apr/2025:10:02:32 +0800] "POST /InternetTrading/SessionErrorLogger HTTP/1.1" 200 117
14.155.201.102 - - [11/Apr/2025:10:02:32 +0800] "POST /InternetTrading/OrderMaxQuantity HTTP/1.1" 200 9
210.21.220.69 - - [11/Apr/2025:10:02:32 +0800] "GET /InternetTrading/longpoll/13878?X-Atmosphere-tracking-id=0&X-Atmosphere-Framework=2.2.3-javascript&X-Atmosphere-Transport=long-polling&X-Atmosphere-TrackMessageSize=true&Content-Type=charset%3Dutf-8&X-atmo-protocol=true&_=1744336912476 HTTP/1.1" 200 -
182.239.93.77 - - [11/Apr/2025:10:02:33 +0800] "GET /InternetTrading/longpoll/A8127?X-Atmosphere-tracking-id=0&X-Atmosphere-Framework=2.2.3-javascript&X-Atmosphere-Transport=long-polling&X-Atmosphere-TrackMessageSize=true&Content-Type=charset%3Dutf-8&X-atmo-protocol=true&_=1744336914440 HTTP/1.1" 200 -
14.155.201.102 - - [11/Apr/2025:10:02:33 +0800] "POST /InternetTrading/SessionErrorLogger HTTP/1.1" 200 117
14.155.201.102 - - [11/Apr/2025:10:02:33 +0800] "POST /InternetTrading/Heartbeat HTTP/1.1" 200 32
65.181.90.29 - - [11/Apr/2025:10:02:34 +0800] "GET /InternetTrading/longpoll/54338?X-Atmosphere-tracking-id=0&X-Atmosphere-Framework=2.2.3-javascript&X-Atmosphere-Transport=long-polling&X-Atmosphere-TrackMessageSize=true&Content-Type=charset%3Dutf-8&X-atmo-protocol=true&_=1744336916610 HTTP/1.1" 200 -
182.239.93.77 - - [11/Apr/2025:10:02:35 +0800] "POST /InternetTrading/SessionErrorLogger HTTP/1.1" 200 117
182.239.93.77 - - [11/Apr/2025:10:02:35 +0800] "POST /InternetTrading/Heartbeat HTTP/1.1" 200 32
182.239.93.77 - - [11/Apr/2025:10:02:35 +0800] "POST /InternetTrading/SessionErrorLogger HTTP/1.1" 200 117
182.239.93.77 - - [11/Apr/2025:10:02:35 +0800] "POST /InternetTrading/MarketStatus HTTP/1.1" 200 772
47.83.171.149 - - [11/Apr/2025:10:02:35 +0800] "GET /InternetTrading/longpoll/56327?X-Atmosphere-tracking-id=0&X-Atmosphere-Framework=2.2.3-javascript&X-Atmosphere-Transport=long-polling&X-Atmosphere-TrackMessageSize=true&Content-Type=charset%3Dutf-8&X-atmo-protocol=true&_=1744336917251 HTTP/1.1" 200 -
14.155.201.102 - - [11/Apr/2025:10:02:35 +0800] "GET /InternetTrading/longpoll/54083?X-Atmosphere-tracking-id=0&X-Atmosphere-Framework=2.2.3-javascript&X-Atmosphere-Transport=long-polling&X-Atmosphere-TrackMessageSize=true&Content-Type=charset%3Dutf-8&X-atmo-protocol=true&_=1744336915591 HTTP/1.1" 200 -
182.239.93.77 - - [11/Apr/2025:10:02:38 +0800] "GET /InternetTrading/longpoll/A8127?X-Atmosphere-tracking-id=0&X-Atmosphere-Framework=2.2.3-javascript&X-Atmosphere-Transport=long-polling&X-Atmosphere-TrackMessageSize=true&Content-Type=charset%3Dutf-8&X-atmo-protocol=true&_=1744336919637 HTTP/1.1" 200 -
65.181.90.29 - - [11/Apr/2025:10:02:39 +0800] "GET /InternetTrading/longpoll/54338?X-Atmosphere-tracking-id=0&X-Atmosphere-Framework=2.2.3-javascript&X-Atmosphere-Transport=long-polling&X-Atmosphere-TrackMessageSize=true&Content-Type=charset%3Dutf-8&X-atmo-protocol=true&_=1744336921648 HTTP/1.1" 200 -
14.155.201.102 - - [11/Apr/2025:10:02:40 +0800] "GET /InternetTrading/longpoll/54083?X-Atmosphere-tracking-id=0&X-Atmosphere-Framework=2.2.3-javascript&X-Atmosphere-Transport=long-polling&X-Atmosphere-TrackMessageSize=true&Content-Type=charset%3Dutf-8&X-atmo-protocol=true&_=1744336920665 HTTP/1.1" 200 -
47.83.171.149 - - [11/Apr/2025:10:02:41 +0800] "GET /InternetTrading/longpoll/56327?X-Atmosphere-tracking-id=0&X-Atmosphere-Framework=2.2.3-javascript&X-Atmosphere-Transport=long-polling&X-Atmosphere-TrackMessageSize=true&Content-Type=charset%3Dutf-8&X-atmo-protocol=true&_=1744336923246 HTTP/1.1" 200 -
182.239.93.77 - - [11/Apr/2025:10:02:43 +0800] "GET /InternetTrading/longpoll/A8127?X-Atmosphere-tracking-id=0&X-Atmosphere-Framework=2.2.3-javascript&X-Atmosphere-Transport=long-polling&X-Atmosphere-TrackMessageSize=true&Content-Type=charset%3Dutf-8&X-atmo-protocol=true&_=1744336924775 HTTP/1.1" 200 -
65.181.90.29 - - [11/Apr/2025:10:02:44 +0800] "POST /InternetTrading/SessionErrorLogger HTTP/1.1" 200 117
65.181.90.29 - - [11/Apr/2025:10:02:44 +0800] "POST /InternetTrading/Heartbeat HTTP/1.1" 200 32
65.181.90.29 - - [11/Apr/2025:10:02:44 +0800] "GET /InternetTrading/longpoll/54338?X-Atmosphere-tracking-id=0&X-Atmosphere-Framework=2.2.3-javascript&X-Atmosphere-Transport=long-polling&X-Atmosphere-TrackMessageSize=true&Content-Type=charset%3Dutf-8&X-atmo-protocol=true&_=1744336926665 HTTP/1.1" 200 -
14.155.201.102 - - [11/Apr/2025:10:02:46 +0800] "GET /InternetTrading/longpoll/54083?X-Atmosphere-tracking-id=0&X-Atmosphere-Framework=2.2.3-javascript&X-Atmosphere-Transport=long-polling&X-Atmosphere-TrackMessageSize=true&Content-Type=charset%3Dutf-8&X-atmo-protocol=true&_=1744336925758 HTTP/1.1" 200 -
47.83.171.149 - - [11/Apr/2025:10:02:47 +0800] "GET /InternetTrading/longpoll/56327?X-Atmosphere-tracking-id=0&X-Atmosphere-Framework=2.2.3-javascript&X-Atmosphere-Transport=long-polling&X-Atmosphere-TrackMessageSize=true&Content-Type=charset%3Dutf-8&X-atmo-protocol=true&_=1744336929248 HTTP/1.1" 200 -
182.239.93.77 - - [11/Apr/2025:10:02:48 +0800] "GET /InternetTrading/longpoll/A8127?X-Atmosphere-tracking-id=0&X-Atmosphere-Framework=2.2.3-javascript&X-Atmosphere-Transport=long-polling&X-Atmosphere-TrackMessageSize=true&Content-Type=charset%3Dutf-8&X-atmo-protocol=true&_=1744336930013 HTTP/1.1" 200 -
65.181.90.29 - - [11/Apr/2025:10:02:49 +0800] "GET /InternetTrading/longpoll/54338?X-Atmosphere-tracking-id=0&X-Atmosphere-Framework=2.2.3-javascript&X-Atmosphere-Transport=long-polling&X-Atmosphere-TrackMessageSize=true&Content-Type=charset%3Dutf-8&X-atmo-protocol=true&_=1744336931692 HTTP/1.1" 200 -
14.155.201.102 - - [11/Apr/2025:10:02:51 +0800] "GET /InternetTrading/longpoll/54083?X-Atmosphere-tracking-id=0&X-Atmosphere-Framework=2.2.3-javascript&X-Atmosphere-Transport=long-polling&X-Atmosphere-TrackMessageSize=true&Content-Type=charset%3Dutf-8&X-atmo-protocol=true&_=1744336931242 HTTP/1.1" 200 -
182.239.93.77 - - [11/Apr/2025:10:02:53 +0800] "GET /InternetTrading/longpoll/A8127?X-Atmosphere-tracking-id=0&X-Atmosphere-Framework=2.2.3-javascript&X-Atmosphere-Transport=long-polling&X-Atmosphere-TrackMessageSize=true&Content-Type=charset%3Dutf-8&X-atmo-protocol=true&_=1744336935200 HTTP/1.1" 200 -
47.83.171.149 - - [11/Apr/2025:10:02:53 +0800] "GET /InternetTrading/longpoll/56327?X-Atmosphere-tracking-id=0&X-Atmosphere-Framework=2.2.3-javascript&X-Atmosphere-Transport=long-polling&X-Atmosphere-TrackMessageSize=true&Content-Type=charset%3Dutf-8&X-atmo-protocol=true&_=1744336935245 HTTP/1.1" 200 -
65.181.90.29 - - [11/Apr/2025:10:02:54 +0800] "GET /InternetTrading/longpoll/54338?X-Atmosphere-tracking-id=0&X-Atmosphere-Framework=2.2.3-javascript&X-Atmosphere-Transport=long-polling&X-Atmosphere-TrackMessageSize=true&Content-Type=charset%3Dutf-8&X-atmo-protocol=true&_=1744336936734 HTTP/1.1" 200 -
65.181.90.29 - - [11/Apr/2025:10:02:54 +0800] "POST /InternetTrading/SessionErrorLogger HTTP/1.1" 200 117
65.181.90.29 - - [11/Apr/2025:10:02:54 +0800] "POST /InternetTrading/MarketStatus HTTP/1.1" 200 772
14.155.201.102 - - [11/Apr/2025:10:02:57 +0800] "GET /InternetTrading/longpoll/54083?X-Atmosphere-tracking-id=0&X-Atmosphere-Framework=2.2.3-javascript&X-Atmosphere-Transport=long-polling&X-Atmosphere-TrackMessageSize=true&Content-Type=charset%3Dutf-8&X-atmo-protocol=true&_=1744336936704 HTTP/1.1" 200 -
182.239.93.77 - - [11/Apr/2025:10:02:59 +0800] "GET /InternetTrading/longpoll/A8127?X-Atmosphere-tracking-id=0&X-Atmosphere-Framework=2.2.3-javascript&X-Atmosphere-Transport=long-polling&X-Atmosphere-TrackMessageSize=true&Content-Type=charset%3Dutf-8&X-atmo-protocol=true&_=1744336940376 HTTP/1.1" 200 -
65.181.90.29 - - [11/Apr/2025:10:02:59 +0800] "GET /InternetTrading/longpoll/54338?X-Atmosphere-tracking-id=0&X-Atmosphere-Framework=2.2.3-javascript&X-Atmosphere-Transport=long-polling&X-Atmosphere-TrackMessageSize=true&Content-Type=charset%3Dutf-8&X-atmo-protocol=true&_=1744336941765 HTTP/1.1" 200 -
47.83.171.149 - - [11/Apr/2025:10:02:59 +0800] "GET /InternetTrading/longpoll/56327?X-Atmosphere-tracking-id=0&X-Atmosphere-Framework=2.2.3-javascript&X-Atmosphere-Transport=long-polling&X-Atmosphere-TrackMessageSize=true&Content-Type=charset%3Dutf-8&X-atmo-protocol=true&_=1744336941238 HTTP/1.1" 200 -
14.155.201.102 - - [11/Apr/2025:10:03:01 +0800] "POST /InternetTrading/SessionErrorLogger HTTP/1.1" 200 117
14.155.201.102 - - [11/Apr/2025:10:03:01 +0800] "POST /InternetTrading/MarketStatus HTTP/1.1" 200 772
14.155.201.102 - - [11/Apr/2025:10:03:02 +0800] "GET /InternetTrading/longpoll/54083?X-Atmosphere-tracking-id=0&X-Atmosphere-Framework=2.2.3-javascript&X-Atmosphere-Transport=long-polling&X-Atmosphere-TrackMessageSize=true&Content-Type=charset%3Dutf-8&X-atmo-protocol=true&_=1744336942078 HTTP/1.1" 200 -
14.155.201.102 - - [11/Apr/2025:10:03:03 +0800] "POST /InternetTrading/SessionErrorLogger HTTP/1.1" 200 117
14.155.201.102 - - [11/Apr/2025:10:03:03 +0800] "POST /InternetTrading/Heartbeat HTTP/1.1" 200 32
65.181.90.29 - - [11/Apr/2025:10:03:04 +0800] "GET /InternetTrading/longpoll/54338?X-Atmosphere-tracking-id=0&X-Atmosphere-Framework=2.2.3-javascript&X-Atmosphere-Transport=long-polling&X-Atmosphere-TrackMessageSize=true&Content-Type=charset%3Dutf-8&X-atmo-protocol=true&_=1744336946783 HTTP/1.1" 200 -
182.239.93.77 - - [11/Apr/2025:10:03:04 +0800] "GET /InternetTrading/longpoll/A8127?X-Atmosphere-tracking-id=0&X-Atmosphere-Framework=2.2.3-javascript&X-Atmosphere-Transport=long-polling&X-Atmosphere-TrackMessageSize=true&Content-Type=charset%3Dutf-8&X-atmo-protocol=true&_=1744336945610 HTTP/1.1" 200 -
182.239.93.77 - - [11/Apr/2025:10:03:05 +0800] "POST /InternetTrading/SessionErrorLogger HTTP/1.1" 200 117
182.239.93.77 - - [11/Apr/2025:10:03:05 +0800] "POST /InternetTrading/Heartbeat HTTP/1.1" 200 32
182.239.93.77 - - [11/Apr/2025:10:03:05 +0800] "POST /InternetTrading/SessionErrorLogger HTTP/1.1" 200 117
182.239.93.77 - - [11/Apr/2025:10:03:05 +0800] "POST /InternetTrading/MarketStatus HTTP/1.1" 200 772
47.83.171.149 - - [11/Apr/2025:10:03:06 +0800] "GET /InternetTrading/longpoll/56327?X-Atmosphere-tracking-id=0&X-Atmosphere-Framework=2.2.3-javascript&X-Atmosphere-Transport=long-polling&X-Atmosphere-TrackMessageSize=true&Content-Type=charset%3Dutf-8&X-atmo-protocol=true&_=1744336947250 HTTP/1.1" 200 -
14.155.201.102 - - [11/Apr/2025:10:03:07 +0800] "GET /InternetTrading/longpoll/54083?X-Atmosphere-tracking-id=0&X-Atmosphere-Framework=2.2.3-javascript&X-Atmosphere-Transport=long-polling&X-Atmosphere-TrackMessageSize=true&Content-Type=charset%3Dutf-8&X-atmo-protocol=true&_=1744336947454 HTTP/1.1" 200 -
65.181.90.29 - - [11/Apr/2025:10:03:09 +0800] "GET /InternetTrading/longpoll/54338?X-Atmosphere-tracking-id=0&X-Atmosphere-Framework=2.2.3-javascript&X-Atmosphere-Transport=long-polling&X-Atmosphere-TrackMessageSize=true&Content-Type=charset%3Dutf-8&X-atmo-protocol=true&_=1744336951824 HTTP/1.1" 200 -
182.239.93.77 - - [11/Apr/2025:10:03:09 +0800] "GET /InternetTrading/longpoll/A8127?X-Atmosphere-tracking-id=0&X-Atmosphere-Framework=2.2.3-javascript&X-Atmosphere-Transport=long-polling&X-Atmosphere-TrackMessageSize=true&Content-Type=charset%3Dutf-8&X-atmo-protocol=true&_=1744336950819 HTTP/1.1" 200 -
47.83.171.149 - - [11/Apr/2025:10:03:11 +0800] "GET /InternetTrading/longpoll/56327?X-Atmosphere-tracking-id=0&X-Atmosphere-Framework=2.2.3-javascript&X-Atmosphere-Transport=long-polling&X-Atmosphere-TrackMessageSize=true&Content-Type=charset%3Dutf-8&X-atmo-protocol=true&_=1744336953244 HTTP/1.1" 200 -
14.155.201.102 - - [11/Apr/2025:10:03:13 +0800] "GET /InternetTrading/longpoll/54083?X-Atmosphere-tracking-id=0&X-Atmosphere-Framework=2.2.3-javascript&X-Atmosphere-Transport=long-polling&X-Atmosphere-TrackMessageSize=true&Content-Type=charset%3Dutf-8&X-atmo-protocol=true&_=1744336953110 HTTP/1.1" 200 -
65.181.90.29 - - [11/Apr/2025:10:03:14 +0800] "POST /InternetTrading/SessionErrorLogger HTTP/1.1" 200 117
65.181.90.29 - - [11/Apr/2025:10:03:14 +0800] "POST /InternetTrading/Heartbeat HTTP/1.1" 200 32
65.181.90.29 - - [11/Apr/2025:10:03:14 +0800] "GET /InternetTrading/longpoll/54338?X-Atmosphere-tracking-id=0&X-Atmosphere-Framework=2.2.3-javascript&X-Atmosphere-Transport=long-polling&X-Atmosphere-TrackMessageSize=true&Content-Type=charset%3Dutf-8&X-atmo-protocol=true&_=1744336956850 HTTP/1.1" 200 -
182.239.93.77 - - [11/Apr/2025:10:03:14 +0800] "GET /InternetTrading/longpoll/A8127?X-Atmosphere-tracking-id=0&X-Atmosphere-Framework=2.2.3-javascript&X-Atmosphere-Transport=long-polling&X-Atmosphere-TrackMessageSize=true&Content-Type=charset%3Dutf-8&X-atmo-protocol=true&_=1744336955923 HTTP/1.1" 200 -
47.83.171.149 - - [11/Apr/2025:10:03:17 +0800] "GET /InternetTrading/longpoll/56327?X-Atmosphere-tracking-id=0&X-Atmosphere-Framework=2.2.3-javascript&X-Atmosphere-Transport=long-polling&X-Atmosphere-TrackMessageSize=true&Content-Type=charset%3Dutf-8&X-atmo-protocol=true&_=1744336959245 HTTP/1.1" 200 -
65.181.90.29 - - [11/Apr/2025:10:03:19 +0800] "GET /InternetTrading/longpoll/54338?X-Atmosphere-tracking-id=0&X-Atmosphere-Framework=2.2.3-javascript&X-Atmosphere-Transport=long-polling&X-Atmosphere-TrackMessageSize=true&Content-Type=charset%3Dutf-8&X-atmo-protocol=true&_=1744336961868 HTTP/1.1" 200 -
14.155.201.102 - - [11/Apr/2025:10:03:19 +0800] "GET /InternetTrading/longpoll/54083?X-Atmosphere-tracking-id=0&X-Atmosphere-Framework=2.2.3-javascript&X-Atmosphere-Transport=long-polling&X-Atmosphere-TrackMessageSize=true&Content-Type=charset%3Dutf-8&X-atmo-protocol=true&_=1744336959152 HTTP/1.1" 200 -
182.239.93.77 - - [11/Apr/2025:10:03:19 +0800] "GET /InternetTrading/longpoll/A8127?X-Atmosphere-tracking-id=0&X-Atmosphere-Framework=2.2.3-javascript&X-Atmosphere-Transport=long-polling&X-Atmosphere-TrackMessageSize=true&Content-Type=charset%3Dutf-8&X-atmo-protocol=true&_=1744336961165 HTTP/1.1" 200 -
47.83.171.149 - - [11/Apr/2025:10:03:23 +0800] "GET /InternetTrading/longpoll/56327?X-Atmosphere-tracking-id=0&X-Atmosphere-Framework=2.2.3-javascript&X-Atmosphere-Transport=long-polling&X-Atmosphere-TrackMessageSize=true&Content-Type=charset%3Dutf-8&X-atmo-protocol=true&_=1744336965243 HTTP/1.1" 200 -
65.181.90.29 - - [11/Apr/2025:10:03:24 +0800] "GET /InternetTrading/longpoll/54338?X-Atmosphere-tracking-id=0&X-Atmosphere-Framework=2.2.3-javascript&X-Atmosphere-Transport=long-polling&X-Atmosphere-TrackMessageSize=true&Content-Type=charset%3Dutf-8&X-atmo-protocol=true&_=1744336966897 HTTP/1.1" 200 -
65.181.90.29 - - [11/Apr/2025:10:03:24 +0800] "POST /InternetTrading/SessionErrorLogger HTTP/1.1" 200 117
65.181.90.29 - - [11/Apr/2025:10:03:24 +0800] "POST /InternetTrading/MarketStatus HTTP/1.1" 200 772
182.239.93.77 - - [11/Apr/2025:10:03:25 +0800] "GET /InternetTrading/longpoll/A8127?X-Atmosphere-tracking-id=0&X-Atmosphere-Framework=2.2.3-javascript&X-Atmosphere-Transport=long-polling&X-Atmosphere-TrackMessageSize=true&Content-Type=charset%3Dutf-8&X-atmo-protocol=true&_=1744336966332 HTTP/1.1" 200 -
210.21.220.69 - - [11/Apr/2025:10:03:25 +0800] "POST /InternetTrading/SessionErrorLogger HTTP/1.1" 200 117
210.21.220.69 - - [11/Apr/2025:10:03:25 +0800] "GET /InternetTrading/longpoll/13878?X-Atmosphere-tracking-id=0&X-Atmosphere-Framework=2.2.3-javascript&X-Atmosphere-Transport=long-polling&X-Atmosphere-TrackMessageSize=true&Content-Type=charset%3Dutf-8&X-atmo-protocol=true&_=1744336965488 HTTP/1.1" 200 -
210.21.220.69 - - [11/Apr/2025:10:03:25 +0800] "POST /InternetTrading/SessionErrorLogger HTTP/1.1" 200 117
210.21.220.69 - - [11/Apr/2025:10:03:25 +0800] "POST /InternetTrading/MarketStatus HTTP/1.1" 200 772
210.21.220.69 - - [11/Apr/2025:10:03:25 +0800] "POST /InternetTrading/Heartbeat HTTP/1.1" 200 32
47.83.171.149 - - [11/Apr/2025:10:03:27 +0800] "POST /InternetTrading/SessionErrorLogger HTTP/1.1" 200 117
47.83.171.149 - - [11/Apr/2025:10:03:27 +0800] "POST /InternetTrading/Heartbeat HTTP/1.1" 200 32
47.83.171.149 - - [11/Apr/2025:10:03:27 +0800] "POST /InternetTrading/SessionErrorLogger HTTP/1.1" 200 117
47.83.171.149 - - [11/Apr/2025:10:03:27 +0800] "POST /InternetTrading/MarketStatus HTTP/1.1" 200 772
65.181.90.29 - - [11/Apr/2025:10:03:29 +0800] "GET /InternetTrading/longpoll/54338?X-Atmosphere-tracking-id=0&X-Atmosphere-Framework=2.2.3-javascript&X-Atmosphere-Transport=long-polling&X-Atmosphere-TrackMessageSize=true&Content-Type=charset%3Dutf-8&X-atmo-protocol=true&_=1744336971932 HTTP/1.1" 200 -
47.83.171.149 - - [11/Apr/2025:10:03:29 +0800] "GET /InternetTrading/longpoll/56327?X-Atmosphere-tracking-id=0&X-Atmosphere-Framework=2.2.3-javascript&X-Atmosphere-Transport=long-polling&X-Atmosphere-TrackMessageSize=true&Content-Type=charset%3Dutf-8&X-atmo-protocol=true&_=1744336971248 HTTP/1.1" 200 -
182.239.93.77 - - [11/Apr/2025:10:03:30 +0800] "GET /InternetTrading/longpoll/A8127?X-Atmosphere-tracking-id=0&X-Atmosphere-Framework=2.2.3-javascript&X-Atmosphere-Transport=long-polling&X-Atmosphere-TrackMessageSize=true&Content-Type=charset%3Dutf-8&X-atmo-protocol=true&_=1744336971573 HTTP/1.1" 200 -
210.21.220.69 - - [11/Apr/2025:10:03:31 +0800] "GET /InternetTrading/longpoll/13878?X-Atmosphere-tracking-id=0&X-Atmosphere-Framework=2.2.3-javascript&X-Atmosphere-Transport=long-polling&X-Atmosphere-TrackMessageSize=true&Content-Type=charset%3Dutf-8&X-atmo-protocol=true&_=1744336971478 HTTP/1.1" 200 -
14.155.201.102 - - [11/Apr/2025:10:03:32 +0800] "POST /InternetTrading/SessionErrorLogger HTTP/1.1" 200 117
14.155.201.102 - - [11/Apr/2025:10:03:32 +0800] "POST /InternetTrading/MarketStatus HTTP/1.1" 200 772
14.155.201.102 - - [11/Apr/2025:10:03:32 +0800] "POST /InternetTrading/SessionErrorLogger HTTP/1.1" 200 117
14.155.201.102 - - [11/Apr/2025:10:03:32 +0800] "POST /InternetTrading/LoginKey HTTP/1.1" 200 -
14.155.201.102 - - [11/Apr/2025:10:03:32 +0800] "GET /InternetTrading/jquery/wait.gif HTTP/1.1" 200 432
14.155.201.102 - - [11/Apr/2025:10:03:32 +0800] "POST /InternetTrading/PreOrder HTTP/1.1" 200 1523
14.155.201.102 - - [11/Apr/2025:10:03:32 +0800] "GET /InternetTrading/longpoll/54083?X-Atmosphere-tracking-id=0&X-Atmosphere-Framework=2.2.3-javascript&X-Atmosphere-Transport=long-polling&X-Atmosphere-TrackMessageSize=true&Content-Type=charset%3Dutf-8&X-atmo-protocol=true&_=1744336968432 HTTP/1.1" 200 -
14.155.201.102 - - [11/Apr/2025:10:03:33 +0800] "POST /InternetTrading/SessionErrorLogger HTTP/1.1" 200 117
14.155.201.102 - - [11/Apr/2025:10:03:33 +0800] "POST /InternetTrading/Heartbeat HTTP/1.1" 200 32
65.181.90.29 - - [11/Apr/2025:10:03:34 +0800] "GET /InternetTrading/longpoll/54338?X-Atmosphere-tracking-id=0&X-Atmosphere-Framework=2.2.3-javascript&X-Atmosphere-Transport=long-polling&X-Atmosphere-TrackMessageSize=true&Content-Type=charset%3Dutf-8&X-atmo-protocol=true&_=1744336976951 HTTP/1.1" 200 -
182.239.93.77 - - [11/Apr/2025:10:03:35 +0800] "GET /InternetTrading/longpoll/A8127?X-Atmosphere-tracking-id=0&X-Atmosphere-Framework=2.2.3-javascript&X-Atmosphere-Transport=long-polling&X-Atmosphere-TrackMessageSize=true&Content-Type=charset%3Dutf-8&X-atmo-protocol=true&_=1744336976727 HTTP/1.1" 200 -
182.239.93.77 - - [11/Apr/2025:10:03:35 +0800] "POST /InternetTrading/SessionErrorLogger HTTP/1.1" 200 117
182.239.93.77 - - [11/Apr/2025:10:03:35 +0800] "POST /InternetTrading/Heartbeat HTTP/1.1" 200 32
182.239.93.77 - - [11/Apr/2025:10:03:35 +0800] "POST /InternetTrading/SessionErrorLogger HTTP/1.1" 200 117
182.239.93.77 - - [11/Apr/2025:10:03:35 +0800] "POST /InternetTrading/MarketStatus HTTP/1.1" 200 772
47.83.171.149 - - [11/Apr/2025:10:03:35 +0800] "GET /InternetTrading/longpoll/56327?X-Atmosphere-tracking-id=0&X-Atmosphere-Framework=2.2.3-javascript&X-Atmosphere-Transport=long-polling&X-Atmosphere-TrackMessageSize=true&Content-Type=charset%3Dutf-8&X-atmo-protocol=true&_=1744336977249 HTTP/1.1" 200 -
65.181.90.29 - - [11/Apr/2025:10:03:35 +0800] "GET /InternetTrading/tc/images/refresh.gif HTTP/1.1" 200 1145
65.181.90.29 - - [11/Apr/2025:10:03:36 +0800] "GET /InternetTrading/tc/images/refresh.gif HTTP/1.1" 200 1145
65.181.90.29 - - [11/Apr/2025:10:03:36 +0800] "POST /InternetTrading/SessionErrorLogger HTTP/1.1" 200 117
65.181.90.29 - - [11/Apr/2025:10:03:36 +0800] "GET /InternetTrading/jquery/wait.gif HTTP/1.1" 200 432
65.181.90.29 - - [11/Apr/2025:10:03:36 +0800] "POST /InternetTrading/Orderbook HTTP/1.1" 200 1640
65.181.90.29 - - [11/Apr/2025:10:03:36 +0800] "GET /InternetTrading/tc/images/refresh.gif HTTP/1.1" 200 1145
65.181.90.29 - - [11/Apr/2025:10:03:39 +0800] "GET /InternetTrading/longpoll/54338?X-Atmosphere-tracking-id=0&X-Atmosphere-Framework=2.2.3-javascript&X-Atmosphere-Transport=long-polling&X-Atmosphere-TrackMessageSize=true&Content-Type=charset%3Dutf-8&X-atmo-protocol=true&_=1744336981985 HTTP/1.1" 200 -
14.155.201.102 - - [11/Apr/2025:10:03:39 +0800] "GET /InternetTrading/longpoll/54083?X-Atmosphere-tracking-id=0&X-Atmosphere-Framework=2.2.3-javascript&X-Atmosphere-Transport=long-polling&X-Atmosphere-TrackMessageSize=true&Content-Type=charset%3Dutf-8&X-atmo-protocol=true&_=1744336977532 HTTP/1.1" 200 -
182.239.93.77 - - [11/Apr/2025:10:03:40 +0800] "GET /InternetTrading/longpoll/A8127?X-Atmosphere-tracking-id=0&X-Atmosphere-Framework=2.2.3-javascript&X-Atmosphere-Transport=long-polling&X-Atmosphere-TrackMessageSize=true&Content-Type=charset%3Dutf-8&X-atmo-protocol=true&_=1744336981970 HTTP/1.1" 200 -
47.83.171.149 - - [11/Apr/2025:10:03:41 +0800] "GET /InternetTrading/longpoll/56327?X-Atmosphere-tracking-id=0&X-Atmosphere-Framework=2.2.3-javascript&X-Atmosphere-Transport=long-polling&X-Atmosphere-TrackMessageSize=true&Content-Type=charset%3Dutf-8&X-atmo-protocol=true&_=1744336983245 HTTP/1.1" 200 -
65.181.90.29 - - [11/Apr/2025:10:03:44 +0800] "POST /InternetTrading/SessionErrorLogger HTTP/1.1" 200 117
65.181.90.29 - - [11/Apr/2025:10:03:44 +0800] "POST /InternetTrading/Heartbeat HTTP/1.1" 200 32
65.181.90.29 - - [11/Apr/2025:10:03:44 +0800] "GET /InternetTrading/longpoll/54338?X-Atmosphere-tracking-id=0&X-Atmosphere-Framework=2.2.3-javascript&X-Atmosphere-Transport=long-polling&X-Atmosphere-TrackMessageSize=true&Content-Type=charset%3Dutf-8&X-atmo-protocol=true&_=1744336987014 HTTP/1.1" 200 -
14.155.201.102 - - [11/Apr/2025:10:03:44 +0800] "POST /InternetTrading/SessionErrorLogger HTTP/1.1" 200 117
14.155.201.102 - - [11/Apr/2025:10:03:44 +0800] "GET /InternetTrading/Csrf?url=/Order HTTP/1.1" 200 126
14.155.201.102 - - [11/Apr/2025:10:03:44 +0800] "POST /InternetTrading/SessionErrorLogger HTTP/1.1" 200 117
14.155.201.102 - - [11/Apr/2025:10:03:45 +0800] "POST /InternetTrading/Product HTTP/1.1" 200 319
14.155.201.102 - - [11/Apr/2025:10:03:45 +0800] "POST /InternetTrading/SessionErrorLogger HTTP/1.1" 200 117
14.155.201.102 - - [11/Apr/2025:10:03:45 +0800] "POST /InternetTrading/OrderMaxQuantity HTTP/1.1" 200 9
14.155.201.102 - - [11/Apr/2025:10:03:45 +0800] "GET /InternetTrading/longpoll/54083?X-Atmosphere-tracking-id=0&X-Atmosphere-Framework=2.2.3-javascript&X-Atmosphere-Transport=long-polling&X-Atmosphere-TrackMessageSize=true&Content-Type=charset%3Dutf-8&X-atmo-protocol=true&_=1744336984895 HTTP/1.1" 200 -
14.155.201.102 - - [11/Apr/2025:10:03:45 +0800] "POST /InternetTrading/SessionErrorLogger HTTP/1.1" 200 117
14.155.201.102 - - [11/Apr/2025:10:03:45 +0800] "POST /InternetTrading/LoginKey HTTP/1.1" 200 -
14.155.201.102 - - [11/Apr/2025:10:03:45 +0800] "POST /InternetTrading/SessionErrorLogger HTTP/1.1" 200 117
14.155.201.102 - - [11/Apr/2025:10:03:45 +0800] "POST /InternetTrading/Order?csrf_nonce=37779010A4AB4721D2A9867FC0285B96 HTTP/1.1" 200 1376
14.155.201.102 - - [11/Apr/2025:10:03:45 +0800] "POST /InternetTrading/SessionErrorLogger HTTP/1.1" 200 117
182.239.93.77 - - [11/Apr/2025:10:03:45 +0800] "GET /InternetTrading/longpoll/A8127?X-Atmosphere-tracking-id=0&X-Atmosphere-Framework=2.2.3-javascript&X-Atmosphere-Transport=long-polling&X-Atmosphere-TrackMessageSize=true&Content-Type=charset%3Dutf-8&X-atmo-protocol=true&_=1744336987228 HTTP/1.1" 200 -
14.155.201.102 - - [11/Apr/2025:10:03:45 +0800] "GET /InternetTrading/tc/sell_ticket.html? HTTP/1.1" 200 2261
14.155.201.102 - - [11/Apr/2025:10:03:46 +0800] "POST /InternetTrading/SessionErrorLogger HTTP/1.1" 200 117
14.155.201.102 - - [11/Apr/2025:10:03:46 +0800] "POST /InternetTrading/MarketStatus HTTP/1.1" 200 772
14.155.201.102 - - [11/Apr/2025:10:03:46 +0800] "POST /InternetTrading/SessionErrorLogger HTTP/1.1" 200 117
14.155.201.102 - - [11/Apr/2025:10:03:46 +0800] "POST /InternetTrading/MarketStatus HTTP/1.1" 200 772
47.83.171.149 - - [11/Apr/2025:10:03:47 +0800] "GET /InternetTrading/longpoll/56327?X-Atmosphere-tracking-id=0&X-Atmosphere-Framework=2.2.3-javascript&X-Atmosphere-Transport=long-polling&X-Atmosphere-TrackMessageSize=true&Content-Type=charset%3Dutf-8&X-atmo-protocol=true&_=1744336989243 HTTP/1.1" 200 -
14.155.201.102 - - [11/Apr/2025:10:03:47 +0800] "GET /InternetTrading/jquery/wait.gif HTTP/1.1" 200 432
14.155.201.102 - - [11/Apr/2025:10:03:47 +0800] "POST /InternetTrading/SessionErrorLogger HTTP/1.1" 200 117
14.155.201.102 - - [11/Apr/2025:10:03:48 +0800] "POST /InternetTrading/Orderbook HTTP/1.1" 200 1436
65.181.90.29 - - [11/Apr/2025:10:03:49 +0800] "GET /InternetTrading/longpoll/54338?X-Atmosphere-tracking-id=0&X-Atmosphere-Framework=2.2.3-javascript&X-Atmosphere-Transport=long-polling&X-Atmosphere-TrackMessageSize=true&Content-Type=charset%3Dutf-8&X-atmo-protocol=true&_=1744336992035 HTTP/1.1" 200 -
14.155.201.102 - - [11/Apr/2025:10:03:51 +0800] "GET /InternetTrading/longpoll/54083?X-Atmosphere-tracking-id=0&X-Atmosphere-Framework=2.2.3-javascript&X-Atmosphere-Transport=long-polling&X-Atmosphere-TrackMessageSize=true&Content-Type=charset%3Dutf-8&X-atmo-protocol=true&_=1744336991114 HTTP/1.1" 200 -
182.239.93.77 - - [11/Apr/2025:10:03:51 +0800] "GET /InternetTrading/longpoll/A8127?X-Atmosphere-tracking-id=0&X-Atmosphere-Framework=2.2.3-javascript&X-Atmosphere-Transport=long-polling&X-Atmosphere-TrackMessageSize=true&Content-Type=charset%3Dutf-8&X-atmo-protocol=true&_=1744336992412 HTTP/1.1" 200 -
47.83.171.149 - - [11/Apr/2025:10:03:53 +0800] "GET /InternetTrading/longpoll/56327?X-Atmosphere-tracking-id=0&X-Atmosphere-Framework=2.2.3-javascript&X-Atmosphere-Transport=long-polling&X-Atmosphere-TrackMessageSize=true&Content-Type=charset%3Dutf-8&X-atmo-protocol=true&_=1744336995239 HTTP/1.1" 200 -
65.181.90.29 - - [11/Apr/2025:10:03:54 +0800] "GET /InternetTrading/longpoll/54338?X-Atmosphere-tracking-id=0&X-Atmosphere-Framework=2.2.3-javascript&X-Atmosphere-Transport=long-polling&X-Atmosphere-TrackMessageSize=true&Content-Type=charset%3Dutf-8&X-atmo-protocol=true&_=1744336997062 HTTP/1.1" 200 -
65.181.90.29 - - [11/Apr/2025:10:03:54 +0800] "POST /InternetTrading/SessionErrorLogger HTTP/1.1" 200 117
65.181.90.29 - - [11/Apr/2025:10:03:54 +0800] "POST /InternetTrading/MarketStatus HTTP/1.1" 200 772
182.239.93.77 - - [11/Apr/2025:10:03:56 +0800] "GET /InternetTrading/longpoll/A8127?X-Atmosphere-tracking-id=0&X-Atmosphere-Framework=2.2.3-javascript&X-Atmosphere-Transport=long-polling&X-Atmosphere-TrackMessageSize=true&Content-Type=charset%3Dutf-8&X-atmo-protocol=true&_=1744336997866 HTTP/1.1" 200 -
14.155.201.102 - - [11/Apr/2025:10:03:57 +0800] "GET /InternetTrading/longpoll/54083?X-Atmosphere-tracking-id=0&X-Atmosphere-Framework=2.2.3-javascript&X-Atmosphere-Transport=long-polling&X-Atmosphere-TrackMessageSize=true&Content-Type=charset%3Dutf-8&X-atmo-protocol=true&_=1744336997111 HTTP/1.1" 200 -
65.181.90.29 - - [11/Apr/2025:10:03:59 +0800] "GET /InternetTrading/longpoll/54338?X-Atmosphere-tracking-id=0&X-Atmosphere-Framework=2.2.3-javascript&X-Atmosphere-Transport=long-polling&X-Atmosphere-TrackMessageSize=true&Content-Type=charset%3Dutf-8&X-atmo-protocol=true&_=1744337002094 HTTP/1.1" 200 -
47.83.171.149 - - [11/Apr/2025:10:03:59 +0800] "GET /InternetTrading/longpoll/56327?X-Atmosphere-tracking-id=0&X-Atmosphere-Framework=2.2.3-javascript&X-Atmosphere-Transport=long-polling&X-Atmosphere-TrackMessageSize=true&Content-Type=charset%3Dutf-8&X-atmo-protocol=true&_=1744337001243 HTTP/1.1" 200 -
182.239.93.77 - - [11/Apr/2025:10:04:01 +0800] "GET /InternetTrading/longpoll/A8127?X-Atmosphere-tracking-id=0&X-Atmosphere-Framework=2.2.3-javascript&X-Atmosphere-Transport=long-polling&X-Atmosphere-TrackMessageSize=true&Content-Type=charset%3Dutf-8&X-atmo-protocol=true&_=1744337003119 HTTP/1.1" 200 -
14.155.201.102 - - [11/Apr/2025:10:04:02 +0800] "GET /InternetTrading/longpoll/54083?X-Atmosphere-tracking-id=0&X-Atmosphere-Framework=2.2.3-javascript&X-Atmosphere-Transport=long-polling&X-Atmosphere-TrackMessageSize=true&Content-Type=charset%3Dutf-8&X-atmo-protocol=true&_=1744337002246 HTTP/1.1" 200 -
14.155.201.102 - - [11/Apr/2025:10:04:03 +0800] "POST /InternetTrading/SessionErrorLogger HTTP/1.1" 200 117
14.155.201.102 - - [11/Apr/2025:10:04:03 +0800] "POST /InternetTrading/Heartbeat HTTP/1.1" 200 32
65.181.90.29 - - [11/Apr/2025:10:04:04 +0800] "GET /InternetTrading/longpoll/54338?X-Atmosphere-tracking-id=0&X-Atmosphere-Framework=2.2.3-javascript&X-Atmosphere-Transport=long-polling&X-Atmosphere-TrackMessageSize=true&Content-Type=charset%3Dutf-8&X-atmo-protocol=true&_=1744337007111 HTTP/1.1" 200 -
182.239.93.77 - - [11/Apr/2025:10:04:05 +0800] "POST /InternetTrading/SessionErrorLogger HTTP/1.1" 200 117
182.239.93.77 - - [11/Apr/2025:10:04:05 +0800] "POST /InternetTrading/Heartbeat HTTP/1.1" 200 32
182.239.93.77 - - [11/Apr/2025:10:04:05 +0800] "POST /InternetTrading/SessionErrorLogger HTTP/1.1" 200 117
182.239.93.77 - - [11/Apr/2025:10:04:05 +0800] "POST /InternetTrading/MarketStatus HTTP/1.1" 200 772
47.83.171.149 - - [11/Apr/2025:10:04:05 +0800] "GET /InternetTrading/longpoll/56327?X-Atmosphere-tracking-id=0&X-Atmosphere-Framework=2.2.3-javascript&X-Atmosphere-Transport=long-polling&X-Atmosphere-TrackMessageSize=true&Content-Type=charset%3Dutf-8&X-atmo-protocol=true&_=1744337007244 HTTP/1.1" 200 -
182.239.93.77 - - [11/Apr/2025:10:04:06 +0800] "GET /InternetTrading/longpoll/A8127?X-Atmosphere-tracking-id=0&X-Atmosphere-Framework=2.2.3-javascript&X-Atmosphere-Transport=long-polling&X-Atmosphere-TrackMessageSize=true&Content-Type=charset%3Dutf-8&X-atmo-protocol=true&_=1744337008347 HTTP/1.1" 200 -
14.155.201.102 - - [11/Apr/2025:10:04:08 +0800] "GET /InternetTrading/longpoll/54083?X-Atmosphere-tracking-id=0&X-Atmosphere-Framework=2.2.3-javascript&X-Atmosphere-Transport=long-polling&X-Atmosphere-TrackMessageSize=true&Content-Type=charset%3Dutf-8&X-atmo-protocol=true&_=1744337008110 HTTP/1.1" 200 -
65.181.90.29 - - [11/Apr/2025:10:04:09 +0800] "GET /InternetTrading/longpoll/54338?X-Atmosphere-tracking-id=0&X-Atmosphere-Framework=2.2.3-javascript&X-Atmosphere-Transport=long-polling&X-Atmosphere-TrackMessageSize=true&Content-Type=charset%3Dutf-8&X-atmo-protocol=true&_=1744337012129 HTTP/1.1" 200 -
47.83.171.149 - - [11/Apr/2025:10:04:11 +0800] "GET /InternetTrading/longpoll/56327?X-Atmosphere-tracking-id=0&X-Atmosphere-Framework=2.2.3-javascript&X-Atmosphere-Transport=long-polling&X-Atmosphere-TrackMessageSize=true&Content-Type=charset%3Dutf-8&X-atmo-protocol=true&_=1744337013239 HTTP/1.1" 200 -
182.239.93.77 - - [11/Apr/2025:10:04:12 +0800] "GET /InternetTrading/longpoll/A8127?X-Atmosphere-tracking-id=0&X-Atmosphere-Framework=2.2.3-javascript&X-Atmosphere-Transport=long-polling&X-Atmosphere-TrackMessageSize=true&Content-Type=charset%3Dutf-8&X-atmo-protocol=true&_=1744337013403 HTTP/1.1" 200 -
65.181.90.29 - - [11/Apr/2025:10:04:14 +0800] "POST /InternetTrading/SessionErrorLogger HTTP/1.1" 200 117
65.181.90.29 - - [11/Apr/2025:10:04:14 +0800] "POST /InternetTrading/Heartbeat HTTP/1.1" 200 32
14.155.201.102 - - [11/Apr/2025:10:04:14 +0800] "GET /InternetTrading/longpoll/54083?X-Atmosphere-tracking-id=0&X-Atmosphere-Framework=2.2.3-javascript&X-Atmosphere-Transport=long-polling&X-Atmosphere-TrackMessageSize=true&Content-Type=charset%3Dutf-8&X-atmo-protocol=true&_=1744337014112 HTTP/1.1" 200 -
65.181.90.29 - - [11/Apr/2025:10:04:14 +0800] "GET /InternetTrading/longpoll/54338?X-Atmosphere-tracking-id=0&X-Atmosphere-Framework=2.2.3-javascript&X-Atmosphere-Transport=long-polling&X-Atmosphere-TrackMessageSize=true&Content-Type=charset%3Dutf-8&X-atmo-protocol=true&_=1744337017152 HTTP/1.1" 200 -
112.118.106.58 - - [11/Apr/2025:10:04:16 +0800] "GET /InternetTrading/tc/main.html?language=tc&version=HTML HTTP/1.1" 200 3578
112.118.106.58 - - [11/Apr/2025:10:04:16 +0800] "GET /InternetTrading/jquery/ui.datepicker.css HTTP/1.1" 200 1145
112.118.106.58 - - [11/Apr/2025:10:04:16 +0800] "GET /InternetTrading/jquery/jquery-1.6.3.min.js HTTP/1.1" 200 32057
112.118.106.58 - - [11/Apr/2025:10:04:16 +0800] "GET /InternetTrading/jquery/jquery-ui-1.10.3.css HTTP/1.1" 200 5283
112.118.106.58 - - [11/Apr/2025:10:04:16 +0800] "GET /InternetTrading/jquery/jquery.tablesorter-theme.blue.css HTTP/1.1" 200 2083
