65.181.90.29 - - [11/Apr/2025:09:41:43 +0800] "POST /InternetTrading/SessionErrorLogger HTTP/1.1" 200 117
65.181.90.29 - - [11/Apr/2025:09:41:43 +0800] "POST /InternetTrading/MarketStatus HTTP/1.1" 200 772
182.239.93.77 - - [11/Apr/2025:09:41:43 +0800] "POST /InternetTrading/SessionErrorLogger HTTP/1.1" 200 117
182.239.93.77 - - [11/Apr/2025:09:41:43 +0800] "POST /InternetTrading/MarketStatus HTTP/1.1" 200 772
65.181.90.29 - - [11/Apr/2025:09:41:46 +0800] "GET /InternetTrading/longpoll/54338?X-Atmosphere-tracking-id=0&X-Atmosphere-Framework=2.2.3-javascript&X-Atmosphere-Transport=long-polling&X-Atmosphere-TrackMessageSize=true&Content-Type=charset%3Dutf-8&X-atmo-protocol=true&_=1744335669063 HTTP/1.1" 200 -
113.118.5.130 - - [11/Apr/2025:09:41:47 +0800] "GET /InternetTrading/longpoll/52832?X-Atmosphere-tracking-id=0&X-Atmosphere-Framework=2.2.3-javascript&X-Atmosphere-Transport=long-polling&X-Atmosphere-TrackMessageSize=true&Content-Type=charset%3Dutf-8&X-atmo-protocol=true&_=1744335668456 HTTP/1.1" 200 -
182.239.93.77 - - [11/Apr/2025:09:41:48 +0800] "GET /InternetTrading/longpoll/A8127?X-Atmosphere-tracking-id=0&X-Atmosphere-Framework=2.2.3-javascript&X-Atmosphere-Transport=long-polling&X-Atmosphere-TrackMessageSize=true&Content-Type=charset%3Dutf-8&X-atmo-protocol=true&_=1744335669599 HTTP/1.1" 200 -
65.181.90.29 - - [11/Apr/2025:09:41:51 +0800] "GET /InternetTrading/longpoll/54338?X-Atmosphere-tracking-id=0&X-Atmosphere-Framework=2.2.3-javascript&X-Atmosphere-Transport=long-polling&X-Atmosphere-TrackMessageSize=true&Content-Type=charset%3Dutf-8&X-atmo-protocol=true&_=1744335674082 HTTP/1.1" 200 -
65.181.90.29 - - [11/Apr/2025:09:41:51 +0800] "POST /InternetTrading/SessionErrorLogger HTTP/1.1" 200 117
65.181.90.29 - - [11/Apr/2025:09:41:51 +0800] "POST /InternetTrading/OrderMaxQuantity HTTP/1.1" 200 10
113.118.5.130 - - [11/Apr/2025:09:41:52 +0800] "GET /InternetTrading/longpoll/52832?X-Atmosphere-tracking-id=0&X-Atmosphere-Framework=2.2.3-javascript&X-Atmosphere-Transport=long-polling&X-Atmosphere-TrackMessageSize=true&Content-Type=charset%3Dutf-8&X-atmo-protocol=true&_=1744335673492 HTTP/1.1" 200 -
182.239.93.77 - - [11/Apr/2025:09:41:53 +0800] "GET /InternetTrading/longpoll/A8127?X-Atmosphere-tracking-id=0&X-Atmosphere-Framework=2.2.3-javascript&X-Atmosphere-Transport=long-polling&X-Atmosphere-TrackMessageSize=true&Content-Type=charset%3Dutf-8&X-atmo-protocol=true&_=1744335674675 HTTP/1.1" 200 -
182.239.93.77 - - [11/Apr/2025:09:41:55 +0800] "POST /InternetTrading/SessionErrorLogger HTTP/1.1" 200 117
182.239.93.77 - - [11/Apr/2025:09:41:55 +0800] "POST /InternetTrading/Heartbeat HTTP/1.1" 200 32
65.181.90.29 - - [11/Apr/2025:09:41:56 +0800] "GET /InternetTrading/longpoll/54338?X-Atmosphere-tracking-id=0&X-Atmosphere-Framework=2.2.3-javascript&X-Atmosphere-Transport=long-polling&X-Atmosphere-TrackMessageSize=true&Content-Type=charset%3Dutf-8&X-atmo-protocol=true&_=1744335679129 HTTP/1.1" 200 -
113.118.5.130 - - [11/Apr/2025:09:41:57 +0800] "GET /InternetTrading/longpoll/52832?X-Atmosphere-tracking-id=0&X-Atmosphere-Framework=2.2.3-javascript&X-Atmosphere-Transport=long-polling&X-Atmosphere-TrackMessageSize=true&Content-Type=charset%3Dutf-8&X-atmo-protocol=true&_=1744335678591 HTTP/1.1" 200 -
182.239.93.77 - - [11/Apr/2025:09:41:58 +0800] "GET /InternetTrading/longpoll/A8127?X-Atmosphere-tracking-id=0&X-Atmosphere-Framework=2.2.3-javascript&X-Atmosphere-Transport=long-polling&X-Atmosphere-TrackMessageSize=true&Content-Type=charset%3Dutf-8&X-atmo-protocol=true&_=1744335679914 HTTP/1.1" 200 -
65.181.90.29 - - [11/Apr/2025:09:41:59 +0800] "POST /InternetTrading/SessionErrorLogger HTTP/1.1" 200 117
65.181.90.29 - - [11/Apr/2025:09:41:59 +0800] "POST /InternetTrading/OrderMaxQuantity HTTP/1.1" 200 10
65.181.90.29 - - [11/Apr/2025:09:42:01 +0800] "GET /InternetTrading/longpoll/54338?X-Atmosphere-tracking-id=0&X-Atmosphere-Framework=2.2.3-javascript&X-Atmosphere-Transport=long-polling&X-Atmosphere-TrackMessageSize=true&Content-Type=charset%3Dutf-8&X-atmo-protocol=true&_=1744335684140 HTTP/1.1" 200 -
113.118.5.130 - - [11/Apr/2025:09:42:02 +0800] "GET /InternetTrading/longpoll/52832?X-Atmosphere-tracking-id=0&X-Atmosphere-Framework=2.2.3-javascript&X-Atmosphere-Transport=long-polling&X-Atmosphere-TrackMessageSize=true&Content-Type=charset%3Dutf-8&X-atmo-protocol=true&_=1744335683664 HTTP/1.1" 200 -
47.83.171.149 - - [11/Apr/2025:09:42:03 +0800] "GET /InternetTrading/sc/login.html HTTP/1.1" 200 1752
182.239.93.77 - - [11/Apr/2025:09:42:03 +0800] "GET /InternetTrading/longpoll/A8127?X-Atmosphere-tracking-id=0&X-Atmosphere-Framework=2.2.3-javascript&X-Atmosphere-Transport=long-polling&X-Atmosphere-TrackMessageSize=true&Content-Type=charset%3Dutf-8&X-atmo-protocol=true&_=1744335685038 HTTP/1.1" 200 -
47.83.171.149 - - [11/Apr/2025:09:42:04 +0800] "GET /InternetTrading/sc/login.html HTTP/1.1" 200 1752
47.83.171.149 - - [11/Apr/2025:09:42:04 +0800] "GET /InternetTrading/sc/style_common.css?v=20200819161913 HTTP/1.1" 200 2540
47.83.171.149 - - [11/Apr/2025:09:42:04 +0800] "GET /InternetTrading/sc/style.css?v=20200819161913 HTTP/1.1" 200 1435
47.83.171.149 - - [11/Apr/2025:09:42:04 +0800] "GET /InternetTrading/jquery/jquery.validate-1.11.1.js HTTP/1.1" 200 7041
47.83.171.149 - - [11/Apr/2025:09:42:04 +0800] "GET /InternetTrading/jquery/jquery.form-3.46.0.js HTTP/1.1" 200 5673
47.83.171.149 - - [11/Apr/2025:09:42:04 +0800] "GET /InternetTrading/jquery/jquery-migrate-3.0.0.js HTTP/1.1" 200 4963
47.83.171.149 - - [11/Apr/2025:09:42:04 +0800] "GET /InternetTrading/jquery/additional-methods.js HTTP/1.1" 200 2238
47.83.171.149 - - [11/Apr/2025:09:42:04 +0800] "GET /InternetTrading/jquery/jquery.blockUI-2.66.0.js HTTP/1.1" 200 6651
47.83.171.149 - - [11/Apr/2025:09:42:04 +0800] "GET /InternetTrading/jquery/jquery-3.3.1.js HTTP/1.1" 200 80650
47.83.171.149 - - [11/Apr/2025:09:42:04 +0800] "GET /InternetTrading/jquery/jquery.timer-0.9.16.js HTTP/1.1" 200 542
47.83.171.149 - - [11/Apr/2025:09:42:04 +0800] "GET /InternetTrading/jquery/jquery.getParams.js HTTP/1.1" 200 587
47.83.171.149 - - [11/Apr/2025:09:42:04 +0800] "GET /InternetTrading/js/constants.js?jsv=20200819161913 HTTP/1.1" 200 400
47.83.171.149 - - [11/Apr/2025:09:42:04 +0800] "GET /InternetTrading/sc/user/translation.js?jsv=20200819161913 HTTP/1.1" 200 12866
47.83.171.149 - - [11/Apr/2025:09:42:04 +0800] "GET /InternetTrading/jquery/jquery-ui-personalized-1.6rc2.min.js HTTP/1.1" 200 55543
47.83.171.149 - - [11/Apr/2025:09:42:04 +0800] "GET /InternetTrading/js/haitong.js?jsv=20200819161913 HTTP/1.1" 200 3881
47.83.171.149 - - [11/Apr/2025:09:42:04 +0800] "GET /InternetTrading/js/util.js?jsv=20200819161913 HTTP/1.1" 200 6636
47.83.171.149 - - [11/Apr/2025:09:42:04 +0800] "GET /InternetTrading/js/rsautil.js?jsv=20200819161913 HTTP/1.1" 200 1017
47.83.171.149 - - [11/Apr/2025:09:42:04 +0800] "GET /InternetTrading/js/init.js?jsv=20200819161913 HTTP/1.1" 200 886
47.83.171.149 - - [11/Apr/2025:09:42:04 +0800] "GET /InternetTrading/js/login.js?jsv=20200819161913 HTTP/1.1" 200 1684
47.83.171.149 - - [11/Apr/2025:09:42:04 +0800] "GET /InternetTrading/js/version.js?jsv=20200819161913 HTTP/1.1" 200 85
47.83.171.149 - - [11/Apr/2025:09:42:04 +0800] "GET /InternetTrading/sc/user/custom_variables.js?jsv=20200819161913 HTTP/1.1" 200 275
47.83.171.149 - - [11/Apr/2025:09:42:04 +0800] "GET /InternetTrading/js/string_extend.js?jsv=20200819161913 HTTP/1.1" 200 272
47.83.171.149 - - [11/Apr/2025:09:42:04 +0800] "GET /InternetTrading/js/pidcrypt_util.js?jsv=20200819161913 HTTP/1.1" 200 1206
47.83.171.149 - - [11/Apr/2025:09:42:04 +0800] "GET /InternetTrading/js/pidcrypt.js?jsv=20200819161913 HTTP/1.1" 200 982
47.83.171.149 - - [11/Apr/2025:09:42:04 +0800] "GET /InternetTrading/js/aes_cbc.js?jsv=20200819161913 HTTP/1.1" 200 2043
47.83.171.149 - - [11/Apr/2025:09:42:04 +0800] "GET /InternetTrading/js/aes_core.js?jsv=20200819161913 HTTP/1.1" 200 2106
47.83.171.149 - - [11/Apr/2025:09:42:04 +0800] "GET /InternetTrading/js/asn1.js?jsv=20200819161913 HTTP/1.1" 200 3099
47.83.171.149 - - [11/Apr/2025:09:42:04 +0800] "GET /InternetTrading/js/md5.js?jsv=20200819161913 HTTP/1.1" 200 1730
47.83.171.149 - - [11/Apr/2025:09:42:04 +0800] "GET /InternetTrading/js/sha256.js?jsv=20200819161913 HTTP/1.1" 200 1362
47.83.171.149 - - [11/Apr/2025:09:42:04 +0800] "GET /InternetTrading/js/jsbn.js?jsv=20200819161913 HTTP/1.1" 200 6736
47.83.171.149 - - [11/Apr/2025:09:42:04 +0800] "GET /InternetTrading/js/prng4.js?jsv=20200819161913 HTTP/1.1" 200 303
47.83.171.149 - - [11/Apr/2025:09:42:04 +0800] "GET /InternetTrading/js/rng.js?jsv=20200819161913 HTTP/1.1" 200 481
47.83.171.149 - - [11/Apr/2025:09:42:04 +0800] "GET /InternetTrading/js/rsa.js?jsv=20200819161913 HTTP/1.1" 200 1658
47.83.171.149 - - [11/Apr/2025:09:42:04 +0800] "GET /InternetTrading/sc/images/bg_login.jpg HTTP/1.1" 200 29296
47.83.171.149 - - [11/Apr/2025:09:42:04 +0800] "POST /InternetTrading/SystemMaintenanceCheck HTTP/1.1" 200 119
47.83.171.149 - - [11/Apr/2025:09:42:04 +0800] "GET /InternetTrading/sc/dialog.html?1744335686413 HTTP/1.1" 200 3179
47.83.171.149 - - [11/Apr/2025:09:42:04 +0800] "GET /InternetTrading/sc/images/favicon.ico HTTP/1.1" 404 682
47.83.171.149 - - [11/Apr/2025:09:42:06 +0800] "POST /InternetTrading/CheckIsEnableRSA HTTP/1.1" 200 1
47.83.171.149 - - [11/Apr/2025:09:42:06 +0800] "POST /InternetTrading/CheckPwEncryptType HTTP/1.1" 200 -
47.83.171.149 - - [11/Apr/2025:09:42:06 +0800] "POST /InternetTrading/LoginKey HTTP/1.1" 200 -
65.181.90.29 - - [11/Apr/2025:09:42:06 +0800] "GET /InternetTrading/longpoll/54338?X-Atmosphere-tracking-id=0&X-Atmosphere-Framework=2.2.3-javascript&X-Atmosphere-Transport=long-polling&X-Atmosphere-TrackMessageSize=true&Content-Type=charset%3Dutf-8&X-atmo-protocol=true&_=1744335689168 HTTP/1.1" 200 -
47.83.171.149 - - [11/Apr/2025:09:42:06 +0800] "GET /InternetTrading/jquery/wait.gif HTTP/1.1" 200 432
47.83.171.149 - - [11/Apr/2025:09:42:06 +0800] "POST /InternetTrading/Login HTTP/1.1" 200 444
47.83.171.149 - - [11/Apr/2025:09:42:08 +0800] "GET /InternetTrading/sc/2FA_authentication.html?language=sc&version=HTML HTTP/1.1" 200 1468
47.83.171.149 - - [11/Apr/2025:09:42:08 +0800] "GET /InternetTrading/sc/style.css?v=20200819161913 HTTP/1.1" 200 1435
47.83.171.149 - - [11/Apr/2025:09:42:08 +0800] "GET /InternetTrading/sc/style_common.css?v=20200819161913 HTTP/1.1" 200 2540
47.83.171.149 - - [11/Apr/2025:09:42:08 +0800] "GET /InternetTrading/jquery/jquery-ui-1.10.3.js HTTP/1.1" 200 69642
47.83.171.149 - - [11/Apr/2025:09:42:08 +0800] "GET /InternetTrading/jquery/jquery-migrate-3.0.0.js HTTP/1.1" 200 4963
47.83.171.149 - - [11/Apr/2025:09:42:08 +0800] "GET /InternetTrading/jquery/jquery.form-3.46.0.js HTTP/1.1" 200 5673
47.83.171.149 - - [11/Apr/2025:09:42:08 +0800] "GET /InternetTrading/jquery/jquery-3.3.1.js HTTP/1.1" 200 80650
47.83.171.149 - - [11/Apr/2025:09:42:08 +0800] "GET /InternetTrading/jquery/additional-methods.js HTTP/1.1" 200 2238
47.83.171.149 - - [11/Apr/2025:09:42:08 +0800] "GET /InternetTrading/jquery/jquery.validate-1.11.1.js HTTP/1.1" 200 7041
47.83.171.149 - - [11/Apr/2025:09:42:08 +0800] "GET /InternetTrading/jquery/jquery.timer-0.9.16.js HTTP/1.1" 200 542
47.83.171.149 - - [11/Apr/2025:09:42:08 +0800] "GET /InternetTrading/jquery/jquery.blockUI-2.66.0-iAsiaEdition.js HTTP/1.1" 200 6651
113.118.5.130 - - [11/Apr/2025:09:42:08 +0800] "POST /InternetTrading/SessionErrorLogger HTTP/1.1" 200 117
47.83.171.149 - - [11/Apr/2025:09:42:08 +0800] "GET /InternetTrading/jquery/jquery.getParams.js HTTP/1.1" 200 587
113.118.5.130 - - [11/Apr/2025:09:42:08 +0800] "GET /InternetTrading/longpoll/52832?X-Atmosphere-tracking-id=0&X-Atmosphere-Framework=2.2.3-javascript&X-Atmosphere-Transport=long-polling&X-Atmosphere-TrackMessageSize=true&Content-Type=charset%3Dutf-8&X-atmo-protocol=true&_=1744335688729 HTTP/1.1" 200 -
47.83.171.149 - - [11/Apr/2025:09:42:08 +0800] "GET /InternetTrading/sc/user/translation.js?jsv=20200819161913 HTTP/1.1" 200 12866
113.118.5.130 - - [11/Apr/2025:09:42:08 +0800] "POST /InternetTrading/MarketStatus HTTP/1.1" 200 772
47.83.171.149 - - [11/Apr/2025:09:42:08 +0800] "GET /InternetTrading/js/constants.js?jsv=20200819161913 HTTP/1.1" 200 400
47.83.171.149 - - [11/Apr/2025:09:42:08 +0800] "GET /InternetTrading/js/haitong.js?jsv=20200819161913 HTTP/1.1" 200 3881
47.83.171.149 - - [11/Apr/2025:09:42:08 +0800] "GET /InternetTrading/js/util.js?jsv=20200819161913 HTTP/1.1" 200 6636
47.83.171.149 - - [11/Apr/2025:09:42:08 +0800] "GET /InternetTrading/js/init.js?jsv=20200819161913 HTTP/1.1" 200 886
47.83.171.149 - - [11/Apr/2025:09:42:08 +0800] "GET /InternetTrading/sc/user/custom_variables.js?jsv=20200819161913 HTTP/1.1" 200 275
47.83.171.149 - - [11/Apr/2025:09:42:08 +0800] "GET /InternetTrading/js/2fa.js?jsv=20200819161913 HTTP/1.1" 200 1953
47.83.171.149 - - [11/Apr/2025:09:42:08 +0800] "GET /InternetTrading/js/login.js?jsv=20200819161913 HTTP/1.1" 200 1684
47.83.171.149 - - [11/Apr/2025:09:42:08 +0800] "GET /InternetTrading/settings/webpage_settings.js?jsv=20200819161913 HTTP/1.1" 200 33
47.83.171.149 - - [11/Apr/2025:09:42:08 +0800] "GET /InternetTrading/sc/images/logo.png HTTP/1.1" 200 7042
47.83.171.149 - - [11/Apr/2025:09:42:08 +0800] "GET /InternetTrading/js/login.js?jsv=20200819161913 HTTP/1.1" 200 1684
113.118.5.130 - - [11/Apr/2025:09:42:08 +0800] "POST /InternetTrading/SessionErrorLogger HTTP/1.1" 200 117
113.118.5.130 - - [11/Apr/2025:09:42:08 +0800] "POST /InternetTrading/Heartbeat HTTP/1.1" 200 32
47.83.171.149 - - [11/Apr/2025:09:42:08 +0800] "GET /InternetTrading/sc/dialog.html?1744335690199 HTTP/1.1" 200 3179
47.83.171.149 - - [11/Apr/2025:09:42:08 +0800] "GET /InternetTrading/jquery/wait.gif HTTP/1.1" 200 432
47.83.171.149 - - [11/Apr/2025:09:42:08 +0800] "GET /favicon.ico HTTP/1.1" 404 196
47.83.171.149 - - [11/Apr/2025:09:42:08 +0800] "POST /InternetTrading/SystemMaintenanceCheck HTTP/1.1" 200 119
47.83.171.149 - - [11/Apr/2025:09:42:08 +0800] "POST /InternetTrading/SystemMaintenanceCheck HTTP/1.1" 200 119
47.83.171.149 - - [11/Apr/2025:09:42:08 +0800] "POST /InternetTrading/Get2FAInfoService HTTP/1.1" 200 109
182.239.93.77 - - [11/Apr/2025:09:42:09 +0800] "GET /InternetTrading/longpoll/A8127?X-Atmosphere-tracking-id=0&X-Atmosphere-Framework=2.2.3-javascript&X-Atmosphere-Transport=long-polling&X-Atmosphere-TrackMessageSize=true&Content-Type=charset%3Dutf-8&X-atmo-protocol=true&_=1744335690317 HTTP/1.1" 200 -
65.181.90.29 - - [11/Apr/2025:09:42:11 +0800] "GET /InternetTrading/longpoll/54338?X-Atmosphere-tracking-id=0&X-Atmosphere-Framework=2.2.3-javascript&X-Atmosphere-Transport=long-polling&X-Atmosphere-TrackMessageSize=true&Content-Type=charset%3Dutf-8&X-atmo-protocol=true&_=1744335694194 HTTP/1.1" 200 -
65.181.90.29 - - [11/Apr/2025:09:42:13 +0800] "POST /InternetTrading/SessionErrorLogger HTTP/1.1" 200 117
65.181.90.29 - - [11/Apr/2025:09:42:13 +0800] "POST /InternetTrading/Heartbeat HTTP/1.1" 200 32
65.181.90.29 - - [11/Apr/2025:09:42:13 +0800] "POST /InternetTrading/SessionErrorLogger HTTP/1.1" 200 117
65.181.90.29 - - [11/Apr/2025:09:42:13 +0800] "POST /InternetTrading/MarketStatus HTTP/1.1" 200 772
113.118.5.130 - - [11/Apr/2025:09:42:13 +0800] "GET /InternetTrading/longpoll/52832?X-Atmosphere-tracking-id=0&X-Atmosphere-Framework=2.2.3-javascript&X-Atmosphere-Transport=long-polling&X-Atmosphere-TrackMessageSize=true&Content-Type=charset%3Dutf-8&X-atmo-protocol=true&_=1744335694334 HTTP/1.1" 200 -
182.239.93.77 - - [11/Apr/2025:09:42:13 +0800] "POST /InternetTrading/SessionErrorLogger HTTP/1.1" 200 117
182.239.93.77 - - [11/Apr/2025:09:42:13 +0800] "POST /InternetTrading/MarketStatus HTTP/1.1" 200 772
182.239.93.77 - - [11/Apr/2025:09:42:14 +0800] "GET /InternetTrading/longpoll/A8127?X-Atmosphere-tracking-id=0&X-Atmosphere-Framework=2.2.3-javascript&X-Atmosphere-Transport=long-polling&X-Atmosphere-TrackMessageSize=true&Content-Type=charset%3Dutf-8&X-atmo-protocol=true&_=1744335695511 HTTP/1.1" 200 -
65.181.90.29 - - [11/Apr/2025:09:42:16 +0800] "GET /InternetTrading/longpoll/54338?X-Atmosphere-tracking-id=0&X-Atmosphere-Framework=2.2.3-javascript&X-Atmosphere-Transport=long-polling&X-Atmosphere-TrackMessageSize=true&Content-Type=charset%3Dutf-8&X-atmo-protocol=true&_=1744335699218 HTTP/1.1" 200 -
113.118.5.130 - - [11/Apr/2025:09:42:18 +0800] "GET /InternetTrading/longpoll/52832?X-Atmosphere-tracking-id=0&X-Atmosphere-Framework=2.2.3-javascript&X-Atmosphere-Transport=long-polling&X-Atmosphere-TrackMessageSize=true&Content-Type=charset%3Dutf-8&X-atmo-protocol=true&_=1744335699362 HTTP/1.1" 200 -
182.239.93.77 - - [11/Apr/2025:09:42:19 +0800] "GET /InternetTrading/longpoll/A8127?X-Atmosphere-tracking-id=0&X-Atmosphere-Framework=2.2.3-javascript&X-Atmosphere-Transport=long-polling&X-Atmosphere-TrackMessageSize=true&Content-Type=charset%3Dutf-8&X-atmo-protocol=true&_=1744335700585 HTTP/1.1" 200 -
47.83.171.149 - - [11/Apr/2025:09:42:19 +0800] "GET /InternetTrading/jquery/wait.gif HTTP/1.1" 200 432
47.83.171.149 - - [11/Apr/2025:09:42:19 +0800] "POST /InternetTrading/Verify2FAService HTTP/1.1" 200 411
47.83.171.149 - - [11/Apr/2025:09:42:20 +0800] "GET /InternetTrading/sc/main.html?language=sc&version=HTML HTTP/1.1" 200 3570
47.83.171.149 - - [11/Apr/2025:09:42:21 +0800] "GET /InternetTrading/jquery/ui.datepicker.css HTTP/1.1" 200 1145
47.83.171.149 - - [11/Apr/2025:09:42:21 +0800] "GET /InternetTrading/jquery/jquery.tablesorter-theme.blue.css HTTP/1.1" 200 2083
47.83.171.149 - - [11/Apr/2025:09:42:21 +0800] "GET /InternetTrading/jquery/dragtable-2.0.9.css HTTP/1.1" 200 316
47.83.171.149 - - [11/Apr/2025:09:42:21 +0800] "GET /InternetTrading/jquery/jquery-ui-1.10.3.css HTTP/1.1" 200 5283
47.83.171.149 - - [11/Apr/2025:09:42:21 +0800] "GET /InternetTrading/sc/style_common.css?v=20200819161913 HTTP/1.1" 200 2540
47.83.171.149 - - [11/Apr/2025:09:42:21 +0800] "GET /InternetTrading/sc/style.css?v=20200819161913 HTTP/1.1" 200 1435
65.181.90.29 - - [11/Apr/2025:09:42:21 +0800] "GET /InternetTrading/longpoll/54338?X-Atmosphere-tracking-id=0&X-Atmosphere-Framework=2.2.3-javascript&X-Atmosphere-Transport=long-polling&X-Atmosphere-TrackMessageSize=true&Content-Type=charset%3Dutf-8&X-atmo-protocol=true&_=1744335704246 HTTP/1.1" 200 -
47.83.171.149 - - [11/Apr/2025:09:42:21 +0800] "GET /InternetTrading/sc/css/jquery.jscrollpane.css HTTP/1.1" 404 690
47.83.171.149 - - [11/Apr/2025:09:42:21 +0800] "GET /InternetTrading/jquery/jquery-1.6.3.min.js HTTP/1.1" 200 32057
47.83.171.149 - - [11/Apr/2025:09:42:21 +0800] "GET /InternetTrading/jquery/jquery.ba-postmessage.js HTTP/1.1" 200 2990
47.83.171.149 - - [11/Apr/2025:09:42:22 +0800] "GET /InternetTrading/js/aastock.js HTTP/1.1" 200 553
47.83.171.149 - - [11/Apr/2025:09:42:22 +0800] "GET /InternetTrading/jquery/jquery-migrate-3.0.0.js HTTP/1.1" 200 4963
47.83.171.149 - - [11/Apr/2025:09:42:22 +0800] "GET /InternetTrading/jquery/jquery-3.3.1.js HTTP/1.1" 200 80650
47.83.171.149 - - [11/Apr/2025:09:42:22 +0800] "GET /InternetTrading/jquery/jquery-ui-1.10.3.js HTTP/1.1" 200 69642
47.83.171.149 - - [11/Apr/2025:09:42:22 +0800] "GET /InternetTrading/js/atmosphere.js HTTP/1.1" 200 13461
47.83.171.149 - - [11/Apr/2025:09:42:22 +0800] "GET /InternetTrading/js/cache.js?jsv=20200819161913 HTTP/1.1" 200 940
47.83.171.149 - - [11/Apr/2025:09:42:22 +0800] "GET /InternetTrading/jquery/jquery.form-3.46.0.js HTTP/1.1" 200 5673
47.83.171.149 - - [11/Apr/2025:09:42:22 +0800] "GET /InternetTrading/jquery/jquery.blockUI-2.66.0.js HTTP/1.1" 200 6651
47.83.171.149 - - [11/Apr/2025:09:42:22 +0800] "GET /InternetTrading/jquery/jquery.validate-1.11.1.js HTTP/1.1" 200 7041
47.83.171.149 - - [11/Apr/2025:09:42:22 +0800] "GET /InternetTrading/jquery/additional-methods.js HTTP/1.1" 200 2238
47.83.171.149 - - [11/Apr/2025:09:42:22 +0800] "GET /InternetTrading/jquery/jquery.mousewheel-3.1.4.js HTTP/1.1" 200 822
47.83.171.149 - - [11/Apr/2025:09:42:22 +0800] "GET /InternetTrading/jquery/jquery.tablesorter-2.14.5.js HTTP/1.1" 200 8901
47.83.171.149 - - [11/Apr/2025:09:42:22 +0800] "GET /InternetTrading/jquery/jquery.tablesorter.widgets-2.14.5.js HTTP/1.1" 200 8611
47.83.171.149 - - [11/Apr/2025:09:42:22 +0800] "GET /InternetTrading/jquery/jquery.combobox.packed.js HTTP/1.1" 200 3387
47.83.171.149 - - [11/Apr/2025:09:42:22 +0800] "GET /InternetTrading/jquery/jquery.getParams.js HTTP/1.1" 200 587
47.83.171.149 - - [11/Apr/2025:09:42:22 +0800] "GET /InternetTrading/jquery/jquery.timer-0.9.16.js HTTP/1.1" 200 542
47.83.171.149 - - [11/Apr/2025:09:42:22 +0800] "GET /InternetTrading/jquery/jquery.selectboxes.pack.js HTTP/1.1" 200 1640
47.83.171.149 - - [11/Apr/2025:09:42:22 +0800] "GET /InternetTrading/jquery/date.js HTTP/1.1" 200 2807
47.83.171.149 - - [11/Apr/2025:09:42:22 +0800] "GET /InternetTrading/jquery/globalize-0.1.0a1.js HTTP/1.1" 200 6984
47.83.171.149 - - [11/Apr/2025:09:42:22 +0800] "GET /InternetTrading/json/json2.js?jsv=20200819161913 HTTP/1.1" 200 1372
47.83.171.149 - - [11/Apr/2025:09:42:22 +0800] "GET /InternetTrading/settings/crm_display_settings.js?jsv=20200819161913 HTTP/1.1" 200 1781
47.83.171.149 - - [11/Apr/2025:09:42:22 +0800] "GET /InternetTrading/js/constants.js?jsv=20200819161913 HTTP/1.1" 200 400
47.83.171.149 - - [11/Apr/2025:09:42:22 +0800] "GET /InternetTrading/sc/user/translation.js?jsv=20200819161913 HTTP/1.1" 200 12866
47.83.171.149 - - [11/Apr/2025:09:42:22 +0800] "GET /InternetTrading/sc/user/custom_variables.js?jsv=20200819161913 HTTP/1.1" 200 275
47.83.171.149 - - [11/Apr/2025:09:42:22 +0800] "GET /InternetTrading/js/haitong.js?jsv=20200819161913 HTTP/1.1" 200 3881
47.83.171.149 - - [11/Apr/2025:09:42:22 +0800] "GET /InternetTrading/js/util.js?jsv=20200819161913 HTTP/1.1" 200 6636
47.83.171.149 - - [11/Apr/2025:09:42:22 +0800] "GET /InternetTrading/js/init.js?jsv=20200819161913 HTTP/1.1" 200 886
47.83.171.149 - - [11/Apr/2025:09:42:22 +0800] "GET /InternetTrading/js/rsautil.js?jsv=20200819161913 HTTP/1.1" 200 1017
47.83.171.149 - - [11/Apr/2025:09:42:22 +0800] "GET /InternetTrading/js/main.js?jsv=20200819161913 HTTP/1.1" 200 30725
47.83.171.149 - - [11/Apr/2025:09:42:22 +0800] "GET /InternetTrading/js/corporate.js?jsv=20200819161913 HTTP/1.1" 200 1575
47.83.171.149 - - [11/Apr/2025:09:42:22 +0800] "GET /InternetTrading/js/update_mdf.js?jsv=20200819161913 HTTP/1.1" 200 856
47.83.171.149 - - [11/Apr/2025:09:42:22 +0800] "GET /InternetTrading/js/validation_bshare.js?jsv=20200819161913 HTTP/1.1" 200 1567
47.83.171.149 - - [11/Apr/2025:09:42:22 +0800] "GET /InternetTrading/js/validation_hkex.js?jsv=20200819161913 HTTP/1.1" 200 2300
47.83.171.149 - - [11/Apr/2025:09:42:22 +0800] "GET /InternetTrading/js/validation_ashare.js?jsv=20200819161913 HTTP/1.1" 200 2482
47.83.171.149 - - [11/Apr/2025:09:42:22 +0800] "GET /InternetTrading/js/validation_global.js?jsv=20200819161913 HTTP/1.1" 200 1564
47.83.171.149 - - [11/Apr/2025:09:42:22 +0800] "GET /InternetTrading/js/account.js?jsv=20200819161913 HTTP/1.1" 200 2656
47.83.171.149 - - [11/Apr/2025:09:42:22 +0800] "GET /InternetTrading/js/mm.js?jsv=20200819161913 HTTP/1.1" 200 487
47.83.171.149 - - [11/Apr/2025:09:42:22 +0800] "GET /InternetTrading/js/spread_cache.js?jsv=20200819161913 HTTP/1.1" 200 908
47.83.171.149 - - [11/Apr/2025:09:42:22 +0800] "GET /InternetTrading/js/cash_transfer.js?jsv=20200819161913 HTTP/1.1" 200 2712
47.83.171.149 - - [11/Apr/2025:09:42:22 +0800] "GET /InternetTrading/js/ipo.js?jsv=20200819161913 HTTP/1.1" 200 5726
47.83.171.149 - - [11/Apr/2025:09:42:22 +0800] "GET /InternetTrading/js/isec_calculator.js?jsv=20200819161913 HTTP/1.1" 200 1364
47.83.171.149 - - [11/Apr/2025:09:42:22 +0800] "GET /InternetTrading/js/payment_instruction.js?jsv=20200819161913 HTTP/1.1" 200 2178
47.83.171.149 - - [11/Apr/2025:09:42:22 +0800] "GET /InternetTrading/js/eStatement.js?jsv=20200819161913 HTTP/1.1" 200 562
47.83.171.149 - - [11/Apr/2025:09:42:22 +0800] "GET /InternetTrading/ExchangeList?fmt=js&jsv=20200819161913 HTTP/1.1" 200 146
47.83.171.149 - - [11/Apr/2025:09:42:22 +0800] "GET /InternetTrading/js/payment_instruction_IMOS.js?jsv=20200819161913 HTTP/1.1" 200 6874
47.83.171.149 - - [11/Apr/2025:09:42:22 +0800] "GET /InternetTrading/js/string_extend.js?jsv=20200819161913 HTTP/1.1" 200 272
47.83.171.149 - - [11/Apr/2025:09:42:22 +0800] "GET /InternetTrading/js/pidcrypt.js?jsv=20200819161913 HTTP/1.1" 200 982
47.83.171.149 - - [11/Apr/2025:09:42:22 +0800] "GET /InternetTrading/js/pidcrypt_util.js?jsv=20200819161913 HTTP/1.1" 200 1206
47.83.171.149 - - [11/Apr/2025:09:42:22 +0800] "GET /InternetTrading/js/aes_core.js?jsv=20200819161913 HTTP/1.1" 200 2106
47.83.171.149 - - [11/Apr/2025:09:42:22 +0800] "GET /InternetTrading/js/aes_cbc.js?jsv=20200819161913 HTTP/1.1" 200 2043
47.83.171.149 - - [11/Apr/2025:09:42:22 +0800] "GET /InternetTrading/js/sha256.js?jsv=20200819161913 HTTP/1.1" 200 1362
47.83.171.149 - - [11/Apr/2025:09:42:22 +0800] "GET /InternetTrading/js/md5.js?jsv=20200819161913 HTTP/1.1" 200 1730
47.83.171.149 - - [11/Apr/2025:09:42:22 +0800] "GET /InternetTrading/js/asn1.js?jsv=20200819161913 HTTP/1.1" 200 3099
47.83.171.149 - - [11/Apr/2025:09:42:22 +0800] "GET /InternetTrading/js/jsbn.js?jsv=20200819161913 HTTP/1.1" 200 6736
47.83.171.149 - - [11/Apr/2025:09:42:22 +0800] "GET /InternetTrading/js/prng4.js?jsv=20200819161913 HTTP/1.1" 200 303
47.83.171.149 - - [11/Apr/2025:09:42:22 +0800] "GET /InternetTrading/js/rng.js?jsv=20200819161913 HTTP/1.1" 200 481
47.83.171.149 - - [11/Apr/2025:09:42:22 +0800] "GET /InternetTrading/js/mode-ecb.js?jsv=20200819161913 HTTP/1.1" 200 199
47.83.171.149 - - [11/Apr/2025:09:42:22 +0800] "GET /InternetTrading/js/rsa.js?jsv=20200819161913 HTTP/1.1" 200 1658
47.83.171.149 - - [11/Apr/2025:09:42:22 +0800] "GET /InternetTrading/js/aes.js?jsv=20200819161913 HTTP/1.1" 200 4816
47.83.171.149 - - [11/Apr/2025:09:42:23 +0800] "GET /InternetTrading/js/utilSpec.js?jsv=20200819161913 HTTP/1.1" 200 27
47.83.171.149 - - [11/Apr/2025:09:42:23 +0800] "GET /InternetTrading/js/pw_alert.js?jsv=20200819161913 HTTP/1.1" 200 418
47.83.171.149 - - [11/Apr/2025:09:42:23 +0800] "GET /InternetTrading/js/update_lastlogin.js?jsv=20200819161913 HTTP/1.1" 200 980
47.83.171.149 - - [11/Apr/2025:09:42:23 +0800] "GET /InternetTrading/js/jquery.jscrollpane.js HTTP/1.1" 404 685
47.83.171.149 - - [11/Apr/2025:09:42:23 +0800] "GET /InternetTrading/js/jquery.cookie.js HTTP/1.1" 200 834
47.83.171.149 - - [11/Apr/2025:09:42:23 +0800] "GET /InternetTrading/js/jquery.mousewheel.js HTTP/1.1" 404 684
47.83.171.149 - - [11/Apr/2025:09:42:23 +0800] "GET /InternetTrading/js/decimal.js HTTP/1.1" 200 13492
47.83.171.149 - - [11/Apr/2025:09:42:23 +0800] "GET /InternetTrading/sc/images/logo.png HTTP/1.1" 200 7042
47.83.171.149 - - [11/Apr/2025:09:42:23 +0800] "GET /InternetTrading/GoodTillDateValidExch?fmt=js&jsv=20200819161913 HTTP/1.1" 200 29
47.83.171.149 - - [11/Apr/2025:09:42:23 +0800] "GET /InternetTrading/sc/images/top_menu01.jpg HTTP/1.1" 200 3582
47.83.171.149 - - [11/Apr/2025:09:42:23 +0800] "GET /InternetTrading/sc/images/top_menu04.jpg HTTP/1.1" 200 3470
47.83.171.149 - - [11/Apr/2025:09:42:23 +0800] "GET /InternetTrading/images/top_bg2.jpg HTTP/1.1" 200 330
47.83.171.149 - - [11/Apr/2025:09:42:23 +0800] "GET /InternetTrading/images/top_bg1.jpg HTTP/1.1" 200 329
47.83.171.149 - - [11/Apr/2025:09:42:23 +0800] "GET /InternetTrading/images/top_bg3.jpg HTTP/1.1" 200 878
47.83.171.149 - - [11/Apr/2025:09:42:23 +0800] "GET /InternetTrading/sc/images/top_menu_logout.jpg HTTP/1.1" 200 2595
47.83.171.149 - - [11/Apr/2025:09:42:23 +0800] "GET /InternetTrading/sc/dialog.html?1744335704685 HTTP/1.1" 200 3179
47.83.171.149 - - [11/Apr/2025:09:42:23 +0800] "POST /InternetTrading/Heartbeat HTTP/1.1" 200 32
47.83.171.149 - - [11/Apr/2025:09:42:23 +0800] "POST /InternetTrading/PopUpConfig HTTP/1.1" 200 2
47.83.171.149 - - [11/Apr/2025:09:42:23 +0800] "POST /InternetTrading/CustomerInfoLite HTTP/1.1" 200 118
47.83.171.149 - - [11/Apr/2025:09:42:23 +0800] "GET /InternetTrading/jquery/wait.gif HTTP/1.1" 200 432
47.83.171.149 - - [11/Apr/2025:09:42:23 +0800] "GET /InternetTrading/sc/trade.html HTTP/1.1" 200 2115
47.83.171.149 - - [11/Apr/2025:09:42:23 +0800] "POST /InternetTrading/SpreadPriceCache HTTP/1.1" 200 3539
47.83.171.149 - - [11/Apr/2025:09:42:23 +0800] "GET /InternetTrading/sc/images/top_menu01_o.jpg HTTP/1.1" 200 3474
47.83.171.149 - - [11/Apr/2025:09:42:23 +0800] "POST /InternetTrading/SessionErrorLogger HTTP/1.1" 200 117
47.83.171.149 - - [11/Apr/2025:09:42:23 +0800] "POST /InternetTrading/GetLastLoginDate HTTP/1.1" 200 31
47.83.171.149 - - [11/Apr/2025:09:42:23 +0800] "POST /InternetTrading/SessionErrorLogger HTTP/1.1" 200 117
47.83.171.149 - - [11/Apr/2025:09:42:23 +0800] "GET /InternetTrading/sc/getpopupMsgName.jsp HTTP/1.1" 200 -
47.83.171.149 - - [11/Apr/2025:09:42:23 +0800] "GET /InternetTrading/sc/applet_dummy.html HTTP/1.1" 200 330
47.83.171.149 - - [11/Apr/2025:09:42:23 +0800] "POST /InternetTrading/SessionErrorLogger HTTP/1.1" 200 117
47.83.171.149 - - [11/Apr/2025:09:42:23 +0800] "GET /InternetTrading/sc/buy_ticket.html? HTTP/1.1" 200 1996
47.83.171.149 - - [11/Apr/2025:09:42:23 +0800] "POST /InternetTrading/SessionErrorLogger HTTP/1.1" 200 117
47.83.171.149 - - [11/Apr/2025:09:42:23 +0800] "POST /InternetTrading/MarketStatus HTTP/1.1" 200 772
47.83.171.149 - - [11/Apr/2025:09:42:23 +0800] "POST /InternetTrading/SessionErrorLogger HTTP/1.1" 200 117
47.83.171.149 - - [11/Apr/2025:09:42:24 +0800] "GET /InternetTrading/sc/images/trade_point01.jpg HTTP/1.1" 200 358
47.83.171.149 - - [11/Apr/2025:09:42:24 +0800] "GET /InternetTrading/sc/images/refresh.gif HTTP/1.1" 200 1145
47.83.171.149 - - [11/Apr/2025:09:42:24 +0800] "GET /InternetTrading/jquery/images/ui-icons_222222_256x240.png HTTP/1.1" 200 6922
47.83.171.149 - - [11/Apr/2025:09:42:24 +0800] "GET /InternetTrading/jquery/wait.gif HTTP/1.1" 200 432
47.83.171.149 - - [11/Apr/2025:09:42:24 +0800] "GET /InternetTrading/Home/PostToAA.jsp?hl=sc HTTP/1.1" 200 287
47.83.171.149 - - [11/Apr/2025:09:42:24 +0800] "GET /InternetTrading/jquery/images/ui-bg_flat_75_ffffff_40x100.png HTTP/1.1" 200 208
47.83.171.149 - - [11/Apr/2025:09:42:24 +0800] "GET /InternetTrading/sc/multi_currency_balance.html HTTP/1.1" 200 295
47.83.171.149 - - [11/Apr/2025:09:42:24 +0800] "POST /InternetTrading/SessionErrorLogger HTTP/1.1" 200 117
113.118.5.130 - - [11/Apr/2025:09:42:24 +0800] "GET /InternetTrading/longpoll/52832?X-Atmosphere-tracking-id=0&X-Atmosphere-Framework=2.2.3-javascript&X-Atmosphere-Transport=long-polling&X-Atmosphere-TrackMessageSize=true&Content-Type=charset%3Dutf-8&X-atmo-protocol=true&_=1744335704895 HTTP/1.1" 200 -
47.83.171.149 - - [11/Apr/2025:09:42:24 +0800] "POST /InternetTrading/SessionErrorLogger HTTP/1.1" 200 117
47.83.171.149 - - [11/Apr/2025:09:42:24 +0800] "POST /InternetTrading/MarketStatus HTTP/1.1" 200 772
47.83.171.149 - - [11/Apr/2025:09:42:24 +0800] "POST /InternetTrading/MarketStatus HTTP/1.1" 200 772
182.239.93.77 - - [11/Apr/2025:09:42:24 +0800] "GET /InternetTrading/longpoll/A8127?X-Atmosphere-tracking-id=0&X-Atmosphere-Framework=2.2.3-javascript&X-Atmosphere-Transport=long-polling&X-Atmosphere-TrackMessageSize=true&Content-Type=charset%3Dutf-8&X-atmo-protocol=true&_=1744335705833 HTTP/1.1" 200 -
182.239.93.77 - - [11/Apr/2025:09:42:25 +0800] "POST /InternetTrading/SessionErrorLogger HTTP/1.1" 200 117
182.239.93.77 - - [11/Apr/2025:09:42:25 +0800] "POST /InternetTrading/Heartbeat HTTP/1.1" 200 32
47.83.171.149 - - [11/Apr/2025:09:42:25 +0800] "POST /InternetTrading/SessionErrorLogger HTTP/1.1" 200 117
47.83.171.149 - - [11/Apr/2025:09:42:26 +0800] "POST /InternetTrading/SessionErrorLogger HTTP/1.1" 200 117
47.83.171.149 - - [11/Apr/2025:09:42:26 +0800] "POST /InternetTrading/CustomerInfo HTTP/1.1" 200 205
47.83.171.149 - - [11/Apr/2025:09:42:26 +0800] "GET /InternetTrading/sc/account_status.html HTTP/1.1" 200 426
47.83.171.149 - - [11/Apr/2025:09:42:26 +0800] "POST /InternetTrading/SessionErrorLogger HTTP/1.1" 200 117
47.83.171.149 - - [11/Apr/2025:09:42:26 +0800] "POST /InternetTrading/SessionErrorLogger HTTP/1.1" 200 117
47.83.171.149 - - [11/Apr/2025:09:42:26 +0800] "POST /InternetTrading/MarketStatus HTTP/1.1" 200 772
47.83.171.149 - - [11/Apr/2025:09:42:26 +0800] "GET /InternetTrading/jquery/wait.gif HTTP/1.1" 200 432
47.83.171.149 - - [11/Apr/2025:09:42:26 +0800] "POST /InternetTrading/SessionErrorLogger HTTP/1.1" 200 117
47.83.171.149 - - [11/Apr/2025:09:42:26 +0800] "POST /InternetTrading/LongPollingConfig HTTP/1.1" 200 4
47.83.171.149 - - [11/Apr/2025:09:42:26 +0800] "GET /InternetTrading/jquery/wait.gif HTTP/1.1" 200 432
47.83.171.149 - - [11/Apr/2025:09:42:26 +0800] "POST /InternetTrading/SessionErrorLogger HTTP/1.1" 200 117
65.181.90.29 - - [11/Apr/2025:09:42:26 +0800] "GET /InternetTrading/longpoll/54338?X-Atmosphere-tracking-id=0&X-Atmosphere-Framework=2.2.3-javascript&X-Atmosphere-Transport=long-polling&X-Atmosphere-TrackMessageSize=true&Content-Type=charset%3Dutf-8&X-atmo-protocol=true&_=1744335709273 HTTP/1.1" 200 -
47.83.171.149 - - [11/Apr/2025:09:42:26 +0800] "GET /InternetTrading/longpoll/56327?X-Atmosphere-tracking-id=0&X-Atmosphere-Framework=2.2.3-javascript&X-Atmosphere-Transport=long-polling&X-Atmosphere-TrackMessageSize=true&Content-Type=charset%3Dutf-8&X-atmo-protocol=true&_=1744335708177 HTTP/1.1" 200 -
47.83.171.149 - - [11/Apr/2025:09:42:26 +0800] "POST /InternetTrading/Portfolio HTTP/1.1" 200 1342
113.118.5.130 - - [11/Apr/2025:09:42:29 +0800] "GET /InternetTrading/longpoll/52832?X-Atmosphere-tracking-id=0&X-Atmosphere-Framework=2.2.3-javascript&X-Atmosphere-Transport=long-polling&X-Atmosphere-TrackMessageSize=true&Content-Type=charset%3Dutf-8&X-atmo-protocol=true&_=1744335709940 HTTP/1.1" 200 -
182.239.93.77 - - [11/Apr/2025:09:42:29 +0800] "GET /InternetTrading/longpoll/A8127?X-Atmosphere-tracking-id=0&X-Atmosphere-Framework=2.2.3-javascript&X-Atmosphere-Transport=long-polling&X-Atmosphere-TrackMessageSize=true&Content-Type=charset%3Dutf-8&X-atmo-protocol=true&_=1744335710997 HTTP/1.1" 200 -
65.181.90.29 - - [11/Apr/2025:09:42:31 +0800] "GET /InternetTrading/longpoll/54338?X-Atmosphere-tracking-id=0&X-Atmosphere-Framework=2.2.3-javascript&X-Atmosphere-Transport=long-polling&X-Atmosphere-TrackMessageSize=true&Content-Type=charset%3Dutf-8&X-atmo-protocol=true&_=1744335714306 HTTP/1.1" 200 -
47.83.171.149 - - [11/Apr/2025:09:42:31 +0800] "GET /InternetTrading/longpoll/56327?X-Atmosphere-tracking-id=0&X-Atmosphere-Framework=2.2.3-javascript&X-Atmosphere-Transport=long-polling&X-Atmosphere-TrackMessageSize=true&Content-Type=charset%3Dutf-8&X-atmo-protocol=true&_=1744335713255 HTTP/1.1" 200 -
113.118.5.130 - - [11/Apr/2025:09:42:34 +0800] "GET /InternetTrading/longpoll/52832?X-Atmosphere-tracking-id=0&X-Atmosphere-Framework=2.2.3-javascript&X-Atmosphere-Transport=long-polling&X-Atmosphere-TrackMessageSize=true&Content-Type=charset%3Dutf-8&X-atmo-protocol=true&_=1744335714975 HTTP/1.1" 200 -
182.239.93.77 - - [11/Apr/2025:09:42:34 +0800] "GET /InternetTrading/longpoll/A8127?X-Atmosphere-tracking-id=0&X-Atmosphere-Framework=2.2.3-javascript&X-Atmosphere-Transport=long-polling&X-Atmosphere-TrackMessageSize=true&Content-Type=charset%3Dutf-8&X-atmo-protocol=true&_=1744335716114 HTTP/1.1" 200 -
65.181.90.29 - - [11/Apr/2025:09:42:36 +0800] "GET /InternetTrading/longpoll/54338?X-Atmosphere-tracking-id=0&X-Atmosphere-Framework=2.2.3-javascript&X-Atmosphere-Transport=long-polling&X-Atmosphere-TrackMessageSize=true&Content-Type=charset%3Dutf-8&X-atmo-protocol=true&_=1744335719322 HTTP/1.1" 200 -
47.83.171.149 - - [11/Apr/2025:09:42:37 +0800] "GET /InternetTrading/longpoll/56327?X-Atmosphere-tracking-id=0&X-Atmosphere-Framework=2.2.3-javascript&X-Atmosphere-Transport=long-polling&X-Atmosphere-TrackMessageSize=true&Content-Type=charset%3Dutf-8&X-atmo-protocol=true&_=1744335718381 HTTP/1.1" 200 -
113.118.5.130 - - [11/Apr/2025:09:42:38 +0800] "POST /InternetTrading/SessionErrorLogger HTTP/1.1" 200 117
113.118.5.130 - - [11/Apr/2025:09:42:39 +0800] "POST /InternetTrading/MarketStatus HTTP/1.1" 200 772
113.118.5.130 - - [11/Apr/2025:09:42:39 +0800] "POST /InternetTrading/SessionErrorLogger HTTP/1.1" 200 117
113.118.5.130 - - [11/Apr/2025:09:42:39 +0800] "POST /InternetTrading/Heartbeat HTTP/1.1" 200 32
113.118.5.130 - - [11/Apr/2025:09:42:39 +0800] "GET /InternetTrading/longpoll/52832?X-Atmosphere-tracking-id=0&X-Atmosphere-Framework=2.2.3-javascript&X-Atmosphere-Transport=long-polling&X-Atmosphere-TrackMessageSize=true&Content-Type=charset%3Dutf-8&X-atmo-protocol=true&_=1744335720278 HTTP/1.1" 200 -
182.239.93.77 - - [11/Apr/2025:09:42:40 +0800] "GET /InternetTrading/longpoll/A8127?X-Atmosphere-tracking-id=0&X-Atmosphere-Framework=2.2.3-javascript&X-Atmosphere-Transport=long-polling&X-Atmosphere-TrackMessageSize=true&Content-Type=charset%3Dutf-8&X-atmo-protocol=true&_=1744335721383 HTTP/1.1" 200 -
65.181.90.29 - - [11/Apr/2025:09:42:41 +0800] "GET /InternetTrading/longpoll/54338?X-Atmosphere-tracking-id=0&X-Atmosphere-Framework=2.2.3-javascript&X-Atmosphere-Transport=long-polling&X-Atmosphere-TrackMessageSize=true&Content-Type=charset%3Dutf-8&X-atmo-protocol=true&_=1744335724348 HTTP/1.1" 200 -
47.83.171.149 - - [11/Apr/2025:09:42:42 +0800] "GET /InternetTrading/longpoll/56327?X-Atmosphere-tracking-id=0&X-Atmosphere-Framework=2.2.3-javascript&X-Atmosphere-Transport=long-polling&X-Atmosphere-TrackMessageSize=true&Content-Type=charset%3Dutf-8&X-atmo-protocol=true&_=1744335723661 HTTP/1.1" 200 -
65.181.90.29 - - [11/Apr/2025:09:42:43 +0800] "POST /InternetTrading/SessionErrorLogger HTTP/1.1" 200 117
65.181.90.29 - - [11/Apr/2025:09:42:43 +0800] "POST /InternetTrading/Heartbeat HTTP/1.1" 200 32
65.181.90.29 - - [11/Apr/2025:09:42:43 +0800] "POST /InternetTrading/SessionErrorLogger HTTP/1.1" 200 117
65.181.90.29 - - [11/Apr/2025:09:42:43 +0800] "POST /InternetTrading/MarketStatus HTTP/1.1" 200 772
182.239.93.77 - - [11/Apr/2025:09:42:43 +0800] "POST /InternetTrading/SessionErrorLogger HTTP/1.1" 200 117
182.239.93.77 - - [11/Apr/2025:09:42:43 +0800] "POST /InternetTrading/MarketStatus HTTP/1.1" 200 772
113.118.5.130 - - [11/Apr/2025:09:42:44 +0800] "GET /InternetTrading/longpoll/52832?X-Atmosphere-tracking-id=0&X-Atmosphere-Framework=2.2.3-javascript&X-Atmosphere-Transport=long-polling&X-Atmosphere-TrackMessageSize=true&Content-Type=charset%3Dutf-8&X-atmo-protocol=true&_=1744335725320 HTTP/1.1" 200 -
182.239.93.77 - - [11/Apr/2025:09:42:45 +0800] "GET /InternetTrading/longpoll/A8127?X-Atmosphere-tracking-id=0&X-Atmosphere-Framework=2.2.3-javascript&X-Atmosphere-Transport=long-polling&X-Atmosphere-TrackMessageSize=true&Content-Type=charset%3Dutf-8&X-atmo-protocol=true&_=1744335726631 HTTP/1.1" 200 -
65.181.90.29 - - [11/Apr/2025:09:42:46 +0800] "GET /InternetTrading/longpoll/54338?X-Atmosphere-tracking-id=0&X-Atmosphere-Framework=2.2.3-javascript&X-Atmosphere-Transport=long-polling&X-Atmosphere-TrackMessageSize=true&Content-Type=charset%3Dutf-8&X-atmo-protocol=true&_=1744335729369 HTTP/1.1" 200 -
47.83.171.149 - - [11/Apr/2025:09:42:47 +0800] "GET /InternetTrading/longpoll/56327?X-Atmosphere-tracking-id=0&X-Atmosphere-Framework=2.2.3-javascript&X-Atmosphere-Transport=long-polling&X-Atmosphere-TrackMessageSize=true&Content-Type=charset%3Dutf-8&X-atmo-protocol=true&_=1744335728881 HTTP/1.1" 200 -
113.118.5.130 - - [11/Apr/2025:09:42:49 +0800] "GET /InternetTrading/longpoll/52832?X-Atmosphere-tracking-id=0&X-Atmosphere-Framework=2.2.3-javascript&X-Atmosphere-Transport=long-polling&X-Atmosphere-TrackMessageSize=true&Content-Type=charset%3Dutf-8&X-atmo-protocol=true&_=1744335730587 HTTP/1.1" 200 -
182.239.93.77 - - [11/Apr/2025:09:42:50 +0800] "GET /InternetTrading/longpoll/A8127?X-Atmosphere-tracking-id=0&X-Atmosphere-Framework=2.2.3-javascript&X-Atmosphere-Transport=long-polling&X-Atmosphere-TrackMessageSize=true&Content-Type=charset%3Dutf-8&X-atmo-protocol=true&_=1744335731748 HTTP/1.1" 200 -
65.181.90.29 - - [11/Apr/2025:09:42:51 +0800] "GET /InternetTrading/longpoll/54338?X-Atmosphere-tracking-id=0&X-Atmosphere-Framework=2.2.3-javascript&X-Atmosphere-Transport=long-polling&X-Atmosphere-TrackMessageSize=true&Content-Type=charset%3Dutf-8&X-atmo-protocol=true&_=1744335734403 HTTP/1.1" 200 -
47.83.171.149 - - [11/Apr/2025:09:42:52 +0800] "GET /InternetTrading/longpoll/56327?X-Atmosphere-tracking-id=0&X-Atmosphere-Framework=2.2.3-javascript&X-Atmosphere-Transport=long-polling&X-Atmosphere-TrackMessageSize=true&Content-Type=charset%3Dutf-8&X-atmo-protocol=true&_=1744335734245 HTTP/1.1" 200 -
47.83.171.149 - - [11/Apr/2025:09:42:54 +0800] "POST /InternetTrading/SessionErrorLogger HTTP/1.1" 200 117
47.83.171.149 - - [11/Apr/2025:09:42:54 +0800] "POST /InternetTrading/Heartbeat HTTP/1.1" 200 32
113.118.5.130 - - [11/Apr/2025:09:42:54 +0800] "GET /InternetTrading/longpoll/52832?X-Atmosphere-tracking-id=0&X-Atmosphere-Framework=2.2.3-javascript&X-Atmosphere-Transport=long-polling&X-Atmosphere-TrackMessageSize=true&Content-Type=charset%3Dutf-8&X-atmo-protocol=true&_=1744335735661 HTTP/1.1" 200 -
47.83.171.149 - - [11/Apr/2025:09:42:54 +0800] "POST /InternetTrading/SessionErrorLogger HTTP/1.1" 200 117
47.83.171.149 - - [11/Apr/2025:09:42:55 +0800] "POST /InternetTrading/MarketStatus HTTP/1.1" 200 772
182.239.93.77 - - [11/Apr/2025:09:42:55 +0800] "GET /InternetTrading/longpoll/A8127?X-Atmosphere-tracking-id=0&X-Atmosphere-Framework=2.2.3-javascript&X-Atmosphere-Transport=long-polling&X-Atmosphere-TrackMessageSize=true&Content-Type=charset%3Dutf-8&X-atmo-protocol=true&_=1744335736958 HTTP/1.1" 200 -
182.239.93.77 - - [11/Apr/2025:09:42:55 +0800] "POST /InternetTrading/SessionErrorLogger HTTP/1.1" 200 117
182.239.93.77 - - [11/Apr/2025:09:42:55 +0800] "POST /InternetTrading/Heartbeat HTTP/1.1" 200 32
65.181.90.29 - - [11/Apr/2025:09:42:56 +0800] "GET /InternetTrading/longpoll/54338?X-Atmosphere-tracking-id=0&X-Atmosphere-Framework=2.2.3-javascript&X-Atmosphere-Transport=long-polling&X-Atmosphere-TrackMessageSize=true&Content-Type=charset%3Dutf-8&X-atmo-protocol=true&_=1744335739444 HTTP/1.1" 200 -
47.83.171.149 - - [11/Apr/2025:09:42:58 +0800] "GET /InternetTrading/longpoll/56327?X-Atmosphere-tracking-id=0&X-Atmosphere-Framework=2.2.3-javascript&X-Atmosphere-Transport=long-polling&X-Atmosphere-TrackMessageSize=true&Content-Type=charset%3Dutf-8&X-atmo-protocol=true&_=1744335740247 HTTP/1.1" 200 -
113.118.5.130 - - [11/Apr/2025:09:43:00 +0800] "GET /InternetTrading/longpoll/52832?X-Atmosphere-tracking-id=0&X-Atmosphere-Framework=2.2.3-javascript&X-Atmosphere-Transport=long-polling&X-Atmosphere-TrackMessageSize=true&Content-Type=charset%3Dutf-8&X-atmo-protocol=true&_=1744335740737 HTTP/1.1" 200 -
182.239.93.77 - - [11/Apr/2025:09:43:01 +0800] "GET /InternetTrading/longpoll/A8127?X-Atmosphere-tracking-id=0&X-Atmosphere-Framework=2.2.3-javascript&X-Atmosphere-Transport=long-polling&X-Atmosphere-TrackMessageSize=true&Content-Type=charset%3Dutf-8&X-atmo-protocol=true&_=1744335742278 HTTP/1.1" 200 -
65.181.90.29 - - [11/Apr/2025:09:43:01 +0800] "GET /InternetTrading/longpoll/54338?X-Atmosphere-tracking-id=0&X-Atmosphere-Framework=2.2.3-javascript&X-Atmosphere-Transport=long-polling&X-Atmosphere-TrackMessageSize=true&Content-Type=charset%3Dutf-8&X-atmo-protocol=true&_=1744335744483 HTTP/1.1" 200 -
47.83.171.149 - - [11/Apr/2025:09:43:04 +0800] "GET /InternetTrading/longpoll/56327?X-Atmosphere-tracking-id=0&X-Atmosphere-Framework=2.2.3-javascript&X-Atmosphere-Transport=long-polling&X-Atmosphere-TrackMessageSize=true&Content-Type=charset%3Dutf-8&X-atmo-protocol=true&_=1744335746241 HTTP/1.1" 200 -
113.118.5.130 - - [11/Apr/2025:09:43:05 +0800] "GET /InternetTrading/longpoll/52832?X-Atmosphere-tracking-id=0&X-Atmosphere-Framework=2.2.3-javascript&X-Atmosphere-Transport=long-polling&X-Atmosphere-TrackMessageSize=true&Content-Type=charset%3Dutf-8&X-atmo-protocol=true&_=1744335746103 HTTP/1.1" 200 -
182.239.93.77 - - [11/Apr/2025:09:43:06 +0800] "GET /InternetTrading/longpoll/A8127?X-Atmosphere-tracking-id=0&X-Atmosphere-Framework=2.2.3-javascript&X-Atmosphere-Transport=long-polling&X-Atmosphere-TrackMessageSize=true&Content-Type=charset%3Dutf-8&X-atmo-protocol=true&_=1744335747506 HTTP/1.1" 200 -
65.181.90.29 - - [11/Apr/2025:09:43:06 +0800] "GET /InternetTrading/longpoll/54338?X-Atmosphere-tracking-id=0&X-Atmosphere-Framework=2.2.3-javascript&X-Atmosphere-Transport=long-polling&X-Atmosphere-TrackMessageSize=true&Content-Type=charset%3Dutf-8&X-atmo-protocol=true&_=1744335749528 HTTP/1.1" 200 -
113.118.5.130 - - [11/Apr/2025:09:43:09 +0800] "POST /InternetTrading/SessionErrorLogger HTTP/1.1" 200 117
113.118.5.130 - - [11/Apr/2025:09:43:09 +0800] "POST /InternetTrading/MarketStatus HTTP/1.1" 200 772
113.118.5.130 - - [11/Apr/2025:09:43:10 +0800] "POST /InternetTrading/SessionErrorLogger HTTP/1.1" 200 117
113.118.5.130 - - [11/Apr/2025:09:43:10 +0800] "POST /InternetTrading/Heartbeat HTTP/1.1" 200 32
47.83.171.149 - - [11/Apr/2025:09:43:10 +0800] "GET /InternetTrading/longpoll/56327?X-Atmosphere-tracking-id=0&X-Atmosphere-Framework=2.2.3-javascript&X-Atmosphere-Transport=long-polling&X-Atmosphere-TrackMessageSize=true&Content-Type=charset%3Dutf-8&X-atmo-protocol=true&_=1744335752239 HTTP/1.1" 200 -
113.118.5.130 - - [11/Apr/2025:09:43:11 +0800] "GET /InternetTrading/longpoll/52832?X-Atmosphere-tracking-id=0&X-Atmosphere-Framework=2.2.3-javascript&X-Atmosphere-Transport=long-polling&X-Atmosphere-TrackMessageSize=true&Content-Type=charset%3Dutf-8&X-atmo-protocol=true&_=1744335752103 HTTP/1.1" 200 -
182.239.93.77 - - [11/Apr/2025:09:43:11 +0800] "GET /InternetTrading/longpoll/A8127?X-Atmosphere-tracking-id=0&X-Atmosphere-Framework=2.2.3-javascript&X-Atmosphere-Transport=long-polling&X-Atmosphere-TrackMessageSize=true&Content-Type=charset%3Dutf-8&X-atmo-protocol=true&_=1744335752719 HTTP/1.1" 200 -
65.181.90.29 - - [11/Apr/2025:09:43:11 +0800] "GET /InternetTrading/longpoll/54338?X-Atmosphere-tracking-id=0&X-Atmosphere-Framework=2.2.3-javascript&X-Atmosphere-Transport=long-polling&X-Atmosphere-TrackMessageSize=true&Content-Type=charset%3Dutf-8&X-atmo-protocol=true&_=1744335754552 HTTP/1.1" 200 -
65.181.90.29 - - [11/Apr/2025:09:43:13 +0800] "POST /InternetTrading/SessionErrorLogger HTTP/1.1" 200 117
65.181.90.29 - - [11/Apr/2025:09:43:13 +0800] "POST /InternetTrading/Heartbeat HTTP/1.1" 200 32
65.181.90.29 - - [11/Apr/2025:09:43:13 +0800] "POST /InternetTrading/SessionErrorLogger HTTP/1.1" 200 117
65.181.90.29 - - [11/Apr/2025:09:43:13 +0800] "POST /InternetTrading/MarketStatus HTTP/1.1" 200 772
182.239.93.77 - - [11/Apr/2025:09:43:13 +0800] "POST /InternetTrading/SessionErrorLogger HTTP/1.1" 200 117
182.239.93.77 - - [11/Apr/2025:09:43:13 +0800] "POST /InternetTrading/MarketStatus HTTP/1.1" 200 772
182.239.93.77 - - [11/Apr/2025:09:43:16 +0800] "GET /InternetTrading/longpoll/A8127?X-Atmosphere-tracking-id=0&X-Atmosphere-Framework=2.2.3-javascript&X-Atmosphere-Transport=long-polling&X-Atmosphere-TrackMessageSize=true&Content-Type=charset%3Dutf-8&X-atmo-protocol=true&_=1744335757928 HTTP/1.1" 200 -
47.83.171.149 - - [11/Apr/2025:09:43:16 +0800] "GET /InternetTrading/longpoll/56327?X-Atmosphere-tracking-id=0&X-Atmosphere-Framework=2.2.3-javascript&X-Atmosphere-Transport=long-polling&X-Atmosphere-TrackMessageSize=true&Content-Type=charset%3Dutf-8&X-atmo-protocol=true&_=1744335758241 HTTP/1.1" 200 -
65.181.90.29 - - [11/Apr/2025:09:43:17 +0800] "GET /InternetTrading/longpoll/54338?X-Atmosphere-tracking-id=0&X-Atmosphere-Framework=2.2.3-javascript&X-Atmosphere-Transport=long-polling&X-Atmosphere-TrackMessageSize=true&Content-Type=charset%3Dutf-8&X-atmo-protocol=true&_=1744335759593 HTTP/1.1" 200 -
182.239.93.77 - - [11/Apr/2025:09:43:21 +0800] "GET /InternetTrading/longpoll/A8127?X-Atmosphere-tracking-id=0&X-Atmosphere-Framework=2.2.3-javascript&X-Atmosphere-Transport=long-polling&X-Atmosphere-TrackMessageSize=true&Content-Type=charset%3Dutf-8&X-atmo-protocol=true&_=1744335763075 HTTP/1.1" 200 -
65.181.90.29 - - [11/Apr/2025:09:43:22 +0800] "GET /InternetTrading/longpoll/54338?X-Atmosphere-tracking-id=0&X-Atmosphere-Framework=2.2.3-javascript&X-Atmosphere-Transport=long-polling&X-Atmosphere-TrackMessageSize=true&Content-Type=charset%3Dutf-8&X-atmo-protocol=true&_=1744335764615 HTTP/1.1" 200 -
47.83.171.149 - - [11/Apr/2025:09:43:22 +0800] "GET /InternetTrading/longpoll/56327?X-Atmosphere-tracking-id=0&X-Atmosphere-Framework=2.2.3-javascript&X-Atmosphere-Transport=long-polling&X-Atmosphere-TrackMessageSize=true&Content-Type=charset%3Dutf-8&X-atmo-protocol=true&_=1744335764241 HTTP/1.1" 200 -
47.83.171.149 - - [11/Apr/2025:09:43:25 +0800] "POST /InternetTrading/SessionErrorLogger HTTP/1.1" 200 117
47.83.171.149 - - [11/Apr/2025:09:43:25 +0800] "POST /InternetTrading/Heartbeat HTTP/1.1" 200 32
47.83.171.149 - - [11/Apr/2025:09:43:25 +0800] "POST /InternetTrading/SessionErrorLogger HTTP/1.1" 200 117
182.239.93.77 - - [11/Apr/2025:09:43:25 +0800] "POST /InternetTrading/SessionErrorLogger HTTP/1.1" 200 117
47.83.171.149 - - [11/Apr/2025:09:43:26 +0800] "POST /InternetTrading/MarketStatus HTTP/1.1" 200 772
182.239.93.77 - - [11/Apr/2025:09:43:26 +0800] "POST /InternetTrading/Heartbeat HTTP/1.1" 200 32
182.239.93.77 - - [11/Apr/2025:09:43:26 +0800] "GET /InternetTrading/longpoll/A8127?X-Atmosphere-tracking-id=0&X-Atmosphere-Framework=2.2.3-javascript&X-Atmosphere-Transport=long-polling&X-Atmosphere-TrackMessageSize=true&Content-Type=charset%3Dutf-8&X-atmo-protocol=true&_=1744335768316 HTTP/1.1" 200 -
65.181.90.29 - - [11/Apr/2025:09:43:27 +0800] "GET /InternetTrading/longpoll/54338?X-Atmosphere-tracking-id=0&X-Atmosphere-Framework=2.2.3-javascript&X-Atmosphere-Transport=long-polling&X-Atmosphere-TrackMessageSize=true&Content-Type=charset%3Dutf-8&X-atmo-protocol=true&_=1744335769655 HTTP/1.1" 200 -
