14.155.201.102 - - [11/Apr/2025:09:51:32 +0800] "GET /InternetTrading/js/init.js?jsv=20200819161914 HTTP/1.1" 200 886
14.155.201.102 - - [11/Apr/2025:09:51:32 +0800] "GET /InternetTrading/tc/user/custom_variables.js?jsv=20200819161914 HTTP/1.1" 200 275
14.155.201.102 - - [11/Apr/2025:09:51:32 +0800] "GET /InternetTrading/js/2fa.js?jsv=20200819161914 HTTP/1.1" 200 1953
14.155.201.102 - - [11/Apr/2025:09:51:32 +0800] "GET /InternetTrading/js/login.js?jsv=20200819161914 HTTP/1.1" 200 1684
14.155.201.102 - - [11/Apr/2025:09:51:32 +0800] "GET /InternetTrading/settings/webpage_settings.js?jsv=20200819161914 HTTP/1.1" 200 33
14.155.201.102 - - [11/Apr/2025:09:51:32 +0800] "GET /InternetTrading/tc/images/logo.png HTTP/1.1" 200 7042
182.239.93.77 - - [11/Apr/2025:09:51:33 +0800] "POST /InternetTrading/SessionErrorLogger HTTP/1.1" 200 117
182.239.93.77 - - [11/Apr/2025:09:51:33 +0800] "POST /InternetTrading/Heartbeat HTTP/1.1" 200 32
182.239.93.77 - - [11/Apr/2025:09:51:33 +0800] "POST /InternetTrading/SessionErrorLogger HTTP/1.1" 200 117
182.239.93.77 - - [11/Apr/2025:09:51:33 +0800] "POST /InternetTrading/MarketStatus HTTP/1.1" 200 772
210.21.220.69 - - [11/Apr/2025:09:51:33 +0800] "POST /InternetTrading/SessionErrorLogger HTTP/1.1" 200 117
210.21.220.69 - - [11/Apr/2025:09:51:33 +0800] "POST /InternetTrading/SessionErrorLogger HTTP/1.1" 200 117
210.21.220.69 - - [11/Apr/2025:09:51:33 +0800] "POST /InternetTrading/MarketStatus HTTP/1.1" 200 772
210.21.220.69 - - [11/Apr/2025:09:51:33 +0800] "GET /InternetTrading/longpoll/13878?X-Atmosphere-tracking-id=0&X-Atmosphere-Framework=2.2.3-javascript&X-Atmosphere-Transport=long-polling&X-Atmosphere-TrackMessageSize=true&Content-Type=charset%3Dutf-8&X-atmo-protocol=true&_=1744336253334 HTTP/1.1" 200 -
210.21.220.69 - - [11/Apr/2025:09:51:33 +0800] "POST /InternetTrading/Heartbeat HTTP/1.1" 200 32
14.155.201.102 - - [11/Apr/2025:09:51:33 +0800] "GET /InternetTrading/js/login.js?jsv=20200819161914 HTTP/1.1" 200 1684
14.155.201.102 - - [11/Apr/2025:09:51:33 +0800] "GET /InternetTrading/tc/dialog.html?1744336253589 HTTP/1.1" 200 3188
14.155.201.102 - - [11/Apr/2025:09:51:33 +0800] "GET /InternetTrading/jquery/wait.gif HTTP/1.1" 200 432
14.155.201.102 - - [11/Apr/2025:09:51:33 +0800] "POST /InternetTrading/Get2FAInfoService HTTP/1.1" 200 109
14.155.201.102 - - [11/Apr/2025:09:51:33 +0800] "GET /favicon.ico HTTP/1.1" 404 196
14.155.201.102 - - [11/Apr/2025:09:51:33 +0800] "POST /InternetTrading/SystemMaintenanceCheck HTTP/1.1" 200 119
14.155.201.102 - - [11/Apr/2025:09:51:33 +0800] "POST /InternetTrading/SystemMaintenanceCheck HTTP/1.1" 200 119
182.239.93.77 - - [11/Apr/2025:09:51:34 +0800] "GET /InternetTrading/longpoll/A8127?X-Atmosphere-tracking-id=0&X-Atmosphere-Framework=2.2.3-javascript&X-Atmosphere-Transport=long-polling&X-Atmosphere-TrackMessageSize=true&Content-Type=charset%3Dutf-8&X-atmo-protocol=true&_=1744336255976 HTTP/1.1" 200 -
65.181.90.29 - - [11/Apr/2025:09:51:35 +0800] "GET /InternetTrading/longpoll/54338?X-Atmosphere-tracking-id=0&X-Atmosphere-Framework=2.2.3-javascript&X-Atmosphere-Transport=long-polling&X-Atmosphere-TrackMessageSize=true&Content-Type=charset%3Dutf-8&X-atmo-protocol=true&_=1744336257669 HTTP/1.1" 200 -
47.83.171.149 - - [11/Apr/2025:09:51:35 +0800] "GET /InternetTrading/longpoll/56327?X-Atmosphere-tracking-id=0&X-Atmosphere-Framework=2.2.3-javascript&X-Atmosphere-Transport=long-polling&X-Atmosphere-TrackMessageSize=true&Content-Type=charset%3Dutf-8&X-atmo-protocol=true&_=1744336257248 HTTP/1.1" 200 -
65.181.90.29 - - [11/Apr/2025:09:51:37 +0800] "POST /InternetTrading/SessionErrorLogger HTTP/1.1" 200 117
65.181.90.29 - - [11/Apr/2025:09:51:37 +0800] "POST /InternetTrading/MarketStatus HTTP/1.1" 200 772
210.21.220.69 - - [11/Apr/2025:09:51:38 +0800] "GET /InternetTrading/longpoll/13878?X-Atmosphere-tracking-id=0&X-Atmosphere-Framework=2.2.3-javascript&X-Atmosphere-Transport=long-polling&X-Atmosphere-TrackMessageSize=true&Content-Type=charset%3Dutf-8&X-atmo-protocol=true&_=1744336258462 HTTP/1.1" 200 -
182.239.93.77 - - [11/Apr/2025:09:51:39 +0800] "GET /InternetTrading/longpoll/A8127?X-Atmosphere-tracking-id=0&X-Atmosphere-Framework=2.2.3-javascript&X-Atmosphere-Transport=long-polling&X-Atmosphere-TrackMessageSize=true&Content-Type=charset%3Dutf-8&X-atmo-protocol=true&_=1744336261013 HTTP/1.1" 200 -
65.181.90.29 - - [11/Apr/2025:09:51:40 +0800] "GET /InternetTrading/longpoll/54338?X-Atmosphere-tracking-id=0&X-Atmosphere-Framework=2.2.3-javascript&X-Atmosphere-Transport=long-polling&X-Atmosphere-TrackMessageSize=true&Content-Type=charset%3Dutf-8&X-atmo-protocol=true&_=1744336262701 HTTP/1.1" 200 -
47.83.171.149 - - [11/Apr/2025:09:51:41 +0800] "GET /InternetTrading/longpoll/56327?X-Atmosphere-tracking-id=0&X-Atmosphere-Framework=2.2.3-javascript&X-Atmosphere-Transport=long-polling&X-Atmosphere-TrackMessageSize=true&Content-Type=charset%3Dutf-8&X-atmo-protocol=true&_=1744336263244 HTTP/1.1" 200 -
65.181.90.29 - - [11/Apr/2025:09:51:43 +0800] "POST /InternetTrading/SessionErrorLogger HTTP/1.1" 200 117
65.181.90.29 - - [11/Apr/2025:09:51:43 +0800] "POST /InternetTrading/Heartbeat HTTP/1.1" 200 32
210.21.220.69 - - [11/Apr/2025:09:51:44 +0800] "GET /InternetTrading/longpoll/13878?X-Atmosphere-tracking-id=0&X-Atmosphere-Framework=2.2.3-javascript&X-Atmosphere-Transport=long-polling&X-Atmosphere-TrackMessageSize=true&Content-Type=charset%3Dutf-8&X-atmo-protocol=true&_=1744336264462 HTTP/1.1" 200 -
65.181.90.29 - - [11/Apr/2025:09:51:45 +0800] "GET /InternetTrading/longpoll/54338?X-Atmosphere-tracking-id=0&X-Atmosphere-Framework=2.2.3-javascript&X-Atmosphere-Transport=long-polling&X-Atmosphere-TrackMessageSize=true&Content-Type=charset%3Dutf-8&X-atmo-protocol=true&_=1744336267724 HTTP/1.1" 200 -
182.239.93.77 - - [11/Apr/2025:09:51:45 +0800] "GET /InternetTrading/longpoll/A8127?X-Atmosphere-tracking-id=0&X-Atmosphere-Framework=2.2.3-javascript&X-Atmosphere-Transport=long-polling&X-Atmosphere-TrackMessageSize=true&Content-Type=charset%3Dutf-8&X-atmo-protocol=true&_=1744336266422 HTTP/1.1" 200 -
47.83.171.149 - - [11/Apr/2025:09:51:47 +0800] "GET /InternetTrading/longpoll/56327?X-Atmosphere-tracking-id=0&X-Atmosphere-Framework=2.2.3-javascript&X-Atmosphere-Transport=long-polling&X-Atmosphere-TrackMessageSize=true&Content-Type=charset%3Dutf-8&X-atmo-protocol=true&_=1744336269243 HTTP/1.1" 200 -
210.21.220.69 - - [11/Apr/2025:09:51:49 +0800] "GET /InternetTrading/longpoll/13878?X-Atmosphere-tracking-id=0&X-Atmosphere-Framework=2.2.3-javascript&X-Atmosphere-Transport=long-polling&X-Atmosphere-TrackMessageSize=true&Content-Type=charset%3Dutf-8&X-atmo-protocol=true&_=1744336269535 HTTP/1.1" 200 -
65.181.90.29 - - [11/Apr/2025:09:51:50 +0800] "GET /InternetTrading/longpoll/54338?X-Atmosphere-tracking-id=0&X-Atmosphere-Framework=2.2.3-javascript&X-Atmosphere-Transport=long-polling&X-Atmosphere-TrackMessageSize=true&Content-Type=charset%3Dutf-8&X-atmo-protocol=true&_=1744336272743 HTTP/1.1" 200 -
182.239.93.77 - - [11/Apr/2025:09:51:50 +0800] "GET /InternetTrading/longpoll/A8127?X-Atmosphere-tracking-id=0&X-Atmosphere-Framework=2.2.3-javascript&X-Atmosphere-Transport=long-polling&X-Atmosphere-TrackMessageSize=true&Content-Type=charset%3Dutf-8&X-atmo-protocol=true&_=1744336271622 HTTP/1.1" 200 -
47.83.171.149 - - [11/Apr/2025:09:51:53 +0800] "GET /InternetTrading/longpoll/56327?X-Atmosphere-tracking-id=0&X-Atmosphere-Framework=2.2.3-javascript&X-Atmosphere-Transport=long-polling&X-Atmosphere-TrackMessageSize=true&Content-Type=charset%3Dutf-8&X-atmo-protocol=true&_=1744336275241 HTTP/1.1" 200 -
65.181.90.29 - - [11/Apr/2025:09:51:55 +0800] "GET /InternetTrading/longpoll/54338?X-Atmosphere-tracking-id=0&X-Atmosphere-Framework=2.2.3-javascript&X-Atmosphere-Transport=long-polling&X-Atmosphere-TrackMessageSize=true&Content-Type=charset%3Dutf-8&X-atmo-protocol=true&_=1744336277773 HTTP/1.1" 200 -
182.239.93.77 - - [11/Apr/2025:09:51:55 +0800] "GET /InternetTrading/longpoll/A8127?X-Atmosphere-tracking-id=0&X-Atmosphere-Framework=2.2.3-javascript&X-Atmosphere-Transport=long-polling&X-Atmosphere-TrackMessageSize=true&Content-Type=charset%3Dutf-8&X-atmo-protocol=true&_=1744336276858 HTTP/1.1" 200 -
210.21.220.69 - - [11/Apr/2025:09:51:56 +0800] "GET /InternetTrading/longpoll/13878?X-Atmosphere-tracking-id=0&X-Atmosphere-Framework=2.2.3-javascript&X-Atmosphere-Transport=long-polling&X-Atmosphere-TrackMessageSize=true&Content-Type=charset%3Dutf-8&X-atmo-protocol=true&_=1744336275464 HTTP/1.1" 200 -
47.83.171.149 - - [11/Apr/2025:09:51:59 +0800] "GET /InternetTrading/longpoll/56327?X-Atmosphere-tracking-id=0&X-Atmosphere-Framework=2.2.3-javascript&X-Atmosphere-Transport=long-polling&X-Atmosphere-TrackMessageSize=true&Content-Type=charset%3Dutf-8&X-atmo-protocol=true&_=1744336281251 HTTP/1.1" 200 -
65.181.90.29 - - [11/Apr/2025:09:52:00 +0800] "GET /InternetTrading/longpoll/54338?X-Atmosphere-tracking-id=0&X-Atmosphere-Framework=2.2.3-javascript&X-Atmosphere-Transport=long-polling&X-Atmosphere-TrackMessageSize=true&Content-Type=charset%3Dutf-8&X-atmo-protocol=true&_=1744336282802 HTTP/1.1" 200 -
182.239.93.77 - - [11/Apr/2025:09:52:01 +0800] "GET /InternetTrading/longpoll/A8127?X-Atmosphere-tracking-id=0&X-Atmosphere-Framework=2.2.3-javascript&X-Atmosphere-Transport=long-polling&X-Atmosphere-TrackMessageSize=true&Content-Type=charset%3Dutf-8&X-atmo-protocol=true&_=1744336282348 HTTP/1.1" 200 -
210.21.220.69 - - [11/Apr/2025:09:52:02 +0800] "GET /InternetTrading/longpoll/13878?X-Atmosphere-tracking-id=0&X-Atmosphere-Framework=2.2.3-javascript&X-Atmosphere-Transport=long-polling&X-Atmosphere-TrackMessageSize=true&Content-Type=charset%3Dutf-8&X-atmo-protocol=true&_=1744336282463 HTTP/1.1" 200 -
182.239.93.77 - - [11/Apr/2025:09:52:03 +0800] "POST /InternetTrading/SessionErrorLogger HTTP/1.1" 200 117
182.239.93.77 - - [11/Apr/2025:09:52:03 +0800] "POST /InternetTrading/Heartbeat HTTP/1.1" 200 32
182.239.93.77 - - [11/Apr/2025:09:52:03 +0800] "POST /InternetTrading/SessionErrorLogger HTTP/1.1" 200 117
65.181.90.29 - - [11/Apr/2025:09:52:03 +0800] "POST /InternetTrading/SessionErrorLogger HTTP/1.1" 200 117
65.181.90.29 - - [11/Apr/2025:09:52:03 +0800] "POST /InternetTrading/OrderMaxQuantity HTTP/1.1" 200 8
182.239.93.77 - - [11/Apr/2025:09:52:03 +0800] "POST /InternetTrading/MarketStatus HTTP/1.1" 200 772
210.21.220.69 - - [11/Apr/2025:09:52:03 +0800] "POST /InternetTrading/SessionErrorLogger HTTP/1.1" 200 117
210.21.220.69 - - [11/Apr/2025:09:52:03 +0800] "POST /InternetTrading/MarketStatus HTTP/1.1" 200 772
65.181.90.29 - - [11/Apr/2025:09:52:03 +0800] "POST /InternetTrading/SessionErrorLogger HTTP/1.1" 200 117
65.181.90.29 - - [11/Apr/2025:09:52:03 +0800] "POST /InternetTrading/OrderMaxQuantity HTTP/1.1" 200 8
14.155.201.102 - - [11/Apr/2025:09:52:04 +0800] "POST /InternetTrading/Heartbeat2FAService HTTP/1.1" 200 1
65.181.90.29 - - [11/Apr/2025:09:52:04 +0800] "POST /InternetTrading/SessionErrorLogger HTTP/1.1" 200 117
210.21.220.69 - - [11/Apr/2025:09:52:04 +0800] "POST /InternetTrading/SessionErrorLogger HTTP/1.1" 200 117
65.181.90.29 - - [11/Apr/2025:09:52:04 +0800] "POST /InternetTrading/OrderMaxQuantity HTTP/1.1" 200 8
210.21.220.69 - - [11/Apr/2025:09:52:04 +0800] "POST /InternetTrading/Heartbeat HTTP/1.1" 200 32
65.181.90.29 - - [11/Apr/2025:09:52:04 +0800] "POST /InternetTrading/SessionErrorLogger HTTP/1.1" 200 117
65.181.90.29 - - [11/Apr/2025:09:52:04 +0800] "POST /InternetTrading/OrderMaxQuantity HTTP/1.1" 200 8
65.181.90.29 - - [11/Apr/2025:09:52:05 +0800] "GET /InternetTrading/longpoll/54338?X-Atmosphere-tracking-id=0&X-Atmosphere-Framework=2.2.3-javascript&X-Atmosphere-Transport=long-polling&X-Atmosphere-TrackMessageSize=true&Content-Type=charset%3Dutf-8&X-atmo-protocol=true&_=1744336287863 HTTP/1.1" 200 -
47.83.171.149 - - [11/Apr/2025:09:52:05 +0800] "GET /InternetTrading/longpoll/56327?X-Atmosphere-tracking-id=0&X-Atmosphere-Framework=2.2.3-javascript&X-Atmosphere-Transport=long-polling&X-Atmosphere-TrackMessageSize=true&Content-Type=charset%3Dutf-8&X-atmo-protocol=true&_=1744336287246 HTTP/1.1" 200 -
182.239.93.77 - - [11/Apr/2025:09:52:06 +0800] "GET /InternetTrading/longpoll/A8127?X-Atmosphere-tracking-id=0&X-Atmosphere-Framework=2.2.3-javascript&X-Atmosphere-Transport=long-polling&X-Atmosphere-TrackMessageSize=true&Content-Type=charset%3Dutf-8&X-atmo-protocol=true&_=1744336287861 HTTP/1.1" 200 -
65.181.90.29 - - [11/Apr/2025:09:52:07 +0800] "POST /InternetTrading/SessionErrorLogger HTTP/1.1" 200 117
65.181.90.29 - - [11/Apr/2025:09:52:07 +0800] "POST /InternetTrading/MarketStatus HTTP/1.1" 200 772
65.181.90.29 - - [11/Apr/2025:09:52:08 +0800] "POST /InternetTrading/SessionErrorLogger HTTP/1.1" 200 117
65.181.90.29 - - [11/Apr/2025:09:52:08 +0800] "POST /InternetTrading/OrderMaxQuantity HTTP/1.1" 200 8
210.21.220.69 - - [11/Apr/2025:09:52:08 +0800] "GET /InternetTrading/longpoll/13878?X-Atmosphere-tracking-id=0&X-Atmosphere-Framework=2.2.3-javascript&X-Atmosphere-Transport=long-polling&X-Atmosphere-TrackMessageSize=true&Content-Type=charset%3Dutf-8&X-atmo-protocol=true&_=1744336288462 HTTP/1.1" 200 -
65.181.90.29 - - [11/Apr/2025:09:52:08 +0800] "POST /InternetTrading/SessionErrorLogger HTTP/1.1" 200 117
65.181.90.29 - - [11/Apr/2025:09:52:08 +0800] "POST /InternetTrading/LoginKey HTTP/1.1" 200 -
65.181.90.29 - - [11/Apr/2025:09:52:08 +0800] "GET /InternetTrading/jquery/wait.gif HTTP/1.1" 200 432
65.181.90.29 - - [11/Apr/2025:09:52:08 +0800] "POST /InternetTrading/PreOrder HTTP/1.1" 200 1219
65.181.90.29 - - [11/Apr/2025:09:52:10 +0800] "GET /InternetTrading/longpoll/54338?X-Atmosphere-tracking-id=0&X-Atmosphere-Framework=2.2.3-javascript&X-Atmosphere-Transport=long-polling&X-Atmosphere-TrackMessageSize=true&Content-Type=charset%3Dutf-8&X-atmo-protocol=true&_=1744336292894 HTTP/1.1" 200 -
182.239.93.77 - - [11/Apr/2025:09:52:11 +0800] "GET /InternetTrading/longpoll/A8127?X-Atmosphere-tracking-id=0&X-Atmosphere-Framework=2.2.3-javascript&X-Atmosphere-Transport=long-polling&X-Atmosphere-TrackMessageSize=true&Content-Type=charset%3Dutf-8&X-atmo-protocol=true&_=1744336292942 HTTP/1.1" 200 -
47.83.171.149 - - [11/Apr/2025:09:52:11 +0800] "GET /InternetTrading/longpoll/56327?X-Atmosphere-tracking-id=0&X-Atmosphere-Framework=2.2.3-javascript&X-Atmosphere-Transport=long-polling&X-Atmosphere-TrackMessageSize=true&Content-Type=charset%3Dutf-8&X-atmo-protocol=true&_=1744336293258 HTTP/1.1" 200 -
65.181.90.29 - - [11/Apr/2025:09:52:13 +0800] "POST /InternetTrading/SessionErrorLogger HTTP/1.1" 200 117
65.181.90.29 - - [11/Apr/2025:09:52:13 +0800] "POST /InternetTrading/Heartbeat HTTP/1.1" 200 32
210.21.220.69 - - [11/Apr/2025:09:52:14 +0800] "GET /InternetTrading/longpoll/13878?X-Atmosphere-tracking-id=0&X-Atmosphere-Framework=2.2.3-javascript&X-Atmosphere-Transport=long-polling&X-Atmosphere-TrackMessageSize=true&Content-Type=charset%3Dutf-8&X-atmo-protocol=true&_=1744336294463 HTTP/1.1" 200 -
65.181.90.29 - - [11/Apr/2025:09:52:15 +0800] "GET /InternetTrading/longpoll/54338?X-Atmosphere-tracking-id=0&X-Atmosphere-Framework=2.2.3-javascript&X-Atmosphere-Transport=long-polling&X-Atmosphere-TrackMessageSize=true&Content-Type=charset%3Dutf-8&X-atmo-protocol=true&_=1744336297915 HTTP/1.1" 200 -
182.239.93.77 - - [11/Apr/2025:09:52:16 +0800] "GET /InternetTrading/longpoll/A8127?X-Atmosphere-tracking-id=0&X-Atmosphere-Framework=2.2.3-javascript&X-Atmosphere-Transport=long-polling&X-Atmosphere-TrackMessageSize=true&Content-Type=charset%3Dutf-8&X-atmo-protocol=true&_=1744336298139 HTTP/1.1" 200 -
47.83.171.149 - - [11/Apr/2025:09:52:17 +0800] "GET /InternetTrading/longpoll/56327?X-Atmosphere-tracking-id=0&X-Atmosphere-Framework=2.2.3-javascript&X-Atmosphere-Transport=long-polling&X-Atmosphere-TrackMessageSize=true&Content-Type=charset%3Dutf-8&X-atmo-protocol=true&_=1744336299241 HTTP/1.1" 200 -
65.181.90.29 - - [11/Apr/2025:09:52:20 +0800] "GET /InternetTrading/longpoll/54338?X-Atmosphere-tracking-id=0&X-Atmosphere-Framework=2.2.3-javascript&X-Atmosphere-Transport=long-polling&X-Atmosphere-TrackMessageSize=true&Content-Type=charset%3Dutf-8&X-atmo-protocol=true&_=1744336302943 HTTP/1.1" 200 -
182.239.93.77 - - [11/Apr/2025:09:52:22 +0800] "GET /InternetTrading/longpoll/A8127?X-Atmosphere-tracking-id=0&X-Atmosphere-Framework=2.2.3-javascript&X-Atmosphere-Transport=long-polling&X-Atmosphere-TrackMessageSize=true&Content-Type=charset%3Dutf-8&X-atmo-protocol=true&_=1744336303429 HTTP/1.1" 200 -
47.83.171.149 - - [11/Apr/2025:09:52:23 +0800] "GET /InternetTrading/longpoll/56327?X-Atmosphere-tracking-id=0&X-Atmosphere-Framework=2.2.3-javascript&X-Atmosphere-Transport=long-polling&X-Atmosphere-TrackMessageSize=true&Content-Type=charset%3Dutf-8&X-atmo-protocol=true&_=1744336305241 HTTP/1.1" 200 -
65.181.90.29 - - [11/Apr/2025:09:52:25 +0800] "GET /InternetTrading/longpoll/54338?X-Atmosphere-tracking-id=0&X-Atmosphere-Framework=2.2.3-javascript&X-Atmosphere-Transport=long-polling&X-Atmosphere-TrackMessageSize=true&Content-Type=charset%3Dutf-8&X-atmo-protocol=true&_=1744336308007 HTTP/1.1" 200 -
210.21.220.69 - - [11/Apr/2025:09:52:27 +0800] "GET /InternetTrading/longpoll/13878?X-Atmosphere-tracking-id=0&X-Atmosphere-Framework=2.2.3-javascript&X-Atmosphere-Transport=long-polling&X-Atmosphere-TrackMessageSize=true&Content-Type=charset%3Dutf-8&X-atmo-protocol=true&_=1744336307211 HTTP/1.1" 200 -
182.239.93.77 - - [11/Apr/2025:09:52:27 +0800] "GET /InternetTrading/longpoll/A8127?X-Atmosphere-tracking-id=0&X-Atmosphere-Framework=2.2.3-javascript&X-Atmosphere-Transport=long-polling&X-Atmosphere-TrackMessageSize=true&Content-Type=charset%3Dutf-8&X-atmo-protocol=true&_=1744336308579 HTTP/1.1" 200 -
47.83.171.149 - - [11/Apr/2025:09:52:27 +0800] "POST /InternetTrading/SessionErrorLogger HTTP/1.1" 200 117
47.83.171.149 - - [11/Apr/2025:09:52:27 +0800] "POST /InternetTrading/Heartbeat HTTP/1.1" 200 32
47.83.171.149 - - [11/Apr/2025:09:52:27 +0800] "POST /InternetTrading/SessionErrorLogger HTTP/1.1" 200 117
47.83.171.149 - - [11/Apr/2025:09:52:28 +0800] "POST /InternetTrading/MarketStatus HTTP/1.1" 200 772
47.83.171.149 - - [11/Apr/2025:09:52:29 +0800] "GET /InternetTrading/longpoll/56327?X-Atmosphere-tracking-id=0&X-Atmosphere-Framework=2.2.3-javascript&X-Atmosphere-Transport=long-polling&X-Atmosphere-TrackMessageSize=true&Content-Type=charset%3Dutf-8&X-atmo-protocol=true&_=1744336311248 HTTP/1.1" 200 -
65.181.90.29 - - [11/Apr/2025:09:52:30 +0800] "GET /InternetTrading/longpoll/54338?X-Atmosphere-tracking-id=0&X-Atmosphere-Framework=2.2.3-javascript&X-Atmosphere-Transport=long-polling&X-Atmosphere-TrackMessageSize=true&Content-Type=charset%3Dutf-8&X-atmo-protocol=true&_=1744336313051 HTTP/1.1" 200 -
182.239.93.77 - - [11/Apr/2025:09:52:32 +0800] "GET /InternetTrading/longpoll/A8127?X-Atmosphere-tracking-id=0&X-Atmosphere-Framework=2.2.3-javascript&X-Atmosphere-Transport=long-polling&X-Atmosphere-TrackMessageSize=true&Content-Type=charset%3Dutf-8&X-atmo-protocol=true&_=1744336313820 HTTP/1.1" 200 -
182.239.93.77 - - [11/Apr/2025:09:52:33 +0800] "POST /InternetTrading/SessionErrorLogger HTTP/1.1" 200 117
182.239.93.77 - - [11/Apr/2025:09:52:33 +0800] "POST /InternetTrading/Heartbeat HTTP/1.1" 200 32
182.239.93.77 - - [11/Apr/2025:09:52:33 +0800] "POST /InternetTrading/SessionErrorLogger HTTP/1.1" 200 117
182.239.93.77 - - [11/Apr/2025:09:52:33 +0800] "POST /InternetTrading/MarketStatus HTTP/1.1" 200 772
65.181.90.29 - - [11/Apr/2025:09:52:35 +0800] "GET /InternetTrading/longpoll/54338?X-Atmosphere-tracking-id=0&X-Atmosphere-Framework=2.2.3-javascript&X-Atmosphere-Transport=long-polling&X-Atmosphere-TrackMessageSize=true&Content-Type=charset%3Dutf-8&X-atmo-protocol=true&_=1744336318092 HTTP/1.1" 200 -
210.21.220.69 - - [11/Apr/2025:09:52:35 +0800] "POST /InternetTrading/SessionErrorLogger HTTP/1.1" 200 117
210.21.220.69 - - [11/Apr/2025:09:52:35 +0800] "POST /InternetTrading/MarketStatus HTTP/1.1" 200 772
47.83.171.149 - - [11/Apr/2025:09:52:35 +0800] "GET /InternetTrading/longpoll/56327?X-Atmosphere-tracking-id=0&X-Atmosphere-Framework=2.2.3-javascript&X-Atmosphere-Transport=long-polling&X-Atmosphere-TrackMessageSize=true&Content-Type=charset%3Dutf-8&X-atmo-protocol=true&_=1744336317245 HTTP/1.1" 200 -
210.21.220.69 - - [11/Apr/2025:09:52:35 +0800] "GET /InternetTrading/longpoll/13878?X-Atmosphere-tracking-id=0&X-Atmosphere-Framework=2.2.3-javascript&X-Atmosphere-Transport=long-polling&X-Atmosphere-TrackMessageSize=true&Content-Type=charset%3Dutf-8&X-atmo-protocol=true&_=1744336313463 HTTP/1.1" 200 -
210.21.220.69 - - [11/Apr/2025:09:52:36 +0800] "POST /InternetTrading/SessionErrorLogger HTTP/1.1" 200 117
210.21.220.69 - - [11/Apr/2025:09:52:36 +0800] "POST /InternetTrading/Heartbeat HTTP/1.1" 200 32
65.181.90.29 - - [11/Apr/2025:09:52:37 +0800] "POST /InternetTrading/SessionErrorLogger HTTP/1.1" 200 117
65.181.90.29 - - [11/Apr/2025:09:52:37 +0800] "POST /InternetTrading/MarketStatus HTTP/1.1" 200 772
182.239.93.77 - - [11/Apr/2025:09:52:37 +0800] "GET /InternetTrading/longpoll/A8127?X-Atmosphere-tracking-id=0&X-Atmosphere-Framework=2.2.3-javascript&X-Atmosphere-Transport=long-polling&X-Atmosphere-TrackMessageSize=true&Content-Type=charset%3Dutf-8&X-atmo-protocol=true&_=1744336319134 HTTP/1.1" 200 -
65.181.90.29 - - [11/Apr/2025:09:52:40 +0800] "GET /InternetTrading/longpoll/54338?X-Atmosphere-tracking-id=0&X-Atmosphere-Framework=2.2.3-javascript&X-Atmosphere-Transport=long-polling&X-Atmosphere-TrackMessageSize=true&Content-Type=charset%3Dutf-8&X-atmo-protocol=true&_=1744336323128 HTTP/1.1" 200 -
47.83.171.149 - - [11/Apr/2025:09:52:41 +0800] "GET /InternetTrading/longpoll/56327?X-Atmosphere-tracking-id=0&X-Atmosphere-Framework=2.2.3-javascript&X-Atmosphere-Transport=long-polling&X-Atmosphere-TrackMessageSize=true&Content-Type=charset%3Dutf-8&X-atmo-protocol=true&_=1744336323240 HTTP/1.1" 200 -
14.155.201.102 - - [11/Apr/2025:09:52:42 +0800] "POST /InternetTrading/Heartbeat2FAService HTTP/1.1" 200 1
182.239.93.77 - - [11/Apr/2025:09:52:43 +0800] "GET /InternetTrading/longpoll/A8127?X-Atmosphere-tracking-id=0&X-Atmosphere-Framework=2.2.3-javascript&X-Atmosphere-Transport=long-polling&X-Atmosphere-TrackMessageSize=true&Content-Type=charset%3Dutf-8&X-atmo-protocol=true&_=1744336324270 HTTP/1.1" 200 -
65.181.90.29 - - [11/Apr/2025:09:52:43 +0800] "POST /InternetTrading/SessionErrorLogger HTTP/1.1" 200 117
65.181.90.29 - - [11/Apr/2025:09:52:43 +0800] "POST /InternetTrading/Heartbeat HTTP/1.1" 200 32
65.181.90.29 - - [11/Apr/2025:09:52:45 +0800] "GET /InternetTrading/longpoll/54338?X-Atmosphere-tracking-id=0&X-Atmosphere-Framework=2.2.3-javascript&X-Atmosphere-Transport=long-polling&X-Atmosphere-TrackMessageSize=true&Content-Type=charset%3Dutf-8&X-atmo-protocol=true&_=1744336328148 HTTP/1.1" 200 -
47.83.171.149 - - [11/Apr/2025:09:52:47 +0800] "GET /InternetTrading/longpoll/56327?X-Atmosphere-tracking-id=0&X-Atmosphere-Framework=2.2.3-javascript&X-Atmosphere-Transport=long-polling&X-Atmosphere-TrackMessageSize=true&Content-Type=charset%3Dutf-8&X-atmo-protocol=true&_=1744336329240 HTTP/1.1" 200 -
182.239.93.77 - - [11/Apr/2025:09:52:48 +0800] "GET /InternetTrading/longpoll/A8127?X-Atmosphere-tracking-id=0&X-Atmosphere-Framework=2.2.3-javascript&X-Atmosphere-Transport=long-polling&X-Atmosphere-TrackMessageSize=true&Content-Type=charset%3Dutf-8&X-atmo-protocol=true&_=1744336329700 HTTP/1.1" 200 -
65.181.90.29 - - [11/Apr/2025:09:52:50 +0800] "GET /InternetTrading/longpoll/54338?X-Atmosphere-tracking-id=0&X-Atmosphere-Framework=2.2.3-javascript&X-Atmosphere-Transport=long-polling&X-Atmosphere-TrackMessageSize=true&Content-Type=charset%3Dutf-8&X-atmo-protocol=true&_=1744336333177 HTTP/1.1" 200 -
65.181.90.29 - - [11/Apr/2025:09:52:50 +0800] "POST /InternetTrading/SessionErrorLogger HTTP/1.1" 200 117
65.181.90.29 - - [11/Apr/2025:09:52:50 +0800] "POST /InternetTrading/OrderMaxQuantity HTTP/1.1" 200 8
210.21.220.69 - - [11/Apr/2025:09:52:52 +0800] "GET /InternetTrading/longpoll/13878?X-Atmosphere-tracking-id=0&X-Atmosphere-Framework=2.2.3-javascript&X-Atmosphere-Transport=long-polling&X-Atmosphere-TrackMessageSize=true&Content-Type=charset%3Dutf-8&X-atmo-protocol=true&_=1744336332371 HTTP/1.1" 200 -
65.181.90.29 - - [11/Apr/2025:09:52:53 +0800] "POST /InternetTrading/SessionErrorLogger HTTP/1.1" 200 117
65.181.90.29 - - [11/Apr/2025:09:52:53 +0800] "POST /InternetTrading/OrderMaxQuantity HTTP/1.1" 200 8
182.239.93.77 - - [11/Apr/2025:09:52:53 +0800] "GET /InternetTrading/longpoll/A8127?X-Atmosphere-tracking-id=0&X-Atmosphere-Framework=2.2.3-javascript&X-Atmosphere-Transport=long-polling&X-Atmosphere-TrackMessageSize=true&Content-Type=charset%3Dutf-8&X-atmo-protocol=true&_=1744336334980 HTTP/1.1" 200 -
47.83.171.149 - - [11/Apr/2025:09:52:54 +0800] "GET /InternetTrading/longpoll/56327?X-Atmosphere-tracking-id=0&X-Atmosphere-Framework=2.2.3-javascript&X-Atmosphere-Transport=long-polling&X-Atmosphere-TrackMessageSize=true&Content-Type=charset%3Dutf-8&X-atmo-protocol=true&_=1744336335238 HTTP/1.1" 200 -
65.181.90.29 - - [11/Apr/2025:09:52:55 +0800] "GET /InternetTrading/longpoll/54338?X-Atmosphere-tracking-id=0&X-Atmosphere-Framework=2.2.3-javascript&X-Atmosphere-Transport=long-polling&X-Atmosphere-TrackMessageSize=true&Content-Type=charset%3Dutf-8&X-atmo-protocol=true&_=1744336338207 HTTP/1.1" 200 -
210.21.220.69 - - [11/Apr/2025:09:52:57 +0800] "GET /InternetTrading/longpoll/13878?X-Atmosphere-tracking-id=0&X-Atmosphere-Framework=2.2.3-javascript&X-Atmosphere-Transport=long-polling&X-Atmosphere-TrackMessageSize=true&Content-Type=charset%3Dutf-8&X-atmo-protocol=true&_=1744336337674 HTTP/1.1" 200 -
182.239.93.77 - - [11/Apr/2025:09:52:59 +0800] "GET /InternetTrading/longpoll/A8127?X-Atmosphere-tracking-id=0&X-Atmosphere-Framework=2.2.3-javascript&X-Atmosphere-Transport=long-polling&X-Atmosphere-TrackMessageSize=true&Content-Type=charset%3Dutf-8&X-atmo-protocol=true&_=1744336340399 HTTP/1.1" 200 -
47.83.171.149 - - [11/Apr/2025:09:52:59 +0800] "GET /InternetTrading/longpoll/56327?X-Atmosphere-tracking-id=0&X-Atmosphere-Framework=2.2.3-javascript&X-Atmosphere-Transport=long-polling&X-Atmosphere-TrackMessageSize=true&Content-Type=charset%3Dutf-8&X-atmo-protocol=true&_=1744336341242 HTTP/1.1" 200 -
65.181.90.29 - - [11/Apr/2025:09:53:00 +0800] "GET /InternetTrading/longpoll/54338?X-Atmosphere-tracking-id=0&X-Atmosphere-Framework=2.2.3-javascript&X-Atmosphere-Transport=long-polling&X-Atmosphere-TrackMessageSize=true&Content-Type=charset%3Dutf-8&X-atmo-protocol=true&_=1744336343227 HTTP/1.1" 200 -
182.239.93.77 - - [11/Apr/2025:09:53:03 +0800] "POST /InternetTrading/SessionErrorLogger HTTP/1.1" 200 117
182.239.93.77 - - [11/Apr/2025:09:53:03 +0800] "POST /InternetTrading/Heartbeat HTTP/1.1" 200 32
182.239.93.77 - - [11/Apr/2025:09:53:03 +0800] "POST /InternetTrading/SessionErrorLogger HTTP/1.1" 200 117
210.21.220.69 - - [11/Apr/2025:09:53:03 +0800] "GET /InternetTrading/longpoll/13878?X-Atmosphere-tracking-id=0&X-Atmosphere-Framework=2.2.3-javascript&X-Atmosphere-Transport=long-polling&X-Atmosphere-TrackMessageSize=true&Content-Type=charset%3Dutf-8&X-atmo-protocol=true&_=1744336343469 HTTP/1.1" 200 -
182.239.93.77 - - [11/Apr/2025:09:53:03 +0800] "POST /InternetTrading/MarketStatus HTTP/1.1" 200 772
182.239.93.77 - - [11/Apr/2025:09:53:04 +0800] "GET /InternetTrading/longpoll/A8127?X-Atmosphere-tracking-id=0&X-Atmosphere-Framework=2.2.3-javascript&X-Atmosphere-Transport=long-polling&X-Atmosphere-TrackMessageSize=true&Content-Type=charset%3Dutf-8&X-atmo-protocol=true&_=1744336345618 HTTP/1.1" 200 -
65.181.90.29 - - [11/Apr/2025:09:53:05 +0800] "GET /InternetTrading/longpoll/54338?X-Atmosphere-tracking-id=0&X-Atmosphere-Framework=2.2.3-javascript&X-Atmosphere-Transport=long-polling&X-Atmosphere-TrackMessageSize=true&Content-Type=charset%3Dutf-8&X-atmo-protocol=true&_=1744336348256 HTTP/1.1" 200 -
47.83.171.149 - - [11/Apr/2025:09:53:05 +0800] "GET /InternetTrading/longpoll/56327?X-Atmosphere-tracking-id=0&X-Atmosphere-Framework=2.2.3-javascript&X-Atmosphere-Transport=long-polling&X-Atmosphere-TrackMessageSize=true&Content-Type=charset%3Dutf-8&X-atmo-protocol=true&_=1744336347247 HTTP/1.1" 200 -
210.21.220.69 - - [11/Apr/2025:09:53:06 +0800] "POST /InternetTrading/SessionErrorLogger HTTP/1.1" 200 117
210.21.220.69 - - [11/Apr/2025:09:53:06 +0800] "POST /InternetTrading/MarketStatus HTTP/1.1" 200 772
210.21.220.69 - - [11/Apr/2025:09:53:07 +0800] "POST /InternetTrading/SessionErrorLogger HTTP/1.1" 200 117
65.181.90.29 - - [11/Apr/2025:09:53:07 +0800] "POST /InternetTrading/SessionErrorLogger HTTP/1.1" 200 117
65.181.90.29 - - [11/Apr/2025:09:53:07 +0800] "POST /InternetTrading/MarketStatus HTTP/1.1" 200 772
210.21.220.69 - - [11/Apr/2025:09:53:07 +0800] "POST /InternetTrading/Heartbeat HTTP/1.1" 200 32
14.155.201.102 - - [11/Apr/2025:09:53:08 +0800] "POST /InternetTrading/Verify2FAService HTTP/1.1" 200 420
14.155.201.102 - - [11/Apr/2025:09:53:08 +0800] "GET /InternetTrading/jquery/wait.gif HTTP/1.1" 200 432
14.155.201.102 - - [11/Apr/2025:09:53:08 +0800] "GET /InternetTrading/tc/main.html?language=tc&version=HTML HTTP/1.1" 200 3578
14.155.201.102 - - [11/Apr/2025:09:53:09 +0800] "GET /InternetTrading/jquery/ui.datepicker.css HTTP/1.1" 200 1145
14.155.201.102 - - [11/Apr/2025:09:53:09 +0800] "GET /InternetTrading/jquery/jquery.tablesorter-theme.blue.css HTTP/1.1" 200 2083
182.239.93.77 - - [11/Apr/2025:09:53:09 +0800] "GET /InternetTrading/longpoll/A8127?X-Atmosphere-tracking-id=0&X-Atmosphere-Framework=2.2.3-javascript&X-Atmosphere-Transport=long-polling&X-Atmosphere-TrackMessageSize=true&Content-Type=charset%3Dutf-8&X-atmo-protocol=true&_=1744336350709 HTTP/1.1" 200 -
210.21.220.69 - - [11/Apr/2025:09:53:09 +0800] "GET /InternetTrading/longpoll/13878?X-Atmosphere-tracking-id=0&X-Atmosphere-Framework=2.2.3-javascript&X-Atmosphere-Transport=long-polling&X-Atmosphere-TrackMessageSize=true&Content-Type=charset%3Dutf-8&X-atmo-protocol=true&_=1744336349466 HTTP/1.1" 200 -
14.155.201.102 - - [11/Apr/2025:09:53:09 +0800] "GET /InternetTrading/jquery/jquery-ui-1.10.3.css HTTP/1.1" 200 5283
14.155.201.102 - - [11/Apr/2025:09:53:09 +0800] "GET /InternetTrading/jquery/dragtable-2.0.9.css HTTP/1.1" 200 316
14.155.201.102 - - [11/Apr/2025:09:53:09 +0800] "GET /InternetTrading/tc/style_common.css?v=20200819161914 HTTP/1.1" 200 2540
14.155.201.102 - - [11/Apr/2025:09:53:09 +0800] "GET /InternetTrading/tc/style.css?v=20200819161914 HTTP/1.1" 200 1435
14.155.201.102 - - [11/Apr/2025:09:53:09 +0800] "GET /InternetTrading/tc/css/jquery.jscrollpane.css HTTP/1.1" 404 690
14.155.201.102 - - [11/Apr/2025:09:53:09 +0800] "GET /InternetTrading/jquery/jquery.ba-postmessage.js HTTP/1.1" 200 2990
14.155.201.102 - - [11/Apr/2025:09:53:09 +0800] "GET /InternetTrading/js/aastock.js HTTP/1.1" 200 553
14.155.201.102 - - [11/Apr/2025:09:53:09 +0800] "GET /InternetTrading/jquery/jquery-1.6.3.min.js HTTP/1.1" 200 32057
14.155.201.102 - - [11/Apr/2025:09:53:09 +0800] "GET /InternetTrading/jquery/jquery-migrate-3.0.0.js HTTP/1.1" 200 4963
14.155.201.102 - - [11/Apr/2025:09:53:09 +0800] "GET /InternetTrading/jquery/jquery-3.3.1.js HTTP/1.1" 200 80650
14.155.201.102 - - [11/Apr/2025:09:53:09 +0800] "GET /InternetTrading/jquery/jquery-ui-1.10.3.js HTTP/1.1" 200 69642
14.155.201.102 - - [11/Apr/2025:09:53:10 +0800] "GET /InternetTrading/js/atmosphere.js HTTP/1.1" 200 13461
14.155.201.102 - - [11/Apr/2025:09:53:10 +0800] "GET /InternetTrading/js/cache.js?jsv=20200819161914 HTTP/1.1" 200 940
14.155.201.102 - - [11/Apr/2025:09:53:10 +0800] "GET /InternetTrading/jquery/jquery.form-3.46.0.js HTTP/1.1" 200 5673
14.155.201.102 - - [11/Apr/2025:09:53:10 +0800] "GET /InternetTrading/jquery/jquery.blockUI-2.66.0.js HTTP/1.1" 200 6651
14.155.201.102 - - [11/Apr/2025:09:53:10 +0800] "GET /InternetTrading/jquery/jquery.validate-1.11.1.js HTTP/1.1" 200 7041
65.181.90.29 - - [11/Apr/2025:09:53:10 +0800] "GET /InternetTrading/longpoll/54338?X-Atmosphere-tracking-id=0&X-Atmosphere-Framework=2.2.3-javascript&X-Atmosphere-Transport=long-polling&X-Atmosphere-TrackMessageSize=true&Content-Type=charset%3Dutf-8&X-atmo-protocol=true&_=1744336353304 HTTP/1.1" 200 -
14.155.201.102 - - [11/Apr/2025:09:53:10 +0800] "GET /InternetTrading/jquery/additional-methods.js HTTP/1.1" 200 2238
14.155.201.102 - - [11/Apr/2025:09:53:10 +0800] "GET /InternetTrading/jquery/jquery.mousewheel-3.1.4.js HTTP/1.1" 200 822
14.155.201.102 - - [11/Apr/2025:09:53:10 +0800] "GET /InternetTrading/jquery/jquery.tablesorter-2.14.5.js HTTP/1.1" 200 8901
14.155.201.102 - - [11/Apr/2025:09:53:10 +0800] "GET /InternetTrading/jquery/jquery.tablesorter.widgets-2.14.5.js HTTP/1.1" 200 8611
14.155.201.102 - - [11/Apr/2025:09:53:10 +0800] "GET /InternetTrading/jquery/jquery.combobox.packed.js HTTP/1.1" 200 3387
14.155.201.102 - - [11/Apr/2025:09:53:11 +0800] "GET /InternetTrading/jquery/jquery.timer-0.9.16.js HTTP/1.1" 200 542
14.155.201.102 - - [11/Apr/2025:09:53:11 +0800] "GET /InternetTrading/jquery/jquery.getParams.js HTTP/1.1" 200 587
14.155.201.102 - - [11/Apr/2025:09:53:11 +0800] "GET /InternetTrading/jquery/jquery.selectboxes.pack.js HTTP/1.1" 200 1640
14.155.201.102 - - [11/Apr/2025:09:53:11 +0800] "GET /InternetTrading/jquery/date.js HTTP/1.1" 200 2807
14.155.201.102 - - [11/Apr/2025:09:53:11 +0800] "GET /InternetTrading/jquery/globalize-0.1.0a1.js HTTP/1.1" 200 6984
14.155.201.102 - - [11/Apr/2025:09:53:11 +0800] "GET /InternetTrading/json/json2.js?jsv=20200819161914 HTTP/1.1" 200 1372
14.155.201.102 - - [11/Apr/2025:09:53:11 +0800] "GET /InternetTrading/settings/crm_display_settings.js?jsv=20200819161914 HTTP/1.1" 200 1781
14.155.201.102 - - [11/Apr/2025:09:53:11 +0800] "GET /InternetTrading/tc/user/translation.js?jsv=20200819161914 HTTP/1.1" 200 12818
14.155.201.102 - - [11/Apr/2025:09:53:11 +0800] "GET /InternetTrading/js/constants.js?jsv=20200819161914 HTTP/1.1" 200 400
47.83.171.149 - - [11/Apr/2025:09:53:11 +0800] "GET /InternetTrading/longpoll/56327?X-Atmosphere-tracking-id=0&X-Atmosphere-Framework=2.2.3-javascript&X-Atmosphere-Transport=long-polling&X-Atmosphere-TrackMessageSize=true&Content-Type=charset%3Dutf-8&X-atmo-protocol=true&_=1744336353239 HTTP/1.1" 200 -
14.155.201.102 - - [11/Apr/2025:09:53:11 +0800] "GET /InternetTrading/tc/user/custom_variables.js?jsv=20200819161914 HTTP/1.1" 200 275
14.155.201.102 - - [11/Apr/2025:09:53:11 +0800] "GET /InternetTrading/js/haitong.js?jsv=20200819161914 HTTP/1.1" 200 3881
14.155.201.102 - - [11/Apr/2025:09:53:11 +0800] "GET /InternetTrading/js/util.js?jsv=20200819161914 HTTP/1.1" 200 6636
14.155.201.102 - - [11/Apr/2025:09:53:12 +0800] "GET /InternetTrading/js/init.js?jsv=20200819161914 HTTP/1.1" 200 886
14.155.201.102 - - [11/Apr/2025:09:53:12 +0800] "GET /InternetTrading/js/rsautil.js?jsv=20200819161914 HTTP/1.1" 200 1017
14.155.201.102 - - [11/Apr/2025:09:53:12 +0800] "GET /InternetTrading/js/corporate.js?jsv=20200819161914 HTTP/1.1" 200 1575
14.155.201.102 - - [11/Apr/2025:09:53:12 +0800] "GET /InternetTrading/js/main.js?jsv=20200819161914 HTTP/1.1" 200 30725
14.155.201.102 - - [11/Apr/2025:09:53:12 +0800] "GET /InternetTrading/js/update_mdf.js?jsv=20200819161914 HTTP/1.1" 200 856
14.155.201.102 - - [11/Apr/2025:09:53:12 +0800] "GET /InternetTrading/js/validation_hkex.js?jsv=20200819161914 HTTP/1.1" 200 2300
14.155.201.102 - - [11/Apr/2025:09:53:12 +0800] "GET /InternetTrading/js/validation_bshare.js?jsv=20200819161914 HTTP/1.1" 200 1567
14.155.201.102 - - [11/Apr/2025:09:53:12 +0800] "GET /InternetTrading/js/validation_ashare.js?jsv=20200819161914 HTTP/1.1" 200 2482
14.155.201.102 - - [11/Apr/2025:09:53:12 +0800] "GET /InternetTrading/js/validation_global.js?jsv=20200819161914 HTTP/1.1" 200 1564
14.155.201.102 - - [11/Apr/2025:09:53:12 +0800] "GET /InternetTrading/js/account.js?jsv=20200819161914 HTTP/1.1" 200 2656
14.155.201.102 - - [11/Apr/2025:09:53:12 +0800] "GET /InternetTrading/js/ipo.js?jsv=20200819161914 HTTP/1.1" 200 5726
14.155.201.102 - - [11/Apr/2025:09:53:12 +0800] "GET /InternetTrading/js/cash_transfer.js?jsv=20200819161914 HTTP/1.1" 200 2712
14.155.201.102 - - [11/Apr/2025:09:53:12 +0800] "GET /InternetTrading/js/spread_cache.js?jsv=20200819161914 HTTP/1.1" 200 908
14.155.201.102 - - [11/Apr/2025:09:53:12 +0800] "GET /InternetTrading/js/mm.js?jsv=20200819161914 HTTP/1.1" 200 487
14.155.201.102 - - [11/Apr/2025:09:53:13 +0800] "GET /InternetTrading/js/isec_calculator.js?jsv=20200819161914 HTTP/1.1" 200 1364
14.155.201.102 - - [11/Apr/2025:09:53:13 +0800] "GET /InternetTrading/js/payment_instruction.js?jsv=20200819161914 HTTP/1.1" 200 2178
14.155.201.102 - - [11/Apr/2025:09:53:13 +0800] "GET /InternetTrading/js/eStatement.js?jsv=20200819161914 HTTP/1.1" 200 562
14.155.201.102 - - [11/Apr/2025:09:53:13 +0800] "GET /InternetTrading/js/payment_instruction_IMOS.js?jsv=20200819161914 HTTP/1.1" 200 6874
14.155.201.102 - - [11/Apr/2025:09:53:13 +0800] "GET /InternetTrading/ExchangeList?fmt=js&jsv=20200819161914 HTTP/1.1" 200 146
14.155.201.102 - - [11/Apr/2025:09:53:13 +0800] "GET /InternetTrading/GoodTillDateValidExch?fmt=js&jsv=20200819161914 HTTP/1.1" 200 29
14.155.201.102 - - [11/Apr/2025:09:53:13 +0800] "GET /InternetTrading/js/string_extend.js?jsv=20200819161914 HTTP/1.1" 200 272
14.155.201.102 - - [11/Apr/2025:09:53:13 +0800] "GET /InternetTrading/js/pidcrypt_util.js?jsv=20200819161914 HTTP/1.1" 200 1206
14.155.201.102 - - [11/Apr/2025:09:53:13 +0800] "GET /InternetTrading/js/aes_cbc.js?jsv=20200819161914 HTTP/1.1" 200 2043
14.155.201.102 - - [11/Apr/2025:09:53:13 +0800] "GET /InternetTrading/js/pidcrypt.js?jsv=20200819161914 HTTP/1.1" 200 982
65.181.90.29 - - [11/Apr/2025:09:53:13 +0800] "POST /InternetTrading/SessionErrorLogger HTTP/1.1" 200 117
65.181.90.29 - - [11/Apr/2025:09:53:13 +0800] "POST /InternetTrading/Heartbeat HTTP/1.1" 200 32
14.155.201.102 - - [11/Apr/2025:09:53:13 +0800] "GET /InternetTrading/js/aes_core.js?jsv=20200819161914 HTTP/1.1" 200 2106
14.155.201.102 - - [11/Apr/2025:09:53:13 +0800] "GET /InternetTrading/js/asn1.js?jsv=20200819161914 HTTP/1.1" 200 3099
14.155.201.102 - - [11/Apr/2025:09:53:13 +0800] "GET /InternetTrading/js/md5.js?jsv=20200819161914 HTTP/1.1" 200 1730
14.155.201.102 - - [11/Apr/2025:09:53:13 +0800] "GET /InternetTrading/js/sha256.js?jsv=20200819161914 HTTP/1.1" 200 1362
14.155.201.102 - - [11/Apr/2025:09:53:13 +0800] "GET /InternetTrading/js/prng4.js?jsv=20200819161914 HTTP/1.1" 200 303
14.155.201.102 - - [11/Apr/2025:09:53:13 +0800] "GET /InternetTrading/js/jsbn.js?jsv=20200819161914 HTTP/1.1" 200 6736
14.155.201.102 - - [11/Apr/2025:09:53:13 +0800] "GET /InternetTrading/js/rng.js?jsv=20200819161914 HTTP/1.1" 200 481
14.155.201.102 - - [11/Apr/2025:09:53:13 +0800] "GET /InternetTrading/js/rsa.js?jsv=20200819161914 HTTP/1.1" 200 1658
14.155.201.102 - - [11/Apr/2025:09:53:13 +0800] "GET /InternetTrading/js/aes.js?jsv=20200819161914 HTTP/1.1" 200 4816
14.155.201.102 - - [11/Apr/2025:09:53:13 +0800] "GET /InternetTrading/js/mode-ecb.js?jsv=20200819161914 HTTP/1.1" 200 199
14.155.201.102 - - [11/Apr/2025:09:53:13 +0800] "GET /InternetTrading/js/utilSpec.js?jsv=20200819161914 HTTP/1.1" 200 27
14.155.201.102 - - [11/Apr/2025:09:53:14 +0800] "GET /InternetTrading/js/update_lastlogin.js?jsv=20200819161914 HTTP/1.1" 200 980
14.155.201.102 - - [11/Apr/2025:09:53:14 +0800] "GET /InternetTrading/js/pw_alert.js?jsv=20200819161914 HTTP/1.1" 200 418
14.155.201.102 - - [11/Apr/2025:09:53:14 +0800] "GET /InternetTrading/js/jquery.jscrollpane.js HTTP/1.1" 404 685
14.155.201.102 - - [11/Apr/2025:09:53:14 +0800] "GET /InternetTrading/js/jquery.mousewheel.js HTTP/1.1" 404 684
14.155.201.102 - - [11/Apr/2025:09:53:14 +0800] "GET /InternetTrading/js/jquery.cookie.js HTTP/1.1" 200 834
14.155.201.102 - - [11/Apr/2025:09:53:14 +0800] "GET /InternetTrading/js/decimal.js HTTP/1.1" 200 13492
14.155.201.102 - - [11/Apr/2025:09:53:14 +0800] "GET /InternetTrading/tc/images/logo.png HTTP/1.1" 200 7042
14.155.201.102 - - [11/Apr/2025:09:53:14 +0800] "GET /InternetTrading/tc/images/top_menu01.jpg HTTP/1.1" 200 3466
14.155.201.102 - - [11/Apr/2025:09:53:14 +0800] "GET /InternetTrading/tc/images/top_menu04.jpg HTTP/1.1" 200 3430
182.239.93.77 - - [11/Apr/2025:09:53:14 +0800] "GET /InternetTrading/longpoll/A8127?X-Atmosphere-tracking-id=0&X-Atmosphere-Framework=2.2.3-javascript&X-Atmosphere-Transport=long-polling&X-Atmosphere-TrackMessageSize=true&Content-Type=charset%3Dutf-8&X-atmo-protocol=true&_=1744336355848 HTTP/1.1" 200 -
14.155.201.102 - - [11/Apr/2025:09:53:14 +0800] "GET /InternetTrading/images/top_bg3.jpg HTTP/1.1" 200 878
14.155.201.102 - - [11/Apr/2025:09:53:14 +0800] "GET /InternetTrading/images/top_bg1.jpg HTTP/1.1" 200 329
14.155.201.102 - - [11/Apr/2025:09:53:14 +0800] "GET /InternetTrading/images/top_bg2.jpg HTTP/1.1" 200 330
14.155.201.102 - - [11/Apr/2025:09:53:14 +0800] "POST /InternetTrading/PopUpConfig HTTP/1.1" 200 2
14.155.201.102 - - [11/Apr/2025:09:53:14 +0800] "POST /InternetTrading/Heartbeat HTTP/1.1" 200 32
14.155.201.102 - - [11/Apr/2025:09:53:14 +0800] "GET /InternetTrading/tc/dialog.html?1744336354585 HTTP/1.1" 200 3188
14.155.201.102 - - [11/Apr/2025:09:53:14 +0800] "GET /InternetTrading/tc/images/top_menu_logout.jpg HTTP/1.1" 200 1016
14.155.201.102 - - [11/Apr/2025:09:53:14 +0800] "POST /InternetTrading/CustomerInfoLite HTTP/1.1" 200 116
14.155.201.102 - - [11/Apr/2025:09:53:15 +0800] "GET /InternetTrading/jquery/wait.gif HTTP/1.1" 200 432
14.155.201.102 - - [11/Apr/2025:09:53:15 +0800] "GET /InternetTrading/tc/trade.html HTTP/1.1" 200 2113
14.155.201.102 - - [11/Apr/2025:09:53:15 +0800] "POST /InternetTrading/SpreadPriceCache HTTP/1.1" 200 3539
65.181.90.29 - - [11/Apr/2025:09:53:15 +0800] "GET /InternetTrading/longpoll/54338?X-Atmosphere-tracking-id=0&X-Atmosphere-Framework=2.2.3-javascript&X-Atmosphere-Transport=long-polling&X-Atmosphere-TrackMessageSize=true&Content-Type=charset%3Dutf-8&X-atmo-protocol=true&_=1744336358323 HTTP/1.1" 200 -
14.155.201.102 - - [11/Apr/2025:09:53:15 +0800] "GET /InternetTrading/tc/images/top_menu01_o.jpg HTTP/1.1" 200 3339
14.155.201.102 - - [11/Apr/2025:09:53:15 +0800] "POST /InternetTrading/SessionErrorLogger HTTP/1.1" 200 117
14.155.201.102 - - [11/Apr/2025:09:53:15 +0800] "POST /InternetTrading/GetLastLoginDate HTTP/1.1" 200 31
14.155.201.102 - - [11/Apr/2025:09:53:15 +0800] "POST /InternetTrading/SessionErrorLogger HTTP/1.1" 200 117
14.155.201.102 - - [11/Apr/2025:09:53:16 +0800] "GET /InternetTrading/tc/getpopupMsgName.jsp HTTP/1.1" 200 -
14.155.201.102 - - [11/Apr/2025:09:53:16 +0800] "POST /InternetTrading/SessionErrorLogger HTTP/1.1" 200 117
14.155.201.102 - - [11/Apr/2025:09:53:16 +0800] "GET /InternetTrading/tc/applet_dummy.html HTTP/1.1" 200 330
14.155.201.102 - - [11/Apr/2025:09:53:16 +0800] "GET /InternetTrading/tc/buy_ticket.html? HTTP/1.1" 200 1995
14.155.201.102 - - [11/Apr/2025:09:53:16 +0800] "POST /InternetTrading/SessionErrorLogger HTTP/1.1" 200 117
14.155.201.102 - - [11/Apr/2025:09:53:16 +0800] "POST /InternetTrading/MarketStatus HTTP/1.1" 200 772
14.155.201.102 - - [11/Apr/2025:09:53:16 +0800] "POST /InternetTrading/SessionErrorLogger HTTP/1.1" 200 117
14.155.201.102 - - [11/Apr/2025:09:53:17 +0800] "GET /InternetTrading/jquery/wait.gif HTTP/1.1" 200 432
14.155.201.102 - - [11/Apr/2025:09:53:17 +0800] "GET /InternetTrading/tc/multi_currency_balance.html HTTP/1.1" 200 295
14.155.201.102 - - [11/Apr/2025:09:53:17 +0800] "GET /InternetTrading/Home/PostToAA.jsp?hl=tc HTTP/1.1" 200 287
14.155.201.102 - - [11/Apr/2025:09:53:17 +0800] "GET /InternetTrading/tc/images/trade_point01.jpg HTTP/1.1" 200 358
14.155.201.102 - - [11/Apr/2025:09:53:17 +0800] "GET /InternetTrading/tc/images/refresh.gif HTTP/1.1" 200 1145
14.155.201.102 - - [11/Apr/2025:09:53:17 +0800] "GET /InternetTrading/jquery/images/ui-icons_222222_256x240.png HTTP/1.1" 200 6922
14.155.201.102 - - [11/Apr/2025:09:53:17 +0800] "GET /InternetTrading/jquery/images/ui-bg_flat_75_ffffff_40x100.png HTTP/1.1" 200 208
14.155.201.102 - - [11/Apr/2025:09:53:17 +0800] "POST /InternetTrading/SessionErrorLogger HTTP/1.1" 200 117
14.155.201.102 - - [11/Apr/2025:09:53:17 +0800] "POST /InternetTrading/SessionErrorLogger HTTP/1.1" 200 117
14.155.201.102 - - [11/Apr/2025:09:53:17 +0800] "POST /InternetTrading/MarketStatus HTTP/1.1" 200 772
14.155.201.102 - - [11/Apr/2025:09:53:17 +0800] "POST /InternetTrading/MarketStatus HTTP/1.1" 200 772
47.83.171.149 - - [11/Apr/2025:09:53:17 +0800] "GET /InternetTrading/longpoll/56327?X-Atmosphere-tracking-id=0&X-Atmosphere-Framework=2.2.3-javascript&X-Atmosphere-Transport=long-polling&X-Atmosphere-TrackMessageSize=true&Content-Type=charset%3Dutf-8&X-atmo-protocol=true&_=1744336359241 HTTP/1.1" 200 -
14.155.201.102 - - [11/Apr/2025:09:53:18 +0800] "POST /InternetTrading/SessionErrorLogger HTTP/1.1" 200 117
14.155.201.102 - - [11/Apr/2025:09:53:18 +0800] "POST /InternetTrading/CustomerInfo HTTP/1.1" 200 205
14.155.201.102 - - [11/Apr/2025:09:53:19 +0800] "POST /InternetTrading/SessionErrorLogger HTTP/1.1" 200 117
14.155.201.102 - - [11/Apr/2025:09:53:19 +0800] "GET /InternetTrading/tc/account_status.html HTTP/1.1" 200 426
14.155.201.102 - - [11/Apr/2025:09:53:19 +0800] "POST /InternetTrading/SessionErrorLogger HTTP/1.1" 200 117
14.155.201.102 - - [11/Apr/2025:09:53:19 +0800] "POST /InternetTrading/SessionErrorLogger HTTP/1.1" 200 117
14.155.201.102 - - [11/Apr/2025:09:53:19 +0800] "POST /InternetTrading/MarketStatus HTTP/1.1" 200 772
14.155.201.102 - - [11/Apr/2025:09:53:19 +0800] "GET /InternetTrading/jquery/wait.gif HTTP/1.1" 200 432
14.155.201.102 - - [11/Apr/2025:09:53:19 +0800] "POST /InternetTrading/SessionErrorLogger HTTP/1.1" 200 117
182.239.93.77 - - [11/Apr/2025:09:53:19 +0800] "GET /InternetTrading/longpoll/A8127?X-Atmosphere-tracking-id=0&X-Atmosphere-Framework=2.2.3-javascript&X-Atmosphere-Transport=long-polling&X-Atmosphere-TrackMessageSize=true&Content-Type=charset%3Dutf-8&X-atmo-protocol=true&_=1744336361063 HTTP/1.1" 200 -
14.155.201.102 - - [11/Apr/2025:09:53:20 +0800] "POST /InternetTrading/LongPollingConfig HTTP/1.1" 200 4
14.155.201.102 - - [11/Apr/2025:09:53:20 +0800] "GET /InternetTrading/jquery/wait.gif HTTP/1.1" 200 432
14.155.201.102 - - [11/Apr/2025:09:53:20 +0800] "POST /InternetTrading/SessionErrorLogger HTTP/1.1" 200 117
14.155.201.102 - - [11/Apr/2025:09:53:20 +0800] "POST /InternetTrading/Portfolio HTTP/1.1" 200 1419
14.155.201.102 - - [11/Apr/2025:09:53:20 +0800] "GET /InternetTrading/longpoll/54083?X-Atmosphere-tracking-id=0&X-Atmosphere-Framework=2.2.3-javascript&X-Atmosphere-Transport=long-polling&X-Atmosphere-TrackMessageSize=true&Content-Type=charset%3Dutf-8&X-atmo-protocol=true&_=1744336359939 HTTP/1.1" 200 -
65.181.90.29 - - [11/Apr/2025:09:53:20 +0800] "GET /InternetTrading/longpoll/54338?X-Atmosphere-tracking-id=0&X-Atmosphere-Framework=2.2.3-javascript&X-Atmosphere-Transport=long-polling&X-Atmosphere-TrackMessageSize=true&Content-Type=charset%3Dutf-8&X-atmo-protocol=true&_=1744336363349 HTTP/1.1" 200 -
47.83.171.149 - - [11/Apr/2025:09:53:23 +0800] "GET /InternetTrading/longpoll/56327?X-Atmosphere-tracking-id=0&X-Atmosphere-Framework=2.2.3-javascript&X-Atmosphere-Transport=long-polling&X-Atmosphere-TrackMessageSize=true&Content-Type=charset%3Dutf-8&X-atmo-protocol=true&_=1744336365251 HTTP/1.1" 200 -
182.239.93.77 - - [11/Apr/2025:09:53:25 +0800] "GET /InternetTrading/longpoll/A8127?X-Atmosphere-tracking-id=0&X-Atmosphere-Framework=2.2.3-javascript&X-Atmosphere-Transport=long-polling&X-Atmosphere-TrackMessageSize=true&Content-Type=charset%3Dutf-8&X-atmo-protocol=true&_=1744336366300 HTTP/1.1" 200 -
14.155.201.102 - - [11/Apr/2025:09:53:25 +0800] "GET /InternetTrading/longpoll/54083?X-Atmosphere-tracking-id=0&X-Atmosphere-Framework=2.2.3-javascript&X-Atmosphere-Transport=long-polling&X-Atmosphere-TrackMessageSize=true&Content-Type=charset%3Dutf-8&X-atmo-protocol=true&_=1744336365035 HTTP/1.1" 200 -
65.181.90.29 - - [11/Apr/2025:09:53:25 +0800] "GET /InternetTrading/longpoll/54338?X-Atmosphere-tracking-id=0&X-Atmosphere-Framework=2.2.3-javascript&X-Atmosphere-Transport=long-polling&X-Atmosphere-TrackMessageSize=true&Content-Type=charset%3Dutf-8&X-atmo-protocol=true&_=1744336368387 HTTP/1.1" 200 -
47.83.171.149 - - [11/Apr/2025:09:53:27 +0800] "POST /InternetTrading/SessionErrorLogger HTTP/1.1" 200 117
47.83.171.149 - - [11/Apr/2025:09:53:27 +0800] "POST /InternetTrading/SessionErrorLogger HTTP/1.1" 200 117
47.83.171.149 - - [11/Apr/2025:09:53:28 +0800] "POST /InternetTrading/MarketStatus HTTP/1.1" 200 772
47.83.171.149 - - [11/Apr/2025:09:53:28 +0800] "POST /InternetTrading/Heartbeat HTTP/1.1" 200 32
47.83.171.149 - - [11/Apr/2025:09:53:29 +0800] "GET /InternetTrading/longpoll/56327?X-Atmosphere-tracking-id=0&X-Atmosphere-Framework=2.2.3-javascript&X-Atmosphere-Transport=long-polling&X-Atmosphere-TrackMessageSize=true&Content-Type=charset%3Dutf-8&X-atmo-protocol=true&_=1744336371251 HTTP/1.1" 200 -
182.239.93.77 - - [11/Apr/2025:09:53:30 +0800] "GET /InternetTrading/longpoll/A8127?X-Atmosphere-tracking-id=0&X-Atmosphere-Framework=2.2.3-javascript&X-Atmosphere-Transport=long-polling&X-Atmosphere-TrackMessageSize=true&Content-Type=charset%3Dutf-8&X-atmo-protocol=true&_=1744336371542 HTTP/1.1" 200 -
65.181.90.29 - - [11/Apr/2025:09:53:30 +0800] "GET /InternetTrading/longpoll/54338?X-Atmosphere-tracking-id=0&X-Atmosphere-Framework=2.2.3-javascript&X-Atmosphere-Transport=long-polling&X-Atmosphere-TrackMessageSize=true&Content-Type=charset%3Dutf-8&X-atmo-protocol=true&_=1744336373424 HTTP/1.1" 200 -
14.155.201.102 - - [11/Apr/2025:09:53:31 +0800] "GET /InternetTrading/longpoll/54083?X-Atmosphere-tracking-id=0&X-Atmosphere-Framework=2.2.3-javascript&X-Atmosphere-Transport=long-polling&X-Atmosphere-TrackMessageSize=true&Content-Type=charset%3Dutf-8&X-atmo-protocol=true&_=1744336370551 HTTP/1.1" 200 -
182.239.93.77 - - [11/Apr/2025:09:53:33 +0800] "POST /InternetTrading/SessionErrorLogger HTTP/1.1" 200 117
182.239.93.77 - - [11/Apr/2025:09:53:33 +0800] "POST /InternetTrading/Heartbeat HTTP/1.1" 200 32
