119.136.153.55 - - [13/May/2025:09:29:05 +0800] "POST /InternetTrading/MarketStatus HTTP/1.1" 200 772
119.136.153.55 - - [13/May/2025:09:29:05 +0800] "GET /InternetTrading/longpoll/52832?X-Atmosphere-tracking-id=0&X-Atmosphere-Framework=2.2.3-javascript&X-Atmosphere-Transport=long-polling&X-Atmosphere-TrackMessageSize=true&Content-Type=charset%3Dutf-8&X-atmo-protocol=true&_=1747099750906 HTTP/1.1" 200 -
61.239.100.147 - - [13/May/2025:09:29:07 +0800] "GET /InternetTrading/longpoll/13925?X-Atmosphere-tracking-id=0&X-Atmosphere-Framework=2.2.3-javascript&X-Atmosphere-Transport=long-polling&X-Atmosphere-TrackMessageSize=true&Content-Type=charset%3Dutf-8&X-atmo-protocol=true&_=1747099741552 HTTP/1.1" 200 -
14.0.155.122 - - [13/May/2025:09:29:09 +0800] "GET /InternetTrading/longpoll/A8127?X-Atmosphere-tracking-id=0&X-Atmosphere-Framework=2.2.3-javascript&X-Atmosphere-Transport=long-polling&X-Atmosphere-TrackMessageSize=true&Content-Type=charset%3Dutf-8&X-atmo-protocol=true&_=1747099745990 HTTP/1.1" 200 -
119.136.153.55 - - [13/May/2025:09:29:10 +0800] "GET /InternetTrading/longpoll/52832?X-Atmosphere-tracking-id=0&X-Atmosphere-Framework=2.2.3-javascript&X-Atmosphere-Transport=long-polling&X-Atmosphere-TrackMessageSize=true&Content-Type=charset%3Dutf-8&X-atmo-protocol=true&_=1747099755966 HTTP/1.1" 200 -
61.239.100.147 - - [13/May/2025:09:29:13 +0800] "GET /InternetTrading/longpoll/13925?X-Atmosphere-tracking-id=0&X-Atmosphere-Framework=2.2.3-javascript&X-Atmosphere-Transport=long-polling&X-Atmosphere-TrackMessageSize=true&Content-Type=charset%3Dutf-8&X-atmo-protocol=true&_=1747099747552 HTTP/1.1" 200 -
14.0.155.122 - - [13/May/2025:09:29:14 +0800] "GET /InternetTrading/longpoll/A8127?X-Atmosphere-tracking-id=0&X-Atmosphere-Framework=2.2.3-javascript&X-Atmosphere-Transport=long-polling&X-Atmosphere-TrackMessageSize=true&Content-Type=charset%3Dutf-8&X-atmo-protocol=true&_=1747099751138 HTTP/1.1" 200 -
119.136.153.55 - - [13/May/2025:09:29:15 +0800] "GET /InternetTrading/longpoll/52832?X-Atmosphere-tracking-id=0&X-Atmosphere-Framework=2.2.3-javascript&X-Atmosphere-Transport=long-polling&X-Atmosphere-TrackMessageSize=true&Content-Type=charset%3Dutf-8&X-atmo-protocol=true&_=1747099761010 HTTP/1.1" 200 -
61.239.100.147 - - [13/May/2025:09:29:19 +0800] "GET /InternetTrading/longpoll/13925?X-Atmosphere-tracking-id=0&X-Atmosphere-Framework=2.2.3-javascript&X-Atmosphere-Transport=long-polling&X-Atmosphere-TrackMessageSize=true&Content-Type=charset%3Dutf-8&X-atmo-protocol=true&_=1747099753558 HTTP/1.1" 200 -
14.0.155.122 - - [13/May/2025:09:29:19 +0800] "GET /InternetTrading/longpoll/A8127?X-Atmosphere-tracking-id=0&X-Atmosphere-Framework=2.2.3-javascript&X-Atmosphere-Transport=long-polling&X-Atmosphere-TrackMessageSize=true&Content-Type=charset%3Dutf-8&X-atmo-protocol=true&_=1747099756349 HTTP/1.1" 200 -
119.136.153.55 - - [13/May/2025:09:29:20 +0800] "GET /InternetTrading/longpoll/52832?X-Atmosphere-tracking-id=0&X-Atmosphere-Framework=2.2.3-javascript&X-Atmosphere-Transport=long-polling&X-Atmosphere-TrackMessageSize=true&Content-Type=charset%3Dutf-8&X-atmo-protocol=true&_=1747099766087 HTTP/1.1" 200 -
14.0.155.122 - - [13/May/2025:09:29:25 +0800] "GET /InternetTrading/longpoll/A8127?X-Atmosphere-tracking-id=0&X-Atmosphere-Framework=2.2.3-javascript&X-Atmosphere-Transport=long-polling&X-Atmosphere-TrackMessageSize=true&Content-Type=charset%3Dutf-8&X-atmo-protocol=true&_=1747099761509 HTTP/1.1" 200 -
119.136.153.55 - - [13/May/2025:09:29:25 +0800] "GET /InternetTrading/longpoll/52832?X-Atmosphere-tracking-id=0&X-Atmosphere-Framework=2.2.3-javascript&X-Atmosphere-Transport=long-polling&X-Atmosphere-TrackMessageSize=true&Content-Type=charset%3Dutf-8&X-atmo-protocol=true&_=1747099771291 HTTP/1.1" 200 -
61.239.100.147 - - [13/May/2025:09:29:25 +0800] "GET /InternetTrading/longpoll/13925?X-Atmosphere-tracking-id=0&X-Atmosphere-Framework=2.2.3-javascript&X-Atmosphere-Transport=long-polling&X-Atmosphere-TrackMessageSize=true&Content-Type=charset%3Dutf-8&X-atmo-protocol=true&_=1747099759561 HTTP/1.1" 200 -
14.0.155.122 - - [13/May/2025:09:29:29 +0800] "POST /InternetTrading/SessionErrorLogger HTTP/1.1" 200 117
14.0.155.122 - - [13/May/2025:09:29:29 +0800] "POST /InternetTrading/Heartbeat HTTP/1.1" 200 32
14.0.155.122 - - [13/May/2025:09:29:29 +0800] "POST /InternetTrading/SessionErrorLogger HTTP/1.1" 200 117
14.0.155.122 - - [13/May/2025:09:29:29 +0800] "POST /InternetTrading/MarketStatus HTTP/1.1" 200 772
14.0.155.122 - - [13/May/2025:09:29:30 +0800] "GET /InternetTrading/longpoll/A8127?X-Atmosphere-tracking-id=0&X-Atmosphere-Framework=2.2.3-javascript&X-Atmosphere-Transport=long-polling&X-Atmosphere-TrackMessageSize=true&Content-Type=charset%3Dutf-8&X-atmo-protocol=true&_=1747099767095 HTTP/1.1" 200 -
119.136.153.55 - - [13/May/2025:09:29:30 +0800] "GET /InternetTrading/longpoll/52832?X-Atmosphere-tracking-id=0&X-Atmosphere-Framework=2.2.3-javascript&X-Atmosphere-Transport=long-polling&X-Atmosphere-TrackMessageSize=true&Content-Type=charset%3Dutf-8&X-atmo-protocol=true&_=1747099776317 HTTP/1.1" 200 -
61.239.100.147 - - [13/May/2025:09:29:31 +0800] "GET /InternetTrading/longpoll/13925?X-Atmosphere-tracking-id=0&X-Atmosphere-Framework=2.2.3-javascript&X-Atmosphere-Transport=long-polling&X-Atmosphere-TrackMessageSize=true&Content-Type=charset%3Dutf-8&X-atmo-protocol=true&_=1747099765564 HTTP/1.1" 200 -
119.136.153.55 - - [13/May/2025:09:29:35 +0800] "POST /InternetTrading/SessionErrorLogger HTTP/1.1" 200 117
119.136.153.55 - - [13/May/2025:09:29:35 +0800] "POST /InternetTrading/Heartbeat HTTP/1.1" 200 32
119.136.153.55 - - [13/May/2025:09:29:35 +0800] "POST /InternetTrading/SessionErrorLogger HTTP/1.1" 200 117
119.136.153.55 - - [13/May/2025:09:29:35 +0800] "POST /InternetTrading/MarketStatus HTTP/1.1" 200 772
119.136.153.55 - - [13/May/2025:09:29:35 +0800] "GET /InternetTrading/longpoll/52832?X-Atmosphere-tracking-id=0&X-Atmosphere-Framework=2.2.3-javascript&X-Atmosphere-Transport=long-polling&X-Atmosphere-TrackMessageSize=true&Content-Type=charset%3Dutf-8&X-atmo-protocol=true&_=1747099781385 HTTP/1.1" 200 -
14.0.155.122 - - [13/May/2025:09:29:35 +0800] "GET /InternetTrading/longpoll/A8127?X-Atmosphere-tracking-id=0&X-Atmosphere-Framework=2.2.3-javascript&X-Atmosphere-Transport=long-polling&X-Atmosphere-TrackMessageSize=true&Content-Type=charset%3Dutf-8&X-atmo-protocol=true&_=1747099772177 HTTP/1.1" 200 -
61.239.100.147 - - [13/May/2025:09:29:37 +0800] "GET /InternetTrading/longpoll/13925?X-Atmosphere-tracking-id=0&X-Atmosphere-Framework=2.2.3-javascript&X-Atmosphere-Transport=long-polling&X-Atmosphere-TrackMessageSize=true&Content-Type=charset%3Dutf-8&X-atmo-protocol=true&_=1747099771555 HTTP/1.1" 200 -
119.136.153.55 - - [13/May/2025:09:29:40 +0800] "GET /InternetTrading/longpoll/52832?X-Atmosphere-tracking-id=0&X-Atmosphere-Framework=2.2.3-javascript&X-Atmosphere-Transport=long-polling&X-Atmosphere-TrackMessageSize=true&Content-Type=charset%3Dutf-8&X-atmo-protocol=true&_=1747099786419 HTTP/1.1" 200 -
14.0.155.122 - - [13/May/2025:09:29:41 +0800] "GET /InternetTrading/longpoll/A8127?X-Atmosphere-tracking-id=0&X-Atmosphere-Framework=2.2.3-javascript&X-Atmosphere-Transport=long-polling&X-Atmosphere-TrackMessageSize=true&Content-Type=charset%3Dutf-8&X-atmo-protocol=true&_=1747099777326 HTTP/1.1" 200 -
61.239.100.147 - - [13/May/2025:09:29:43 +0800] "GET /InternetTrading/longpoll/13925?X-Atmosphere-tracking-id=0&X-Atmosphere-Framework=2.2.3-javascript&X-Atmosphere-Transport=long-polling&X-Atmosphere-TrackMessageSize=true&Content-Type=charset%3Dutf-8&X-atmo-protocol=true&_=1747099777553 HTTP/1.1" 200 -
119.136.153.55 - - [13/May/2025:09:29:45 +0800] "GET /InternetTrading/longpoll/52832?X-Atmosphere-tracking-id=0&X-Atmosphere-Framework=2.2.3-javascript&X-Atmosphere-Transport=long-polling&X-Atmosphere-TrackMessageSize=true&Content-Type=charset%3Dutf-8&X-atmo-protocol=true&_=1747099791493 HTTP/1.1" 200 -
14.0.155.122 - - [13/May/2025:09:29:46 +0800] "GET /InternetTrading/longpoll/A8127?X-Atmosphere-tracking-id=0&X-Atmosphere-Framework=2.2.3-javascript&X-Atmosphere-Transport=long-polling&X-Atmosphere-TrackMessageSize=true&Content-Type=charset%3Dutf-8&X-atmo-protocol=true&_=1747099782752 HTTP/1.1" 200 -
61.239.100.147 - - [13/May/2025:09:29:49 +0800] "GET /InternetTrading/longpoll/13925?X-Atmosphere-tracking-id=0&X-Atmosphere-Framework=2.2.3-javascript&X-Atmosphere-Transport=long-polling&X-Atmosphere-TrackMessageSize=true&Content-Type=charset%3Dutf-8&X-atmo-protocol=true&_=1747099783562 HTTP/1.1" 200 -
119.136.153.55 - - [13/May/2025:09:29:51 +0800] "GET /InternetTrading/longpoll/52832?X-Atmosphere-tracking-id=0&X-Atmosphere-Framework=2.2.3-javascript&X-Atmosphere-Transport=long-polling&X-Atmosphere-TrackMessageSize=true&Content-Type=charset%3Dutf-8&X-atmo-protocol=true&_=1747099796556 HTTP/1.1" 200 -
14.0.155.122 - - [13/May/2025:09:29:51 +0800] "GET /InternetTrading/longpoll/A8127?X-Atmosphere-tracking-id=0&X-Atmosphere-Framework=2.2.3-javascript&X-Atmosphere-Transport=long-polling&X-Atmosphere-TrackMessageSize=true&Content-Type=charset%3Dutf-8&X-atmo-protocol=true&_=1747099787995 HTTP/1.1" 200 -
61.239.100.147 - - [13/May/2025:09:29:55 +0800] "GET /InternetTrading/longpoll/13925?X-Atmosphere-tracking-id=0&X-Atmosphere-Framework=2.2.3-javascript&X-Atmosphere-Transport=long-polling&X-Atmosphere-TrackMessageSize=true&Content-Type=charset%3Dutf-8&X-atmo-protocol=true&_=1747099789555 HTTP/1.1" 200 -
119.136.153.55 - - [13/May/2025:09:29:56 +0800] "GET /InternetTrading/longpoll/52832?X-Atmosphere-tracking-id=0&X-Atmosphere-Framework=2.2.3-javascript&X-Atmosphere-Transport=long-polling&X-Atmosphere-TrackMessageSize=true&Content-Type=charset%3Dutf-8&X-atmo-protocol=true&_=1747099801895 HTTP/1.1" 200 -
14.0.155.122 - - [13/May/2025:09:29:56 +0800] "GET /InternetTrading/longpoll/A8127?X-Atmosphere-tracking-id=0&X-Atmosphere-Framework=2.2.3-javascript&X-Atmosphere-Transport=long-polling&X-Atmosphere-TrackMessageSize=true&Content-Type=charset%3Dutf-8&X-atmo-protocol=true&_=1747099793156 HTTP/1.1" 200 -
14.0.155.122 - - [13/May/2025:09:29:59 +0800] "POST /InternetTrading/SessionErrorLogger HTTP/1.1" 200 117
14.0.155.122 - - [13/May/2025:09:29:59 +0800] "POST /InternetTrading/Heartbeat HTTP/1.1" 200 32
14.0.155.122 - - [13/May/2025:09:29:59 +0800] "POST /InternetTrading/SessionErrorLogger HTTP/1.1" 200 117
14.0.155.122 - - [13/May/2025:09:29:59 +0800] "POST /InternetTrading/MarketStatus HTTP/1.1" 200 772
119.136.153.55 - - [13/May/2025:09:30:01 +0800] "GET /InternetTrading/longpoll/52832?X-Atmosphere-tracking-id=0&X-Atmosphere-Framework=2.2.3-javascript&X-Atmosphere-Transport=long-polling&X-Atmosphere-TrackMessageSize=true&Content-Type=charset%3Dutf-8&X-atmo-protocol=true&_=1747099806925 HTTP/1.1" 200 -
61.239.100.147 - - [13/May/2025:09:30:01 +0800] "GET /InternetTrading/longpoll/13925?X-Atmosphere-tracking-id=0&X-Atmosphere-Framework=2.2.3-javascript&X-Atmosphere-Transport=long-polling&X-Atmosphere-TrackMessageSize=true&Content-Type=charset%3Dutf-8&X-atmo-protocol=true&_=1747099795563 HTTP/1.1" 200 -
14.0.155.122 - - [13/May/2025:09:30:01 +0800] "GET /InternetTrading/longpoll/A8127?X-Atmosphere-tracking-id=0&X-Atmosphere-Framework=2.2.3-javascript&X-Atmosphere-Transport=long-polling&X-Atmosphere-TrackMessageSize=true&Content-Type=charset%3Dutf-8&X-atmo-protocol=true&_=1747099798398 HTTP/1.1" 200 -
110.81.57.78 - - [13/May/2025:09:30:04 +0800] "POST /InternetTrading/CheckIsEnableRSA HTTP/1.1" 200 1
110.81.57.78 - - [13/May/2025:09:30:04 +0800] "POST /InternetTrading/CheckPwEncryptType HTTP/1.1" 200 -
110.81.57.78 - - [13/May/2025:09:30:04 +0800] "POST /InternetTrading/LoginKey HTTP/1.1" 200 -
61.239.100.147 - - [13/May/2025:09:30:04 +0800] "POST /InternetTrading/SessionErrorLogger HTTP/1.1" 200 117
61.239.100.147 - - [13/May/2025:09:30:04 +0800] "POST /InternetTrading/SessionErrorLogger HTTP/1.1" 200 117
61.239.100.147 - - [13/May/2025:09:30:04 +0800] "POST /InternetTrading/MarketStatus HTTP/1.1" 200 772
61.239.100.147 - - [13/May/2025:09:30:04 +0800] "POST /InternetTrading/Heartbeat HTTP/1.1" 200 32
110.81.57.78 - - [13/May/2025:09:30:05 +0800] "GET /InternetTrading/jquery/wait.gif HTTP/1.1" 200 432
119.136.153.55 - - [13/May/2025:09:30:05 +0800] "POST /InternetTrading/SessionErrorLogger HTTP/1.1" 200 117
119.136.153.55 - - [13/May/2025:09:30:05 +0800] "POST /InternetTrading/Heartbeat HTTP/1.1" 200 32
119.136.153.55 - - [13/May/2025:09:30:05 +0800] "POST /InternetTrading/SessionErrorLogger HTTP/1.1" 200 117
119.136.153.55 - - [13/May/2025:09:30:05 +0800] "POST /InternetTrading/MarketStatus HTTP/1.1" 200 772
14.0.155.122 - - [13/May/2025:09:30:05 +0800] "POST /InternetTrading/SessionErrorLogger HTTP/1.1" 200 117
14.0.155.122 - - [13/May/2025:09:30:05 +0800] "POST /InternetTrading/OrderMaxQuantity HTTP/1.1" 200 11
119.136.153.55 - - [13/May/2025:09:30:06 +0800] "GET /InternetTrading/longpoll/52832?X-Atmosphere-tracking-id=0&X-Atmosphere-Framework=2.2.3-javascript&X-Atmosphere-Transport=long-polling&X-Atmosphere-TrackMessageSize=true&Content-Type=charset%3Dutf-8&X-atmo-protocol=true&_=1747099812001 HTTP/1.1" 200 -
110.81.57.78 - - [13/May/2025:09:30:04 +0800] "POST /InternetTrading/Login HTTP/1.1" 200 444
110.81.57.78 - - [13/May/2025:09:30:06 +0800] "GET /InternetTrading/tc/2FA_authentication.html?language=tc&version=HTML HTTP/1.1" 200 1468
110.81.57.78 - - [13/May/2025:09:30:06 +0800] "GET /InternetTrading/tc/style.css?v=20200819161914 HTTP/1.1" 200 1435
110.81.57.78 - - [13/May/2025:09:30:06 +0800] "GET /InternetTrading/tc/style_common.css?v=20200819161914 HTTP/1.1" 200 2540
110.81.57.78 - - [13/May/2025:09:30:06 +0800] "GET /InternetTrading/jquery/jquery-migrate-3.0.0.js HTTP/1.1" 200 4963
110.81.57.78 - - [13/May/2025:09:30:06 +0800] "GET /InternetTrading/jquery/jquery-3.3.1.js HTTP/1.1" 200 80650
110.81.57.78 - - [13/May/2025:09:30:06 +0800] "GET /InternetTrading/jquery/jquery.form-3.46.0.js HTTP/1.1" 200 5673
110.81.57.78 - - [13/May/2025:09:30:06 +0800] "GET /InternetTrading/jquery/jquery-ui-1.10.3.js HTTP/1.1" 200 69642
110.81.57.78 - - [13/May/2025:09:30:07 +0800] "GET /InternetTrading/jquery/additional-methods.js HTTP/1.1" 200 2238
110.81.57.78 - - [13/May/2025:09:30:07 +0800] "GET /InternetTrading/jquery/jquery.validate-1.11.1.js HTTP/1.1" 200 7041
110.81.57.78 - - [13/May/2025:09:30:07 +0800] "GET /InternetTrading/jquery/jquery.blockUI-2.66.0-iAsiaEdition.js HTTP/1.1" 200 6651
14.0.155.122 - - [13/May/2025:09:30:07 +0800] "GET /InternetTrading/longpoll/A8127?X-Atmosphere-tracking-id=0&X-Atmosphere-Framework=2.2.3-javascript&X-Atmosphere-Transport=long-polling&X-Atmosphere-TrackMessageSize=true&Content-Type=charset%3Dutf-8&X-atmo-protocol=true&_=1747099803556 HTTP/1.1" 200 -
110.81.57.78 - - [13/May/2025:09:30:07 +0800] "GET /InternetTrading/jquery/jquery.timer-0.9.16.js HTTP/1.1" 200 542
110.81.57.78 - - [13/May/2025:09:30:07 +0800] "GET /InternetTrading/tc/user/translation.js?jsv=20200819161914 HTTP/1.1" 200 12818
110.81.57.78 - - [13/May/2025:09:30:07 +0800] "GET /InternetTrading/jquery/jquery.getParams.js HTTP/1.1" 200 587
110.81.57.78 - - [13/May/2025:09:30:07 +0800] "GET /InternetTrading/js/constants.js?jsv=20200819161914 HTTP/1.1" 200 400
110.81.57.78 - - [13/May/2025:09:30:07 +0800] "GET /InternetTrading/js/haitong.js?jsv=20200819161914 HTTP/1.1" 200 3881
110.81.57.78 - - [13/May/2025:09:30:07 +0800] "GET /InternetTrading/tc/user/custom_variables.js?jsv=20200819161914 HTTP/1.1" 200 275
110.81.57.78 - - [13/May/2025:09:30:07 +0800] "GET /InternetTrading/js/util.js?jsv=20200819161914 HTTP/1.1" 200 6636
110.81.57.78 - - [13/May/2025:09:30:07 +0800] "GET /InternetTrading/js/init.js?jsv=20200819161914 HTTP/1.1" 200 886
110.81.57.78 - - [13/May/2025:09:30:07 +0800] "GET /InternetTrading/js/2fa.js?jsv=20200819161914 HTTP/1.1" 200 1953
110.81.57.78 - - [13/May/2025:09:30:07 +0800] "GET /InternetTrading/settings/webpage_settings.js?jsv=20200819161914 HTTP/1.1" 200 33
110.81.57.78 - - [13/May/2025:09:30:07 +0800] "GET /InternetTrading/js/login.js?jsv=20200819161914 HTTP/1.1" 200 1684
110.81.57.78 - - [13/May/2025:09:30:07 +0800] "GET /InternetTrading/tc/images/logo.png HTTP/1.1" 200 7042
14.0.155.122 - - [13/May/2025:09:30:07 +0800] "GET /InternetTrading/jquery/images/ui-icons_888888_256x240.png HTTP/1.1" 200 6999
110.81.57.78 - - [13/May/2025:09:30:07 +0800] "GET /InternetTrading/js/login.js?jsv=20200819161914 HTTP/1.1" 200 1684
110.81.57.78 - - [13/May/2025:09:30:07 +0800] "GET /InternetTrading/jquery/wait.gif HTTP/1.1" 200 432
110.81.57.78 - - [13/May/2025:09:30:07 +0800] "GET /InternetTrading/tc/dialog.html?1747099806194 HTTP/1.1" 200 3188
110.81.57.78 - - [13/May/2025:09:30:07 +0800] "POST /InternetTrading/Get2FAInfoService HTTP/1.1" 200 109
110.81.57.78 - - [13/May/2025:09:30:07 +0800] "POST /InternetTrading/SystemMaintenanceCheck HTTP/1.1" 200 119
110.81.57.78 - - [13/May/2025:09:30:07 +0800] "GET /favicon.ico HTTP/1.1" 404 196
61.239.100.147 - - [13/May/2025:09:30:07 +0800] "GET /InternetTrading/longpoll/13925?X-Atmosphere-tracking-id=0&X-Atmosphere-Framework=2.2.3-javascript&X-Atmosphere-Transport=long-polling&X-Atmosphere-TrackMessageSize=true&Content-Type=charset%3Dutf-8&X-atmo-protocol=true&_=1747099801563 HTTP/1.1" 200 -
110.81.57.78 - - [13/May/2025:09:30:07 +0800] "POST /InternetTrading/SystemMaintenanceCheck HTTP/1.1" 200 119
119.136.153.55 - - [13/May/2025:09:30:11 +0800] "GET /InternetTrading/longpoll/52832?X-Atmosphere-tracking-id=0&X-Atmosphere-Framework=2.2.3-javascript&X-Atmosphere-Transport=long-polling&X-Atmosphere-TrackMessageSize=true&Content-Type=charset%3Dutf-8&X-atmo-protocol=true&_=1747099817030 HTTP/1.1" 200 -
14.0.155.122 - - [13/May/2025:09:30:12 +0800] "GET /InternetTrading/longpoll/A8127?X-Atmosphere-tracking-id=0&X-Atmosphere-Framework=2.2.3-javascript&X-Atmosphere-Transport=long-polling&X-Atmosphere-TrackMessageSize=true&Content-Type=charset%3Dutf-8&X-atmo-protocol=true&_=1747099808668 HTTP/1.1" 200 -
61.239.100.147 - - [13/May/2025:09:30:13 +0800] "GET /InternetTrading/longpoll/13925?X-Atmosphere-tracking-id=0&X-Atmosphere-Framework=2.2.3-javascript&X-Atmosphere-Transport=long-polling&X-Atmosphere-TrackMessageSize=true&Content-Type=charset%3Dutf-8&X-atmo-protocol=true&_=1747099807554 HTTP/1.1" 200 -
14.0.155.122 - - [13/May/2025:09:30:14 +0800] "GET /InternetTrading/jquery/images/ui-icons_454545_256x240.png HTTP/1.1" 200 6992
14.0.155.122 - - [13/May/2025:09:30:14 +0800] "POST /InternetTrading/SessionErrorLogger HTTP/1.1" 200 117
14.0.155.122 - - [13/May/2025:09:30:14 +0800] "POST /InternetTrading/OrderMaxQuantity HTTP/1.1" 200 11
119.136.153.55 - - [13/May/2025:09:30:16 +0800] "GET /InternetTrading/longpoll/52832?X-Atmosphere-tracking-id=0&X-Atmosphere-Framework=2.2.3-javascript&X-Atmosphere-Transport=long-polling&X-Atmosphere-TrackMessageSize=true&Content-Type=charset%3Dutf-8&X-atmo-protocol=true&_=1747099822112 HTTP/1.1" 200 -
14.0.155.122 - - [13/May/2025:09:30:17 +0800] "GET /InternetTrading/longpoll/A8127?X-Atmosphere-tracking-id=0&X-Atmosphere-Framework=2.2.3-javascript&X-Atmosphere-Transport=long-polling&X-Atmosphere-TrackMessageSize=true&Content-Type=charset%3Dutf-8&X-atmo-protocol=true&_=1747099813784 HTTP/1.1" 200 -
14.0.155.122 - - [13/May/2025:09:30:17 +0800] "POST /InternetTrading/SessionErrorLogger HTTP/1.1" 200 117
14.0.155.122 - - [13/May/2025:09:30:17 +0800] "POST /InternetTrading/OrderMaxQuantity HTTP/1.1" 200 11
14.0.155.122 - - [13/May/2025:09:30:17 +0800] "POST /InternetTrading/SessionErrorLogger HTTP/1.1" 200 117
14.0.155.122 - - [13/May/2025:09:30:17 +0800] "POST /InternetTrading/LoginKey HTTP/1.1" 200 -
14.0.155.122 - - [13/May/2025:09:30:17 +0800] "GET /InternetTrading/jquery/wait.gif HTTP/1.1" 200 432
14.0.155.122 - - [13/May/2025:09:30:17 +0800] "POST /InternetTrading/PreOrder HTTP/1.1" 200 1206
14.0.155.122 - - [13/May/2025:09:30:18 +0800] "POST /InternetTrading/SessionErrorLogger HTTP/1.1" 200 117
14.0.155.122 - - [13/May/2025:09:30:18 +0800] "GET /InternetTrading/Csrf?url=/Order HTTP/1.1" 200 126
14.0.155.122 - - [13/May/2025:09:30:19 +0800] "POST /InternetTrading/SessionErrorLogger HTTP/1.1" 200 117
14.0.155.122 - - [13/May/2025:09:30:19 +0800] "POST /InternetTrading/LoginKey HTTP/1.1" 200 -
14.0.155.122 - - [13/May/2025:09:30:19 +0800] "POST /InternetTrading/SessionErrorLogger HTTP/1.1" 200 117
14.0.155.122 - - [13/May/2025:09:30:19 +0800] "POST /InternetTrading/Order?csrf_nonce=C09E66BA0CBC08336B24A6C24B022E8B HTTP/1.1" 200 1013
14.0.155.122 - - [13/May/2025:09:30:19 +0800] "POST /InternetTrading/SessionErrorLogger HTTP/1.1" 200 117
14.0.155.122 - - [13/May/2025:09:30:19 +0800] "GET /InternetTrading/tc/buy_ticket.html? HTTP/1.1" 200 1995
14.0.155.122 - - [13/May/2025:09:30:19 +0800] "POST /InternetTrading/SessionErrorLogger HTTP/1.1" 200 117
14.0.155.122 - - [13/May/2025:09:30:19 +0800] "POST /InternetTrading/SessionErrorLogger HTTP/1.1" 200 117
14.0.155.122 - - [13/May/2025:09:30:19 +0800] "POST /InternetTrading/MarketStatus HTTP/1.1" 200 772
14.0.155.122 - - [13/May/2025:09:30:19 +0800] "POST /InternetTrading/MarketStatus HTTP/1.1" 200 772
61.239.100.147 - - [13/May/2025:09:30:19 +0800] "GET /InternetTrading/longpoll/13925?X-Atmosphere-tracking-id=0&X-Atmosphere-Framework=2.2.3-javascript&X-Atmosphere-Transport=long-polling&X-Atmosphere-TrackMessageSize=true&Content-Type=charset%3Dutf-8&X-atmo-protocol=true&_=1747099813557 HTTP/1.1" 200 -
119.136.153.55 - - [13/May/2025:09:30:21 +0800] "GET /InternetTrading/longpoll/52832?X-Atmosphere-tracking-id=0&X-Atmosphere-Framework=2.2.3-javascript&X-Atmosphere-Transport=long-polling&X-Atmosphere-TrackMessageSize=true&Content-Type=charset%3Dutf-8&X-atmo-protocol=true&_=1747099827182 HTTP/1.1" 200 -
14.0.155.122 - - [13/May/2025:09:30:21 +0800] "GET /InternetTrading/jquery/wait.gif HTTP/1.1" 200 432
14.0.155.122 - - [13/May/2025:09:30:21 +0800] "POST /InternetTrading/SessionErrorLogger HTTP/1.1" 200 117
14.0.155.122 - - [13/May/2025:09:30:21 +0800] "POST /InternetTrading/Orderbook HTTP/1.1" 200 1161
14.0.155.122 - - [13/May/2025:09:30:22 +0800] "GET /InternetTrading/longpoll/A8127?X-Atmosphere-tracking-id=0&X-Atmosphere-Framework=2.2.3-javascript&X-Atmosphere-Transport=long-polling&X-Atmosphere-TrackMessageSize=true&Content-Type=charset%3Dutf-8&X-atmo-protocol=true&_=1747099818907 HTTP/1.1" 200 -
61.239.100.147 - - [13/May/2025:09:30:25 +0800] "GET /InternetTrading/longpoll/13925?X-Atmosphere-tracking-id=0&X-Atmosphere-Framework=2.2.3-javascript&X-Atmosphere-Transport=long-polling&X-Atmosphere-TrackMessageSize=true&Content-Type=charset%3Dutf-8&X-atmo-protocol=true&_=1747099819553 HTTP/1.1" 200 -
119.136.153.55 - - [13/May/2025:09:30:26 +0800] "GET /InternetTrading/longpoll/52832?X-Atmosphere-tracking-id=0&X-Atmosphere-Framework=2.2.3-javascript&X-Atmosphere-Transport=long-polling&X-Atmosphere-TrackMessageSize=true&Content-Type=charset%3Dutf-8&X-atmo-protocol=true&_=1747099832239 HTTP/1.1" 200 -
14.0.155.122 - - [13/May/2025:09:30:27 +0800] "GET /InternetTrading/longpoll/A8127?X-Atmosphere-tracking-id=0&X-Atmosphere-Framework=2.2.3-javascript&X-Atmosphere-Transport=long-polling&X-Atmosphere-TrackMessageSize=true&Content-Type=charset%3Dutf-8&X-atmo-protocol=true&_=1747099824020 HTTP/1.1" 200 -
14.0.155.122 - - [13/May/2025:09:30:29 +0800] "POST /InternetTrading/SessionErrorLogger HTTP/1.1" 200 117
14.0.155.122 - - [13/May/2025:09:30:29 +0800] "POST /InternetTrading/Heartbeat HTTP/1.1" 200 32
119.136.153.55 - - [13/May/2025:09:30:31 +0800] "GET /InternetTrading/longpoll/52832?X-Atmosphere-tracking-id=0&X-Atmosphere-Framework=2.2.3-javascript&X-Atmosphere-Transport=long-polling&X-Atmosphere-TrackMessageSize=true&Content-Type=charset%3Dutf-8&X-atmo-protocol=true&_=1747099837294 HTTP/1.1" 200 -
61.239.100.147 - - [13/May/2025:09:30:31 +0800] "GET /InternetTrading/longpoll/13925?X-Atmosphere-tracking-id=0&X-Atmosphere-Framework=2.2.3-javascript&X-Atmosphere-Transport=long-polling&X-Atmosphere-TrackMessageSize=true&Content-Type=charset%3Dutf-8&X-atmo-protocol=true&_=1747099825564 HTTP/1.1" 200 -
14.0.155.122 - - [13/May/2025:09:30:32 +0800] "GET /InternetTrading/longpoll/A8127?X-Atmosphere-tracking-id=0&X-Atmosphere-Framework=2.2.3-javascript&X-Atmosphere-Transport=long-polling&X-Atmosphere-TrackMessageSize=true&Content-Type=charset%3Dutf-8&X-atmo-protocol=true&_=1747099829436 HTTP/1.1" 200 -
119.136.153.55 - - [13/May/2025:09:30:35 +0800] "POST /InternetTrading/SessionErrorLogger HTTP/1.1" 200 117
119.136.153.55 - - [13/May/2025:09:30:35 +0800] "POST /InternetTrading/Heartbeat HTTP/1.1" 200 32
119.136.153.55 - - [13/May/2025:09:30:35 +0800] "POST /InternetTrading/SessionErrorLogger HTTP/1.1" 200 117
119.136.153.55 - - [13/May/2025:09:30:35 +0800] "POST /InternetTrading/MarketStatus HTTP/1.1" 200 772
119.136.153.55 - - [13/May/2025:09:30:36 +0800] "GET /InternetTrading/longpoll/52832?X-Atmosphere-tracking-id=0&X-Atmosphere-Framework=2.2.3-javascript&X-Atmosphere-Transport=long-polling&X-Atmosphere-TrackMessageSize=true&Content-Type=charset%3Dutf-8&X-atmo-protocol=true&_=1747099842367 HTTP/1.1" 200 -
61.239.100.147 - - [13/May/2025:09:30:37 +0800] "GET /InternetTrading/longpoll/13925?X-Atmosphere-tracking-id=0&X-Atmosphere-Framework=2.2.3-javascript&X-Atmosphere-Transport=long-polling&X-Atmosphere-TrackMessageSize=true&Content-Type=charset%3Dutf-8&X-atmo-protocol=true&_=1747099831557 HTTP/1.1" 200 -
110.81.57.78 - - [13/May/2025:09:30:38 +0800] "POST /InternetTrading/Heartbeat2FAService HTTP/1.1" 200 1
14.0.155.122 - - [13/May/2025:09:30:38 +0800] "GET /InternetTrading/longpoll/A8127?X-Atmosphere-tracking-id=0&X-Atmosphere-Framework=2.2.3-javascript&X-Atmosphere-Transport=long-polling&X-Atmosphere-TrackMessageSize=true&Content-Type=charset%3Dutf-8&X-atmo-protocol=true&_=1747099834484 HTTP/1.1" 200 -
110.81.57.78 - - [13/May/2025:09:30:39 +0800] "GET /InternetTrading/jquery/wait.gif HTTP/1.1" 200 432
110.81.57.78 - - [13/May/2025:09:30:38 +0800] "POST /InternetTrading/Verify2FAService HTTP/1.1" 200 411
110.81.57.78 - - [13/May/2025:09:30:39 +0800] "GET /InternetTrading/tc/main.html?language=tc&version=HTML HTTP/1.1" 200 3578
110.81.57.78 - - [13/May/2025:09:30:39 +0800] "GET /InternetTrading/jquery/ui.datepicker.css HTTP/1.1" 200 1145
110.81.57.78 - - [13/May/2025:09:30:39 +0800] "GET /InternetTrading/jquery/jquery.tablesorter-theme.blue.css HTTP/1.1" 200 2083
110.81.57.78 - - [13/May/2025:09:30:39 +0800] "GET /InternetTrading/jquery/jquery-ui-1.10.3.css HTTP/1.1" 200 5283
110.81.57.78 - - [13/May/2025:09:30:39 +0800] "GET /InternetTrading/tc/style_common.css?v=20200819161914 HTTP/1.1" 200 2540
110.81.57.78 - - [13/May/2025:09:30:39 +0800] "GET /InternetTrading/jquery/dragtable-2.0.9.css HTTP/1.1" 200 316
110.81.57.78 - - [13/May/2025:09:30:39 +0800] "GET /InternetTrading/tc/style.css?v=20200819161914 HTTP/1.1" 200 1435
110.81.57.78 - - [13/May/2025:09:30:39 +0800] "GET /InternetTrading/tc/css/jquery.jscrollpane.css HTTP/1.1" 404 690
110.81.57.78 - - [13/May/2025:09:30:39 +0800] "GET /InternetTrading/jquery/jquery.ba-postmessage.js HTTP/1.1" 200 2990
110.81.57.78 - - [13/May/2025:09:30:39 +0800] "GET /InternetTrading/js/aastock.js HTTP/1.1" 200 553
110.81.57.78 - - [13/May/2025:09:30:39 +0800] "GET /InternetTrading/jquery/jquery-1.6.3.min.js HTTP/1.1" 200 32057
110.81.57.78 - - [13/May/2025:09:30:39 +0800] "GET /InternetTrading/jquery/jquery-migrate-3.0.0.js HTTP/1.1" 200 4963
110.81.57.78 - - [13/May/2025:09:30:39 +0800] "GET /InternetTrading/jquery/jquery-ui-1.10.3.js HTTP/1.1" 200 69642
110.81.57.78 - - [13/May/2025:09:30:39 +0800] "GET /InternetTrading/jquery/jquery.form-3.46.0.js HTTP/1.1" 200 5673
110.81.57.78 - - [13/May/2025:09:30:39 +0800] "GET /InternetTrading/js/cache.js?jsv=20200819161914 HTTP/1.1" 200 940
110.81.57.78 - - [13/May/2025:09:30:39 +0800] "GET /InternetTrading/jquery/additional-methods.js HTTP/1.1" 200 2238
110.81.57.78 - - [13/May/2025:09:30:39 +0800] "GET /InternetTrading/jquery/jquery.blockUI-2.66.0.js HTTP/1.1" 200 6651
110.81.57.78 - - [13/May/2025:09:30:39 +0800] "GET /InternetTrading/jquery/jquery.validate-1.11.1.js HTTP/1.1" 200 7041
110.81.57.78 - - [13/May/2025:09:30:40 +0800] "GET /InternetTrading/jquery/jquery.mousewheel-3.1.4.js HTTP/1.1" 200 822
110.81.57.78 - - [13/May/2025:09:30:40 +0800] "GET /InternetTrading/jquery/jquery.tablesorter-2.14.5.js HTTP/1.1" 200 8901
110.81.57.78 - - [13/May/2025:09:30:40 +0800] "GET /InternetTrading/jquery/jquery.tablesorter.widgets-2.14.5.js HTTP/1.1" 200 8611
110.81.57.78 - - [13/May/2025:09:30:40 +0800] "GET /InternetTrading/jquery/jquery.combobox.packed.js HTTP/1.1" 200 3387
110.81.57.78 - - [13/May/2025:09:30:40 +0800] "GET /InternetTrading/jquery/jquery.timer-0.9.16.js HTTP/1.1" 200 542
110.81.57.78 - - [13/May/2025:09:30:40 +0800] "GET /InternetTrading/jquery/jquery.getParams.js HTTP/1.1" 200 587
110.81.57.78 - - [13/May/2025:09:30:40 +0800] "GET /InternetTrading/jquery/date.js HTTP/1.1" 200 2807
110.81.57.78 - - [13/May/2025:09:30:40 +0800] "GET /InternetTrading/jquery/jquery.selectboxes.pack.js HTTP/1.1" 200 1640
110.81.57.78 - - [13/May/2025:09:30:40 +0800] "GET /InternetTrading/jquery/globalize-0.1.0a1.js HTTP/1.1" 200 6984
110.81.57.78 - - [13/May/2025:09:30:40 +0800] "GET /InternetTrading/json/json2.js?jsv=20200819161914 HTTP/1.1" 200 1372
110.81.57.78 - - [13/May/2025:09:30:40 +0800] "GET /InternetTrading/tc/user/translation.js?jsv=20200819161914 HTTP/1.1" 200 12818
110.81.57.78 - - [13/May/2025:09:30:40 +0800] "GET /InternetTrading/tc/user/custom_variables.js?jsv=20200819161914 HTTP/1.1" 200 275
110.81.57.78 - - [13/May/2025:09:30:40 +0800] "GET /InternetTrading/js/constants.js?jsv=20200819161914 HTTP/1.1" 200 400
110.81.57.78 - - [13/May/2025:09:30:40 +0800] "GET /InternetTrading/js/haitong.js?jsv=20200819161914 HTTP/1.1" 200 3881
110.81.57.78 - - [13/May/2025:09:30:40 +0800] "GET /InternetTrading/js/init.js?jsv=20200819161914 HTTP/1.1" 200 886
110.81.57.78 - - [13/May/2025:09:30:40 +0800] "GET /InternetTrading/jquery/jquery-3.3.1.js HTTP/1.1" 200 80650
110.81.57.78 - - [13/May/2025:09:30:40 +0800] "GET /InternetTrading/js/atmosphere.js HTTP/1.1" 200 13461
110.81.57.78 - - [13/May/2025:09:30:40 +0800] "GET /InternetTrading/js/rsautil.js?jsv=20200819161914 HTTP/1.1" 200 1017
110.81.57.78 - - [13/May/2025:09:30:40 +0800] "GET /InternetTrading/js/main.js?jsv=20200819161914 HTTP/1.1" 200 30725
110.81.57.78 - - [13/May/2025:09:30:40 +0800] "GET /InternetTrading/js/corporate.js?jsv=20200819161914 HTTP/1.1" 200 1575
110.81.57.78 - - [13/May/2025:09:30:40 +0800] "GET /InternetTrading/js/update_mdf.js?jsv=20200819161914 HTTP/1.1" 200 856
110.81.57.78 - - [13/May/2025:09:30:40 +0800] "GET /InternetTrading/js/validation_bshare.js?jsv=20200819161914 HTTP/1.1" 200 1567
110.81.57.78 - - [13/May/2025:09:30:40 +0800] "GET /InternetTrading/js/validation_hkex.js?jsv=20200819161914 HTTP/1.1" 200 2300
110.81.57.78 - - [13/May/2025:09:30:40 +0800] "GET /InternetTrading/js/validation_ashare.js?jsv=20200819161914 HTTP/1.1" 200 2482
110.81.57.78 - - [13/May/2025:09:30:40 +0800] "GET /InternetTrading/js/validation_global.js?jsv=20200819161914 HTTP/1.1" 200 1564
110.81.57.78 - - [13/May/2025:09:30:40 +0800] "GET /InternetTrading/js/account.js?jsv=20200819161914 HTTP/1.1" 200 2656
110.81.57.78 - - [13/May/2025:09:30:40 +0800] "GET /InternetTrading/js/ipo.js?jsv=20200819161914 HTTP/1.1" 200 5726
110.81.57.78 - - [13/May/2025:09:30:40 +0800] "GET /InternetTrading/js/cash_transfer.js?jsv=20200819161914 HTTP/1.1" 200 2712
110.81.57.78 - - [13/May/2025:09:30:40 +0800] "GET /InternetTrading/js/mm.js?jsv=20200819161914 HTTP/1.1" 200 487
110.81.57.78 - - [13/May/2025:09:30:40 +0800] "GET /InternetTrading/settings/crm_display_settings.js?jsv=20200819161914 HTTP/1.1" 200 1781
110.81.57.78 - - [13/May/2025:09:30:40 +0800] "GET /InternetTrading/js/spread_cache.js?jsv=20200819161914 HTTP/1.1" 200 908
110.81.57.78 - - [13/May/2025:09:30:40 +0800] "GET /InternetTrading/js/payment_instruction.js?jsv=20200819161914 HTTP/1.1" 200 2178
110.81.57.78 - - [13/May/2025:09:30:40 +0800] "GET /InternetTrading/js/payment_instruction_IMOS.js?jsv=20200819161914 HTTP/1.1" 200 6874
110.81.57.78 - - [13/May/2025:09:30:40 +0800] "GET /InternetTrading/js/isec_calculator.js?jsv=20200819161914 HTTP/1.1" 200 1364
110.81.57.78 - - [13/May/2025:09:30:40 +0800] "GET /InternetTrading/js/eStatement.js?jsv=20200819161914 HTTP/1.1" 200 562
110.81.57.78 - - [13/May/2025:09:30:40 +0800] "GET /InternetTrading/ExchangeList?fmt=js&jsv=20200819161914 HTTP/1.1" 200 146
110.81.57.78 - - [13/May/2025:09:30:40 +0800] "GET /InternetTrading/js/string_extend.js?jsv=20200819161914 HTTP/1.1" 200 272
110.81.57.78 - - [13/May/2025:09:30:40 +0800] "GET /InternetTrading/js/aes_cbc.js?jsv=20200819161914 HTTP/1.1" 200 2043
110.81.57.78 - - [13/May/2025:09:30:40 +0800] "GET /InternetTrading/js/pidcrypt_util.js?jsv=20200819161914 HTTP/1.1" 200 1206
110.81.57.78 - - [13/May/2025:09:30:40 +0800] "GET /InternetTrading/js/pidcrypt.js?jsv=20200819161914 HTTP/1.1" 200 982
110.81.57.78 - - [13/May/2025:09:30:40 +0800] "GET /InternetTrading/js/aes_core.js?jsv=20200819161914 HTTP/1.1" 200 2106
110.81.57.78 - - [13/May/2025:09:30:40 +0800] "GET /InternetTrading/js/util.js?jsv=20200819161914 HTTP/1.1" 200 6636
110.81.57.78 - - [13/May/2025:09:30:40 +0800] "GET /InternetTrading/js/asn1.js?jsv=20200819161914 HTTP/1.1" 200 3099
110.81.57.78 - - [13/May/2025:09:30:40 +0800] "GET /InternetTrading/js/sha256.js?jsv=20200819161914 HTTP/1.1" 200 1362
110.81.57.78 - - [13/May/2025:09:30:40 +0800] "GET /InternetTrading/js/prng4.js?jsv=20200819161914 HTTP/1.1" 200 303
110.81.57.78 - - [13/May/2025:09:30:40 +0800] "GET /InternetTrading/js/jsbn.js?jsv=20200819161914 HTTP/1.1" 200 6736
110.81.57.78 - - [13/May/2025:09:30:40 +0800] "GET /InternetTrading/js/md5.js?jsv=20200819161914 HTTP/1.1" 200 1730
110.81.57.78 - - [13/May/2025:09:30:40 +0800] "GET /InternetTrading/js/rng.js?jsv=20200819161914 HTTP/1.1" 200 481
110.81.57.78 - - [13/May/2025:09:30:40 +0800] "GET /InternetTrading/js/rsa.js?jsv=20200819161914 HTTP/1.1" 200 1658
110.81.57.78 - - [13/May/2025:09:30:40 +0800] "GET /InternetTrading/js/aes.js?jsv=20200819161914 HTTP/1.1" 200 4816
110.81.57.78 - - [13/May/2025:09:30:40 +0800] "GET /InternetTrading/js/utilSpec.js?jsv=20200819161914 HTTP/1.1" 200 27
110.81.57.78 - - [13/May/2025:09:30:40 +0800] "GET /InternetTrading/js/update_lastlogin.js?jsv=20200819161914 HTTP/1.1" 200 980
110.81.57.78 - - [13/May/2025:09:30:40 +0800] "GET /InternetTrading/js/mode-ecb.js?jsv=20200819161914 HTTP/1.1" 200 199
110.81.57.78 - - [13/May/2025:09:30:40 +0800] "GET /InternetTrading/js/pw_alert.js?jsv=20200819161914 HTTP/1.1" 200 418
110.81.57.78 - - [13/May/2025:09:30:40 +0800] "GET /InternetTrading/js/jquery.jscrollpane.js HTTP/1.1" 404 685
110.81.57.78 - - [13/May/2025:09:30:40 +0800] "GET /InternetTrading/js/jquery.mousewheel.js HTTP/1.1" 404 684
110.81.57.78 - - [13/May/2025:09:30:40 +0800] "GET /InternetTrading/js/jquery.cookie.js HTTP/1.1" 200 834
110.81.57.78 - - [13/May/2025:09:30:40 +0800] "GET /InternetTrading/tc/images/top_menu01.jpg HTTP/1.1" 200 3466
110.81.57.78 - - [13/May/2025:09:30:40 +0800] "GET /InternetTrading/GoodTillDateValidExch?fmt=js&jsv=20200819161914 HTTP/1.1" 200 29
110.81.57.78 - - [13/May/2025:09:30:40 +0800] "GET /InternetTrading/js/decimal.js HTTP/1.1" 200 13492
110.81.57.78 - - [13/May/2025:09:30:40 +0800] "GET /InternetTrading/tc/images/logo.png HTTP/1.1" 200 7042
110.81.57.78 - - [13/May/2025:09:30:40 +0800] "GET /InternetTrading/tc/images/top_menu04.jpg HTTP/1.1" 200 3430
110.81.57.78 - - [13/May/2025:09:30:40 +0800] "GET /InternetTrading/images/top_bg1.jpg HTTP/1.1" 200 329
110.81.57.78 - - [13/May/2025:09:30:40 +0800] "GET /InternetTrading/images/top_bg2.jpg HTTP/1.1" 200 330
110.81.57.78 - - [13/May/2025:09:30:40 +0800] "GET /InternetTrading/tc/images/top_menu_logout.jpg HTTP/1.1" 200 1016
110.81.57.78 - - [13/May/2025:09:30:40 +0800] "GET /InternetTrading/images/top_bg3.jpg HTTP/1.1" 200 878
110.81.57.78 - - [13/May/2025:09:30:40 +0800] "POST /InternetTrading/Heartbeat HTTP/1.1" 200 32
110.81.57.78 - - [13/May/2025:09:30:40 +0800] "POST /InternetTrading/PopUpConfig HTTP/1.1" 200 2
110.81.57.78 - - [13/May/2025:09:30:40 +0800] "GET /InternetTrading/tc/dialog.html?1747099839360 HTTP/1.1" 200 3188
110.81.57.78 - - [13/May/2025:09:30:40 +0800] "POST /InternetTrading/CustomerInfoLite HTTP/1.1" 200 116
110.81.57.78 - - [13/May/2025:09:30:40 +0800] "GET /InternetTrading/tc/images/top_menu04.jpg HTTP/1.1" 200 3430
110.81.57.78 - - [13/May/2025:09:30:40 +0800] "GET /InternetTrading/jquery/wait.gif HTTP/1.1" 200 432
110.81.57.78 - - [13/May/2025:09:30:40 +0800] "POST /InternetTrading/SpreadPriceCache HTTP/1.1" 200 3539
110.81.57.78 - - [13/May/2025:09:30:40 +0800] "GET /InternetTrading/tc/trade.html HTTP/1.1" 200 2113
110.81.57.78 - - [13/May/2025:09:30:41 +0800] "GET /InternetTrading/tc/images/top_menu01_o.jpg HTTP/1.1" 200 3339
110.81.57.78 - - [13/May/2025:09:30:41 +0800] "POST /InternetTrading/SessionErrorLogger HTTP/1.1" 200 117
110.81.57.78 - - [13/May/2025:09:30:41 +0800] "POST /InternetTrading/GetLastLoginDate HTTP/1.1" 200 31
110.81.57.78 - - [13/May/2025:09:30:41 +0800] "POST /InternetTrading/SessionErrorLogger HTTP/1.1" 200 117
110.81.57.78 - - [13/May/2025:09:30:41 +0800] "GET /InternetTrading/tc/getpopupMsgName.jsp HTTP/1.1" 200 -
110.81.57.78 - - [13/May/2025:09:30:41 +0800] "GET /InternetTrading/tc/applet_dummy.html HTTP/1.1" 200 330
110.81.57.78 - - [13/May/2025:09:30:41 +0800] "POST /InternetTrading/SessionErrorLogger HTTP/1.1" 200 117
110.81.57.78 - - [13/May/2025:09:30:41 +0800] "GET /InternetTrading/tc/buy_ticket.html? HTTP/1.1" 200 1995
110.81.57.78 - - [13/May/2025:09:30:41 +0800] "POST /InternetTrading/SessionErrorLogger HTTP/1.1" 200 117
119.136.153.55 - - [13/May/2025:09:30:41 +0800] "GET /InternetTrading/longpoll/52832?X-Atmosphere-tracking-id=0&X-Atmosphere-Framework=2.2.3-javascript&X-Atmosphere-Transport=long-polling&X-Atmosphere-TrackMessageSize=true&Content-Type=charset%3Dutf-8&X-atmo-protocol=true&_=1747099847401 HTTP/1.1" 200 -
110.81.57.78 - - [13/May/2025:09:30:41 +0800] "POST /InternetTrading/MarketStatus HTTP/1.1" 200 772
110.81.57.78 - - [13/May/2025:09:30:41 +0800] "POST /InternetTrading/SessionErrorLogger HTTP/1.1" 200 117
110.81.57.78 - - [13/May/2025:09:30:41 +0800] "GET /InternetTrading/jquery/images/ui-icons_222222_256x240.png HTTP/1.1" 200 6922
110.81.57.78 - - [13/May/2025:09:30:41 +0800] "GET /InternetTrading/Home/PostToAA.jsp?hl=tc HTTP/1.1" 200 287
110.81.57.78 - - [13/May/2025:09:30:41 +0800] "GET /InternetTrading/tc/images/trade_point01.jpg HTTP/1.1" 200 358
110.81.57.78 - - [13/May/2025:09:30:41 +0800] "GET /InternetTrading/jquery/wait.gif HTTP/1.1" 200 432
110.81.57.78 - - [13/May/2025:09:30:41 +0800] "GET /InternetTrading/tc/multi_currency_balance.html HTTP/1.1" 200 295
110.81.57.78 - - [13/May/2025:09:30:41 +0800] "GET /InternetTrading/tc/images/refresh.gif HTTP/1.1" 200 1145
110.81.57.78 - - [13/May/2025:09:30:41 +0800] "GET /InternetTrading/jquery/images/ui-bg_flat_75_ffffff_40x100.png HTTP/1.1" 200 208
110.81.57.78 - - [13/May/2025:09:30:41 +0800] "POST /InternetTrading/SessionErrorLogger HTTP/1.1" 200 117
110.81.57.78 - - [13/May/2025:09:30:41 +0800] "POST /InternetTrading/SessionErrorLogger HTTP/1.1" 200 117
110.81.57.78 - - [13/May/2025:09:30:41 +0800] "POST /InternetTrading/MarketStatus HTTP/1.1" 200 772
110.81.57.78 - - [13/May/2025:09:30:41 +0800] "POST /InternetTrading/MarketStatus HTTP/1.1" 200 772
14.0.155.122 - - [13/May/2025:09:30:43 +0800] "GET /InternetTrading/longpoll/A8127?X-Atmosphere-tracking-id=0&X-Atmosphere-Framework=2.2.3-javascript&X-Atmosphere-Transport=long-polling&X-Atmosphere-TrackMessageSize=true&Content-Type=charset%3Dutf-8&X-atmo-protocol=true&_=1747099839743 HTTP/1.1" 200 -
110.81.57.78 - - [13/May/2025:09:30:43 +0800] "POST /InternetTrading/SessionErrorLogger HTTP/1.1" 200 117
110.81.57.78 - - [13/May/2025:09:30:43 +0800] "POST /InternetTrading/CustomerInfo HTTP/1.1" 200 206
110.81.57.78 - - [13/May/2025:09:30:43 +0800] "POST /InternetTrading/SessionErrorLogger HTTP/1.1" 200 117
110.81.57.78 - - [13/May/2025:09:30:43 +0800] "GET /InternetTrading/tc/account_status.html HTTP/1.1" 200 426
110.81.57.78 - - [13/May/2025:09:30:43 +0800] "POST /InternetTrading/SessionErrorLogger HTTP/1.1" 200 117
61.239.100.147 - - [13/May/2025:09:30:43 +0800] "GET /InternetTrading/longpoll/13925?X-Atmosphere-tracking-id=0&X-Atmosphere-Framework=2.2.3-javascript&X-Atmosphere-Transport=long-polling&X-Atmosphere-TrackMessageSize=true&Content-Type=charset%3Dutf-8&X-atmo-protocol=true&_=1747099837561 HTTP/1.1" 200 -
110.81.57.78 - - [13/May/2025:09:30:43 +0800] "POST /InternetTrading/SessionErrorLogger HTTP/1.1" 200 117
110.81.57.78 - - [13/May/2025:09:30:43 +0800] "POST /InternetTrading/MarketStatus HTTP/1.1" 200 772
110.81.57.78 - - [13/May/2025:09:30:43 +0800] "GET /InternetTrading/jquery/wait.gif HTTP/1.1" 200 432
110.81.57.78 - - [13/May/2025:09:30:43 +0800] "POST /InternetTrading/SessionErrorLogger HTTP/1.1" 200 117
110.81.57.78 - - [13/May/2025:09:30:43 +0800] "POST /InternetTrading/LongPollingConfig HTTP/1.1" 200 4
110.81.57.78 - - [13/May/2025:09:30:43 +0800] "GET /InternetTrading/jquery/wait.gif HTTP/1.1" 200 432
110.81.57.78 - - [13/May/2025:09:30:44 +0800] "POST /InternetTrading/SessionErrorLogger HTTP/1.1" 200 117
110.81.57.78 - - [13/May/2025:09:30:44 +0800] "POST /InternetTrading/Portfolio HTTP/1.1" 200 4338
110.81.57.78 - - [13/May/2025:09:30:44 +0800] "GET /InternetTrading/longpoll/M8773?X-Atmosphere-tracking-id=0&X-Atmosphere-Framework=2.2.3-javascript&X-Atmosphere-Transport=long-polling&X-Atmosphere-TrackMessageSize=true&Content-Type=charset%3Dutf-8&X-atmo-protocol=true&_=1747099842698 HTTP/1.1" 200 -
119.136.153.55 - - [13/May/2025:09:30:46 +0800] "GET /InternetTrading/longpoll/52832?X-Atmosphere-tracking-id=0&X-Atmosphere-Framework=2.2.3-javascript&X-Atmosphere-Transport=long-polling&X-Atmosphere-TrackMessageSize=true&Content-Type=charset%3Dutf-8&X-atmo-protocol=true&_=1747099852458 HTTP/1.1" 200 -
110.81.57.78 - - [13/May/2025:09:30:48 +0800] "GET /InternetTrading/tc/images/refresh.gif HTTP/1.1" 200 1145
14.0.155.122 - - [13/May/2025:09:30:48 +0800] "GET /InternetTrading/longpoll/A8127?X-Atmosphere-tracking-id=0&X-Atmosphere-Framework=2.2.3-javascript&X-Atmosphere-Transport=long-polling&X-Atmosphere-TrackMessageSize=true&Content-Type=charset%3Dutf-8&X-atmo-protocol=true&_=1747099844984 HTTP/1.1" 200 -
110.81.57.78 - - [13/May/2025:09:30:49 +0800] "GET /InternetTrading/longpoll/M8773?X-Atmosphere-tracking-id=0&X-Atmosphere-Framework=2.2.3-javascript&X-Atmosphere-Transport=long-polling&X-Atmosphere-TrackMessageSize=true&Content-Type=charset%3Dutf-8&X-atmo-protocol=true&_=1747099847762 HTTP/1.1" 200 -
14.0.155.122 - - [13/May/2025:09:30:49 +0800] "POST /InternetTrading/SessionErrorLogger HTTP/1.1" 200 117
14.0.155.122 - - [13/May/2025:09:30:49 +0800] "POST /InternetTrading/MarketStatus HTTP/1.1" 200 772
61.239.100.147 - - [13/May/2025:09:30:49 +0800] "GET /InternetTrading/longpoll/13925?X-Atmosphere-tracking-id=0&X-Atmosphere-Framework=2.2.3-javascript&X-Atmosphere-Transport=long-polling&X-Atmosphere-TrackMessageSize=true&Content-Type=charset%3Dutf-8&X-atmo-protocol=true&_=1747099843558 HTTP/1.1" 200 -
119.136.153.55 - - [13/May/2025:09:30:51 +0800] "GET /InternetTrading/longpoll/52832?X-Atmosphere-tracking-id=0&X-Atmosphere-Framework=2.2.3-javascript&X-Atmosphere-Transport=long-polling&X-Atmosphere-TrackMessageSize=true&Content-Type=charset%3Dutf-8&X-atmo-protocol=true&_=1747099857526 HTTP/1.1" 200 -
14.0.155.122 - - [13/May/2025:09:30:53 +0800] "GET /InternetTrading/longpoll/A8127?X-Atmosphere-tracking-id=0&X-Atmosphere-Framework=2.2.3-javascript&X-Atmosphere-Transport=long-polling&X-Atmosphere-TrackMessageSize=true&Content-Type=charset%3Dutf-8&X-atmo-protocol=true&_=1747099850131 HTTP/1.1" 200 -
110.81.57.78 - - [13/May/2025:09:30:54 +0800] "GET /InternetTrading/longpoll/M8773?X-Atmosphere-tracking-id=0&X-Atmosphere-Framework=2.2.3-javascript&X-Atmosphere-Transport=long-polling&X-Atmosphere-TrackMessageSize=true&Content-Type=charset%3Dutf-8&X-atmo-protocol=true&_=1747099852856 HTTP/1.1" 200 -
61.239.100.147 - - [13/May/2025:09:30:55 +0800] "GET /InternetTrading/longpoll/13925?X-Atmosphere-tracking-id=0&X-Atmosphere-Framework=2.2.3-javascript&X-Atmosphere-Transport=long-polling&X-Atmosphere-TrackMessageSize=true&Content-Type=charset%3Dutf-8&X-atmo-protocol=true&_=1747099849565 HTTP/1.1" 200 -
119.136.153.55 - - [13/May/2025:09:30:57 +0800] "GET /InternetTrading/longpoll/52832?X-Atmosphere-tracking-id=0&X-Atmosphere-Framework=2.2.3-javascript&X-Atmosphere-Transport=long-polling&X-Atmosphere-TrackMessageSize=true&Content-Type=charset%3Dutf-8&X-atmo-protocol=true&_=1747099862606 HTTP/1.1" 200 -
14.0.155.122 - - [13/May/2025:09:30:58 +0800] "GET /InternetTrading/longpoll/A8127?X-Atmosphere-tracking-id=0&X-Atmosphere-Framework=2.2.3-javascript&X-Atmosphere-Transport=long-polling&X-Atmosphere-TrackMessageSize=true&Content-Type=charset%3Dutf-8&X-atmo-protocol=true&_=1747099855229 HTTP/1.1" 200 -
14.0.155.122 - - [13/May/2025:09:30:59 +0800] "POST /InternetTrading/SessionErrorLogger HTTP/1.1" 200 117
14.0.155.122 - - [13/May/2025:09:30:59 +0800] "POST /InternetTrading/Heartbeat HTTP/1.1" 200 32
14.0.155.122 - - [13/May/2025:09:31:00 +0800] "POST /InternetTrading/SessionErrorLogger HTTP/1.1" 200 117
14.0.155.122 - - [13/May/2025:09:31:00 +0800] "POST /InternetTrading/Product HTTP/1.1" 200 308
110.81.57.78 - - [13/May/2025:09:31:00 +0800] "GET /InternetTrading/longpoll/M8773?X-Atmosphere-tracking-id=0&X-Atmosphere-Framework=2.2.3-javascript&X-Atmosphere-Transport=long-polling&X-Atmosphere-TrackMessageSize=true&Content-Type=charset%3Dutf-8&X-atmo-protocol=true&_=1747099858844 HTTP/1.1" 200 -
61.239.100.147 - - [13/May/2025:09:31:01 +0800] "GET /InternetTrading/longpoll/13925?X-Atmosphere-tracking-id=0&X-Atmosphere-Framework=2.2.3-javascript&X-Atmosphere-Transport=long-polling&X-Atmosphere-TrackMessageSize=true&Content-Type=charset%3Dutf-8&X-atmo-protocol=true&_=1747099855553 HTTP/1.1" 200 -
119.136.153.55 - - [13/May/2025:09:31:02 +0800] "GET /InternetTrading/longpoll/52832?X-Atmosphere-tracking-id=0&X-Atmosphere-Framework=2.2.3-javascript&X-Atmosphere-Transport=long-polling&X-Atmosphere-TrackMessageSize=true&Content-Type=charset%3Dutf-8&X-atmo-protocol=true&_=1747099867919 HTTP/1.1" 200 -
14.0.155.122 - - [13/May/2025:09:31:03 +0800] "GET /InternetTrading/longpoll/A8127?X-Atmosphere-tracking-id=0&X-Atmosphere-Framework=2.2.3-javascript&X-Atmosphere-Transport=long-polling&X-Atmosphere-TrackMessageSize=true&Content-Type=charset%3Dutf-8&X-atmo-protocol=true&_=1747099860354 HTTP/1.1" 200 -
61.239.100.147 - - [13/May/2025:09:31:04 +0800] "POST /InternetTrading/SessionErrorLogger HTTP/1.1" 200 117
61.239.100.147 - - [13/May/2025:09:31:04 +0800] "POST /InternetTrading/SessionErrorLogger HTTP/1.1" 200 117
61.239.100.147 - - [13/May/2025:09:31:04 +0800] "POST /InternetTrading/MarketStatus HTTP/1.1" 200 772
61.239.100.147 - - [13/May/2025:09:31:04 +0800] "POST /InternetTrading/Heartbeat HTTP/1.1" 200 32
14.0.155.122 - - [13/May/2025:09:31:04 +0800] "POST /InternetTrading/SessionErrorLogger HTTP/1.1" 200 117
14.0.155.122 - - [13/May/2025:09:31:05 +0800] "POST /InternetTrading/OrderMaxQuantity HTTP/1.1" 200 11
119.136.153.55 - - [13/May/2025:09:31:05 +0800] "POST /InternetTrading/SessionErrorLogger HTTP/1.1" 200 117
119.136.153.55 - - [13/May/2025:09:31:05 +0800] "POST /InternetTrading/Heartbeat HTTP/1.1" 200 32
119.136.153.55 - - [13/May/2025:09:31:05 +0800] "POST /InternetTrading/SessionErrorLogger HTTP/1.1" 200 117
119.136.153.55 - - [13/May/2025:09:31:05 +0800] "POST /InternetTrading/MarketStatus HTTP/1.1" 200 772
110.81.57.78 - - [13/May/2025:09:31:06 +0800] "GET /InternetTrading/longpoll/M8773?X-Atmosphere-tracking-id=0&X-Atmosphere-Framework=2.2.3-javascript&X-Atmosphere-Transport=long-polling&X-Atmosphere-TrackMessageSize=true&Content-Type=charset%3Dutf-8&X-atmo-protocol=true&_=1747099864844 HTTP/1.1" 200 -
119.136.153.55 - - [13/May/2025:09:31:07 +0800] "GET /InternetTrading/longpoll/52832?X-Atmosphere-tracking-id=0&X-Atmosphere-Framework=2.2.3-javascript&X-Atmosphere-Transport=long-polling&X-Atmosphere-TrackMessageSize=true&Content-Type=charset%3Dutf-8&X-atmo-protocol=true&_=1747099873399 HTTP/1.1" 200 -
61.239.100.147 - - [13/May/2025:09:31:07 +0800] "GET /InternetTrading/longpoll/13925?X-Atmosphere-tracking-id=0&X-Atmosphere-Framework=2.2.3-javascript&X-Atmosphere-Transport=long-polling&X-Atmosphere-TrackMessageSize=true&Content-Type=charset%3Dutf-8&X-atmo-protocol=true&_=1747099861551 HTTP/1.1" 200 -
14.0.155.122 - - [13/May/2025:09:31:08 +0800] "GET /InternetTrading/longpoll/A8127?X-Atmosphere-tracking-id=0&X-Atmosphere-Framework=2.2.3-javascript&X-Atmosphere-Transport=long-polling&X-Atmosphere-TrackMessageSize=true&Content-Type=charset%3Dutf-8&X-atmo-protocol=true&_=1747099865474 HTTP/1.1" 200 -
14.0.155.122 - - [13/May/2025:09:31:11 +0800] "POST /InternetTrading/SessionErrorLogger HTTP/1.1" 200 117
14.0.155.122 - - [13/May/2025:09:31:11 +0800] "POST /InternetTrading/LoginKey HTTP/1.1" 200 -
14.0.155.122 - - [13/May/2025:09:31:11 +0800] "POST /InternetTrading/PreOrder HTTP/1.1" 200 1205
14.0.155.122 - - [13/May/2025:09:31:11 +0800] "GET /InternetTrading/jquery/wait.gif HTTP/1.1" 200 432
110.81.57.78 - - [13/May/2025:09:31:12 +0800] "POST /InternetTrading/SessionErrorLogger HTTP/1.1" 200 117
110.81.57.78 - - [13/May/2025:09:31:12 +0800] "GET /InternetTrading/longpoll/M8773?X-Atmosphere-tracking-id=0&X-Atmosphere-Framework=2.2.3-javascript&X-Atmosphere-Transport=long-polling&X-Atmosphere-TrackMessageSize=true&Content-Type=charset%3Dutf-8&X-atmo-protocol=true&_=1747099870843 HTTP/1.1" 200 -
110.81.57.78 - - [13/May/2025:09:31:12 +0800] "POST /InternetTrading/SessionErrorLogger HTTP/1.1" 200 117
110.81.57.78 - - [13/May/2025:09:31:12 +0800] "POST /InternetTrading/Heartbeat HTTP/1.1" 200 32
