110.81.57.78 - - [13/May/2025:09:31:12 +0800] "POST /InternetTrading/MarketStatus HTTP/1.1" 200 772
119.136.153.55 - - [13/May/2025:09:31:12 +0800] "GET /InternetTrading/longpoll/52832?X-Atmosphere-tracking-id=0&X-Atmosphere-Framework=2.2.3-javascript&X-Atmosphere-Transport=long-polling&X-Atmosphere-TrackMessageSize=true&Content-Type=charset%3Dutf-8&X-atmo-protocol=true&_=1747099878460 HTTP/1.1" 200 -
14.0.155.122 - - [13/May/2025:09:31:13 +0800] "POST /InternetTrading/SessionErrorLogger HTTP/1.1" 200 117
14.0.155.122 - - [13/May/2025:09:31:13 +0800] "GET /InternetTrading/Csrf?url=/Order HTTP/1.1" 200 126
14.0.155.122 - - [13/May/2025:09:31:13 +0800] "POST /InternetTrading/SessionErrorLogger HTTP/1.1" 200 117
14.0.155.122 - - [13/May/2025:09:31:13 +0800] "POST /InternetTrading/LoginKey HTTP/1.1" 200 -
14.0.155.122 - - [13/May/2025:09:31:13 +0800] "POST /InternetTrading/SessionErrorLogger HTTP/1.1" 200 117
14.0.155.122 - - [13/May/2025:09:31:13 +0800] "POST /InternetTrading/Order?csrf_nonce=6C66BB44BCF5EAE52D249048840F06CE HTTP/1.1" 200 1014
14.0.155.122 - - [13/May/2025:09:31:13 +0800] "POST /InternetTrading/SessionErrorLogger HTTP/1.1" 200 117
14.0.155.122 - - [13/May/2025:09:31:13 +0800] "GET /InternetTrading/tc/buy_ticket.html? HTTP/1.1" 200 1995
14.0.155.122 - - [13/May/2025:09:31:13 +0800] "POST /InternetTrading/SessionErrorLogger HTTP/1.1" 200 117
14.0.155.122 - - [13/May/2025:09:31:13 +0800] "POST /InternetTrading/MarketStatus HTTP/1.1" 200 772
61.239.100.147 - - [13/May/2025:09:31:13 +0800] "GET /InternetTrading/longpoll/13925?X-Atmosphere-tracking-id=0&X-Atmosphere-Framework=2.2.3-javascript&X-Atmosphere-Transport=long-polling&X-Atmosphere-TrackMessageSize=true&Content-Type=charset%3Dutf-8&X-atmo-protocol=true&_=1747099867553 HTTP/1.1" 200 -
14.0.155.122 - - [13/May/2025:09:31:13 +0800] "POST /InternetTrading/SessionErrorLogger HTTP/1.1" 200 117
14.0.155.122 - - [13/May/2025:09:31:13 +0800] "POST /InternetTrading/MarketStatus HTTP/1.1" 200 772
14.0.155.122 - - [13/May/2025:09:31:14 +0800] "GET /InternetTrading/longpoll/A8127?X-Atmosphere-tracking-id=0&X-Atmosphere-Framework=2.2.3-javascript&X-Atmosphere-Transport=long-polling&X-Atmosphere-TrackMessageSize=true&Content-Type=charset%3Dutf-8&X-atmo-protocol=true&_=1747099870587 HTTP/1.1" 200 -
14.0.155.122 - - [13/May/2025:09:31:15 +0800] "GET /InternetTrading/jquery/wait.gif HTTP/1.1" 200 432
14.0.155.122 - - [13/May/2025:09:31:15 +0800] "POST /InternetTrading/SessionErrorLogger HTTP/1.1" 200 117
14.0.155.122 - - [13/May/2025:09:31:15 +0800] "POST /InternetTrading/Orderbook HTTP/1.1" 200 1273
119.136.153.55 - - [13/May/2025:09:31:18 +0800] "GET /InternetTrading/longpoll/52832?X-Atmosphere-tracking-id=0&X-Atmosphere-Framework=2.2.3-javascript&X-Atmosphere-Transport=long-polling&X-Atmosphere-TrackMessageSize=true&Content-Type=charset%3Dutf-8&X-atmo-protocol=true&_=1747099883552 HTTP/1.1" 200 -
110.81.57.78 - - [13/May/2025:09:31:18 +0800] "GET /InternetTrading/longpoll/M8773?X-Atmosphere-tracking-id=0&X-Atmosphere-Framework=2.2.3-javascript&X-Atmosphere-Transport=long-polling&X-Atmosphere-TrackMessageSize=true&Content-Type=charset%3Dutf-8&X-atmo-protocol=true&_=1747099876855 HTTP/1.1" 200 -
14.0.155.122 - - [13/May/2025:09:31:19 +0800] "GET /InternetTrading/longpoll/A8127?X-Atmosphere-tracking-id=0&X-Atmosphere-Framework=2.2.3-javascript&X-Atmosphere-Transport=long-polling&X-Atmosphere-TrackMessageSize=true&Content-Type=charset%3Dutf-8&X-atmo-protocol=true&_=1747099875678 HTTP/1.1" 200 -
61.239.100.147 - - [13/May/2025:09:31:19 +0800] "GET /InternetTrading/longpoll/13925?X-Atmosphere-tracking-id=0&X-Atmosphere-Framework=2.2.3-javascript&X-Atmosphere-Transport=long-polling&X-Atmosphere-TrackMessageSize=true&Content-Type=charset%3Dutf-8&X-atmo-protocol=true&_=1747099873560 HTTP/1.1" 200 -
14.0.155.122 - - [13/May/2025:09:31:20 +0800] "POST /InternetTrading/SessionErrorLogger HTTP/1.1" 200 117
14.0.155.122 - - [13/May/2025:09:31:20 +0800] "POST /InternetTrading/Product HTTP/1.1" 200 308
119.136.153.55 - - [13/May/2025:09:31:23 +0800] "GET /InternetTrading/longpoll/52832?X-Atmosphere-tracking-id=0&X-Atmosphere-Framework=2.2.3-javascript&X-Atmosphere-Transport=long-polling&X-Atmosphere-TrackMessageSize=true&Content-Type=charset%3Dutf-8&X-atmo-protocol=true&_=1747099889389 HTTP/1.1" 200 -
14.0.155.122 - - [13/May/2025:09:31:24 +0800] "GET /InternetTrading/longpoll/A8127?X-Atmosphere-tracking-id=0&X-Atmosphere-Framework=2.2.3-javascript&X-Atmosphere-Transport=long-polling&X-Atmosphere-TrackMessageSize=true&Content-Type=charset%3Dutf-8&X-atmo-protocol=true&_=1747099880738 HTTP/1.1" 200 -
110.81.57.78 - - [13/May/2025:09:31:24 +0800] "GET /InternetTrading/longpoll/M8773?X-Atmosphere-tracking-id=0&X-Atmosphere-Framework=2.2.3-javascript&X-Atmosphere-Transport=long-polling&X-Atmosphere-TrackMessageSize=true&Content-Type=charset%3Dutf-8&X-atmo-protocol=true&_=1747099882844 HTTP/1.1" 200 -
61.239.100.147 - - [13/May/2025:09:31:25 +0800] "GET /InternetTrading/longpoll/13925?X-Atmosphere-tracking-id=0&X-Atmosphere-Framework=2.2.3-javascript&X-Atmosphere-Transport=long-polling&X-Atmosphere-TrackMessageSize=true&Content-Type=charset%3Dutf-8&X-atmo-protocol=true&_=1747099879564 HTTP/1.1" 200 -
119.136.153.55 - - [13/May/2025:09:31:28 +0800] "GET /InternetTrading/longpoll/52832?X-Atmosphere-tracking-id=0&X-Atmosphere-Framework=2.2.3-javascript&X-Atmosphere-Transport=long-polling&X-Atmosphere-TrackMessageSize=true&Content-Type=charset%3Dutf-8&X-atmo-protocol=true&_=1747099894481 HTTP/1.1" 200 -
14.0.155.122 - - [13/May/2025:09:31:29 +0800] "GET /InternetTrading/longpoll/A8127?X-Atmosphere-tracking-id=0&X-Atmosphere-Framework=2.2.3-javascript&X-Atmosphere-Transport=long-polling&X-Atmosphere-TrackMessageSize=true&Content-Type=charset%3Dutf-8&X-atmo-protocol=true&_=1747099885840 HTTP/1.1" 200 -
14.0.155.122 - - [13/May/2025:09:31:29 +0800] "POST /InternetTrading/SessionErrorLogger HTTP/1.1" 200 117
14.0.155.122 - - [13/May/2025:09:31:29 +0800] "POST /InternetTrading/Heartbeat HTTP/1.1" 200 32
110.81.57.78 - - [13/May/2025:09:31:30 +0800] "GET /InternetTrading/longpoll/M8773?X-Atmosphere-tracking-id=0&X-Atmosphere-Framework=2.2.3-javascript&X-Atmosphere-Transport=long-polling&X-Atmosphere-TrackMessageSize=true&Content-Type=charset%3Dutf-8&X-atmo-protocol=true&_=1747099888843 HTTP/1.1" 200 -
61.239.100.147 - - [13/May/2025:09:31:31 +0800] "GET /InternetTrading/longpoll/13925?X-Atmosphere-tracking-id=0&X-Atmosphere-Framework=2.2.3-javascript&X-Atmosphere-Transport=long-polling&X-Atmosphere-TrackMessageSize=true&Content-Type=charset%3Dutf-8&X-atmo-protocol=true&_=1747099885555 HTTP/1.1" 200 -
119.136.153.55 - - [13/May/2025:09:31:33 +0800] "GET /InternetTrading/longpoll/52832?X-Atmosphere-tracking-id=0&X-Atmosphere-Framework=2.2.3-javascript&X-Atmosphere-Transport=long-polling&X-Atmosphere-TrackMessageSize=true&Content-Type=charset%3Dutf-8&X-atmo-protocol=true&_=1747099899654 HTTP/1.1" 200 -
14.0.155.122 - - [13/May/2025:09:31:34 +0800] "GET /InternetTrading/longpoll/A8127?X-Atmosphere-tracking-id=0&X-Atmosphere-Framework=2.2.3-javascript&X-Atmosphere-Transport=long-polling&X-Atmosphere-TrackMessageSize=true&Content-Type=charset%3Dutf-8&X-atmo-protocol=true&_=1747099891064 HTTP/1.1" 200 -
119.136.153.55 - - [13/May/2025:09:31:35 +0800] "POST /InternetTrading/SessionErrorLogger HTTP/1.1" 200 117
119.136.153.55 - - [13/May/2025:09:31:35 +0800] "POST /InternetTrading/Heartbeat HTTP/1.1" 200 32
119.136.153.55 - - [13/May/2025:09:31:35 +0800] "POST /InternetTrading/SessionErrorLogger HTTP/1.1" 200 117
119.136.153.55 - - [13/May/2025:09:31:35 +0800] "POST /InternetTrading/MarketStatus HTTP/1.1" 200 772
110.81.57.78 - - [13/May/2025:09:31:36 +0800] "GET /InternetTrading/longpoll/M8773?X-Atmosphere-tracking-id=0&X-Atmosphere-Framework=2.2.3-javascript&X-Atmosphere-Transport=long-polling&X-Atmosphere-TrackMessageSize=true&Content-Type=charset%3Dutf-8&X-atmo-protocol=true&_=1747099894845 HTTP/1.1" 200 -
61.239.100.147 - - [13/May/2025:09:31:37 +0800] "GET /InternetTrading/longpoll/13925?X-Atmosphere-tracking-id=0&X-Atmosphere-Framework=2.2.3-javascript&X-Atmosphere-Transport=long-polling&X-Atmosphere-TrackMessageSize=true&Content-Type=charset%3Dutf-8&X-atmo-protocol=true&_=1747099891557 HTTP/1.1" 200 -
119.136.153.55 - - [13/May/2025:09:31:38 +0800] "GET /InternetTrading/longpoll/52832?X-Atmosphere-tracking-id=0&X-Atmosphere-Framework=2.2.3-javascript&X-Atmosphere-Transport=long-polling&X-Atmosphere-TrackMessageSize=true&Content-Type=charset%3Dutf-8&X-atmo-protocol=true&_=1747099904788 HTTP/1.1" 200 -
14.0.155.122 - - [13/May/2025:09:31:39 +0800] "GET /InternetTrading/longpoll/A8127?X-Atmosphere-tracking-id=0&X-Atmosphere-Framework=2.2.3-javascript&X-Atmosphere-Transport=long-polling&X-Atmosphere-TrackMessageSize=true&Content-Type=charset%3Dutf-8&X-atmo-protocol=true&_=1747099896196 HTTP/1.1" 200 -
110.81.57.78 - - [13/May/2025:09:31:42 +0800] "GET /InternetTrading/longpoll/M8773?X-Atmosphere-tracking-id=0&X-Atmosphere-Framework=2.2.3-javascript&X-Atmosphere-Transport=long-polling&X-Atmosphere-TrackMessageSize=true&Content-Type=charset%3Dutf-8&X-atmo-protocol=true&_=1747099900844 HTTP/1.1" 200 -
110.81.57.78 - - [13/May/2025:09:31:43 +0800] "POST /InternetTrading/SessionErrorLogger HTTP/1.1" 200 117
110.81.57.78 - - [13/May/2025:09:31:43 +0800] "POST /InternetTrading/SessionErrorLogger HTTP/1.1" 200 117
110.81.57.78 - - [13/May/2025:09:31:43 +0800] "POST /InternetTrading/MarketStatus HTTP/1.1" 200 772
110.81.57.78 - - [13/May/2025:09:31:43 +0800] "POST /InternetTrading/Heartbeat HTTP/1.1" 200 32
61.239.100.147 - - [13/May/2025:09:31:43 +0800] "GET /InternetTrading/longpoll/13925?X-Atmosphere-tracking-id=0&X-Atmosphere-Framework=2.2.3-javascript&X-Atmosphere-Transport=long-polling&X-Atmosphere-TrackMessageSize=true&Content-Type=charset%3Dutf-8&X-atmo-protocol=true&_=1747099897564 HTTP/1.1" 200 -
14.0.155.122 - - [13/May/2025:09:31:43 +0800] "POST /InternetTrading/SessionErrorLogger HTTP/1.1" 200 117
14.0.155.122 - - [13/May/2025:09:31:43 +0800] "POST /InternetTrading/MarketStatus HTTP/1.1" 200 772
119.136.153.55 - - [13/May/2025:09:31:44 +0800] "GET /InternetTrading/longpoll/52832?X-Atmosphere-tracking-id=0&X-Atmosphere-Framework=2.2.3-javascript&X-Atmosphere-Transport=long-polling&X-Atmosphere-TrackMessageSize=true&Content-Type=charset%3Dutf-8&X-atmo-protocol=true&_=1747099909830 HTTP/1.1" 200 -
14.0.155.122 - - [13/May/2025:09:31:44 +0800] "GET /InternetTrading/longpoll/A8127?X-Atmosphere-tracking-id=0&X-Atmosphere-Framework=2.2.3-javascript&X-Atmosphere-Transport=long-polling&X-Atmosphere-TrackMessageSize=true&Content-Type=charset%3Dutf-8&X-atmo-protocol=true&_=1747099901342 HTTP/1.1" 200 -
110.81.57.78 - - [13/May/2025:09:31:48 +0800] "GET /InternetTrading/longpoll/M8773?X-Atmosphere-tracking-id=0&X-Atmosphere-Framework=2.2.3-javascript&X-Atmosphere-Transport=long-polling&X-Atmosphere-TrackMessageSize=true&Content-Type=charset%3Dutf-8&X-atmo-protocol=true&_=1747099906857 HTTP/1.1" 200 -
61.239.100.147 - - [13/May/2025:09:31:49 +0800] "GET /InternetTrading/longpoll/13925?X-Atmosphere-tracking-id=0&X-Atmosphere-Framework=2.2.3-javascript&X-Atmosphere-Transport=long-polling&X-Atmosphere-TrackMessageSize=true&Content-Type=charset%3Dutf-8&X-atmo-protocol=true&_=1747099903559 HTTP/1.1" 200 -
119.136.153.55 - - [13/May/2025:09:31:49 +0800] "GET /InternetTrading/longpoll/52832?X-Atmosphere-tracking-id=0&X-Atmosphere-Framework=2.2.3-javascript&X-Atmosphere-Transport=long-polling&X-Atmosphere-TrackMessageSize=true&Content-Type=charset%3Dutf-8&X-atmo-protocol=true&_=1747099915590 HTTP/1.1" 200 -
14.0.155.122 - - [13/May/2025:09:31:49 +0800] "GET /InternetTrading/longpoll/A8127?X-Atmosphere-tracking-id=0&X-Atmosphere-Framework=2.2.3-javascript&X-Atmosphere-Transport=long-polling&X-Atmosphere-TrackMessageSize=true&Content-Type=charset%3Dutf-8&X-atmo-protocol=true&_=1747099906471 HTTP/1.1" 200 -
110.81.57.78 - - [13/May/2025:09:31:54 +0800] "GET /InternetTrading/longpoll/M8773?X-Atmosphere-tracking-id=0&X-Atmosphere-Framework=2.2.3-javascript&X-Atmosphere-Transport=long-polling&X-Atmosphere-TrackMessageSize=true&Content-Type=charset%3Dutf-8&X-atmo-protocol=true&_=1747099912843 HTTP/1.1" 200 -
119.136.153.55 - - [13/May/2025:09:31:55 +0800] "GET /InternetTrading/longpoll/52832?X-Atmosphere-tracking-id=0&X-Atmosphere-Framework=2.2.3-javascript&X-Atmosphere-Transport=long-polling&X-Atmosphere-TrackMessageSize=true&Content-Type=charset%3Dutf-8&X-atmo-protocol=true&_=1747099920755 HTTP/1.1" 200 -
14.0.155.122 - - [13/May/2025:09:31:55 +0800] "GET /InternetTrading/longpoll/A8127?X-Atmosphere-tracking-id=0&X-Atmosphere-Framework=2.2.3-javascript&X-Atmosphere-Transport=long-polling&X-Atmosphere-TrackMessageSize=true&Content-Type=charset%3Dutf-8&X-atmo-protocol=true&_=1747099911603 HTTP/1.1" 200 -
61.239.100.147 - - [13/May/2025:09:31:55 +0800] "GET /InternetTrading/longpoll/13925?X-Atmosphere-tracking-id=0&X-Atmosphere-Framework=2.2.3-javascript&X-Atmosphere-Transport=long-polling&X-Atmosphere-TrackMessageSize=true&Content-Type=charset%3Dutf-8&X-atmo-protocol=true&_=1747099909556 HTTP/1.1" 200 -
14.0.155.122 - - [13/May/2025:09:31:59 +0800] "POST /InternetTrading/SessionErrorLogger HTTP/1.1" 200 117
14.0.155.122 - - [13/May/2025:09:31:59 +0800] "POST /InternetTrading/Heartbeat HTTP/1.1" 200 32
119.136.153.55 - - [13/May/2025:09:32:00 +0800] "GET /InternetTrading/longpoll/52832?X-Atmosphere-tracking-id=0&X-Atmosphere-Framework=2.2.3-javascript&X-Atmosphere-Transport=long-polling&X-Atmosphere-TrackMessageSize=true&Content-Type=charset%3Dutf-8&X-atmo-protocol=true&_=1747099925835 HTTP/1.1" 200 -
14.0.155.122 - - [13/May/2025:09:32:00 +0800] "GET /InternetTrading/longpoll/A8127?X-Atmosphere-tracking-id=0&X-Atmosphere-Framework=2.2.3-javascript&X-Atmosphere-Transport=long-polling&X-Atmosphere-TrackMessageSize=true&Content-Type=charset%3Dutf-8&X-atmo-protocol=true&_=1747099916871 HTTP/1.1" 200 -
110.81.57.78 - - [13/May/2025:09:32:00 +0800] "GET /InternetTrading/longpoll/M8773?X-Atmosphere-tracking-id=0&X-Atmosphere-Framework=2.2.3-javascript&X-Atmosphere-Transport=long-polling&X-Atmosphere-TrackMessageSize=true&Content-Type=charset%3Dutf-8&X-atmo-protocol=true&_=1747099918849 HTTP/1.1" 200 -
61.239.100.147 - - [13/May/2025:09:32:01 +0800] "GET /InternetTrading/longpoll/13925?X-Atmosphere-tracking-id=0&X-Atmosphere-Framework=2.2.3-javascript&X-Atmosphere-Transport=long-polling&X-Atmosphere-TrackMessageSize=true&Content-Type=charset%3Dutf-8&X-atmo-protocol=true&_=1747099915558 HTTP/1.1" 200 -
61.239.100.147 - - [13/May/2025:09:32:04 +0800] "POST /InternetTrading/SessionErrorLogger HTTP/1.1" 200 117
61.239.100.147 - - [13/May/2025:09:32:04 +0800] "POST /InternetTrading/SessionErrorLogger HTTP/1.1" 200 117
61.239.100.147 - - [13/May/2025:09:32:04 +0800] "POST /InternetTrading/MarketStatus HTTP/1.1" 200 772
61.239.100.147 - - [13/May/2025:09:32:04 +0800] "POST /InternetTrading/Heartbeat HTTP/1.1" 200 32
119.136.153.55 - - [13/May/2025:09:32:05 +0800] "GET /InternetTrading/longpoll/52832?X-Atmosphere-tracking-id=0&X-Atmosphere-Framework=2.2.3-javascript&X-Atmosphere-Transport=long-polling&X-Atmosphere-TrackMessageSize=true&Content-Type=charset%3Dutf-8&X-atmo-protocol=true&_=1747099930914 HTTP/1.1" 200 -
119.136.153.55 - - [13/May/2025:09:32:05 +0800] "POST /InternetTrading/SessionErrorLogger HTTP/1.1" 200 117
14.0.155.122 - - [13/May/2025:09:32:05 +0800] "GET /InternetTrading/longpoll/A8127?X-Atmosphere-tracking-id=0&X-Atmosphere-Framework=2.2.3-javascript&X-Atmosphere-Transport=long-polling&X-Atmosphere-TrackMessageSize=true&Content-Type=charset%3Dutf-8&X-atmo-protocol=true&_=1747099921991 HTTP/1.1" 200 -
119.136.153.55 - - [13/May/2025:09:32:05 +0800] "POST /InternetTrading/Heartbeat HTTP/1.1" 200 32
119.136.153.55 - - [13/May/2025:09:32:05 +0800] "POST /InternetTrading/SessionErrorLogger HTTP/1.1" 200 117
119.136.153.55 - - [13/May/2025:09:32:05 +0800] "POST /InternetTrading/MarketStatus HTTP/1.1" 200 772
110.81.57.78 - - [13/May/2025:09:32:06 +0800] "GET /InternetTrading/longpoll/M8773?X-Atmosphere-tracking-id=0&X-Atmosphere-Framework=2.2.3-javascript&X-Atmosphere-Transport=long-polling&X-Atmosphere-TrackMessageSize=true&Content-Type=charset%3Dutf-8&X-atmo-protocol=true&_=1747099924849 HTTP/1.1" 200 -
61.239.100.147 - - [13/May/2025:09:32:07 +0800] "GET /InternetTrading/longpoll/13925?X-Atmosphere-tracking-id=0&X-Atmosphere-Framework=2.2.3-javascript&X-Atmosphere-Transport=long-polling&X-Atmosphere-TrackMessageSize=true&Content-Type=charset%3Dutf-8&X-atmo-protocol=true&_=1747099921560 HTTP/1.1" 200 -
119.136.153.55 - - [13/May/2025:09:32:10 +0800] "GET /InternetTrading/longpoll/52832?X-Atmosphere-tracking-id=0&X-Atmosphere-Framework=2.2.3-javascript&X-Atmosphere-Transport=long-polling&X-Atmosphere-TrackMessageSize=true&Content-Type=charset%3Dutf-8&X-atmo-protocol=true&_=1747099936045 HTTP/1.1" 200 -
14.0.155.122 - - [13/May/2025:09:32:10 +0800] "GET /InternetTrading/longpoll/A8127?X-Atmosphere-tracking-id=0&X-Atmosphere-Framework=2.2.3-javascript&X-Atmosphere-Transport=long-polling&X-Atmosphere-TrackMessageSize=true&Content-Type=charset%3Dutf-8&X-atmo-protocol=true&_=1747099927183 HTTP/1.1" 200 -
110.81.57.78 - - [13/May/2025:09:32:12 +0800] "GET /InternetTrading/longpoll/M8773?X-Atmosphere-tracking-id=0&X-Atmosphere-Framework=2.2.3-javascript&X-Atmosphere-Transport=long-polling&X-Atmosphere-TrackMessageSize=true&Content-Type=charset%3Dutf-8&X-atmo-protocol=true&_=1747099930848 HTTP/1.1" 200 -
61.239.100.147 - - [13/May/2025:09:32:13 +0800] "GET /InternetTrading/longpoll/13925?X-Atmosphere-tracking-id=0&X-Atmosphere-Framework=2.2.3-javascript&X-Atmosphere-Transport=long-polling&X-Atmosphere-TrackMessageSize=true&Content-Type=charset%3Dutf-8&X-atmo-protocol=true&_=1747099927552 HTTP/1.1" 200 -
14.0.155.122 - - [13/May/2025:09:32:14 +0800] "POST /InternetTrading/SessionErrorLogger HTTP/1.1" 200 117
14.0.155.122 - - [13/May/2025:09:32:14 +0800] "POST /InternetTrading/MarketStatus HTTP/1.1" 200 772
110.81.57.78 - - [13/May/2025:09:32:14 +0800] "POST /InternetTrading/SessionErrorLogger HTTP/1.1" 200 117
110.81.57.78 - - [13/May/2025:09:32:14 +0800] "POST /InternetTrading/Heartbeat HTTP/1.1" 200 32
110.81.57.78 - - [13/May/2025:09:32:14 +0800] "POST /InternetTrading/SessionErrorLogger HTTP/1.1" 200 117
110.81.57.78 - - [13/May/2025:09:32:14 +0800] "POST /InternetTrading/MarketStatus HTTP/1.1" 200 772
119.136.153.55 - - [13/May/2025:09:32:15 +0800] "GET /InternetTrading/longpoll/52832?X-Atmosphere-tracking-id=0&X-Atmosphere-Framework=2.2.3-javascript&X-Atmosphere-Transport=long-polling&X-Atmosphere-TrackMessageSize=true&Content-Type=charset%3Dutf-8&X-atmo-protocol=true&_=1747099941075 HTTP/1.1" 200 -
14.0.155.122 - - [13/May/2025:09:32:15 +0800] "GET /InternetTrading/longpoll/A8127?X-Atmosphere-tracking-id=0&X-Atmosphere-Framework=2.2.3-javascript&X-Atmosphere-Transport=long-polling&X-Atmosphere-TrackMessageSize=true&Content-Type=charset%3Dutf-8&X-atmo-protocol=true&_=1747099932348 HTTP/1.1" 200 -
110.81.57.78 - - [13/May/2025:09:32:18 +0800] "GET /InternetTrading/longpoll/M8773?X-Atmosphere-tracking-id=0&X-Atmosphere-Framework=2.2.3-javascript&X-Atmosphere-Transport=long-polling&X-Atmosphere-TrackMessageSize=true&Content-Type=charset%3Dutf-8&X-atmo-protocol=true&_=1747099936849 HTTP/1.1" 200 -
61.239.100.147 - - [13/May/2025:09:32:19 +0800] "GET /InternetTrading/longpoll/13925?X-Atmosphere-tracking-id=0&X-Atmosphere-Framework=2.2.3-javascript&X-Atmosphere-Transport=long-polling&X-Atmosphere-TrackMessageSize=true&Content-Type=charset%3Dutf-8&X-atmo-protocol=true&_=1747099933557 HTTP/1.1" 200 -
119.136.153.55 - - [13/May/2025:09:32:20 +0800] "GET /InternetTrading/longpoll/52832?X-Atmosphere-tracking-id=0&X-Atmosphere-Framework=2.2.3-javascript&X-Atmosphere-Transport=long-polling&X-Atmosphere-TrackMessageSize=true&Content-Type=charset%3Dutf-8&X-atmo-protocol=true&_=1747099946221 HTTP/1.1" 200 -
14.0.155.122 - - [13/May/2025:09:32:21 +0800] "GET /InternetTrading/longpoll/A8127?X-Atmosphere-tracking-id=0&X-Atmosphere-Framework=2.2.3-javascript&X-Atmosphere-Transport=long-polling&X-Atmosphere-TrackMessageSize=true&Content-Type=charset%3Dutf-8&X-atmo-protocol=true&_=1747099937461 HTTP/1.1" 200 -
110.81.57.78 - - [13/May/2025:09:32:24 +0800] "GET /InternetTrading/longpoll/M8773?X-Atmosphere-tracking-id=0&X-Atmosphere-Framework=2.2.3-javascript&X-Atmosphere-Transport=long-polling&X-Atmosphere-TrackMessageSize=true&Content-Type=charset%3Dutf-8&X-atmo-protocol=true&_=1747099942849 HTTP/1.1" 200 -
119.136.153.55 - - [13/May/2025:09:32:25 +0800] "GET /InternetTrading/longpoll/52832?X-Atmosphere-tracking-id=0&X-Atmosphere-Framework=2.2.3-javascript&X-Atmosphere-Transport=long-polling&X-Atmosphere-TrackMessageSize=true&Content-Type=charset%3Dutf-8&X-atmo-protocol=true&_=1747099951375 HTTP/1.1" 200 -
61.239.100.147 - - [13/May/2025:09:32:25 +0800] "GET /InternetTrading/longpoll/13925?X-Atmosphere-tracking-id=0&X-Atmosphere-Framework=2.2.3-javascript&X-Atmosphere-Transport=long-polling&X-Atmosphere-TrackMessageSize=true&Content-Type=charset%3Dutf-8&X-atmo-protocol=true&_=1747099939566 HTTP/1.1" 200 -
14.0.155.122 - - [13/May/2025:09:32:26 +0800] "GET /InternetTrading/longpoll/A8127?X-Atmosphere-tracking-id=0&X-Atmosphere-Framework=2.2.3-javascript&X-Atmosphere-Transport=long-polling&X-Atmosphere-TrackMessageSize=true&Content-Type=charset%3Dutf-8&X-atmo-protocol=true&_=1747099942720 HTTP/1.1" 200 -
14.0.155.122 - - [13/May/2025:09:32:29 +0800] "POST /InternetTrading/SessionErrorLogger HTTP/1.1" 200 117
14.0.155.122 - - [13/May/2025:09:32:29 +0800] "POST /InternetTrading/Heartbeat HTTP/1.1" 200 32
110.81.57.78 - - [13/May/2025:09:32:30 +0800] "GET /InternetTrading/longpoll/M8773?X-Atmosphere-tracking-id=0&X-Atmosphere-Framework=2.2.3-javascript&X-Atmosphere-Transport=long-polling&X-Atmosphere-TrackMessageSize=true&Content-Type=charset%3Dutf-8&X-atmo-protocol=true&_=1747099948849 HTTP/1.1" 200 -
119.136.153.55 - - [13/May/2025:09:32:30 +0800] "GET /InternetTrading/longpoll/52832?X-Atmosphere-tracking-id=0&X-Atmosphere-Framework=2.2.3-javascript&X-Atmosphere-Transport=long-polling&X-Atmosphere-TrackMessageSize=true&Content-Type=charset%3Dutf-8&X-atmo-protocol=true&_=1747099956475 HTTP/1.1" 200 -
14.0.155.122 - - [13/May/2025:09:32:31 +0800] "GET /InternetTrading/longpoll/A8127?X-Atmosphere-tracking-id=0&X-Atmosphere-Framework=2.2.3-javascript&X-Atmosphere-Transport=long-polling&X-Atmosphere-TrackMessageSize=true&Content-Type=charset%3Dutf-8&X-atmo-protocol=true&_=1747099947941 HTTP/1.1" 200 -
61.239.100.147 - - [13/May/2025:09:32:31 +0800] "GET /InternetTrading/longpoll/13925?X-Atmosphere-tracking-id=0&X-Atmosphere-Framework=2.2.3-javascript&X-Atmosphere-Transport=long-polling&X-Atmosphere-TrackMessageSize=true&Content-Type=charset%3Dutf-8&X-atmo-protocol=true&_=1747099945556 HTTP/1.1" 200 -
119.136.153.55 - - [13/May/2025:09:32:35 +0800] "POST /InternetTrading/SessionErrorLogger HTTP/1.1" 200 117
119.136.153.55 - - [13/May/2025:09:32:35 +0800] "POST /InternetTrading/Heartbeat HTTP/1.1" 200 32
119.136.153.55 - - [13/May/2025:09:32:35 +0800] "POST /InternetTrading/SessionErrorLogger HTTP/1.1" 200 117
119.136.153.55 - - [13/May/2025:09:32:35 +0800] "POST /InternetTrading/MarketStatus HTTP/1.1" 200 772
119.136.153.55 - - [13/May/2025:09:32:35 +0800] "GET /InternetTrading/longpoll/52832?X-Atmosphere-tracking-id=0&X-Atmosphere-Framework=2.2.3-javascript&X-Atmosphere-Transport=long-polling&X-Atmosphere-TrackMessageSize=true&Content-Type=charset%3Dutf-8&X-atmo-protocol=true&_=1747099961553 HTTP/1.1" 200 -
110.81.57.78 - - [13/May/2025:09:32:36 +0800] "GET /InternetTrading/longpoll/M8773?X-Atmosphere-tracking-id=0&X-Atmosphere-Framework=2.2.3-javascript&X-Atmosphere-Transport=long-polling&X-Atmosphere-TrackMessageSize=true&Content-Type=charset%3Dutf-8&X-atmo-protocol=true&_=1747099954849 HTTP/1.1" 200 -
14.0.155.122 - - [13/May/2025:09:32:36 +0800] "GET /InternetTrading/longpoll/A8127?X-Atmosphere-tracking-id=0&X-Atmosphere-Framework=2.2.3-javascript&X-Atmosphere-Transport=long-polling&X-Atmosphere-TrackMessageSize=true&Content-Type=charset%3Dutf-8&X-atmo-protocol=true&_=1747099953075 HTTP/1.1" 200 -
61.239.100.147 - - [13/May/2025:09:32:37 +0800] "GET /InternetTrading/longpoll/13925?X-Atmosphere-tracking-id=0&X-Atmosphere-Framework=2.2.3-javascript&X-Atmosphere-Transport=long-polling&X-Atmosphere-TrackMessageSize=true&Content-Type=charset%3Dutf-8&X-atmo-protocol=true&_=1747099951557 HTTP/1.1" 200 -
119.136.153.55 - - [13/May/2025:09:32:40 +0800] "GET /InternetTrading/longpoll/52832?X-Atmosphere-tracking-id=0&X-Atmosphere-Framework=2.2.3-javascript&X-Atmosphere-Transport=long-polling&X-Atmosphere-TrackMessageSize=true&Content-Type=charset%3Dutf-8&X-atmo-protocol=true&_=1747099966587 HTTP/1.1" 200 -
14.0.155.122 - - [13/May/2025:09:32:41 +0800] "GET /InternetTrading/longpoll/A8127?X-Atmosphere-tracking-id=0&X-Atmosphere-Framework=2.2.3-javascript&X-Atmosphere-Transport=long-polling&X-Atmosphere-TrackMessageSize=true&Content-Type=charset%3Dutf-8&X-atmo-protocol=true&_=1747099958266 HTTP/1.1" 200 -
110.81.57.78 - - [13/May/2025:09:32:42 +0800] "GET /InternetTrading/longpoll/M8773?X-Atmosphere-tracking-id=0&X-Atmosphere-Framework=2.2.3-javascript&X-Atmosphere-Transport=long-polling&X-Atmosphere-TrackMessageSize=true&Content-Type=charset%3Dutf-8&X-atmo-protocol=true&_=1747099960849 HTTP/1.1" 200 -
61.239.100.147 - - [13/May/2025:09:32:43 +0800] "GET /InternetTrading/longpoll/13925?X-Atmosphere-tracking-id=0&X-Atmosphere-Framework=2.2.3-javascript&X-Atmosphere-Transport=long-polling&X-Atmosphere-TrackMessageSize=true&Content-Type=charset%3Dutf-8&X-atmo-protocol=true&_=1747099957559 HTTP/1.1" 200 -
14.0.155.122 - - [13/May/2025:09:32:44 +0800] "POST /InternetTrading/SessionErrorLogger HTTP/1.1" 200 117
14.0.155.122 - - [13/May/2025:09:32:44 +0800] "POST /InternetTrading/MarketStatus HTTP/1.1" 200 772
110.81.57.78 - - [13/May/2025:09:32:45 +0800] "POST /InternetTrading/SessionErrorLogger HTTP/1.1" 200 117
110.81.57.78 - - [13/May/2025:09:32:45 +0800] "POST /InternetTrading/Heartbeat HTTP/1.1" 200 32
110.81.57.78 - - [13/May/2025:09:32:45 +0800] "POST /InternetTrading/SessionErrorLogger HTTP/1.1" 200 117
110.81.57.78 - - [13/May/2025:09:32:45 +0800] "POST /InternetTrading/MarketStatus HTTP/1.1" 200 772
119.136.153.55 - - [13/May/2025:09:32:45 +0800] "GET /InternetTrading/longpoll/52832?X-Atmosphere-tracking-id=0&X-Atmosphere-Framework=2.2.3-javascript&X-Atmosphere-Transport=long-polling&X-Atmosphere-TrackMessageSize=true&Content-Type=charset%3Dutf-8&X-atmo-protocol=true&_=1747099971688 HTTP/1.1" 200 -
14.0.155.122 - - [13/May/2025:09:32:46 +0800] "GET /InternetTrading/longpoll/A8127?X-Atmosphere-tracking-id=0&X-Atmosphere-Framework=2.2.3-javascript&X-Atmosphere-Transport=long-polling&X-Atmosphere-TrackMessageSize=true&Content-Type=charset%3Dutf-8&X-atmo-protocol=true&_=1747099963416 HTTP/1.1" 200 -
110.81.57.78 - - [13/May/2025:09:32:48 +0800] "GET /InternetTrading/longpoll/M8773?X-Atmosphere-tracking-id=0&X-Atmosphere-Framework=2.2.3-javascript&X-Atmosphere-Transport=long-polling&X-Atmosphere-TrackMessageSize=true&Content-Type=charset%3Dutf-8&X-atmo-protocol=true&_=1747099966861 HTTP/1.1" 200 -
61.239.100.147 - - [13/May/2025:09:32:49 +0800] "GET /InternetTrading/longpoll/13925?X-Atmosphere-tracking-id=0&X-Atmosphere-Framework=2.2.3-javascript&X-Atmosphere-Transport=long-polling&X-Atmosphere-TrackMessageSize=true&Content-Type=charset%3Dutf-8&X-atmo-protocol=true&_=1747099963553 HTTP/1.1" 200 -
119.136.153.55 - - [13/May/2025:09:32:51 +0800] "GET /InternetTrading/longpoll/52832?X-Atmosphere-tracking-id=0&X-Atmosphere-Framework=2.2.3-javascript&X-Atmosphere-Transport=long-polling&X-Atmosphere-TrackMessageSize=true&Content-Type=charset%3Dutf-8&X-atmo-protocol=true&_=1747099976764 HTTP/1.1" 200 -
14.0.155.122 - - [13/May/2025:09:32:51 +0800] "GET /InternetTrading/longpoll/A8127?X-Atmosphere-tracking-id=0&X-Atmosphere-Framework=2.2.3-javascript&X-Atmosphere-Transport=long-polling&X-Atmosphere-TrackMessageSize=true&Content-Type=charset%3Dutf-8&X-atmo-protocol=true&_=1747099968466 HTTP/1.1" 200 -
110.81.57.78 - - [13/May/2025:09:32:54 +0800] "GET /InternetTrading/longpoll/M8773?X-Atmosphere-tracking-id=0&X-Atmosphere-Framework=2.2.3-javascript&X-Atmosphere-Transport=long-polling&X-Atmosphere-TrackMessageSize=true&Content-Type=charset%3Dutf-8&X-atmo-protocol=true&_=1747099972850 HTTP/1.1" 200 -
61.239.100.147 - - [13/May/2025:09:32:55 +0800] "GET /InternetTrading/longpoll/13925?X-Atmosphere-tracking-id=0&X-Atmosphere-Framework=2.2.3-javascript&X-Atmosphere-Transport=long-polling&X-Atmosphere-TrackMessageSize=true&Content-Type=charset%3Dutf-8&X-atmo-protocol=true&_=1747099969559 HTTP/1.1" 200 -
119.136.153.55 - - [13/May/2025:09:32:56 +0800] "GET /InternetTrading/longpoll/52832?X-Atmosphere-tracking-id=0&X-Atmosphere-Framework=2.2.3-javascript&X-Atmosphere-Transport=long-polling&X-Atmosphere-TrackMessageSize=true&Content-Type=charset%3Dutf-8&X-atmo-protocol=true&_=1747099981826 HTTP/1.1" 200 -
14.0.155.122 - - [13/May/2025:09:32:57 +0800] "GET /InternetTrading/longpoll/A8127?X-Atmosphere-tracking-id=0&X-Atmosphere-Framework=2.2.3-javascript&X-Atmosphere-Transport=long-polling&X-Atmosphere-TrackMessageSize=true&Content-Type=charset%3Dutf-8&X-atmo-protocol=true&_=1747099973612 HTTP/1.1" 200 -
14.0.155.122 - - [13/May/2025:09:33:00 +0800] "POST /InternetTrading/SessionErrorLogger HTTP/1.1" 200 117
14.0.155.122 - - [13/May/2025:09:33:00 +0800] "POST /InternetTrading/Heartbeat HTTP/1.1" 200 32
110.81.57.78 - - [13/May/2025:09:33:00 +0800] "GET /InternetTrading/longpoll/M8773?X-Atmosphere-tracking-id=0&X-Atmosphere-Framework=2.2.3-javascript&X-Atmosphere-Transport=long-polling&X-Atmosphere-TrackMessageSize=true&Content-Type=charset%3Dutf-8&X-atmo-protocol=true&_=1747099978865 HTTP/1.1" 200 -
119.136.153.55 - - [13/May/2025:09:33:01 +0800] "GET /InternetTrading/longpoll/52832?X-Atmosphere-tracking-id=0&X-Atmosphere-Framework=2.2.3-javascript&X-Atmosphere-Transport=long-polling&X-Atmosphere-TrackMessageSize=true&Content-Type=charset%3Dutf-8&X-atmo-protocol=true&_=1747099986911 HTTP/1.1" 200 -
61.239.100.147 - - [13/May/2025:09:33:01 +0800] "GET /InternetTrading/longpoll/13925?X-Atmosphere-tracking-id=0&X-Atmosphere-Framework=2.2.3-javascript&X-Atmosphere-Transport=long-polling&X-Atmosphere-TrackMessageSize=true&Content-Type=charset%3Dutf-8&X-atmo-protocol=true&_=1747099975566 HTTP/1.1" 200 -
14.0.155.122 - - [13/May/2025:09:33:02 +0800] "GET /InternetTrading/longpoll/A8127?X-Atmosphere-tracking-id=0&X-Atmosphere-Framework=2.2.3-javascript&X-Atmosphere-Transport=long-polling&X-Atmosphere-TrackMessageSize=true&Content-Type=charset%3Dutf-8&X-atmo-protocol=true&_=1747099978791 HTTP/1.1" 200 -
61.239.100.147 - - [13/May/2025:09:33:04 +0800] "POST /InternetTrading/SessionErrorLogger HTTP/1.1" 200 117
61.239.100.147 - - [13/May/2025:09:33:04 +0800] "POST /InternetTrading/MarketStatus HTTP/1.1" 200 772
61.239.100.147 - - [13/May/2025:09:33:04 +0800] "POST /InternetTrading/SessionErrorLogger HTTP/1.1" 200 117
61.239.100.147 - - [13/May/2025:09:33:04 +0800] "POST /InternetTrading/Heartbeat HTTP/1.1" 200 32
119.136.153.55 - - [13/May/2025:09:33:05 +0800] "POST /InternetTrading/SessionErrorLogger HTTP/1.1" 200 117
119.136.153.55 - - [13/May/2025:09:33:05 +0800] "POST /InternetTrading/Heartbeat HTTP/1.1" 200 32
119.136.153.55 - - [13/May/2025:09:33:05 +0800] "POST /InternetTrading/SessionErrorLogger HTTP/1.1" 200 117
119.136.153.55 - - [13/May/2025:09:33:05 +0800] "POST /InternetTrading/MarketStatus HTTP/1.1" 200 772
119.136.153.55 - - [13/May/2025:09:33:06 +0800] "GET /InternetTrading/longpoll/52832?X-Atmosphere-tracking-id=0&X-Atmosphere-Framework=2.2.3-javascript&X-Atmosphere-Transport=long-polling&X-Atmosphere-TrackMessageSize=true&Content-Type=charset%3Dutf-8&X-atmo-protocol=true&_=1747099991975 HTTP/1.1" 200 -
110.81.57.78 - - [13/May/2025:09:33:06 +0800] "GET /InternetTrading/longpoll/M8773?X-Atmosphere-tracking-id=0&X-Atmosphere-Framework=2.2.3-javascript&X-Atmosphere-Transport=long-polling&X-Atmosphere-TrackMessageSize=true&Content-Type=charset%3Dutf-8&X-atmo-protocol=true&_=1747099984855 HTTP/1.1" 200 -
14.0.155.122 - - [13/May/2025:09:33:07 +0800] "GET /InternetTrading/longpoll/A8127?X-Atmosphere-tracking-id=0&X-Atmosphere-Framework=2.2.3-javascript&X-Atmosphere-Transport=long-polling&X-Atmosphere-TrackMessageSize=true&Content-Type=charset%3Dutf-8&X-atmo-protocol=true&_=1747099983874 HTTP/1.1" 200 -
61.239.100.147 - - [13/May/2025:09:33:07 +0800] "GET /InternetTrading/longpoll/13925?X-Atmosphere-tracking-id=0&X-Atmosphere-Framework=2.2.3-javascript&X-Atmosphere-Transport=long-polling&X-Atmosphere-TrackMessageSize=true&Content-Type=charset%3Dutf-8&X-atmo-protocol=true&_=1747099981561 HTTP/1.1" 200 -
119.136.153.55 - - [13/May/2025:09:33:11 +0800] "GET /InternetTrading/longpoll/52832?X-Atmosphere-tracking-id=0&X-Atmosphere-Framework=2.2.3-javascript&X-Atmosphere-Transport=long-polling&X-Atmosphere-TrackMessageSize=true&Content-Type=charset%3Dutf-8&X-atmo-protocol=true&_=1747099997021 HTTP/1.1" 200 -
110.81.57.78 - - [13/May/2025:09:33:12 +0800] "GET /InternetTrading/longpoll/M8773?X-Atmosphere-tracking-id=0&X-Atmosphere-Framework=2.2.3-javascript&X-Atmosphere-Transport=long-polling&X-Atmosphere-TrackMessageSize=true&Content-Type=charset%3Dutf-8&X-atmo-protocol=true&_=1747099990855 HTTP/1.1" 200 -
14.0.155.122 - - [13/May/2025:09:33:12 +0800] "GET /InternetTrading/longpoll/A8127?X-Atmosphere-tracking-id=0&X-Atmosphere-Framework=2.2.3-javascript&X-Atmosphere-Transport=long-polling&X-Atmosphere-TrackMessageSize=true&Content-Type=charset%3Dutf-8&X-atmo-protocol=true&_=1747099989023 HTTP/1.1" 200 -
61.239.100.147 - - [13/May/2025:09:33:13 +0800] "GET /InternetTrading/longpoll/13925?X-Atmosphere-tracking-id=0&X-Atmosphere-Framework=2.2.3-javascript&X-Atmosphere-Transport=long-polling&X-Atmosphere-TrackMessageSize=true&Content-Type=charset%3Dutf-8&X-atmo-protocol=true&_=1747099987551 HTTP/1.1" 200 -
14.0.155.122 - - [13/May/2025:09:33:14 +0800] "POST /InternetTrading/SessionErrorLogger HTTP/1.1" 200 117
14.0.155.122 - - [13/May/2025:09:33:14 +0800] "POST /InternetTrading/MarketStatus HTTP/1.1" 200 772
119.136.153.55 - - [13/May/2025:09:33:16 +0800] "GET /InternetTrading/longpoll/52832?X-Atmosphere-tracking-id=0&X-Atmosphere-Framework=2.2.3-javascript&X-Atmosphere-Transport=long-polling&X-Atmosphere-TrackMessageSize=true&Content-Type=charset%3Dutf-8&X-atmo-protocol=true&_=1747100002082 HTTP/1.1" 200 -
14.0.155.122 - - [13/May/2025:09:33:17 +0800] "GET /InternetTrading/longpoll/A8127?X-Atmosphere-tracking-id=0&X-Atmosphere-Framework=2.2.3-javascript&X-Atmosphere-Transport=long-polling&X-Atmosphere-TrackMessageSize=true&Content-Type=charset%3Dutf-8&X-atmo-protocol=true&_=1747099994154 HTTP/1.1" 200 -
110.81.57.78 - - [13/May/2025:09:33:18 +0800] "GET /InternetTrading/longpoll/M8773?X-Atmosphere-tracking-id=0&X-Atmosphere-Framework=2.2.3-javascript&X-Atmosphere-Transport=long-polling&X-Atmosphere-TrackMessageSize=true&Content-Type=charset%3Dutf-8&X-atmo-protocol=true&_=1747099996855 HTTP/1.1" 200 -
110.81.57.78 - - [13/May/2025:09:33:18 +0800] "POST /InternetTrading/SessionErrorLogger HTTP/1.1" 200 117
110.81.57.78 - - [13/May/2025:09:33:18 +0800] "POST /InternetTrading/Heartbeat HTTP/1.1" 200 32
110.81.57.78 - - [13/May/2025:09:33:19 +0800] "POST /InternetTrading/SessionErrorLogger HTTP/1.1" 200 117
110.81.57.78 - - [13/May/2025:09:33:19 +0800] "POST /InternetTrading/MarketStatus HTTP/1.1" 200 772
61.239.100.147 - - [13/May/2025:09:33:19 +0800] "GET /InternetTrading/longpoll/13925?X-Atmosphere-tracking-id=0&X-Atmosphere-Framework=2.2.3-javascript&X-Atmosphere-Transport=long-polling&X-Atmosphere-TrackMessageSize=true&Content-Type=charset%3Dutf-8&X-atmo-protocol=true&_=1747099993563 HTTP/1.1" 200 -
119.136.153.55 - - [13/May/2025:09:33:21 +0800] "GET /InternetTrading/longpoll/52832?X-Atmosphere-tracking-id=0&X-Atmosphere-Framework=2.2.3-javascript&X-Atmosphere-Transport=long-polling&X-Atmosphere-TrackMessageSize=true&Content-Type=charset%3Dutf-8&X-atmo-protocol=true&_=1747100007146 HTTP/1.1" 200 -
14.0.155.122 - - [13/May/2025:09:33:22 +0800] "GET /InternetTrading/longpoll/A8127?X-Atmosphere-tracking-id=0&X-Atmosphere-Framework=2.2.3-javascript&X-Atmosphere-Transport=long-polling&X-Atmosphere-TrackMessageSize=true&Content-Type=charset%3Dutf-8&X-atmo-protocol=true&_=1747099999306 HTTP/1.1" 200 -
110.81.57.78 - - [13/May/2025:09:33:23 +0800] "GET /InternetTrading/longpoll/M8773?X-Atmosphere-tracking-id=0&X-Atmosphere-Framework=2.2.3-javascript&X-Atmosphere-Transport=long-polling&X-Atmosphere-TrackMessageSize=true&Content-Type=charset%3Dutf-8&X-atmo-protocol=true&_=1747100002290 HTTP/1.1" 200 -
61.239.100.147 - - [13/May/2025:09:33:25 +0800] "GET /InternetTrading/longpoll/13925?X-Atmosphere-tracking-id=0&X-Atmosphere-Framework=2.2.3-javascript&X-Atmosphere-Transport=long-polling&X-Atmosphere-TrackMessageSize=true&Content-Type=charset%3Dutf-8&X-atmo-protocol=true&_=1747099999566 HTTP/1.1" 200 -
119.136.153.55 - - [13/May/2025:09:33:26 +0800] "GET /InternetTrading/longpoll/52832?X-Atmosphere-tracking-id=0&X-Atmosphere-Framework=2.2.3-javascript&X-Atmosphere-Transport=long-polling&X-Atmosphere-TrackMessageSize=true&Content-Type=charset%3Dutf-8&X-atmo-protocol=true&_=1747100012220 HTTP/1.1" 200 -
14.0.155.122 - - [13/May/2025:09:33:27 +0800] "GET /InternetTrading/longpoll/A8127?X-Atmosphere-tracking-id=0&X-Atmosphere-Framework=2.2.3-javascript&X-Atmosphere-Transport=long-polling&X-Atmosphere-TrackMessageSize=true&Content-Type=charset%3Dutf-8&X-atmo-protocol=true&_=1747100004430 HTTP/1.1" 200 -
110.81.57.78 - - [13/May/2025:09:33:29 +0800] "GET /InternetTrading/longpoll/M8773?X-Atmosphere-tracking-id=0&X-Atmosphere-Framework=2.2.3-javascript&X-Atmosphere-Transport=long-polling&X-Atmosphere-TrackMessageSize=true&Content-Type=charset%3Dutf-8&X-atmo-protocol=true&_=1747100007855 HTTP/1.1" 200 -
14.0.155.122 - - [13/May/2025:09:33:30 +0800] "POST /InternetTrading/SessionErrorLogger HTTP/1.1" 200 117
14.0.155.122 - - [13/May/2025:09:33:30 +0800] "POST /InternetTrading/Heartbeat HTTP/1.1" 200 32
119.136.153.55 - - [13/May/2025:09:33:31 +0800] "GET /InternetTrading/longpoll/52832?X-Atmosphere-tracking-id=0&X-Atmosphere-Framework=2.2.3-javascript&X-Atmosphere-Transport=long-polling&X-Atmosphere-TrackMessageSize=true&Content-Type=charset%3Dutf-8&X-atmo-protocol=true&_=1747100017283 HTTP/1.1" 200 -
61.239.100.147 - - [13/May/2025:09:33:31 +0800] "GET /InternetTrading/longpoll/13925?X-Atmosphere-tracking-id=0&X-Atmosphere-Framework=2.2.3-javascript&X-Atmosphere-Transport=long-polling&X-Atmosphere-TrackMessageSize=true&Content-Type=charset%3Dutf-8&X-atmo-protocol=true&_=1747100005561 HTTP/1.1" 200 -
14.0.155.122 - - [13/May/2025:09:33:33 +0800] "GET /InternetTrading/longpoll/A8127?X-Atmosphere-tracking-id=0&X-Atmosphere-Framework=2.2.3-javascript&X-Atmosphere-Transport=long-polling&X-Atmosphere-TrackMessageSize=true&Content-Type=charset%3Dutf-8&X-atmo-protocol=true&_=1747100009593 HTTP/1.1" 200 -
110.81.57.78 - - [13/May/2025:09:33:33 +0800] "POST /InternetTrading/SessionErrorLogger HTTP/1.1" 200 117
110.81.57.78 - - [13/May/2025:09:33:33 +0800] "GET /InternetTrading/tc/sell_ticket.html? HTTP/1.1" 200 2261
110.81.57.78 - - [13/May/2025:09:33:34 +0800] "POST /InternetTrading/SessionErrorLogger HTTP/1.1" 200 117
110.81.57.78 - - [13/May/2025:09:33:34 +0800] "POST /InternetTrading/MarketStatus HTTP/1.1" 200 772
110.81.57.78 - - [13/May/2025:09:33:34 +0800] "POST /InternetTrading/SessionErrorLogger HTTP/1.1" 200 117
110.81.57.78 - - [13/May/2025:09:33:34 +0800] "POST /InternetTrading/MarketStatus HTTP/1.1" 200 772
110.81.57.78 - - [13/May/2025:09:33:34 +0800] "GET /InternetTrading/longpoll/M8773?X-Atmosphere-tracking-id=0&X-Atmosphere-Framework=2.2.3-javascript&X-Atmosphere-Transport=long-polling&X-Atmosphere-TrackMessageSize=true&Content-Type=charset%3Dutf-8&X-atmo-protocol=true&_=1747100013057 HTTP/1.1" 200 -
119.136.153.55 - - [13/May/2025:09:33:35 +0800] "POST /InternetTrading/SessionErrorLogger HTTP/1.1" 200 117
119.136.153.55 - - [13/May/2025:09:33:35 +0800] "POST /InternetTrading/Heartbeat HTTP/1.1" 200 32
119.136.153.55 - - [13/May/2025:09:33:35 +0800] "POST /InternetTrading/SessionErrorLogger HTTP/1.1" 200 117
119.136.153.55 - - [13/May/2025:09:33:35 +0800] "POST /InternetTrading/MarketStatus HTTP/1.1" 200 772
119.136.153.55 - - [13/May/2025:09:33:36 +0800] "GET /InternetTrading/longpoll/52832?X-Atmosphere-tracking-id=0&X-Atmosphere-Framework=2.2.3-javascript&X-Atmosphere-Transport=long-polling&X-Atmosphere-TrackMessageSize=true&Content-Type=charset%3Dutf-8&X-atmo-protocol=true&_=1747100022410 HTTP/1.1" 200 -
110.81.57.78 - - [13/May/2025:09:33:37 +0800] "POST /InternetTrading/SessionErrorLogger HTTP/1.1" 200 117
61.239.100.147 - - [13/May/2025:09:33:37 +0800] "GET /InternetTrading/longpoll/13925?X-Atmosphere-tracking-id=0&X-Atmosphere-Framework=2.2.3-javascript&X-Atmosphere-Transport=long-polling&X-Atmosphere-TrackMessageSize=true&Content-Type=charset%3Dutf-8&X-atmo-protocol=true&_=1747100011554 HTTP/1.1" 200 -
110.81.57.78 - - [13/May/2025:09:33:38 +0800] "POST /InternetTrading/SessionErrorLogger HTTP/1.1" 200 117
110.81.57.78 - - [13/May/2025:09:33:38 +0800] "POST /InternetTrading/Product HTTP/1.1" 200 303
110.81.57.78 - - [13/May/2025:09:33:38 +0800] "POST /InternetTrading/OrderMaxQuantity HTTP/1.1" 200 8
14.0.155.122 - - [13/May/2025:09:33:38 +0800] "GET /InternetTrading/longpoll/A8127?X-Atmosphere-tracking-id=0&X-Atmosphere-Framework=2.2.3-javascript&X-Atmosphere-Transport=long-polling&X-Atmosphere-TrackMessageSize=true&Content-Type=charset%3Dutf-8&X-atmo-protocol=true&_=1747100014755 HTTP/1.1" 200 -
110.81.57.78 - - [13/May/2025:09:33:40 +0800] "GET /InternetTrading/longpoll/M8773?X-Atmosphere-tracking-id=0&X-Atmosphere-Framework=2.2.3-javascript&X-Atmosphere-Transport=long-polling&X-Atmosphere-TrackMessageSize=true&Content-Type=charset%3Dutf-8&X-atmo-protocol=true&_=1747100018812 HTTP/1.1" 200 -
119.136.153.55 - - [13/May/2025:09:33:41 +0800] "GET /InternetTrading/longpoll/52832?X-Atmosphere-tracking-id=0&X-Atmosphere-Framework=2.2.3-javascript&X-Atmosphere-Transport=long-polling&X-Atmosphere-TrackMessageSize=true&Content-Type=charset%3Dutf-8&X-atmo-protocol=true&_=1747100027445 HTTP/1.1" 200 -
14.0.155.122 - - [13/May/2025:09:33:43 +0800] "GET /InternetTrading/longpoll/A8127?X-Atmosphere-tracking-id=0&X-Atmosphere-Framework=2.2.3-javascript&X-Atmosphere-Transport=long-polling&X-Atmosphere-TrackMessageSize=true&Content-Type=charset%3Dutf-8&X-atmo-protocol=true&_=1747100019978 HTTP/1.1" 200 -
61.239.100.147 - - [13/May/2025:09:33:43 +0800] "GET /InternetTrading/longpoll/13925?X-Atmosphere-tracking-id=0&X-Atmosphere-Framework=2.2.3-javascript&X-Atmosphere-Transport=long-polling&X-Atmosphere-TrackMessageSize=true&Content-Type=charset%3Dutf-8&X-atmo-protocol=true&_=1747100017563 HTTP/1.1" 200 -
14.0.155.122 - - [13/May/2025:09:33:44 +0800] "POST /InternetTrading/SessionErrorLogger HTTP/1.1" 200 117
14.0.155.122 - - [13/May/2025:09:33:44 +0800] "POST /InternetTrading/MarketStatus HTTP/1.1" 200 772
110.81.57.78 - - [13/May/2025:09:33:45 +0800] "GET /InternetTrading/longpoll/M8773?X-Atmosphere-tracking-id=0&X-Atmosphere-Framework=2.2.3-javascript&X-Atmosphere-Transport=long-polling&X-Atmosphere-TrackMessageSize=true&Content-Type=charset%3Dutf-8&X-atmo-protocol=true&_=1747100023878 HTTP/1.1" 200 -
119.136.153.55 - - [13/May/2025:09:33:46 +0800] "GET /InternetTrading/longpoll/52832?X-Atmosphere-tracking-id=0&X-Atmosphere-Framework=2.2.3-javascript&X-Atmosphere-Transport=long-polling&X-Atmosphere-TrackMessageSize=true&Content-Type=charset%3Dutf-8&X-atmo-protocol=true&_=1747100032511 HTTP/1.1" 200 -
14.0.155.122 - - [13/May/2025:09:33:48 +0800] "GET /InternetTrading/longpoll/A8127?X-Atmosphere-tracking-id=0&X-Atmosphere-Framework=2.2.3-javascript&X-Atmosphere-Transport=long-polling&X-Atmosphere-TrackMessageSize=true&Content-Type=charset%3Dutf-8&X-atmo-protocol=true&_=1747100025142 HTTP/1.1" 200 -
110.81.57.78 - - [13/May/2025:09:33:49 +0800] "POST /InternetTrading/SessionErrorLogger HTTP/1.1" 200 117
110.81.57.78 - - [13/May/2025:09:33:49 +0800] "POST /InternetTrading/Heartbeat HTTP/1.1" 200 32
61.239.100.147 - - [13/May/2025:09:33:49 +0800] "GET /InternetTrading/longpoll/13925?X-Atmosphere-tracking-id=0&X-Atmosphere-Framework=2.2.3-javascript&X-Atmosphere-Transport=long-polling&X-Atmosphere-TrackMessageSize=true&Content-Type=charset%3Dutf-8&X-atmo-protocol=true&_=1747100023558 HTTP/1.1" 200 -
110.81.57.78 - - [13/May/2025:09:33:50 +0800] "GET /InternetTrading/longpoll/M8773?X-Atmosphere-tracking-id=0&X-Atmosphere-Framework=2.2.3-javascript&X-Atmosphere-Transport=long-polling&X-Atmosphere-TrackMessageSize=true&Content-Type=charset%3Dutf-8&X-atmo-protocol=true&_=1747100028961 HTTP/1.1" 200 -
119.136.153.55 - - [13/May/2025:09:33:51 +0800] "GET /InternetTrading/longpoll/52832?X-Atmosphere-tracking-id=0&X-Atmosphere-Framework=2.2.3-javascript&X-Atmosphere-Transport=long-polling&X-Atmosphere-TrackMessageSize=true&Content-Type=charset%3Dutf-8&X-atmo-protocol=true&_=1747100037596 HTTP/1.1" 200 -
14.0.155.122 - - [13/May/2025:09:33:53 +0800] "GET /InternetTrading/longpoll/A8127?X-Atmosphere-tracking-id=0&X-Atmosphere-Framework=2.2.3-javascript&X-Atmosphere-Transport=long-polling&X-Atmosphere-TrackMessageSize=true&Content-Type=charset%3Dutf-8&X-atmo-protocol=true&_=1747100030241 HTTP/1.1" 200 -
110.81.57.78 - - [13/May/2025:09:33:55 +0800] "GET /InternetTrading/longpoll/M8773?X-Atmosphere-tracking-id=0&X-Atmosphere-Framework=2.2.3-javascript&X-Atmosphere-Transport=long-polling&X-Atmosphere-TrackMessageSize=true&Content-Type=charset%3Dutf-8&X-atmo-protocol=true&_=1747100034025 HTTP/1.1" 200 -
61.239.100.147 - - [13/May/2025:09:33:55 +0800] "GET /InternetTrading/longpoll/13925?X-Atmosphere-tracking-id=0&X-Atmosphere-Framework=2.2.3-javascript&X-Atmosphere-Transport=long-polling&X-Atmosphere-TrackMessageSize=true&Content-Type=charset%3Dutf-8&X-atmo-protocol=true&_=1747100029557 HTTP/1.1" 200 -
119.136.153.55 - - [13/May/2025:09:33:56 +0800] "GET /InternetTrading/longpoll/52832?X-Atmosphere-tracking-id=0&X-Atmosphere-Framework=2.2.3-javascript&X-Atmosphere-Transport=long-polling&X-Atmosphere-TrackMessageSize=true&Content-Type=charset%3Dutf-8&X-atmo-protocol=true&_=1747100042663 HTTP/1.1" 200 -
14.0.155.122 - - [13/May/2025:09:33:58 +0800] "GET /InternetTrading/longpoll/A8127?X-Atmosphere-tracking-id=0&X-Atmosphere-Framework=2.2.3-javascript&X-Atmosphere-Transport=long-polling&X-Atmosphere-TrackMessageSize=true&Content-Type=charset%3Dutf-8&X-atmo-protocol=true&_=1747100035405 HTTP/1.1" 200 -
14.0.155.122 - - [13/May/2025:09:34:00 +0800] "POST /InternetTrading/SessionErrorLogger HTTP/1.1" 200 117
14.0.155.122 - - [13/May/2025:09:34:00 +0800] "POST /InternetTrading/Heartbeat HTTP/1.1" 200 32
110.81.57.78 - - [13/May/2025:09:34:00 +0800] "GET /InternetTrading/longpoll/M8773?X-Atmosphere-tracking-id=0&X-Atmosphere-Framework=2.2.3-javascript&X-Atmosphere-Transport=long-polling&X-Atmosphere-TrackMessageSize=true&Content-Type=charset%3Dutf-8&X-atmo-protocol=true&_=1747100039215 HTTP/1.1" 200 -
61.239.100.147 - - [13/May/2025:09:34:01 +0800] "GET /InternetTrading/longpoll/13925?X-Atmosphere-tracking-id=0&X-Atmosphere-Framework=2.2.3-javascript&X-Atmosphere-Transport=long-polling&X-Atmosphere-TrackMessageSize=true&Content-Type=charset%3Dutf-8&X-atmo-protocol=true&_=1747100035554 HTTP/1.1" 200 -
119.136.153.55 - - [13/May/2025:09:34:01 +0800] "GET /InternetTrading/longpoll/52832?X-Atmosphere-tracking-id=0&X-Atmosphere-Framework=2.2.3-javascript&X-Atmosphere-Transport=long-polling&X-Atmosphere-TrackMessageSize=true&Content-Type=charset%3Dutf-8&X-atmo-protocol=true&_=1747100047732 HTTP/1.1" 200 -
14.0.155.122 - - [13/May/2025:09:34:04 +0800] "GET /InternetTrading/longpoll/A8127?X-Atmosphere-tracking-id=0&X-Atmosphere-Framework=2.2.3-javascript&X-Atmosphere-Transport=long-polling&X-Atmosphere-TrackMessageSize=true&Content-Type=charset%3Dutf-8&X-atmo-protocol=true&_=1747100040535 HTTP/1.1" 200 -
110.81.57.78 - - [13/May/2025:09:34:04 +0800] "POST /InternetTrading/SessionErrorLogger HTTP/1.1" 200 117
110.81.57.78 - - [13/May/2025:09:34:04 +0800] "POST /InternetTrading/MarketStatus HTTP/1.1" 200 772
110.81.57.78 - - [13/May/2025:09:34:04 +0800] "POST /InternetTrading/SessionErrorLogger HTTP/1.1" 200 117
110.81.57.78 - - [13/May/2025:09:34:04 +0800] "POST /InternetTrading/LoginKey HTTP/1.1" 200 -
110.81.57.78 - - [13/May/2025:09:34:04 +0800] "POST /InternetTrading/PreOrder HTTP/1.1" 200 1220
61.239.100.147 - - [13/May/2025:09:34:04 +0800] "POST /InternetTrading/SessionErrorLogger HTTP/1.1" 200 117
61.239.100.147 - - [13/May/2025:09:34:04 +0800] "POST /InternetTrading/MarketStatus HTTP/1.1" 200 772
61.239.100.147 - - [13/May/2025:09:34:04 +0800] "POST /InternetTrading/SessionErrorLogger HTTP/1.1" 200 117
61.239.100.147 - - [13/May/2025:09:34:04 +0800] "POST /InternetTrading/Heartbeat HTTP/1.1" 200 32
110.81.57.78 - - [13/May/2025:09:34:04 +0800] "GET /InternetTrading/jquery/wait.gif HTTP/1.1" 200 432
119.136.153.55 - - [13/May/2025:09:34:05 +0800] "POST /InternetTrading/SessionErrorLogger HTTP/1.1" 200 117
119.136.153.55 - - [13/May/2025:09:34:05 +0800] "POST /InternetTrading/Heartbeat HTTP/1.1" 200 32
110.81.57.78 - - [13/May/2025:09:34:05 +0800] "GET /InternetTrading/longpoll/M8773?X-Atmosphere-tracking-id=0&X-Atmosphere-Framework=2.2.3-javascript&X-Atmosphere-Transport=long-polling&X-Atmosphere-TrackMessageSize=true&Content-Type=charset%3Dutf-8&X-atmo-protocol=true&_=1747100044314 HTTP/1.1" 200 -
119.136.153.55 - - [13/May/2025:09:34:05 +0800] "POST /InternetTrading/SessionErrorLogger HTTP/1.1" 200 117
119.136.153.55 - - [13/May/2025:09:34:05 +0800] "POST /InternetTrading/MarketStatus HTTP/1.1" 200 772
