203.168.18.242 - - [10/Jun/2025:10:24:09 +0800] "GET /InternetTrading/longpoll/54585?X-Atmosphere-tracking-id=0&X-Atmosphere-Framework=2.2.3-javascript&X-Atmosphere-Transport=long-polling&X-Atmosphere-TrackMessageSize=true&Content-Type=charset%3Dutf-8&X-atmo-protocol=true&_=1749522277525 HTTP/1.1" 200 -
218.17.68.95 - - [10/Jun/2025:10:24:09 +0800] "GET /favicon.ico HTTP/1.1" 404 196
210.21.220.69 - - [10/Jun/2025:10:24:10 +0800] "GET /InternetTrading/longpoll/13876?X-Atmosphere-tracking-id=0&X-Atmosphere-Framework=2.2.3-javascript&X-Atmosphere-Transport=long-polling&X-Atmosphere-TrackMessageSize=true&Content-Type=charset%3Dutf-8&X-atmo-protocol=true&_=1749522279330 HTTP/1.1" 200 -
203.168.18.242 - - [10/Jun/2025:10:24:11 +0800] "POST /InternetTrading/SessionErrorLogger HTTP/1.1" 200 117
203.168.18.242 - - [10/Jun/2025:10:24:11 +0800] "POST /InternetTrading/Heartbeat HTTP/1.1" 200 32
203.168.18.242 - - [10/Jun/2025:10:24:11 +0800] "POST /InternetTrading/SessionErrorLogger HTTP/1.1" 200 117
203.168.18.242 - - [10/Jun/2025:10:24:11 +0800] "POST /InternetTrading/MarketStatus HTTP/1.1" 200 772
117.24.52.91 - - [10/Jun/2025:10:24:13 +0800] "GET /InternetTrading/longpoll/M8773?X-Atmosphere-tracking-id=0&X-Atmosphere-Framework=2.2.3-javascript&X-Atmosphere-Transport=long-polling&X-Atmosphere-TrackMessageSize=true&Content-Type=charset%3Dutf-8&X-atmo-protocol=true&_=1749522284103 HTTP/1.1" 200 -
58.250.29.186 - - [10/Jun/2025:10:24:14 +0800] "GET /InternetTrading/tc/login.html HTTP/1.1" 200 1755
203.168.18.242 - - [10/Jun/2025:10:24:15 +0800] "GET /InternetTrading/longpoll/54585?X-Atmosphere-tracking-id=0&X-Atmosphere-Framework=2.2.3-javascript&X-Atmosphere-Transport=long-polling&X-Atmosphere-TrackMessageSize=true&Content-Type=charset%3Dutf-8&X-atmo-protocol=true&_=1749522283526 HTTP/1.1" 200 -
210.21.220.69 - - [10/Jun/2025:10:24:16 +0800] "GET /InternetTrading/longpoll/13876?X-Atmosphere-tracking-id=0&X-Atmosphere-Framework=2.2.3-javascript&X-Atmosphere-Transport=long-polling&X-Atmosphere-TrackMessageSize=true&Content-Type=charset%3Dutf-8&X-atmo-protocol=true&_=1749522285330 HTTP/1.1" 200 -
117.24.52.91 - - [10/Jun/2025:10:24:19 +0800] "GET /InternetTrading/longpoll/M8773?X-Atmosphere-tracking-id=0&X-Atmosphere-Framework=2.2.3-javascript&X-Atmosphere-Transport=long-polling&X-Atmosphere-TrackMessageSize=true&Content-Type=charset%3Dutf-8&X-atmo-protocol=true&_=1749522290136 HTTP/1.1" 200 -
203.168.18.242 - - [10/Jun/2025:10:24:21 +0800] "GET /InternetTrading/longpoll/54585?X-Atmosphere-tracking-id=0&X-Atmosphere-Framework=2.2.3-javascript&X-Atmosphere-Transport=long-polling&X-Atmosphere-TrackMessageSize=true&Content-Type=charset%3Dutf-8&X-atmo-protocol=true&_=1749522289536 HTTP/1.1" 200 -
210.21.220.69 - - [10/Jun/2025:10:24:22 +0800] "GET /InternetTrading/longpoll/13876?X-Atmosphere-tracking-id=0&X-Atmosphere-Framework=2.2.3-javascript&X-Atmosphere-Transport=long-polling&X-Atmosphere-TrackMessageSize=true&Content-Type=charset%3Dutf-8&X-atmo-protocol=true&_=1749522291331 HTTP/1.1" 200 -
117.24.52.91 - - [10/Jun/2025:10:24:25 +0800] "GET /InternetTrading/longpoll/M8773?X-Atmosphere-tracking-id=0&X-Atmosphere-Framework=2.2.3-javascript&X-Atmosphere-Transport=long-polling&X-Atmosphere-TrackMessageSize=true&Content-Type=charset%3Dutf-8&X-atmo-protocol=true&_=1749522296103 HTTP/1.1" 200 -
58.250.29.186 - - [10/Jun/2025:10:24:26 +0800] "GET /InternetTrading/tc/style_common.css?v=20200819161914 HTTP/1.1" 200 2540
58.250.29.186 - - [10/Jun/2025:10:24:26 +0800] "GET /InternetTrading/tc/style.css?v=20200819161914 HTTP/1.1" 200 1435
58.250.29.186 - - [10/Jun/2025:10:24:26 +0800] "GET /InternetTrading/jquery/jquery-3.3.1.js HTTP/1.1" 200 80650
58.250.29.186 - - [10/Jun/2025:10:24:26 +0800] "GET /InternetTrading/jquery/jquery-migrate-3.0.0.js HTTP/1.1" 200 4963
58.250.29.186 - - [10/Jun/2025:10:24:26 +0800] "GET /InternetTrading/jquery/jquery.form-3.46.0.js HTTP/1.1" 200 5673
58.250.29.186 - - [10/Jun/2025:10:24:26 +0800] "GET /InternetTrading/jquery/jquery.validate-1.11.1.js HTTP/1.1" 200 7041
58.250.29.186 - - [10/Jun/2025:10:24:26 +0800] "GET /InternetTrading/jquery/additional-methods.js HTTP/1.1" 200 2238
58.250.29.186 - - [10/Jun/2025:10:24:26 +0800] "GET /InternetTrading/jquery/jquery.blockUI-2.66.0.js HTTP/1.1" 200 6651
58.250.29.186 - - [10/Jun/2025:10:24:26 +0800] "GET /InternetTrading/jquery/jquery.timer-0.9.16.js HTTP/1.1" 200 542
58.250.29.186 - - [10/Jun/2025:10:24:26 +0800] "GET /InternetTrading/jquery/jquery.getParams.js HTTP/1.1" 200 587
58.250.29.186 - - [10/Jun/2025:10:24:26 +0800] "GET /InternetTrading/jquery/jquery-ui-personalized-1.6rc2.min.js HTTP/1.1" 200 55543
58.250.29.186 - - [10/Jun/2025:10:24:26 +0800] "GET /InternetTrading/js/constants.js?jsv=20200819161914 HTTP/1.1" 200 400
58.250.29.186 - - [10/Jun/2025:10:24:26 +0800] "GET /InternetTrading/tc/user/translation.js?jsv=20200819161914 HTTP/1.1" 200 12818
58.250.29.186 - - [10/Jun/2025:10:24:26 +0800] "GET /InternetTrading/js/haitong.js?jsv=20200819161914 HTTP/1.1" 200 3881
58.250.29.186 - - [10/Jun/2025:10:24:26 +0800] "GET /InternetTrading/js/util.js?jsv=20200819161914 HTTP/1.1" 200 6636
58.250.29.186 - - [10/Jun/2025:10:24:26 +0800] "GET /InternetTrading/js/rsautil.js?jsv=20200819161914 HTTP/1.1" 200 1017
58.250.29.186 - - [10/Jun/2025:10:24:26 +0800] "GET /InternetTrading/js/init.js?jsv=20200819161914 HTTP/1.1" 200 886
58.250.29.186 - - [10/Jun/2025:10:24:26 +0800] "GET /InternetTrading/js/login.js?jsv=20200819161914 HTTP/1.1" 200 1684
58.250.29.186 - - [10/Jun/2025:10:24:26 +0800] "GET /InternetTrading/js/version.js?jsv=20200819161914 HTTP/1.1" 200 85
58.250.29.186 - - [10/Jun/2025:10:24:26 +0800] "GET /InternetTrading/tc/user/custom_variables.js?jsv=20200819161914 HTTP/1.1" 200 275
58.250.29.186 - - [10/Jun/2025:10:24:26 +0800] "GET /InternetTrading/js/string_extend.js?jsv=20200819161914 HTTP/1.1" 200 272
58.250.29.186 - - [10/Jun/2025:10:24:26 +0800] "GET /InternetTrading/js/pidcrypt.js?jsv=20200819161914 HTTP/1.1" 200 982
58.250.29.186 - - [10/Jun/2025:10:24:27 +0800] "GET /InternetTrading/js/pidcrypt_util.js?jsv=20200819161914 HTTP/1.1" 200 1206
58.250.29.186 - - [10/Jun/2025:10:24:27 +0800] "GET /InternetTrading/js/aes_cbc.js?jsv=20200819161914 HTTP/1.1" 200 2043
58.250.29.186 - - [10/Jun/2025:10:24:27 +0800] "GET /InternetTrading/js/aes_core.js?jsv=20200819161914 HTTP/1.1" 200 2106
58.250.29.186 - - [10/Jun/2025:10:24:27 +0800] "GET /InternetTrading/js/asn1.js?jsv=20200819161914 HTTP/1.1" 200 3099
58.250.29.186 - - [10/Jun/2025:10:24:27 +0800] "GET /InternetTrading/js/md5.js?jsv=20200819161914 HTTP/1.1" 200 1730
58.250.29.186 - - [10/Jun/2025:10:24:27 +0800] "GET /InternetTrading/js/sha256.js?jsv=20200819161914 HTTP/1.1" 200 1362
58.250.29.186 - - [10/Jun/2025:10:24:27 +0800] "GET /InternetTrading/js/jsbn.js?jsv=20200819161914 HTTP/1.1" 200 6736
58.250.29.186 - - [10/Jun/2025:10:24:27 +0800] "GET /InternetTrading/js/prng4.js?jsv=20200819161914 HTTP/1.1" 200 303
58.250.29.186 - - [10/Jun/2025:10:24:27 +0800] "GET /InternetTrading/js/rng.js?jsv=20200819161914 HTTP/1.1" 200 481
58.250.29.186 - - [10/Jun/2025:10:24:27 +0800] "GET /InternetTrading/js/rsa.js?jsv=20200819161914 HTTP/1.1" 200 1658
58.250.29.186 - - [10/Jun/2025:10:24:27 +0800] "GET /InternetTrading/tc/images/bg_login.jpg HTTP/1.1" 200 29296
203.168.18.242 - - [10/Jun/2025:10:24:27 +0800] "GET /InternetTrading/longpoll/54585?X-Atmosphere-tracking-id=0&X-Atmosphere-Framework=2.2.3-javascript&X-Atmosphere-Transport=long-polling&X-Atmosphere-TrackMessageSize=true&Content-Type=charset%3Dutf-8&X-atmo-protocol=true&_=1749522295530 HTTP/1.1" 200 -
58.250.29.186 - - [10/Jun/2025:10:24:27 +0800] "GET /InternetTrading/tc/dialog.html?1749522283120 HTTP/1.1" 200 3188
58.250.29.186 - - [10/Jun/2025:10:24:27 +0800] "POST /InternetTrading/SystemMaintenanceCheck HTTP/1.1" 200 119
58.250.29.186 - - [10/Jun/2025:10:24:27 +0800] "GET /InternetTrading/tc/images/favicon.ico HTTP/1.1" 404 682
210.21.220.69 - - [10/Jun/2025:10:24:28 +0800] "GET /InternetTrading/longpoll/13876?X-Atmosphere-tracking-id=0&X-Atmosphere-Framework=2.2.3-javascript&X-Atmosphere-Transport=long-polling&X-Atmosphere-TrackMessageSize=true&Content-Type=charset%3Dutf-8&X-atmo-protocol=true&_=1749522297331 HTTP/1.1" 200 -
119.136.152.90 - - [10/Jun/2025:10:24:31 +0800] "POST /InternetTrading/SessionErrorLogger HTTP/1.1" 200 117
119.136.152.90 - - [10/Jun/2025:10:24:31 +0800] "POST /InternetTrading/Heartbeat HTTP/1.1" 200 32
119.136.152.90 - - [10/Jun/2025:10:24:31 +0800] "POST /InternetTrading/SessionErrorLogger HTTP/1.1" 200 117
119.136.152.90 - - [10/Jun/2025:10:24:31 +0800] "POST /InternetTrading/MarketStatus HTTP/1.1" 200 772
117.24.52.91 - - [10/Jun/2025:10:24:31 +0800] "GET /InternetTrading/longpoll/M8773?X-Atmosphere-tracking-id=0&X-Atmosphere-Framework=2.2.3-javascript&X-Atmosphere-Transport=long-polling&X-Atmosphere-TrackMessageSize=true&Content-Type=charset%3Dutf-8&X-atmo-protocol=true&_=1749522302103 HTTP/1.1" 200 -
203.168.18.242 - - [10/Jun/2025:10:24:33 +0800] "GET /InternetTrading/longpoll/54585?X-Atmosphere-tracking-id=0&X-Atmosphere-Framework=2.2.3-javascript&X-Atmosphere-Transport=long-polling&X-Atmosphere-TrackMessageSize=true&Content-Type=charset%3Dutf-8&X-atmo-protocol=true&_=1749522301524 HTTP/1.1" 200 -
218.17.68.95 - - [10/Jun/2025:10:24:34 +0800] "GET /InternetTrading/jquery/wait.gif HTTP/1.1" 200 432
210.21.220.69 - - [10/Jun/2025:10:24:34 +0800] "GET /InternetTrading/longpoll/13876?X-Atmosphere-tracking-id=0&X-Atmosphere-Framework=2.2.3-javascript&X-Atmosphere-Transport=long-polling&X-Atmosphere-TrackMessageSize=true&Content-Type=charset%3Dutf-8&X-atmo-protocol=true&_=1749522303331 HTTP/1.1" 200 -
218.17.68.95 - - [10/Jun/2025:10:24:34 +0800] "POST /InternetTrading/Verify2FAService HTTP/1.1" 200 424
218.17.68.95 - - [10/Jun/2025:10:24:35 +0800] "GET /InternetTrading/tc/main.html?language=tc&version=HTML HTTP/1.1" 200 3578
218.17.68.95 - - [10/Jun/2025:10:24:35 +0800] "GET /InternetTrading/jquery/ui.datepicker.css HTTP/1.1" 200 1145
218.17.68.95 - - [10/Jun/2025:10:24:35 +0800] "GET /InternetTrading/jquery/jquery.tablesorter-theme.blue.css HTTP/1.1" 200 2083
218.17.68.95 - - [10/Jun/2025:10:24:35 +0800] "GET /InternetTrading/jquery/jquery-ui-1.10.3.css HTTP/1.1" 200 5283
218.17.68.95 - - [10/Jun/2025:10:24:35 +0800] "GET /InternetTrading/jquery/dragtable-2.0.9.css HTTP/1.1" 200 316
218.17.68.95 - - [10/Jun/2025:10:24:35 +0800] "GET /InternetTrading/tc/style_common.css?v=20200819161914 HTTP/1.1" 200 2540
218.17.68.95 - - [10/Jun/2025:10:24:35 +0800] "GET /InternetTrading/tc/style.css?v=20200819161914 HTTP/1.1" 200 1435
218.17.68.95 - - [10/Jun/2025:10:24:35 +0800] "GET /InternetTrading/tc/css/jquery.jscrollpane.css HTTP/1.1" 404 690
218.17.68.95 - - [10/Jun/2025:10:24:35 +0800] "GET /InternetTrading/jquery/jquery-1.6.3.min.js HTTP/1.1" 200 32057
218.17.68.95 - - [10/Jun/2025:10:24:35 +0800] "GET /InternetTrading/jquery/jquery.ba-postmessage.js HTTP/1.1" 200 2990
218.17.68.95 - - [10/Jun/2025:10:24:35 +0800] "GET /InternetTrading/js/aastock.js HTTP/1.1" 200 553
218.17.68.95 - - [10/Jun/2025:10:24:35 +0800] "GET /InternetTrading/jquery/jquery-migrate-3.0.0.js HTTP/1.1" 200 4963
218.17.68.95 - - [10/Jun/2025:10:24:35 +0800] "GET /InternetTrading/jquery/jquery-3.3.1.js HTTP/1.1" 200 80650
218.17.68.95 - - [10/Jun/2025:10:24:35 +0800] "GET /InternetTrading/jquery/jquery-ui-1.10.3.js HTTP/1.1" 200 69642
218.17.68.95 - - [10/Jun/2025:10:24:35 +0800] "GET /InternetTrading/js/atmosphere.js HTTP/1.1" 200 13461
218.17.68.95 - - [10/Jun/2025:10:24:35 +0800] "GET /InternetTrading/js/cache.js?jsv=20200819161914 HTTP/1.1" 200 940
218.17.68.95 - - [10/Jun/2025:10:24:35 +0800] "GET /InternetTrading/jquery/jquery.form-3.46.0.js HTTP/1.1" 200 5673
218.17.68.95 - - [10/Jun/2025:10:24:35 +0800] "GET /InternetTrading/jquery/jquery.blockUI-2.66.0.js HTTP/1.1" 200 6651
218.17.68.95 - - [10/Jun/2025:10:24:35 +0800] "GET /InternetTrading/jquery/jquery.validate-1.11.1.js HTTP/1.1" 200 7041
218.17.68.95 - - [10/Jun/2025:10:24:35 +0800] "GET /InternetTrading/jquery/additional-methods.js HTTP/1.1" 200 2238
218.17.68.95 - - [10/Jun/2025:10:24:35 +0800] "GET /InternetTrading/jquery/jquery.mousewheel-3.1.4.js HTTP/1.1" 200 822
218.17.68.95 - - [10/Jun/2025:10:24:35 +0800] "GET /InternetTrading/jquery/jquery.tablesorter-2.14.5.js HTTP/1.1" 200 8901
218.17.68.95 - - [10/Jun/2025:10:24:36 +0800] "GET /InternetTrading/jquery/jquery.tablesorter.widgets-2.14.5.js HTTP/1.1" 200 8611
218.17.68.95 - - [10/Jun/2025:10:24:36 +0800] "GET /InternetTrading/jquery/jquery.combobox.packed.js HTTP/1.1" 200 3387
218.17.68.95 - - [10/Jun/2025:10:24:36 +0800] "GET /InternetTrading/jquery/jquery.timer-0.9.16.js HTTP/1.1" 200 542
218.17.68.95 - - [10/Jun/2025:10:24:36 +0800] "GET /InternetTrading/jquery/jquery.getParams.js HTTP/1.1" 200 587
218.17.68.95 - - [10/Jun/2025:10:24:36 +0800] "GET /InternetTrading/jquery/jquery.selectboxes.pack.js HTTP/1.1" 200 1640
218.17.68.95 - - [10/Jun/2025:10:24:36 +0800] "GET /InternetTrading/jquery/date.js HTTP/1.1" 200 2807
218.17.68.95 - - [10/Jun/2025:10:24:36 +0800] "GET /InternetTrading/json/json2.js?jsv=20200819161914 HTTP/1.1" 200 1372
218.17.68.95 - - [10/Jun/2025:10:24:36 +0800] "GET /InternetTrading/jquery/globalize-0.1.0a1.js HTTP/1.1" 200 6984
218.17.68.95 - - [10/Jun/2025:10:24:36 +0800] "GET /InternetTrading/settings/crm_display_settings.js?jsv=20200819161914 HTTP/1.1" 200 1781
218.17.68.95 - - [10/Jun/2025:10:24:36 +0800] "GET /InternetTrading/tc/user/translation.js?jsv=20200819161914 HTTP/1.1" 200 12818
218.17.68.95 - - [10/Jun/2025:10:24:36 +0800] "GET /InternetTrading/js/constants.js?jsv=20200819161914 HTTP/1.1" 200 400
218.17.68.95 - - [10/Jun/2025:10:24:36 +0800] "GET /InternetTrading/tc/user/custom_variables.js?jsv=20200819161914 HTTP/1.1" 200 275
218.17.68.95 - - [10/Jun/2025:10:24:36 +0800] "GET /InternetTrading/js/haitong.js?jsv=20200819161914 HTTP/1.1" 200 3881
218.17.68.95 - - [10/Jun/2025:10:24:36 +0800] "GET /InternetTrading/js/util.js?jsv=20200819161914 HTTP/1.1" 200 6636
218.17.68.95 - - [10/Jun/2025:10:24:36 +0800] "GET /InternetTrading/js/init.js?jsv=20200819161914 HTTP/1.1" 200 886
218.17.68.95 - - [10/Jun/2025:10:24:36 +0800] "GET /InternetTrading/js/rsautil.js?jsv=20200819161914 HTTP/1.1" 200 1017
218.17.68.95 - - [10/Jun/2025:10:24:36 +0800] "GET /InternetTrading/js/corporate.js?jsv=20200819161914 HTTP/1.1" 200 1575
218.17.68.95 - - [10/Jun/2025:10:24:36 +0800] "GET /InternetTrading/js/main.js?jsv=20200819161914 HTTP/1.1" 200 30725
218.17.68.95 - - [10/Jun/2025:10:24:36 +0800] "GET /InternetTrading/js/update_mdf.js?jsv=20200819161914 HTTP/1.1" 200 856
218.17.68.95 - - [10/Jun/2025:10:24:36 +0800] "GET /InternetTrading/js/validation_hkex.js?jsv=20200819161914 HTTP/1.1" 200 2300
218.17.68.95 - - [10/Jun/2025:10:24:36 +0800] "GET /InternetTrading/js/validation_bshare.js?jsv=20200819161914 HTTP/1.1" 200 1567
218.17.68.95 - - [10/Jun/2025:10:24:36 +0800] "GET /InternetTrading/js/validation_ashare.js?jsv=20200819161914 HTTP/1.1" 200 2482
218.17.68.95 - - [10/Jun/2025:10:24:36 +0800] "GET /InternetTrading/js/validation_global.js?jsv=20200819161914 HTTP/1.1" 200 1564
218.17.68.95 - - [10/Jun/2025:10:24:36 +0800] "GET /InternetTrading/js/account.js?jsv=20200819161914 HTTP/1.1" 200 2656
218.17.68.95 - - [10/Jun/2025:10:24:36 +0800] "GET /InternetTrading/js/ipo.js?jsv=20200819161914 HTTP/1.1" 200 5726
218.17.68.95 - - [10/Jun/2025:10:24:36 +0800] "GET /InternetTrading/js/cash_transfer.js?jsv=20200819161914 HTTP/1.1" 200 2712
218.17.68.95 - - [10/Jun/2025:10:24:36 +0800] "GET /InternetTrading/js/spread_cache.js?jsv=20200819161914 HTTP/1.1" 200 908
218.17.68.95 - - [10/Jun/2025:10:24:36 +0800] "GET /InternetTrading/js/mm.js?jsv=20200819161914 HTTP/1.1" 200 487
218.17.68.95 - - [10/Jun/2025:10:24:36 +0800] "GET /InternetTrading/js/isec_calculator.js?jsv=20200819161914 HTTP/1.1" 200 1364
218.17.68.95 - - [10/Jun/2025:10:24:36 +0800] "GET /InternetTrading/js/payment_instruction.js?jsv=20200819161914 HTTP/1.1" 200 2178
218.17.68.95 - - [10/Jun/2025:10:24:36 +0800] "GET /InternetTrading/js/payment_instruction_IMOS.js?jsv=20200819161914 HTTP/1.1" 200 6874
218.17.68.95 - - [10/Jun/2025:10:24:36 +0800] "GET /InternetTrading/js/eStatement.js?jsv=20200819161914 HTTP/1.1" 200 562
218.17.68.95 - - [10/Jun/2025:10:24:36 +0800] "GET /InternetTrading/GoodTillDateValidExch?fmt=js&jsv=20200819161914 HTTP/1.1" 200 29
218.17.68.95 - - [10/Jun/2025:10:24:36 +0800] "GET /InternetTrading/ExchangeList?fmt=js&jsv=20200819161914 HTTP/1.1" 200 146
218.17.68.95 - - [10/Jun/2025:10:24:36 +0800] "GET /InternetTrading/js/string_extend.js?jsv=20200819161914 HTTP/1.1" 200 272
218.17.68.95 - - [10/Jun/2025:10:24:36 +0800] "GET /InternetTrading/js/pidcrypt.js?jsv=20200819161914 HTTP/1.1" 200 982
218.17.68.95 - - [10/Jun/2025:10:24:36 +0800] "GET /InternetTrading/js/pidcrypt_util.js?jsv=20200819161914 HTTP/1.1" 200 1206
218.17.68.95 - - [10/Jun/2025:10:24:36 +0800] "GET /InternetTrading/js/aes_cbc.js?jsv=20200819161914 HTTP/1.1" 200 2043
218.17.68.95 - - [10/Jun/2025:10:24:36 +0800] "GET /InternetTrading/js/asn1.js?jsv=20200819161914 HTTP/1.1" 200 3099
218.17.68.95 - - [10/Jun/2025:10:24:36 +0800] "GET /InternetTrading/js/aes_core.js?jsv=20200819161914 HTTP/1.1" 200 2106
218.17.68.95 - - [10/Jun/2025:10:24:36 +0800] "GET /InternetTrading/js/md5.js?jsv=20200819161914 HTTP/1.1" 200 1730
218.17.68.95 - - [10/Jun/2025:10:24:36 +0800] "GET /InternetTrading/js/sha256.js?jsv=20200819161914 HTTP/1.1" 200 1362
218.17.68.95 - - [10/Jun/2025:10:24:36 +0800] "GET /InternetTrading/js/prng4.js?jsv=20200819161914 HTTP/1.1" 200 303
218.17.68.95 - - [10/Jun/2025:10:24:36 +0800] "GET /InternetTrading/js/jsbn.js?jsv=20200819161914 HTTP/1.1" 200 6736
218.17.68.95 - - [10/Jun/2025:10:24:36 +0800] "GET /InternetTrading/js/rng.js?jsv=20200819161914 HTTP/1.1" 200 481
218.17.68.95 - - [10/Jun/2025:10:24:36 +0800] "GET /InternetTrading/js/mode-ecb.js?jsv=20200819161914 HTTP/1.1" 200 199
218.17.68.95 - - [10/Jun/2025:10:24:36 +0800] "GET /InternetTrading/js/rsa.js?jsv=20200819161914 HTTP/1.1" 200 1658
218.17.68.95 - - [10/Jun/2025:10:24:36 +0800] "GET /InternetTrading/js/aes.js?jsv=20200819161914 HTTP/1.1" 200 4816
218.17.68.95 - - [10/Jun/2025:10:24:36 +0800] "GET /InternetTrading/js/utilSpec.js?jsv=20200819161914 HTTP/1.1" 200 27
218.17.68.95 - - [10/Jun/2025:10:24:36 +0800] "GET /InternetTrading/js/update_lastlogin.js?jsv=20200819161914 HTTP/1.1" 200 980
218.17.68.95 - - [10/Jun/2025:10:24:36 +0800] "GET /InternetTrading/js/pw_alert.js?jsv=20200819161914 HTTP/1.1" 200 418
218.17.68.95 - - [10/Jun/2025:10:24:36 +0800] "GET /InternetTrading/js/jquery.mousewheel.js HTTP/1.1" 404 684
218.17.68.95 - - [10/Jun/2025:10:24:36 +0800] "GET /InternetTrading/js/jquery.cookie.js HTTP/1.1" 200 834
218.17.68.95 - - [10/Jun/2025:10:24:36 +0800] "GET /InternetTrading/js/jquery.jscrollpane.js HTTP/1.1" 404 685
218.17.68.95 - - [10/Jun/2025:10:24:36 +0800] "GET /InternetTrading/js/decimal.js HTTP/1.1" 200 13492
218.17.68.95 - - [10/Jun/2025:10:24:36 +0800] "GET /InternetTrading/tc/images/logo.png HTTP/1.1" 200 7042
218.17.68.95 - - [10/Jun/2025:10:24:36 +0800] "GET /InternetTrading/tc/images/top_menu01.jpg HTTP/1.1" 200 3466
218.17.68.95 - - [10/Jun/2025:10:24:36 +0800] "GET /InternetTrading/tc/images/top_menu04.jpg HTTP/1.1" 200 3430
218.17.68.95 - - [10/Jun/2025:10:24:36 +0800] "GET /InternetTrading/tc/images/top_menu_logout.jpg HTTP/1.1" 200 1016
218.17.68.95 - - [10/Jun/2025:10:24:36 +0800] "GET /InternetTrading/images/top_bg1.jpg HTTP/1.1" 200 329
218.17.68.95 - - [10/Jun/2025:10:24:36 +0800] "GET /InternetTrading/images/top_bg2.jpg HTTP/1.1" 200 330
218.17.68.95 - - [10/Jun/2025:10:24:36 +0800] "GET /InternetTrading/images/top_bg3.jpg HTTP/1.1" 200 878
218.17.68.95 - - [10/Jun/2025:10:24:36 +0800] "GET /InternetTrading/tc/dialog.html?1749522303926 HTTP/1.1" 200 3188
218.17.68.95 - - [10/Jun/2025:10:24:36 +0800] "POST /InternetTrading/PopUpConfig HTTP/1.1" 200 2
218.17.68.95 - - [10/Jun/2025:10:24:36 +0800] "POST /InternetTrading/Heartbeat HTTP/1.1" 200 32
218.17.68.95 - - [10/Jun/2025:10:24:36 +0800] "POST /InternetTrading/CustomerInfoLite HTTP/1.1" 200 116
218.17.68.95 - - [10/Jun/2025:10:24:36 +0800] "GET /InternetTrading/tc/images/top_menu04.jpg HTTP/1.1" 200 3430
218.17.68.95 - - [10/Jun/2025:10:24:36 +0800] "GET /InternetTrading/jquery/wait.gif HTTP/1.1" 200 432
218.17.68.95 - - [10/Jun/2025:10:24:36 +0800] "GET /InternetTrading/tc/trade.html HTTP/1.1" 200 2113
218.17.68.95 - - [10/Jun/2025:10:24:36 +0800] "POST /InternetTrading/SpreadPriceCache HTTP/1.1" 200 3539
218.17.68.95 - - [10/Jun/2025:10:24:36 +0800] "GET /InternetTrading/tc/images/top_menu01_o.jpg HTTP/1.1" 200 3339
218.17.68.95 - - [10/Jun/2025:10:24:36 +0800] "POST /InternetTrading/SessionErrorLogger HTTP/1.1" 200 117
218.17.68.95 - - [10/Jun/2025:10:24:36 +0800] "POST /InternetTrading/GetLastLoginDate HTTP/1.1" 200 31
218.17.68.95 - - [10/Jun/2025:10:24:36 +0800] "POST /InternetTrading/SessionErrorLogger HTTP/1.1" 200 117
218.17.68.95 - - [10/Jun/2025:10:24:36 +0800] "GET /InternetTrading/tc/getpopupMsgName.jsp HTTP/1.1" 200 -
218.17.68.95 - - [10/Jun/2025:10:24:36 +0800] "GET /InternetTrading/tc/applet_dummy.html HTTP/1.1" 200 330
218.17.68.95 - - [10/Jun/2025:10:24:36 +0800] "POST /InternetTrading/SessionErrorLogger HTTP/1.1" 200 117
218.17.68.95 - - [10/Jun/2025:10:24:36 +0800] "GET /InternetTrading/tc/buy_ticket.html? HTTP/1.1" 200 1995
218.17.68.95 - - [10/Jun/2025:10:24:36 +0800] "POST /InternetTrading/SessionErrorLogger HTTP/1.1" 200 117
218.17.68.95 - - [10/Jun/2025:10:24:36 +0800] "POST /InternetTrading/MarketStatus HTTP/1.1" 200 772
218.17.68.95 - - [10/Jun/2025:10:24:36 +0800] "POST /InternetTrading/SessionErrorLogger HTTP/1.1" 200 117
218.17.68.95 - - [10/Jun/2025:10:24:36 +0800] "GET /InternetTrading/tc/multi_currency_balance.html HTTP/1.1" 200 295
218.17.68.95 - - [10/Jun/2025:10:24:36 +0800] "GET /InternetTrading/jquery/wait.gif HTTP/1.1" 200 432
218.17.68.95 - - [10/Jun/2025:10:24:36 +0800] "GET /InternetTrading/Home/PostToAA.jsp?hl=tc HTTP/1.1" 200 287
218.17.68.95 - - [10/Jun/2025:10:24:36 +0800] "GET /InternetTrading/tc/images/trade_point01.jpg HTTP/1.1" 200 358
218.17.68.95 - - [10/Jun/2025:10:24:36 +0800] "GET /InternetTrading/tc/images/refresh.gif HTTP/1.1" 200 1145
218.17.68.95 - - [10/Jun/2025:10:24:36 +0800] "GET /InternetTrading/jquery/images/ui-icons_222222_256x240.png HTTP/1.1" 200 6922
218.17.68.95 - - [10/Jun/2025:10:24:36 +0800] "GET /InternetTrading/jquery/images/ui-bg_flat_75_ffffff_40x100.png HTTP/1.1" 200 208
218.17.68.95 - - [10/Jun/2025:10:24:36 +0800] "POST /InternetTrading/SessionErrorLogger HTTP/1.1" 200 117
218.17.68.95 - - [10/Jun/2025:10:24:36 +0800] "POST /InternetTrading/SessionErrorLogger HTTP/1.1" 200 117
218.17.68.95 - - [10/Jun/2025:10:24:36 +0800] "POST /InternetTrading/MarketStatus HTTP/1.1" 200 772
218.17.68.95 - - [10/Jun/2025:10:24:37 +0800] "POST /InternetTrading/MarketStatus HTTP/1.1" 200 772
117.24.52.91 - - [10/Jun/2025:10:24:37 +0800] "GET /InternetTrading/longpoll/M8773?X-Atmosphere-tracking-id=0&X-Atmosphere-Framework=2.2.3-javascript&X-Atmosphere-Transport=long-polling&X-Atmosphere-TrackMessageSize=true&Content-Type=charset%3Dutf-8&X-atmo-protocol=true&_=1749522308118 HTTP/1.1" 200 -
218.17.68.95 - - [10/Jun/2025:10:24:38 +0800] "POST /InternetTrading/SessionErrorLogger HTTP/1.1" 200 117
218.17.68.95 - - [10/Jun/2025:10:24:39 +0800] "POST /InternetTrading/SessionErrorLogger HTTP/1.1" 200 117
218.17.68.95 - - [10/Jun/2025:10:24:39 +0800] "POST /InternetTrading/CustomerInfo HTTP/1.1" 200 206
218.17.68.95 - - [10/Jun/2025:10:24:39 +0800] "GET /InternetTrading/tc/account_status.html HTTP/1.1" 200 426
218.17.68.95 - - [10/Jun/2025:10:24:40 +0800] "POST /InternetTrading/SessionErrorLogger HTTP/1.1" 200 117
218.17.68.95 - - [10/Jun/2025:10:24:40 +0800] "POST /InternetTrading/SessionErrorLogger HTTP/1.1" 200 117
218.17.68.95 - - [10/Jun/2025:10:24:40 +0800] "POST /InternetTrading/MarketStatus HTTP/1.1" 200 772
218.17.68.95 - - [10/Jun/2025:10:24:40 +0800] "POST /InternetTrading/SessionErrorLogger HTTP/1.1" 200 117
218.17.68.95 - - [10/Jun/2025:10:24:40 +0800] "POST /InternetTrading/SessionErrorLogger HTTP/1.1" 200 117
218.17.68.95 - - [10/Jun/2025:10:24:40 +0800] "POST /InternetTrading/Portfolio HTTP/1.1" 200 1717
218.17.68.95 - - [10/Jun/2025:10:24:40 +0800] "GET /InternetTrading/jquery/wait.gif HTTP/1.1" 200 432
218.17.68.95 - - [10/Jun/2025:10:24:41 +0800] "POST /InternetTrading/LongPollingConfig HTTP/1.1" 200 4
218.17.68.95 - - [10/Jun/2025:10:24:43 +0800] "GET /InternetTrading/longpoll/54913?X-Atmosphere-tracking-id=0&X-Atmosphere-Framework=2.2.3-javascript&X-Atmosphere-Transport=long-polling&X-Atmosphere-TrackMessageSize=true&Content-Type=charset%3Dutf-8&X-atmo-protocol=true&_=1749522308741 HTTP/1.1" 200 -
117.24.52.91 - - [10/Jun/2025:10:24:43 +0800] "GET /InternetTrading/longpoll/M8773?X-Atmosphere-tracking-id=0&X-Atmosphere-Framework=2.2.3-javascript&X-Atmosphere-Transport=long-polling&X-Atmosphere-TrackMessageSize=true&Content-Type=charset%3Dutf-8&X-atmo-protocol=true&_=1749522314103 HTTP/1.1" 200 -
203.168.18.242 - - [10/Jun/2025:10:24:43 +0800] "GET /InternetTrading/longpoll/54585?X-Atmosphere-tracking-id=0&X-Atmosphere-Framework=2.2.3-javascript&X-Atmosphere-Transport=long-polling&X-Atmosphere-TrackMessageSize=true&Content-Type=charset%3Dutf-8&X-atmo-protocol=true&_=1749522307524 HTTP/1.1" 200 -
210.21.220.69 - - [10/Jun/2025:10:24:43 +0800] "GET /InternetTrading/longpoll/13876?X-Atmosphere-tracking-id=0&X-Atmosphere-Framework=2.2.3-javascript&X-Atmosphere-Transport=long-polling&X-Atmosphere-TrackMessageSize=true&Content-Type=charset%3Dutf-8&X-atmo-protocol=true&_=1749522309330 HTTP/1.1" 200 -
117.24.52.91 - - [10/Jun/2025:10:24:46 +0800] "POST /InternetTrading/SessionErrorLogger HTTP/1.1" 200 117
117.24.52.91 - - [10/Jun/2025:10:24:46 +0800] "POST /InternetTrading/Heartbeat HTTP/1.1" 200 32
117.24.52.91 - - [10/Jun/2025:10:24:46 +0800] "POST /InternetTrading/SessionErrorLogger HTTP/1.1" 200 117
117.24.52.91 - - [10/Jun/2025:10:24:46 +0800] "POST /InternetTrading/MarketStatus HTTP/1.1" 200 772
203.168.18.242 - - [10/Jun/2025:10:24:49 +0800] "GET /InternetTrading/longpoll/54585?X-Atmosphere-tracking-id=0&X-Atmosphere-Framework=2.2.3-javascript&X-Atmosphere-Transport=long-polling&X-Atmosphere-TrackMessageSize=true&Content-Type=charset%3Dutf-8&X-atmo-protocol=true&_=1749522317535 HTTP/1.1" 200 -
218.17.68.95 - - [10/Jun/2025:10:24:49 +0800] "GET /InternetTrading/longpoll/54913?X-Atmosphere-tracking-id=0&X-Atmosphere-Framework=2.2.3-javascript&X-Atmosphere-Transport=long-polling&X-Atmosphere-TrackMessageSize=true&Content-Type=charset%3Dutf-8&X-atmo-protocol=true&_=1749522316147 HTTP/1.1" 200 -
117.24.52.91 - - [10/Jun/2025:10:24:49 +0800] "GET /InternetTrading/longpoll/M8773?X-Atmosphere-tracking-id=0&X-Atmosphere-Framework=2.2.3-javascript&X-Atmosphere-Transport=long-polling&X-Atmosphere-TrackMessageSize=true&Content-Type=charset%3Dutf-8&X-atmo-protocol=true&_=1749522320103 HTTP/1.1" 200 -
210.21.220.69 - - [10/Jun/2025:10:24:49 +0800] "POST /InternetTrading/SessionErrorLogger HTTP/1.1" 200 117
210.21.220.69 - - [10/Jun/2025:10:24:49 +0800] "POST /InternetTrading/Heartbeat HTTP/1.1" 200 32
210.21.220.69 - - [10/Jun/2025:10:24:49 +0800] "POST /InternetTrading/SessionErrorLogger HTTP/1.1" 200 117
210.21.220.69 - - [10/Jun/2025:10:24:50 +0800] "POST /InternetTrading/MarketStatus HTTP/1.1" 200 772
210.21.220.69 - - [10/Jun/2025:10:24:50 +0800] "GET /InternetTrading/longpoll/13876?X-Atmosphere-tracking-id=0&X-Atmosphere-Framework=2.2.3-javascript&X-Atmosphere-Transport=long-polling&X-Atmosphere-TrackMessageSize=true&Content-Type=charset%3Dutf-8&X-atmo-protocol=true&_=1749522318466 HTTP/1.1" 200 -
218.17.68.95 - - [10/Jun/2025:10:24:54 +0800] "GET /InternetTrading/longpoll/54913?X-Atmosphere-tracking-id=0&X-Atmosphere-Framework=2.2.3-javascript&X-Atmosphere-Transport=long-polling&X-Atmosphere-TrackMessageSize=true&Content-Type=charset%3Dutf-8&X-atmo-protocol=true&_=1749522321604 HTTP/1.1" 200 -
203.168.18.242 - - [10/Jun/2025:10:24:55 +0800] "GET /InternetTrading/longpoll/54585?X-Atmosphere-tracking-id=0&X-Atmosphere-Framework=2.2.3-javascript&X-Atmosphere-Transport=long-polling&X-Atmosphere-TrackMessageSize=true&Content-Type=charset%3Dutf-8&X-atmo-protocol=true&_=1749522323523 HTTP/1.1" 200 -
117.24.52.91 - - [10/Jun/2025:10:24:55 +0800] "GET /InternetTrading/longpoll/M8773?X-Atmosphere-tracking-id=0&X-Atmosphere-Framework=2.2.3-javascript&X-Atmosphere-Transport=long-polling&X-Atmosphere-TrackMessageSize=true&Content-Type=charset%3Dutf-8&X-atmo-protocol=true&_=1749522326109 HTTP/1.1" 200 -
210.21.220.69 - - [10/Jun/2025:10:24:55 +0800] "GET /InternetTrading/longpoll/13876?X-Atmosphere-tracking-id=0&X-Atmosphere-Framework=2.2.3-javascript&X-Atmosphere-Transport=long-polling&X-Atmosphere-TrackMessageSize=true&Content-Type=charset%3Dutf-8&X-atmo-protocol=true&_=1749522324332 HTTP/1.1" 200 -
218.17.68.95 - - [10/Jun/2025:10:24:59 +0800] "GET /InternetTrading/longpoll/54913?X-Atmosphere-tracking-id=0&X-Atmosphere-Framework=2.2.3-javascript&X-Atmosphere-Transport=long-polling&X-Atmosphere-TrackMessageSize=true&Content-Type=charset%3Dutf-8&X-atmo-protocol=true&_=1749522326942 HTTP/1.1" 200 -
119.136.152.90 - - [10/Jun/2025:10:25:01 +0800] "POST /InternetTrading/SessionErrorLogger HTTP/1.1" 200 117
119.136.152.90 - - [10/Jun/2025:10:25:01 +0800] "POST /InternetTrading/Heartbeat HTTP/1.1" 200 32
119.136.152.90 - - [10/Jun/2025:10:25:01 +0800] "POST /InternetTrading/SessionErrorLogger HTTP/1.1" 200 117
119.136.152.90 - - [10/Jun/2025:10:25:01 +0800] "POST /InternetTrading/MarketStatus HTTP/1.1" 200 772
203.168.18.242 - - [10/Jun/2025:10:25:01 +0800] "GET /InternetTrading/longpoll/54585?X-Atmosphere-tracking-id=0&X-Atmosphere-Framework=2.2.3-javascript&X-Atmosphere-Transport=long-polling&X-Atmosphere-TrackMessageSize=true&Content-Type=charset%3Dutf-8&X-atmo-protocol=true&_=1749522329530 HTTP/1.1" 200 -
117.24.52.91 - - [10/Jun/2025:10:25:01 +0800] "GET /InternetTrading/longpoll/M8773?X-Atmosphere-tracking-id=0&X-Atmosphere-Framework=2.2.3-javascript&X-Atmosphere-Transport=long-polling&X-Atmosphere-TrackMessageSize=true&Content-Type=charset%3Dutf-8&X-atmo-protocol=true&_=1749522332109 HTTP/1.1" 200 -
210.21.220.69 - - [10/Jun/2025:10:25:01 +0800] "GET /InternetTrading/longpoll/13876?X-Atmosphere-tracking-id=0&X-Atmosphere-Framework=2.2.3-javascript&X-Atmosphere-Transport=long-polling&X-Atmosphere-TrackMessageSize=true&Content-Type=charset%3Dutf-8&X-atmo-protocol=true&_=1749522330331 HTTP/1.1" 200 -
218.17.68.95 - - [10/Jun/2025:10:25:04 +0800] "GET /InternetTrading/longpoll/54913?X-Atmosphere-tracking-id=0&X-Atmosphere-Framework=2.2.3-javascript&X-Atmosphere-Transport=long-polling&X-Atmosphere-TrackMessageSize=true&Content-Type=charset%3Dutf-8&X-atmo-protocol=true&_=1749522331977 HTTP/1.1" 200 -
203.168.18.242 - - [10/Jun/2025:10:25:05 +0800] "POST /InternetTrading/SessionErrorLogger HTTP/1.1" 200 117
203.168.18.242 - - [10/Jun/2025:10:25:05 +0800] "POST /InternetTrading/Heartbeat HTTP/1.1" 200 32
203.168.18.242 - - [10/Jun/2025:10:25:06 +0800] "POST /InternetTrading/SessionErrorLogger HTTP/1.1" 200 117
203.168.18.242 - - [10/Jun/2025:10:25:06 +0800] "POST /InternetTrading/MarketStatus HTTP/1.1" 200 772
203.168.18.242 - - [10/Jun/2025:10:25:06 +0800] "GET /InternetTrading/longpoll/54585?X-Atmosphere-tracking-id=0&X-Atmosphere-Framework=2.2.3-javascript&X-Atmosphere-Transport=long-polling&X-Atmosphere-TrackMessageSize=true&Content-Type=charset%3Dutf-8&X-atmo-protocol=true&_=1749522334988 HTTP/1.1" 200 -
218.17.68.95 - - [10/Jun/2025:10:25:06 +0800] "POST /InternetTrading/SessionErrorLogger HTTP/1.1" 200 117
218.17.68.95 - - [10/Jun/2025:10:25:06 +0800] "POST /InternetTrading/Heartbeat HTTP/1.1" 200 32
218.17.68.95 - - [10/Jun/2025:10:25:06 +0800] "POST /InternetTrading/SessionErrorLogger HTTP/1.1" 200 117
218.17.68.95 - - [10/Jun/2025:10:25:06 +0800] "POST /InternetTrading/MarketStatus HTTP/1.1" 200 772
117.24.52.91 - - [10/Jun/2025:10:25:07 +0800] "GET /InternetTrading/longpoll/M8773?X-Atmosphere-tracking-id=0&X-Atmosphere-Framework=2.2.3-javascript&X-Atmosphere-Transport=long-polling&X-Atmosphere-TrackMessageSize=true&Content-Type=charset%3Dutf-8&X-atmo-protocol=true&_=1749522338108 HTTP/1.1" 200 -
210.21.220.69 - - [10/Jun/2025:10:25:07 +0800] "GET /InternetTrading/longpoll/13876?X-Atmosphere-tracking-id=0&X-Atmosphere-Framework=2.2.3-javascript&X-Atmosphere-Transport=long-polling&X-Atmosphere-TrackMessageSize=true&Content-Type=charset%3Dutf-8&X-atmo-protocol=true&_=1749522336331 HTTP/1.1" 200 -
203.168.18.242 - - [10/Jun/2025:10:25:08 +0800] "POST /InternetTrading/SessionErrorLogger HTTP/1.1" 200 117
203.168.18.242 - - [10/Jun/2025:10:25:08 +0800] "POST /InternetTrading/OrderMaxQuantity HTTP/1.1" 200 11
203.168.18.242 - - [10/Jun/2025:10:25:08 +0800] "POST /InternetTrading/SessionErrorLogger HTTP/1.1" 200 117
203.168.18.242 - - [10/Jun/2025:10:25:08 +0800] "POST /InternetTrading/Orderbook HTTP/1.1" 200 94
203.168.18.242 - - [10/Jun/2025:10:25:08 +0800] "GET /InternetTrading/jquery/wait.gif HTTP/1.1" 200 432
218.17.68.95 - - [10/Jun/2025:10:25:09 +0800] "GET /InternetTrading/longpoll/54913?X-Atmosphere-tracking-id=0&X-Atmosphere-Framework=2.2.3-javascript&X-Atmosphere-Transport=long-polling&X-Atmosphere-TrackMessageSize=true&Content-Type=charset%3Dutf-8&X-atmo-protocol=true&_=1749522337063 HTTP/1.1" 200 -
203.168.18.242 - - [10/Jun/2025:10:25:11 +0800] "GET /InternetTrading/jquery/wait.gif HTTP/1.1" 200 432
203.168.18.242 - - [10/Jun/2025:10:25:11 +0800] "POST /InternetTrading/SessionErrorLogger HTTP/1.1" 200 117
203.168.18.242 - - [10/Jun/2025:10:25:11 +0800] "POST /InternetTrading/Orderbook HTTP/1.1" 200 1309
203.168.18.242 - - [10/Jun/2025:10:25:11 +0800] "GET /InternetTrading/longpoll/54585?X-Atmosphere-tracking-id=0&X-Atmosphere-Framework=2.2.3-javascript&X-Atmosphere-Transport=long-polling&X-Atmosphere-TrackMessageSize=true&Content-Type=charset%3Dutf-8&X-atmo-protocol=true&_=1749522340055 HTTP/1.1" 200 -
117.24.52.91 - - [10/Jun/2025:10:25:13 +0800] "GET /InternetTrading/longpoll/M8773?X-Atmosphere-tracking-id=0&X-Atmosphere-Framework=2.2.3-javascript&X-Atmosphere-Transport=long-polling&X-Atmosphere-TrackMessageSize=true&Content-Type=charset%3Dutf-8&X-atmo-protocol=true&_=1749522344123 HTTP/1.1" 200 -
210.21.220.69 - - [10/Jun/2025:10:25:13 +0800] "GET /InternetTrading/longpoll/13876?X-Atmosphere-tracking-id=0&X-Atmosphere-Framework=2.2.3-javascript&X-Atmosphere-Transport=long-polling&X-Atmosphere-TrackMessageSize=true&Content-Type=charset%3Dutf-8&X-atmo-protocol=true&_=1749522342333 HTTP/1.1" 200 -
218.17.68.95 - - [10/Jun/2025:10:25:14 +0800] "GET /InternetTrading/longpoll/54913?X-Atmosphere-tracking-id=0&X-Atmosphere-Framework=2.2.3-javascript&X-Atmosphere-Transport=long-polling&X-Atmosphere-TrackMessageSize=true&Content-Type=charset%3Dutf-8&X-atmo-protocol=true&_=1749522342100 HTTP/1.1" 200 -
203.168.18.242 - - [10/Jun/2025:10:25:16 +0800] "POST /InternetTrading/SessionErrorLogger HTTP/1.1" 200 117
203.168.18.242 - - [10/Jun/2025:10:25:16 +0800] "POST /InternetTrading/OrderMaxQuantity HTTP/1.1" 200 11
203.168.18.242 - - [10/Jun/2025:10:25:16 +0800] "GET /InternetTrading/longpoll/54585?X-Atmosphere-tracking-id=0&X-Atmosphere-Framework=2.2.3-javascript&X-Atmosphere-Transport=long-polling&X-Atmosphere-TrackMessageSize=true&Content-Type=charset%3Dutf-8&X-atmo-protocol=true&_=1749522345126 HTTP/1.1" 200 -
117.24.52.91 - - [10/Jun/2025:10:25:19 +0800] "GET /InternetTrading/longpoll/M8773?X-Atmosphere-tracking-id=0&X-Atmosphere-Framework=2.2.3-javascript&X-Atmosphere-Transport=long-polling&X-Atmosphere-TrackMessageSize=true&Content-Type=charset%3Dutf-8&X-atmo-protocol=true&_=1749522350109 HTTP/1.1" 200 -
203.168.18.242 - - [10/Jun/2025:10:25:19 +0800] "POST /InternetTrading/SessionErrorLogger HTTP/1.1" 200 117
218.17.68.95 - - [10/Jun/2025:10:25:19 +0800] "GET /InternetTrading/longpoll/54913?X-Atmosphere-tracking-id=0&X-Atmosphere-Framework=2.2.3-javascript&X-Atmosphere-Transport=long-polling&X-Atmosphere-TrackMessageSize=true&Content-Type=charset%3Dutf-8&X-atmo-protocol=true&_=1749522347198 HTTP/1.1" 200 -
210.21.220.69 - - [10/Jun/2025:10:25:19 +0800] "GET /InternetTrading/longpoll/13876?X-Atmosphere-tracking-id=0&X-Atmosphere-Framework=2.2.3-javascript&X-Atmosphere-Transport=long-polling&X-Atmosphere-TrackMessageSize=true&Content-Type=charset%3Dutf-8&X-atmo-protocol=true&_=1749522348331 HTTP/1.1" 200 -
203.168.18.242 - - [10/Jun/2025:10:25:19 +0800] "POST /InternetTrading/SessionErrorLogger HTTP/1.1" 200 117
203.168.18.242 - - [10/Jun/2025:10:25:19 +0800] "POST /InternetTrading/Product HTTP/1.1" 200 283
203.168.18.242 - - [10/Jun/2025:10:25:20 +0800] "POST /InternetTrading/OrderMaxQuantity HTTP/1.1" 200 11
203.168.18.242 - - [10/Jun/2025:10:25:20 +0800] "POST /InternetTrading/SessionErrorLogger HTTP/1.1" 200 117
203.168.18.242 - - [10/Jun/2025:10:25:21 +0800] "POST /InternetTrading/OrderMaxQuantity HTTP/1.1" 200 11
203.168.18.242 - - [10/Jun/2025:10:25:21 +0800] "GET /InternetTrading/longpoll/54585?X-Atmosphere-tracking-id=0&X-Atmosphere-Framework=2.2.3-javascript&X-Atmosphere-Transport=long-polling&X-Atmosphere-TrackMessageSize=true&Content-Type=charset%3Dutf-8&X-atmo-protocol=true&_=1749522350271 HTTP/1.1" 200 -
218.17.68.95 - - [10/Jun/2025:10:25:24 +0800] "GET /InternetTrading/longpoll/54913?X-Atmosphere-tracking-id=0&X-Atmosphere-Framework=2.2.3-javascript&X-Atmosphere-Transport=long-polling&X-Atmosphere-TrackMessageSize=true&Content-Type=charset%3Dutf-8&X-atmo-protocol=true&_=1749522352264 HTTP/1.1" 200 -
117.24.52.91 - - [10/Jun/2025:10:25:25 +0800] "GET /InternetTrading/longpoll/M8773?X-Atmosphere-tracking-id=0&X-Atmosphere-Framework=2.2.3-javascript&X-Atmosphere-Transport=long-polling&X-Atmosphere-TrackMessageSize=true&Content-Type=charset%3Dutf-8&X-atmo-protocol=true&_=1749522356108 HTTP/1.1" 200 -
210.21.220.69 - - [10/Jun/2025:10:25:25 +0800] "GET /InternetTrading/longpoll/13876?X-Atmosphere-tracking-id=0&X-Atmosphere-Framework=2.2.3-javascript&X-Atmosphere-Transport=long-polling&X-Atmosphere-TrackMessageSize=true&Content-Type=charset%3Dutf-8&X-atmo-protocol=true&_=1749522354332 HTTP/1.1" 200 -
203.168.18.242 - - [10/Jun/2025:10:25:27 +0800] "GET /InternetTrading/longpoll/54585?X-Atmosphere-tracking-id=0&X-Atmosphere-Framework=2.2.3-javascript&X-Atmosphere-Transport=long-polling&X-Atmosphere-TrackMessageSize=true&Content-Type=charset%3Dutf-8&X-atmo-protocol=true&_=1749522355485 HTTP/1.1" 200 -
218.17.68.95 - - [10/Jun/2025:10:25:30 +0800] "GET /InternetTrading/longpoll/54913?X-Atmosphere-tracking-id=0&X-Atmosphere-Framework=2.2.3-javascript&X-Atmosphere-Transport=long-polling&X-Atmosphere-TrackMessageSize=true&Content-Type=charset%3Dutf-8&X-atmo-protocol=true&_=1749522357341 HTTP/1.1" 200 -
119.136.152.90 - - [10/Jun/2025:10:25:31 +0800] "POST /InternetTrading/SessionErrorLogger HTTP/1.1" 200 117
119.136.152.90 - - [10/Jun/2025:10:25:31 +0800] "POST /InternetTrading/Heartbeat HTTP/1.1" 200 32
119.136.152.90 - - [10/Jun/2025:10:25:31 +0800] "POST /InternetTrading/SessionErrorLogger HTTP/1.1" 200 117
119.136.152.90 - - [10/Jun/2025:10:25:31 +0800] "POST /InternetTrading/MarketStatus HTTP/1.1" 200 772
117.24.52.91 - - [10/Jun/2025:10:25:31 +0800] "GET /InternetTrading/longpoll/M8773?X-Atmosphere-tracking-id=0&X-Atmosphere-Framework=2.2.3-javascript&X-Atmosphere-Transport=long-polling&X-Atmosphere-TrackMessageSize=true&Content-Type=charset%3Dutf-8&X-atmo-protocol=true&_=1749522362108 HTTP/1.1" 200 -
210.21.220.69 - - [10/Jun/2025:10:25:31 +0800] "GET /InternetTrading/longpoll/13876?X-Atmosphere-tracking-id=0&X-Atmosphere-Framework=2.2.3-javascript&X-Atmosphere-Transport=long-polling&X-Atmosphere-TrackMessageSize=true&Content-Type=charset%3Dutf-8&X-atmo-protocol=true&_=1749522360331 HTTP/1.1" 200 -
203.168.18.242 - - [10/Jun/2025:10:25:32 +0800] "GET /InternetTrading/longpoll/54585?X-Atmosphere-tracking-id=0&X-Atmosphere-Framework=2.2.3-javascript&X-Atmosphere-Transport=long-polling&X-Atmosphere-TrackMessageSize=true&Content-Type=charset%3Dutf-8&X-atmo-protocol=true&_=1749522360799 HTTP/1.1" 200 -
218.17.68.95 - - [10/Jun/2025:10:25:35 +0800] "GET /InternetTrading/longpoll/54913?X-Atmosphere-tracking-id=0&X-Atmosphere-Framework=2.2.3-javascript&X-Atmosphere-Transport=long-polling&X-Atmosphere-TrackMessageSize=true&Content-Type=charset%3Dutf-8&X-atmo-protocol=true&_=1749522362434 HTTP/1.1" 200 -
203.168.18.242 - - [10/Jun/2025:10:25:35 +0800] "POST /InternetTrading/SessionErrorLogger HTTP/1.1" 200 117
203.168.18.242 - - [10/Jun/2025:10:25:36 +0800] "POST /InternetTrading/Heartbeat HTTP/1.1" 200 32
203.168.18.242 - - [10/Jun/2025:10:25:36 +0800] "POST /InternetTrading/SessionErrorLogger HTTP/1.1" 200 117
203.168.18.242 - - [10/Jun/2025:10:25:36 +0800] "POST /InternetTrading/MarketStatus HTTP/1.1" 200 772
218.17.68.95 - - [10/Jun/2025:10:25:36 +0800] "POST /InternetTrading/SessionErrorLogger HTTP/1.1" 200 117
218.17.68.95 - - [10/Jun/2025:10:25:36 +0800] "POST /InternetTrading/Heartbeat HTTP/1.1" 200 32
218.17.68.95 - - [10/Jun/2025:10:25:36 +0800] "POST /InternetTrading/SessionErrorLogger HTTP/1.1" 200 117
218.17.68.95 - - [10/Jun/2025:10:25:37 +0800] "POST /InternetTrading/MarketStatus HTTP/1.1" 200 772
117.24.52.91 - - [10/Jun/2025:10:25:37 +0800] "GET /InternetTrading/longpoll/M8773?X-Atmosphere-tracking-id=0&X-Atmosphere-Framework=2.2.3-javascript&X-Atmosphere-Transport=long-polling&X-Atmosphere-TrackMessageSize=true&Content-Type=charset%3Dutf-8&X-atmo-protocol=true&_=1749522368108 HTTP/1.1" 200 -
203.168.18.242 - - [10/Jun/2025:10:25:37 +0800] "GET /InternetTrading/longpoll/54585?X-Atmosphere-tracking-id=0&X-Atmosphere-Framework=2.2.3-javascript&X-Atmosphere-Transport=long-polling&X-Atmosphere-TrackMessageSize=true&Content-Type=charset%3Dutf-8&X-atmo-protocol=true&_=1749522366119 HTTP/1.1" 200 -
210.21.220.69 - - [10/Jun/2025:10:25:37 +0800] "GET /InternetTrading/longpoll/13876?X-Atmosphere-tracking-id=0&X-Atmosphere-Framework=2.2.3-javascript&X-Atmosphere-Transport=long-polling&X-Atmosphere-TrackMessageSize=true&Content-Type=charset%3Dutf-8&X-atmo-protocol=true&_=1749522366331 HTTP/1.1" 200 -
218.17.68.95 - - [10/Jun/2025:10:25:40 +0800] "GET /InternetTrading/longpoll/54913?X-Atmosphere-tracking-id=0&X-Atmosphere-Framework=2.2.3-javascript&X-Atmosphere-Transport=long-polling&X-Atmosphere-TrackMessageSize=true&Content-Type=charset%3Dutf-8&X-atmo-protocol=true&_=1749522367512 HTTP/1.1" 200 -
203.168.18.242 - - [10/Jun/2025:10:25:42 +0800] "GET /InternetTrading/longpoll/54585?X-Atmosphere-tracking-id=0&X-Atmosphere-Framework=2.2.3-javascript&X-Atmosphere-Transport=long-polling&X-Atmosphere-TrackMessageSize=true&Content-Type=charset%3Dutf-8&X-atmo-protocol=true&_=1749522371173 HTTP/1.1" 200 -
117.24.52.91 - - [10/Jun/2025:10:25:43 +0800] "GET /InternetTrading/longpoll/M8773?X-Atmosphere-tracking-id=0&X-Atmosphere-Framework=2.2.3-javascript&X-Atmosphere-Transport=long-polling&X-Atmosphere-TrackMessageSize=true&Content-Type=charset%3Dutf-8&X-atmo-protocol=true&_=1749522374109 HTTP/1.1" 200 -
210.21.220.69 - - [10/Jun/2025:10:25:43 +0800] "GET /InternetTrading/longpoll/13876?X-Atmosphere-tracking-id=0&X-Atmosphere-Framework=2.2.3-javascript&X-Atmosphere-Transport=long-polling&X-Atmosphere-TrackMessageSize=true&Content-Type=charset%3Dutf-8&X-atmo-protocol=true&_=1749522372331 HTTP/1.1" 200 -
218.17.68.95 - - [10/Jun/2025:10:25:45 +0800] "GET /InternetTrading/longpoll/54913?X-Atmosphere-tracking-id=0&X-Atmosphere-Framework=2.2.3-javascript&X-Atmosphere-Transport=long-polling&X-Atmosphere-TrackMessageSize=true&Content-Type=charset%3Dutf-8&X-atmo-protocol=true&_=1749522372541 HTTP/1.1" 200 -
117.24.52.91 - - [10/Jun/2025:10:25:46 +0800] "POST /InternetTrading/SessionErrorLogger HTTP/1.1" 200 117
117.24.52.91 - - [10/Jun/2025:10:25:46 +0800] "POST /InternetTrading/Heartbeat HTTP/1.1" 200 32
117.24.52.91 - - [10/Jun/2025:10:25:46 +0800] "POST /InternetTrading/SessionErrorLogger HTTP/1.1" 200 117
117.24.52.91 - - [10/Jun/2025:10:25:46 +0800] "POST /InternetTrading/MarketStatus HTTP/1.1" 200 772
203.168.18.242 - - [10/Jun/2025:10:25:47 +0800] "GET /InternetTrading/longpoll/54585?X-Atmosphere-tracking-id=0&X-Atmosphere-Framework=2.2.3-javascript&X-Atmosphere-Transport=long-polling&X-Atmosphere-TrackMessageSize=true&Content-Type=charset%3Dutf-8&X-atmo-protocol=true&_=1749522376254 HTTP/1.1" 200 -
117.24.52.91 - - [10/Jun/2025:10:25:49 +0800] "GET /InternetTrading/longpoll/M8773?X-Atmosphere-tracking-id=0&X-Atmosphere-Framework=2.2.3-javascript&X-Atmosphere-Transport=long-polling&X-Atmosphere-TrackMessageSize=true&Content-Type=charset%3Dutf-8&X-atmo-protocol=true&_=1749522380109 HTTP/1.1" 200 -
210.21.220.69 - - [10/Jun/2025:10:25:49 +0800] "POST /InternetTrading/SessionErrorLogger HTTP/1.1" 200 117
210.21.220.69 - - [10/Jun/2025:10:25:50 +0800] "POST /InternetTrading/Heartbeat HTTP/1.1" 200 32
210.21.220.69 - - [10/Jun/2025:10:25:50 +0800] "POST /InternetTrading/SessionErrorLogger HTTP/1.1" 200 117
210.21.220.69 - - [10/Jun/2025:10:25:50 +0800] "GET /InternetTrading/longpoll/13876?X-Atmosphere-tracking-id=0&X-Atmosphere-Framework=2.2.3-javascript&X-Atmosphere-Transport=long-polling&X-Atmosphere-TrackMessageSize=true&Content-Type=charset%3Dutf-8&X-atmo-protocol=true&_=1749522378584 HTTP/1.1" 200 -
210.21.220.69 - - [10/Jun/2025:10:25:50 +0800] "POST /InternetTrading/MarketStatus HTTP/1.1" 200 772
218.17.68.95 - - [10/Jun/2025:10:25:51 +0800] "GET /InternetTrading/longpoll/54913?X-Atmosphere-tracking-id=0&X-Atmosphere-Framework=2.2.3-javascript&X-Atmosphere-Transport=long-polling&X-Atmosphere-TrackMessageSize=true&Content-Type=charset%3Dutf-8&X-atmo-protocol=true&_=1749522378342 HTTP/1.1" 200 -
203.168.18.242 - - [10/Jun/2025:10:25:53 +0800] "GET /InternetTrading/longpoll/54585?X-Atmosphere-tracking-id=0&X-Atmosphere-Framework=2.2.3-javascript&X-Atmosphere-Transport=long-polling&X-Atmosphere-TrackMessageSize=true&Content-Type=charset%3Dutf-8&X-atmo-protocol=true&_=1749522381436 HTTP/1.1" 200 -
117.24.52.91 - - [10/Jun/2025:10:25:55 +0800] "GET /InternetTrading/longpoll/M8773?X-Atmosphere-tracking-id=0&X-Atmosphere-Framework=2.2.3-javascript&X-Atmosphere-Transport=long-polling&X-Atmosphere-TrackMessageSize=true&Content-Type=charset%3Dutf-8&X-atmo-protocol=true&_=1749522386113 HTTP/1.1" 200 -
210.21.220.69 - - [10/Jun/2025:10:25:55 +0800] "GET /InternetTrading/longpoll/13876?X-Atmosphere-tracking-id=0&X-Atmosphere-Framework=2.2.3-javascript&X-Atmosphere-Transport=long-polling&X-Atmosphere-TrackMessageSize=true&Content-Type=charset%3Dutf-8&X-atmo-protocol=true&_=1749522384331 HTTP/1.1" 200 -
218.17.68.95 - - [10/Jun/2025:10:25:57 +0800] "GET /InternetTrading/longpoll/54913?X-Atmosphere-tracking-id=0&X-Atmosphere-Framework=2.2.3-javascript&X-Atmosphere-Transport=long-polling&X-Atmosphere-TrackMessageSize=true&Content-Type=charset%3Dutf-8&X-atmo-protocol=true&_=1749522384340 HTTP/1.1" 200 -
203.168.18.242 - - [10/Jun/2025:10:25:58 +0800] "GET /InternetTrading/longpoll/54585?X-Atmosphere-tracking-id=0&X-Atmosphere-Framework=2.2.3-javascript&X-Atmosphere-Transport=long-polling&X-Atmosphere-TrackMessageSize=true&Content-Type=charset%3Dutf-8&X-atmo-protocol=true&_=1749522386644 HTTP/1.1" 200 -
119.136.152.90 - - [10/Jun/2025:10:26:01 +0800] "POST /InternetTrading/SessionErrorLogger HTTP/1.1" 200 117
119.136.152.90 - - [10/Jun/2025:10:26:01 +0800] "POST /InternetTrading/Heartbeat HTTP/1.1" 200 32
119.136.152.90 - - [10/Jun/2025:10:26:01 +0800] "POST /InternetTrading/SessionErrorLogger HTTP/1.1" 200 117
119.136.152.90 - - [10/Jun/2025:10:26:01 +0800] "POST /InternetTrading/MarketStatus HTTP/1.1" 200 772
117.24.52.91 - - [10/Jun/2025:10:26:01 +0800] "GET /InternetTrading/longpoll/M8773?X-Atmosphere-tracking-id=0&X-Atmosphere-Framework=2.2.3-javascript&X-Atmosphere-Transport=long-polling&X-Atmosphere-TrackMessageSize=true&Content-Type=charset%3Dutf-8&X-atmo-protocol=true&_=1749522392113 HTTP/1.1" 200 -
210.21.220.69 - - [10/Jun/2025:10:26:01 +0800] "GET /InternetTrading/longpoll/13876?X-Atmosphere-tracking-id=0&X-Atmosphere-Framework=2.2.3-javascript&X-Atmosphere-Transport=long-polling&X-Atmosphere-TrackMessageSize=true&Content-Type=charset%3Dutf-8&X-atmo-protocol=true&_=1749522390332 HTTP/1.1" 200 -
218.17.68.95 - - [10/Jun/2025:10:26:02 +0800] "GET /InternetTrading/longpoll/54913?X-Atmosphere-tracking-id=0&X-Atmosphere-Framework=2.2.3-javascript&X-Atmosphere-Transport=long-polling&X-Atmosphere-TrackMessageSize=true&Content-Type=charset%3Dutf-8&X-atmo-protocol=true&_=1749522389431 HTTP/1.1" 200 -
203.168.18.242 - - [10/Jun/2025:10:26:03 +0800] "GET /InternetTrading/longpoll/54585?X-Atmosphere-tracking-id=0&X-Atmosphere-Framework=2.2.3-javascript&X-Atmosphere-Transport=long-polling&X-Atmosphere-TrackMessageSize=true&Content-Type=charset%3Dutf-8&X-atmo-protocol=true&_=1749522391783 HTTP/1.1" 200 -
218.17.68.95 - - [10/Jun/2025:10:26:05 +0800] "POST /InternetTrading/SessionErrorLogger HTTP/1.1" 200 117
218.17.68.95 - - [10/Jun/2025:10:26:05 +0800] "POST /InternetTrading/CashMovement HTTP/1.1" 200 409
218.17.68.95 - - [10/Jun/2025:10:26:05 +0800] "GET /InternetTrading/jquery/wait.gif HTTP/1.1" 200 432
203.168.18.242 - - [10/Jun/2025:10:26:06 +0800] "POST /InternetTrading/SessionErrorLogger HTTP/1.1" 200 117
203.168.18.242 - - [10/Jun/2025:10:26:06 +0800] "POST /InternetTrading/Heartbeat HTTP/1.1" 200 32
203.168.18.242 - - [10/Jun/2025:10:26:06 +0800] "POST /InternetTrading/SessionErrorLogger HTTP/1.1" 200 117
203.168.18.242 - - [10/Jun/2025:10:26:06 +0800] "POST /InternetTrading/MarketStatus HTTP/1.1" 200 772
218.17.68.95 - - [10/Jun/2025:10:26:06 +0800] "POST /InternetTrading/SessionErrorLogger HTTP/1.1" 200 117
218.17.68.95 - - [10/Jun/2025:10:26:06 +0800] "POST /InternetTrading/Heartbeat HTTP/1.1" 200 32
