61.239.100.147 - - [25/Jun/2025:09:29:08 +0800] "GET /InternetTrading/longpoll/13925?X-Atmosphere-tracking-id=0&X-Atmosphere-Framework=2.2.3-javascript&X-Atmosphere-Transport=long-polling&X-Atmosphere-TrackMessageSize=true&Content-Type=charset%3Dutf-8&X-atmo-protocol=true&_=1750814991226 HTTP/1.1" 200 -
119.136.152.218 - - [25/Jun/2025:09:29:08 +0800] "GET /InternetTrading/longpoll/52832?X-Atmosphere-tracking-id=0&X-Atmosphere-Framework=2.2.3-javascript&X-Atmosphere-Transport=long-polling&X-Atmosphere-TrackMessageSize=true&Content-Type=charset%3Dutf-8&X-atmo-protocol=true&_=1750815004232 HTTP/1.1" 200 -
14.0.231.246 - - [25/Jun/2025:09:29:10 +0800] "GET /InternetTrading/longpoll/A8127?X-Atmosphere-tracking-id=0&X-Atmosphere-Framework=2.2.3-javascript&X-Atmosphere-Transport=long-polling&X-Atmosphere-TrackMessageSize=true&Content-Type=charset%3Dutf-8&X-atmo-protocol=true&_=1750814996136 HTTP/1.1" 200 -
61.239.100.147 - - [25/Jun/2025:09:29:14 +0800] "GET /InternetTrading/longpoll/13925?X-Atmosphere-tracking-id=0&X-Atmosphere-Framework=2.2.3-javascript&X-Atmosphere-Transport=long-polling&X-Atmosphere-TrackMessageSize=true&Content-Type=charset%3Dutf-8&X-atmo-protocol=true&_=1750814997222 HTTP/1.1" 200 -
119.136.152.218 - - [25/Jun/2025:09:29:15 +0800] "POST /InternetTrading/SessionErrorLogger HTTP/1.1" 200 117
119.136.152.218 - - [25/Jun/2025:09:29:15 +0800] "POST /InternetTrading/Heartbeat HTTP/1.1" 200 32
119.136.152.218 - - [25/Jun/2025:09:29:15 +0800] "POST /InternetTrading/SessionErrorLogger HTTP/1.1" 200 117
119.136.152.218 - - [25/Jun/2025:09:29:15 +0800] "GET /InternetTrading/longpoll/52832?X-Atmosphere-tracking-id=0&X-Atmosphere-Framework=2.2.3-javascript&X-Atmosphere-Transport=long-polling&X-Atmosphere-TrackMessageSize=true&Content-Type=charset%3Dutf-8&X-atmo-protocol=true&_=1750815010410 HTTP/1.1" 200 -
119.136.152.218 - - [25/Jun/2025:09:29:15 +0800] "POST /InternetTrading/MarketStatus HTTP/1.1" 200 772
14.0.231.246 - - [25/Jun/2025:09:29:17 +0800] "GET /InternetTrading/longpoll/A8127?X-Atmosphere-tracking-id=0&X-Atmosphere-Framework=2.2.3-javascript&X-Atmosphere-Transport=long-polling&X-Atmosphere-TrackMessageSize=true&Content-Type=charset%3Dutf-8&X-atmo-protocol=true&_=1750815002142 HTTP/1.1" 200 -
61.239.100.147 - - [25/Jun/2025:09:29:20 +0800] "GET /InternetTrading/longpoll/13925?X-Atmosphere-tracking-id=0&X-Atmosphere-Framework=2.2.3-javascript&X-Atmosphere-Transport=long-polling&X-Atmosphere-TrackMessageSize=true&Content-Type=charset%3Dutf-8&X-atmo-protocol=true&_=1750815003220 HTTP/1.1" 200 -
119.136.152.218 - - [25/Jun/2025:09:29:20 +0800] "GET /InternetTrading/longpoll/52832?X-Atmosphere-tracking-id=0&X-Atmosphere-Framework=2.2.3-javascript&X-Atmosphere-Transport=long-polling&X-Atmosphere-TrackMessageSize=true&Content-Type=charset%3Dutf-8&X-atmo-protocol=true&_=1750815016233 HTTP/1.1" 200 -
14.0.231.246 - - [25/Jun/2025:09:29:23 +0800] "GET /InternetTrading/longpoll/A8127?X-Atmosphere-tracking-id=0&X-Atmosphere-Framework=2.2.3-javascript&X-Atmosphere-Transport=long-polling&X-Atmosphere-TrackMessageSize=true&Content-Type=charset%3Dutf-8&X-atmo-protocol=true&_=1750815008134 HTTP/1.1" 200 -
61.239.100.147 - - [25/Jun/2025:09:29:26 +0800] "GET /InternetTrading/longpoll/13925?X-Atmosphere-tracking-id=0&X-Atmosphere-Framework=2.2.3-javascript&X-Atmosphere-Transport=long-polling&X-Atmosphere-TrackMessageSize=true&Content-Type=charset%3Dutf-8&X-atmo-protocol=true&_=1750815009228 HTTP/1.1" 200 -
119.136.152.218 - - [25/Jun/2025:09:29:26 +0800] "GET /InternetTrading/longpoll/52832?X-Atmosphere-tracking-id=0&X-Atmosphere-Framework=2.2.3-javascript&X-Atmosphere-Transport=long-polling&X-Atmosphere-TrackMessageSize=true&Content-Type=charset%3Dutf-8&X-atmo-protocol=true&_=1750815022234 HTTP/1.1" 200 -
14.0.231.246 - - [25/Jun/2025:09:29:29 +0800] "GET /InternetTrading/longpoll/A8127?X-Atmosphere-tracking-id=0&X-Atmosphere-Framework=2.2.3-javascript&X-Atmosphere-Transport=long-polling&X-Atmosphere-TrackMessageSize=true&Content-Type=charset%3Dutf-8&X-atmo-protocol=true&_=1750815014139 HTTP/1.1" 200 -
65.181.90.29 - - [25/Jun/2025:09:29:31 +0800] "POST /InternetTrading/Heartbeat2FAService HTTP/1.1" 200 1
61.239.100.147 - - [25/Jun/2025:09:29:32 +0800] "GET /InternetTrading/longpoll/13925?X-Atmosphere-tracking-id=0&X-Atmosphere-Framework=2.2.3-javascript&X-Atmosphere-Transport=long-polling&X-Atmosphere-TrackMessageSize=true&Content-Type=charset%3Dutf-8&X-atmo-protocol=true&_=1750815015219 HTTP/1.1" 200 -
119.136.152.218 - - [25/Jun/2025:09:29:32 +0800] "GET /InternetTrading/longpoll/52832?X-Atmosphere-tracking-id=0&X-Atmosphere-Framework=2.2.3-javascript&X-Atmosphere-Transport=long-polling&X-Atmosphere-TrackMessageSize=true&Content-Type=charset%3Dutf-8&X-atmo-protocol=true&_=1750815028226 HTTP/1.1" 200 -
14.0.231.246 - - [25/Jun/2025:09:29:35 +0800] "GET /InternetTrading/longpoll/A8127?X-Atmosphere-tracking-id=0&X-Atmosphere-Framework=2.2.3-javascript&X-Atmosphere-Transport=long-polling&X-Atmosphere-TrackMessageSize=true&Content-Type=charset%3Dutf-8&X-atmo-protocol=true&_=1750815020141 HTTP/1.1" 200 -
61.239.100.147 - - [25/Jun/2025:09:29:38 +0800] "GET /InternetTrading/longpoll/13925?X-Atmosphere-tracking-id=0&X-Atmosphere-Framework=2.2.3-javascript&X-Atmosphere-Transport=long-polling&X-Atmosphere-TrackMessageSize=true&Content-Type=charset%3Dutf-8&X-atmo-protocol=true&_=1750815021218 HTTP/1.1" 200 -
119.136.152.218 - - [25/Jun/2025:09:29:38 +0800] "GET /InternetTrading/longpoll/52832?X-Atmosphere-tracking-id=0&X-Atmosphere-Framework=2.2.3-javascript&X-Atmosphere-Transport=long-polling&X-Atmosphere-TrackMessageSize=true&Content-Type=charset%3Dutf-8&X-atmo-protocol=true&_=1750815034233 HTTP/1.1" 200 -
14.0.231.246 - - [25/Jun/2025:09:29:41 +0800] "GET /InternetTrading/longpoll/A8127?X-Atmosphere-tracking-id=0&X-Atmosphere-Framework=2.2.3-javascript&X-Atmosphere-Transport=long-polling&X-Atmosphere-TrackMessageSize=true&Content-Type=charset%3Dutf-8&X-atmo-protocol=true&_=1750815026129 HTTP/1.1" 200 -
61.239.100.147 - - [25/Jun/2025:09:29:44 +0800] "GET /InternetTrading/longpoll/13925?X-Atmosphere-tracking-id=0&X-Atmosphere-Framework=2.2.3-javascript&X-Atmosphere-Transport=long-polling&X-Atmosphere-TrackMessageSize=true&Content-Type=charset%3Dutf-8&X-atmo-protocol=true&_=1750815027220 HTTP/1.1" 200 -
119.136.152.218 - - [25/Jun/2025:09:29:44 +0800] "GET /InternetTrading/longpoll/52832?X-Atmosphere-tracking-id=0&X-Atmosphere-Framework=2.2.3-javascript&X-Atmosphere-Transport=long-polling&X-Atmosphere-TrackMessageSize=true&Content-Type=charset%3Dutf-8&X-atmo-protocol=true&_=1750815040238 HTTP/1.1" 200 -
14.0.231.246 - - [25/Jun/2025:09:29:46 +0800] "GET /InternetTrading/longpoll/A8127?X-Atmosphere-tracking-id=0&X-Atmosphere-Framework=2.2.3-javascript&X-Atmosphere-Transport=long-polling&X-Atmosphere-TrackMessageSize=true&Content-Type=charset%3Dutf-8&X-atmo-protocol=true&_=1750815032131 HTTP/1.1" 200 -
61.239.100.147 - - [25/Jun/2025:09:29:50 +0800] "GET /InternetTrading/longpoll/13925?X-Atmosphere-tracking-id=0&X-Atmosphere-Framework=2.2.3-javascript&X-Atmosphere-Transport=long-polling&X-Atmosphere-TrackMessageSize=true&Content-Type=charset%3Dutf-8&X-atmo-protocol=true&_=1750815033220 HTTP/1.1" 200 -
119.136.152.218 - - [25/Jun/2025:09:29:50 +0800] "GET /InternetTrading/longpoll/52832?X-Atmosphere-tracking-id=0&X-Atmosphere-Framework=2.2.3-javascript&X-Atmosphere-Transport=long-polling&X-Atmosphere-TrackMessageSize=true&Content-Type=charset%3Dutf-8&X-atmo-protocol=true&_=1750815046238 HTTP/1.1" 200 -
14.0.231.246 - - [25/Jun/2025:09:29:53 +0800] "GET /InternetTrading/longpoll/A8127?X-Atmosphere-tracking-id=0&X-Atmosphere-Framework=2.2.3-javascript&X-Atmosphere-Transport=long-polling&X-Atmosphere-TrackMessageSize=true&Content-Type=charset%3Dutf-8&X-atmo-protocol=true&_=1750815038132 HTTP/1.1" 200 -
61.239.100.147 - - [25/Jun/2025:09:29:56 +0800] "GET /InternetTrading/longpoll/13925?X-Atmosphere-tracking-id=0&X-Atmosphere-Framework=2.2.3-javascript&X-Atmosphere-Transport=long-polling&X-Atmosphere-TrackMessageSize=true&Content-Type=charset%3Dutf-8&X-atmo-protocol=true&_=1750815039220 HTTP/1.1" 200 -
119.136.152.218 - - [25/Jun/2025:09:29:56 +0800] "GET /InternetTrading/longpoll/52832?X-Atmosphere-tracking-id=0&X-Atmosphere-Framework=2.2.3-javascript&X-Atmosphere-Transport=long-polling&X-Atmosphere-TrackMessageSize=true&Content-Type=charset%3Dutf-8&X-atmo-protocol=true&_=1750815052236 HTTP/1.1" 200 -
14.0.231.246 - - [25/Jun/2025:09:29:57 +0800] "POST /InternetTrading/SessionErrorLogger HTTP/1.1" 200 117
14.0.231.246 - - [25/Jun/2025:09:29:58 +0800] "POST /InternetTrading/Heartbeat HTTP/1.1" 200 32
14.0.231.246 - - [25/Jun/2025:09:29:58 +0800] "POST /InternetTrading/SessionErrorLogger HTTP/1.1" 200 117
14.0.231.246 - - [25/Jun/2025:09:29:58 +0800] "POST /InternetTrading/MarketStatus HTTP/1.1" 200 772
14.0.231.246 - - [25/Jun/2025:09:29:58 +0800] "GET /InternetTrading/longpoll/A8127?X-Atmosphere-tracking-id=0&X-Atmosphere-Framework=2.2.3-javascript&X-Atmosphere-Transport=long-polling&X-Atmosphere-TrackMessageSize=true&Content-Type=charset%3Dutf-8&X-atmo-protocol=true&_=1750815044135 HTTP/1.1" 200 -
65.181.90.29 - - [25/Jun/2025:09:30:01 +0800] "POST /InternetTrading/Heartbeat2FAService HTTP/1.1" 200 1
61.239.100.147 - - [25/Jun/2025:09:30:02 +0800] "GET /InternetTrading/longpoll/13925?X-Atmosphere-tracking-id=0&X-Atmosphere-Framework=2.2.3-javascript&X-Atmosphere-Transport=long-polling&X-Atmosphere-TrackMessageSize=true&Content-Type=charset%3Dutf-8&X-atmo-protocol=true&_=1750815045224 HTTP/1.1" 200 -
119.136.152.218 - - [25/Jun/2025:09:30:02 +0800] "GET /InternetTrading/longpoll/52832?X-Atmosphere-tracking-id=0&X-Atmosphere-Framework=2.2.3-javascript&X-Atmosphere-Transport=long-polling&X-Atmosphere-TrackMessageSize=true&Content-Type=charset%3Dutf-8&X-atmo-protocol=true&_=1750815058225 HTTP/1.1" 200 -
14.0.231.246 - - [25/Jun/2025:09:30:04 +0800] "GET /InternetTrading/longpoll/A8127?X-Atmosphere-tracking-id=0&X-Atmosphere-Framework=2.2.3-javascript&X-Atmosphere-Transport=long-polling&X-Atmosphere-TrackMessageSize=true&Content-Type=charset%3Dutf-8&X-atmo-protocol=true&_=1750815050137 HTTP/1.1" 200 -
61.239.100.147 - - [25/Jun/2025:09:30:05 +0800] "POST /InternetTrading/SessionErrorLogger HTTP/1.1" 200 117
61.239.100.147 - - [25/Jun/2025:09:30:05 +0800] "POST /InternetTrading/Heartbeat HTTP/1.1" 200 32
61.239.100.147 - - [25/Jun/2025:09:30:05 +0800] "POST /InternetTrading/SessionErrorLogger HTTP/1.1" 200 117
61.239.100.147 - - [25/Jun/2025:09:30:05 +0800] "POST /InternetTrading/MarketStatus HTTP/1.1" 200 772
61.239.100.147 - - [25/Jun/2025:09:30:08 +0800] "GET /InternetTrading/longpoll/13925?X-Atmosphere-tracking-id=0&X-Atmosphere-Framework=2.2.3-javascript&X-Atmosphere-Transport=long-polling&X-Atmosphere-TrackMessageSize=true&Content-Type=charset%3Dutf-8&X-atmo-protocol=true&_=1750815051219 HTTP/1.1" 200 -
119.136.152.218 - - [25/Jun/2025:09:30:08 +0800] "GET /InternetTrading/longpoll/52832?X-Atmosphere-tracking-id=0&X-Atmosphere-Framework=2.2.3-javascript&X-Atmosphere-Transport=long-polling&X-Atmosphere-TrackMessageSize=true&Content-Type=charset%3Dutf-8&X-atmo-protocol=true&_=1750815064231 HTTP/1.1" 200 -
14.0.231.246 - - [25/Jun/2025:09:30:10 +0800] "GET /InternetTrading/longpoll/A8127?X-Atmosphere-tracking-id=0&X-Atmosphere-Framework=2.2.3-javascript&X-Atmosphere-Transport=long-polling&X-Atmosphere-TrackMessageSize=true&Content-Type=charset%3Dutf-8&X-atmo-protocol=true&_=1750815056137 HTTP/1.1" 200 -
61.239.100.147 - - [25/Jun/2025:09:30:14 +0800] "GET /InternetTrading/longpoll/13925?X-Atmosphere-tracking-id=0&X-Atmosphere-Framework=2.2.3-javascript&X-Atmosphere-Transport=long-polling&X-Atmosphere-TrackMessageSize=true&Content-Type=charset%3Dutf-8&X-atmo-protocol=true&_=1750815057227 HTTP/1.1" 200 -
119.136.152.218 - - [25/Jun/2025:09:30:14 +0800] "POST /InternetTrading/SessionErrorLogger HTTP/1.1" 200 117
119.136.152.218 - - [25/Jun/2025:09:30:14 +0800] "POST /InternetTrading/Heartbeat HTTP/1.1" 200 32
119.136.152.218 - - [25/Jun/2025:09:30:15 +0800] "POST /InternetTrading/SessionErrorLogger HTTP/1.1" 200 117
119.136.152.218 - - [25/Jun/2025:09:30:15 +0800] "GET /InternetTrading/longpoll/52832?X-Atmosphere-tracking-id=0&X-Atmosphere-Framework=2.2.3-javascript&X-Atmosphere-Transport=long-polling&X-Atmosphere-TrackMessageSize=true&Content-Type=charset%3Dutf-8&X-atmo-protocol=true&_=1750815070341 HTTP/1.1" 200 -
119.136.152.218 - - [25/Jun/2025:09:30:15 +0800] "POST /InternetTrading/MarketStatus HTTP/1.1" 200 772
14.0.231.246 - - [25/Jun/2025:09:30:17 +0800] "GET /InternetTrading/longpoll/A8127?X-Atmosphere-tracking-id=0&X-Atmosphere-Framework=2.2.3-javascript&X-Atmosphere-Transport=long-polling&X-Atmosphere-TrackMessageSize=true&Content-Type=charset%3Dutf-8&X-atmo-protocol=true&_=1750815062139 HTTP/1.1" 200 -
61.239.100.147 - - [25/Jun/2025:09:30:20 +0800] "GET /InternetTrading/longpoll/13925?X-Atmosphere-tracking-id=0&X-Atmosphere-Framework=2.2.3-javascript&X-Atmosphere-Transport=long-polling&X-Atmosphere-TrackMessageSize=true&Content-Type=charset%3Dutf-8&X-atmo-protocol=true&_=1750815063216 HTTP/1.1" 200 -
119.136.152.218 - - [25/Jun/2025:09:30:20 +0800] "GET /InternetTrading/longpoll/52832?X-Atmosphere-tracking-id=0&X-Atmosphere-Framework=2.2.3-javascript&X-Atmosphere-Transport=long-polling&X-Atmosphere-TrackMessageSize=true&Content-Type=charset%3Dutf-8&X-atmo-protocol=true&_=1750815076230 HTTP/1.1" 200 -
14.0.231.246 - - [25/Jun/2025:09:30:23 +0800] "GET /InternetTrading/longpoll/A8127?X-Atmosphere-tracking-id=0&X-Atmosphere-Framework=2.2.3-javascript&X-Atmosphere-Transport=long-polling&X-Atmosphere-TrackMessageSize=true&Content-Type=charset%3Dutf-8&X-atmo-protocol=true&_=1750815068136 HTTP/1.1" 200 -
61.239.100.147 - - [25/Jun/2025:09:30:26 +0800] "GET /InternetTrading/longpoll/13925?X-Atmosphere-tracking-id=0&X-Atmosphere-Framework=2.2.3-javascript&X-Atmosphere-Transport=long-polling&X-Atmosphere-TrackMessageSize=true&Content-Type=charset%3Dutf-8&X-atmo-protocol=true&_=1750815069218 HTTP/1.1" 200 -
119.136.152.218 - - [25/Jun/2025:09:30:26 +0800] "GET /InternetTrading/longpoll/52832?X-Atmosphere-tracking-id=0&X-Atmosphere-Framework=2.2.3-javascript&X-Atmosphere-Transport=long-polling&X-Atmosphere-TrackMessageSize=true&Content-Type=charset%3Dutf-8&X-atmo-protocol=true&_=1750815082238 HTTP/1.1" 200 -
14.0.231.246 - - [25/Jun/2025:09:30:28 +0800] "GET /InternetTrading/longpoll/A8127?X-Atmosphere-tracking-id=0&X-Atmosphere-Framework=2.2.3-javascript&X-Atmosphere-Transport=long-polling&X-Atmosphere-TrackMessageSize=true&Content-Type=charset%3Dutf-8&X-atmo-protocol=true&_=1750815074137 HTTP/1.1" 200 -
65.181.90.29 - - [25/Jun/2025:09:30:31 +0800] "POST /InternetTrading/Heartbeat2FAService HTTP/1.1" 200 1
61.239.100.147 - - [25/Jun/2025:09:30:32 +0800] "GET /InternetTrading/longpoll/13925?X-Atmosphere-tracking-id=0&X-Atmosphere-Framework=2.2.3-javascript&X-Atmosphere-Transport=long-polling&X-Atmosphere-TrackMessageSize=true&Content-Type=charset%3Dutf-8&X-atmo-protocol=true&_=1750815075221 HTTP/1.1" 200 -
119.136.152.218 - - [25/Jun/2025:09:30:33 +0800] "GET /InternetTrading/longpoll/52832?X-Atmosphere-tracking-id=0&X-Atmosphere-Framework=2.2.3-javascript&X-Atmosphere-Transport=long-polling&X-Atmosphere-TrackMessageSize=true&Content-Type=charset%3Dutf-8&X-atmo-protocol=true&_=1750815088237 HTTP/1.1" 200 -
14.0.231.246 - - [25/Jun/2025:09:30:34 +0800] "GET /InternetTrading/longpoll/A8127?X-Atmosphere-tracking-id=0&X-Atmosphere-Framework=2.2.3-javascript&X-Atmosphere-Transport=long-polling&X-Atmosphere-TrackMessageSize=true&Content-Type=charset%3Dutf-8&X-atmo-protocol=true&_=1750815080137 HTTP/1.1" 200 -
61.239.100.147 - - [25/Jun/2025:09:30:38 +0800] "GET /InternetTrading/longpoll/13925?X-Atmosphere-tracking-id=0&X-Atmosphere-Framework=2.2.3-javascript&X-Atmosphere-Transport=long-polling&X-Atmosphere-TrackMessageSize=true&Content-Type=charset%3Dutf-8&X-atmo-protocol=true&_=1750815081231 HTTP/1.1" 200 -
119.136.152.218 - - [25/Jun/2025:09:30:38 +0800] "GET /InternetTrading/longpoll/52832?X-Atmosphere-tracking-id=0&X-Atmosphere-Framework=2.2.3-javascript&X-Atmosphere-Transport=long-polling&X-Atmosphere-TrackMessageSize=true&Content-Type=charset%3Dutf-8&X-atmo-protocol=true&_=1750815094229 HTTP/1.1" 200 -
14.0.231.246 - - [25/Jun/2025:09:30:40 +0800] "GET /InternetTrading/longpoll/A8127?X-Atmosphere-tracking-id=0&X-Atmosphere-Framework=2.2.3-javascript&X-Atmosphere-Transport=long-polling&X-Atmosphere-TrackMessageSize=true&Content-Type=charset%3Dutf-8&X-atmo-protocol=true&_=1750815086137 HTTP/1.1" 200 -
61.239.100.147 - - [25/Jun/2025:09:30:44 +0800] "GET /InternetTrading/longpoll/13925?X-Atmosphere-tracking-id=0&X-Atmosphere-Framework=2.2.3-javascript&X-Atmosphere-Transport=long-polling&X-Atmosphere-TrackMessageSize=true&Content-Type=charset%3Dutf-8&X-atmo-protocol=true&_=1750815087222 HTTP/1.1" 200 -
119.136.152.218 - - [25/Jun/2025:09:30:44 +0800] "GET /InternetTrading/longpoll/52832?X-Atmosphere-tracking-id=0&X-Atmosphere-Framework=2.2.3-javascript&X-Atmosphere-Transport=long-polling&X-Atmosphere-TrackMessageSize=true&Content-Type=charset%3Dutf-8&X-atmo-protocol=true&_=1750815100233 HTTP/1.1" 200 -
14.0.231.246 - - [25/Jun/2025:09:30:46 +0800] "GET /InternetTrading/longpoll/A8127?X-Atmosphere-tracking-id=0&X-Atmosphere-Framework=2.2.3-javascript&X-Atmosphere-Transport=long-polling&X-Atmosphere-TrackMessageSize=true&Content-Type=charset%3Dutf-8&X-atmo-protocol=true&_=1750815092134 HTTP/1.1" 200 -
61.239.100.147 - - [25/Jun/2025:09:30:50 +0800] "GET /InternetTrading/longpoll/13925?X-Atmosphere-tracking-id=0&X-Atmosphere-Framework=2.2.3-javascript&X-Atmosphere-Transport=long-polling&X-Atmosphere-TrackMessageSize=true&Content-Type=charset%3Dutf-8&X-atmo-protocol=true&_=1750815093228 HTTP/1.1" 200 -
119.136.152.218 - - [25/Jun/2025:09:30:51 +0800] "GET /InternetTrading/longpoll/52832?X-Atmosphere-tracking-id=0&X-Atmosphere-Framework=2.2.3-javascript&X-Atmosphere-Transport=long-polling&X-Atmosphere-TrackMessageSize=true&Content-Type=charset%3Dutf-8&X-atmo-protocol=true&_=1750815106225 HTTP/1.1" 200 -
14.0.231.246 - - [25/Jun/2025:09:30:52 +0800] "GET /InternetTrading/longpoll/A8127?X-Atmosphere-tracking-id=0&X-Atmosphere-Framework=2.2.3-javascript&X-Atmosphere-Transport=long-polling&X-Atmosphere-TrackMessageSize=true&Content-Type=charset%3Dutf-8&X-atmo-protocol=true&_=1750815098137 HTTP/1.1" 200 -
61.239.100.147 - - [25/Jun/2025:09:30:56 +0800] "GET /InternetTrading/longpoll/13925?X-Atmosphere-tracking-id=0&X-Atmosphere-Framework=2.2.3-javascript&X-Atmosphere-Transport=long-polling&X-Atmosphere-TrackMessageSize=true&Content-Type=charset%3Dutf-8&X-atmo-protocol=true&_=1750815099218 HTTP/1.1" 200 -
119.136.152.218 - - [25/Jun/2025:09:30:57 +0800] "GET /InternetTrading/longpoll/52832?X-Atmosphere-tracking-id=0&X-Atmosphere-Framework=2.2.3-javascript&X-Atmosphere-Transport=long-polling&X-Atmosphere-TrackMessageSize=true&Content-Type=charset%3Dutf-8&X-atmo-protocol=true&_=1750815112234 HTTP/1.1" 200 -
14.0.231.246 - - [25/Jun/2025:09:30:57 +0800] "POST /InternetTrading/SessionErrorLogger HTTP/1.1" 200 117
14.0.231.246 - - [25/Jun/2025:09:30:58 +0800] "POST /InternetTrading/Heartbeat HTTP/1.1" 200 32
14.0.231.246 - - [25/Jun/2025:09:30:58 +0800] "POST /InternetTrading/SessionErrorLogger HTTP/1.1" 200 117
14.0.231.246 - - [25/Jun/2025:09:30:58 +0800] "POST /InternetTrading/MarketStatus HTTP/1.1" 200 772
14.0.231.246 - - [25/Jun/2025:09:30:58 +0800] "GET /InternetTrading/longpoll/A8127?X-Atmosphere-tracking-id=0&X-Atmosphere-Framework=2.2.3-javascript&X-Atmosphere-Transport=long-polling&X-Atmosphere-TrackMessageSize=true&Content-Type=charset%3Dutf-8&X-atmo-protocol=true&_=1750815104137 HTTP/1.1" 200 -
65.181.90.29 - - [25/Jun/2025:09:30:59 +0800] "POST /InternetTrading/Resend2FAService HTTP/1.1" 200 -
65.181.90.29 - - [25/Jun/2025:09:31:01 +0800] "POST /InternetTrading/Heartbeat2FAService HTTP/1.1" 200 1
61.239.100.147 - - [25/Jun/2025:09:31:02 +0800] "GET /InternetTrading/longpoll/13925?X-Atmosphere-tracking-id=0&X-Atmosphere-Framework=2.2.3-javascript&X-Atmosphere-Transport=long-polling&X-Atmosphere-TrackMessageSize=true&Content-Type=charset%3Dutf-8&X-atmo-protocol=true&_=1750815105231 HTTP/1.1" 200 -
119.136.152.218 - - [25/Jun/2025:09:31:02 +0800] "GET /InternetTrading/longpoll/52832?X-Atmosphere-tracking-id=0&X-Atmosphere-Framework=2.2.3-javascript&X-Atmosphere-Transport=long-polling&X-Atmosphere-TrackMessageSize=true&Content-Type=charset%3Dutf-8&X-atmo-protocol=true&_=1750815118231 HTTP/1.1" 200 -
14.0.231.246 - - [25/Jun/2025:09:31:04 +0800] "GET /InternetTrading/longpoll/A8127?X-Atmosphere-tracking-id=0&X-Atmosphere-Framework=2.2.3-javascript&X-Atmosphere-Transport=long-polling&X-Atmosphere-TrackMessageSize=true&Content-Type=charset%3Dutf-8&X-atmo-protocol=true&_=1750815110141 HTTP/1.1" 200 -
61.239.100.147 - - [25/Jun/2025:09:31:05 +0800] "POST /InternetTrading/SessionErrorLogger HTTP/1.1" 200 117
61.239.100.147 - - [25/Jun/2025:09:31:05 +0800] "POST /InternetTrading/Heartbeat HTTP/1.1" 200 32
61.239.100.147 - - [25/Jun/2025:09:31:05 +0800] "POST /InternetTrading/SessionErrorLogger HTTP/1.1" 200 117
61.239.100.147 - - [25/Jun/2025:09:31:05 +0800] "POST /InternetTrading/MarketStatus HTTP/1.1" 200 772
61.239.100.147 - - [25/Jun/2025:09:31:08 +0800] "GET /InternetTrading/longpoll/13925?X-Atmosphere-tracking-id=0&X-Atmosphere-Framework=2.2.3-javascript&X-Atmosphere-Transport=long-polling&X-Atmosphere-TrackMessageSize=true&Content-Type=charset%3Dutf-8&X-atmo-protocol=true&_=1750815111228 HTTP/1.1" 200 -
119.136.152.218 - - [25/Jun/2025:09:31:08 +0800] "GET /InternetTrading/longpoll/52832?X-Atmosphere-tracking-id=0&X-Atmosphere-Framework=2.2.3-javascript&X-Atmosphere-Transport=long-polling&X-Atmosphere-TrackMessageSize=true&Content-Type=charset%3Dutf-8&X-atmo-protocol=true&_=1750815124224 HTTP/1.1" 200 -
14.0.231.246 - - [25/Jun/2025:09:31:10 +0800] "GET /InternetTrading/longpoll/A8127?X-Atmosphere-tracking-id=0&X-Atmosphere-Framework=2.2.3-javascript&X-Atmosphere-Transport=long-polling&X-Atmosphere-TrackMessageSize=true&Content-Type=charset%3Dutf-8&X-atmo-protocol=true&_=1750815116147 HTTP/1.1" 200 -
61.239.100.147 - - [25/Jun/2025:09:31:14 +0800] "GET /InternetTrading/longpoll/13925?X-Atmosphere-tracking-id=0&X-Atmosphere-Framework=2.2.3-javascript&X-Atmosphere-Transport=long-polling&X-Atmosphere-TrackMessageSize=true&Content-Type=charset%3Dutf-8&X-atmo-protocol=true&_=1750815117230 HTTP/1.1" 200 -
119.136.152.218 - - [25/Jun/2025:09:31:14 +0800] "POST /InternetTrading/SessionErrorLogger HTTP/1.1" 200 117
119.136.152.218 - - [25/Jun/2025:09:31:14 +0800] "POST /InternetTrading/Heartbeat HTTP/1.1" 200 32
119.136.152.218 - - [25/Jun/2025:09:31:15 +0800] "POST /InternetTrading/SessionErrorLogger HTTP/1.1" 200 117
119.136.152.218 - - [25/Jun/2025:09:31:15 +0800] "GET /InternetTrading/longpoll/52832?X-Atmosphere-tracking-id=0&X-Atmosphere-Framework=2.2.3-javascript&X-Atmosphere-Transport=long-polling&X-Atmosphere-TrackMessageSize=true&Content-Type=charset%3Dutf-8&X-atmo-protocol=true&_=1750815130330 HTTP/1.1" 200 -
119.136.152.218 - - [25/Jun/2025:09:31:15 +0800] "POST /InternetTrading/MarketStatus HTTP/1.1" 200 772
14.0.231.246 - - [25/Jun/2025:09:31:16 +0800] "GET /InternetTrading/longpoll/A8127?X-Atmosphere-tracking-id=0&X-Atmosphere-Framework=2.2.3-javascript&X-Atmosphere-Transport=long-polling&X-Atmosphere-TrackMessageSize=true&Content-Type=charset%3Dutf-8&X-atmo-protocol=true&_=1750815122143 HTTP/1.1" 200 -
61.239.100.147 - - [25/Jun/2025:09:31:20 +0800] "GET /InternetTrading/longpoll/13925?X-Atmosphere-tracking-id=0&X-Atmosphere-Framework=2.2.3-javascript&X-Atmosphere-Transport=long-polling&X-Atmosphere-TrackMessageSize=true&Content-Type=charset%3Dutf-8&X-atmo-protocol=true&_=1750815123225 HTTP/1.1" 200 -
14.0.231.246 - - [25/Jun/2025:09:31:22 +0800] "GET /InternetTrading/longpoll/A8127?X-Atmosphere-tracking-id=0&X-Atmosphere-Framework=2.2.3-javascript&X-Atmosphere-Transport=long-polling&X-Atmosphere-TrackMessageSize=true&Content-Type=charset%3Dutf-8&X-atmo-protocol=true&_=1750815128140 HTTP/1.1" 200 -
65.181.90.29 - - [25/Jun/2025:09:31:24 +0800] "GET /InternetTrading/jquery/wait.gif HTTP/1.1" 200 432
65.181.90.29 - - [25/Jun/2025:09:31:24 +0800] "POST /InternetTrading/Verify2FAService HTTP/1.1" 200 423
65.181.90.29 - - [25/Jun/2025:09:31:25 +0800] "GET /InternetTrading/tc/main.html?language=tc&version=HTML HTTP/1.1" 200 3578
65.181.90.29 - - [25/Jun/2025:09:31:25 +0800] "GET /InternetTrading/jquery/ui.datepicker.css HTTP/1.1" 200 1145
65.181.90.29 - - [25/Jun/2025:09:31:25 +0800] "GET /InternetTrading/jquery/jquery.tablesorter-theme.blue.css HTTP/1.1" 200 2083
65.181.90.29 - - [25/Jun/2025:09:31:25 +0800] "GET /InternetTrading/jquery/jquery-ui-1.10.3.css HTTP/1.1" 200 5283
65.181.90.29 - - [25/Jun/2025:09:31:25 +0800] "GET /InternetTrading/jquery/dragtable-2.0.9.css HTTP/1.1" 200 316
65.181.90.29 - - [25/Jun/2025:09:31:25 +0800] "GET /InternetTrading/tc/style.css?v=20200819161914 HTTP/1.1" 200 1435
65.181.90.29 - - [25/Jun/2025:09:31:25 +0800] "GET /InternetTrading/jquery/jquery.ba-postmessage.js HTTP/1.1" 200 2990
65.181.90.29 - - [25/Jun/2025:09:31:25 +0800] "GET /InternetTrading/tc/style_common.css?v=20200819161914 HTTP/1.1" 200 2540
65.181.90.29 - - [25/Jun/2025:09:31:25 +0800] "GET /InternetTrading/tc/css/jquery.jscrollpane.css HTTP/1.1" 404 690
65.181.90.29 - - [25/Jun/2025:09:31:25 +0800] "GET /InternetTrading/js/aastock.js HTTP/1.1" 200 553
65.181.90.29 - - [25/Jun/2025:09:31:25 +0800] "GET /InternetTrading/jquery/jquery-1.6.3.min.js HTTP/1.1" 200 32057
65.181.90.29 - - [25/Jun/2025:09:31:25 +0800] "GET /InternetTrading/js/atmosphere.js HTTP/1.1" 200 13461
65.181.90.29 - - [25/Jun/2025:09:31:25 +0800] "GET /InternetTrading/jquery/jquery-migrate-3.0.0.js HTTP/1.1" 200 4963
65.181.90.29 - - [25/Jun/2025:09:31:25 +0800] "GET /InternetTrading/jquery/jquery-ui-1.10.3.js HTTP/1.1" 200 69642
65.181.90.29 - - [25/Jun/2025:09:31:25 +0800] "GET /InternetTrading/js/cache.js?jsv=20200819161914 HTTP/1.1" 200 940
65.181.90.29 - - [25/Jun/2025:09:31:25 +0800] "GET /InternetTrading/jquery/jquery.validate-1.11.1.js HTTP/1.1" 200 7041
65.181.90.29 - - [25/Jun/2025:09:31:25 +0800] "GET /InternetTrading/jquery/jquery.form-3.46.0.js HTTP/1.1" 200 5673
65.181.90.29 - - [25/Jun/2025:09:31:25 +0800] "GET /InternetTrading/jquery/jquery.blockUI-2.66.0.js HTTP/1.1" 200 6651
65.181.90.29 - - [25/Jun/2025:09:31:25 +0800] "GET /InternetTrading/jquery/jquery-3.3.1.js HTTP/1.1" 200 80650
65.181.90.29 - - [25/Jun/2025:09:31:25 +0800] "GET /InternetTrading/jquery/additional-methods.js HTTP/1.1" 200 2238
65.181.90.29 - - [25/Jun/2025:09:31:25 +0800] "GET /InternetTrading/jquery/jquery.mousewheel-3.1.4.js HTTP/1.1" 200 822
65.181.90.29 - - [25/Jun/2025:09:31:25 +0800] "GET /InternetTrading/jquery/jquery.tablesorter-2.14.5.js HTTP/1.1" 200 8901
65.181.90.29 - - [25/Jun/2025:09:31:25 +0800] "GET /InternetTrading/jquery/jquery.tablesorter.widgets-2.14.5.js HTTP/1.1" 200 8611
65.181.90.29 - - [25/Jun/2025:09:31:25 +0800] "GET /InternetTrading/jquery/jquery.getParams.js HTTP/1.1" 200 587
65.181.90.29 - - [25/Jun/2025:09:31:25 +0800] "GET /InternetTrading/jquery/jquery.timer-0.9.16.js HTTP/1.1" 200 542
65.181.90.29 - - [25/Jun/2025:09:31:25 +0800] "GET /InternetTrading/jquery/jquery.combobox.packed.js HTTP/1.1" 200 3387
65.181.90.29 - - [25/Jun/2025:09:31:25 +0800] "GET /InternetTrading/jquery/jquery.selectboxes.pack.js HTTP/1.1" 200 1640
65.181.90.29 - - [25/Jun/2025:09:31:25 +0800] "GET /InternetTrading/jquery/date.js HTTP/1.1" 200 2807
65.181.90.29 - - [25/Jun/2025:09:31:25 +0800] "GET /InternetTrading/jquery/globalize-0.1.0a1.js HTTP/1.1" 200 6984
65.181.90.29 - - [25/Jun/2025:09:31:25 +0800] "GET /InternetTrading/json/json2.js?jsv=20200819161914 HTTP/1.1" 200 1372
65.181.90.29 - - [25/Jun/2025:09:31:25 +0800] "GET /InternetTrading/js/constants.js?jsv=20200819161914 HTTP/1.1" 200 400
65.181.90.29 - - [25/Jun/2025:09:31:25 +0800] "GET /InternetTrading/settings/crm_display_settings.js?jsv=20200819161914 HTTP/1.1" 200 1781
65.181.90.29 - - [25/Jun/2025:09:31:25 +0800] "GET /InternetTrading/tc/user/custom_variables.js?jsv=20200819161914 HTTP/1.1" 200 275
65.181.90.29 - - [25/Jun/2025:09:31:25 +0800] "GET /InternetTrading/tc/user/translation.js?jsv=20200819161914 HTTP/1.1" 200 12818
65.181.90.29 - - [25/Jun/2025:09:31:25 +0800] "GET /InternetTrading/js/haitong.js?jsv=20200819161914 HTTP/1.1" 200 3881
65.181.90.29 - - [25/Jun/2025:09:31:25 +0800] "GET /InternetTrading/js/util.js?jsv=20200819161914 HTTP/1.1" 200 6636
65.181.90.29 - - [25/Jun/2025:09:31:25 +0800] "GET /InternetTrading/js/init.js?jsv=20200819161914 HTTP/1.1" 200 886
65.181.90.29 - - [25/Jun/2025:09:31:25 +0800] "GET /InternetTrading/js/rsautil.js?jsv=20200819161914 HTTP/1.1" 200 1017
65.181.90.29 - - [25/Jun/2025:09:31:25 +0800] "GET /InternetTrading/js/main.js?jsv=20200819161914 HTTP/1.1" 200 30725
65.181.90.29 - - [25/Jun/2025:09:31:25 +0800] "GET /InternetTrading/js/validation_bshare.js?jsv=20200819161914 HTTP/1.1" 200 1567
65.181.90.29 - - [25/Jun/2025:09:31:25 +0800] "GET /InternetTrading/js/corporate.js?jsv=20200819161914 HTTP/1.1" 200 1575
65.181.90.29 - - [25/Jun/2025:09:31:25 +0800] "GET /InternetTrading/js/update_mdf.js?jsv=20200819161914 HTTP/1.1" 200 856
65.181.90.29 - - [25/Jun/2025:09:31:25 +0800] "GET /InternetTrading/js/validation_hkex.js?jsv=20200819161914 HTTP/1.1" 200 2300
65.181.90.29 - - [25/Jun/2025:09:31:25 +0800] "GET /InternetTrading/js/validation_ashare.js?jsv=20200819161914 HTTP/1.1" 200 2482
65.181.90.29 - - [25/Jun/2025:09:31:25 +0800] "GET /InternetTrading/js/validation_global.js?jsv=20200819161914 HTTP/1.1" 200 1564
65.181.90.29 - - [25/Jun/2025:09:31:25 +0800] "GET /InternetTrading/js/account.js?jsv=20200819161914 HTTP/1.1" 200 2656
65.181.90.29 - - [25/Jun/2025:09:31:25 +0800] "GET /InternetTrading/js/ipo.js?jsv=20200819161914 HTTP/1.1" 200 5726
65.181.90.29 - - [25/Jun/2025:09:31:25 +0800] "GET /InternetTrading/js/mm.js?jsv=20200819161914 HTTP/1.1" 200 487
65.181.90.29 - - [25/Jun/2025:09:31:25 +0800] "GET /InternetTrading/js/spread_cache.js?jsv=20200819161914 HTTP/1.1" 200 908
65.181.90.29 - - [25/Jun/2025:09:31:25 +0800] "GET /InternetTrading/js/cash_transfer.js?jsv=20200819161914 HTTP/1.1" 200 2712
65.181.90.29 - - [25/Jun/2025:09:31:25 +0800] "GET /InternetTrading/js/isec_calculator.js?jsv=20200819161914 HTTP/1.1" 200 1364
65.181.90.29 - - [25/Jun/2025:09:31:25 +0800] "GET /InternetTrading/js/payment_instruction.js?jsv=20200819161914 HTTP/1.1" 200 2178
65.181.90.29 - - [25/Jun/2025:09:31:25 +0800] "GET /InternetTrading/js/eStatement.js?jsv=20200819161914 HTTP/1.1" 200 562
65.181.90.29 - - [25/Jun/2025:09:31:25 +0800] "GET /InternetTrading/js/string_extend.js?jsv=20200819161914 HTTP/1.1" 200 272
65.181.90.29 - - [25/Jun/2025:09:31:25 +0800] "GET /InternetTrading/js/pidcrypt.js?jsv=20200819161914 HTTP/1.1" 200 982
65.181.90.29 - - [25/Jun/2025:09:31:25 +0800] "GET /InternetTrading/js/payment_instruction_IMOS.js?jsv=20200819161914 HTTP/1.1" 200 6874
65.181.90.29 - - [25/Jun/2025:09:31:25 +0800] "GET /InternetTrading/ExchangeList?fmt=js&jsv=20200819161914 HTTP/1.1" 200 146
65.181.90.29 - - [25/Jun/2025:09:31:25 +0800] "GET /InternetTrading/js/pidcrypt_util.js?jsv=20200819161914 HTTP/1.1" 200 1206
65.181.90.29 - - [25/Jun/2025:09:31:25 +0800] "GET /InternetTrading/js/aes_cbc.js?jsv=20200819161914 HTTP/1.1" 200 2043
65.181.90.29 - - [25/Jun/2025:09:31:25 +0800] "GET /InternetTrading/js/aes_core.js?jsv=20200819161914 HTTP/1.1" 200 2106
65.181.90.29 - - [25/Jun/2025:09:31:25 +0800] "GET /InternetTrading/js/md5.js?jsv=20200819161914 HTTP/1.1" 200 1730
65.181.90.29 - - [25/Jun/2025:09:31:25 +0800] "GET /InternetTrading/js/asn1.js?jsv=20200819161914 HTTP/1.1" 200 3099
65.181.90.29 - - [25/Jun/2025:09:31:25 +0800] "GET /InternetTrading/js/sha256.js?jsv=20200819161914 HTTP/1.1" 200 1362
65.181.90.29 - - [25/Jun/2025:09:31:25 +0800] "GET /InternetTrading/js/prng4.js?jsv=20200819161914 HTTP/1.1" 200 303
65.181.90.29 - - [25/Jun/2025:09:31:25 +0800] "GET /InternetTrading/js/jsbn.js?jsv=20200819161914 HTTP/1.1" 200 6736
65.181.90.29 - - [25/Jun/2025:09:31:25 +0800] "GET /InternetTrading/js/rng.js?jsv=20200819161914 HTTP/1.1" 200 481
65.181.90.29 - - [25/Jun/2025:09:31:25 +0800] "GET /InternetTrading/js/rsa.js?jsv=20200819161914 HTTP/1.1" 200 1658
65.181.90.29 - - [25/Jun/2025:09:31:25 +0800] "GET /InternetTrading/js/aes.js?jsv=20200819161914 HTTP/1.1" 200 4816
65.181.90.29 - - [25/Jun/2025:09:31:25 +0800] "GET /InternetTrading/js/utilSpec.js?jsv=20200819161914 HTTP/1.1" 200 27
65.181.90.29 - - [25/Jun/2025:09:31:25 +0800] "GET /InternetTrading/js/mode-ecb.js?jsv=20200819161914 HTTP/1.1" 200 199
65.181.90.29 - - [25/Jun/2025:09:31:25 +0800] "GET /InternetTrading/js/pw_alert.js?jsv=20200819161914 HTTP/1.1" 200 418
65.181.90.29 - - [25/Jun/2025:09:31:25 +0800] "GET /InternetTrading/js/update_lastlogin.js?jsv=20200819161914 HTTP/1.1" 200 980
65.181.90.29 - - [25/Jun/2025:09:31:25 +0800] "GET /InternetTrading/js/jquery.jscrollpane.js HTTP/1.1" 404 685
65.181.90.29 - - [25/Jun/2025:09:31:25 +0800] "GET /InternetTrading/js/jquery.cookie.js HTTP/1.1" 200 834
65.181.90.29 - - [25/Jun/2025:09:31:25 +0800] "GET /InternetTrading/js/jquery.mousewheel.js HTTP/1.1" 404 684
65.181.90.29 - - [25/Jun/2025:09:31:25 +0800] "GET /InternetTrading/js/decimal.js HTTP/1.1" 200 13492
65.181.90.29 - - [25/Jun/2025:09:31:25 +0800] "GET /InternetTrading/tc/images/logo.png HTTP/1.1" 200 7042
65.181.90.29 - - [25/Jun/2025:09:31:25 +0800] "GET /InternetTrading/GoodTillDateValidExch?fmt=js&jsv=20200819161914 HTTP/1.1" 200 29
65.181.90.29 - - [25/Jun/2025:09:31:25 +0800] "GET /InternetTrading/tc/images/top_menu01.jpg HTTP/1.1" 200 3466
65.181.90.29 - - [25/Jun/2025:09:31:25 +0800] "GET /InternetTrading/tc/images/top_menu04.jpg HTTP/1.1" 200 3430
65.181.90.29 - - [25/Jun/2025:09:31:25 +0800] "GET /InternetTrading/tc/images/top_menu_logout.jpg HTTP/1.1" 200 1016
65.181.90.29 - - [25/Jun/2025:09:31:25 +0800] "GET /InternetTrading/images/top_bg1.jpg HTTP/1.1" 200 329
65.181.90.29 - - [25/Jun/2025:09:31:25 +0800] "GET /InternetTrading/images/top_bg3.jpg HTTP/1.1" 200 878
65.181.90.29 - - [25/Jun/2025:09:31:25 +0800] "GET /InternetTrading/images/top_bg2.jpg HTTP/1.1" 200 330
65.181.90.29 - - [25/Jun/2025:09:31:25 +0800] "POST /InternetTrading/PopUpConfig HTTP/1.1" 200 2
65.181.90.29 - - [25/Jun/2025:09:31:25 +0800] "GET /InternetTrading/tc/dialog.html?1750815131065 HTTP/1.1" 200 3188
65.181.90.29 - - [25/Jun/2025:09:31:25 +0800] "POST /InternetTrading/Heartbeat HTTP/1.1" 200 32
65.181.90.29 - - [25/Jun/2025:09:31:25 +0800] "POST /InternetTrading/CustomerInfoLite HTTP/1.1" 200 118
65.181.90.29 - - [25/Jun/2025:09:31:25 +0800] "GET /InternetTrading/tc/images/top_menu04.jpg HTTP/1.1" 200 3430
65.181.90.29 - - [25/Jun/2025:09:31:25 +0800] "GET /InternetTrading/jquery/wait.gif HTTP/1.1" 200 432
65.181.90.29 - - [25/Jun/2025:09:31:25 +0800] "GET /InternetTrading/tc/trade.html HTTP/1.1" 200 2113
65.181.90.29 - - [25/Jun/2025:09:31:25 +0800] "POST /InternetTrading/SpreadPriceCache HTTP/1.1" 200 3539
65.181.90.29 - - [25/Jun/2025:09:31:25 +0800] "GET /InternetTrading/tc/images/top_menu01_o.jpg HTTP/1.1" 200 3339
65.181.90.29 - - [25/Jun/2025:09:31:25 +0800] "POST /InternetTrading/SessionErrorLogger HTTP/1.1" 200 117
65.181.90.29 - - [25/Jun/2025:09:31:25 +0800] "POST /InternetTrading/GetLastLoginDate HTTP/1.1" 200 31
65.181.90.29 - - [25/Jun/2025:09:31:25 +0800] "POST /InternetTrading/SessionErrorLogger HTTP/1.1" 200 117
65.181.90.29 - - [25/Jun/2025:09:31:25 +0800] "GET /InternetTrading/tc/getpopupMsgName.jsp HTTP/1.1" 200 -
65.181.90.29 - - [25/Jun/2025:09:31:25 +0800] "GET /InternetTrading/tc/applet_dummy.html HTTP/1.1" 200 330
65.181.90.29 - - [25/Jun/2025:09:31:25 +0800] "POST /InternetTrading/SessionErrorLogger HTTP/1.1" 200 117
65.181.90.29 - - [25/Jun/2025:09:31:25 +0800] "GET /InternetTrading/tc/buy_ticket.html? HTTP/1.1" 200 1995
65.181.90.29 - - [25/Jun/2025:09:31:25 +0800] "POST /InternetTrading/SessionErrorLogger HTTP/1.1" 200 117
65.181.90.29 - - [25/Jun/2025:09:31:25 +0800] "POST /InternetTrading/MarketStatus HTTP/1.1" 200 772
65.181.90.29 - - [25/Jun/2025:09:31:25 +0800] "POST /InternetTrading/SessionErrorLogger HTTP/1.1" 200 117
65.181.90.29 - - [25/Jun/2025:09:31:25 +0800] "GET /InternetTrading/jquery/wait.gif HTTP/1.1" 200 432
65.181.90.29 - - [25/Jun/2025:09:31:25 +0800] "GET /InternetTrading/tc/multi_currency_balance.html HTTP/1.1" 200 295
65.181.90.29 - - [25/Jun/2025:09:31:25 +0800] "GET /InternetTrading/Home/PostToAA.jsp?hl=tc HTTP/1.1" 200 287
65.181.90.29 - - [25/Jun/2025:09:31:25 +0800] "GET /InternetTrading/tc/images/refresh.gif HTTP/1.1" 200 1145
65.181.90.29 - - [25/Jun/2025:09:31:25 +0800] "GET /InternetTrading/tc/images/trade_point01.jpg HTTP/1.1" 200 358
65.181.90.29 - - [25/Jun/2025:09:31:25 +0800] "GET /InternetTrading/jquery/images/ui-icons_222222_256x240.png HTTP/1.1" 200 6922
65.181.90.29 - - [25/Jun/2025:09:31:25 +0800] "GET /InternetTrading/jquery/images/ui-bg_flat_75_ffffff_40x100.png HTTP/1.1" 200 208
65.181.90.29 - - [25/Jun/2025:09:31:26 +0800] "POST /InternetTrading/SessionErrorLogger HTTP/1.1" 200 117
65.181.90.29 - - [25/Jun/2025:09:31:26 +0800] "POST /InternetTrading/SessionErrorLogger HTTP/1.1" 200 117
65.181.90.29 - - [25/Jun/2025:09:31:26 +0800] "POST /InternetTrading/MarketStatus HTTP/1.1" 200 772
65.181.90.29 - - [25/Jun/2025:09:31:26 +0800] "POST /InternetTrading/MarketStatus HTTP/1.1" 200 772
61.239.100.147 - - [25/Jun/2025:09:31:26 +0800] "GET /InternetTrading/longpoll/13925?X-Atmosphere-tracking-id=0&X-Atmosphere-Framework=2.2.3-javascript&X-Atmosphere-Transport=long-polling&X-Atmosphere-TrackMessageSize=true&Content-Type=charset%3Dutf-8&X-atmo-protocol=true&_=1750815129219 HTTP/1.1" 200 -
65.181.90.29 - - [25/Jun/2025:09:31:27 +0800] "POST /InternetTrading/SessionErrorLogger HTTP/1.1" 200 117
65.181.90.29 - - [25/Jun/2025:09:31:27 +0800] "POST /InternetTrading/CustomerInfo HTTP/1.1" 200 223
65.181.90.29 - - [25/Jun/2025:09:31:27 +0800] "POST /InternetTrading/SessionErrorLogger HTTP/1.1" 200 117
65.181.90.29 - - [25/Jun/2025:09:31:27 +0800] "POST /InternetTrading/SessionErrorLogger HTTP/1.1" 200 117
65.181.90.29 - - [25/Jun/2025:09:31:27 +0800] "POST /InternetTrading/MarketStatus HTTP/1.1" 200 772
65.181.90.29 - - [25/Jun/2025:09:31:27 +0800] "GET /InternetTrading/jquery/wait.gif HTTP/1.1" 200 432
65.181.90.29 - - [25/Jun/2025:09:31:27 +0800] "POST /InternetTrading/SessionErrorLogger HTTP/1.1" 200 117
65.181.90.29 - - [25/Jun/2025:09:31:27 +0800] "POST /InternetTrading/LongPollingConfig HTTP/1.1" 200 4
65.181.90.29 - - [25/Jun/2025:09:31:27 +0800] "GET /InternetTrading/longpoll/54338?X-Atmosphere-tracking-id=0&X-Atmosphere-Framework=2.2.3-javascript&X-Atmosphere-Transport=long-polling&X-Atmosphere-TrackMessageSize=true&Content-Type=charset%3Dutf-8&X-atmo-protocol=true&_=1750815133353 HTTP/1.1" 200 -
65.181.90.29 - - [25/Jun/2025:09:31:27 +0800] "POST /InternetTrading/SessionErrorLogger HTTP/1.1" 200 117
65.181.90.29 - - [25/Jun/2025:09:31:27 +0800] "GET /InternetTrading/tc/account_status.html HTTP/1.1" 200 426
65.181.90.29 - - [25/Jun/2025:09:31:27 +0800] "GET /InternetTrading/jquery/wait.gif HTTP/1.1" 200 432
65.181.90.29 - - [25/Jun/2025:09:31:27 +0800] "POST /InternetTrading/SessionErrorLogger HTTP/1.1" 200 117
65.181.90.29 - - [25/Jun/2025:09:31:27 +0800] "POST /InternetTrading/Portfolio HTTP/1.1" 200 1652
14.0.231.246 - - [25/Jun/2025:09:31:28 +0800] "GET /InternetTrading/longpoll/A8127?X-Atmosphere-tracking-id=0&X-Atmosphere-Framework=2.2.3-javascript&X-Atmosphere-Transport=long-polling&X-Atmosphere-TrackMessageSize=true&Content-Type=charset%3Dutf-8&X-atmo-protocol=true&_=1750815134139 HTTP/1.1" 200 -
61.239.100.147 - - [25/Jun/2025:09:31:32 +0800] "GET /InternetTrading/longpoll/13925?X-Atmosphere-tracking-id=0&X-Atmosphere-Framework=2.2.3-javascript&X-Atmosphere-Transport=long-polling&X-Atmosphere-TrackMessageSize=true&Content-Type=charset%3Dutf-8&X-atmo-protocol=true&_=1750815135227 HTTP/1.1" 200 -
65.181.90.29 - - [25/Jun/2025:09:31:32 +0800] "GET /InternetTrading/jquery/wait.gif HTTP/1.1" 200 432
65.181.90.29 - - [25/Jun/2025:09:31:32 +0800] "POST /InternetTrading/SessionErrorLogger HTTP/1.1" 200 117
65.181.90.29 - - [25/Jun/2025:09:31:32 +0800] "POST /InternetTrading/Orderbook HTTP/1.1" 200 94
65.181.90.29 - - [25/Jun/2025:09:31:32 +0800] "GET /InternetTrading/longpoll/54338?X-Atmosphere-tracking-id=0&X-Atmosphere-Framework=2.2.3-javascript&X-Atmosphere-Transport=long-polling&X-Atmosphere-TrackMessageSize=true&Content-Type=charset%3Dutf-8&X-atmo-protocol=true&_=1750815138382 HTTP/1.1" 200 -
65.181.90.29 - - [25/Jun/2025:09:31:34 +0800] "GET /InternetTrading/jquery/wait.gif HTTP/1.1" 200 432
65.181.90.29 - - [25/Jun/2025:09:31:34 +0800] "POST /InternetTrading/SessionErrorLogger HTTP/1.1" 200 117
65.181.90.29 - - [25/Jun/2025:09:31:34 +0800] "POST /InternetTrading/Orderbook HTTP/1.1" 200 94
14.0.231.246 - - [25/Jun/2025:09:31:35 +0800] "GET /InternetTrading/longpoll/A8127?X-Atmosphere-tracking-id=0&X-Atmosphere-Framework=2.2.3-javascript&X-Atmosphere-Transport=long-polling&X-Atmosphere-TrackMessageSize=true&Content-Type=charset%3Dutf-8&X-atmo-protocol=true&_=1750815140142 HTTP/1.1" 200 -
65.181.90.29 - - [25/Jun/2025:09:31:37 +0800] "GET /InternetTrading/longpoll/54338?X-Atmosphere-tracking-id=0&X-Atmosphere-Framework=2.2.3-javascript&X-Atmosphere-Transport=long-polling&X-Atmosphere-TrackMessageSize=true&Content-Type=charset%3Dutf-8&X-atmo-protocol=true&_=1750815143398 HTTP/1.1" 200 -
61.239.100.147 - - [25/Jun/2025:09:31:38 +0800] "GET /InternetTrading/longpoll/13925?X-Atmosphere-tracking-id=0&X-Atmosphere-Framework=2.2.3-javascript&X-Atmosphere-Transport=long-polling&X-Atmosphere-TrackMessageSize=true&Content-Type=charset%3Dutf-8&X-atmo-protocol=true&_=1750815141221 HTTP/1.1" 200 -
65.181.90.29 - - [25/Jun/2025:09:31:40 +0800] "GET /InternetTrading/jquery/wait.gif HTTP/1.1" 200 432
65.181.90.29 - - [25/Jun/2025:09:31:40 +0800] "POST /InternetTrading/SessionErrorLogger HTTP/1.1" 200 117
65.181.90.29 - - [25/Jun/2025:09:31:40 +0800] "POST /InternetTrading/Orderbook HTTP/1.1" 200 94
65.181.90.29 - - [25/Jun/2025:09:31:40 +0800] "GET /InternetTrading/jquery/wait.gif HTTP/1.1" 200 432
65.181.90.29 - - [25/Jun/2025:09:31:40 +0800] "POST /InternetTrading/SessionErrorLogger HTTP/1.1" 200 117
14.0.231.246 - - [25/Jun/2025:09:31:41 +0800] "GET /InternetTrading/longpoll/A8127?X-Atmosphere-tracking-id=0&X-Atmosphere-Framework=2.2.3-javascript&X-Atmosphere-Transport=long-polling&X-Atmosphere-TrackMessageSize=true&Content-Type=charset%3Dutf-8&X-atmo-protocol=true&_=1750815146142 HTTP/1.1" 200 -
65.181.90.29 - - [25/Jun/2025:09:31:40 +0800] "POST /InternetTrading/OrderHistory HTTP/1.1" 200 816
65.181.90.29 - - [25/Jun/2025:09:31:41 +0800] "GET /InternetTrading/jquery/images/ui-bg_glass_75_e6e6e6_1x400.png HTTP/1.1" 200 262
65.181.90.29 - - [25/Jun/2025:09:31:42 +0800] "GET /InternetTrading/longpoll/54338?X-Atmosphere-tracking-id=0&X-Atmosphere-Framework=2.2.3-javascript&X-Atmosphere-Transport=long-polling&X-Atmosphere-TrackMessageSize=true&Content-Type=charset%3Dutf-8&X-atmo-protocol=true&_=1750815148412 HTTP/1.1" 200 -
61.239.100.147 - - [25/Jun/2025:09:31:44 +0800] "GET /InternetTrading/longpoll/13925?X-Atmosphere-tracking-id=0&X-Atmosphere-Framework=2.2.3-javascript&X-Atmosphere-Transport=long-polling&X-Atmosphere-TrackMessageSize=true&Content-Type=charset%3Dutf-8&X-atmo-protocol=true&_=1750815147217 HTTP/1.1" 200 -
14.0.231.246 - - [25/Jun/2025:09:31:46 +0800] "GET /InternetTrading/longpoll/A8127?X-Atmosphere-tracking-id=0&X-Atmosphere-Framework=2.2.3-javascript&X-Atmosphere-Transport=long-polling&X-Atmosphere-TrackMessageSize=true&Content-Type=charset%3Dutf-8&X-atmo-protocol=true&_=1750815152129 HTTP/1.1" 200 -
65.181.90.29 - - [25/Jun/2025:09:31:47 +0800] "GET /InternetTrading/longpoll/54338?X-Atmosphere-tracking-id=0&X-Atmosphere-Framework=2.2.3-javascript&X-Atmosphere-Transport=long-polling&X-Atmosphere-TrackMessageSize=true&Content-Type=charset%3Dutf-8&X-atmo-protocol=true&_=1750815153474 HTTP/1.1" 200 -
61.239.100.147 - - [25/Jun/2025:09:31:50 +0800] "GET /InternetTrading/longpoll/13925?X-Atmosphere-tracking-id=0&X-Atmosphere-Framework=2.2.3-javascript&X-Atmosphere-Transport=long-polling&X-Atmosphere-TrackMessageSize=true&Content-Type=charset%3Dutf-8&X-atmo-protocol=true&_=1750815153223 HTTP/1.1" 200 -
14.0.231.246 - - [25/Jun/2025:09:31:52 +0800] "GET /InternetTrading/longpoll/A8127?X-Atmosphere-tracking-id=0&X-Atmosphere-Framework=2.2.3-javascript&X-Atmosphere-Transport=long-polling&X-Atmosphere-TrackMessageSize=true&Content-Type=charset%3Dutf-8&X-atmo-protocol=true&_=1750815158131 HTTP/1.1" 200 -
65.181.90.29 - - [25/Jun/2025:09:31:52 +0800] "GET /InternetTrading/longpoll/54338?X-Atmosphere-tracking-id=0&X-Atmosphere-Framework=2.2.3-javascript&X-Atmosphere-Transport=long-polling&X-Atmosphere-TrackMessageSize=true&Content-Type=charset%3Dutf-8&X-atmo-protocol=true&_=1750815158489 HTTP/1.1" 200 -
65.181.90.29 - - [25/Jun/2025:09:31:55 +0800] "POST /InternetTrading/SessionErrorLogger HTTP/1.1" 200 117
65.181.90.29 - - [25/Jun/2025:09:31:55 +0800] "POST /InternetTrading/Heartbeat HTTP/1.1" 200 32
65.181.90.29 - - [25/Jun/2025:09:31:56 +0800] "POST /InternetTrading/SessionErrorLogger HTTP/1.1" 200 117
65.181.90.29 - - [25/Jun/2025:09:31:56 +0800] "POST /InternetTrading/MarketStatus HTTP/1.1" 200 772
61.239.100.147 - - [25/Jun/2025:09:31:56 +0800] "GET /InternetTrading/longpoll/13925?X-Atmosphere-tracking-id=0&X-Atmosphere-Framework=2.2.3-javascript&X-Atmosphere-Transport=long-polling&X-Atmosphere-TrackMessageSize=true&Content-Type=charset%3Dutf-8&X-atmo-protocol=true&_=1750815159229 HTTP/1.1" 200 -
14.0.231.246 - - [25/Jun/2025:09:31:57 +0800] "POST /InternetTrading/SessionErrorLogger HTTP/1.1" 200 117
65.181.90.29 - - [25/Jun/2025:09:31:58 +0800] "GET /InternetTrading/longpoll/54338?X-Atmosphere-tracking-id=0&X-Atmosphere-Framework=2.2.3-javascript&X-Atmosphere-Transport=long-polling&X-Atmosphere-TrackMessageSize=true&Content-Type=charset%3Dutf-8&X-atmo-protocol=true&_=1750815163530 HTTP/1.1" 200 -
14.0.231.246 - - [25/Jun/2025:09:31:58 +0800] "POST /InternetTrading/Heartbeat HTTP/1.1" 200 32
14.0.231.246 - - [25/Jun/2025:09:31:58 +0800] "POST /InternetTrading/SessionErrorLogger HTTP/1.1" 200 117
14.0.231.246 - - [25/Jun/2025:09:31:58 +0800] "POST /InternetTrading/MarketStatus HTTP/1.1" 200 772
14.0.231.246 - - [25/Jun/2025:09:31:58 +0800] "GET /InternetTrading/longpoll/A8127?X-Atmosphere-tracking-id=0&X-Atmosphere-Framework=2.2.3-javascript&X-Atmosphere-Transport=long-polling&X-Atmosphere-TrackMessageSize=true&Content-Type=charset%3Dutf-8&X-atmo-protocol=true&_=1750815164134 HTTP/1.1" 200 -
61.239.100.147 - - [25/Jun/2025:09:32:02 +0800] "GET /InternetTrading/longpoll/13925?X-Atmosphere-tracking-id=0&X-Atmosphere-Framework=2.2.3-javascript&X-Atmosphere-Transport=long-polling&X-Atmosphere-TrackMessageSize=true&Content-Type=charset%3Dutf-8&X-atmo-protocol=true&_=1750815165217 HTTP/1.1" 200 -
65.181.90.29 - - [25/Jun/2025:09:32:03 +0800] "GET /InternetTrading/longpoll/54338?X-Atmosphere-tracking-id=0&X-Atmosphere-Framework=2.2.3-javascript&X-Atmosphere-Transport=long-polling&X-Atmosphere-TrackMessageSize=true&Content-Type=charset%3Dutf-8&X-atmo-protocol=true&_=1750815168551 HTTP/1.1" 200 -
14.0.231.246 - - [25/Jun/2025:09:32:04 +0800] "GET /InternetTrading/longpoll/A8127?X-Atmosphere-tracking-id=0&X-Atmosphere-Framework=2.2.3-javascript&X-Atmosphere-Transport=long-polling&X-Atmosphere-TrackMessageSize=true&Content-Type=charset%3Dutf-8&X-atmo-protocol=true&_=1750815170136 HTTP/1.1" 200 -
61.239.100.147 - - [25/Jun/2025:09:32:05 +0800] "POST /InternetTrading/SessionErrorLogger HTTP/1.1" 200 117
61.239.100.147 - - [25/Jun/2025:09:32:05 +0800] "POST /InternetTrading/Heartbeat HTTP/1.1" 200 32
61.239.100.147 - - [25/Jun/2025:09:32:05 +0800] "POST /InternetTrading/SessionErrorLogger HTTP/1.1" 200 117
61.239.100.147 - - [25/Jun/2025:09:32:05 +0800] "POST /InternetTrading/MarketStatus HTTP/1.1" 200 772
65.181.90.29 - - [25/Jun/2025:09:32:08 +0800] "GET /InternetTrading/longpoll/54338?X-Atmosphere-tracking-id=0&X-Atmosphere-Framework=2.2.3-javascript&X-Atmosphere-Transport=long-polling&X-Atmosphere-TrackMessageSize=true&Content-Type=charset%3Dutf-8&X-atmo-protocol=true&_=1750815173584 HTTP/1.1" 200 -
61.239.100.147 - - [25/Jun/2025:09:32:08 +0800] "GET /InternetTrading/longpoll/13925?X-Atmosphere-tracking-id=0&X-Atmosphere-Framework=2.2.3-javascript&X-Atmosphere-Transport=long-polling&X-Atmosphere-TrackMessageSize=true&Content-Type=charset%3Dutf-8&X-atmo-protocol=true&_=1750815171232 HTTP/1.1" 200 -
14.0.231.246 - - [25/Jun/2025:09:32:10 +0800] "GET /InternetTrading/longpoll/A8127?X-Atmosphere-tracking-id=0&X-Atmosphere-Framework=2.2.3-javascript&X-Atmosphere-Transport=long-polling&X-Atmosphere-TrackMessageSize=true&Content-Type=charset%3Dutf-8&X-atmo-protocol=true&_=1750815176137 HTTP/1.1" 200 -
65.181.90.29 - - [25/Jun/2025:09:32:13 +0800] "GET /InternetTrading/longpoll/54338?X-Atmosphere-tracking-id=0&X-Atmosphere-Framework=2.2.3-javascript&X-Atmosphere-Transport=long-polling&X-Atmosphere-TrackMessageSize=true&Content-Type=charset%3Dutf-8&X-atmo-protocol=true&_=1750815178629 HTTP/1.1" 200 -
61.239.100.147 - - [25/Jun/2025:09:32:14 +0800] "GET /InternetTrading/longpoll/13925?X-Atmosphere-tracking-id=0&X-Atmosphere-Framework=2.2.3-javascript&X-Atmosphere-Transport=long-polling&X-Atmosphere-TrackMessageSize=true&Content-Type=charset%3Dutf-8&X-atmo-protocol=true&_=1750815177230 HTTP/1.1" 200 -
14.0.231.246 - - [25/Jun/2025:09:32:17 +0800] "GET /InternetTrading/longpoll/A8127?X-Atmosphere-tracking-id=0&X-Atmosphere-Framework=2.2.3-javascript&X-Atmosphere-Transport=long-polling&X-Atmosphere-TrackMessageSize=true&Content-Type=charset%3Dutf-8&X-atmo-protocol=true&_=1750815182139 HTTP/1.1" 200 -
