119.136.152.218 - - [25/Jun/2025:10:16:49 +0800] "GET /InternetTrading/longpoll/52832?X-Atmosphere-tracking-id=0&X-Atmosphere-Framework=2.2.3-javascript&X-Atmosphere-Transport=long-polling&X-Atmosphere-TrackMessageSize=true&Content-Type=charset%3Dutf-8&X-atmo-protocol=true&_=1750817864421 HTTP/1.1" 200 -
124.244.14.185 - - [25/Jun/2025:10:16:52 +0800] "GET /InternetTrading/longpoll/56366?X-Atmosphere-tracking-id=0&X-Atmosphere-Framework=2.2.3-javascript&X-Atmosphere-Transport=long-polling&X-Atmosphere-TrackMessageSize=true&Content-Type=charset%3Dutf-8&X-atmo-protocol=true&_=1750817855596 HTTP/1.1" 200 -
14.0.231.246 - - [25/Jun/2025:10:16:53 +0800] "GET /InternetTrading/longpoll/A8127?X-Atmosphere-tracking-id=0&X-Atmosphere-Framework=2.2.3-javascript&X-Atmosphere-Transport=long-polling&X-Atmosphere-TrackMessageSize=true&Content-Type=charset%3Dutf-8&X-atmo-protocol=true&_=1750817858393 HTTP/1.1" 200 -
65.181.90.29 - - [25/Jun/2025:10:16:54 +0800] "GET /InternetTrading/longpoll/54338?X-Atmosphere-tracking-id=0&X-Atmosphere-Framework=2.2.3-javascript&X-Atmosphere-Transport=long-polling&X-Atmosphere-TrackMessageSize=true&Content-Type=charset%3Dutf-8&X-atmo-protocol=true&_=1750817859748 HTTP/1.1" 200 -
119.136.152.218 - - [25/Jun/2025:10:16:54 +0800] "GET /InternetTrading/longpoll/52832?X-Atmosphere-tracking-id=0&X-Atmosphere-Framework=2.2.3-javascript&X-Atmosphere-Transport=long-polling&X-Atmosphere-TrackMessageSize=true&Content-Type=charset%3Dutf-8&X-atmo-protocol=true&_=1750817869512 HTTP/1.1" 200 -
14.0.231.246 - - [25/Jun/2025:10:16:58 +0800] "GET /InternetTrading/longpoll/A8127?X-Atmosphere-tracking-id=0&X-Atmosphere-Framework=2.2.3-javascript&X-Atmosphere-Transport=long-polling&X-Atmosphere-TrackMessageSize=true&Content-Type=charset%3Dutf-8&X-atmo-protocol=true&_=1750817863582 HTTP/1.1" 200 -
65.181.90.29 - - [25/Jun/2025:10:16:59 +0800] "GET /InternetTrading/longpoll/54338?X-Atmosphere-tracking-id=0&X-Atmosphere-Framework=2.2.3-javascript&X-Atmosphere-Transport=long-polling&X-Atmosphere-TrackMessageSize=true&Content-Type=charset%3Dutf-8&X-atmo-protocol=true&_=1750817864783 HTTP/1.1" 200 -
119.136.152.218 - - [25/Jun/2025:10:16:59 +0800] "GET /InternetTrading/longpoll/52832?X-Atmosphere-tracking-id=0&X-Atmosphere-Framework=2.2.3-javascript&X-Atmosphere-Transport=long-polling&X-Atmosphere-TrackMessageSize=true&Content-Type=charset%3Dutf-8&X-atmo-protocol=true&_=1750817874542 HTTP/1.1" 200 -
14.0.231.246 - - [25/Jun/2025:10:16:59 +0800] "POST /InternetTrading/SessionErrorLogger HTTP/1.1" 200 117
14.0.231.246 - - [25/Jun/2025:10:16:59 +0800] "POST /InternetTrading/Heartbeat HTTP/1.1" 200 32
14.0.231.246 - - [25/Jun/2025:10:17:00 +0800] "POST /InternetTrading/SessionErrorLogger HTTP/1.1" 200 117
14.0.231.246 - - [25/Jun/2025:10:17:00 +0800] "POST /InternetTrading/MarketStatus HTTP/1.1" 200 772
124.244.14.185 - - [25/Jun/2025:10:17:02 +0800] "GET /InternetTrading/longpoll/56366?X-Atmosphere-tracking-id=0&X-Atmosphere-Framework=2.2.3-javascript&X-Atmosphere-Transport=long-polling&X-Atmosphere-TrackMessageSize=true&Content-Type=charset%3Dutf-8&X-atmo-protocol=true&_=1750817865599 HTTP/1.1" 200 -
14.0.231.246 - - [25/Jun/2025:10:17:03 +0800] "GET /InternetTrading/longpoll/A8127?X-Atmosphere-tracking-id=0&X-Atmosphere-Framework=2.2.3-javascript&X-Atmosphere-Transport=long-polling&X-Atmosphere-TrackMessageSize=true&Content-Type=charset%3Dutf-8&X-atmo-protocol=true&_=1750817868845 HTTP/1.1" 200 -
65.181.90.29 - - [25/Jun/2025:10:17:04 +0800] "GET /InternetTrading/longpoll/54338?X-Atmosphere-tracking-id=0&X-Atmosphere-Framework=2.2.3-javascript&X-Atmosphere-Transport=long-polling&X-Atmosphere-TrackMessageSize=true&Content-Type=charset%3Dutf-8&X-atmo-protocol=true&_=1750817869811 HTTP/1.1" 200 -
119.136.152.218 - - [25/Jun/2025:10:17:04 +0800] "GET /InternetTrading/longpoll/52832?X-Atmosphere-tracking-id=0&X-Atmosphere-Framework=2.2.3-javascript&X-Atmosphere-Transport=long-polling&X-Atmosphere-TrackMessageSize=true&Content-Type=charset%3Dutf-8&X-atmo-protocol=true&_=1750817879579 HTTP/1.1" 200 -
119.136.152.218 - - [25/Jun/2025:10:17:08 +0800] "POST /InternetTrading/SessionErrorLogger HTTP/1.1" 200 117
119.136.152.218 - - [25/Jun/2025:10:17:08 +0800] "POST /InternetTrading/Heartbeat HTTP/1.1" 200 32
119.136.152.218 - - [25/Jun/2025:10:17:08 +0800] "POST /InternetTrading/SessionErrorLogger HTTP/1.1" 200 117
119.136.152.218 - - [25/Jun/2025:10:17:08 +0800] "POST /InternetTrading/MarketStatus HTTP/1.1" 200 772
14.0.231.246 - - [25/Jun/2025:10:17:08 +0800] "GET /InternetTrading/longpoll/A8127?X-Atmosphere-tracking-id=0&X-Atmosphere-Framework=2.2.3-javascript&X-Atmosphere-Transport=long-polling&X-Atmosphere-TrackMessageSize=true&Content-Type=charset%3Dutf-8&X-atmo-protocol=true&_=1750817873974 HTTP/1.1" 200 -
65.181.90.29 - - [25/Jun/2025:10:17:09 +0800] "GET /InternetTrading/longpoll/54338?X-Atmosphere-tracking-id=0&X-Atmosphere-Framework=2.2.3-javascript&X-Atmosphere-Transport=long-polling&X-Atmosphere-TrackMessageSize=true&Content-Type=charset%3Dutf-8&X-atmo-protocol=true&_=1750817874838 HTTP/1.1" 200 -
119.136.152.218 - - [25/Jun/2025:10:17:09 +0800] "GET /InternetTrading/longpoll/52832?X-Atmosphere-tracking-id=0&X-Atmosphere-Framework=2.2.3-javascript&X-Atmosphere-Transport=long-polling&X-Atmosphere-TrackMessageSize=true&Content-Type=charset%3Dutf-8&X-atmo-protocol=true&_=1750817884657 HTTP/1.1" 200 -
124.244.14.185 - - [25/Jun/2025:10:17:12 +0800] "GET /InternetTrading/longpoll/56366?X-Atmosphere-tracking-id=0&X-Atmosphere-Framework=2.2.3-javascript&X-Atmosphere-Transport=long-polling&X-Atmosphere-TrackMessageSize=true&Content-Type=charset%3Dutf-8&X-atmo-protocol=true&_=1750817875337 HTTP/1.1" 200 -
124.244.14.185 - - [25/Jun/2025:10:17:12 +0800] "POST /InternetTrading/SessionErrorLogger HTTP/1.1" 200 117
124.244.14.185 - - [25/Jun/2025:10:17:12 +0800] "POST /InternetTrading/Heartbeat HTTP/1.1" 200 32
124.244.14.185 - - [25/Jun/2025:10:17:12 +0800] "POST /InternetTrading/SessionErrorLogger HTTP/1.1" 200 117
124.244.14.185 - - [25/Jun/2025:10:17:12 +0800] "POST /InternetTrading/MarketStatus HTTP/1.1" 200 772
14.0.231.246 - - [25/Jun/2025:10:17:14 +0800] "GET /InternetTrading/longpoll/A8127?X-Atmosphere-tracking-id=0&X-Atmosphere-Framework=2.2.3-javascript&X-Atmosphere-Transport=long-polling&X-Atmosphere-TrackMessageSize=true&Content-Type=charset%3Dutf-8&X-atmo-protocol=true&_=1750817879163 HTTP/1.1" 200 -
220.246.38.37 - - [25/Jun/2025:10:17:14 +0800] "GET /InternetTrading HTTP/1.1" 302 -
220.246.38.37 - - [25/Jun/2025:10:17:14 +0800] "GET /InternetTrading/ HTTP/1.1" 200 351
65.181.90.29 - - [25/Jun/2025:10:17:14 +0800] "POST /InternetTrading/SessionErrorLogger HTTP/1.1" 200 117
65.181.90.29 - - [25/Jun/2025:10:17:14 +0800] "POST /InternetTrading/MarketStatus HTTP/1.1" 200 772
65.181.90.29 - - [25/Jun/2025:10:17:14 +0800] "POST /InternetTrading/SessionErrorLogger HTTP/1.1" 200 117
65.181.90.29 - - [25/Jun/2025:10:17:14 +0800] "GET /InternetTrading/longpoll/54338?X-Atmosphere-tracking-id=0&X-Atmosphere-Framework=2.2.3-javascript&X-Atmosphere-Transport=long-polling&X-Atmosphere-TrackMessageSize=true&Content-Type=charset%3Dutf-8&X-atmo-protocol=true&_=1750817879862 HTTP/1.1" 200 -
65.181.90.29 - - [25/Jun/2025:10:17:14 +0800] "POST /InternetTrading/Heartbeat HTTP/1.1" 200 32
119.136.152.218 - - [25/Jun/2025:10:17:14 +0800] "GET /InternetTrading/longpoll/52832?X-Atmosphere-tracking-id=0&X-Atmosphere-Framework=2.2.3-javascript&X-Atmosphere-Transport=long-polling&X-Atmosphere-TrackMessageSize=true&Content-Type=charset%3Dutf-8&X-atmo-protocol=true&_=1750817889703 HTTP/1.1" 200 -
220.246.38.37 - - [25/Jun/2025:10:17:14 +0800] "GET /InternetTrading/tc/user/custom_variables.js?jsv=0001 HTTP/1.1" 200 275
220.246.38.37 - - [25/Jun/2025:10:17:14 +0800] "GET /InternetTrading/js/util.js?jsv=0001 HTTP/1.1" 200 6636
220.246.38.37 - - [25/Jun/2025:10:17:14 +0800] "GET /InternetTrading/tc/index.html HTTP/1.1" 200 328
220.246.38.37 - - [25/Jun/2025:10:17:14 +0800] "GET /InternetTrading/tc/user/custom_variables.js?jsv=20200819161914 HTTP/1.1" 200 275
220.246.38.37 - - [25/Jun/2025:10:17:14 +0800] "GET /InternetTrading/tc/login.html HTTP/1.1" 200 1755
220.246.38.37 - - [25/Jun/2025:10:17:14 +0800] "GET /InternetTrading/tc/style_common.css?v=20200819161914 HTTP/1.1" 200 2540
220.246.38.37 - - [25/Jun/2025:10:17:14 +0800] "GET /InternetTrading/tc/style.css?v=20200819161914 HTTP/1.1" 200 1435
220.246.38.37 - - [25/Jun/2025:10:17:14 +0800] "GET /InternetTrading/jquery/jquery.validate-1.11.1.js HTTP/1.1" 200 7041
220.246.38.37 - - [25/Jun/2025:10:17:14 +0800] "GET /InternetTrading/jquery/additional-methods.js HTTP/1.1" 200 2238
220.246.38.37 - - [25/Jun/2025:10:17:14 +0800] "GET /InternetTrading/jquery/jquery.blockUI-2.66.0.js HTTP/1.1" 200 6651
220.246.38.37 - - [25/Jun/2025:10:17:14 +0800] "GET /InternetTrading/jquery/jquery-migrate-3.0.0.js HTTP/1.1" 200 4963
220.246.38.37 - - [25/Jun/2025:10:17:14 +0800] "GET /InternetTrading/jquery/jquery.form-3.46.0.js HTTP/1.1" 200 5673
220.246.38.37 - - [25/Jun/2025:10:17:14 +0800] "GET /InternetTrading/jquery/jquery.timer-0.9.16.js HTTP/1.1" 200 542
220.246.38.37 - - [25/Jun/2025:10:17:14 +0800] "GET /InternetTrading/jquery/jquery-3.3.1.js HTTP/1.1" 200 80650
220.246.38.37 - - [25/Jun/2025:10:17:14 +0800] "GET /InternetTrading/jquery/jquery.getParams.js HTTP/1.1" 200 587
220.246.38.37 - - [25/Jun/2025:10:17:14 +0800] "GET /InternetTrading/jquery/jquery-ui-personalized-1.6rc2.min.js HTTP/1.1" 200 55543
220.246.38.37 - - [25/Jun/2025:10:17:14 +0800] "GET /InternetTrading/js/constants.js?jsv=20200819161914 HTTP/1.1" 200 400
220.246.38.37 - - [25/Jun/2025:10:17:14 +0800] "GET /InternetTrading/js/haitong.js?jsv=20200819161914 HTTP/1.1" 200 3881
220.246.38.37 - - [25/Jun/2025:10:17:14 +0800] "GET /InternetTrading/tc/user/translation.js?jsv=20200819161914 HTTP/1.1" 200 12818
220.246.38.37 - - [25/Jun/2025:10:17:14 +0800] "GET /InternetTrading/js/rsautil.js?jsv=20200819161914 HTTP/1.1" 200 1017
220.246.38.37 - - [25/Jun/2025:10:17:14 +0800] "GET /InternetTrading/js/util.js?jsv=20200819161914 HTTP/1.1" 200 6636
220.246.38.37 - - [25/Jun/2025:10:17:14 +0800] "GET /InternetTrading/js/init.js?jsv=20200819161914 HTTP/1.1" 200 886
220.246.38.37 - - [25/Jun/2025:10:17:14 +0800] "GET /InternetTrading/js/login.js?jsv=20200819161914 HTTP/1.1" 200 1684
220.246.38.37 - - [25/Jun/2025:10:17:14 +0800] "GET /InternetTrading/js/version.js?jsv=20200819161914 HTTP/1.1" 200 85
220.246.38.37 - - [25/Jun/2025:10:17:14 +0800] "GET /InternetTrading/tc/user/custom_variables.js?jsv=20200819161914 HTTP/1.1" 200 275
220.246.38.37 - - [25/Jun/2025:10:17:14 +0800] "GET /InternetTrading/js/string_extend.js?jsv=20200819161914 HTTP/1.1" 200 272
220.246.38.37 - - [25/Jun/2025:10:17:14 +0800] "GET /InternetTrading/js/pidcrypt.js?jsv=20200819161914 HTTP/1.1" 200 982
220.246.38.37 - - [25/Jun/2025:10:17:14 +0800] "GET /InternetTrading/js/aes_core.js?jsv=20200819161914 HTTP/1.1" 200 2106
220.246.38.37 - - [25/Jun/2025:10:17:14 +0800] "GET /InternetTrading/js/pidcrypt_util.js?jsv=20200819161914 HTTP/1.1" 200 1206
220.246.38.37 - - [25/Jun/2025:10:17:14 +0800] "GET /InternetTrading/js/aes_cbc.js?jsv=20200819161914 HTTP/1.1" 200 2043
220.246.38.37 - - [25/Jun/2025:10:17:14 +0800] "GET /InternetTrading/js/md5.js?jsv=20200819161914 HTTP/1.1" 200 1730
220.246.38.37 - - [25/Jun/2025:10:17:14 +0800] "GET /InternetTrading/js/asn1.js?jsv=20200819161914 HTTP/1.1" 200 3099
220.246.38.37 - - [25/Jun/2025:10:17:14 +0800] "GET /InternetTrading/js/sha256.js?jsv=20200819161914 HTTP/1.1" 200 1362
220.246.38.37 - - [25/Jun/2025:10:17:14 +0800] "GET /InternetTrading/js/prng4.js?jsv=20200819161914 HTTP/1.1" 200 303
220.246.38.37 - - [25/Jun/2025:10:17:14 +0800] "GET /InternetTrading/js/rng.js?jsv=20200819161914 HTTP/1.1" 200 481
220.246.38.37 - - [25/Jun/2025:10:17:14 +0800] "GET /InternetTrading/js/jsbn.js?jsv=20200819161914 HTTP/1.1" 200 6736
220.246.38.37 - - [25/Jun/2025:10:17:14 +0800] "GET /InternetTrading/js/rsa.js?jsv=20200819161914 HTTP/1.1" 200 1658
220.246.38.37 - - [25/Jun/2025:10:17:14 +0800] "GET /InternetTrading/tc/images/bg_login.jpg HTTP/1.1" 200 29296
220.246.38.37 - - [25/Jun/2025:10:17:14 +0800] "GET /InternetTrading/tc/images/favicon.ico HTTP/1.1" 404 682
220.246.38.37 - - [25/Jun/2025:10:17:14 +0800] "GET /InternetTrading/tc/dialog.html?1750817880236 HTTP/1.1" 200 3188
220.246.38.37 - - [25/Jun/2025:10:17:14 +0800] "POST /InternetTrading/SystemMaintenanceCheck HTTP/1.1" 200 119
220.246.38.37 - - [25/Jun/2025:10:17:16 +0800] "POST /InternetTrading/CheckIsEnableRSA HTTP/1.1" 200 1
220.246.38.37 - - [25/Jun/2025:10:17:16 +0800] "POST /InternetTrading/CheckPwEncryptType HTTP/1.1" 200 -
220.246.38.37 - - [25/Jun/2025:10:17:16 +0800] "POST /InternetTrading/LoginKey HTTP/1.1" 200 -
220.246.38.37 - - [25/Jun/2025:10:17:16 +0800] "GET /InternetTrading/jquery/wait.gif HTTP/1.1" 200 432
124.244.14.185 - - [25/Jun/2025:10:17:17 +0800] "GET /InternetTrading/longpoll/56366?X-Atmosphere-tracking-id=0&X-Atmosphere-Framework=2.2.3-javascript&X-Atmosphere-Transport=long-polling&X-Atmosphere-TrackMessageSize=true&Content-Type=charset%3Dutf-8&X-atmo-protocol=true&_=1750817880484 HTTP/1.1" 200 -
220.246.38.37 - - [25/Jun/2025:10:17:16 +0800] "POST /InternetTrading/Login HTTP/1.1" 200 468
220.246.38.37 - - [25/Jun/2025:10:17:18 +0800] "GET /InternetTrading/tc/2FA_authentication.html?language=tc&version=HTML HTTP/1.1" 200 1468
220.246.38.37 - - [25/Jun/2025:10:17:18 +0800] "GET /InternetTrading/tc/style.css?v=20200819161914 HTTP/1.1" 200 1435
220.246.38.37 - - [25/Jun/2025:10:17:18 +0800] "GET /InternetTrading/tc/style_common.css?v=20200819161914 HTTP/1.1" 200 2540
220.246.38.37 - - [25/Jun/2025:10:17:18 +0800] "GET /InternetTrading/jquery/additional-methods.js HTTP/1.1" 200 2238
220.246.38.37 - - [25/Jun/2025:10:17:18 +0800] "GET /InternetTrading/jquery/jquery.form-3.46.0.js HTTP/1.1" 200 5673
220.246.38.37 - - [25/Jun/2025:10:17:18 +0800] "GET /InternetTrading/jquery/jquery-3.3.1.js HTTP/1.1" 200 80650
220.246.38.37 - - [25/Jun/2025:10:17:18 +0800] "GET /InternetTrading/jquery/jquery.validate-1.11.1.js HTTP/1.1" 200 7041
220.246.38.37 - - [25/Jun/2025:10:17:18 +0800] "GET /InternetTrading/jquery/jquery-migrate-3.0.0.js HTTP/1.1" 200 4963
220.246.38.37 - - [25/Jun/2025:10:17:18 +0800] "GET /InternetTrading/jquery/jquery-ui-1.10.3.js HTTP/1.1" 200 69642
220.246.38.37 - - [25/Jun/2025:10:17:18 +0800] "GET /InternetTrading/jquery/jquery.timer-0.9.16.js HTTP/1.1" 200 542
220.246.38.37 - - [25/Jun/2025:10:17:18 +0800] "GET /InternetTrading/jquery/jquery.blockUI-2.66.0-iAsiaEdition.js HTTP/1.1" 200 6651
220.246.38.37 - - [25/Jun/2025:10:17:18 +0800] "GET /InternetTrading/jquery/jquery.getParams.js HTTP/1.1" 200 587
220.246.38.37 - - [25/Jun/2025:10:17:18 +0800] "GET /InternetTrading/js/constants.js?jsv=20200819161914 HTTP/1.1" 200 400
220.246.38.37 - - [25/Jun/2025:10:17:18 +0800] "GET /InternetTrading/tc/user/translation.js?jsv=20200819161914 HTTP/1.1" 200 12818
220.246.38.37 - - [25/Jun/2025:10:17:18 +0800] "GET /InternetTrading/js/haitong.js?jsv=20200819161914 HTTP/1.1" 200 3881
220.246.38.37 - - [25/Jun/2025:10:17:18 +0800] "GET /InternetTrading/tc/user/custom_variables.js?jsv=20200819161914 HTTP/1.1" 200 275
220.246.38.37 - - [25/Jun/2025:10:17:18 +0800] "GET /InternetTrading/js/init.js?jsv=20200819161914 HTTP/1.1" 200 886
220.246.38.37 - - [25/Jun/2025:10:17:18 +0800] "GET /InternetTrading/js/util.js?jsv=20200819161914 HTTP/1.1" 200 6636
220.246.38.37 - - [25/Jun/2025:10:17:18 +0800] "GET /InternetTrading/js/2fa.js?jsv=20200819161914 HTTP/1.1" 200 1953
220.246.38.37 - - [25/Jun/2025:10:17:18 +0800] "GET /InternetTrading/js/login.js?jsv=20200819161914 HTTP/1.1" 200 1684
220.246.38.37 - - [25/Jun/2025:10:17:18 +0800] "GET /InternetTrading/tc/images/logo.png HTTP/1.1" 200 7042
220.246.38.37 - - [25/Jun/2025:10:17:18 +0800] "GET /InternetTrading/settings/webpage_settings.js?jsv=20200819161914 HTTP/1.1" 200 33
220.246.38.37 - - [25/Jun/2025:10:17:18 +0800] "GET /InternetTrading/js/login.js?jsv=20200819161914 HTTP/1.1" 200 1684
220.246.38.37 - - [25/Jun/2025:10:17:18 +0800] "GET /InternetTrading/jquery/wait.gif HTTP/1.1" 200 432
220.246.38.37 - - [25/Jun/2025:10:17:18 +0800] "GET /InternetTrading/tc/dialog.html?1750817883553 HTTP/1.1" 200 3188
220.246.38.37 - - [25/Jun/2025:10:17:18 +0800] "GET /favicon.ico HTTP/1.1" 404 196
220.246.38.37 - - [25/Jun/2025:10:17:18 +0800] "POST /InternetTrading/Get2FAInfoService HTTP/1.1" 200 109
220.246.38.37 - - [25/Jun/2025:10:17:18 +0800] "POST /InternetTrading/SystemMaintenanceCheck HTTP/1.1" 200 119
220.246.38.37 - - [25/Jun/2025:10:17:18 +0800] "POST /InternetTrading/SystemMaintenanceCheck HTTP/1.1" 200 119
65.181.90.29 - - [25/Jun/2025:10:17:19 +0800] "GET /InternetTrading/longpoll/54338?X-Atmosphere-tracking-id=0&X-Atmosphere-Framework=2.2.3-javascript&X-Atmosphere-Transport=long-polling&X-Atmosphere-TrackMessageSize=true&Content-Type=charset%3Dutf-8&X-atmo-protocol=true&_=1750817884880 HTTP/1.1" 200 -
14.0.231.246 - - [25/Jun/2025:10:17:19 +0800] "GET /InternetTrading/longpoll/A8127?X-Atmosphere-tracking-id=0&X-Atmosphere-Framework=2.2.3-javascript&X-Atmosphere-Transport=long-polling&X-Atmosphere-TrackMessageSize=true&Content-Type=charset%3Dutf-8&X-atmo-protocol=true&_=1750817884367 HTTP/1.1" 200 -
119.136.152.218 - - [25/Jun/2025:10:17:19 +0800] "GET /InternetTrading/longpoll/52832?X-Atmosphere-tracking-id=0&X-Atmosphere-Framework=2.2.3-javascript&X-Atmosphere-Transport=long-polling&X-Atmosphere-TrackMessageSize=true&Content-Type=charset%3Dutf-8&X-atmo-protocol=true&_=1750817894805 HTTP/1.1" 200 -
124.244.14.185 - - [25/Jun/2025:10:17:22 +0800] "GET /InternetTrading/longpoll/56366?X-Atmosphere-tracking-id=0&X-Atmosphere-Framework=2.2.3-javascript&X-Atmosphere-Transport=long-polling&X-Atmosphere-TrackMessageSize=true&Content-Type=charset%3Dutf-8&X-atmo-protocol=true&_=1750817885604 HTTP/1.1" 200 -
65.181.90.29 - - [25/Jun/2025:10:17:24 +0800] "GET /InternetTrading/longpoll/54338?X-Atmosphere-tracking-id=0&X-Atmosphere-Framework=2.2.3-javascript&X-Atmosphere-Transport=long-polling&X-Atmosphere-TrackMessageSize=true&Content-Type=charset%3Dutf-8&X-atmo-protocol=true&_=1750817889921 HTTP/1.1" 200 -
14.0.231.246 - - [25/Jun/2025:10:17:24 +0800] "GET /InternetTrading/longpoll/A8127?X-Atmosphere-tracking-id=0&X-Atmosphere-Framework=2.2.3-javascript&X-Atmosphere-Transport=long-polling&X-Atmosphere-TrackMessageSize=true&Content-Type=charset%3Dutf-8&X-atmo-protocol=true&_=1750817889806 HTTP/1.1" 200 -
119.136.152.218 - - [25/Jun/2025:10:17:24 +0800] "GET /InternetTrading/longpoll/52832?X-Atmosphere-tracking-id=0&X-Atmosphere-Framework=2.2.3-javascript&X-Atmosphere-Transport=long-polling&X-Atmosphere-TrackMessageSize=true&Content-Type=charset%3Dutf-8&X-atmo-protocol=true&_=1750817899867 HTTP/1.1" 200 -
124.244.14.185 - - [25/Jun/2025:10:17:27 +0800] "GET /InternetTrading/longpoll/56366?X-Atmosphere-tracking-id=0&X-Atmosphere-Framework=2.2.3-javascript&X-Atmosphere-Transport=long-polling&X-Atmosphere-TrackMessageSize=true&Content-Type=charset%3Dutf-8&X-atmo-protocol=true&_=1750817890653 HTTP/1.1" 200 -
65.181.90.29 - - [25/Jun/2025:10:17:29 +0800] "GET /InternetTrading/longpoll/54338?X-Atmosphere-tracking-id=0&X-Atmosphere-Framework=2.2.3-javascript&X-Atmosphere-Transport=long-polling&X-Atmosphere-TrackMessageSize=true&Content-Type=charset%3Dutf-8&X-atmo-protocol=true&_=1750817894967 HTTP/1.1" 200 -
14.0.231.246 - - [25/Jun/2025:10:17:29 +0800] "POST /InternetTrading/SessionErrorLogger HTTP/1.1" 200 117
14.0.231.246 - - [25/Jun/2025:10:17:29 +0800] "POST /InternetTrading/Heartbeat HTTP/1.1" 200 32
14.0.231.246 - - [25/Jun/2025:10:17:29 +0800] "GET /InternetTrading/longpoll/A8127?X-Atmosphere-tracking-id=0&X-Atmosphere-Framework=2.2.3-javascript&X-Atmosphere-Transport=long-polling&X-Atmosphere-TrackMessageSize=true&Content-Type=charset%3Dutf-8&X-atmo-protocol=true&_=1750817895082 HTTP/1.1" 200 -
119.136.152.218 - - [25/Jun/2025:10:17:29 +0800] "GET /InternetTrading/longpoll/52832?X-Atmosphere-tracking-id=0&X-Atmosphere-Framework=2.2.3-javascript&X-Atmosphere-Transport=long-polling&X-Atmosphere-TrackMessageSize=true&Content-Type=charset%3Dutf-8&X-atmo-protocol=true&_=1750817905056 HTTP/1.1" 200 -
14.0.231.246 - - [25/Jun/2025:10:17:30 +0800] "POST /InternetTrading/SessionErrorLogger HTTP/1.1" 200 117
14.0.231.246 - - [25/Jun/2025:10:17:30 +0800] "POST /InternetTrading/MarketStatus HTTP/1.1" 200 772
65.181.90.29 - - [25/Jun/2025:10:17:34 +0800] "GET /InternetTrading/longpoll/54338?X-Atmosphere-tracking-id=0&X-Atmosphere-Framework=2.2.3-javascript&X-Atmosphere-Transport=long-polling&X-Atmosphere-TrackMessageSize=true&Content-Type=charset%3Dutf-8&X-atmo-protocol=true&_=1750817899998 HTTP/1.1" 200 -
14.0.231.246 - - [25/Jun/2025:10:17:34 +0800] "GET /InternetTrading/longpoll/A8127?X-Atmosphere-tracking-id=0&X-Atmosphere-Framework=2.2.3-javascript&X-Atmosphere-Transport=long-polling&X-Atmosphere-TrackMessageSize=true&Content-Type=charset%3Dutf-8&X-atmo-protocol=true&_=1750817900130 HTTP/1.1" 200 -
119.136.152.218 - - [25/Jun/2025:10:17:35 +0800] "GET /InternetTrading/longpoll/52832?X-Atmosphere-tracking-id=0&X-Atmosphere-Framework=2.2.3-javascript&X-Atmosphere-Transport=long-polling&X-Atmosphere-TrackMessageSize=true&Content-Type=charset%3Dutf-8&X-atmo-protocol=true&_=1750817910193 HTTP/1.1" 200 -
119.136.152.218 - - [25/Jun/2025:10:17:38 +0800] "POST /InternetTrading/SessionErrorLogger HTTP/1.1" 200 117
119.136.152.218 - - [25/Jun/2025:10:17:38 +0800] "POST /InternetTrading/Heartbeat HTTP/1.1" 200 32
119.136.152.218 - - [25/Jun/2025:10:17:38 +0800] "POST /InternetTrading/SessionErrorLogger HTTP/1.1" 200 117
119.136.152.218 - - [25/Jun/2025:10:17:38 +0800] "POST /InternetTrading/MarketStatus HTTP/1.1" 200 772
65.181.90.29 - - [25/Jun/2025:10:17:39 +0800] "GET /InternetTrading/longpoll/54338?X-Atmosphere-tracking-id=0&X-Atmosphere-Framework=2.2.3-javascript&X-Atmosphere-Transport=long-polling&X-Atmosphere-TrackMessageSize=true&Content-Type=charset%3Dutf-8&X-atmo-protocol=true&_=1750817905047 HTTP/1.1" 200 -
14.0.231.246 - - [25/Jun/2025:10:17:40 +0800] "GET /InternetTrading/longpoll/A8127?X-Atmosphere-tracking-id=0&X-Atmosphere-Framework=2.2.3-javascript&X-Atmosphere-Transport=long-polling&X-Atmosphere-TrackMessageSize=true&Content-Type=charset%3Dutf-8&X-atmo-protocol=true&_=1750817905242 HTTP/1.1" 200 -
119.136.152.218 - - [25/Jun/2025:10:17:40 +0800] "GET /InternetTrading/longpoll/52832?X-Atmosphere-tracking-id=0&X-Atmosphere-Framework=2.2.3-javascript&X-Atmosphere-Transport=long-polling&X-Atmosphere-TrackMessageSize=true&Content-Type=charset%3Dutf-8&X-atmo-protocol=true&_=1750817915360 HTTP/1.1" 200 -
124.244.14.185 - - [25/Jun/2025:10:17:42 +0800] "GET /InternetTrading/longpoll/56366?X-Atmosphere-tracking-id=0&X-Atmosphere-Framework=2.2.3-javascript&X-Atmosphere-Transport=long-polling&X-Atmosphere-TrackMessageSize=true&Content-Type=charset%3Dutf-8&X-atmo-protocol=true&_=1750817905607 HTTP/1.1" 200 -
65.181.90.29 - - [25/Jun/2025:10:17:44 +0800] "POST /InternetTrading/SessionErrorLogger HTTP/1.1" 200 117
65.181.90.29 - - [25/Jun/2025:10:17:44 +0800] "POST /InternetTrading/MarketStatus HTTP/1.1" 200 772
65.181.90.29 - - [25/Jun/2025:10:17:44 +0800] "POST /InternetTrading/SessionErrorLogger HTTP/1.1" 200 117
65.181.90.29 - - [25/Jun/2025:10:17:44 +0800] "POST /InternetTrading/Heartbeat HTTP/1.1" 200 32
65.181.90.29 - - [25/Jun/2025:10:17:44 +0800] "GET /InternetTrading/longpoll/54338?X-Atmosphere-tracking-id=0&X-Atmosphere-Framework=2.2.3-javascript&X-Atmosphere-Transport=long-polling&X-Atmosphere-TrackMessageSize=true&Content-Type=charset%3Dutf-8&X-atmo-protocol=true&_=1750817910078 HTTP/1.1" 200 -
119.136.152.218 - - [25/Jun/2025:10:17:45 +0800] "GET /InternetTrading/longpoll/52832?X-Atmosphere-tracking-id=0&X-Atmosphere-Framework=2.2.3-javascript&X-Atmosphere-Transport=long-polling&X-Atmosphere-TrackMessageSize=true&Content-Type=charset%3Dutf-8&X-atmo-protocol=true&_=1750817920419 HTTP/1.1" 200 -
14.0.231.246 - - [25/Jun/2025:10:17:45 +0800] "GET /InternetTrading/longpoll/A8127?X-Atmosphere-tracking-id=0&X-Atmosphere-Framework=2.2.3-javascript&X-Atmosphere-Transport=long-polling&X-Atmosphere-TrackMessageSize=true&Content-Type=charset%3Dutf-8&X-atmo-protocol=true&_=1750817910460 HTTP/1.1" 200 -
220.246.38.37 - - [25/Jun/2025:10:17:48 +0800] "POST /InternetTrading/Heartbeat2FAService HTTP/1.1" 200 1
65.181.90.29 - - [25/Jun/2025:10:17:49 +0800] "GET /InternetTrading/longpoll/54338?X-Atmosphere-tracking-id=0&X-Atmosphere-Framework=2.2.3-javascript&X-Atmosphere-Transport=long-polling&X-Atmosphere-TrackMessageSize=true&Content-Type=charset%3Dutf-8&X-atmo-protocol=true&_=1750817915093 HTTP/1.1" 200 -
119.136.152.218 - - [25/Jun/2025:10:17:50 +0800] "GET /InternetTrading/longpoll/52832?X-Atmosphere-tracking-id=0&X-Atmosphere-Framework=2.2.3-javascript&X-Atmosphere-Transport=long-polling&X-Atmosphere-TrackMessageSize=true&Content-Type=charset%3Dutf-8&X-atmo-protocol=true&_=1750817925523 HTTP/1.1" 200 -
14.0.231.246 - - [25/Jun/2025:10:17:50 +0800] "GET /InternetTrading/longpoll/A8127?X-Atmosphere-tracking-id=0&X-Atmosphere-Framework=2.2.3-javascript&X-Atmosphere-Transport=long-polling&X-Atmosphere-TrackMessageSize=true&Content-Type=charset%3Dutf-8&X-atmo-protocol=true&_=1750817915807 HTTP/1.1" 200 -
65.181.90.29 - - [25/Jun/2025:10:17:52 +0800] "POST /InternetTrading/SessionErrorLogger HTTP/1.1" 200 117
65.181.90.29 - - [25/Jun/2025:10:17:52 +0800] "GET /InternetTrading/Csrf?url=/Order HTTP/1.1" 200 126
65.181.90.29 - - [25/Jun/2025:10:17:52 +0800] "POST /InternetTrading/SessionErrorLogger HTTP/1.1" 200 117
65.181.90.29 - - [25/Jun/2025:10:17:52 +0800] "POST /InternetTrading/LoginKey HTTP/1.1" 200 -
65.181.90.29 - - [25/Jun/2025:10:17:52 +0800] "POST /InternetTrading/SessionErrorLogger HTTP/1.1" 200 117
65.181.90.29 - - [25/Jun/2025:10:17:52 +0800] "POST /InternetTrading/Order?csrf_nonce=0EEF6E0DD8188ED10A8BE16EC0592DD4 HTTP/1.1" 200 1021
65.181.90.29 - - [25/Jun/2025:10:17:52 +0800] "POST /InternetTrading/SessionErrorLogger HTTP/1.1" 200 117
65.181.90.29 - - [25/Jun/2025:10:17:52 +0800] "GET /InternetTrading/tc/buy_ticket.html? HTTP/1.1" 200 1995
65.181.90.29 - - [25/Jun/2025:10:17:52 +0800] "POST /InternetTrading/SessionErrorLogger HTTP/1.1" 200 117
65.181.90.29 - - [25/Jun/2025:10:17:52 +0800] "POST /InternetTrading/MarketStatus HTTP/1.1" 200 772
65.181.90.29 - - [25/Jun/2025:10:17:52 +0800] "POST /InternetTrading/SessionErrorLogger HTTP/1.1" 200 117
65.181.90.29 - - [25/Jun/2025:10:17:52 +0800] "POST /InternetTrading/MarketStatus HTTP/1.1" 200 772
124.244.14.185 - - [25/Jun/2025:10:17:52 +0800] "GET /InternetTrading/longpoll/56366?X-Atmosphere-tracking-id=0&X-Atmosphere-Framework=2.2.3-javascript&X-Atmosphere-Transport=long-polling&X-Atmosphere-TrackMessageSize=true&Content-Type=charset%3Dutf-8&X-atmo-protocol=true&_=1750817915604 HTTP/1.1" 200 -
124.244.14.185 - - [25/Jun/2025:10:17:52 +0800] "POST /InternetTrading/SessionErrorLogger HTTP/1.1" 200 117
124.244.14.185 - - [25/Jun/2025:10:17:52 +0800] "POST /InternetTrading/SessionErrorLogger HTTP/1.1" 200 117
124.244.14.185 - - [25/Jun/2025:10:17:52 +0800] "POST /InternetTrading/Heartbeat HTTP/1.1" 200 32
124.244.14.185 - - [25/Jun/2025:10:17:52 +0800] "POST /InternetTrading/MarketStatus HTTP/1.1" 200 772
65.181.90.29 - - [25/Jun/2025:10:17:54 +0800] "POST /InternetTrading/SessionErrorLogger HTTP/1.1" 200 117
65.181.90.29 - - [25/Jun/2025:10:17:54 +0800] "GET /InternetTrading/jquery/wait.gif HTTP/1.1" 200 432
65.181.90.29 - - [25/Jun/2025:10:17:54 +0800] "POST /InternetTrading/Orderbook HTTP/1.1" 200 1554
65.181.90.29 - - [25/Jun/2025:10:17:54 +0800] "GET /InternetTrading/longpoll/54338?X-Atmosphere-tracking-id=0&X-Atmosphere-Framework=2.2.3-javascript&X-Atmosphere-Transport=long-polling&X-Atmosphere-TrackMessageSize=true&Content-Type=charset%3Dutf-8&X-atmo-protocol=true&_=1750817920108 HTTP/1.1" 200 -
119.136.152.218 - - [25/Jun/2025:10:17:55 +0800] "GET /InternetTrading/longpoll/52832?X-Atmosphere-tracking-id=0&X-Atmosphere-Framework=2.2.3-javascript&X-Atmosphere-Transport=long-polling&X-Atmosphere-TrackMessageSize=true&Content-Type=charset%3Dutf-8&X-atmo-protocol=true&_=1750817930620 HTTP/1.1" 200 -
14.0.231.246 - - [25/Jun/2025:10:17:55 +0800] "GET /InternetTrading/longpoll/A8127?X-Atmosphere-tracking-id=0&X-Atmosphere-Framework=2.2.3-javascript&X-Atmosphere-Transport=long-polling&X-Atmosphere-TrackMessageSize=true&Content-Type=charset%3Dutf-8&X-atmo-protocol=true&_=1750817921169 HTTP/1.1" 200 -
65.181.90.29 - - [25/Jun/2025:10:17:59 +0800] "GET /InternetTrading/longpoll/54338?X-Atmosphere-tracking-id=0&X-Atmosphere-Framework=2.2.3-javascript&X-Atmosphere-Transport=long-polling&X-Atmosphere-TrackMessageSize=true&Content-Type=charset%3Dutf-8&X-atmo-protocol=true&_=1750817925127 HTTP/1.1" 200 -
14.0.231.246 - - [25/Jun/2025:10:17:59 +0800] "POST /InternetTrading/SessionErrorLogger HTTP/1.1" 200 117
14.0.231.246 - - [25/Jun/2025:10:17:59 +0800] "POST /InternetTrading/Heartbeat HTTP/1.1" 200 32
119.136.152.218 - - [25/Jun/2025:10:18:00 +0800] "GET /InternetTrading/longpoll/52832?X-Atmosphere-tracking-id=0&X-Atmosphere-Framework=2.2.3-javascript&X-Atmosphere-Transport=long-polling&X-Atmosphere-TrackMessageSize=true&Content-Type=charset%3Dutf-8&X-atmo-protocol=true&_=1750817935709 HTTP/1.1" 200 -
14.0.231.246 - - [25/Jun/2025:10:18:01 +0800] "POST /InternetTrading/SessionErrorLogger HTTP/1.1" 200 117
14.0.231.246 - - [25/Jun/2025:10:18:01 +0800] "POST /InternetTrading/MarketStatus HTTP/1.1" 200 772
14.0.231.246 - - [25/Jun/2025:10:18:01 +0800] "GET /InternetTrading/longpoll/A8127?X-Atmosphere-tracking-id=0&X-Atmosphere-Framework=2.2.3-javascript&X-Atmosphere-Transport=long-polling&X-Atmosphere-TrackMessageSize=true&Content-Type=charset%3Dutf-8&X-atmo-protocol=true&_=1750817926332 HTTP/1.1" 200 -
124.244.14.185 - - [25/Jun/2025:10:18:01 +0800] "GET /InternetTrading/longpoll/56366?X-Atmosphere-tracking-id=0&X-Atmosphere-Framework=2.2.3-javascript&X-Atmosphere-Transport=long-polling&X-Atmosphere-TrackMessageSize=true&Content-Type=charset%3Dutf-8&X-atmo-protocol=true&_=1750817924861 HTTP/1.1" 200 -
65.181.90.29 - - [25/Jun/2025:10:18:04 +0800] "GET /InternetTrading/longpoll/54338?X-Atmosphere-tracking-id=0&X-Atmosphere-Framework=2.2.3-javascript&X-Atmosphere-Transport=long-polling&X-Atmosphere-TrackMessageSize=true&Content-Type=charset%3Dutf-8&X-atmo-protocol=true&_=1750817930188 HTTP/1.1" 200 -
119.136.152.218 - - [25/Jun/2025:10:18:05 +0800] "GET /InternetTrading/longpoll/52832?X-Atmosphere-tracking-id=0&X-Atmosphere-Framework=2.2.3-javascript&X-Atmosphere-Transport=long-polling&X-Atmosphere-TrackMessageSize=true&Content-Type=charset%3Dutf-8&X-atmo-protocol=true&_=1750817940783 HTTP/1.1" 200 -
14.0.231.246 - - [25/Jun/2025:10:18:06 +0800] "GET /InternetTrading/longpoll/A8127?X-Atmosphere-tracking-id=0&X-Atmosphere-Framework=2.2.3-javascript&X-Atmosphere-Transport=long-polling&X-Atmosphere-TrackMessageSize=true&Content-Type=charset%3Dutf-8&X-atmo-protocol=true&_=1750817931498 HTTP/1.1" 200 -
119.136.152.218 - - [25/Jun/2025:10:18:08 +0800] "POST /InternetTrading/SessionErrorLogger HTTP/1.1" 200 117
119.136.152.218 - - [25/Jun/2025:10:18:08 +0800] "POST /InternetTrading/Heartbeat HTTP/1.1" 200 32
119.136.152.218 - - [25/Jun/2025:10:18:08 +0800] "POST /InternetTrading/SessionErrorLogger HTTP/1.1" 200 117
119.136.152.218 - - [25/Jun/2025:10:18:08 +0800] "POST /InternetTrading/MarketStatus HTTP/1.1" 200 772
65.181.90.29 - - [25/Jun/2025:10:18:09 +0800] "GET /InternetTrading/longpoll/54338?X-Atmosphere-tracking-id=0&X-Atmosphere-Framework=2.2.3-javascript&X-Atmosphere-Transport=long-polling&X-Atmosphere-TrackMessageSize=true&Content-Type=charset%3Dutf-8&X-atmo-protocol=true&_=1750817935224 HTTP/1.1" 200 -
119.136.152.218 - - [25/Jun/2025:10:18:10 +0800] "GET /InternetTrading/longpoll/52832?X-Atmosphere-tracking-id=0&X-Atmosphere-Framework=2.2.3-javascript&X-Atmosphere-Transport=long-polling&X-Atmosphere-TrackMessageSize=true&Content-Type=charset%3Dutf-8&X-atmo-protocol=true&_=1750817945986 HTTP/1.1" 200 -
14.0.231.246 - - [25/Jun/2025:10:18:11 +0800] "GET /InternetTrading/longpoll/A8127?X-Atmosphere-tracking-id=0&X-Atmosphere-Framework=2.2.3-javascript&X-Atmosphere-Transport=long-polling&X-Atmosphere-TrackMessageSize=true&Content-Type=charset%3Dutf-8&X-atmo-protocol=true&_=1750817936614 HTTP/1.1" 200 -
124.244.14.185 - - [25/Jun/2025:10:18:12 +0800] "GET /InternetTrading/longpoll/56366?X-Atmosphere-tracking-id=0&X-Atmosphere-Framework=2.2.3-javascript&X-Atmosphere-Transport=long-polling&X-Atmosphere-TrackMessageSize=true&Content-Type=charset%3Dutf-8&X-atmo-protocol=true&_=1750817935608 HTTP/1.1" 200 -
65.181.90.29 - - [25/Jun/2025:10:18:14 +0800] "POST /InternetTrading/SessionErrorLogger HTTP/1.1" 200 117
65.181.90.29 - - [25/Jun/2025:10:18:14 +0800] "POST /InternetTrading/Heartbeat HTTP/1.1" 200 32
65.181.90.29 - - [25/Jun/2025:10:18:14 +0800] "GET /InternetTrading/longpoll/54338?X-Atmosphere-tracking-id=0&X-Atmosphere-Framework=2.2.3-javascript&X-Atmosphere-Transport=long-polling&X-Atmosphere-TrackMessageSize=true&Content-Type=charset%3Dutf-8&X-atmo-protocol=true&_=1750817940258 HTTP/1.1" 200 -
119.136.152.218 - - [25/Jun/2025:10:18:15 +0800] "GET /InternetTrading/longpoll/52832?X-Atmosphere-tracking-id=0&X-Atmosphere-Framework=2.2.3-javascript&X-Atmosphere-Transport=long-polling&X-Atmosphere-TrackMessageSize=true&Content-Type=charset%3Dutf-8&X-atmo-protocol=true&_=1750817951028 HTTP/1.1" 200 -
14.0.231.246 - - [25/Jun/2025:10:18:16 +0800] "GET /InternetTrading/longpoll/A8127?X-Atmosphere-tracking-id=0&X-Atmosphere-Framework=2.2.3-javascript&X-Atmosphere-Transport=long-polling&X-Atmosphere-TrackMessageSize=true&Content-Type=charset%3Dutf-8&X-atmo-protocol=true&_=1750817941958 HTTP/1.1" 200 -
220.246.38.37 - - [25/Jun/2025:10:18:18 +0800] "POST /InternetTrading/Heartbeat2FAService HTTP/1.1" 200 1
65.181.90.29 - - [25/Jun/2025:10:18:19 +0800] "GET /InternetTrading/longpoll/54338?X-Atmosphere-tracking-id=0&X-Atmosphere-Framework=2.2.3-javascript&X-Atmosphere-Transport=long-polling&X-Atmosphere-TrackMessageSize=true&Content-Type=charset%3Dutf-8&X-atmo-protocol=true&_=1750817945280 HTTP/1.1" 200 -
119.136.152.218 - - [25/Jun/2025:10:18:20 +0800] "GET /InternetTrading/longpoll/52832?X-Atmosphere-tracking-id=0&X-Atmosphere-Framework=2.2.3-javascript&X-Atmosphere-Transport=long-polling&X-Atmosphere-TrackMessageSize=true&Content-Type=charset%3Dutf-8&X-atmo-protocol=true&_=1750817956087 HTTP/1.1" 200 -
14.0.231.246 - - [25/Jun/2025:10:18:22 +0800] "GET /InternetTrading/longpoll/A8127?X-Atmosphere-tracking-id=0&X-Atmosphere-Framework=2.2.3-javascript&X-Atmosphere-Transport=long-polling&X-Atmosphere-TrackMessageSize=true&Content-Type=charset%3Dutf-8&X-atmo-protocol=true&_=1750817947333 HTTP/1.1" 200 -
65.181.90.29 - - [25/Jun/2025:10:18:22 +0800] "POST /InternetTrading/SessionErrorLogger HTTP/1.1" 200 117
65.181.90.29 - - [25/Jun/2025:10:18:22 +0800] "POST /InternetTrading/MarketStatus HTTP/1.1" 200 772
124.244.14.185 - - [25/Jun/2025:10:18:22 +0800] "GET /InternetTrading/longpoll/56366?X-Atmosphere-tracking-id=0&X-Atmosphere-Framework=2.2.3-javascript&X-Atmosphere-Transport=long-polling&X-Atmosphere-TrackMessageSize=true&Content-Type=charset%3Dutf-8&X-atmo-protocol=true&_=1750817945608 HTTP/1.1" 200 -
65.181.90.29 - - [25/Jun/2025:10:18:24 +0800] "GET /InternetTrading/longpoll/54338?X-Atmosphere-tracking-id=0&X-Atmosphere-Framework=2.2.3-javascript&X-Atmosphere-Transport=long-polling&X-Atmosphere-TrackMessageSize=true&Content-Type=charset%3Dutf-8&X-atmo-protocol=true&_=1750817950442 HTTP/1.1" 200 -
119.136.152.218 - - [25/Jun/2025:10:18:26 +0800] "GET /InternetTrading/longpoll/52832?X-Atmosphere-tracking-id=0&X-Atmosphere-Framework=2.2.3-javascript&X-Atmosphere-Transport=long-polling&X-Atmosphere-TrackMessageSize=true&Content-Type=charset%3Dutf-8&X-atmo-protocol=true&_=1750817961184 HTTP/1.1" 200 -
14.0.231.246 - - [25/Jun/2025:10:18:27 +0800] "GET /InternetTrading/longpoll/A8127?X-Atmosphere-tracking-id=0&X-Atmosphere-Framework=2.2.3-javascript&X-Atmosphere-Transport=long-polling&X-Atmosphere-TrackMessageSize=true&Content-Type=charset%3Dutf-8&X-atmo-protocol=true&_=1750817952525 HTTP/1.1" 200 -
65.181.90.29 - - [25/Jun/2025:10:18:29 +0800] "GET /InternetTrading/longpoll/54338?X-Atmosphere-tracking-id=0&X-Atmosphere-Framework=2.2.3-javascript&X-Atmosphere-Transport=long-polling&X-Atmosphere-TrackMessageSize=true&Content-Type=charset%3Dutf-8&X-atmo-protocol=true&_=1750817955464 HTTP/1.1" 200 -
14.0.231.246 - - [25/Jun/2025:10:18:29 +0800] "POST /InternetTrading/SessionErrorLogger HTTP/1.1" 200 117
14.0.231.246 - - [25/Jun/2025:10:18:30 +0800] "POST /InternetTrading/Heartbeat HTTP/1.1" 200 32
14.0.231.246 - - [25/Jun/2025:10:18:31 +0800] "POST /InternetTrading/SessionErrorLogger HTTP/1.1" 200 117
14.0.231.246 - - [25/Jun/2025:10:18:31 +0800] "POST /InternetTrading/MarketStatus HTTP/1.1" 200 772
14.0.231.246 - - [25/Jun/2025:10:18:31 +0800] "GET /InternetTrading/tc/main.html?language=tc&version=HTML HTTP/1.1" 200 3578
14.0.231.246 - - [25/Jun/2025:10:18:31 +0800] "GET /InternetTrading/jquery/ui.datepicker.css HTTP/1.1" 200 1145
14.0.231.246 - - [25/Jun/2025:10:18:31 +0800] "GET /InternetTrading/jquery/jquery.tablesorter-theme.blue.css HTTP/1.1" 200 2083
14.0.231.246 - - [25/Jun/2025:10:18:31 +0800] "GET /InternetTrading/jquery/jquery-ui-1.10.3.css HTTP/1.1" 200 5283
14.0.231.246 - - [25/Jun/2025:10:18:31 +0800] "GET /InternetTrading/jquery/dragtable-2.0.9.css HTTP/1.1" 200 316
14.0.231.246 - - [25/Jun/2025:10:18:31 +0800] "GET /InternetTrading/tc/style.css?v=20200819161914 HTTP/1.1" 200 1435
14.0.231.246 - - [25/Jun/2025:10:18:31 +0800] "GET /InternetTrading/tc/style_common.css?v=20200819161914 HTTP/1.1" 200 2540
14.0.231.246 - - [25/Jun/2025:10:18:31 +0800] "GET /InternetTrading/tc/css/jquery.jscrollpane.css HTTP/1.1" 404 690
14.0.231.246 - - [25/Jun/2025:10:18:31 +0800] "GET /InternetTrading/jquery/jquery.ba-postmessage.js HTTP/1.1" 200 2990
14.0.231.246 - - [25/Jun/2025:10:18:31 +0800] "GET /InternetTrading/jquery/jquery-1.6.3.min.js HTTP/1.1" 200 32057
14.0.231.246 - - [25/Jun/2025:10:18:31 +0800] "GET /InternetTrading/js/aastock.js HTTP/1.1" 200 553
14.0.231.246 - - [25/Jun/2025:10:18:31 +0800] "GET /InternetTrading/jquery/jquery-3.3.1.js HTTP/1.1" 200 80650
14.0.231.246 - - [25/Jun/2025:10:18:31 +0800] "GET /InternetTrading/js/atmosphere.js HTTP/1.1" 200 13461
14.0.231.246 - - [25/Jun/2025:10:18:31 +0800] "GET /InternetTrading/jquery/jquery-ui-1.10.3.js HTTP/1.1" 200 69642
14.0.231.246 - - [25/Jun/2025:10:18:31 +0800] "GET /InternetTrading/jquery/jquery-migrate-3.0.0.js HTTP/1.1" 200 4963
119.136.152.218 - - [25/Jun/2025:10:18:31 +0800] "GET /InternetTrading/longpoll/52832?X-Atmosphere-tracking-id=0&X-Atmosphere-Framework=2.2.3-javascript&X-Atmosphere-Transport=long-polling&X-Atmosphere-TrackMessageSize=true&Content-Type=charset%3Dutf-8&X-atmo-protocol=true&_=1750817966273 HTTP/1.1" 200 -
14.0.231.246 - - [25/Jun/2025:10:18:31 +0800] "GET /InternetTrading/js/cache.js?jsv=20200819161914 HTTP/1.1" 200 940
14.0.231.246 - - [25/Jun/2025:10:18:31 +0800] "GET /InternetTrading/jquery/jquery.form-3.46.0.js HTTP/1.1" 200 5673
14.0.231.246 - - [25/Jun/2025:10:18:31 +0800] "GET /InternetTrading/jquery/jquery.blockUI-2.66.0.js HTTP/1.1" 200 6651
14.0.231.246 - - [25/Jun/2025:10:18:31 +0800] "GET /InternetTrading/jquery/additional-methods.js HTTP/1.1" 200 2238
14.0.231.246 - - [25/Jun/2025:10:18:31 +0800] "GET /InternetTrading/jquery/jquery.validate-1.11.1.js HTTP/1.1" 200 7041
14.0.231.246 - - [25/Jun/2025:10:18:31 +0800] "GET /InternetTrading/jquery/jquery.mousewheel-3.1.4.js HTTP/1.1" 200 822
14.0.231.246 - - [25/Jun/2025:10:18:31 +0800] "GET /InternetTrading/jquery/jquery.tablesorter-2.14.5.js HTTP/1.1" 200 8901
14.0.231.246 - - [25/Jun/2025:10:18:31 +0800] "GET /InternetTrading/jquery/jquery.timer-0.9.16.js HTTP/1.1" 200 542
14.0.231.246 - - [25/Jun/2025:10:18:31 +0800] "GET /InternetTrading/jquery/jquery.combobox.packed.js HTTP/1.1" 200 3387
14.0.231.246 - - [25/Jun/2025:10:18:31 +0800] "GET /InternetTrading/jquery/jquery.tablesorter.widgets-2.14.5.js HTTP/1.1" 200 8611
14.0.231.246 - - [25/Jun/2025:10:18:31 +0800] "GET /InternetTrading/jquery/jquery.selectboxes.pack.js HTTP/1.1" 200 1640
14.0.231.246 - - [25/Jun/2025:10:18:31 +0800] "GET /InternetTrading/jquery/jquery.getParams.js HTTP/1.1" 200 587
14.0.231.246 - - [25/Jun/2025:10:18:31 +0800] "GET /InternetTrading/json/json2.js?jsv=20200819161914 HTTP/1.1" 200 1372
14.0.231.246 - - [25/Jun/2025:10:18:31 +0800] "GET /InternetTrading/jquery/date.js HTTP/1.1" 200 2807
14.0.231.246 - - [25/Jun/2025:10:18:31 +0800] "GET /InternetTrading/js/constants.js?jsv=20200819161914 HTTP/1.1" 200 400
14.0.231.246 - - [25/Jun/2025:10:18:31 +0800] "GET /InternetTrading/settings/crm_display_settings.js?jsv=20200819161914 HTTP/1.1" 200 1781
14.0.231.246 - - [25/Jun/2025:10:18:31 +0800] "GET /InternetTrading/jquery/globalize-0.1.0a1.js HTTP/1.1" 200 6984
14.0.231.246 - - [25/Jun/2025:10:18:31 +0800] "GET /InternetTrading/tc/user/translation.js?jsv=20200819161914 HTTP/1.1" 200 12818
14.0.231.246 - - [25/Jun/2025:10:18:32 +0800] "GET /InternetTrading/tc/user/custom_variables.js?jsv=20200819161914 HTTP/1.1" 200 275
14.0.231.246 - - [25/Jun/2025:10:18:32 +0800] "GET /InternetTrading/js/haitong.js?jsv=20200819161914 HTTP/1.1" 200 3881
14.0.231.246 - - [25/Jun/2025:10:18:32 +0800] "GET /InternetTrading/js/rsautil.js?jsv=20200819161914 HTTP/1.1" 200 1017
14.0.231.246 - - [25/Jun/2025:10:18:32 +0800] "GET /InternetTrading/js/init.js?jsv=20200819161914 HTTP/1.1" 200 886
14.0.231.246 - - [25/Jun/2025:10:18:32 +0800] "GET /InternetTrading/js/util.js?jsv=20200819161914 HTTP/1.1" 200 6636
14.0.231.246 - - [25/Jun/2025:10:18:32 +0800] "GET /InternetTrading/js/main.js?jsv=20200819161914 HTTP/1.1" 200 30725
14.0.231.246 - - [25/Jun/2025:10:18:32 +0800] "GET /InternetTrading/js/update_mdf.js?jsv=20200819161914 HTTP/1.1" 200 856
14.0.231.246 - - [25/Jun/2025:10:18:32 +0800] "GET /InternetTrading/js/corporate.js?jsv=20200819161914 HTTP/1.1" 200 1575
14.0.231.246 - - [25/Jun/2025:10:18:32 +0800] "GET /InternetTrading/js/validation_bshare.js?jsv=20200819161914 HTTP/1.1" 200 1567
14.0.231.246 - - [25/Jun/2025:10:18:32 +0800] "GET /InternetTrading/js/validation_hkex.js?jsv=20200819161914 HTTP/1.1" 200 2300
14.0.231.246 - - [25/Jun/2025:10:18:32 +0800] "GET /InternetTrading/js/validation_ashare.js?jsv=20200819161914 HTTP/1.1" 200 2482
14.0.231.246 - - [25/Jun/2025:10:18:32 +0800] "GET /InternetTrading/js/validation_global.js?jsv=20200819161914 HTTP/1.1" 200 1564
14.0.231.246 - - [25/Jun/2025:10:18:32 +0800] "GET /InternetTrading/js/account.js?jsv=20200819161914 HTTP/1.1" 200 2656
14.0.231.246 - - [25/Jun/2025:10:18:32 +0800] "GET /InternetTrading/js/ipo.js?jsv=20200819161914 HTTP/1.1" 200 5726
14.0.231.246 - - [25/Jun/2025:10:18:32 +0800] "GET /InternetTrading/js/spread_cache.js?jsv=20200819161914 HTTP/1.1" 200 908
14.0.231.246 - - [25/Jun/2025:10:18:32 +0800] "GET /InternetTrading/js/mm.js?jsv=20200819161914 HTTP/1.1" 200 487
14.0.231.246 - - [25/Jun/2025:10:18:32 +0800] "GET /InternetTrading/js/isec_calculator.js?jsv=20200819161914 HTTP/1.1" 200 1364
14.0.231.246 - - [25/Jun/2025:10:18:32 +0800] "GET /InternetTrading/js/cash_transfer.js?jsv=20200819161914 HTTP/1.1" 200 2712
14.0.231.246 - - [25/Jun/2025:10:18:32 +0800] "GET /InternetTrading/js/payment_instruction.js?jsv=20200819161914 HTTP/1.1" 200 2178
14.0.231.246 - - [25/Jun/2025:10:18:32 +0800] "GET /InternetTrading/js/payment_instruction_IMOS.js?jsv=20200819161914 HTTP/1.1" 200 6874
14.0.231.246 - - [25/Jun/2025:10:18:32 +0800] "GET /InternetTrading/js/string_extend.js?jsv=20200819161914 HTTP/1.1" 200 272
14.0.231.246 - - [25/Jun/2025:10:18:32 +0800] "GET /InternetTrading/js/eStatement.js?jsv=20200819161914 HTTP/1.1" 200 562
14.0.231.246 - - [25/Jun/2025:10:18:32 +0800] "GET /InternetTrading/js/pidcrypt.js?jsv=20200819161914 HTTP/1.1" 200 982
14.0.231.246 - - [25/Jun/2025:10:18:32 +0800] "GET /InternetTrading/ExchangeList?fmt=js&jsv=20200819161914 HTTP/1.1" 200 146
14.0.231.246 - - [25/Jun/2025:10:18:32 +0800] "GET /InternetTrading/js/pidcrypt_util.js?jsv=20200819161914 HTTP/1.1" 200 1206
14.0.231.246 - - [25/Jun/2025:10:18:32 +0800] "GET /InternetTrading/js/aes_cbc.js?jsv=20200819161914 HTTP/1.1" 200 2043
14.0.231.246 - - [25/Jun/2025:10:18:32 +0800] "GET /InternetTrading/js/aes_core.js?jsv=20200819161914 HTTP/1.1" 200 2106
14.0.231.246 - - [25/Jun/2025:10:18:32 +0800] "GET /InternetTrading/js/md5.js?jsv=20200819161914 HTTP/1.1" 200 1730
14.0.231.246 - - [25/Jun/2025:10:18:32 +0800] "GET /InternetTrading/js/asn1.js?jsv=20200819161914 HTTP/1.1" 200 3099
14.0.231.246 - - [25/Jun/2025:10:18:32 +0800] "GET /InternetTrading/js/sha256.js?jsv=20200819161914 HTTP/1.1" 200 1362
14.0.231.246 - - [25/Jun/2025:10:18:32 +0800] "GET /InternetTrading/js/prng4.js?jsv=20200819161914 HTTP/1.1" 200 303
14.0.231.246 - - [25/Jun/2025:10:18:32 +0800] "GET /InternetTrading/js/jsbn.js?jsv=20200819161914 HTTP/1.1" 200 6736
14.0.231.246 - - [25/Jun/2025:10:18:32 +0800] "GET /InternetTrading/js/mode-ecb.js?jsv=20200819161914 HTTP/1.1" 200 199
14.0.231.246 - - [25/Jun/2025:10:18:32 +0800] "GET /InternetTrading/js/rsa.js?jsv=20200819161914 HTTP/1.1" 200 1658
14.0.231.246 - - [25/Jun/2025:10:18:32 +0800] "GET /InternetTrading/js/rng.js?jsv=20200819161914 HTTP/1.1" 200 481
14.0.231.246 - - [25/Jun/2025:10:18:32 +0800] "GET /InternetTrading/js/aes.js?jsv=20200819161914 HTTP/1.1" 200 4816
14.0.231.246 - - [25/Jun/2025:10:18:32 +0800] "GET /InternetTrading/js/utilSpec.js?jsv=20200819161914 HTTP/1.1" 200 27
124.244.14.185 - - [25/Jun/2025:10:18:32 +0800] "POST /InternetTrading/SessionErrorLogger HTTP/1.1" 200 117
124.244.14.185 - - [25/Jun/2025:10:18:32 +0800] "GET /InternetTrading/longpoll/56366?X-Atmosphere-tracking-id=0&X-Atmosphere-Framework=2.2.3-javascript&X-Atmosphere-Transport=long-polling&X-Atmosphere-TrackMessageSize=true&Content-Type=charset%3Dutf-8&X-atmo-protocol=true&_=1750817955629 HTTP/1.1" 200 -
14.0.231.246 - - [25/Jun/2025:10:18:32 +0800] "GET /InternetTrading/js/pw_alert.js?jsv=20200819161914 HTTP/1.1" 200 418
14.0.231.246 - - [25/Jun/2025:10:18:32 +0800] "GET /InternetTrading/js/update_lastlogin.js?jsv=20200819161914 HTTP/1.1" 200 980
14.0.231.246 - - [25/Jun/2025:10:18:32 +0800] "GET /InternetTrading/js/jquery.mousewheel.js HTTP/1.1" 404 684
14.0.231.246 - - [25/Jun/2025:10:18:32 +0800] "GET /InternetTrading/js/jquery.jscrollpane.js HTTP/1.1" 404 685
14.0.231.246 - - [25/Jun/2025:10:18:32 +0800] "GET /InternetTrading/js/jquery.cookie.js HTTP/1.1" 200 834
14.0.231.246 - - [25/Jun/2025:10:18:32 +0800] "GET /InternetTrading/js/decimal.js HTTP/1.1" 200 13492
124.244.14.185 - - [25/Jun/2025:10:18:32 +0800] "POST /InternetTrading/Heartbeat HTTP/1.1" 200 32
124.244.14.185 - - [25/Jun/2025:10:18:32 +0800] "POST /InternetTrading/SessionErrorLogger HTTP/1.1" 200 117
124.244.14.185 - - [25/Jun/2025:10:18:32 +0800] "POST /InternetTrading/MarketStatus HTTP/1.1" 200 772
14.0.231.246 - - [25/Jun/2025:10:18:32 +0800] "GET /InternetTrading/tc/images/logo.png HTTP/1.1" 200 7042
14.0.231.246 - - [25/Jun/2025:10:18:32 +0800] "GET /InternetTrading/tc/images/top_menu01.jpg HTTP/1.1" 200 3466
14.0.231.246 - - [25/Jun/2025:10:18:32 +0800] "GET /InternetTrading/GoodTillDateValidExch?fmt=js&jsv=20200819161914 HTTP/1.1" 200 29
14.0.231.246 - - [25/Jun/2025:10:18:32 +0800] "GET /InternetTrading/tc/images/top_menu04.jpg HTTP/1.1" 200 3430
14.0.231.246 - - [25/Jun/2025:10:18:32 +0800] "GET /InternetTrading/tc/images/top_menu_logout.jpg HTTP/1.1" 200 1016
14.0.231.246 - - [25/Jun/2025:10:18:32 +0800] "GET /InternetTrading/images/top_bg1.jpg HTTP/1.1" 200 329
14.0.231.246 - - [25/Jun/2025:10:18:32 +0800] "GET /InternetTrading/images/top_bg3.jpg HTTP/1.1" 200 878
14.0.231.246 - - [25/Jun/2025:10:18:32 +0800] "GET /InternetTrading/images/top_bg2.jpg HTTP/1.1" 200 330
14.0.231.246 - - [25/Jun/2025:10:18:32 +0800] "GET /InternetTrading/tc/dialog.html?1750817958080 HTTP/1.1" 200 3188
14.0.231.246 - - [25/Jun/2025:10:18:32 +0800] "POST /InternetTrading/PopUpConfig HTTP/1.1" 200 2
14.0.231.246 - - [25/Jun/2025:10:18:32 +0800] "POST /InternetTrading/Heartbeat HTTP/1.1" 200 32
14.0.231.246 - - [25/Jun/2025:10:18:32 +0800] "POST /InternetTrading/CustomerInfoLite HTTP/1.1" 200 124
14.0.231.246 - - [25/Jun/2025:10:18:32 +0800] "GET /InternetTrading/tc/images/top_menu01_o.jpg HTTP/1.1" 200 3339
14.0.231.246 - - [25/Jun/2025:10:18:33 +0800] "GET /InternetTrading/tc/images/top_menu04.jpg HTTP/1.1" 200 3430
14.0.231.246 - - [25/Jun/2025:10:18:33 +0800] "GET /InternetTrading/tc/trade.html HTTP/1.1" 200 2113
14.0.231.246 - - [25/Jun/2025:10:18:33 +0800] "POST /InternetTrading/SpreadPriceCache HTTP/1.1" 200 3539
14.0.231.246 - - [25/Jun/2025:10:18:33 +0800] "GET /InternetTrading/jquery/wait.gif HTTP/1.1" 200 432
14.0.231.246 - - [25/Jun/2025:10:18:33 +0800] "POST /InternetTrading/SessionErrorLogger HTTP/1.1" 200 117
14.0.231.246 - - [25/Jun/2025:10:18:33 +0800] "POST /InternetTrading/GetLastLoginDate HTTP/1.1" 200 31
14.0.231.246 - - [25/Jun/2025:10:18:33 +0800] "POST /InternetTrading/SessionErrorLogger HTTP/1.1" 200 117
14.0.231.246 - - [25/Jun/2025:10:18:33 +0800] "GET /InternetTrading/tc/images/trade_point01.jpg HTTP/1.1" 200 358
14.0.231.246 - - [25/Jun/2025:10:18:33 +0800] "GET /InternetTrading/tc/getpopupMsgName.jsp HTTP/1.1" 200 -
14.0.231.246 - - [25/Jun/2025:10:18:33 +0800] "GET /InternetTrading/tc/images/refresh.gif HTTP/1.1" 200 1145
14.0.231.246 - - [25/Jun/2025:10:18:33 +0800] "GET /InternetTrading/tc/applet_dummy.html HTTP/1.1" 200 330
14.0.231.246 - - [25/Jun/2025:10:18:33 +0800] "POST /InternetTrading/SessionErrorLogger HTTP/1.1" 200 117
14.0.231.246 - - [25/Jun/2025:10:18:33 +0800] "GET /InternetTrading/tc/buy_ticket.html? HTTP/1.1" 200 1995
