14.0.231.246 - - [25/Jun/2025:10:18:33 +0800] "POST /InternetTrading/SessionErrorLogger HTTP/1.1" 200 117
14.0.231.246 - - [25/Jun/2025:10:18:33 +0800] "POST /InternetTrading/MarketStatus HTTP/1.1" 200 772
14.0.231.246 - - [25/Jun/2025:10:18:33 +0800] "POST /InternetTrading/SessionErrorLogger HTTP/1.1" 200 117
14.0.231.246 - - [25/Jun/2025:10:18:33 +0800] "GET /InternetTrading/tc/multi_currency_balance.html HTTP/1.1" 200 295
14.0.231.246 - - [25/Jun/2025:10:18:33 +0800] "GET /InternetTrading/jquery/wait.gif HTTP/1.1" 200 432
14.0.231.246 - - [25/Jun/2025:10:18:33 +0800] "GET /InternetTrading/Home/PostToAA.jsp?hl=tc HTTP/1.1" 200 287
14.0.231.246 - - [25/Jun/2025:10:18:33 +0800] "GET /InternetTrading/jquery/images/ui-bg_flat_75_ffffff_40x100.png HTTP/1.1" 200 208
14.0.231.246 - - [25/Jun/2025:10:18:33 +0800] "GET /InternetTrading/jquery/images/ui-icons_222222_256x240.png HTTP/1.1" 200 6922
14.0.231.246 - - [25/Jun/2025:10:18:33 +0800] "POST /InternetTrading/SessionErrorLogger HTTP/1.1" 200 117
14.0.231.246 - - [25/Jun/2025:10:18:33 +0800] "POST /InternetTrading/SessionErrorLogger HTTP/1.1" 200 117
14.0.231.246 - - [25/Jun/2025:10:18:33 +0800] "POST /InternetTrading/MarketStatus HTTP/1.1" 200 772
14.0.231.246 - - [25/Jun/2025:10:18:33 +0800] "POST /InternetTrading/MarketStatus HTTP/1.1" 200 772
65.181.90.29 - - [25/Jun/2025:10:18:34 +0800] "GET /InternetTrading/longpoll/54338?X-Atmosphere-tracking-id=0&X-Atmosphere-Framework=2.2.3-javascript&X-Atmosphere-Transport=long-polling&X-Atmosphere-TrackMessageSize=true&Content-Type=charset%3Dutf-8&X-atmo-protocol=true&_=1750817960492 HTTP/1.1" 200 -
14.0.231.246 - - [25/Jun/2025:10:18:35 +0800] "POST /InternetTrading/SessionErrorLogger HTTP/1.1" 200 117
14.0.231.246 - - [25/Jun/2025:10:18:35 +0800] "POST /InternetTrading/CustomerInfo HTTP/1.1" 200 224
14.0.231.246 - - [25/Jun/2025:10:18:35 +0800] "POST /InternetTrading/SessionErrorLogger HTTP/1.1" 200 117
14.0.231.246 - - [25/Jun/2025:10:18:35 +0800] "POST /InternetTrading/SessionErrorLogger HTTP/1.1" 200 117
14.0.231.246 - - [25/Jun/2025:10:18:35 +0800] "GET /InternetTrading/tc/account_status.html HTTP/1.1" 200 426
14.0.231.246 - - [25/Jun/2025:10:18:35 +0800] "POST /InternetTrading/SessionErrorLogger HTTP/1.1" 200 117
14.0.231.246 - - [25/Jun/2025:10:18:35 +0800] "POST /InternetTrading/MarketStatus HTTP/1.1" 200 772
14.0.231.246 - - [25/Jun/2025:10:18:35 +0800] "POST /InternetTrading/SessionErrorLogger HTTP/1.1" 200 117
14.0.231.246 - - [25/Jun/2025:10:18:35 +0800] "GET /InternetTrading/jquery/wait.gif HTTP/1.1" 200 432
14.0.231.246 - - [25/Jun/2025:10:18:35 +0800] "POST /InternetTrading/SessionErrorLogger HTTP/1.1" 200 117
14.0.231.246 - - [25/Jun/2025:10:18:35 +0800] "POST /InternetTrading/LongPollingConfig HTTP/1.1" 200 4
14.0.231.246 - - [25/Jun/2025:10:18:36 +0800] "GET /InternetTrading/longpoll/A8127?X-Atmosphere-tracking-id=0&X-Atmosphere-Framework=2.2.3-javascript&X-Atmosphere-Transport=long-polling&X-Atmosphere-TrackMessageSize=true&Content-Type=charset%3Dutf-8&X-atmo-protocol=true&_=1750817961306 HTTP/1.1" 200 -
14.0.231.246 - - [25/Jun/2025:10:18:36 +0800] "POST /InternetTrading/Portfolio HTTP/1.1" 200 1555
119.136.152.218 - - [25/Jun/2025:10:18:36 +0800] "GET /InternetTrading/longpoll/52832?X-Atmosphere-tracking-id=0&X-Atmosphere-Framework=2.2.3-javascript&X-Atmosphere-Transport=long-polling&X-Atmosphere-TrackMessageSize=true&Content-Type=charset%3Dutf-8&X-atmo-protocol=true&_=1750817971891 HTTP/1.1" 200 -
119.136.152.218 - - [25/Jun/2025:10:18:38 +0800] "POST /InternetTrading/SessionErrorLogger HTTP/1.1" 200 117
119.136.152.218 - - [25/Jun/2025:10:18:38 +0800] "POST /InternetTrading/Heartbeat HTTP/1.1" 200 32
119.136.152.218 - - [25/Jun/2025:10:18:38 +0800] "POST /InternetTrading/SessionErrorLogger HTTP/1.1" 200 117
119.136.152.218 - - [25/Jun/2025:10:18:38 +0800] "POST /InternetTrading/MarketStatus HTTP/1.1" 200 772
65.181.90.29 - - [25/Jun/2025:10:18:40 +0800] "GET /InternetTrading/longpoll/54338?X-Atmosphere-tracking-id=0&X-Atmosphere-Framework=2.2.3-javascript&X-Atmosphere-Transport=long-polling&X-Atmosphere-TrackMessageSize=true&Content-Type=charset%3Dutf-8&X-atmo-protocol=true&_=1750817965824 HTTP/1.1" 200 -
14.0.231.246 - - [25/Jun/2025:10:18:41 +0800] "GET /InternetTrading/longpoll/A8127?X-Atmosphere-tracking-id=0&X-Atmosphere-Framework=2.2.3-javascript&X-Atmosphere-Transport=long-polling&X-Atmosphere-TrackMessageSize=true&Content-Type=charset%3Dutf-8&X-atmo-protocol=true&_=1750817966364 HTTP/1.1" 200 -
119.136.152.218 - - [25/Jun/2025:10:18:41 +0800] "GET /InternetTrading/longpoll/52832?X-Atmosphere-tracking-id=0&X-Atmosphere-Framework=2.2.3-javascript&X-Atmosphere-Transport=long-polling&X-Atmosphere-TrackMessageSize=true&Content-Type=charset%3Dutf-8&X-atmo-protocol=true&_=1750817976996 HTTP/1.1" 200 -
124.244.14.185 - - [25/Jun/2025:10:18:42 +0800] "GET /InternetTrading/longpoll/56366?X-Atmosphere-tracking-id=0&X-Atmosphere-Framework=2.2.3-javascript&X-Atmosphere-Transport=long-polling&X-Atmosphere-TrackMessageSize=true&Content-Type=charset%3Dutf-8&X-atmo-protocol=true&_=1750817965596 HTTP/1.1" 200 -
65.181.90.29 - - [25/Jun/2025:10:18:45 +0800] "POST /InternetTrading/SessionErrorLogger HTTP/1.1" 200 117
65.181.90.29 - - [25/Jun/2025:10:18:45 +0800] "POST /InternetTrading/Heartbeat HTTP/1.1" 200 32
65.181.90.29 - - [25/Jun/2025:10:18:46 +0800] "GET /InternetTrading/longpoll/54338?X-Atmosphere-tracking-id=0&X-Atmosphere-Framework=2.2.3-javascript&X-Atmosphere-Transport=long-polling&X-Atmosphere-TrackMessageSize=true&Content-Type=charset%3Dutf-8&X-atmo-protocol=true&_=1750817971809 HTTP/1.1" 200 -
14.0.231.246 - - [25/Jun/2025:10:18:46 +0800] "GET /InternetTrading/longpoll/A8127?X-Atmosphere-tracking-id=0&X-Atmosphere-Framework=2.2.3-javascript&X-Atmosphere-Transport=long-polling&X-Atmosphere-TrackMessageSize=true&Content-Type=charset%3Dutf-8&X-atmo-protocol=true&_=1750817971649 HTTP/1.1" 200 -
119.136.152.218 - - [25/Jun/2025:10:18:46 +0800] "GET /InternetTrading/longpoll/52832?X-Atmosphere-tracking-id=0&X-Atmosphere-Framework=2.2.3-javascript&X-Atmosphere-Transport=long-polling&X-Atmosphere-TrackMessageSize=true&Content-Type=charset%3Dutf-8&X-atmo-protocol=true&_=1750817982051 HTTP/1.1" 200 -
124.244.14.185 - - [25/Jun/2025:10:18:48 +0800] "GET /InternetTrading/longpoll/56366?X-Atmosphere-tracking-id=0&X-Atmosphere-Framework=2.2.3-javascript&X-Atmosphere-Transport=long-polling&X-Atmosphere-TrackMessageSize=true&Content-Type=charset%3Dutf-8&X-atmo-protocol=true&_=1750817971142 HTTP/1.1" 200 -
220.246.38.37 - - [25/Jun/2025:10:18:48 +0800] "POST /InternetTrading/Heartbeat2FAService HTTP/1.1" 200 1
14.0.231.246 - - [25/Jun/2025:10:18:51 +0800] "GET /InternetTrading/longpoll/A8127?X-Atmosphere-tracking-id=0&X-Atmosphere-Framework=2.2.3-javascript&X-Atmosphere-Transport=long-polling&X-Atmosphere-TrackMessageSize=true&Content-Type=charset%3Dutf-8&X-atmo-protocol=true&_=1750817977010 HTTP/1.1" 200 -
119.136.152.218 - - [25/Jun/2025:10:18:51 +0800] "GET /InternetTrading/longpoll/52832?X-Atmosphere-tracking-id=0&X-Atmosphere-Framework=2.2.3-javascript&X-Atmosphere-Transport=long-polling&X-Atmosphere-TrackMessageSize=true&Content-Type=charset%3Dutf-8&X-atmo-protocol=true&_=1750817987118 HTTP/1.1" 200 -
65.181.90.29 - - [25/Jun/2025:10:18:52 +0800] "GET /InternetTrading/longpoll/54338?X-Atmosphere-tracking-id=0&X-Atmosphere-Framework=2.2.3-javascript&X-Atmosphere-Transport=long-polling&X-Atmosphere-TrackMessageSize=true&Content-Type=charset%3Dutf-8&X-atmo-protocol=true&_=1750817977822 HTTP/1.1" 200 -
65.181.90.29 - - [25/Jun/2025:10:18:53 +0800] "POST /InternetTrading/SessionErrorLogger HTTP/1.1" 200 117
65.181.90.29 - - [25/Jun/2025:10:18:53 +0800] "POST /InternetTrading/MarketStatus HTTP/1.1" 200 772
119.136.152.218 - - [25/Jun/2025:10:18:57 +0800] "GET /InternetTrading/longpoll/52832?X-Atmosphere-tracking-id=0&X-Atmosphere-Framework=2.2.3-javascript&X-Atmosphere-Transport=long-polling&X-Atmosphere-TrackMessageSize=true&Content-Type=charset%3Dutf-8&X-atmo-protocol=true&_=1750817992225 HTTP/1.1" 200 -
14.0.231.246 - - [25/Jun/2025:10:18:57 +0800] "GET /InternetTrading/longpoll/A8127?X-Atmosphere-tracking-id=0&X-Atmosphere-Framework=2.2.3-javascript&X-Atmosphere-Transport=long-polling&X-Atmosphere-TrackMessageSize=true&Content-Type=charset%3Dutf-8&X-atmo-protocol=true&_=1750817982291 HTTP/1.1" 200 -
65.181.90.29 - - [25/Jun/2025:10:18:58 +0800] "GET /InternetTrading/longpoll/54338?X-Atmosphere-tracking-id=0&X-Atmosphere-Framework=2.2.3-javascript&X-Atmosphere-Transport=long-polling&X-Atmosphere-TrackMessageSize=true&Content-Type=charset%3Dutf-8&X-atmo-protocol=true&_=1750817983812 HTTP/1.1" 200 -
119.136.152.218 - - [25/Jun/2025:10:19:02 +0800] "GET /InternetTrading/longpoll/52832?X-Atmosphere-tracking-id=0&X-Atmosphere-Framework=2.2.3-javascript&X-Atmosphere-Transport=long-polling&X-Atmosphere-TrackMessageSize=true&Content-Type=charset%3Dutf-8&X-atmo-protocol=true&_=1750817997392 HTTP/1.1" 200 -
124.244.14.185 - - [25/Jun/2025:10:19:02 +0800] "GET /InternetTrading/longpoll/56366?X-Atmosphere-tracking-id=0&X-Atmosphere-Framework=2.2.3-javascript&X-Atmosphere-Transport=long-polling&X-Atmosphere-TrackMessageSize=true&Content-Type=charset%3Dutf-8&X-atmo-protocol=true&_=1750817985603 HTTP/1.1" 200 -
14.0.231.246 - - [25/Jun/2025:10:19:02 +0800] "GET /InternetTrading/longpoll/A8127?X-Atmosphere-tracking-id=0&X-Atmosphere-Framework=2.2.3-javascript&X-Atmosphere-Transport=long-polling&X-Atmosphere-TrackMessageSize=true&Content-Type=charset%3Dutf-8&X-atmo-protocol=true&_=1750817987574 HTTP/1.1" 200 -
14.0.231.246 - - [25/Jun/2025:10:19:03 +0800] "POST /InternetTrading/SessionErrorLogger HTTP/1.1" 200 117
14.0.231.246 - - [25/Jun/2025:10:19:03 +0800] "POST /InternetTrading/Heartbeat HTTP/1.1" 200 32
14.0.231.246 - - [25/Jun/2025:10:19:03 +0800] "POST /InternetTrading/SessionErrorLogger HTTP/1.1" 200 117
60.205.218.92 - - [25/Jun/2025:10:19:03 +0800] "HEAD /InternetTrading/tc/login.html HTTP/1.1" 200 -
14.0.231.246 - - [25/Jun/2025:10:19:03 +0800] "POST /InternetTrading/MarketStatus HTTP/1.1" 200 772
60.205.218.92 - - [25/Jun/2025:10:19:04 +0800] "GET /InternetTrading/tc/login.html HTTP/1.1" 200 1755
65.181.90.29 - - [25/Jun/2025:10:19:04 +0800] "GET /InternetTrading/longpoll/54338?X-Atmosphere-tracking-id=0&X-Atmosphere-Framework=2.2.3-javascript&X-Atmosphere-Transport=long-polling&X-Atmosphere-TrackMessageSize=true&Content-Type=charset%3Dutf-8&X-atmo-protocol=true&_=1750817989816 HTTP/1.1" 200 -
60.205.218.92 - - [25/Jun/2025:10:19:04 +0800] "GET /InternetTrading/jquery/jquery-3.3.1.js HTTP/1.1" 200 80650
60.205.218.92 - - [25/Jun/2025:10:19:04 +0800] "GET /InternetTrading/tc/style.css?v=20200819161914 HTTP/1.1" 200 1435
60.205.218.92 - - [25/Jun/2025:10:19:04 +0800] "GET /InternetTrading/tc/style_common.css?v=20200819161914 HTTP/1.1" 200 2540
60.205.218.92 - - [25/Jun/2025:10:19:04 +0800] "GET /InternetTrading/jquery/jquery-migrate-3.0.0.js HTTP/1.1" 200 4963
60.205.218.92 - - [25/Jun/2025:10:19:04 +0800] "GET /InternetTrading/jquery/jquery.form-3.46.0.js HTTP/1.1" 200 5673
60.205.218.92 - - [25/Jun/2025:10:19:04 +0800] "GET /InternetTrading/jquery/jquery.blockUI-2.66.0.js HTTP/1.1" 200 6651
60.205.218.92 - - [25/Jun/2025:10:19:04 +0800] "GET /InternetTrading/jquery/additional-methods.js HTTP/1.1" 200 2238
60.205.218.92 - - [25/Jun/2025:10:19:04 +0800] "GET /InternetTrading/jquery/jquery.getParams.js HTTP/1.1" 200 587
60.205.218.92 - - [25/Jun/2025:10:19:04 +0800] "GET /InternetTrading/jquery/jquery.validate-1.11.1.js HTTP/1.1" 200 7041
60.205.218.92 - - [25/Jun/2025:10:19:04 +0800] "GET /InternetTrading/jquery/jquery.timer-0.9.16.js HTTP/1.1" 200 542
60.205.218.92 - - [25/Jun/2025:10:19:04 +0800] "GET /InternetTrading/jquery/jquery-ui-personalized-1.6rc2.min.js HTTP/1.1" 200 55543
60.205.218.92 - - [25/Jun/2025:10:19:04 +0800] "GET /InternetTrading/tc/user/translation.js?jsv=20200819161914 HTTP/1.1" 200 12818
60.205.218.92 - - [25/Jun/2025:10:19:04 +0800] "GET /InternetTrading/js/haitong.js?jsv=20200819161914 HTTP/1.1" 200 3881
60.205.218.92 - - [25/Jun/2025:10:19:04 +0800] "GET /InternetTrading/js/util.js?jsv=20200819161914 HTTP/1.1" 200 6636
60.205.218.92 - - [25/Jun/2025:10:19:04 +0800] "GET /InternetTrading/js/constants.js?jsv=20200819161914 HTTP/1.1" 200 400
60.205.218.92 - - [25/Jun/2025:10:19:04 +0800] "GET /InternetTrading/js/rsautil.js?jsv=20200819161914 HTTP/1.1" 200 1017
60.205.218.92 - - [25/Jun/2025:10:19:04 +0800] "GET /InternetTrading/js/init.js?jsv=20200819161914 HTTP/1.1" 200 886
60.205.218.92 - - [25/Jun/2025:10:19:04 +0800] "GET /InternetTrading/js/login.js?jsv=20200819161914 HTTP/1.1" 200 1684
60.205.218.92 - - [25/Jun/2025:10:19:04 +0800] "GET /InternetTrading/tc/user/custom_variables.js?jsv=20200819161914 HTTP/1.1" 200 275
60.205.218.92 - - [25/Jun/2025:10:19:04 +0800] "GET /InternetTrading/js/version.js?jsv=20200819161914 HTTP/1.1" 200 85
60.205.218.92 - - [25/Jun/2025:10:19:04 +0800] "GET /InternetTrading/js/pidcrypt.js?jsv=20200819161914 HTTP/1.1" 200 982
60.205.218.92 - - [25/Jun/2025:10:19:04 +0800] "GET /InternetTrading/js/pidcrypt_util.js?jsv=20200819161914 HTTP/1.1" 200 1206
60.205.218.92 - - [25/Jun/2025:10:19:04 +0800] "GET /InternetTrading/js/string_extend.js?jsv=20200819161914 HTTP/1.1" 200 272
60.205.218.92 - - [25/Jun/2025:10:19:04 +0800] "GET /InternetTrading/js/aes_cbc.js?jsv=20200819161914 HTTP/1.1" 200 2043
60.205.218.92 - - [25/Jun/2025:10:19:04 +0800] "GET /InternetTrading/js/asn1.js?jsv=20200819161914 HTTP/1.1" 200 3099
60.205.218.92 - - [25/Jun/2025:10:19:04 +0800] "GET /InternetTrading/js/aes_core.js?jsv=20200819161914 HTTP/1.1" 200 2106
60.205.218.92 - - [25/Jun/2025:10:19:04 +0800] "GET /InternetTrading/js/md5.js?jsv=20200819161914 HTTP/1.1" 200 1730
60.205.218.92 - - [25/Jun/2025:10:19:04 +0800] "GET /InternetTrading/js/sha256.js?jsv=20200819161914 HTTP/1.1" 200 1362
60.205.218.92 - - [25/Jun/2025:10:19:04 +0800] "GET /InternetTrading/js/jsbn.js?jsv=20200819161914 HTTP/1.1" 200 6736
60.205.218.92 - - [25/Jun/2025:10:19:04 +0800] "GET /InternetTrading/js/rng.js?jsv=20200819161914 HTTP/1.1" 200 481
60.205.218.92 - - [25/Jun/2025:10:19:04 +0800] "GET /InternetTrading/js/prng4.js?jsv=20200819161914 HTTP/1.1" 200 303
60.205.218.92 - - [25/Jun/2025:10:19:04 +0800] "GET /InternetTrading/js/rsa.js?jsv=20200819161914 HTTP/1.1" 200 1658
60.205.218.92 - - [25/Jun/2025:10:19:04 +0800] "POST /InternetTrading/SystemMaintenanceCheck HTTP/1.1" 200 119
60.205.218.92 - - [25/Jun/2025:10:19:04 +0800] "GET /InternetTrading/tc/dialog.html?1750817990112 HTTP/1.1" 200 3188
119.136.152.218 - - [25/Jun/2025:10:19:07 +0800] "GET /InternetTrading/longpoll/52832?X-Atmosphere-tracking-id=0&X-Atmosphere-Framework=2.2.3-javascript&X-Atmosphere-Transport=long-polling&X-Atmosphere-TrackMessageSize=true&Content-Type=charset%3Dutf-8&X-atmo-protocol=true&_=1750818002457 HTTP/1.1" 200 -
14.0.231.246 - - [25/Jun/2025:10:19:07 +0800] "GET /InternetTrading/longpoll/A8127?X-Atmosphere-tracking-id=0&X-Atmosphere-Framework=2.2.3-javascript&X-Atmosphere-Transport=long-polling&X-Atmosphere-TrackMessageSize=true&Content-Type=charset%3Dutf-8&X-atmo-protocol=true&_=1750817992915 HTTP/1.1" 200 -
119.136.152.218 - - [25/Jun/2025:10:19:08 +0800] "POST /InternetTrading/SessionErrorLogger HTTP/1.1" 200 117
119.136.152.218 - - [25/Jun/2025:10:19:08 +0800] "POST /InternetTrading/Heartbeat HTTP/1.1" 200 32
119.136.152.218 - - [25/Jun/2025:10:19:08 +0800] "POST /InternetTrading/SessionErrorLogger HTTP/1.1" 200 117
119.136.152.218 - - [25/Jun/2025:10:19:08 +0800] "POST /InternetTrading/MarketStatus HTTP/1.1" 200 772
65.181.90.29 - - [25/Jun/2025:10:19:10 +0800] "GET /InternetTrading/longpoll/54338?X-Atmosphere-tracking-id=0&X-Atmosphere-Framework=2.2.3-javascript&X-Atmosphere-Transport=long-polling&X-Atmosphere-TrackMessageSize=true&Content-Type=charset%3Dutf-8&X-atmo-protocol=true&_=1750817995815 HTTP/1.1" 200 -
119.136.152.218 - - [25/Jun/2025:10:19:12 +0800] "GET /InternetTrading/longpoll/52832?X-Atmosphere-tracking-id=0&X-Atmosphere-Framework=2.2.3-javascript&X-Atmosphere-Transport=long-polling&X-Atmosphere-TrackMessageSize=true&Content-Type=charset%3Dutf-8&X-atmo-protocol=true&_=1750818007555 HTTP/1.1" 200 -
124.244.14.185 - - [25/Jun/2025:10:19:12 +0800] "GET /InternetTrading/longpoll/56366?X-Atmosphere-tracking-id=0&X-Atmosphere-Framework=2.2.3-javascript&X-Atmosphere-Transport=long-polling&X-Atmosphere-TrackMessageSize=true&Content-Type=charset%3Dutf-8&X-atmo-protocol=true&_=1750817995605 HTTP/1.1" 200 -
124.244.14.185 - - [25/Jun/2025:10:19:12 +0800] "POST /InternetTrading/SessionErrorLogger HTTP/1.1" 200 117
124.244.14.185 - - [25/Jun/2025:10:19:12 +0800] "POST /InternetTrading/Heartbeat HTTP/1.1" 200 32
124.244.14.185 - - [25/Jun/2025:10:19:12 +0800] "POST /InternetTrading/SessionErrorLogger HTTP/1.1" 200 117
124.244.14.185 - - [25/Jun/2025:10:19:12 +0800] "POST /InternetTrading/MarketStatus HTTP/1.1" 200 772
14.0.231.246 - - [25/Jun/2025:10:19:13 +0800] "GET /InternetTrading/longpoll/A8127?X-Atmosphere-tracking-id=0&X-Atmosphere-Framework=2.2.3-javascript&X-Atmosphere-Transport=long-polling&X-Atmosphere-TrackMessageSize=true&Content-Type=charset%3Dutf-8&X-atmo-protocol=true&_=1750817998059 HTTP/1.1" 200 -
65.181.90.29 - - [25/Jun/2025:10:19:16 +0800] "POST /InternetTrading/SessionErrorLogger HTTP/1.1" 200 117
65.181.90.29 - - [25/Jun/2025:10:19:16 +0800] "POST /InternetTrading/Heartbeat HTTP/1.1" 200 32
65.181.90.29 - - [25/Jun/2025:10:19:16 +0800] "GET /InternetTrading/longpoll/54338?X-Atmosphere-tracking-id=0&X-Atmosphere-Framework=2.2.3-javascript&X-Atmosphere-Transport=long-polling&X-Atmosphere-TrackMessageSize=true&Content-Type=charset%3Dutf-8&X-atmo-protocol=true&_=1750818001841 HTTP/1.1" 200 -
119.136.152.218 - - [25/Jun/2025:10:19:17 +0800] "GET /InternetTrading/longpoll/52832?X-Atmosphere-tracking-id=0&X-Atmosphere-Framework=2.2.3-javascript&X-Atmosphere-Transport=long-polling&X-Atmosphere-TrackMessageSize=true&Content-Type=charset%3Dutf-8&X-atmo-protocol=true&_=1750818012605 HTTP/1.1" 200 -
220.246.38.37 - - [25/Jun/2025:10:19:18 +0800] "POST /InternetTrading/Heartbeat2FAService HTTP/1.1" 200 1
14.0.231.246 - - [25/Jun/2025:10:19:18 +0800] "GET /InternetTrading/longpoll/A8127?X-Atmosphere-tracking-id=0&X-Atmosphere-Framework=2.2.3-javascript&X-Atmosphere-Transport=long-polling&X-Atmosphere-TrackMessageSize=true&Content-Type=charset%3Dutf-8&X-atmo-protocol=true&_=1750818003559 HTTP/1.1" 200 -
65.181.90.29 - - [25/Jun/2025:10:19:22 +0800] "GET /InternetTrading/longpoll/54338?X-Atmosphere-tracking-id=0&X-Atmosphere-Framework=2.2.3-javascript&X-Atmosphere-Transport=long-polling&X-Atmosphere-TrackMessageSize=true&Content-Type=charset%3Dutf-8&X-atmo-protocol=true&_=1750818007824 HTTP/1.1" 200 -
124.244.14.185 - - [25/Jun/2025:10:19:22 +0800] "GET /InternetTrading/longpoll/56366?X-Atmosphere-tracking-id=0&X-Atmosphere-Framework=2.2.3-javascript&X-Atmosphere-Transport=long-polling&X-Atmosphere-TrackMessageSize=true&Content-Type=charset%3Dutf-8&X-atmo-protocol=true&_=1750818005602 HTTP/1.1" 200 -
119.136.152.218 - - [25/Jun/2025:10:19:22 +0800] "GET /InternetTrading/longpoll/52832?X-Atmosphere-tracking-id=0&X-Atmosphere-Framework=2.2.3-javascript&X-Atmosphere-Transport=long-polling&X-Atmosphere-TrackMessageSize=true&Content-Type=charset%3Dutf-8&X-atmo-protocol=true&_=1750818017768 HTTP/1.1" 200 -
14.0.231.246 - - [25/Jun/2025:10:19:23 +0800] "GET /InternetTrading/longpoll/A8127?X-Atmosphere-tracking-id=0&X-Atmosphere-Framework=2.2.3-javascript&X-Atmosphere-Transport=long-polling&X-Atmosphere-TrackMessageSize=true&Content-Type=charset%3Dutf-8&X-atmo-protocol=true&_=1750818008923 HTTP/1.1" 200 -
65.181.90.29 - - [25/Jun/2025:10:19:24 +0800] "POST /InternetTrading/SessionErrorLogger HTTP/1.1" 200 117
65.181.90.29 - - [25/Jun/2025:10:19:24 +0800] "POST /InternetTrading/MarketStatus HTTP/1.1" 200 772
119.136.152.218 - - [25/Jun/2025:10:19:28 +0800] "GET /InternetTrading/longpoll/52832?X-Atmosphere-tracking-id=0&X-Atmosphere-Framework=2.2.3-javascript&X-Atmosphere-Transport=long-polling&X-Atmosphere-TrackMessageSize=true&Content-Type=charset%3Dutf-8&X-atmo-protocol=true&_=1750818023283 HTTP/1.1" 200 -
65.181.90.29 - - [25/Jun/2025:10:19:28 +0800] "GET /InternetTrading/longpoll/54338?X-Atmosphere-tracking-id=0&X-Atmosphere-Framework=2.2.3-javascript&X-Atmosphere-Transport=long-polling&X-Atmosphere-TrackMessageSize=true&Content-Type=charset%3Dutf-8&X-atmo-protocol=true&_=1750818013809 HTTP/1.1" 200 -
14.0.231.246 - - [25/Jun/2025:10:19:29 +0800] "GET /InternetTrading/longpoll/A8127?X-Atmosphere-tracking-id=0&X-Atmosphere-Framework=2.2.3-javascript&X-Atmosphere-Transport=long-polling&X-Atmosphere-TrackMessageSize=true&Content-Type=charset%3Dutf-8&X-atmo-protocol=true&_=1750818014208 HTTP/1.1" 200 -
124.244.14.185 - - [25/Jun/2025:10:19:32 +0800] "GET /InternetTrading/longpoll/56366?X-Atmosphere-tracking-id=0&X-Atmosphere-Framework=2.2.3-javascript&X-Atmosphere-Transport=long-polling&X-Atmosphere-TrackMessageSize=true&Content-Type=charset%3Dutf-8&X-atmo-protocol=true&_=1750818015603 HTTP/1.1" 200 -
119.136.152.218 - - [25/Jun/2025:10:19:33 +0800] "GET /InternetTrading/longpoll/52832?X-Atmosphere-tracking-id=0&X-Atmosphere-Framework=2.2.3-javascript&X-Atmosphere-Transport=long-polling&X-Atmosphere-TrackMessageSize=true&Content-Type=charset%3Dutf-8&X-atmo-protocol=true&_=1750818028432 HTTP/1.1" 200 -
14.0.231.246 - - [25/Jun/2025:10:19:33 +0800] "POST /InternetTrading/SessionErrorLogger HTTP/1.1" 200 117
14.0.231.246 - - [25/Jun/2025:10:19:33 +0800] "POST /InternetTrading/Heartbeat HTTP/1.1" 200 32
14.0.231.246 - - [25/Jun/2025:10:19:33 +0800] "POST /InternetTrading/SessionErrorLogger HTTP/1.1" 200 117
14.0.231.246 - - [25/Jun/2025:10:19:33 +0800] "POST /InternetTrading/MarketStatus HTTP/1.1" 200 772
65.181.90.29 - - [25/Jun/2025:10:19:34 +0800] "GET /InternetTrading/longpoll/54338?X-Atmosphere-tracking-id=0&X-Atmosphere-Framework=2.2.3-javascript&X-Atmosphere-Transport=long-polling&X-Atmosphere-TrackMessageSize=true&Content-Type=charset%3Dutf-8&X-atmo-protocol=true&_=1750818019811 HTTP/1.1" 200 -
14.0.231.246 - - [25/Jun/2025:10:19:34 +0800] "GET /InternetTrading/longpoll/A8127?X-Atmosphere-tracking-id=0&X-Atmosphere-Framework=2.2.3-javascript&X-Atmosphere-Transport=long-polling&X-Atmosphere-TrackMessageSize=true&Content-Type=charset%3Dutf-8&X-atmo-protocol=true&_=1750818019575 HTTP/1.1" 200 -
119.136.152.218 - - [25/Jun/2025:10:19:38 +0800] "POST /InternetTrading/SessionErrorLogger HTTP/1.1" 200 117
119.136.152.218 - - [25/Jun/2025:10:19:38 +0800] "POST /InternetTrading/Heartbeat HTTP/1.1" 200 32
119.136.152.218 - - [25/Jun/2025:10:19:38 +0800] "GET /InternetTrading/longpoll/52832?X-Atmosphere-tracking-id=0&X-Atmosphere-Framework=2.2.3-javascript&X-Atmosphere-Transport=long-polling&X-Atmosphere-TrackMessageSize=true&Content-Type=charset%3Dutf-8&X-atmo-protocol=true&_=1750818033536 HTTP/1.1" 200 -
119.136.152.218 - - [25/Jun/2025:10:19:38 +0800] "POST /InternetTrading/SessionErrorLogger HTTP/1.1" 200 117
119.136.152.218 - - [25/Jun/2025:10:19:38 +0800] "POST /InternetTrading/MarketStatus HTTP/1.1" 200 772
14.0.231.246 - - [25/Jun/2025:10:19:39 +0800] "GET /InternetTrading/longpoll/A8127?X-Atmosphere-tracking-id=0&X-Atmosphere-Framework=2.2.3-javascript&X-Atmosphere-Transport=long-polling&X-Atmosphere-TrackMessageSize=true&Content-Type=charset%3Dutf-8&X-atmo-protocol=true&_=1750818024683 HTTP/1.1" 200 -
65.181.90.29 - - [25/Jun/2025:10:19:40 +0800] "GET /InternetTrading/longpoll/54338?X-Atmosphere-tracking-id=0&X-Atmosphere-Framework=2.2.3-javascript&X-Atmosphere-Transport=long-polling&X-Atmosphere-TrackMessageSize=true&Content-Type=charset%3Dutf-8&X-atmo-protocol=true&_=1750818025823 HTTP/1.1" 200 -
119.136.152.218 - - [25/Jun/2025:10:19:43 +0800] "GET /InternetTrading/longpoll/52832?X-Atmosphere-tracking-id=0&X-Atmosphere-Framework=2.2.3-javascript&X-Atmosphere-Transport=long-polling&X-Atmosphere-TrackMessageSize=true&Content-Type=charset%3Dutf-8&X-atmo-protocol=true&_=1750818038569 HTTP/1.1" 200 -
14.0.231.246 - - [25/Jun/2025:10:19:44 +0800] "GET /InternetTrading/longpoll/A8127?X-Atmosphere-tracking-id=0&X-Atmosphere-Framework=2.2.3-javascript&X-Atmosphere-Transport=long-polling&X-Atmosphere-TrackMessageSize=true&Content-Type=charset%3Dutf-8&X-atmo-protocol=true&_=1750818030046 HTTP/1.1" 200 -
65.181.90.29 - - [25/Jun/2025:10:19:46 +0800] "GET /InternetTrading/longpoll/54338?X-Atmosphere-tracking-id=0&X-Atmosphere-Framework=2.2.3-javascript&X-Atmosphere-Transport=long-polling&X-Atmosphere-TrackMessageSize=true&Content-Type=charset%3Dutf-8&X-atmo-protocol=true&_=1750818031822 HTTP/1.1" 200 -
220.246.38.37 - - [25/Jun/2025:10:19:48 +0800] "POST /InternetTrading/Heartbeat2FAService HTTP/1.1" 200 1
123.206.210.157 - - [25/Jun/2025:10:19:48 +0800] "HEAD /InternetTrading/tc/disclaimer.html HTTP/1.1" 200 -
119.136.152.218 - - [25/Jun/2025:10:19:48 +0800] "GET /InternetTrading/longpoll/52832?X-Atmosphere-tracking-id=0&X-Atmosphere-Framework=2.2.3-javascript&X-Atmosphere-Transport=long-polling&X-Atmosphere-TrackMessageSize=true&Content-Type=charset%3Dutf-8&X-atmo-protocol=true&_=1750818043602 HTTP/1.1" 200 -
123.206.210.157 - - [25/Jun/2025:10:19:49 +0800] "GET /InternetTrading/tc/disclaimer.html HTTP/1.1" 200 2343
123.206.210.157 - - [25/Jun/2025:10:19:49 +0800] "GET /InternetTrading/tc/style.css HTTP/1.1" 200 1435
124.244.14.185 - - [25/Jun/2025:10:19:50 +0800] "GET /InternetTrading/longpoll/56366?X-Atmosphere-tracking-id=0&X-Atmosphere-Framework=2.2.3-javascript&X-Atmosphere-Transport=long-polling&X-Atmosphere-TrackMessageSize=true&Content-Type=charset%3Dutf-8&X-atmo-protocol=true&_=1750818033387 HTTP/1.1" 200 -
124.244.14.185 - - [25/Jun/2025:10:19:50 +0800] "POST /InternetTrading/SessionErrorLogger HTTP/1.1" 200 117
124.244.14.185 - - [25/Jun/2025:10:19:50 +0800] "POST /InternetTrading/Heartbeat HTTP/1.1" 200 32
124.244.14.185 - - [25/Jun/2025:10:19:50 +0800] "POST /InternetTrading/SessionErrorLogger HTTP/1.1" 200 117
14.0.231.246 - - [25/Jun/2025:10:19:50 +0800] "GET /InternetTrading/longpoll/A8127?X-Atmosphere-tracking-id=0&X-Atmosphere-Framework=2.2.3-javascript&X-Atmosphere-Transport=long-polling&X-Atmosphere-TrackMessageSize=true&Content-Type=charset%3Dutf-8&X-atmo-protocol=true&_=1750818035313 HTTP/1.1" 200 -
124.244.14.185 - - [25/Jun/2025:10:19:50 +0800] "POST /InternetTrading/MarketStatus HTTP/1.1" 200 772
65.181.90.29 - - [25/Jun/2025:10:19:52 +0800] "GET /InternetTrading/longpoll/54338?X-Atmosphere-tracking-id=0&X-Atmosphere-Framework=2.2.3-javascript&X-Atmosphere-Transport=long-polling&X-Atmosphere-TrackMessageSize=true&Content-Type=charset%3Dutf-8&X-atmo-protocol=true&_=1750818037815 HTTP/1.1" 200 -
119.136.152.218 - - [25/Jun/2025:10:19:53 +0800] "GET /InternetTrading/longpoll/52832?X-Atmosphere-tracking-id=0&X-Atmosphere-Framework=2.2.3-javascript&X-Atmosphere-Transport=long-polling&X-Atmosphere-TrackMessageSize=true&Content-Type=charset%3Dutf-8&X-atmo-protocol=true&_=1750818048680 HTTP/1.1" 200 -
220.246.38.37 - - [25/Jun/2025:10:19:55 +0800] "GET /InternetTrading/jquery/wait.gif HTTP/1.1" 200 432
65.181.90.29 - - [25/Jun/2025:10:19:55 +0800] "POST /InternetTrading/SessionErrorLogger HTTP/1.1" 200 117
65.181.90.29 - - [25/Jun/2025:10:19:55 +0800] "POST /InternetTrading/MarketStatus HTTP/1.1" 200 772
220.246.38.37 - - [25/Jun/2025:10:19:55 +0800] "POST /InternetTrading/Verify2FAService HTTP/1.1" 200 434
220.246.38.37 - - [25/Jun/2025:10:19:55 +0800] "GET /InternetTrading/tc/main.html?language=tc&version=HTML HTTP/1.1" 200 3578
220.246.38.37 - - [25/Jun/2025:10:19:55 +0800] "GET /InternetTrading/jquery/ui.datepicker.css HTTP/1.1" 200 1145
220.246.38.37 - - [25/Jun/2025:10:19:55 +0800] "GET /InternetTrading/jquery/jquery.tablesorter-theme.blue.css HTTP/1.1" 200 2083
220.246.38.37 - - [25/Jun/2025:10:19:55 +0800] "GET /InternetTrading/tc/style.css?v=20200819161914 HTTP/1.1" 200 1435
220.246.38.37 - - [25/Jun/2025:10:19:55 +0800] "GET /InternetTrading/jquery/dragtable-2.0.9.css HTTP/1.1" 200 316
220.246.38.37 - - [25/Jun/2025:10:19:55 +0800] "GET /InternetTrading/tc/style_common.css?v=20200819161914 HTTP/1.1" 200 2540
220.246.38.37 - - [25/Jun/2025:10:19:55 +0800] "GET /InternetTrading/jquery/jquery-ui-1.10.3.css HTTP/1.1" 200 5283
220.246.38.37 - - [25/Jun/2025:10:19:55 +0800] "GET /InternetTrading/tc/css/jquery.jscrollpane.css HTTP/1.1" 404 690
220.246.38.37 - - [25/Jun/2025:10:19:55 +0800] "GET /InternetTrading/jquery/jquery.ba-postmessage.js HTTP/1.1" 200 2990
220.246.38.37 - - [25/Jun/2025:10:19:55 +0800] "GET /InternetTrading/js/aastock.js HTTP/1.1" 200 553
220.246.38.37 - - [25/Jun/2025:10:19:55 +0800] "GET /InternetTrading/jquery/jquery-1.6.3.min.js HTTP/1.1" 200 32057
220.246.38.37 - - [25/Jun/2025:10:19:55 +0800] "GET /InternetTrading/jquery/jquery-migrate-3.0.0.js HTTP/1.1" 200 4963
220.246.38.37 - - [25/Jun/2025:10:19:55 +0800] "GET /InternetTrading/jquery/jquery-ui-1.10.3.js HTTP/1.1" 200 69642
220.246.38.37 - - [25/Jun/2025:10:19:55 +0800] "GET /InternetTrading/jquery/jquery-3.3.1.js HTTP/1.1" 200 80650
220.246.38.37 - - [25/Jun/2025:10:19:55 +0800] "GET /InternetTrading/js/cache.js?jsv=20200819161914 HTTP/1.1" 200 940
220.246.38.37 - - [25/Jun/2025:10:19:55 +0800] "GET /InternetTrading/js/atmosphere.js HTTP/1.1" 200 13461
220.246.38.37 - - [25/Jun/2025:10:19:55 +0800] "GET /InternetTrading/jquery/jquery.form-3.46.0.js HTTP/1.1" 200 5673
220.246.38.37 - - [25/Jun/2025:10:19:55 +0800] "GET /InternetTrading/jquery/jquery.blockUI-2.66.0.js HTTP/1.1" 200 6651
220.246.38.37 - - [25/Jun/2025:10:19:55 +0800] "GET /InternetTrading/jquery/jquery.validate-1.11.1.js HTTP/1.1" 200 7041
220.246.38.37 - - [25/Jun/2025:10:19:55 +0800] "GET /InternetTrading/jquery/additional-methods.js HTTP/1.1" 200 2238
220.246.38.37 - - [25/Jun/2025:10:19:55 +0800] "GET /InternetTrading/jquery/jquery.mousewheel-3.1.4.js HTTP/1.1" 200 822
220.246.38.37 - - [25/Jun/2025:10:19:55 +0800] "GET /InternetTrading/jquery/jquery.tablesorter-2.14.5.js HTTP/1.1" 200 8901
14.0.231.246 - - [25/Jun/2025:10:19:55 +0800] "GET /InternetTrading/longpoll/A8127?X-Atmosphere-tracking-id=0&X-Atmosphere-Framework=2.2.3-javascript&X-Atmosphere-Transport=long-polling&X-Atmosphere-TrackMessageSize=true&Content-Type=charset%3Dutf-8&X-atmo-protocol=true&_=1750818040846 HTTP/1.1" 200 -
220.246.38.37 - - [25/Jun/2025:10:19:55 +0800] "GET /InternetTrading/jquery/jquery.timer-0.9.16.js HTTP/1.1" 200 542
220.246.38.37 - - [25/Jun/2025:10:19:55 +0800] "GET /InternetTrading/jquery/jquery.combobox.packed.js HTTP/1.1" 200 3387
220.246.38.37 - - [25/Jun/2025:10:19:55 +0800] "GET /InternetTrading/jquery/jquery.getParams.js HTTP/1.1" 200 587
220.246.38.37 - - [25/Jun/2025:10:19:55 +0800] "GET /InternetTrading/jquery/jquery.tablesorter.widgets-2.14.5.js HTTP/1.1" 200 8611
220.246.38.37 - - [25/Jun/2025:10:19:55 +0800] "GET /InternetTrading/jquery/jquery.selectboxes.pack.js HTTP/1.1" 200 1640
220.246.38.37 - - [25/Jun/2025:10:19:55 +0800] "GET /InternetTrading/jquery/date.js HTTP/1.1" 200 2807
220.246.38.37 - - [25/Jun/2025:10:19:55 +0800] "GET /InternetTrading/jquery/globalize-0.1.0a1.js HTTP/1.1" 200 6984
220.246.38.37 - - [25/Jun/2025:10:19:55 +0800] "GET /InternetTrading/json/json2.js?jsv=20200819161914 HTTP/1.1" 200 1372
220.246.38.37 - - [25/Jun/2025:10:19:55 +0800] "GET /InternetTrading/settings/crm_display_settings.js?jsv=20200819161914 HTTP/1.1" 200 1781
220.246.38.37 - - [25/Jun/2025:10:19:55 +0800] "GET /InternetTrading/js/constants.js?jsv=20200819161914 HTTP/1.1" 200 400
220.246.38.37 - - [25/Jun/2025:10:19:55 +0800] "GET /InternetTrading/tc/user/translation.js?jsv=20200819161914 HTTP/1.1" 200 12818
220.246.38.37 - - [25/Jun/2025:10:19:55 +0800] "GET /InternetTrading/tc/user/custom_variables.js?jsv=20200819161914 HTTP/1.1" 200 275
220.246.38.37 - - [25/Jun/2025:10:19:55 +0800] "GET /InternetTrading/js/haitong.js?jsv=20200819161914 HTTP/1.1" 200 3881
220.246.38.37 - - [25/Jun/2025:10:19:55 +0800] "GET /InternetTrading/js/rsautil.js?jsv=20200819161914 HTTP/1.1" 200 1017
220.246.38.37 - - [25/Jun/2025:10:19:55 +0800] "GET /InternetTrading/js/init.js?jsv=20200819161914 HTTP/1.1" 200 886
220.246.38.37 - - [25/Jun/2025:10:19:55 +0800] "GET /InternetTrading/js/util.js?jsv=20200819161914 HTTP/1.1" 200 6636
220.246.38.37 - - [25/Jun/2025:10:19:55 +0800] "GET /InternetTrading/js/corporate.js?jsv=20200819161914 HTTP/1.1" 200 1575
220.246.38.37 - - [25/Jun/2025:10:19:55 +0800] "GET /InternetTrading/js/main.js?jsv=20200819161914 HTTP/1.1" 200 30725
220.246.38.37 - - [25/Jun/2025:10:19:55 +0800] "GET /InternetTrading/js/update_mdf.js?jsv=20200819161914 HTTP/1.1" 200 856
220.246.38.37 - - [25/Jun/2025:10:19:55 +0800] "GET /InternetTrading/js/validation_global.js?jsv=20200819161914 HTTP/1.1" 200 1564
220.246.38.37 - - [25/Jun/2025:10:19:55 +0800] "GET /InternetTrading/js/validation_ashare.js?jsv=20200819161914 HTTP/1.1" 200 2482
220.246.38.37 - - [25/Jun/2025:10:19:55 +0800] "GET /InternetTrading/js/validation_bshare.js?jsv=20200819161914 HTTP/1.1" 200 1567
220.246.38.37 - - [25/Jun/2025:10:19:55 +0800] "GET /InternetTrading/js/validation_hkex.js?jsv=20200819161914 HTTP/1.1" 200 2300
220.246.38.37 - - [25/Jun/2025:10:19:55 +0800] "GET /InternetTrading/js/account.js?jsv=20200819161914 HTTP/1.1" 200 2656
220.246.38.37 - - [25/Jun/2025:10:19:55 +0800] "GET /InternetTrading/js/isec_calculator.js?jsv=20200819161914 HTTP/1.1" 200 1364
220.246.38.37 - - [25/Jun/2025:10:19:55 +0800] "GET /InternetTrading/js/spread_cache.js?jsv=20200819161914 HTTP/1.1" 200 908
220.246.38.37 - - [25/Jun/2025:10:19:55 +0800] "GET /InternetTrading/js/cash_transfer.js?jsv=20200819161914 HTTP/1.1" 200 2712
220.246.38.37 - - [25/Jun/2025:10:19:55 +0800] "GET /InternetTrading/js/mm.js?jsv=20200819161914 HTTP/1.1" 200 487
220.246.38.37 - - [25/Jun/2025:10:19:55 +0800] "GET /InternetTrading/js/ipo.js?jsv=20200819161914 HTTP/1.1" 200 5726
220.246.38.37 - - [25/Jun/2025:10:19:55 +0800] "GET /InternetTrading/js/payment_instruction.js?jsv=20200819161914 HTTP/1.1" 200 2178
220.246.38.37 - - [25/Jun/2025:10:19:55 +0800] "GET /InternetTrading/js/string_extend.js?jsv=20200819161914 HTTP/1.1" 200 272
220.246.38.37 - - [25/Jun/2025:10:19:55 +0800] "GET /InternetTrading/js/pidcrypt.js?jsv=20200819161914 HTTP/1.1" 200 982
220.246.38.37 - - [25/Jun/2025:10:19:55 +0800] "GET /InternetTrading/js/eStatement.js?jsv=20200819161914 HTTP/1.1" 200 562
220.246.38.37 - - [25/Jun/2025:10:19:55 +0800] "GET /InternetTrading/js/payment_instruction_IMOS.js?jsv=20200819161914 HTTP/1.1" 200 6874
220.246.38.37 - - [25/Jun/2025:10:19:55 +0800] "GET /InternetTrading/ExchangeList?fmt=js&jsv=20200819161914 HTTP/1.1" 200 146
220.246.38.37 - - [25/Jun/2025:10:19:55 +0800] "GET /InternetTrading/js/pidcrypt_util.js?jsv=20200819161914 HTTP/1.1" 200 1206
220.246.38.37 - - [25/Jun/2025:10:19:55 +0800] "GET /InternetTrading/js/aes_cbc.js?jsv=20200819161914 HTTP/1.1" 200 2043
220.246.38.37 - - [25/Jun/2025:10:19:55 +0800] "GET /InternetTrading/js/aes_core.js?jsv=20200819161914 HTTP/1.1" 200 2106
220.246.38.37 - - [25/Jun/2025:10:19:55 +0800] "GET /InternetTrading/js/asn1.js?jsv=20200819161914 HTTP/1.1" 200 3099
220.246.38.37 - - [25/Jun/2025:10:19:55 +0800] "GET /InternetTrading/js/md5.js?jsv=20200819161914 HTTP/1.1" 200 1730
220.246.38.37 - - [25/Jun/2025:10:19:55 +0800] "GET /InternetTrading/js/sha256.js?jsv=20200819161914 HTTP/1.1" 200 1362
220.246.38.37 - - [25/Jun/2025:10:19:55 +0800] "GET /InternetTrading/js/jsbn.js?jsv=20200819161914 HTTP/1.1" 200 6736
220.246.38.37 - - [25/Jun/2025:10:19:55 +0800] "GET /InternetTrading/js/rng.js?jsv=20200819161914 HTTP/1.1" 200 481
220.246.38.37 - - [25/Jun/2025:10:19:55 +0800] "GET /InternetTrading/js/prng4.js?jsv=20200819161914 HTTP/1.1" 200 303
220.246.38.37 - - [25/Jun/2025:10:19:55 +0800] "GET /InternetTrading/js/rsa.js?jsv=20200819161914 HTTP/1.1" 200 1658
220.246.38.37 - - [25/Jun/2025:10:19:55 +0800] "GET /InternetTrading/js/utilSpec.js?jsv=20200819161914 HTTP/1.1" 200 27
220.246.38.37 - - [25/Jun/2025:10:19:55 +0800] "GET /InternetTrading/js/mode-ecb.js?jsv=20200819161914 HTTP/1.1" 200 199
220.246.38.37 - - [25/Jun/2025:10:19:55 +0800] "GET /InternetTrading/js/aes.js?jsv=20200819161914 HTTP/1.1" 200 4816
220.246.38.37 - - [25/Jun/2025:10:19:55 +0800] "GET /InternetTrading/js/update_lastlogin.js?jsv=20200819161914 HTTP/1.1" 200 980
220.246.38.37 - - [25/Jun/2025:10:19:55 +0800] "GET /InternetTrading/js/pw_alert.js?jsv=20200819161914 HTTP/1.1" 200 418
220.246.38.37 - - [25/Jun/2025:10:19:55 +0800] "GET /InternetTrading/js/jquery.jscrollpane.js HTTP/1.1" 404 685
220.246.38.37 - - [25/Jun/2025:10:19:55 +0800] "GET /InternetTrading/js/jquery.mousewheel.js HTTP/1.1" 404 684
220.246.38.37 - - [25/Jun/2025:10:19:55 +0800] "GET /InternetTrading/js/jquery.cookie.js HTTP/1.1" 200 834
220.246.38.37 - - [25/Jun/2025:10:19:55 +0800] "GET /InternetTrading/js/decimal.js HTTP/1.1" 200 13492
220.246.38.37 - - [25/Jun/2025:10:19:55 +0800] "GET /InternetTrading/tc/images/top_menu01.jpg HTTP/1.1" 200 3466
220.246.38.37 - - [25/Jun/2025:10:19:55 +0800] "GET /InternetTrading/tc/images/logo.png HTTP/1.1" 200 7042
220.246.38.37 - - [25/Jun/2025:10:19:55 +0800] "GET /InternetTrading/GoodTillDateValidExch?fmt=js&jsv=20200819161914 HTTP/1.1" 200 29
220.246.38.37 - - [25/Jun/2025:10:19:56 +0800] "GET /InternetTrading/tc/images/top_menu04.jpg HTTP/1.1" 200 3430
220.246.38.37 - - [25/Jun/2025:10:19:56 +0800] "GET /InternetTrading/tc/images/top_menu_logout.jpg HTTP/1.1" 200 1016
220.246.38.37 - - [25/Jun/2025:10:19:56 +0800] "GET /InternetTrading/images/top_bg1.jpg HTTP/1.1" 200 329
220.246.38.37 - - [25/Jun/2025:10:19:56 +0800] "GET /InternetTrading/images/top_bg3.jpg HTTP/1.1" 200 878
220.246.38.37 - - [25/Jun/2025:10:19:56 +0800] "GET /InternetTrading/images/top_bg2.jpg HTTP/1.1" 200 330
220.246.38.37 - - [25/Jun/2025:10:19:56 +0800] "GET /InternetTrading/tc/dialog.html?1750818041440 HTTP/1.1" 200 3188
220.246.38.37 - - [25/Jun/2025:10:19:56 +0800] "POST /InternetTrading/PopUpConfig HTTP/1.1" 200 2
220.246.38.37 - - [25/Jun/2025:10:19:56 +0800] "POST /InternetTrading/Heartbeat HTTP/1.1" 200 32
220.246.38.37 - - [25/Jun/2025:10:19:56 +0800] "POST /InternetTrading/CustomerInfoLite HTTP/1.1" 200 125
220.246.38.37 - - [25/Jun/2025:10:19:56 +0800] "GET /InternetTrading/jquery/wait.gif HTTP/1.1" 200 432
220.246.38.37 - - [25/Jun/2025:10:19:56 +0800] "GET /InternetTrading/tc/images/top_menu04.jpg HTTP/1.1" 200 3430
220.246.38.37 - - [25/Jun/2025:10:19:56 +0800] "GET /InternetTrading/tc/trade.html HTTP/1.1" 200 2113
220.246.38.37 - - [25/Jun/2025:10:19:56 +0800] "POST /InternetTrading/SpreadPriceCache HTTP/1.1" 200 3539
220.246.38.37 - - [25/Jun/2025:10:19:56 +0800] "GET /InternetTrading/tc/images/top_menu01_o.jpg HTTP/1.1" 200 3339
220.246.38.37 - - [25/Jun/2025:10:19:56 +0800] "POST /InternetTrading/SessionErrorLogger HTTP/1.1" 200 117
220.246.38.37 - - [25/Jun/2025:10:19:56 +0800] "POST /InternetTrading/GetLastLoginDate HTTP/1.1" 200 31
220.246.38.37 - - [25/Jun/2025:10:19:56 +0800] "POST /InternetTrading/SessionErrorLogger HTTP/1.1" 200 117
220.246.38.37 - - [25/Jun/2025:10:19:56 +0800] "GET /InternetTrading/tc/getpopupMsgName.jsp HTTP/1.1" 200 -
220.246.38.37 - - [25/Jun/2025:10:19:56 +0800] "GET /InternetTrading/tc/applet_dummy.html HTTP/1.1" 200 330
220.246.38.37 - - [25/Jun/2025:10:19:56 +0800] "POST /InternetTrading/SessionErrorLogger HTTP/1.1" 200 117
220.246.38.37 - - [25/Jun/2025:10:19:56 +0800] "GET /InternetTrading/tc/buy_ticket.html? HTTP/1.1" 200 1995
220.246.38.37 - - [25/Jun/2025:10:19:56 +0800] "POST /InternetTrading/SessionErrorLogger HTTP/1.1" 200 117
220.246.38.37 - - [25/Jun/2025:10:19:56 +0800] "POST /InternetTrading/MarketStatus HTTP/1.1" 200 772
220.246.38.37 - - [25/Jun/2025:10:19:56 +0800] "POST /InternetTrading/SessionErrorLogger HTTP/1.1" 200 117
220.246.38.37 - - [25/Jun/2025:10:19:56 +0800] "GET /InternetTrading/jquery/wait.gif HTTP/1.1" 200 432
220.246.38.37 - - [25/Jun/2025:10:19:56 +0800] "GET /InternetTrading/tc/multi_currency_balance.html HTTP/1.1" 200 295
220.246.38.37 - - [25/Jun/2025:10:19:56 +0800] "GET /InternetTrading/tc/images/trade_point01.jpg HTTP/1.1" 200 358
220.246.38.37 - - [25/Jun/2025:10:19:56 +0800] "GET /InternetTrading/tc/images/refresh.gif HTTP/1.1" 200 1145
220.246.38.37 - - [25/Jun/2025:10:19:56 +0800] "GET /InternetTrading/Home/PostToAA.jsp?hl=tc HTTP/1.1" 200 293
220.246.38.37 - - [25/Jun/2025:10:19:56 +0800] "GET /InternetTrading/jquery/images/ui-icons_222222_256x240.png HTTP/1.1" 200 6922
220.246.38.37 - - [25/Jun/2025:10:19:56 +0800] "GET /InternetTrading/jquery/images/ui-bg_flat_75_ffffff_40x100.png HTTP/1.1" 200 208
220.246.38.37 - - [25/Jun/2025:10:19:56 +0800] "POST /InternetTrading/SessionErrorLogger HTTP/1.1" 200 117
220.246.38.37 - - [25/Jun/2025:10:19:56 +0800] "POST /InternetTrading/SessionErrorLogger HTTP/1.1" 200 117
220.246.38.37 - - [25/Jun/2025:10:19:56 +0800] "POST /InternetTrading/MarketStatus HTTP/1.1" 200 772
220.246.38.37 - - [25/Jun/2025:10:19:56 +0800] "POST /InternetTrading/MarketStatus HTTP/1.1" 200 772
220.246.38.37 - - [25/Jun/2025:10:19:58 +0800] "POST /InternetTrading/SessionErrorLogger HTTP/1.1" 200 117
220.246.38.37 - - [25/Jun/2025:10:19:58 +0800] "POST /InternetTrading/CustomerInfo HTTP/1.1" 200 218
220.246.38.37 - - [25/Jun/2025:10:19:58 +0800] "POST /InternetTrading/SessionErrorLogger HTTP/1.1" 200 117
220.246.38.37 - - [25/Jun/2025:10:19:58 +0800] "GET /InternetTrading/tc/account_status.html HTTP/1.1" 200 426
220.246.38.37 - - [25/Jun/2025:10:19:58 +0800] "POST /InternetTrading/SessionErrorLogger HTTP/1.1" 200 117
220.246.38.37 - - [25/Jun/2025:10:19:58 +0800] "POST /InternetTrading/SessionErrorLogger HTTP/1.1" 200 117
220.246.38.37 - - [25/Jun/2025:10:19:58 +0800] "POST /InternetTrading/MarketStatus HTTP/1.1" 200 772
220.246.38.37 - - [25/Jun/2025:10:19:58 +0800] "GET /InternetTrading/jquery/wait.gif HTTP/1.1" 200 432
220.246.38.37 - - [25/Jun/2025:10:19:58 +0800] "POST /InternetTrading/SessionErrorLogger HTTP/1.1" 200 117
220.246.38.37 - - [25/Jun/2025:10:19:58 +0800] "POST /InternetTrading/LongPollingConfig HTTP/1.1" 200 4
220.246.38.37 - - [25/Jun/2025:10:19:58 +0800] "GET /InternetTrading/jquery/wait.gif HTTP/1.1" 200 432
220.246.38.37 - - [25/Jun/2025:10:19:58 +0800] "POST /InternetTrading/SessionErrorLogger HTTP/1.1" 200 117
65.181.90.29 - - [25/Jun/2025:10:19:58 +0800] "GET /InternetTrading/longpoll/54338?X-Atmosphere-tracking-id=0&X-Atmosphere-Framework=2.2.3-javascript&X-Atmosphere-Transport=long-polling&X-Atmosphere-TrackMessageSize=true&Content-Type=charset%3Dutf-8&X-atmo-protocol=true&_=1750818043820 HTTP/1.1" 200 -
220.246.38.37 - - [25/Jun/2025:10:19:58 +0800] "GET /InternetTrading/longpoll/56162?X-Atmosphere-tracking-id=0&X-Atmosphere-Framework=2.2.3-javascript&X-Atmosphere-Transport=long-polling&X-Atmosphere-TrackMessageSize=true&Content-Type=charset%3Dutf-8&X-atmo-protocol=true&_=1750818043698 HTTP/1.1" 200 -
220.246.38.37 - - [25/Jun/2025:10:19:58 +0800] "POST /InternetTrading/Portfolio HTTP/1.1" 200 759
119.136.152.218 - - [25/Jun/2025:10:19:58 +0800] "GET /InternetTrading/longpoll/52832?X-Atmosphere-tracking-id=0&X-Atmosphere-Framework=2.2.3-javascript&X-Atmosphere-Transport=long-polling&X-Atmosphere-TrackMessageSize=true&Content-Type=charset%3Dutf-8&X-atmo-protocol=true&_=1750818053771 HTTP/1.1" 200 -
14.0.231.246 - - [25/Jun/2025:10:20:01 +0800] "GET /InternetTrading/longpoll/A8127?X-Atmosphere-tracking-id=0&X-Atmosphere-Framework=2.2.3-javascript&X-Atmosphere-Transport=long-polling&X-Atmosphere-TrackMessageSize=true&Content-Type=charset%3Dutf-8&X-atmo-protocol=true&_=1750818046130 HTTP/1.1" 200 -
220.246.38.37 - - [25/Jun/2025:10:20:03 +0800] "GET /InternetTrading/longpoll/56162?X-Atmosphere-tracking-id=0&X-Atmosphere-Framework=2.2.3-javascript&X-Atmosphere-Transport=long-polling&X-Atmosphere-TrackMessageSize=true&Content-Type=charset%3Dutf-8&X-atmo-protocol=true&_=1750818048711 HTTP/1.1" 200 -
119.136.152.218 - - [25/Jun/2025:10:20:03 +0800] "GET /InternetTrading/longpoll/52832?X-Atmosphere-tracking-id=0&X-Atmosphere-Framework=2.2.3-javascript&X-Atmosphere-Transport=long-polling&X-Atmosphere-TrackMessageSize=true&Content-Type=charset%3Dutf-8&X-atmo-protocol=true&_=1750818058917 HTTP/1.1" 200 -
14.0.231.246 - - [25/Jun/2025:10:20:03 +0800] "POST /InternetTrading/SessionErrorLogger HTTP/1.1" 200 117
14.0.231.246 - - [25/Jun/2025:10:20:03 +0800] "POST /InternetTrading/Heartbeat HTTP/1.1" 200 32
14.0.231.246 - - [25/Jun/2025:10:20:03 +0800] "POST /InternetTrading/SessionErrorLogger HTTP/1.1" 200 117
14.0.231.246 - - [25/Jun/2025:10:20:04 +0800] "POST /InternetTrading/MarketStatus HTTP/1.1" 200 772
65.181.90.29 - - [25/Jun/2025:10:20:04 +0800] "GET /InternetTrading/longpoll/54338?X-Atmosphere-tracking-id=0&X-Atmosphere-Framework=2.2.3-javascript&X-Atmosphere-Transport=long-polling&X-Atmosphere-TrackMessageSize=true&Content-Type=charset%3Dutf-8&X-atmo-protocol=true&_=1750818049813 HTTP/1.1" 200 -
14.0.231.246 - - [25/Jun/2025:10:20:06 +0800] "GET /InternetTrading/longpoll/A8127?X-Atmosphere-tracking-id=0&X-Atmosphere-Framework=2.2.3-javascript&X-Atmosphere-Transport=long-polling&X-Atmosphere-TrackMessageSize=true&Content-Type=charset%3Dutf-8&X-atmo-protocol=true&_=1750818051473 HTTP/1.1" 200 -
119.136.152.218 - - [25/Jun/2025:10:20:08 +0800] "POST /InternetTrading/SessionErrorLogger HTTP/1.1" 200 117
119.136.152.218 - - [25/Jun/2025:10:20:08 +0800] "POST /InternetTrading/Heartbeat HTTP/1.1" 200 32
119.136.152.218 - - [25/Jun/2025:10:20:08 +0800] "POST /InternetTrading/SessionErrorLogger HTTP/1.1" 200 117
119.136.152.218 - - [25/Jun/2025:10:20:08 +0800] "POST /InternetTrading/MarketStatus HTTP/1.1" 200 772
119.136.152.218 - - [25/Jun/2025:10:20:08 +0800] "GET /InternetTrading/longpoll/52832?X-Atmosphere-tracking-id=0&X-Atmosphere-Framework=2.2.3-javascript&X-Atmosphere-Transport=long-polling&X-Atmosphere-TrackMessageSize=true&Content-Type=charset%3Dutf-8&X-atmo-protocol=true&_=1750818064038 HTTP/1.1" 200 -
124.244.14.185 - - [25/Jun/2025:10:20:09 +0800] "GET /InternetTrading/longpoll/56366?X-Atmosphere-tracking-id=0&X-Atmosphere-Framework=2.2.3-javascript&X-Atmosphere-Transport=long-polling&X-Atmosphere-TrackMessageSize=true&Content-Type=charset%3Dutf-8&X-atmo-protocol=true&_=1750818052633 HTTP/1.1" 200 -
65.181.90.29 - - [25/Jun/2025:10:20:10 +0800] "GET /InternetTrading/longpoll/54338?X-Atmosphere-tracking-id=0&X-Atmosphere-Framework=2.2.3-javascript&X-Atmosphere-Transport=long-polling&X-Atmosphere-TrackMessageSize=true&Content-Type=charset%3Dutf-8&X-atmo-protocol=true&_=1750818055817 HTTP/1.1" 200 -
61.141.202.93 - - [25/Jun/2025:10:20:10 +0800] "GET /favicon.ico HTTP/1.1" 404 196
14.0.231.246 - - [25/Jun/2025:10:20:11 +0800] "GET /InternetTrading/longpoll/A8127?X-Atmosphere-tracking-id=0&X-Atmosphere-Framework=2.2.3-javascript&X-Atmosphere-Transport=long-polling&X-Atmosphere-TrackMessageSize=true&Content-Type=charset%3Dutf-8&X-atmo-protocol=true&_=1750818056535 HTTP/1.1" 200 -
119.136.152.218 - - [25/Jun/2025:10:20:14 +0800] "GET /InternetTrading/longpoll/52832?X-Atmosphere-tracking-id=0&X-Atmosphere-Framework=2.2.3-javascript&X-Atmosphere-Transport=long-polling&X-Atmosphere-TrackMessageSize=true&Content-Type=charset%3Dutf-8&X-atmo-protocol=true&_=1750818069084 HTTP/1.1" 200 -
124.244.14.185 - - [25/Jun/2025:10:20:15 +0800] "GET /InternetTrading/longpoll/56366?X-Atmosphere-tracking-id=0&X-Atmosphere-Framework=2.2.3-javascript&X-Atmosphere-Transport=long-polling&X-Atmosphere-TrackMessageSize=true&Content-Type=charset%3Dutf-8&X-atmo-protocol=true&_=1750818058258 HTTP/1.1" 200 -
65.181.90.29 - - [25/Jun/2025:10:20:16 +0800] "GET /InternetTrading/longpoll/54338?X-Atmosphere-tracking-id=0&X-Atmosphere-Framework=2.2.3-javascript&X-Atmosphere-Transport=long-polling&X-Atmosphere-TrackMessageSize=true&Content-Type=charset%3Dutf-8&X-atmo-protocol=true&_=1750818061821 HTTP/1.1" 200 -
14.0.231.246 - - [25/Jun/2025:10:20:16 +0800] "GET /InternetTrading/longpoll/A8127?X-Atmosphere-tracking-id=0&X-Atmosphere-Framework=2.2.3-javascript&X-Atmosphere-Transport=long-polling&X-Atmosphere-TrackMessageSize=true&Content-Type=charset%3Dutf-8&X-atmo-protocol=true&_=1750818061723 HTTP/1.1" 200 -
119.136.152.218 - - [25/Jun/2025:10:20:19 +0800] "GET /InternetTrading/longpoll/52832?X-Atmosphere-tracking-id=0&X-Atmosphere-Framework=2.2.3-javascript&X-Atmosphere-Transport=long-polling&X-Atmosphere-TrackMessageSize=true&Content-Type=charset%3Dutf-8&X-atmo-protocol=true&_=1750818075066 HTTP/1.1" 200 -
14.0.231.246 - - [25/Jun/2025:10:20:21 +0800] "GET /InternetTrading/longpoll/A8127?X-Atmosphere-tracking-id=0&X-Atmosphere-Framework=2.2.3-javascript&X-Atmosphere-Transport=long-polling&X-Atmosphere-TrackMessageSize=true&Content-Type=charset%3Dutf-8&X-atmo-protocol=true&_=1750818067085 HTTP/1.1" 200 -
65.181.90.29 - - [25/Jun/2025:10:20:22 +0800] "GET /InternetTrading/longpoll/54338?X-Atmosphere-tracking-id=0&X-Atmosphere-Framework=2.2.3-javascript&X-Atmosphere-Transport=long-polling&X-Atmosphere-TrackMessageSize=true&Content-Type=charset%3Dutf-8&X-atmo-protocol=true&_=1750818067823 HTTP/1.1" 200 -
119.136.152.218 - - [25/Jun/2025:10:20:25 +0800] "GET /InternetTrading/longpoll/52832?X-Atmosphere-tracking-id=0&X-Atmosphere-Framework=2.2.3-javascript&X-Atmosphere-Transport=long-polling&X-Atmosphere-TrackMessageSize=true&Content-Type=charset%3Dutf-8&X-atmo-protocol=true&_=1750818080146 HTTP/1.1" 200 -
124.244.14.185 - - [25/Jun/2025:10:20:26 +0800] "GET /InternetTrading/longpoll/56366?X-Atmosphere-tracking-id=0&X-Atmosphere-Framework=2.2.3-javascript&X-Atmosphere-Transport=long-polling&X-Atmosphere-TrackMessageSize=true&Content-Type=charset%3Dutf-8&X-atmo-protocol=true&_=1750818069494 HTTP/1.1" 200 -
65.181.90.29 - - [25/Jun/2025:10:20:26 +0800] "POST /InternetTrading/SessionErrorLogger HTTP/1.1" 200 117
65.181.90.29 - - [25/Jun/2025:10:20:26 +0800] "POST /InternetTrading/MarketStatus HTTP/1.1" 200 772
