14.0.231.246 - - [25/Jun/2025:09:52:52 +0800] "GET /InternetTrading/longpoll/A8127?X-Atmosphere-tracking-id=0&X-Atmosphere-Framework=2.2.3-javascript&X-Atmosphere-Transport=long-polling&X-Atmosphere-TrackMessageSize=true&Content-Type=charset%3Dutf-8&X-atmo-protocol=true&_=1750816418136 HTTP/1.1" 200 -
65.181.90.29 - - [25/Jun/2025:09:52:53 +0800] "GET /InternetTrading/longpoll/54338?X-Atmosphere-tracking-id=0&X-Atmosphere-Framework=2.2.3-javascript&X-Atmosphere-Transport=long-polling&X-Atmosphere-TrackMessageSize=true&Content-Type=charset%3Dutf-8&X-atmo-protocol=true&_=1750816418887 HTTP/1.1" 200 -
65.181.90.29 - - [25/Jun/2025:09:52:56 +0800] "POST /InternetTrading/SessionErrorLogger HTTP/1.1" 200 117
65.181.90.29 - - [25/Jun/2025:09:52:56 +0800] "POST /InternetTrading/Heartbeat HTTP/1.1" 200 32
65.181.90.29 - - [25/Jun/2025:09:52:57 +0800] "POST /InternetTrading/SessionErrorLogger HTTP/1.1" 200 117
65.181.90.29 - - [25/Jun/2025:09:52:57 +0800] "POST /InternetTrading/MarketStatus HTTP/1.1" 200 772
14.0.231.246 - - [25/Jun/2025:09:52:57 +0800] "POST /InternetTrading/SessionErrorLogger HTTP/1.1" 200 117
14.0.231.246 - - [25/Jun/2025:09:52:57 +0800] "POST /InternetTrading/Heartbeat HTTP/1.1" 200 32
14.0.231.246 - - [25/Jun/2025:09:52:58 +0800] "POST /InternetTrading/SessionErrorLogger HTTP/1.1" 200 117
14.0.231.246 - - [25/Jun/2025:09:52:58 +0800] "POST /InternetTrading/MarketStatus HTTP/1.1" 200 772
65.181.90.29 - - [25/Jun/2025:09:52:58 +0800] "GET /InternetTrading/longpoll/54338?X-Atmosphere-tracking-id=0&X-Atmosphere-Framework=2.2.3-javascript&X-Atmosphere-Transport=long-polling&X-Atmosphere-TrackMessageSize=true&Content-Type=charset%3Dutf-8&X-atmo-protocol=true&_=1750816423916 HTTP/1.1" 200 -
14.0.231.246 - - [25/Jun/2025:09:52:58 +0800] "GET /InternetTrading/longpoll/A8127?X-Atmosphere-tracking-id=0&X-Atmosphere-Framework=2.2.3-javascript&X-Atmosphere-Transport=long-polling&X-Atmosphere-TrackMessageSize=true&Content-Type=charset%3Dutf-8&X-atmo-protocol=true&_=1750816424151 HTTP/1.1" 200 -
124.244.14.185 - - [25/Jun/2025:09:53:00 +0800] "GET /InternetTrading/longpoll/56366?X-Atmosphere-tracking-id=0&X-Atmosphere-Framework=2.2.3-javascript&X-Atmosphere-Transport=long-polling&X-Atmosphere-TrackMessageSize=true&Content-Type=charset%3Dutf-8&X-atmo-protocol=true&_=1750816423083 HTTP/1.1" 200 -
65.181.90.29 - - [25/Jun/2025:09:53:03 +0800] "GET /InternetTrading/longpoll/54338?X-Atmosphere-tracking-id=0&X-Atmosphere-Framework=2.2.3-javascript&X-Atmosphere-Transport=long-polling&X-Atmosphere-TrackMessageSize=true&Content-Type=charset%3Dutf-8&X-atmo-protocol=true&_=1750816428951 HTTP/1.1" 200 -
14.0.231.246 - - [25/Jun/2025:09:53:04 +0800] "GET /InternetTrading/longpoll/A8127?X-Atmosphere-tracking-id=0&X-Atmosphere-Framework=2.2.3-javascript&X-Atmosphere-Transport=long-polling&X-Atmosphere-TrackMessageSize=true&Content-Type=charset%3Dutf-8&X-atmo-protocol=true&_=1750816430141 HTTP/1.1" 200 -
124.244.14.185 - - [25/Jun/2025:09:53:05 +0800] "GET /InternetTrading/longpoll/56366?X-Atmosphere-tracking-id=0&X-Atmosphere-Framework=2.2.3-javascript&X-Atmosphere-Transport=long-polling&X-Atmosphere-TrackMessageSize=true&Content-Type=charset%3Dutf-8&X-atmo-protocol=true&_=1750816428113 HTTP/1.1" 200 -
65.181.90.29 - - [25/Jun/2025:09:53:08 +0800] "GET /InternetTrading/longpoll/54338?X-Atmosphere-tracking-id=0&X-Atmosphere-Framework=2.2.3-javascript&X-Atmosphere-Transport=long-polling&X-Atmosphere-TrackMessageSize=true&Content-Type=charset%3Dutf-8&X-atmo-protocol=true&_=1750816433982 HTTP/1.1" 200 -
124.244.14.185 - - [25/Jun/2025:09:53:10 +0800] "POST /InternetTrading/SessionErrorLogger HTTP/1.1" 200 117
124.244.14.185 - - [25/Jun/2025:09:53:10 +0800] "POST /InternetTrading/Heartbeat HTTP/1.1" 200 32
124.244.14.185 - - [25/Jun/2025:09:53:10 +0800] "POST /InternetTrading/SessionErrorLogger HTTP/1.1" 200 117
124.244.14.185 - - [25/Jun/2025:09:53:10 +0800] "POST /InternetTrading/MarketStatus HTTP/1.1" 200 772
124.244.14.185 - - [25/Jun/2025:09:53:10 +0800] "GET /InternetTrading/longpoll/56366?X-Atmosphere-tracking-id=0&X-Atmosphere-Framework=2.2.3-javascript&X-Atmosphere-Transport=long-polling&X-Atmosphere-TrackMessageSize=true&Content-Type=charset%3Dutf-8&X-atmo-protocol=true&_=1750816433227 HTTP/1.1" 200 -
14.0.231.246 - - [25/Jun/2025:09:53:11 +0800] "GET /InternetTrading/longpoll/A8127?X-Atmosphere-tracking-id=0&X-Atmosphere-Framework=2.2.3-javascript&X-Atmosphere-Transport=long-polling&X-Atmosphere-TrackMessageSize=true&Content-Type=charset%3Dutf-8&X-atmo-protocol=true&_=1750816436142 HTTP/1.1" 200 -
65.181.90.29 - - [25/Jun/2025:09:53:13 +0800] "GET /InternetTrading/longpoll/54338?X-Atmosphere-tracking-id=0&X-Atmosphere-Framework=2.2.3-javascript&X-Atmosphere-Transport=long-polling&X-Atmosphere-TrackMessageSize=true&Content-Type=charset%3Dutf-8&X-atmo-protocol=true&_=1750816439013 HTTP/1.1" 200 -
119.136.152.218 - - [25/Jun/2025:09:53:15 +0800] "POST /InternetTrading/SessionErrorLogger HTTP/1.1" 200 117
119.136.152.218 - - [25/Jun/2025:09:53:15 +0800] "POST /InternetTrading/Heartbeat HTTP/1.1" 200 32
119.136.152.218 - - [25/Jun/2025:09:53:15 +0800] "POST /InternetTrading/SessionErrorLogger HTTP/1.1" 200 117
124.244.14.185 - - [25/Jun/2025:09:53:15 +0800] "GET /InternetTrading/longpoll/56366?X-Atmosphere-tracking-id=0&X-Atmosphere-Framework=2.2.3-javascript&X-Atmosphere-Transport=long-polling&X-Atmosphere-TrackMessageSize=true&Content-Type=charset%3Dutf-8&X-atmo-protocol=true&_=1750816438250 HTTP/1.1" 200 -
119.136.152.218 - - [25/Jun/2025:09:53:15 +0800] "POST /InternetTrading/MarketStatus HTTP/1.1" 200 772
14.0.231.246 - - [25/Jun/2025:09:53:17 +0800] "GET /InternetTrading/longpoll/A8127?X-Atmosphere-tracking-id=0&X-Atmosphere-Framework=2.2.3-javascript&X-Atmosphere-Transport=long-polling&X-Atmosphere-TrackMessageSize=true&Content-Type=charset%3Dutf-8&X-atmo-protocol=true&_=1750816442128 HTTP/1.1" 200 -
65.181.90.29 - - [25/Jun/2025:09:53:18 +0800] "GET /InternetTrading/longpoll/54338?X-Atmosphere-tracking-id=0&X-Atmosphere-Framework=2.2.3-javascript&X-Atmosphere-Transport=long-polling&X-Atmosphere-TrackMessageSize=true&Content-Type=charset%3Dutf-8&X-atmo-protocol=true&_=1750816444051 HTTP/1.1" 200 -
124.244.14.185 - - [25/Jun/2025:09:53:20 +0800] "GET /InternetTrading/longpoll/56366?X-Atmosphere-tracking-id=0&X-Atmosphere-Framework=2.2.3-javascript&X-Atmosphere-Transport=long-polling&X-Atmosphere-TrackMessageSize=true&Content-Type=charset%3Dutf-8&X-atmo-protocol=true&_=1750816443348 HTTP/1.1" 200 -
14.0.231.246 - - [25/Jun/2025:09:53:22 +0800] "GET /InternetTrading/longpoll/A8127?X-Atmosphere-tracking-id=0&X-Atmosphere-Framework=2.2.3-javascript&X-Atmosphere-Transport=long-polling&X-Atmosphere-TrackMessageSize=true&Content-Type=charset%3Dutf-8&X-atmo-protocol=true&_=1750816448130 HTTP/1.1" 200 -
65.181.90.29 - - [25/Jun/2025:09:53:23 +0800] "GET /InternetTrading/longpoll/54338?X-Atmosphere-tracking-id=0&X-Atmosphere-Framework=2.2.3-javascript&X-Atmosphere-Transport=long-polling&X-Atmosphere-TrackMessageSize=true&Content-Type=charset%3Dutf-8&X-atmo-protocol=true&_=1750816449086 HTTP/1.1" 200 -
124.244.14.185 - - [25/Jun/2025:09:53:25 +0800] "GET /InternetTrading/longpoll/56366?X-Atmosphere-tracking-id=0&X-Atmosphere-Framework=2.2.3-javascript&X-Atmosphere-Transport=long-polling&X-Atmosphere-TrackMessageSize=true&Content-Type=charset%3Dutf-8&X-atmo-protocol=true&_=1750816448405 HTTP/1.1" 200 -
65.181.90.29 - - [25/Jun/2025:09:53:26 +0800] "POST /InternetTrading/SessionErrorLogger HTTP/1.1" 200 117
65.181.90.29 - - [25/Jun/2025:09:53:26 +0800] "POST /InternetTrading/Heartbeat HTTP/1.1" 200 32
65.181.90.29 - - [25/Jun/2025:09:53:27 +0800] "POST /InternetTrading/SessionErrorLogger HTTP/1.1" 200 117
65.181.90.29 - - [25/Jun/2025:09:53:27 +0800] "POST /InternetTrading/MarketStatus HTTP/1.1" 200 772
65.181.90.29 - - [25/Jun/2025:09:53:28 +0800] "GET /InternetTrading/longpoll/54338?X-Atmosphere-tracking-id=0&X-Atmosphere-Framework=2.2.3-javascript&X-Atmosphere-Transport=long-polling&X-Atmosphere-TrackMessageSize=true&Content-Type=charset%3Dutf-8&X-atmo-protocol=true&_=1750816454121 HTTP/1.1" 200 -
14.0.231.246 - - [25/Jun/2025:09:53:29 +0800] "GET /InternetTrading/longpoll/A8127?X-Atmosphere-tracking-id=0&X-Atmosphere-Framework=2.2.3-javascript&X-Atmosphere-Transport=long-polling&X-Atmosphere-TrackMessageSize=true&Content-Type=charset%3Dutf-8&X-atmo-protocol=true&_=1750816454130 HTTP/1.1" 200 -
65.181.90.29 - - [25/Jun/2025:09:53:33 +0800] "GET /InternetTrading/longpoll/54338?X-Atmosphere-tracking-id=0&X-Atmosphere-Framework=2.2.3-javascript&X-Atmosphere-Transport=long-polling&X-Atmosphere-TrackMessageSize=true&Content-Type=charset%3Dutf-8&X-atmo-protocol=true&_=1750816459146 HTTP/1.1" 200 -
14.0.231.246 - - [25/Jun/2025:09:53:34 +0800] "GET /InternetTrading/longpoll/A8127?X-Atmosphere-tracking-id=0&X-Atmosphere-Framework=2.2.3-javascript&X-Atmosphere-Transport=long-polling&X-Atmosphere-TrackMessageSize=true&Content-Type=charset%3Dutf-8&X-atmo-protocol=true&_=1750816460132 HTTP/1.1" 200 -
124.244.14.185 - - [25/Jun/2025:09:53:36 +0800] "GET /InternetTrading/longpoll/56366?X-Atmosphere-tracking-id=0&X-Atmosphere-Framework=2.2.3-javascript&X-Atmosphere-Transport=long-polling&X-Atmosphere-TrackMessageSize=true&Content-Type=charset%3Dutf-8&X-atmo-protocol=true&_=1750816459676 HTTP/1.1" 200 -
65.181.90.29 - - [25/Jun/2025:09:53:38 +0800] "GET /InternetTrading/longpoll/54338?X-Atmosphere-tracking-id=0&X-Atmosphere-Framework=2.2.3-javascript&X-Atmosphere-Transport=long-polling&X-Atmosphere-TrackMessageSize=true&Content-Type=charset%3Dutf-8&X-atmo-protocol=true&_=1750816464170 HTTP/1.1" 200 -
124.244.14.185 - - [25/Jun/2025:09:53:40 +0800] "POST /InternetTrading/SessionErrorLogger HTTP/1.1" 200 117
124.244.14.185 - - [25/Jun/2025:09:53:40 +0800] "POST /InternetTrading/Heartbeat HTTP/1.1" 200 32
124.244.14.185 - - [25/Jun/2025:09:53:40 +0800] "POST /InternetTrading/SessionErrorLogger HTTP/1.1" 200 117
124.244.14.185 - - [25/Jun/2025:09:53:40 +0800] "POST /InternetTrading/MarketStatus HTTP/1.1" 200 772
65.181.90.29 - - [25/Jun/2025:09:53:40 +0800] "POST /InternetTrading/SessionErrorLogger HTTP/1.1" 200 117
65.181.90.29 - - [25/Jun/2025:09:53:40 +0800] "POST /InternetTrading/OrderMaxQuantity HTTP/1.1" 200 10
65.181.90.29 - - [25/Jun/2025:09:53:40 +0800] "POST /InternetTrading/SessionErrorLogger HTTP/1.1" 200 117
65.181.90.29 - - [25/Jun/2025:09:53:40 +0800] "GET /InternetTrading/jquery/wait.gif HTTP/1.1" 200 432
65.181.90.29 - - [25/Jun/2025:09:53:40 +0800] "POST /InternetTrading/Portfolio HTTP/1.1" 200 1650
14.0.231.246 - - [25/Jun/2025:09:53:40 +0800] "GET /InternetTrading/longpoll/A8127?X-Atmosphere-tracking-id=0&X-Atmosphere-Framework=2.2.3-javascript&X-Atmosphere-Transport=long-polling&X-Atmosphere-TrackMessageSize=true&Content-Type=charset%3Dutf-8&X-atmo-protocol=true&_=1750816466134 HTTP/1.1" 200 -
124.244.14.185 - - [25/Jun/2025:09:53:41 +0800] "GET /InternetTrading/longpoll/56366?X-Atmosphere-tracking-id=0&X-Atmosphere-Framework=2.2.3-javascript&X-Atmosphere-Transport=long-polling&X-Atmosphere-TrackMessageSize=true&Content-Type=charset%3Dutf-8&X-atmo-protocol=true&_=1750816464789 HTTP/1.1" 200 -
124.244.14.185 - - [25/Jun/2025:09:53:43 +0800] "GET /InternetTrading/jquery/images/ui-icons_888888_256x240.png HTTP/1.1" 200 6999
65.181.90.29 - - [25/Jun/2025:09:53:43 +0800] "GET /InternetTrading/longpoll/54338?X-Atmosphere-tracking-id=0&X-Atmosphere-Framework=2.2.3-javascript&X-Atmosphere-Transport=long-polling&X-Atmosphere-TrackMessageSize=true&Content-Type=charset%3Dutf-8&X-atmo-protocol=true&_=1750816469186 HTTP/1.1" 200 -
65.181.90.29 - - [25/Jun/2025:09:53:45 +0800] "POST /InternetTrading/SessionErrorLogger HTTP/1.1" 200 117
65.181.90.29 - - [25/Jun/2025:09:53:45 +0800] "GET /InternetTrading/tc/buy_ticket.html? HTTP/1.1" 200 1995
65.181.90.29 - - [25/Jun/2025:09:53:45 +0800] "POST /InternetTrading/SessionErrorLogger HTTP/1.1" 200 117
65.181.90.29 - - [25/Jun/2025:09:53:45 +0800] "POST /InternetTrading/MarketStatus HTTP/1.1" 200 772
65.181.90.29 - - [25/Jun/2025:09:53:45 +0800] "POST /InternetTrading/SessionErrorLogger HTTP/1.1" 200 117
65.181.90.29 - - [25/Jun/2025:09:53:45 +0800] "POST /InternetTrading/SessionErrorLogger HTTP/1.1" 200 117
65.181.90.29 - - [25/Jun/2025:09:53:45 +0800] "POST /InternetTrading/MarketStatus HTTP/1.1" 200 772
65.181.90.29 - - [25/Jun/2025:09:53:45 +0800] "POST /InternetTrading/Product HTTP/1.1" 200 332
124.244.14.185 - - [25/Jun/2025:09:53:46 +0800] "GET /InternetTrading/longpoll/56366?X-Atmosphere-tracking-id=0&X-Atmosphere-Framework=2.2.3-javascript&X-Atmosphere-Transport=long-polling&X-Atmosphere-TrackMessageSize=true&Content-Type=charset%3Dutf-8&X-atmo-protocol=true&_=1750816469803 HTTP/1.1" 200 -
14.0.231.246 - - [25/Jun/2025:09:53:46 +0800] "GET /InternetTrading/longpoll/A8127?X-Atmosphere-tracking-id=0&X-Atmosphere-Framework=2.2.3-javascript&X-Atmosphere-Transport=long-polling&X-Atmosphere-TrackMessageSize=true&Content-Type=charset%3Dutf-8&X-atmo-protocol=true&_=1750816472137 HTTP/1.1" 200 -
65.181.90.29 - - [25/Jun/2025:09:53:48 +0800] "GET /InternetTrading/longpoll/54338?X-Atmosphere-tracking-id=0&X-Atmosphere-Framework=2.2.3-javascript&X-Atmosphere-Transport=long-polling&X-Atmosphere-TrackMessageSize=true&Content-Type=charset%3Dutf-8&X-atmo-protocol=true&_=1750816474231 HTTP/1.1" 200 -
65.181.90.29 - - [25/Jun/2025:09:53:50 +0800] "POST /InternetTrading/SessionErrorLogger HTTP/1.1" 200 117
65.181.90.29 - - [25/Jun/2025:09:53:50 +0800] "POST /InternetTrading/OrderMaxQuantity HTTP/1.1" 200 10
124.244.14.185 - - [25/Jun/2025:09:53:51 +0800] "GET /InternetTrading/longpoll/56366?X-Atmosphere-tracking-id=0&X-Atmosphere-Framework=2.2.3-javascript&X-Atmosphere-Transport=long-polling&X-Atmosphere-TrackMessageSize=true&Content-Type=charset%3Dutf-8&X-atmo-protocol=true&_=1750816474819 HTTP/1.1" 200 -
124.244.14.185 - - [25/Jun/2025:09:53:53 +0800] "POST /InternetTrading/SessionErrorLogger HTTP/1.1" 200 117
124.244.14.185 - - [25/Jun/2025:09:53:53 +0800] "POST /InternetTrading/OrderMaxQuantity HTTP/1.1" 200 3
14.0.231.246 - - [25/Jun/2025:09:53:53 +0800] "GET /InternetTrading/longpoll/A8127?X-Atmosphere-tracking-id=0&X-Atmosphere-Framework=2.2.3-javascript&X-Atmosphere-Transport=long-polling&X-Atmosphere-TrackMessageSize=true&Content-Type=charset%3Dutf-8&X-atmo-protocol=true&_=1750816478138 HTTP/1.1" 200 -
65.181.90.29 - - [25/Jun/2025:09:53:53 +0800] "GET /InternetTrading/longpoll/54338?X-Atmosphere-tracking-id=0&X-Atmosphere-Framework=2.2.3-javascript&X-Atmosphere-Transport=long-polling&X-Atmosphere-TrackMessageSize=true&Content-Type=charset%3Dutf-8&X-atmo-protocol=true&_=1750816479283 HTTP/1.1" 200 -
65.181.90.29 - - [25/Jun/2025:09:53:54 +0800] "POST /InternetTrading/SessionErrorLogger HTTP/1.1" 200 117
65.181.90.29 - - [25/Jun/2025:09:53:54 +0800] "POST /InternetTrading/LoginKey HTTP/1.1" 200 -
65.181.90.29 - - [25/Jun/2025:09:53:54 +0800] "GET /InternetTrading/jquery/wait.gif HTTP/1.1" 200 432
65.181.90.29 - - [25/Jun/2025:09:53:54 +0800] "POST /InternetTrading/PreOrder HTTP/1.1" 200 1229
124.244.14.185 - - [25/Jun/2025:09:53:56 +0800] "GET /InternetTrading/longpoll/56366?X-Atmosphere-tracking-id=0&X-Atmosphere-Framework=2.2.3-javascript&X-Atmosphere-Transport=long-polling&X-Atmosphere-TrackMessageSize=true&Content-Type=charset%3Dutf-8&X-atmo-protocol=true&_=1750816479848 HTTP/1.1" 200 -
65.181.90.29 - - [25/Jun/2025:09:53:56 +0800] "POST /InternetTrading/SessionErrorLogger HTTP/1.1" 200 117
65.181.90.29 - - [25/Jun/2025:09:53:56 +0800] "GET /InternetTrading/Csrf?url=/Order HTTP/1.1" 200 126
65.181.90.29 - - [25/Jun/2025:09:53:56 +0800] "POST /InternetTrading/SessionErrorLogger HTTP/1.1" 200 117
65.181.90.29 - - [25/Jun/2025:09:53:56 +0800] "POST /InternetTrading/LoginKey HTTP/1.1" 200 -
65.181.90.29 - - [25/Jun/2025:09:53:56 +0800] "POST /InternetTrading/SessionErrorLogger HTTP/1.1" 200 117
65.181.90.29 - - [25/Jun/2025:09:53:56 +0800] "POST /InternetTrading/Order?csrf_nonce=512EDE5853C644C5E329CE160D95B81F HTTP/1.1" 200 1021
65.181.90.29 - - [25/Jun/2025:09:53:56 +0800] "POST /InternetTrading/SessionErrorLogger HTTP/1.1" 200 117
65.181.90.29 - - [25/Jun/2025:09:53:57 +0800] "GET /InternetTrading/tc/buy_ticket.html? HTTP/1.1" 200 1995
65.181.90.29 - - [25/Jun/2025:09:53:57 +0800] "POST /InternetTrading/SessionErrorLogger HTTP/1.1" 200 117
65.181.90.29 - - [25/Jun/2025:09:53:57 +0800] "POST /InternetTrading/Heartbeat HTTP/1.1" 200 32
65.181.90.29 - - [25/Jun/2025:09:53:57 +0800] "POST /InternetTrading/SessionErrorLogger HTTP/1.1" 200 117
65.181.90.29 - - [25/Jun/2025:09:53:57 +0800] "POST /InternetTrading/SessionErrorLogger HTTP/1.1" 200 117
65.181.90.29 - - [25/Jun/2025:09:53:57 +0800] "POST /InternetTrading/MarketStatus HTTP/1.1" 200 772
65.181.90.29 - - [25/Jun/2025:09:53:57 +0800] "POST /InternetTrading/MarketStatus HTTP/1.1" 200 772
14.0.231.246 - - [25/Jun/2025:09:53:57 +0800] "POST /InternetTrading/SessionErrorLogger HTTP/1.1" 200 117
14.0.231.246 - - [25/Jun/2025:09:53:58 +0800] "POST /InternetTrading/Heartbeat HTTP/1.1" 200 32
14.0.231.246 - - [25/Jun/2025:09:53:58 +0800] "POST /InternetTrading/SessionErrorLogger HTTP/1.1" 200 117
14.0.231.246 - - [25/Jun/2025:09:53:58 +0800] "POST /InternetTrading/MarketStatus HTTP/1.1" 200 772
124.244.14.185 - - [25/Jun/2025:09:53:58 +0800] "POST /InternetTrading/SessionErrorLogger HTTP/1.1" 200 117
124.244.14.185 - - [25/Jun/2025:09:53:58 +0800] "GET /InternetTrading/tc/sell_ticket.html? HTTP/1.1" 200 2261
124.244.14.185 - - [25/Jun/2025:09:53:58 +0800] "POST /InternetTrading/SessionErrorLogger HTTP/1.1" 200 117
124.244.14.185 - - [25/Jun/2025:09:53:58 +0800] "POST /InternetTrading/MarketStatus HTTP/1.1" 200 772
124.244.14.185 - - [25/Jun/2025:09:53:58 +0800] "POST /InternetTrading/SessionErrorLogger HTTP/1.1" 200 117
124.244.14.185 - - [25/Jun/2025:09:53:58 +0800] "POST /InternetTrading/SessionErrorLogger HTTP/1.1" 200 117
124.244.14.185 - - [25/Jun/2025:09:53:58 +0800] "POST /InternetTrading/MarketStatus HTTP/1.1" 200 772
124.244.14.185 - - [25/Jun/2025:09:53:58 +0800] "POST /InternetTrading/Product HTTP/1.1" 200 306
124.244.14.185 - - [25/Jun/2025:09:53:58 +0800] "POST /InternetTrading/SessionErrorLogger HTTP/1.1" 200 117
124.244.14.185 - - [25/Jun/2025:09:53:58 +0800] "POST /InternetTrading/OrderMaxQuantity HTTP/1.1" 200 9
65.181.90.29 - - [25/Jun/2025:09:53:58 +0800] "GET /InternetTrading/longpoll/54338?X-Atmosphere-tracking-id=0&X-Atmosphere-Framework=2.2.3-javascript&X-Atmosphere-Transport=long-polling&X-Atmosphere-TrackMessageSize=true&Content-Type=charset%3Dutf-8&X-atmo-protocol=true&_=1750816484331 HTTP/1.1" 200 -
14.0.231.246 - - [25/Jun/2025:09:53:58 +0800] "GET /InternetTrading/longpoll/A8127?X-Atmosphere-tracking-id=0&X-Atmosphere-Framework=2.2.3-javascript&X-Atmosphere-Transport=long-polling&X-Atmosphere-TrackMessageSize=true&Content-Type=charset%3Dutf-8&X-atmo-protocol=true&_=1750816484140 HTTP/1.1" 200 -
65.181.90.29 - - [25/Jun/2025:09:53:59 +0800] "GET /InternetTrading/jquery/wait.gif HTTP/1.1" 200 432
65.181.90.29 - - [25/Jun/2025:09:53:59 +0800] "POST /InternetTrading/SessionErrorLogger HTTP/1.1" 200 117
65.181.90.29 - - [25/Jun/2025:09:53:59 +0800] "POST /InternetTrading/Orderbook HTTP/1.1" 200 1255
124.244.14.185 - - [25/Jun/2025:09:54:00 +0800] "POST /InternetTrading/SessionErrorLogger HTTP/1.1" 200 117
124.244.14.185 - - [25/Jun/2025:09:54:00 +0800] "POST /InternetTrading/SessionErrorLogger HTTP/1.1" 200 117
124.244.14.185 - - [25/Jun/2025:09:54:00 +0800] "POST /InternetTrading/Product HTTP/1.1" 200 306
124.244.14.185 - - [25/Jun/2025:09:54:00 +0800] "POST /InternetTrading/OrderMaxQuantity HTTP/1.1" 200 9
124.244.14.185 - - [25/Jun/2025:09:54:00 +0800] "POST /InternetTrading/SessionErrorLogger HTTP/1.1" 200 117
124.244.14.185 - - [25/Jun/2025:09:54:00 +0800] "POST /InternetTrading/LoginKey HTTP/1.1" 200 -
124.244.14.185 - - [25/Jun/2025:09:54:00 +0800] "GET /InternetTrading/jquery/wait.gif HTTP/1.1" 200 432
124.244.14.185 - - [25/Jun/2025:09:54:00 +0800] "POST /InternetTrading/PreOrder HTTP/1.1" 200 1202
124.244.14.185 - - [25/Jun/2025:09:54:01 +0800] "GET /InternetTrading/longpoll/56366?X-Atmosphere-tracking-id=0&X-Atmosphere-Framework=2.2.3-javascript&X-Atmosphere-Transport=long-polling&X-Atmosphere-TrackMessageSize=true&Content-Type=charset%3Dutf-8&X-atmo-protocol=true&_=1750816484860 HTTP/1.1" 200 -
65.181.90.29 - - [25/Jun/2025:09:54:03 +0800] "GET /InternetTrading/longpoll/54338?X-Atmosphere-tracking-id=0&X-Atmosphere-Framework=2.2.3-javascript&X-Atmosphere-Transport=long-polling&X-Atmosphere-TrackMessageSize=true&Content-Type=charset%3Dutf-8&X-atmo-protocol=true&_=1750816489361 HTTP/1.1" 200 -
14.0.231.246 - - [25/Jun/2025:09:54:04 +0800] "GET /InternetTrading/longpoll/A8127?X-Atmosphere-tracking-id=0&X-Atmosphere-Framework=2.2.3-javascript&X-Atmosphere-Transport=long-polling&X-Atmosphere-TrackMessageSize=true&Content-Type=charset%3Dutf-8&X-atmo-protocol=true&_=1750816490139 HTTP/1.1" 200 -
124.244.14.185 - - [25/Jun/2025:09:54:06 +0800] "GET /InternetTrading/longpoll/56366?X-Atmosphere-tracking-id=0&X-Atmosphere-Framework=2.2.3-javascript&X-Atmosphere-Transport=long-polling&X-Atmosphere-TrackMessageSize=true&Content-Type=charset%3Dutf-8&X-atmo-protocol=true&_=1750816489874 HTTP/1.1" 200 -
65.181.90.29 - - [25/Jun/2025:09:54:08 +0800] "GET /InternetTrading/longpoll/54338?X-Atmosphere-tracking-id=0&X-Atmosphere-Framework=2.2.3-javascript&X-Atmosphere-Transport=long-polling&X-Atmosphere-TrackMessageSize=true&Content-Type=charset%3Dutf-8&X-atmo-protocol=true&_=1750816494392 HTTP/1.1" 200 -
124.244.14.185 - - [25/Jun/2025:09:54:10 +0800] "POST /InternetTrading/SessionErrorLogger HTTP/1.1" 200 117
124.244.14.185 - - [25/Jun/2025:09:54:10 +0800] "POST /InternetTrading/Heartbeat HTTP/1.1" 200 32
14.0.231.246 - - [25/Jun/2025:09:54:10 +0800] "GET /InternetTrading/longpoll/A8127?X-Atmosphere-tracking-id=0&X-Atmosphere-Framework=2.2.3-javascript&X-Atmosphere-Transport=long-polling&X-Atmosphere-TrackMessageSize=true&Content-Type=charset%3Dutf-8&X-atmo-protocol=true&_=1750816496141 HTTP/1.1" 200 -
65.181.90.29 - - [25/Jun/2025:09:54:11 +0800] "GET /InternetTrading/jquery/wait.gif HTTP/1.1" 200 432
65.181.90.29 - - [25/Jun/2025:09:54:11 +0800] "POST /InternetTrading/SessionErrorLogger HTTP/1.1" 200 117
65.181.90.29 - - [25/Jun/2025:09:54:11 +0800] "POST /InternetTrading/Portfolio HTTP/1.1" 200 1650
124.244.14.185 - - [25/Jun/2025:09:54:11 +0800] "POST /InternetTrading/SessionErrorLogger HTTP/1.1" 200 117
124.244.14.185 - - [25/Jun/2025:09:54:11 +0800] "POST /InternetTrading/LoginKey HTTP/1.1" 200 -
124.244.14.185 - - [25/Jun/2025:09:54:11 +0800] "GET /InternetTrading/jquery/wait.gif HTTP/1.1" 200 432
124.244.14.185 - - [25/Jun/2025:09:54:11 +0800] "POST /InternetTrading/PreOrder HTTP/1.1" 200 1208
124.244.14.185 - - [25/Jun/2025:09:54:11 +0800] "GET /InternetTrading/longpoll/56366?X-Atmosphere-tracking-id=0&X-Atmosphere-Framework=2.2.3-javascript&X-Atmosphere-Transport=long-polling&X-Atmosphere-TrackMessageSize=true&Content-Type=charset%3Dutf-8&X-atmo-protocol=true&_=1750816494917 HTTP/1.1" 200 -
65.181.90.29 - - [25/Jun/2025:09:54:13 +0800] "GET /InternetTrading/longpoll/54338?X-Atmosphere-tracking-id=0&X-Atmosphere-Framework=2.2.3-javascript&X-Atmosphere-Transport=long-polling&X-Atmosphere-TrackMessageSize=true&Content-Type=charset%3Dutf-8&X-atmo-protocol=true&_=1750816499441 HTTP/1.1" 200 -
119.136.152.218 - - [25/Jun/2025:09:54:15 +0800] "POST /InternetTrading/SessionErrorLogger HTTP/1.1" 200 117
119.136.152.218 - - [25/Jun/2025:09:54:15 +0800] "POST /InternetTrading/Heartbeat HTTP/1.1" 200 32
119.136.152.218 - - [25/Jun/2025:09:54:15 +0800] "POST /InternetTrading/SessionErrorLogger HTTP/1.1" 200 117
204.76.203.208 - - [25/Jun/2025:09:54:15 +0800] "PROPFIND / HTTP/1.1" 405 225
119.136.152.218 - - [25/Jun/2025:09:54:15 +0800] "POST /InternetTrading/MarketStatus HTTP/1.1" 200 772
124.244.14.185 - - [25/Jun/2025:09:54:16 +0800] "POST /InternetTrading/SessionErrorLogger HTTP/1.1" 200 117
124.244.14.185 - - [25/Jun/2025:09:54:16 +0800] "GET /InternetTrading/Csrf?url=/Order HTTP/1.1" 200 126
124.244.14.185 - - [25/Jun/2025:09:54:16 +0800] "POST /InternetTrading/SessionErrorLogger HTTP/1.1" 200 117
124.244.14.185 - - [25/Jun/2025:09:54:16 +0800] "POST /InternetTrading/LoginKey HTTP/1.1" 200 -
124.244.14.185 - - [25/Jun/2025:09:54:16 +0800] "POST /InternetTrading/SessionErrorLogger HTTP/1.1" 200 117
124.244.14.185 - - [25/Jun/2025:09:54:16 +0800] "POST /InternetTrading/Order?csrf_nonce=E5B261EC95050FD3784E78D8F676FAC0 HTTP/1.1" 200 1018
124.244.14.185 - - [25/Jun/2025:09:54:16 +0800] "GET /InternetTrading/longpoll/56366?X-Atmosphere-tracking-id=0&X-Atmosphere-Framework=2.2.3-javascript&X-Atmosphere-Transport=long-polling&X-Atmosphere-TrackMessageSize=true&Content-Type=charset%3Dutf-8&X-atmo-protocol=true&_=1750816499930 HTTP/1.1" 200 -
124.244.14.185 - - [25/Jun/2025:09:54:16 +0800] "POST /InternetTrading/SessionErrorLogger HTTP/1.1" 200 117
124.244.14.185 - - [25/Jun/2025:09:54:16 +0800] "GET /InternetTrading/tc/sell_ticket.html? HTTP/1.1" 200 2261
124.244.14.185 - - [25/Jun/2025:09:54:16 +0800] "POST /InternetTrading/SessionErrorLogger HTTP/1.1" 200 117
124.244.14.185 - - [25/Jun/2025:09:54:16 +0800] "POST /InternetTrading/SessionErrorLogger HTTP/1.1" 200 117
124.244.14.185 - - [25/Jun/2025:09:54:16 +0800] "POST /InternetTrading/MarketStatus HTTP/1.1" 200 772
124.244.14.185 - - [25/Jun/2025:09:54:16 +0800] "POST /InternetTrading/MarketStatus HTTP/1.1" 200 772
14.0.231.246 - - [25/Jun/2025:09:54:17 +0800] "GET /InternetTrading/longpoll/A8127?X-Atmosphere-tracking-id=0&X-Atmosphere-Framework=2.2.3-javascript&X-Atmosphere-Transport=long-polling&X-Atmosphere-TrackMessageSize=true&Content-Type=charset%3Dutf-8&X-atmo-protocol=true&_=1750816502142 HTTP/1.1" 200 -
124.244.14.185 - - [25/Jun/2025:09:54:18 +0800] "POST /InternetTrading/SessionErrorLogger HTTP/1.1" 200 117
65.181.90.29 - - [25/Jun/2025:09:54:18 +0800] "GET /InternetTrading/longpoll/54338?X-Atmosphere-tracking-id=0&X-Atmosphere-Framework=2.2.3-javascript&X-Atmosphere-Transport=long-polling&X-Atmosphere-TrackMessageSize=true&Content-Type=charset%3Dutf-8&X-atmo-protocol=true&_=1750816504461 HTTP/1.1" 200 -
124.244.14.185 - - [25/Jun/2025:09:54:18 +0800] "POST /InternetTrading/Orderbook HTTP/1.1" 200 1153
124.244.14.185 - - [25/Jun/2025:09:54:21 +0800] "GET /InternetTrading/longpoll/56366?X-Atmosphere-tracking-id=0&X-Atmosphere-Framework=2.2.3-javascript&X-Atmosphere-Transport=long-polling&X-Atmosphere-TrackMessageSize=true&Content-Type=charset%3Dutf-8&X-atmo-protocol=true&_=1750816504971 HTTP/1.1" 200 -
14.0.231.246 - - [25/Jun/2025:09:54:23 +0800] "GET /InternetTrading/longpoll/A8127?X-Atmosphere-tracking-id=0&X-Atmosphere-Framework=2.2.3-javascript&X-Atmosphere-Transport=long-polling&X-Atmosphere-TrackMessageSize=true&Content-Type=charset%3Dutf-8&X-atmo-protocol=true&_=1750816508145 HTTP/1.1" 200 -
65.181.90.29 - - [25/Jun/2025:09:54:23 +0800] "GET /InternetTrading/longpoll/54338?X-Atmosphere-tracking-id=0&X-Atmosphere-Framework=2.2.3-javascript&X-Atmosphere-Transport=long-polling&X-Atmosphere-TrackMessageSize=true&Content-Type=charset%3Dutf-8&X-atmo-protocol=true&_=1750816509489 HTTP/1.1" 200 -
124.244.14.185 - - [25/Jun/2025:09:54:26 +0800] "GET /InternetTrading/longpoll/56366?X-Atmosphere-tracking-id=0&X-Atmosphere-Framework=2.2.3-javascript&X-Atmosphere-Transport=long-polling&X-Atmosphere-TrackMessageSize=true&Content-Type=charset%3Dutf-8&X-atmo-protocol=true&_=1750816509984 HTTP/1.1" 200 -
65.181.90.29 - - [25/Jun/2025:09:54:27 +0800] "POST /InternetTrading/SessionErrorLogger HTTP/1.1" 200 117
65.181.90.29 - - [25/Jun/2025:09:54:27 +0800] "POST /InternetTrading/Heartbeat HTTP/1.1" 200 32
65.181.90.29 - - [25/Jun/2025:09:54:27 +0800] "POST /InternetTrading/SessionErrorLogger HTTP/1.1" 200 117
65.181.90.29 - - [25/Jun/2025:09:54:27 +0800] "POST /InternetTrading/MarketStatus HTTP/1.1" 200 772
65.181.90.29 - - [25/Jun/2025:09:54:27 +0800] "POST /InternetTrading/SessionErrorLogger HTTP/1.1" 200 117
65.181.90.29 - - [25/Jun/2025:09:54:27 +0800] "POST /InternetTrading/Product HTTP/1.1" 200 332
14.0.231.246 - - [25/Jun/2025:09:54:29 +0800] "GET /InternetTrading/longpoll/A8127?X-Atmosphere-tracking-id=0&X-Atmosphere-Framework=2.2.3-javascript&X-Atmosphere-Transport=long-polling&X-Atmosphere-TrackMessageSize=true&Content-Type=charset%3Dutf-8&X-atmo-protocol=true&_=1750816514130 HTTP/1.1" 200 -
65.181.90.29 - - [25/Jun/2025:09:54:29 +0800] "GET /InternetTrading/longpoll/54338?X-Atmosphere-tracking-id=0&X-Atmosphere-Framework=2.2.3-javascript&X-Atmosphere-Transport=long-polling&X-Atmosphere-TrackMessageSize=true&Content-Type=charset%3Dutf-8&X-atmo-protocol=true&_=1750816514529 HTTP/1.1" 200 -
124.244.14.185 - - [25/Jun/2025:09:54:32 +0800] "GET /InternetTrading/longpoll/56366?X-Atmosphere-tracking-id=0&X-Atmosphere-Framework=2.2.3-javascript&X-Atmosphere-Transport=long-polling&X-Atmosphere-TrackMessageSize=true&Content-Type=charset%3Dutf-8&X-atmo-protocol=true&_=1750816515033 HTTP/1.1" 200 -
65.181.90.29 - - [25/Jun/2025:09:54:32 +0800] "POST /InternetTrading/SessionErrorLogger HTTP/1.1" 200 117
65.181.90.29 - - [25/Jun/2025:09:54:32 +0800] "POST /InternetTrading/OrderMaxQuantity HTTP/1.1" 200 10
65.181.90.29 - - [25/Jun/2025:09:54:34 +0800] "GET /InternetTrading/longpoll/54338?X-Atmosphere-tracking-id=0&X-Atmosphere-Framework=2.2.3-javascript&X-Atmosphere-Transport=long-polling&X-Atmosphere-TrackMessageSize=true&Content-Type=charset%3Dutf-8&X-atmo-protocol=true&_=1750816519567 HTTP/1.1" 200 -
14.0.231.246 - - [25/Jun/2025:09:54:35 +0800] "GET /InternetTrading/longpoll/A8127?X-Atmosphere-tracking-id=0&X-Atmosphere-Framework=2.2.3-javascript&X-Atmosphere-Transport=long-polling&X-Atmosphere-TrackMessageSize=true&Content-Type=charset%3Dutf-8&X-atmo-protocol=true&_=1750816520132 HTTP/1.1" 200 -
124.244.14.185 - - [25/Jun/2025:09:54:35 +0800] "GET /InternetTrading/jquery/wait.gif HTTP/1.1" 200 432
124.244.14.185 - - [25/Jun/2025:09:54:35 +0800] "POST /InternetTrading/SessionErrorLogger HTTP/1.1" 200 117
124.244.14.185 - - [25/Jun/2025:09:54:35 +0800] "POST /InternetTrading/Portfolio HTTP/1.1" 200 1245
124.244.14.185 - - [25/Jun/2025:09:54:37 +0800] "GET /InternetTrading/longpoll/56366?X-Atmosphere-tracking-id=0&X-Atmosphere-Framework=2.2.3-javascript&X-Atmosphere-Transport=long-polling&X-Atmosphere-TrackMessageSize=true&Content-Type=charset%3Dutf-8&X-atmo-protocol=true&_=1750816520063 HTTP/1.1" 200 -
65.181.90.29 - - [25/Jun/2025:09:54:39 +0800] "GET /InternetTrading/longpoll/54338?X-Atmosphere-tracking-id=0&X-Atmosphere-Framework=2.2.3-javascript&X-Atmosphere-Transport=long-polling&X-Atmosphere-TrackMessageSize=true&Content-Type=charset%3Dutf-8&X-atmo-protocol=true&_=1750816524597 HTTP/1.1" 200 -
124.244.14.185 - - [25/Jun/2025:09:54:40 +0800] "POST /InternetTrading/SessionErrorLogger HTTP/1.1" 200 117
124.244.14.185 - - [25/Jun/2025:09:54:40 +0800] "POST /InternetTrading/Heartbeat HTTP/1.1" 200 32
14.0.231.246 - - [25/Jun/2025:09:54:41 +0800] "GET /InternetTrading/longpoll/A8127?X-Atmosphere-tracking-id=0&X-Atmosphere-Framework=2.2.3-javascript&X-Atmosphere-Transport=long-polling&X-Atmosphere-TrackMessageSize=true&Content-Type=charset%3Dutf-8&X-atmo-protocol=true&_=1750816526133 HTTP/1.1" 200 -
124.244.14.185 - - [25/Jun/2025:09:54:42 +0800] "GET /InternetTrading/longpoll/56366?X-Atmosphere-tracking-id=0&X-Atmosphere-Framework=2.2.3-javascript&X-Atmosphere-Transport=long-polling&X-Atmosphere-TrackMessageSize=true&Content-Type=charset%3Dutf-8&X-atmo-protocol=true&_=1750816525077 HTTP/1.1" 200 -
124.244.14.185 - - [25/Jun/2025:09:54:42 +0800] "POST /InternetTrading/SessionErrorLogger HTTP/1.1" 200 117
124.244.14.185 - - [25/Jun/2025:09:54:42 +0800] "POST /InternetTrading/Orderbook HTTP/1.1" 200 1153
65.181.90.29 - - [25/Jun/2025:09:54:44 +0800] "GET /InternetTrading/longpoll/54338?X-Atmosphere-tracking-id=0&X-Atmosphere-Framework=2.2.3-javascript&X-Atmosphere-Transport=long-polling&X-Atmosphere-TrackMessageSize=true&Content-Type=charset%3Dutf-8&X-atmo-protocol=true&_=1750816529630 HTTP/1.1" 200 -
65.181.90.29 - - [25/Jun/2025:09:54:46 +0800] "POST /InternetTrading/SessionErrorLogger HTTP/1.1" 200 117
65.181.90.29 - - [25/Jun/2025:09:54:46 +0800] "POST /InternetTrading/LoginKey HTTP/1.1" 200 -
65.181.90.29 - - [25/Jun/2025:09:54:46 +0800] "GET /InternetTrading/jquery/wait.gif HTTP/1.1" 200 432
65.181.90.29 - - [25/Jun/2025:09:54:46 +0800] "POST /InternetTrading/PreOrder HTTP/1.1" 200 1230
65.181.90.29 - - [25/Jun/2025:09:54:46 +0800] "POST /InternetTrading/SessionErrorLogger HTTP/1.1" 200 117
65.181.90.29 - - [25/Jun/2025:09:54:46 +0800] "GET /InternetTrading/Csrf?url=/Order HTTP/1.1" 200 126
65.181.90.29 - - [25/Jun/2025:09:54:46 +0800] "POST /InternetTrading/SessionErrorLogger HTTP/1.1" 200 117
65.181.90.29 - - [25/Jun/2025:09:54:46 +0800] "POST /InternetTrading/LoginKey HTTP/1.1" 200 -
65.181.90.29 - - [25/Jun/2025:09:54:46 +0800] "POST /InternetTrading/SessionErrorLogger HTTP/1.1" 200 117
65.181.90.29 - - [25/Jun/2025:09:54:46 +0800] "POST /InternetTrading/Order?csrf_nonce=512EDE5853C644C5E329CE160D95B81F HTTP/1.1" 200 1022
65.181.90.29 - - [25/Jun/2025:09:54:46 +0800] "POST /InternetTrading/SessionErrorLogger HTTP/1.1" 200 117
65.181.90.29 - - [25/Jun/2025:09:54:46 +0800] "GET /InternetTrading/tc/buy_ticket.html? HTTP/1.1" 200 1995
65.181.90.29 - - [25/Jun/2025:09:54:46 +0800] "POST /InternetTrading/SessionErrorLogger HTTP/1.1" 200 117
65.181.90.29 - - [25/Jun/2025:09:54:46 +0800] "POST /InternetTrading/SessionErrorLogger HTTP/1.1" 200 117
65.181.90.29 - - [25/Jun/2025:09:54:46 +0800] "POST /InternetTrading/MarketStatus HTTP/1.1" 200 772
65.181.90.29 - - [25/Jun/2025:09:54:46 +0800] "POST /InternetTrading/MarketStatus HTTP/1.1" 200 772
124.244.14.185 - - [25/Jun/2025:09:54:46 +0800] "POST /InternetTrading/SessionErrorLogger HTTP/1.1" 200 117
124.244.14.185 - - [25/Jun/2025:09:54:46 +0800] "POST /InternetTrading/MarketStatus HTTP/1.1" 200 772
124.244.14.185 - - [25/Jun/2025:09:54:47 +0800] "GET /InternetTrading/longpoll/56366?X-Atmosphere-tracking-id=0&X-Atmosphere-Framework=2.2.3-javascript&X-Atmosphere-Transport=long-polling&X-Atmosphere-TrackMessageSize=true&Content-Type=charset%3Dutf-8&X-atmo-protocol=true&_=1750816530089 HTTP/1.1" 200 -
14.0.231.246 - - [25/Jun/2025:09:54:47 +0800] "GET /InternetTrading/longpoll/A8127?X-Atmosphere-tracking-id=0&X-Atmosphere-Framework=2.2.3-javascript&X-Atmosphere-Transport=long-polling&X-Atmosphere-TrackMessageSize=true&Content-Type=charset%3Dutf-8&X-atmo-protocol=true&_=1750816532137 HTTP/1.1" 200 -
65.181.90.29 - - [25/Jun/2025:09:54:48 +0800] "GET /InternetTrading/jquery/wait.gif HTTP/1.1" 200 432
65.181.90.29 - - [25/Jun/2025:09:54:48 +0800] "POST /InternetTrading/SessionErrorLogger HTTP/1.1" 200 117
65.181.90.29 - - [25/Jun/2025:09:54:48 +0800] "POST /InternetTrading/Orderbook HTTP/1.1" 200 1372
65.181.90.29 - - [25/Jun/2025:09:54:49 +0800] "GET /InternetTrading/longpoll/54338?X-Atmosphere-tracking-id=0&X-Atmosphere-Framework=2.2.3-javascript&X-Atmosphere-Transport=long-polling&X-Atmosphere-TrackMessageSize=true&Content-Type=charset%3Dutf-8&X-atmo-protocol=true&_=1750816534661 HTTP/1.1" 200 -
124.244.14.185 - - [25/Jun/2025:09:54:51 +0800] "POST /InternetTrading/SessionErrorLogger HTTP/1.1" 200 117
124.244.14.185 - - [25/Jun/2025:09:54:51 +0800] "POST /InternetTrading/OrderHistory HTTP/1.1" 200 94
124.244.14.185 - - [25/Jun/2025:09:54:52 +0800] "GET /InternetTrading/longpoll/56366?X-Atmosphere-tracking-id=0&X-Atmosphere-Framework=2.2.3-javascript&X-Atmosphere-Transport=long-polling&X-Atmosphere-TrackMessageSize=true&Content-Type=charset%3Dutf-8&X-atmo-protocol=true&_=1750816535102 HTTP/1.1" 200 -
124.244.14.185 - - [25/Jun/2025:09:54:52 +0800] "POST /InternetTrading/SessionErrorLogger HTTP/1.1" 200 117
124.244.14.185 - - [25/Jun/2025:09:54:52 +0800] "POST /InternetTrading/TransactionHistory HTTP/1.1" 200 94
14.0.231.246 - - [25/Jun/2025:09:54:53 +0800] "GET /InternetTrading/longpoll/A8127?X-Atmosphere-tracking-id=0&X-Atmosphere-Framework=2.2.3-javascript&X-Atmosphere-Transport=long-polling&X-Atmosphere-TrackMessageSize=true&Content-Type=charset%3Dutf-8&X-atmo-protocol=true&_=1750816538139 HTTP/1.1" 200 -
124.244.14.185 - - [25/Jun/2025:09:54:53 +0800] "POST /InternetTrading/SessionErrorLogger HTTP/1.1" 200 117
124.244.14.185 - - [25/Jun/2025:09:54:54 +0800] "POST /InternetTrading/SecuritiesMovement HTTP/1.1" 200 94
65.181.90.29 - - [25/Jun/2025:09:54:54 +0800] "GET /InternetTrading/longpoll/54338?X-Atmosphere-tracking-id=0&X-Atmosphere-Framework=2.2.3-javascript&X-Atmosphere-Transport=long-polling&X-Atmosphere-TrackMessageSize=true&Content-Type=charset%3Dutf-8&X-atmo-protocol=true&_=1750816539686 HTTP/1.1" 200 -
124.244.14.185 - - [25/Jun/2025:09:54:56 +0800] "POST /InternetTrading/SessionErrorLogger HTTP/1.1" 200 117
124.244.14.185 - - [25/Jun/2025:09:54:56 +0800] "POST /InternetTrading/CashMovement HTTP/1.1" 200 94
65.181.90.29 - - [25/Jun/2025:09:54:57 +0800] "POST /InternetTrading/SessionErrorLogger HTTP/1.1" 200 117
124.244.14.185 - - [25/Jun/2025:09:54:57 +0800] "GET /InternetTrading/longpoll/56366?X-Atmosphere-tracking-id=0&X-Atmosphere-Framework=2.2.3-javascript&X-Atmosphere-Transport=long-polling&X-Atmosphere-TrackMessageSize=true&Content-Type=charset%3Dutf-8&X-atmo-protocol=true&_=1750816540115 HTTP/1.1" 200 -
65.181.90.29 - - [25/Jun/2025:09:54:57 +0800] "POST /InternetTrading/Heartbeat HTTP/1.1" 200 32
14.0.231.246 - - [25/Jun/2025:09:54:57 +0800] "POST /InternetTrading/SessionErrorLogger HTTP/1.1" 200 117
14.0.231.246 - - [25/Jun/2025:09:54:57 +0800] "POST /InternetTrading/Heartbeat HTTP/1.1" 200 32
14.0.231.246 - - [25/Jun/2025:09:54:58 +0800] "POST /InternetTrading/SessionErrorLogger HTTP/1.1" 200 117
14.0.231.246 - - [25/Jun/2025:09:54:58 +0800] "POST /InternetTrading/MarketStatus HTTP/1.1" 200 772
124.244.14.185 - - [25/Jun/2025:09:54:58 +0800] "POST /InternetTrading/SessionErrorLogger HTTP/1.1" 200 117
124.244.14.185 - - [25/Jun/2025:09:54:58 +0800] "POST /InternetTrading/SecuritiesMovement HTTP/1.1" 200 94
14.0.231.246 - - [25/Jun/2025:09:54:58 +0800] "GET /InternetTrading/longpoll/A8127?X-Atmosphere-tracking-id=0&X-Atmosphere-Framework=2.2.3-javascript&X-Atmosphere-Transport=long-polling&X-Atmosphere-TrackMessageSize=true&Content-Type=charset%3Dutf-8&X-atmo-protocol=true&_=1750816544146 HTTP/1.1" 200 -
65.181.90.29 - - [25/Jun/2025:09:54:59 +0800] "GET /InternetTrading/longpoll/54338?X-Atmosphere-tracking-id=0&X-Atmosphere-Framework=2.2.3-javascript&X-Atmosphere-Transport=long-polling&X-Atmosphere-TrackMessageSize=true&Content-Type=charset%3Dutf-8&X-atmo-protocol=true&_=1750816544716 HTTP/1.1" 200 -
65.181.90.29 - - [25/Jun/2025:09:54:59 +0800] "GET /InternetTrading/jquery/wait.gif HTTP/1.1" 200 432
65.181.90.29 - - [25/Jun/2025:09:54:59 +0800] "POST /InternetTrading/SessionErrorLogger HTTP/1.1" 200 117
65.181.90.29 - - [25/Jun/2025:09:54:59 +0800] "POST /InternetTrading/Orderbook HTTP/1.1" 200 1190
124.244.14.185 - - [25/Jun/2025:09:55:01 +0800] "POST /InternetTrading/SessionErrorLogger HTTP/1.1" 200 117
124.244.14.185 - - [25/Jun/2025:09:55:01 +0800] "POST /InternetTrading/MultiCurrencyBalance HTTP/1.1" 200 1407
124.244.14.185 - - [25/Jun/2025:09:55:02 +0800] "GET /InternetTrading/longpoll/56366?X-Atmosphere-tracking-id=0&X-Atmosphere-Framework=2.2.3-javascript&X-Atmosphere-Transport=long-polling&X-Atmosphere-TrackMessageSize=true&Content-Type=charset%3Dutf-8&X-atmo-protocol=true&_=1750816545128 HTTP/1.1" 200 -
65.181.90.29 - - [25/Jun/2025:09:55:02 +0800] "POST /InternetTrading/SessionErrorLogger HTTP/1.1" 200 117
65.181.90.29 - - [25/Jun/2025:09:55:02 +0800] "GET /InternetTrading/Csrf?url=/Cancel HTTP/1.1" 200 126
65.181.90.29 - - [25/Jun/2025:09:55:02 +0800] "POST /InternetTrading/SessionErrorLogger HTTP/1.1" 200 117
65.181.90.29 - - [25/Jun/2025:09:55:02 +0800] "POST /InternetTrading/LoginKey HTTP/1.1" 200 -
65.181.90.29 - - [25/Jun/2025:09:55:02 +0800] "POST /InternetTrading/SessionErrorLogger HTTP/1.1" 200 117
65.181.90.29 - - [25/Jun/2025:09:55:02 +0800] "POST /InternetTrading/Cancel?csrf_nonce=400496EBE5D4CBDE2AD504FC947EBD08 HTTP/1.1" 200 834
65.181.90.29 - - [25/Jun/2025:09:55:02 +0800] "POST /InternetTrading/SessionErrorLogger HTTP/1.1" 200 117
65.181.90.29 - - [25/Jun/2025:09:55:02 +0800] "POST /InternetTrading/MarketStatus HTTP/1.1" 200 772
124.244.14.185 - - [25/Jun/2025:09:55:04 +0800] "POST /InternetTrading/SessionErrorLogger HTTP/1.1" 200 117
124.244.14.185 - - [25/Jun/2025:09:55:04 +0800] "POST /InternetTrading/Orderbook HTTP/1.1" 200 1153
65.181.90.29 - - [25/Jun/2025:09:55:04 +0800] "GET /InternetTrading/longpoll/54338?X-Atmosphere-tracking-id=0&X-Atmosphere-Framework=2.2.3-javascript&X-Atmosphere-Transport=long-polling&X-Atmosphere-TrackMessageSize=true&Content-Type=charset%3Dutf-8&X-atmo-protocol=true&_=1750816549751 HTTP/1.1" 200 -
65.181.90.29 - - [25/Jun/2025:09:55:04 +0800] "POST /InternetTrading/SessionErrorLogger HTTP/1.1" 200 117
65.181.90.29 - - [25/Jun/2025:09:55:04 +0800] "POST /InternetTrading/Orderbook HTTP/1.1" 200 1201
65.181.90.29 - - [25/Jun/2025:09:55:04 +0800] "GET /InternetTrading/jquery/wait.gif HTTP/1.1" 200 432
14.0.231.246 - - [25/Jun/2025:09:55:04 +0800] "GET /InternetTrading/longpoll/A8127?X-Atmosphere-tracking-id=0&X-Atmosphere-Framework=2.2.3-javascript&X-Atmosphere-Transport=long-polling&X-Atmosphere-TrackMessageSize=true&Content-Type=charset%3Dutf-8&X-atmo-protocol=true&_=1750816550128 HTTP/1.1" 200 -
65.181.90.29 - - [25/Jun/2025:09:55:06 +0800] "GET /InternetTrading/jquery/wait.gif HTTP/1.1" 200 432
65.181.90.29 - - [25/Jun/2025:09:55:06 +0800] "POST /InternetTrading/SessionErrorLogger HTTP/1.1" 200 117
65.181.90.29 - - [25/Jun/2025:09:55:06 +0800] "POST /InternetTrading/Portfolio HTTP/1.1" 200 1649
124.244.14.185 - - [25/Jun/2025:09:55:07 +0800] "GET /InternetTrading/longpoll/56366?X-Atmosphere-tracking-id=0&X-Atmosphere-Framework=2.2.3-javascript&X-Atmosphere-Transport=long-polling&X-Atmosphere-TrackMessageSize=true&Content-Type=charset%3Dutf-8&X-atmo-protocol=true&_=1750816550141 HTTP/1.1" 200 -
65.181.90.29 - - [25/Jun/2025:09:55:09 +0800] "GET /InternetTrading/longpoll/54338?X-Atmosphere-tracking-id=0&X-Atmosphere-Framework=2.2.3-javascript&X-Atmosphere-Transport=long-polling&X-Atmosphere-TrackMessageSize=true&Content-Type=charset%3Dutf-8&X-atmo-protocol=true&_=1750816554782 HTTP/1.1" 200 -
124.244.14.185 - - [25/Jun/2025:09:55:10 +0800] "POST /InternetTrading/SessionErrorLogger HTTP/1.1" 200 117
124.244.14.185 - - [25/Jun/2025:09:55:10 +0800] "POST /InternetTrading/Heartbeat HTTP/1.1" 200 32
14.0.231.246 - - [25/Jun/2025:09:55:11 +0800] "GET /InternetTrading/longpoll/A8127?X-Atmosphere-tracking-id=0&X-Atmosphere-Framework=2.2.3-javascript&X-Atmosphere-Transport=long-polling&X-Atmosphere-TrackMessageSize=true&Content-Type=charset%3Dutf-8&X-atmo-protocol=true&_=1750816556131 HTTP/1.1" 200 -
124.244.14.185 - - [25/Jun/2025:09:55:12 +0800] "GET /InternetTrading/longpoll/56366?X-Atmosphere-tracking-id=0&X-Atmosphere-Framework=2.2.3-javascript&X-Atmosphere-Transport=long-polling&X-Atmosphere-TrackMessageSize=true&Content-Type=charset%3Dutf-8&X-atmo-protocol=true&_=1750816555156 HTTP/1.1" 200 -
65.181.90.29 - - [25/Jun/2025:09:55:14 +0800] "GET /InternetTrading/longpoll/54338?X-Atmosphere-tracking-id=0&X-Atmosphere-Framework=2.2.3-javascript&X-Atmosphere-Transport=long-polling&X-Atmosphere-TrackMessageSize=true&Content-Type=charset%3Dutf-8&X-atmo-protocol=true&_=1750816559799 HTTP/1.1" 200 -
119.136.152.218 - - [25/Jun/2025:09:55:15 +0800] "-" 408 -
119.136.152.218 - - [25/Jun/2025:09:55:15 +0800] "POST /InternetTrading/SessionErrorLogger HTTP/1.1" 200 117
119.136.152.218 - - [25/Jun/2025:09:55:15 +0800] "POST /InternetTrading/Heartbeat HTTP/1.1" 200 32
119.136.152.218 - - [25/Jun/2025:09:55:15 +0800] "POST /InternetTrading/SessionErrorLogger HTTP/1.1" 200 117
119.136.152.218 - - [25/Jun/2025:09:55:16 +0800] "POST /InternetTrading/MarketStatus HTTP/1.1" 200 772
65.181.90.29 - - [25/Jun/2025:09:55:16 +0800] "POST /InternetTrading/SessionErrorLogger HTTP/1.1" 200 117
65.181.90.29 - - [25/Jun/2025:09:55:16 +0800] "POST /InternetTrading/MarketStatus HTTP/1.1" 200 772
124.244.14.185 - - [25/Jun/2025:09:55:17 +0800] "POST /InternetTrading/SessionErrorLogger HTTP/1.1" 200 117
124.244.14.185 - - [25/Jun/2025:09:55:17 +0800] "POST /InternetTrading/MarketStatus HTTP/1.1" 200 772
14.0.231.246 - - [25/Jun/2025:09:55:17 +0800] "GET /InternetTrading/longpoll/A8127?X-Atmosphere-tracking-id=0&X-Atmosphere-Framework=2.2.3-javascript&X-Atmosphere-Transport=long-polling&X-Atmosphere-TrackMessageSize=true&Content-Type=charset%3Dutf-8&X-atmo-protocol=true&_=1750816562133 HTTP/1.1" 200 -
124.244.14.185 - - [25/Jun/2025:09:55:17 +0800] "GET /InternetTrading/longpoll/56366?X-Atmosphere-tracking-id=0&X-Atmosphere-Framework=2.2.3-javascript&X-Atmosphere-Transport=long-polling&X-Atmosphere-TrackMessageSize=true&Content-Type=charset%3Dutf-8&X-atmo-protocol=true&_=1750816560171 HTTP/1.1" 200 -
124.244.14.185 - - [25/Jun/2025:09:55:19 +0800] "POST /InternetTrading/SessionErrorLogger HTTP/1.1" 200 117
124.244.14.185 - - [25/Jun/2025:09:55:19 +0800] "POST /InternetTrading/Logout HTTP/1.1" 200 1
124.244.14.185 - - [25/Jun/2025:09:55:19 +0800] "POST /InternetTrading/SessionErrorLogger HTTP/1.1" 200 117
124.244.14.185 - - [25/Jun/2025:09:55:19 +0800] "GET /InternetTrading/Home/LogoutAA.jsp HTTP/1.1" 500 699
124.244.14.185 - - [25/Jun/2025:09:55:19 +0800] "GET /InternetTrading/tc/login.html HTTP/1.1" 200 1755
124.244.14.185 - - [25/Jun/2025:09:55:19 +0800] "GET /InternetTrading/tc/style_common.css?v=20200819161914 HTTP/1.1" 200 2540
124.244.14.185 - - [25/Jun/2025:09:55:19 +0800] "GET /InternetTrading/tc/style.css?v=20200819161914 HTTP/1.1" 200 1435
124.244.14.185 - - [25/Jun/2025:09:55:19 +0800] "GET /InternetTrading/jquery/jquery-migrate-3.0.0.js HTTP/1.1" 200 4963
124.244.14.185 - - [25/Jun/2025:09:55:19 +0800] "GET /InternetTrading/jquery/jquery.form-3.46.0.js HTTP/1.1" 200 5673
65.181.90.29 - - [25/Jun/2025:09:55:19 +0800] "GET /InternetTrading/longpoll/54338?X-Atmosphere-tracking-id=0&X-Atmosphere-Framework=2.2.3-javascript&X-Atmosphere-Transport=long-polling&X-Atmosphere-TrackMessageSize=true&Content-Type=charset%3Dutf-8&X-atmo-protocol=true&_=1750816564829 HTTP/1.1" 200 -
124.244.14.185 - - [25/Jun/2025:09:55:19 +0800] "GET /InternetTrading/jquery/jquery.validate-1.11.1.js HTTP/1.1" 200 7041
124.244.14.185 - - [25/Jun/2025:09:55:19 +0800] "GET /InternetTrading/jquery/additional-methods.js HTTP/1.1" 200 2238
124.244.14.185 - - [25/Jun/2025:09:55:19 +0800] "GET /InternetTrading/jquery/jquery.blockUI-2.66.0.js HTTP/1.1" 200 6651
124.244.14.185 - - [25/Jun/2025:09:55:19 +0800] "GET /InternetTrading/jquery/jquery.timer-0.9.16.js HTTP/1.1" 200 542
124.244.14.185 - - [25/Jun/2025:09:55:19 +0800] "GET /InternetTrading/jquery/jquery.getParams.js HTTP/1.1" 200 587
124.244.14.185 - - [25/Jun/2025:09:55:19 +0800] "GET /InternetTrading/jquery/jquery-3.3.1.js HTTP/1.1" 200 80650
124.244.14.185 - - [25/Jun/2025:09:55:19 +0800] "GET /InternetTrading/tc/user/translation.js?jsv=20200819161914 HTTP/1.1" 200 12818
124.244.14.185 - - [25/Jun/2025:09:55:19 +0800] "GET /InternetTrading/js/constants.js?jsv=20200819161914 HTTP/1.1" 200 400
124.244.14.185 - - [25/Jun/2025:09:55:19 +0800] "GET /InternetTrading/js/haitong.js?jsv=20200819161914 HTTP/1.1" 200 3881
124.244.14.185 - - [25/Jun/2025:09:55:19 +0800] "GET /InternetTrading/js/util.js?jsv=20200819161914 HTTP/1.1" 200 6636
124.244.14.185 - - [25/Jun/2025:09:55:19 +0800] "GET /InternetTrading/js/rsautil.js?jsv=20200819161914 HTTP/1.1" 200 1017
124.244.14.185 - - [25/Jun/2025:09:55:19 +0800] "GET /InternetTrading/js/init.js?jsv=20200819161914 HTTP/1.1" 200 886
124.244.14.185 - - [25/Jun/2025:09:55:19 +0800] "GET /InternetTrading/js/login.js?jsv=20200819161914 HTTP/1.1" 200 1684
124.244.14.185 - - [25/Jun/2025:09:55:19 +0800] "GET /InternetTrading/js/version.js?jsv=20200819161914 HTTP/1.1" 200 85
124.244.14.185 - - [25/Jun/2025:09:55:19 +0800] "GET /InternetTrading/tc/user/custom_variables.js?jsv=20200819161914 HTTP/1.1" 200 275
124.244.14.185 - - [25/Jun/2025:09:55:19 +0800] "GET /InternetTrading/js/string_extend.js?jsv=20200819161914 HTTP/1.1" 200 272
124.244.14.185 - - [25/Jun/2025:09:55:19 +0800] "GET /InternetTrading/js/pidcrypt.js?jsv=20200819161914 HTTP/1.1" 200 982
124.244.14.185 - - [25/Jun/2025:09:55:19 +0800] "GET /InternetTrading/js/pidcrypt_util.js?jsv=20200819161914 HTTP/1.1" 200 1206
124.244.14.185 - - [25/Jun/2025:09:55:19 +0800] "GET /InternetTrading/js/aes_cbc.js?jsv=20200819161914 HTTP/1.1" 200 2043
124.244.14.185 - - [25/Jun/2025:09:55:19 +0800] "GET /InternetTrading/jquery/jquery-ui-personalized-1.6rc2.min.js HTTP/1.1" 200 55543
124.244.14.185 - - [25/Jun/2025:09:55:19 +0800] "GET /InternetTrading/js/aes_core.js?jsv=20200819161914 HTTP/1.1" 200 2106
124.244.14.185 - - [25/Jun/2025:09:55:19 +0800] "GET /InternetTrading/js/asn1.js?jsv=20200819161914 HTTP/1.1" 200 3099
124.244.14.185 - - [25/Jun/2025:09:55:19 +0800] "GET /InternetTrading/js/md5.js?jsv=20200819161914 HTTP/1.1" 200 1730
124.244.14.185 - - [25/Jun/2025:09:55:19 +0800] "GET /InternetTrading/js/sha256.js?jsv=20200819161914 HTTP/1.1" 200 1362
124.244.14.185 - - [25/Jun/2025:09:55:19 +0800] "GET /InternetTrading/js/prng4.js?jsv=20200819161914 HTTP/1.1" 200 303
124.244.14.185 - - [25/Jun/2025:09:55:19 +0800] "GET /InternetTrading/js/jsbn.js?jsv=20200819161914 HTTP/1.1" 200 6736
124.244.14.185 - - [25/Jun/2025:09:55:19 +0800] "GET /InternetTrading/js/rng.js?jsv=20200819161914 HTTP/1.1" 200 481
124.244.14.185 - - [25/Jun/2025:09:55:19 +0800] "GET /InternetTrading/js/rsa.js?jsv=20200819161914 HTTP/1.1" 200 1658
124.244.14.185 - - [25/Jun/2025:09:55:19 +0800] "GET /InternetTrading/tc/images/bg_login.jpg HTTP/1.1" 200 29296
