14.0.170.122 - - [10/Nov/2025:10:27:02 +0800] "POST /InternetTrading/SessionErrorLogger HTTP/1.1" 200 117
14.0.170.122 - - [10/Nov/2025:10:27:02 +0800] "POST /InternetTrading/Heartbeat HTTP/1.1" 200 32
65.181.90.29 - - [10/Nov/2025:10:27:04 +0800] "GET /InternetTrading/longpoll/54338?X-Atmosphere-tracking-id=0&X-Atmosphere-Framework=2.2.3-javascript&X-Atmosphere-Transport=long-polling&X-Atmosphere-TrackMessageSize=true&Content-Type=charset%3Dutf-8&X-atmo-protocol=true&_=1762741828410 HTTP/1.1" 200 -
183.178.37.129 - - [10/Nov/2025:10:27:05 +0800] "GET /InternetTrading/longpoll/56419?X-Atmosphere-tracking-id=0&X-Atmosphere-Framework=2.2.3-javascript&X-Atmosphere-Transport=long-polling&X-Atmosphere-TrackMessageSize=true&Content-Type=charset%3Dutf-8&X-atmo-protocol=true&_=1762741826405 HTTP/1.1" 200 -
58.152.215.195 - - [10/Nov/2025:10:27:05 +0800] "GET /InternetTrading/longpoll/55136?X-Atmosphere-tracking-id=0&X-Atmosphere-Framework=2.2.3-javascript&X-Atmosphere-Transport=long-polling&X-Atmosphere-TrackMessageSize=true&Content-Type=charset%3Dutf-8&X-atmo-protocol=true&_=1762741826767 HTTP/1.1" 200 -
14.0.170.122 - - [10/Nov/2025:10:27:05 +0800] "GET /InternetTrading/longpoll/A8127?X-Atmosphere-tracking-id=0&X-Atmosphere-Framework=2.2.3-javascript&X-Atmosphere-Transport=long-polling&X-Atmosphere-TrackMessageSize=true&Content-Type=charset%3Dutf-8&X-atmo-protocol=true&_=1762741826950 HTTP/1.1" 200 -
65.181.90.29 - - [10/Nov/2025:10:27:09 +0800] "GET /InternetTrading/longpoll/54338?X-Atmosphere-tracking-id=0&X-Atmosphere-Framework=2.2.3-javascript&X-Atmosphere-Transport=long-polling&X-Atmosphere-TrackMessageSize=true&Content-Type=charset%3Dutf-8&X-atmo-protocol=true&_=1762741833440 HTTP/1.1" 200 -
58.152.215.195 - - [10/Nov/2025:10:27:10 +0800] "GET /InternetTrading/longpoll/55136?X-Atmosphere-tracking-id=0&X-Atmosphere-Framework=2.2.3-javascript&X-Atmosphere-Transport=long-polling&X-Atmosphere-TrackMessageSize=true&Content-Type=charset%3Dutf-8&X-atmo-protocol=true&_=1762741831802 HTTP/1.1" 200 -
183.178.37.129 - - [10/Nov/2025:10:27:11 +0800] "GET /InternetTrading/longpoll/56419?X-Atmosphere-tracking-id=0&X-Atmosphere-Framework=2.2.3-javascript&X-Atmosphere-Transport=long-polling&X-Atmosphere-TrackMessageSize=true&Content-Type=charset%3Dutf-8&X-atmo-protocol=true&_=1762741832405 HTTP/1.1" 200 -
14.0.170.122 - - [10/Nov/2025:10:27:11 +0800] "GET /InternetTrading/longpoll/A8127?X-Atmosphere-tracking-id=0&X-Atmosphere-Framework=2.2.3-javascript&X-Atmosphere-Transport=long-polling&X-Atmosphere-TrackMessageSize=true&Content-Type=charset%3Dutf-8&X-atmo-protocol=true&_=1762741832179 HTTP/1.1" 200 -
14.0.170.122 - - [10/Nov/2025:10:27:14 +0800] "POST /InternetTrading/SessionErrorLogger HTTP/1.1" 200 117
65.181.90.29 - - [10/Nov/2025:10:27:14 +0800] "GET /InternetTrading/longpoll/54338?X-Atmosphere-tracking-id=0&X-Atmosphere-Framework=2.2.3-javascript&X-Atmosphere-Transport=long-polling&X-Atmosphere-TrackMessageSize=true&Content-Type=charset%3Dutf-8&X-atmo-protocol=true&_=1762741838482 HTTP/1.1" 200 -
14.0.170.122 - - [10/Nov/2025:10:27:14 +0800] "POST /InternetTrading/MarketStatus HTTP/1.1" 200 772
58.152.215.195 - - [10/Nov/2025:10:27:15 +0800] "GET /InternetTrading/longpoll/55136?X-Atmosphere-tracking-id=0&X-Atmosphere-Framework=2.2.3-javascript&X-Atmosphere-Transport=long-polling&X-Atmosphere-TrackMessageSize=true&Content-Type=charset%3Dutf-8&X-atmo-protocol=true&_=1762741836844 HTTP/1.1" 200 -
14.0.170.122 - - [10/Nov/2025:10:27:16 +0800] "GET /InternetTrading/longpoll/A8127?X-Atmosphere-tracking-id=0&X-Atmosphere-Framework=2.2.3-javascript&X-Atmosphere-Transport=long-polling&X-Atmosphere-TrackMessageSize=true&Content-Type=charset%3Dutf-8&X-atmo-protocol=true&_=1762741837430 HTTP/1.1" 200 -
183.178.37.129 - - [10/Nov/2025:10:27:17 +0800] "GET /InternetTrading/longpoll/56419?X-Atmosphere-tracking-id=0&X-Atmosphere-Framework=2.2.3-javascript&X-Atmosphere-Transport=long-polling&X-Atmosphere-TrackMessageSize=true&Content-Type=charset%3Dutf-8&X-atmo-protocol=true&_=1762741838402 HTTP/1.1" 200 -
58.152.215.195 - - [10/Nov/2025:10:27:19 +0800] "POST /InternetTrading/SessionErrorLogger HTTP/1.1" 200 117
58.152.215.195 - - [10/Nov/2025:10:27:19 +0800] "POST /InternetTrading/Heartbeat HTTP/1.1" 200 32
58.152.215.195 - - [10/Nov/2025:10:27:19 +0800] "POST /InternetTrading/SessionErrorLogger HTTP/1.1" 200 117
58.152.215.195 - - [10/Nov/2025:10:27:19 +0800] "POST /InternetTrading/MarketStatus HTTP/1.1" 200 772
65.181.90.29 - - [10/Nov/2025:10:27:19 +0800] "GET /InternetTrading/longpoll/54338?X-Atmosphere-tracking-id=0&X-Atmosphere-Framework=2.2.3-javascript&X-Atmosphere-Transport=long-polling&X-Atmosphere-TrackMessageSize=true&Content-Type=charset%3Dutf-8&X-atmo-protocol=true&_=1762741843515 HTTP/1.1" 200 -
58.152.215.195 - - [10/Nov/2025:10:27:20 +0800] "GET /InternetTrading/longpoll/55136?X-Atmosphere-tracking-id=0&X-Atmosphere-Framework=2.2.3-javascript&X-Atmosphere-Transport=long-polling&X-Atmosphere-TrackMessageSize=true&Content-Type=charset%3Dutf-8&X-atmo-protocol=true&_=1762741841896 HTTP/1.1" 200 -
14.0.170.122 - - [10/Nov/2025:10:27:21 +0800] "GET /InternetTrading/longpoll/A8127?X-Atmosphere-tracking-id=0&X-Atmosphere-Framework=2.2.3-javascript&X-Atmosphere-Transport=long-polling&X-Atmosphere-TrackMessageSize=true&Content-Type=charset%3Dutf-8&X-atmo-protocol=true&_=1762741842527 HTTP/1.1" 200 -
183.178.37.129 - - [10/Nov/2025:10:27:23 +0800] "GET /InternetTrading/longpoll/56419?X-Atmosphere-tracking-id=0&X-Atmosphere-Framework=2.2.3-javascript&X-Atmosphere-Transport=long-polling&X-Atmosphere-TrackMessageSize=true&Content-Type=charset%3Dutf-8&X-atmo-protocol=true&_=1762741844405 HTTP/1.1" 200 -
65.181.90.29 - - [10/Nov/2025:10:27:24 +0800] "POST /InternetTrading/SessionErrorLogger HTTP/1.1" 200 117
65.181.90.29 - - [10/Nov/2025:10:27:24 +0800] "POST /InternetTrading/Heartbeat HTTP/1.1" 200 32
65.181.90.29 - - [10/Nov/2025:10:27:24 +0800] "POST /InternetTrading/SessionErrorLogger HTTP/1.1" 200 117
65.181.90.29 - - [10/Nov/2025:10:27:24 +0800] "POST /InternetTrading/MarketStatus HTTP/1.1" 200 772
65.181.90.29 - - [10/Nov/2025:10:27:24 +0800] "GET /InternetTrading/longpoll/54338?X-Atmosphere-tracking-id=0&X-Atmosphere-Framework=2.2.3-javascript&X-Atmosphere-Transport=long-polling&X-Atmosphere-TrackMessageSize=true&Content-Type=charset%3Dutf-8&X-atmo-protocol=true&_=1762741848564 HTTP/1.1" 200 -
58.152.215.195 - - [10/Nov/2025:10:27:25 +0800] "GET /InternetTrading/longpoll/55136?X-Atmosphere-tracking-id=0&X-Atmosphere-Framework=2.2.3-javascript&X-Atmosphere-Transport=long-polling&X-Atmosphere-TrackMessageSize=true&Content-Type=charset%3Dutf-8&X-atmo-protocol=true&_=1762741846928 HTTP/1.1" 200 -
14.0.170.122 - - [10/Nov/2025:10:27:26 +0800] "GET /InternetTrading/longpoll/A8127?X-Atmosphere-tracking-id=0&X-Atmosphere-Framework=2.2.3-javascript&X-Atmosphere-Transport=long-polling&X-Atmosphere-TrackMessageSize=true&Content-Type=charset%3Dutf-8&X-atmo-protocol=true&_=1762741847681 HTTP/1.1" 200 -
183.178.37.129 - - [10/Nov/2025:10:27:29 +0800] "GET /InternetTrading/longpoll/56419?X-Atmosphere-tracking-id=0&X-Atmosphere-Framework=2.2.3-javascript&X-Atmosphere-Transport=long-polling&X-Atmosphere-TrackMessageSize=true&Content-Type=charset%3Dutf-8&X-atmo-protocol=true&_=1762741850398 HTTP/1.1" 200 -
65.181.90.29 - - [10/Nov/2025:10:27:29 +0800] "GET /InternetTrading/longpoll/54338?X-Atmosphere-tracking-id=0&X-Atmosphere-Framework=2.2.3-javascript&X-Atmosphere-Transport=long-polling&X-Atmosphere-TrackMessageSize=true&Content-Type=charset%3Dutf-8&X-atmo-protocol=true&_=1762741853581 HTTP/1.1" 200 -
58.152.215.195 - - [10/Nov/2025:10:27:30 +0800] "GET /InternetTrading/longpoll/55136?X-Atmosphere-tracking-id=0&X-Atmosphere-Framework=2.2.3-javascript&X-Atmosphere-Transport=long-polling&X-Atmosphere-TrackMessageSize=true&Content-Type=charset%3Dutf-8&X-atmo-protocol=true&_=1762741851958 HTTP/1.1" 200 -
14.0.170.122 - - [10/Nov/2025:10:27:31 +0800] "GET /InternetTrading/longpoll/A8127?X-Atmosphere-tracking-id=0&X-Atmosphere-Framework=2.2.3-javascript&X-Atmosphere-Transport=long-polling&X-Atmosphere-TrackMessageSize=true&Content-Type=charset%3Dutf-8&X-atmo-protocol=true&_=1762741852937 HTTP/1.1" 200 -
14.0.170.122 - - [10/Nov/2025:10:27:32 +0800] "POST /InternetTrading/SessionErrorLogger HTTP/1.1" 200 117
14.0.170.122 - - [10/Nov/2025:10:27:32 +0800] "POST /InternetTrading/Heartbeat HTTP/1.1" 200 32
65.181.90.29 - - [10/Nov/2025:10:27:34 +0800] "GET /InternetTrading/longpoll/54338?X-Atmosphere-tracking-id=0&X-Atmosphere-Framework=2.2.3-javascript&X-Atmosphere-Transport=long-polling&X-Atmosphere-TrackMessageSize=true&Content-Type=charset%3Dutf-8&X-atmo-protocol=true&_=1762741858605 HTTP/1.1" 200 -
183.178.37.129 - - [10/Nov/2025:10:27:35 +0800] "GET /InternetTrading/longpoll/56419?X-Atmosphere-tracking-id=0&X-Atmosphere-Framework=2.2.3-javascript&X-Atmosphere-Transport=long-polling&X-Atmosphere-TrackMessageSize=true&Content-Type=charset%3Dutf-8&X-atmo-protocol=true&_=1762741856395 HTTP/1.1" 200 -
58.152.215.195 - - [10/Nov/2025:10:27:35 +0800] "GET /InternetTrading/longpoll/55136?X-Atmosphere-tracking-id=0&X-Atmosphere-Framework=2.2.3-javascript&X-Atmosphere-Transport=long-polling&X-Atmosphere-TrackMessageSize=true&Content-Type=charset%3Dutf-8&X-atmo-protocol=true&_=1762741857005 HTTP/1.1" 200 -
14.0.170.122 - - [10/Nov/2025:10:27:37 +0800] "GET /InternetTrading/longpoll/A8127?X-Atmosphere-tracking-id=0&X-Atmosphere-Framework=2.2.3-javascript&X-Atmosphere-Transport=long-polling&X-Atmosphere-TrackMessageSize=true&Content-Type=charset%3Dutf-8&X-atmo-protocol=true&_=1762741858148 HTTP/1.1" 200 -
65.181.90.29 - - [10/Nov/2025:10:27:39 +0800] "GET /InternetTrading/longpoll/54338?X-Atmosphere-tracking-id=0&X-Atmosphere-Framework=2.2.3-javascript&X-Atmosphere-Transport=long-polling&X-Atmosphere-TrackMessageSize=true&Content-Type=charset%3Dutf-8&X-atmo-protocol=true&_=1762741863638 HTTP/1.1" 200 -
58.152.215.195 - - [10/Nov/2025:10:27:40 +0800] "GET /InternetTrading/longpoll/55136?X-Atmosphere-tracking-id=0&X-Atmosphere-Framework=2.2.3-javascript&X-Atmosphere-Transport=long-polling&X-Atmosphere-TrackMessageSize=true&Content-Type=charset%3Dutf-8&X-atmo-protocol=true&_=1762741862059 HTTP/1.1" 200 -
183.178.37.129 - - [10/Nov/2025:10:27:41 +0800] "GET /InternetTrading/longpoll/56419?X-Atmosphere-tracking-id=0&X-Atmosphere-Framework=2.2.3-javascript&X-Atmosphere-Transport=long-polling&X-Atmosphere-TrackMessageSize=true&Content-Type=charset%3Dutf-8&X-atmo-protocol=true&_=1762741862398 HTTP/1.1" 200 -
14.0.170.122 - - [10/Nov/2025:10:27:42 +0800] "GET /InternetTrading/longpoll/A8127?X-Atmosphere-tracking-id=0&X-Atmosphere-Framework=2.2.3-javascript&X-Atmosphere-Transport=long-polling&X-Atmosphere-TrackMessageSize=true&Content-Type=charset%3Dutf-8&X-atmo-protocol=true&_=1762741863278 HTTP/1.1" 200 -
14.0.170.122 - - [10/Nov/2025:10:27:44 +0800] "POST /InternetTrading/SessionErrorLogger HTTP/1.1" 200 117
14.0.170.122 - - [10/Nov/2025:10:27:44 +0800] "POST /InternetTrading/MarketStatus HTTP/1.1" 200 772
65.181.90.29 - - [10/Nov/2025:10:27:44 +0800] "GET /InternetTrading/longpoll/54338?X-Atmosphere-tracking-id=0&X-Atmosphere-Framework=2.2.3-javascript&X-Atmosphere-Transport=long-polling&X-Atmosphere-TrackMessageSize=true&Content-Type=charset%3Dutf-8&X-atmo-protocol=true&_=1762741868654 HTTP/1.1" 200 -
58.152.215.195 - - [10/Nov/2025:10:27:45 +0800] "GET /InternetTrading/longpoll/55136?X-Atmosphere-tracking-id=0&X-Atmosphere-Framework=2.2.3-javascript&X-Atmosphere-Transport=long-polling&X-Atmosphere-TrackMessageSize=true&Content-Type=charset%3Dutf-8&X-atmo-protocol=true&_=1762741867101 HTTP/1.1" 200 -
183.178.37.129 - - [10/Nov/2025:10:27:47 +0800] "GET /InternetTrading/longpoll/56419?X-Atmosphere-tracking-id=0&X-Atmosphere-Framework=2.2.3-javascript&X-Atmosphere-Transport=long-polling&X-Atmosphere-TrackMessageSize=true&Content-Type=charset%3Dutf-8&X-atmo-protocol=true&_=1762741868404 HTTP/1.1" 200 -
14.0.170.122 - - [10/Nov/2025:10:27:47 +0800] "GET /InternetTrading/longpoll/A8127?X-Atmosphere-tracking-id=0&X-Atmosphere-Framework=2.2.3-javascript&X-Atmosphere-Transport=long-polling&X-Atmosphere-TrackMessageSize=true&Content-Type=charset%3Dutf-8&X-atmo-protocol=true&_=1762741868716 HTTP/1.1" 200 -
58.152.215.195 - - [10/Nov/2025:10:27:49 +0800] "POST /InternetTrading/SessionErrorLogger HTTP/1.1" 200 117
58.152.215.195 - - [10/Nov/2025:10:27:49 +0800] "POST /InternetTrading/Heartbeat HTTP/1.1" 200 32
58.152.215.195 - - [10/Nov/2025:10:27:49 +0800] "POST /InternetTrading/SessionErrorLogger HTTP/1.1" 200 117
58.152.215.195 - - [10/Nov/2025:10:27:49 +0800] "POST /InternetTrading/MarketStatus HTTP/1.1" 200 772
65.181.90.29 - - [10/Nov/2025:10:27:49 +0800] "GET /InternetTrading/longpoll/54338?X-Atmosphere-tracking-id=0&X-Atmosphere-Framework=2.2.3-javascript&X-Atmosphere-Transport=long-polling&X-Atmosphere-TrackMessageSize=true&Content-Type=charset%3Dutf-8&X-atmo-protocol=true&_=1762741873694 HTTP/1.1" 200 -
183.178.37.129 - - [10/Nov/2025:10:27:50 +0800] "POST /InternetTrading/SessionErrorLogger HTTP/1.1" 200 117
183.178.37.129 - - [10/Nov/2025:10:27:50 +0800] "POST /InternetTrading/MarketStatus HTTP/1.1" 200 772
183.178.37.129 - - [10/Nov/2025:10:27:50 +0800] "POST /InternetTrading/SessionErrorLogger HTTP/1.1" 200 117
183.178.37.129 - - [10/Nov/2025:10:27:50 +0800] "POST /InternetTrading/Heartbeat HTTP/1.1" 200 32
58.152.215.195 - - [10/Nov/2025:10:27:50 +0800] "GET /InternetTrading/longpoll/55136?X-Atmosphere-tracking-id=0&X-Atmosphere-Framework=2.2.3-javascript&X-Atmosphere-Transport=long-polling&X-Atmosphere-TrackMessageSize=true&Content-Type=charset%3Dutf-8&X-atmo-protocol=true&_=1762741872137 HTTP/1.1" 200 -
14.0.170.122 - - [10/Nov/2025:10:27:52 +0800] "GET /InternetTrading/longpoll/A8127?X-Atmosphere-tracking-id=0&X-Atmosphere-Framework=2.2.3-javascript&X-Atmosphere-Transport=long-polling&X-Atmosphere-TrackMessageSize=true&Content-Type=charset%3Dutf-8&X-atmo-protocol=true&_=1762741873907 HTTP/1.1" 200 -
183.178.37.129 - - [10/Nov/2025:10:27:53 +0800] "GET /InternetTrading/longpoll/56419?X-Atmosphere-tracking-id=0&X-Atmosphere-Framework=2.2.3-javascript&X-Atmosphere-Transport=long-polling&X-Atmosphere-TrackMessageSize=true&Content-Type=charset%3Dutf-8&X-atmo-protocol=true&_=1762741874392 HTTP/1.1" 200 -
65.181.90.29 - - [10/Nov/2025:10:27:54 +0800] "POST /InternetTrading/SessionErrorLogger HTTP/1.1" 200 117
65.181.90.29 - - [10/Nov/2025:10:27:54 +0800] "POST /InternetTrading/Heartbeat HTTP/1.1" 200 32
65.181.90.29 - - [10/Nov/2025:10:27:54 +0800] "POST /InternetTrading/SessionErrorLogger HTTP/1.1" 200 117
65.181.90.29 - - [10/Nov/2025:10:27:54 +0800] "POST /InternetTrading/MarketStatus HTTP/1.1" 200 772
65.181.90.29 - - [10/Nov/2025:10:27:54 +0800] "GET /InternetTrading/longpoll/54338?X-Atmosphere-tracking-id=0&X-Atmosphere-Framework=2.2.3-javascript&X-Atmosphere-Transport=long-polling&X-Atmosphere-TrackMessageSize=true&Content-Type=charset%3Dutf-8&X-atmo-protocol=true&_=1762741878734 HTTP/1.1" 200 -
58.152.215.195 - - [10/Nov/2025:10:27:55 +0800] "GET /InternetTrading/longpoll/55136?X-Atmosphere-tracking-id=0&X-Atmosphere-Framework=2.2.3-javascript&X-Atmosphere-Transport=long-polling&X-Atmosphere-TrackMessageSize=true&Content-Type=charset%3Dutf-8&X-atmo-protocol=true&_=1762741877157 HTTP/1.1" 200 -
14.0.170.122 - - [10/Nov/2025:10:27:58 +0800] "GET /InternetTrading/longpoll/A8127?X-Atmosphere-tracking-id=0&X-Atmosphere-Framework=2.2.3-javascript&X-Atmosphere-Transport=long-polling&X-Atmosphere-TrackMessageSize=true&Content-Type=charset%3Dutf-8&X-atmo-protocol=true&_=1762741879206 HTTP/1.1" 200 -
183.178.37.129 - - [10/Nov/2025:10:27:59 +0800] "GET /InternetTrading/longpoll/56419?X-Atmosphere-tracking-id=0&X-Atmosphere-Framework=2.2.3-javascript&X-Atmosphere-Transport=long-polling&X-Atmosphere-TrackMessageSize=true&Content-Type=charset%3Dutf-8&X-atmo-protocol=true&_=1762741880397 HTTP/1.1" 200 -
65.181.90.29 - - [10/Nov/2025:10:27:59 +0800] "GET /InternetTrading/longpoll/54338?X-Atmosphere-tracking-id=0&X-Atmosphere-Framework=2.2.3-javascript&X-Atmosphere-Transport=long-polling&X-Atmosphere-TrackMessageSize=true&Content-Type=charset%3Dutf-8&X-atmo-protocol=true&_=1762741883762 HTTP/1.1" 200 -
58.152.215.195 - - [10/Nov/2025:10:28:00 +0800] "GET /InternetTrading/longpoll/55136?X-Atmosphere-tracking-id=0&X-Atmosphere-Framework=2.2.3-javascript&X-Atmosphere-Transport=long-polling&X-Atmosphere-TrackMessageSize=true&Content-Type=charset%3Dutf-8&X-atmo-protocol=true&_=1762741882189 HTTP/1.1" 200 -
220.246.38.37 - - [10/Nov/2025:10:28:01 +0800] "-" 408 -
14.0.170.122 - - [10/Nov/2025:10:28:02 +0800] "POST /InternetTrading/SessionErrorLogger HTTP/1.1" 200 117
14.0.170.122 - - [10/Nov/2025:10:28:02 +0800] "POST /InternetTrading/Heartbeat HTTP/1.1" 200 32
14.0.170.122 - - [10/Nov/2025:10:28:03 +0800] "GET /InternetTrading/longpoll/A8127?X-Atmosphere-tracking-id=0&X-Atmosphere-Framework=2.2.3-javascript&X-Atmosphere-Transport=long-polling&X-Atmosphere-TrackMessageSize=true&Content-Type=charset%3Dutf-8&X-atmo-protocol=true&_=1762741884484 HTTP/1.1" 200 -
65.181.90.29 - - [10/Nov/2025:10:28:04 +0800] "GET /InternetTrading/longpoll/54338?X-Atmosphere-tracking-id=0&X-Atmosphere-Framework=2.2.3-javascript&X-Atmosphere-Transport=long-polling&X-Atmosphere-TrackMessageSize=true&Content-Type=charset%3Dutf-8&X-atmo-protocol=true&_=1762741888791 HTTP/1.1" 200 -
183.178.37.129 - - [10/Nov/2025:10:28:05 +0800] "GET /InternetTrading/longpoll/56419?X-Atmosphere-tracking-id=0&X-Atmosphere-Framework=2.2.3-javascript&X-Atmosphere-Transport=long-polling&X-Atmosphere-TrackMessageSize=true&Content-Type=charset%3Dutf-8&X-atmo-protocol=true&_=1762741886395 HTTP/1.1" 200 -
58.152.215.195 - - [10/Nov/2025:10:28:05 +0800] "GET /InternetTrading/longpoll/55136?X-Atmosphere-tracking-id=0&X-Atmosphere-Framework=2.2.3-javascript&X-Atmosphere-Transport=long-polling&X-Atmosphere-TrackMessageSize=true&Content-Type=charset%3Dutf-8&X-atmo-protocol=true&_=1762741887213 HTTP/1.1" 200 -
14.0.170.122 - - [10/Nov/2025:10:28:08 +0800] "GET /InternetTrading/longpoll/A8127?X-Atmosphere-tracking-id=0&X-Atmosphere-Framework=2.2.3-javascript&X-Atmosphere-Transport=long-polling&X-Atmosphere-TrackMessageSize=true&Content-Type=charset%3Dutf-8&X-atmo-protocol=true&_=1762741889531 HTTP/1.1" 200 -
65.181.90.29 - - [10/Nov/2025:10:28:10 +0800] "GET /InternetTrading/longpoll/54338?X-Atmosphere-tracking-id=0&X-Atmosphere-Framework=2.2.3-javascript&X-Atmosphere-Transport=long-polling&X-Atmosphere-TrackMessageSize=true&Content-Type=charset%3Dutf-8&X-atmo-protocol=true&_=1762741893829 HTTP/1.1" 200 -
182.148.17.162 - - [10/Nov/2025:10:28:10 +0800] "GET /InternetTrading HTTP/1.1" 302 -
182.148.17.162 - - [10/Nov/2025:10:28:10 +0800] "GET /InternetTrading/ HTTP/1.1" 200 351
58.152.215.195 - - [10/Nov/2025:10:28:10 +0800] "GET /InternetTrading/longpoll/55136?X-Atmosphere-tracking-id=0&X-Atmosphere-Framework=2.2.3-javascript&X-Atmosphere-Transport=long-polling&X-Atmosphere-TrackMessageSize=true&Content-Type=charset%3Dutf-8&X-atmo-protocol=true&_=1762741892253 HTTP/1.1" 200 -
183.178.37.129 - - [10/Nov/2025:10:28:11 +0800] "GET /InternetTrading/longpoll/56419?X-Atmosphere-tracking-id=0&X-Atmosphere-Framework=2.2.3-javascript&X-Atmosphere-Transport=long-polling&X-Atmosphere-TrackMessageSize=true&Content-Type=charset%3Dutf-8&X-atmo-protocol=true&_=1762741892396 HTTP/1.1" 200 -
182.148.17.162 - - [10/Nov/2025:10:28:11 +0800] "GET /InternetTrading/tc/user/custom_variables.js?jsv=0001 HTTP/1.1" 200 275
182.148.17.162 - - [10/Nov/2025:10:28:11 +0800] "GET /InternetTrading/js/util.js?jsv=0001 HTTP/1.1" 200 6636
182.148.17.162 - - [10/Nov/2025:10:28:12 +0800] "GET /InternetTrading/tc/index.html HTTP/1.1" 200 328
182.148.17.162 - - [10/Nov/2025:10:28:12 +0800] "GET /InternetTrading/tc/user/custom_variables.js?jsv=20200819161914 HTTP/1.1" 200 275
182.148.17.162 - - [10/Nov/2025:10:28:12 +0800] "GET /InternetTrading/tc/login.html HTTP/1.1" 200 1755
182.148.17.162 - - [10/Nov/2025:10:28:12 +0800] "GET /InternetTrading/tc/style_common.css?v=20200819161914 HTTP/1.1" 200 2540
182.148.17.162 - - [10/Nov/2025:10:28:12 +0800] "GET /InternetTrading/tc/style.css?v=20200819161914 HTTP/1.1" 200 1435
182.148.17.162 - - [10/Nov/2025:10:28:12 +0800] "GET /InternetTrading/jquery/jquery-migrate-3.0.0.js HTTP/1.1" 200 4963
182.148.17.162 - - [10/Nov/2025:10:28:12 +0800] "GET /InternetTrading/jquery/jquery-3.3.1.js HTTP/1.1" 200 80650
182.148.17.162 - - [10/Nov/2025:10:28:12 +0800] "GET /InternetTrading/jquery/jquery.blockUI-2.66.0.js HTTP/1.1" 200 6651
182.148.17.162 - - [10/Nov/2025:10:28:12 +0800] "GET /InternetTrading/jquery/jquery-ui-personalized-1.6rc2.min.js HTTP/1.1" 200 55543
182.148.17.162 - - [10/Nov/2025:10:28:12 +0800] "GET /InternetTrading/jquery/jquery.timer-0.9.16.js HTTP/1.1" 200 542
182.148.17.162 - - [10/Nov/2025:10:28:12 +0800] "GET /InternetTrading/jquery/jquery.validate-1.11.1.js HTTP/1.1" 200 7041
182.148.17.162 - - [10/Nov/2025:10:28:12 +0800] "GET /InternetTrading/jquery/jquery.getParams.js HTTP/1.1" 200 587
182.148.17.162 - - [10/Nov/2025:10:28:12 +0800] "GET /InternetTrading/jquery/jquery.form-3.46.0.js HTTP/1.1" 200 5673
182.148.17.162 - - [10/Nov/2025:10:28:12 +0800] "GET /InternetTrading/jquery/additional-methods.js HTTP/1.1" 200 2238
182.148.17.162 - - [10/Nov/2025:10:28:12 +0800] "GET /InternetTrading/tc/user/translation.js?jsv=20200819161914 HTTP/1.1" 200 12818
182.148.17.162 - - [10/Nov/2025:10:28:12 +0800] "GET /InternetTrading/js/constants.js?jsv=20200819161914 HTTP/1.1" 200 400
182.148.17.162 - - [10/Nov/2025:10:28:12 +0800] "GET /InternetTrading/js/haitong.js?jsv=20200819161914 HTTP/1.1" 200 3881
182.148.17.162 - - [10/Nov/2025:10:28:12 +0800] "GET /InternetTrading/js/util.js?jsv=20200819161914 HTTP/1.1" 200 6636
182.148.17.162 - - [10/Nov/2025:10:28:12 +0800] "GET /InternetTrading/js/version.js?jsv=20200819161914 HTTP/1.1" 200 85
182.148.17.162 - - [10/Nov/2025:10:28:12 +0800] "GET /InternetTrading/js/init.js?jsv=20200819161914 HTTP/1.1" 200 886
182.148.17.162 - - [10/Nov/2025:10:28:12 +0800] "GET /InternetTrading/js/login.js?jsv=20200819161914 HTTP/1.1" 200 1684
182.148.17.162 - - [10/Nov/2025:10:28:13 +0800] "GET /InternetTrading/tc/user/custom_variables.js?jsv=20200819161914 HTTP/1.1" 200 275
182.148.17.162 - - [10/Nov/2025:10:28:13 +0800] "GET /InternetTrading/js/string_extend.js?jsv=20200819161914 HTTP/1.1" 200 272
182.148.17.162 - - [10/Nov/2025:10:28:13 +0800] "GET /InternetTrading/js/pidcrypt_util.js?jsv=20200819161914 HTTP/1.1" 200 1206
182.148.17.162 - - [10/Nov/2025:10:28:13 +0800] "GET /InternetTrading/js/pidcrypt.js?jsv=20200819161914 HTTP/1.1" 200 982
182.148.17.162 - - [10/Nov/2025:10:28:13 +0800] "GET /InternetTrading/js/aes_cbc.js?jsv=20200819161914 HTTP/1.1" 200 2043
182.148.17.162 - - [10/Nov/2025:10:28:13 +0800] "GET /InternetTrading/js/aes_core.js?jsv=20200819161914 HTTP/1.1" 200 2106
182.148.17.162 - - [10/Nov/2025:10:28:13 +0800] "GET /InternetTrading/js/md5.js?jsv=20200819161914 HTTP/1.1" 200 1730
182.148.17.162 - - [10/Nov/2025:10:28:13 +0800] "GET /InternetTrading/js/asn1.js?jsv=20200819161914 HTTP/1.1" 200 3099
182.148.17.162 - - [10/Nov/2025:10:28:13 +0800] "GET /InternetTrading/js/sha256.js?jsv=20200819161914 HTTP/1.1" 200 1362
182.148.17.162 - - [10/Nov/2025:10:28:13 +0800] "GET /InternetTrading/js/rng.js?jsv=20200819161914 HTTP/1.1" 200 481
182.148.17.162 - - [10/Nov/2025:10:28:13 +0800] "GET /InternetTrading/js/prng4.js?jsv=20200819161914 HTTP/1.1" 200 303
182.148.17.162 - - [10/Nov/2025:10:28:13 +0800] "GET /InternetTrading/js/jsbn.js?jsv=20200819161914 HTTP/1.1" 200 6736
182.148.17.162 - - [10/Nov/2025:10:28:13 +0800] "GET /InternetTrading/js/rsa.js?jsv=20200819161914 HTTP/1.1" 200 1658
182.148.17.162 - - [10/Nov/2025:10:28:13 +0800] "GET /InternetTrading/tc/images/bg_login.jpg HTTP/1.1" 200 29296
182.148.17.162 - - [10/Nov/2025:10:28:13 +0800] "GET /InternetTrading/js/rsautil.js?jsv=20200819161914 HTTP/1.1" 200 1017
182.148.17.162 - - [10/Nov/2025:10:28:13 +0800] "GET /InternetTrading/tc/dialog.html?1762741893792 HTTP/1.1" 200 3188
182.148.17.162 - - [10/Nov/2025:10:28:13 +0800] "POST /InternetTrading/SystemMaintenanceCheck HTTP/1.1" 200 119
14.0.170.122 - - [10/Nov/2025:10:28:13 +0800] "GET /InternetTrading/longpoll/A8127?X-Atmosphere-tracking-id=0&X-Atmosphere-Framework=2.2.3-javascript&X-Atmosphere-Transport=long-polling&X-Atmosphere-TrackMessageSize=true&Content-Type=charset%3Dutf-8&X-atmo-protocol=true&_=1762741894763 HTTP/1.1" 200 -
182.148.17.162 - - [10/Nov/2025:10:28:13 +0800] "GET /InternetTrading/tc/images/favicon.ico HTTP/1.1" 404 682
182.148.17.162 - - [10/Nov/2025:10:28:14 +0800] "GET /InternetTrading/tc/images/favicon.ico HTTP/1.1" 404 682
14.0.170.122 - - [10/Nov/2025:10:28:14 +0800] "POST /InternetTrading/SessionErrorLogger HTTP/1.1" 200 117
14.0.170.122 - - [10/Nov/2025:10:28:14 +0800] "POST /InternetTrading/MarketStatus HTTP/1.1" 200 772
65.181.90.29 - - [10/Nov/2025:10:28:15 +0800] "GET /InternetTrading/longpoll/54338?X-Atmosphere-tracking-id=0&X-Atmosphere-Framework=2.2.3-javascript&X-Atmosphere-Transport=long-polling&X-Atmosphere-TrackMessageSize=true&Content-Type=charset%3Dutf-8&X-atmo-protocol=true&_=1762741898867 HTTP/1.1" 200 -
58.152.215.195 - - [10/Nov/2025:10:28:15 +0800] "GET /InternetTrading/longpoll/55136?X-Atmosphere-tracking-id=0&X-Atmosphere-Framework=2.2.3-javascript&X-Atmosphere-Transport=long-polling&X-Atmosphere-TrackMessageSize=true&Content-Type=charset%3Dutf-8&X-atmo-protocol=true&_=1762741897298 HTTP/1.1" 200 -
183.178.37.129 - - [10/Nov/2025:10:28:17 +0800] "GET /InternetTrading/longpoll/56419?X-Atmosphere-tracking-id=0&X-Atmosphere-Framework=2.2.3-javascript&X-Atmosphere-Transport=long-polling&X-Atmosphere-TrackMessageSize=true&Content-Type=charset%3Dutf-8&X-atmo-protocol=true&_=1762741898391 HTTP/1.1" 200 -
14.0.170.122 - - [10/Nov/2025:10:28:18 +0800] "GET /InternetTrading/longpoll/A8127?X-Atmosphere-tracking-id=0&X-Atmosphere-Framework=2.2.3-javascript&X-Atmosphere-Transport=long-polling&X-Atmosphere-TrackMessageSize=true&Content-Type=charset%3Dutf-8&X-atmo-protocol=true&_=1762741899925 HTTP/1.1" 200 -
58.152.215.195 - - [10/Nov/2025:10:28:19 +0800] "POST /InternetTrading/SessionErrorLogger HTTP/1.1" 200 117
58.152.215.195 - - [10/Nov/2025:10:28:19 +0800] "POST /InternetTrading/Heartbeat HTTP/1.1" 200 32
58.152.215.195 - - [10/Nov/2025:10:28:19 +0800] "POST /InternetTrading/SessionErrorLogger HTTP/1.1" 200 117
58.152.215.195 - - [10/Nov/2025:10:28:19 +0800] "POST /InternetTrading/MarketStatus HTTP/1.1" 200 772
65.181.90.29 - - [10/Nov/2025:10:28:20 +0800] "GET /InternetTrading/longpoll/54338?X-Atmosphere-tracking-id=0&X-Atmosphere-Framework=2.2.3-javascript&X-Atmosphere-Transport=long-polling&X-Atmosphere-TrackMessageSize=true&Content-Type=charset%3Dutf-8&X-atmo-protocol=true&_=1762741903896 HTTP/1.1" 200 -
58.152.215.195 - - [10/Nov/2025:10:28:20 +0800] "GET /InternetTrading/longpoll/55136?X-Atmosphere-tracking-id=0&X-Atmosphere-Framework=2.2.3-javascript&X-Atmosphere-Transport=long-polling&X-Atmosphere-TrackMessageSize=true&Content-Type=charset%3Dutf-8&X-atmo-protocol=true&_=1762741902337 HTTP/1.1" 200 -
183.178.37.129 - - [10/Nov/2025:10:28:23 +0800] "GET /InternetTrading/longpoll/56419?X-Atmosphere-tracking-id=0&X-Atmosphere-Framework=2.2.3-javascript&X-Atmosphere-Transport=long-polling&X-Atmosphere-TrackMessageSize=true&Content-Type=charset%3Dutf-8&X-atmo-protocol=true&_=1762741904396 HTTP/1.1" 200 -
14.0.170.122 - - [10/Nov/2025:10:28:23 +0800] "GET /InternetTrading/longpoll/A8127?X-Atmosphere-tracking-id=0&X-Atmosphere-Framework=2.2.3-javascript&X-Atmosphere-Transport=long-polling&X-Atmosphere-TrackMessageSize=true&Content-Type=charset%3Dutf-8&X-atmo-protocol=true&_=1762741905037 HTTP/1.1" 200 -
65.181.90.29 - - [10/Nov/2025:10:28:24 +0800] "POST /InternetTrading/SessionErrorLogger HTTP/1.1" 200 117
65.181.90.29 - - [10/Nov/2025:10:28:24 +0800] "POST /InternetTrading/Heartbeat HTTP/1.1" 200 32
65.181.90.29 - - [10/Nov/2025:10:28:24 +0800] "POST /InternetTrading/SessionErrorLogger HTTP/1.1" 200 117
65.181.90.29 - - [10/Nov/2025:10:28:24 +0800] "POST /InternetTrading/MarketStatus HTTP/1.1" 200 772
65.181.90.29 - - [10/Nov/2025:10:28:25 +0800] "GET /InternetTrading/longpoll/54338?X-Atmosphere-tracking-id=0&X-Atmosphere-Framework=2.2.3-javascript&X-Atmosphere-Transport=long-polling&X-Atmosphere-TrackMessageSize=true&Content-Type=charset%3Dutf-8&X-atmo-protocol=true&_=1762741908927 HTTP/1.1" 200 -
58.152.215.195 - - [10/Nov/2025:10:28:26 +0800] "GET /InternetTrading/longpoll/55136?X-Atmosphere-tracking-id=0&X-Atmosphere-Framework=2.2.3-javascript&X-Atmosphere-Transport=long-polling&X-Atmosphere-TrackMessageSize=true&Content-Type=charset%3Dutf-8&X-atmo-protocol=true&_=1762741907366 HTTP/1.1" 200 -
183.178.37.129 - - [10/Nov/2025:10:28:29 +0800] "GET /InternetTrading/longpoll/56419?X-Atmosphere-tracking-id=0&X-Atmosphere-Framework=2.2.3-javascript&X-Atmosphere-Transport=long-polling&X-Atmosphere-TrackMessageSize=true&Content-Type=charset%3Dutf-8&X-atmo-protocol=true&_=1762741910398 HTTP/1.1" 200 -
14.0.170.122 - - [10/Nov/2025:10:28:29 +0800] "GET /InternetTrading/longpoll/A8127?X-Atmosphere-tracking-id=0&X-Atmosphere-Framework=2.2.3-javascript&X-Atmosphere-Transport=long-polling&X-Atmosphere-TrackMessageSize=true&Content-Type=charset%3Dutf-8&X-atmo-protocol=true&_=1762741910166 HTTP/1.1" 200 -
65.181.90.29 - - [10/Nov/2025:10:28:30 +0800] "GET /InternetTrading/longpoll/54338?X-Atmosphere-tracking-id=0&X-Atmosphere-Framework=2.2.3-javascript&X-Atmosphere-Transport=long-polling&X-Atmosphere-TrackMessageSize=true&Content-Type=charset%3Dutf-8&X-atmo-protocol=true&_=1762741913950 HTTP/1.1" 200 -
58.152.215.195 - - [10/Nov/2025:10:28:31 +0800] "GET /InternetTrading/longpoll/55136?X-Atmosphere-tracking-id=0&X-Atmosphere-Framework=2.2.3-javascript&X-Atmosphere-Transport=long-polling&X-Atmosphere-TrackMessageSize=true&Content-Type=charset%3Dutf-8&X-atmo-protocol=true&_=1762741912397 HTTP/1.1" 200 -
182.148.17.162 - - [10/Nov/2025:10:28:32 +0800] "POST /InternetTrading/CheckIsEnableRSA HTTP/1.1" 200 1
182.148.17.162 - - [10/Nov/2025:10:28:32 +0800] "POST /InternetTrading/CheckPwEncryptType HTTP/1.1" 200 -
14.0.170.122 - - [10/Nov/2025:10:28:32 +0800] "POST /InternetTrading/SessionErrorLogger HTTP/1.1" 200 117
182.148.17.162 - - [10/Nov/2025:10:28:32 +0800] "POST /InternetTrading/LoginKey HTTP/1.1" 200 -
14.0.170.122 - - [10/Nov/2025:10:28:32 +0800] "POST /InternetTrading/Heartbeat HTTP/1.1" 200 32
182.148.17.162 - - [10/Nov/2025:10:28:33 +0800] "GET /InternetTrading/jquery/wait.gif HTTP/1.1" 200 432
14.0.170.122 - - [10/Nov/2025:10:28:34 +0800] "GET /InternetTrading/longpoll/A8127?X-Atmosphere-tracking-id=0&X-Atmosphere-Framework=2.2.3-javascript&X-Atmosphere-Transport=long-polling&X-Atmosphere-TrackMessageSize=true&Content-Type=charset%3Dutf-8&X-atmo-protocol=true&_=1762741915432 HTTP/1.1" 200 -
182.148.17.162 - - [10/Nov/2025:10:28:32 +0800] "POST /InternetTrading/Login HTTP/1.1" 200 457
182.148.17.162 - - [10/Nov/2025:10:28:34 +0800] "GET /InternetTrading/tc/2FA_authentication.html?language=tc&version=HTML HTTP/1.1" 200 1468
182.148.17.162 - - [10/Nov/2025:10:28:34 +0800] "GET /InternetTrading/tc/style.css?v=20200819161914 HTTP/1.1" 200 1435
182.148.17.162 - - [10/Nov/2025:10:28:34 +0800] "GET /InternetTrading/tc/style_common.css?v=20200819161914 HTTP/1.1" 200 2540
182.148.17.162 - - [10/Nov/2025:10:28:34 +0800] "GET /InternetTrading/jquery/jquery-migrate-3.0.0.js HTTP/1.1" 200 4963
182.148.17.162 - - [10/Nov/2025:10:28:34 +0800] "GET /InternetTrading/jquery/jquery-3.3.1.js HTTP/1.1" 200 80650
182.148.17.162 - - [10/Nov/2025:10:28:34 +0800] "GET /InternetTrading/jquery/jquery.validate-1.11.1.js HTTP/1.1" 200 7041
182.148.17.162 - - [10/Nov/2025:10:28:34 +0800] "GET /InternetTrading/jquery/jquery.form-3.46.0.js HTTP/1.1" 200 5673
182.148.17.162 - - [10/Nov/2025:10:28:34 +0800] "GET /InternetTrading/jquery/additional-methods.js HTTP/1.1" 200 2238
182.148.17.162 - - [10/Nov/2025:10:28:34 +0800] "GET /InternetTrading/jquery/jquery-ui-1.10.3.js HTTP/1.1" 200 69642
182.148.17.162 - - [10/Nov/2025:10:28:34 +0800] "GET /InternetTrading/jquery/jquery.getParams.js HTTP/1.1" 200 587
182.148.17.162 - - [10/Nov/2025:10:28:34 +0800] "GET /InternetTrading/jquery/jquery.timer-0.9.16.js HTTP/1.1" 200 542
182.148.17.162 - - [10/Nov/2025:10:28:34 +0800] "GET /InternetTrading/jquery/jquery.blockUI-2.66.0-iAsiaEdition.js HTTP/1.1" 200 6651
182.148.17.162 - - [10/Nov/2025:10:28:34 +0800] "GET /InternetTrading/tc/user/translation.js?jsv=20200819161914 HTTP/1.1" 200 12818
182.148.17.162 - - [10/Nov/2025:10:28:34 +0800] "GET /InternetTrading/js/constants.js?jsv=20200819161914 HTTP/1.1" 200 400
182.148.17.162 - - [10/Nov/2025:10:28:34 +0800] "GET /InternetTrading/js/haitong.js?jsv=20200819161914 HTTP/1.1" 200 3881
182.148.17.162 - - [10/Nov/2025:10:28:34 +0800] "GET /InternetTrading/js/util.js?jsv=20200819161914 HTTP/1.1" 200 6636
182.148.17.162 - - [10/Nov/2025:10:28:34 +0800] "GET /InternetTrading/js/init.js?jsv=20200819161914 HTTP/1.1" 200 886
182.148.17.162 - - [10/Nov/2025:10:28:34 +0800] "GET /InternetTrading/tc/user/custom_variables.js?jsv=20200819161914 HTTP/1.1" 200 275
182.148.17.162 - - [10/Nov/2025:10:28:34 +0800] "GET /InternetTrading/js/2fa.js?jsv=20200819161914 HTTP/1.1" 200 1953
182.148.17.162 - - [10/Nov/2025:10:28:34 +0800] "GET /InternetTrading/settings/webpage_settings.js?jsv=20200819161914 HTTP/1.1" 200 33
182.148.17.162 - - [10/Nov/2025:10:28:34 +0800] "GET /InternetTrading/js/login.js?jsv=20200819161914 HTTP/1.1" 200 1684
182.148.17.162 - - [10/Nov/2025:10:28:34 +0800] "GET /InternetTrading/tc/images/logo.png HTTP/1.1" 200 7042
182.148.17.162 - - [10/Nov/2025:10:28:35 +0800] "GET /InternetTrading/js/login.js?jsv=20200819161914 HTTP/1.1" 200 1684
183.178.37.129 - - [10/Nov/2025:10:28:35 +0800] "GET /InternetTrading/longpoll/56419?X-Atmosphere-tracking-id=0&X-Atmosphere-Framework=2.2.3-javascript&X-Atmosphere-Transport=long-polling&X-Atmosphere-TrackMessageSize=true&Content-Type=charset%3Dutf-8&X-atmo-protocol=true&_=1762741916406 HTTP/1.1" 200 -
65.181.90.29 - - [10/Nov/2025:10:28:35 +0800] "GET /InternetTrading/longpoll/54338?X-Atmosphere-tracking-id=0&X-Atmosphere-Framework=2.2.3-javascript&X-Atmosphere-Transport=long-polling&X-Atmosphere-TrackMessageSize=true&Content-Type=charset%3Dutf-8&X-atmo-protocol=true&_=1762741918980 HTTP/1.1" 200 -
182.148.17.162 - - [10/Nov/2025:10:28:35 +0800] "GET /InternetTrading/jquery/wait.gif HTTP/1.1" 200 432
182.148.17.162 - - [10/Nov/2025:10:28:35 +0800] "GET /InternetTrading/tc/dialog.html?1762741915441 HTTP/1.1" 200 3188
182.148.17.162 - - [10/Nov/2025:10:28:35 +0800] "GET /favicon.ico HTTP/1.1" 404 196
182.148.17.162 - - [10/Nov/2025:10:28:35 +0800] "POST /InternetTrading/Get2FAInfoService HTTP/1.1" 200 109
182.148.17.162 - - [10/Nov/2025:10:28:35 +0800] "POST /InternetTrading/SystemMaintenanceCheck HTTP/1.1" 200 119
182.148.17.162 - - [10/Nov/2025:10:28:35 +0800] "POST /InternetTrading/SystemMaintenanceCheck HTTP/1.1" 200 119
58.152.215.195 - - [10/Nov/2025:10:28:36 +0800] "GET /InternetTrading/longpoll/55136?X-Atmosphere-tracking-id=0&X-Atmosphere-Framework=2.2.3-javascript&X-Atmosphere-Transport=long-polling&X-Atmosphere-TrackMessageSize=true&Content-Type=charset%3Dutf-8&X-atmo-protocol=true&_=1762741917458 HTTP/1.1" 200 -
14.0.170.122 - - [10/Nov/2025:10:28:39 +0800] "GET /InternetTrading/longpoll/A8127?X-Atmosphere-tracking-id=0&X-Atmosphere-Framework=2.2.3-javascript&X-Atmosphere-Transport=long-polling&X-Atmosphere-TrackMessageSize=true&Content-Type=charset%3Dutf-8&X-atmo-protocol=true&_=1762741920635 HTTP/1.1" 200 -
65.181.90.29 - - [10/Nov/2025:10:28:40 +0800] "GET /InternetTrading/longpoll/54338?X-Atmosphere-tracking-id=0&X-Atmosphere-Framework=2.2.3-javascript&X-Atmosphere-Transport=long-polling&X-Atmosphere-TrackMessageSize=true&Content-Type=charset%3Dutf-8&X-atmo-protocol=true&_=1762741924026 HTTP/1.1" 200 -
183.178.37.129 - - [10/Nov/2025:10:28:41 +0800] "GET /InternetTrading/longpoll/56419?X-Atmosphere-tracking-id=0&X-Atmosphere-Framework=2.2.3-javascript&X-Atmosphere-Transport=long-polling&X-Atmosphere-TrackMessageSize=true&Content-Type=charset%3Dutf-8&X-atmo-protocol=true&_=1762741922406 HTTP/1.1" 200 -
58.152.215.195 - - [10/Nov/2025:10:28:41 +0800] "GET /InternetTrading/longpoll/55136?X-Atmosphere-tracking-id=0&X-Atmosphere-Framework=2.2.3-javascript&X-Atmosphere-Transport=long-polling&X-Atmosphere-TrackMessageSize=true&Content-Type=charset%3Dutf-8&X-atmo-protocol=true&_=1762741922493 HTTP/1.1" 200 -
14.0.170.122 - - [10/Nov/2025:10:28:44 +0800] "POST /InternetTrading/SessionErrorLogger HTTP/1.1" 200 117
14.0.170.122 - - [10/Nov/2025:10:28:45 +0800] "GET /InternetTrading/longpoll/A8127?X-Atmosphere-tracking-id=0&X-Atmosphere-Framework=2.2.3-javascript&X-Atmosphere-Transport=long-polling&X-Atmosphere-TrackMessageSize=true&Content-Type=charset%3Dutf-8&X-atmo-protocol=true&_=1762741925924 HTTP/1.1" 200 -
14.0.170.122 - - [10/Nov/2025:10:28:45 +0800] "POST /InternetTrading/MarketStatus HTTP/1.1" 200 772
65.181.90.29 - - [10/Nov/2025:10:28:45 +0800] "GET /InternetTrading/longpoll/54338?X-Atmosphere-tracking-id=0&X-Atmosphere-Framework=2.2.3-javascript&X-Atmosphere-Transport=long-polling&X-Atmosphere-TrackMessageSize=true&Content-Type=charset%3Dutf-8&X-atmo-protocol=true&_=1762741929075 HTTP/1.1" 200 -
58.152.215.195 - - [10/Nov/2025:10:28:46 +0800] "GET /InternetTrading/longpoll/55136?X-Atmosphere-tracking-id=0&X-Atmosphere-Framework=2.2.3-javascript&X-Atmosphere-Transport=long-polling&X-Atmosphere-TrackMessageSize=true&Content-Type=charset%3Dutf-8&X-atmo-protocol=true&_=1762741927518 HTTP/1.1" 200 -
183.178.37.129 - - [10/Nov/2025:10:28:47 +0800] "GET /InternetTrading/longpoll/56419?X-Atmosphere-tracking-id=0&X-Atmosphere-Framework=2.2.3-javascript&X-Atmosphere-Transport=long-polling&X-Atmosphere-TrackMessageSize=true&Content-Type=charset%3Dutf-8&X-atmo-protocol=true&_=1762741928396 HTTP/1.1" 200 -
58.152.215.195 - - [10/Nov/2025:10:28:49 +0800] "POST /InternetTrading/SessionErrorLogger HTTP/1.1" 200 117
58.152.215.195 - - [10/Nov/2025:10:28:49 +0800] "POST /InternetTrading/Heartbeat HTTP/1.1" 200 32
58.152.215.195 - - [10/Nov/2025:10:28:49 +0800] "POST /InternetTrading/SessionErrorLogger HTTP/1.1" 200 117
58.152.215.195 - - [10/Nov/2025:10:28:49 +0800] "POST /InternetTrading/MarketStatus HTTP/1.1" 200 772
183.178.37.129 - - [10/Nov/2025:10:28:50 +0800] "POST /InternetTrading/SessionErrorLogger HTTP/1.1" 200 117
183.178.37.129 - - [10/Nov/2025:10:28:50 +0800] "POST /InternetTrading/MarketStatus HTTP/1.1" 200 772
183.178.37.129 - - [10/Nov/2025:10:28:50 +0800] "POST /InternetTrading/SessionErrorLogger HTTP/1.1" 200 117
183.178.37.129 - - [10/Nov/2025:10:28:50 +0800] "POST /InternetTrading/Heartbeat HTTP/1.1" 200 32
65.181.90.29 - - [10/Nov/2025:10:28:50 +0800] "GET /InternetTrading/longpoll/54338?X-Atmosphere-tracking-id=0&X-Atmosphere-Framework=2.2.3-javascript&X-Atmosphere-Transport=long-polling&X-Atmosphere-TrackMessageSize=true&Content-Type=charset%3Dutf-8&X-atmo-protocol=true&_=1762741934117 HTTP/1.1" 200 -
14.0.170.122 - - [10/Nov/2025:10:28:50 +0800] "GET /InternetTrading/longpoll/A8127?X-Atmosphere-tracking-id=0&X-Atmosphere-Framework=2.2.3-javascript&X-Atmosphere-Transport=long-polling&X-Atmosphere-TrackMessageSize=true&Content-Type=charset%3Dutf-8&X-atmo-protocol=true&_=1762741931266 HTTP/1.1" 200 -
58.152.215.195 - - [10/Nov/2025:10:28:51 +0800] "GET /InternetTrading/longpoll/55136?X-Atmosphere-tracking-id=0&X-Atmosphere-Framework=2.2.3-javascript&X-Atmosphere-Transport=long-polling&X-Atmosphere-TrackMessageSize=true&Content-Type=charset%3Dutf-8&X-atmo-protocol=true&_=1762741932552 HTTP/1.1" 200 -
183.178.37.129 - - [10/Nov/2025:10:28:53 +0800] "GET /InternetTrading/longpoll/56419?X-Atmosphere-tracking-id=0&X-Atmosphere-Framework=2.2.3-javascript&X-Atmosphere-Transport=long-polling&X-Atmosphere-TrackMessageSize=true&Content-Type=charset%3Dutf-8&X-atmo-protocol=true&_=1762741934392 HTTP/1.1" 200 -
65.181.90.29 - - [10/Nov/2025:10:28:54 +0800] "POST /InternetTrading/SessionErrorLogger HTTP/1.1" 200 117
65.181.90.29 - - [10/Nov/2025:10:28:54 +0800] "POST /InternetTrading/Heartbeat HTTP/1.1" 200 32
65.181.90.29 - - [10/Nov/2025:10:28:54 +0800] "POST /InternetTrading/SessionErrorLogger HTTP/1.1" 200 117
65.181.90.29 - - [10/Nov/2025:10:28:54 +0800] "POST /InternetTrading/MarketStatus HTTP/1.1" 200 772
65.181.90.29 - - [10/Nov/2025:10:28:55 +0800] "GET /InternetTrading/longpoll/54338?X-Atmosphere-tracking-id=0&X-Atmosphere-Framework=2.2.3-javascript&X-Atmosphere-Transport=long-polling&X-Atmosphere-TrackMessageSize=true&Content-Type=charset%3Dutf-8&X-atmo-protocol=true&_=1762741939157 HTTP/1.1" 200 -
14.0.170.122 - - [10/Nov/2025:10:28:55 +0800] "GET /InternetTrading/longpoll/A8127?X-Atmosphere-tracking-id=0&X-Atmosphere-Framework=2.2.3-javascript&X-Atmosphere-Transport=long-polling&X-Atmosphere-TrackMessageSize=true&Content-Type=charset%3Dutf-8&X-atmo-protocol=true&_=1762741936562 HTTP/1.1" 200 -
58.152.215.195 - - [10/Nov/2025:10:28:56 +0800] "GET /InternetTrading/longpoll/55136?X-Atmosphere-tracking-id=0&X-Atmosphere-Framework=2.2.3-javascript&X-Atmosphere-Transport=long-polling&X-Atmosphere-TrackMessageSize=true&Content-Type=charset%3Dutf-8&X-atmo-protocol=true&_=1762741937575 HTTP/1.1" 200 -
183.178.37.129 - - [10/Nov/2025:10:28:59 +0800] "GET /InternetTrading/longpoll/56419?X-Atmosphere-tracking-id=0&X-Atmosphere-Framework=2.2.3-javascript&X-Atmosphere-Transport=long-polling&X-Atmosphere-TrackMessageSize=true&Content-Type=charset%3Dutf-8&X-atmo-protocol=true&_=1762741940398 HTTP/1.1" 200 -
65.181.90.29 - - [10/Nov/2025:10:29:00 +0800] "GET /InternetTrading/longpoll/54338?X-Atmosphere-tracking-id=0&X-Atmosphere-Framework=2.2.3-javascript&X-Atmosphere-Transport=long-polling&X-Atmosphere-TrackMessageSize=true&Content-Type=charset%3Dutf-8&X-atmo-protocol=true&_=1762741944182 HTTP/1.1" 200 -
14.0.170.122 - - [10/Nov/2025:10:29:00 +0800] "GET /InternetTrading/longpoll/A8127?X-Atmosphere-tracking-id=0&X-Atmosphere-Framework=2.2.3-javascript&X-Atmosphere-Transport=long-polling&X-Atmosphere-TrackMessageSize=true&Content-Type=charset%3Dutf-8&X-atmo-protocol=true&_=1762741941834 HTTP/1.1" 200 -
58.152.215.195 - - [10/Nov/2025:10:29:01 +0800] "GET /InternetTrading/longpoll/55136?X-Atmosphere-tracking-id=0&X-Atmosphere-Framework=2.2.3-javascript&X-Atmosphere-Transport=long-polling&X-Atmosphere-TrackMessageSize=true&Content-Type=charset%3Dutf-8&X-atmo-protocol=true&_=1762741942628 HTTP/1.1" 200 -
14.0.170.122 - - [10/Nov/2025:10:29:02 +0800] "POST /InternetTrading/SessionErrorLogger HTTP/1.1" 200 117
14.0.170.122 - - [10/Nov/2025:10:29:03 +0800] "POST /InternetTrading/Heartbeat HTTP/1.1" 200 32
183.178.37.129 - - [10/Nov/2025:10:29:05 +0800] "GET /InternetTrading/longpoll/56419?X-Atmosphere-tracking-id=0&X-Atmosphere-Framework=2.2.3-javascript&X-Atmosphere-Transport=long-polling&X-Atmosphere-TrackMessageSize=true&Content-Type=charset%3Dutf-8&X-atmo-protocol=true&_=1762741946395 HTTP/1.1" 200 -
65.181.90.29 - - [10/Nov/2025:10:29:05 +0800] "GET /InternetTrading/longpoll/54338?X-Atmosphere-tracking-id=0&X-Atmosphere-Framework=2.2.3-javascript&X-Atmosphere-Transport=long-polling&X-Atmosphere-TrackMessageSize=true&Content-Type=charset%3Dutf-8&X-atmo-protocol=true&_=1762741949210 HTTP/1.1" 200 -
182.148.17.162 - - [10/Nov/2025:10:29:05 +0800] "POST /InternetTrading/Heartbeat2FAService HTTP/1.1" 200 1
14.0.170.122 - - [10/Nov/2025:10:29:06 +0800] "GET /InternetTrading/longpoll/A8127?X-Atmosphere-tracking-id=0&X-Atmosphere-Framework=2.2.3-javascript&X-Atmosphere-Transport=long-polling&X-Atmosphere-TrackMessageSize=true&Content-Type=charset%3Dutf-8&X-atmo-protocol=true&_=1762741947107 HTTP/1.1" 200 -
58.152.215.195 - - [10/Nov/2025:10:29:06 +0800] "GET /InternetTrading/longpoll/55136?X-Atmosphere-tracking-id=0&X-Atmosphere-Framework=2.2.3-javascript&X-Atmosphere-Transport=long-polling&X-Atmosphere-TrackMessageSize=true&Content-Type=charset%3Dutf-8&X-atmo-protocol=true&_=1762741947663 HTTP/1.1" 200 -
65.181.90.29 - - [10/Nov/2025:10:29:10 +0800] "GET /InternetTrading/longpoll/54338?X-Atmosphere-tracking-id=0&X-Atmosphere-Framework=2.2.3-javascript&X-Atmosphere-Transport=long-polling&X-Atmosphere-TrackMessageSize=true&Content-Type=charset%3Dutf-8&X-atmo-protocol=true&_=1762741954246 HTTP/1.1" 200 -
183.178.37.129 - - [10/Nov/2025:10:29:11 +0800] "GET /InternetTrading/longpoll/56419?X-Atmosphere-tracking-id=0&X-Atmosphere-Framework=2.2.3-javascript&X-Atmosphere-Transport=long-polling&X-Atmosphere-TrackMessageSize=true&Content-Type=charset%3Dutf-8&X-atmo-protocol=true&_=1762741952402 HTTP/1.1" 200 -
58.152.215.195 - - [10/Nov/2025:10:29:11 +0800] "GET /InternetTrading/longpoll/55136?X-Atmosphere-tracking-id=0&X-Atmosphere-Framework=2.2.3-javascript&X-Atmosphere-Transport=long-polling&X-Atmosphere-TrackMessageSize=true&Content-Type=charset%3Dutf-8&X-atmo-protocol=true&_=1762741952694 HTTP/1.1" 200 -
14.0.170.122 - - [10/Nov/2025:10:29:11 +0800] "GET /InternetTrading/longpoll/A8127?X-Atmosphere-tracking-id=0&X-Atmosphere-Framework=2.2.3-javascript&X-Atmosphere-Transport=long-polling&X-Atmosphere-TrackMessageSize=true&Content-Type=charset%3Dutf-8&X-atmo-protocol=true&_=1762741952394 HTTP/1.1" 200 -
14.0.170.122 - - [10/Nov/2025:10:29:15 +0800] "POST /InternetTrading/SessionErrorLogger HTTP/1.1" 200 117
14.0.170.122 - - [10/Nov/2025:10:29:15 +0800] "POST /InternetTrading/MarketStatus HTTP/1.1" 200 772
65.181.90.29 - - [10/Nov/2025:10:29:15 +0800] "GET /InternetTrading/longpoll/54338?X-Atmosphere-tracking-id=0&X-Atmosphere-Framework=2.2.3-javascript&X-Atmosphere-Transport=long-polling&X-Atmosphere-TrackMessageSize=true&Content-Type=charset%3Dutf-8&X-atmo-protocol=true&_=1762741959327 HTTP/1.1" 200 -
58.152.215.195 - - [10/Nov/2025:10:29:16 +0800] "GET /InternetTrading/longpoll/55136?X-Atmosphere-tracking-id=0&X-Atmosphere-Framework=2.2.3-javascript&X-Atmosphere-Transport=long-polling&X-Atmosphere-TrackMessageSize=true&Content-Type=charset%3Dutf-8&X-atmo-protocol=true&_=1762741957722 HTTP/1.1" 200 -
14.0.170.122 - - [10/Nov/2025:10:29:16 +0800] "GET /InternetTrading/longpoll/A8127?X-Atmosphere-tracking-id=0&X-Atmosphere-Framework=2.2.3-javascript&X-Atmosphere-Transport=long-polling&X-Atmosphere-TrackMessageSize=true&Content-Type=charset%3Dutf-8&X-atmo-protocol=true&_=1762741957696 HTTP/1.1" 200 -
183.178.37.129 - - [10/Nov/2025:10:29:17 +0800] "GET /InternetTrading/longpoll/56419?X-Atmosphere-tracking-id=0&X-Atmosphere-Framework=2.2.3-javascript&X-Atmosphere-Transport=long-polling&X-Atmosphere-TrackMessageSize=true&Content-Type=charset%3Dutf-8&X-atmo-protocol=true&_=1762741958391 HTTP/1.1" 200 -
58.152.215.195 - - [10/Nov/2025:10:29:19 +0800] "POST /InternetTrading/SessionErrorLogger HTTP/1.1" 200 117
58.152.215.195 - - [10/Nov/2025:10:29:19 +0800] "POST /InternetTrading/Heartbeat HTTP/1.1" 200 32
58.152.215.195 - - [10/Nov/2025:10:29:19 +0800] "POST /InternetTrading/SessionErrorLogger HTTP/1.1" 200 117
58.152.215.195 - - [10/Nov/2025:10:29:19 +0800] "POST /InternetTrading/MarketStatus HTTP/1.1" 200 772
65.181.90.29 - - [10/Nov/2025:10:29:20 +0800] "GET /InternetTrading/longpoll/54338?X-Atmosphere-tracking-id=0&X-Atmosphere-Framework=2.2.3-javascript&X-Atmosphere-Transport=long-polling&X-Atmosphere-TrackMessageSize=true&Content-Type=charset%3Dutf-8&X-atmo-protocol=true&_=1762741964356 HTTP/1.1" 200 -
58.152.215.195 - - [10/Nov/2025:10:29:21 +0800] "GET /InternetTrading/longpoll/55136?X-Atmosphere-tracking-id=0&X-Atmosphere-Framework=2.2.3-javascript&X-Atmosphere-Transport=long-polling&X-Atmosphere-TrackMessageSize=true&Content-Type=charset%3Dutf-8&X-atmo-protocol=true&_=1762741962763 HTTP/1.1" 200 -
14.0.170.122 - - [10/Nov/2025:10:29:21 +0800] "GET /InternetTrading/longpoll/A8127?X-Atmosphere-tracking-id=0&X-Atmosphere-Framework=2.2.3-javascript&X-Atmosphere-Transport=long-polling&X-Atmosphere-TrackMessageSize=true&Content-Type=charset%3Dutf-8&X-atmo-protocol=true&_=1762741962846 HTTP/1.1" 200 -
183.178.37.129 - - [10/Nov/2025:10:29:23 +0800] "GET /InternetTrading/longpoll/56419?X-Atmosphere-tracking-id=0&X-Atmosphere-Framework=2.2.3-javascript&X-Atmosphere-Transport=long-polling&X-Atmosphere-TrackMessageSize=true&Content-Type=charset%3Dutf-8&X-atmo-protocol=true&_=1762741964399 HTTP/1.1" 200 -
65.181.90.29 - - [10/Nov/2025:10:29:24 +0800] "POST /InternetTrading/SessionErrorLogger HTTP/1.1" 200 117
65.181.90.29 - - [10/Nov/2025:10:29:24 +0800] "POST /InternetTrading/Heartbeat HTTP/1.1" 200 32
65.181.90.29 - - [10/Nov/2025:10:29:24 +0800] "POST /InternetTrading/SessionErrorLogger HTTP/1.1" 200 117
65.181.90.29 - - [10/Nov/2025:10:29:24 +0800] "POST /InternetTrading/MarketStatus HTTP/1.1" 200 772
65.181.90.29 - - [10/Nov/2025:10:29:25 +0800] "GET /InternetTrading/longpoll/54338?X-Atmosphere-tracking-id=0&X-Atmosphere-Framework=2.2.3-javascript&X-Atmosphere-Transport=long-polling&X-Atmosphere-TrackMessageSize=true&Content-Type=charset%3Dutf-8&X-atmo-protocol=true&_=1762741969402 HTTP/1.1" 200 -
14.0.170.122 - - [10/Nov/2025:10:29:26 +0800] "POST /InternetTrading/SessionErrorLogger HTTP/1.1" 200 117
14.0.170.122 - - [10/Nov/2025:10:29:26 +0800] "GET /InternetTrading/tc/buy_ticket.html? HTTP/1.1" 200 1995
14.0.170.122 - - [10/Nov/2025:10:29:26 +0800] "POST /InternetTrading/SessionErrorLogger HTTP/1.1" 200 117
58.152.215.195 - - [10/Nov/2025:10:29:26 +0800] "GET /InternetTrading/longpoll/55136?X-Atmosphere-tracking-id=0&X-Atmosphere-Framework=2.2.3-javascript&X-Atmosphere-Transport=long-polling&X-Atmosphere-TrackMessageSize=true&Content-Type=charset%3Dutf-8&X-atmo-protocol=true&_=1762741967782 HTTP/1.1" 200 -
14.0.170.122 - - [10/Nov/2025:10:29:26 +0800] "POST /InternetTrading/SessionErrorLogger HTTP/1.1" 200 117
14.0.170.122 - - [10/Nov/2025:10:29:26 +0800] "POST /InternetTrading/Product HTTP/1.1" 200 298
