14.0.170.122 - - [10/Nov/2025:10:29:26 +0800] "POST /InternetTrading/SessionErrorLogger HTTP/1.1" 200 117
14.0.170.122 - - [10/Nov/2025:10:29:26 +0800] "POST /InternetTrading/MarketStatus HTTP/1.1" 200 772
14.0.170.122 - - [10/Nov/2025:10:29:26 +0800] "POST /InternetTrading/SessionErrorLogger HTTP/1.1" 200 117
14.0.170.122 - - [10/Nov/2025:10:29:26 +0800] "POST /InternetTrading/MarketStatus HTTP/1.1" 200 772
14.0.170.122 - - [10/Nov/2025:10:29:26 +0800] "POST /InternetTrading/SessionErrorLogger HTTP/1.1" 200 117
14.0.170.122 - - [10/Nov/2025:10:29:26 +0800] "POST /InternetTrading/Product HTTP/1.1" 200 298
14.0.170.122 - - [10/Nov/2025:10:29:26 +0800] "POST /InternetTrading/SessionErrorLogger HTTP/1.1" 200 117
14.0.170.122 - - [10/Nov/2025:10:29:26 +0800] "POST /InternetTrading/OrderMaxQuantity HTTP/1.1" 200 9
14.0.170.122 - - [10/Nov/2025:10:29:26 +0800] "POST /InternetTrading/Product HTTP/1.1" 200 298
14.0.170.122 - - [10/Nov/2025:10:29:26 +0800] "POST /InternetTrading/SessionErrorLogger HTTP/1.1" 200 117
14.0.170.122 - - [10/Nov/2025:10:29:26 +0800] "POST /InternetTrading/SessionErrorLogger HTTP/1.1" 200 117
14.0.170.122 - - [10/Nov/2025:10:29:26 +0800] "POST /InternetTrading/OrderMaxQuantity HTTP/1.1" 200 9
14.0.170.122 - - [10/Nov/2025:10:29:26 +0800] "GET /InternetTrading/tc/buy_ticket.html? HTTP/1.1" 200 1995
14.0.170.122 - - [10/Nov/2025:10:29:26 +0800] "POST /InternetTrading/SessionErrorLogger HTTP/1.1" 200 117
14.0.170.122 - - [10/Nov/2025:10:29:27 +0800] "POST /InternetTrading/Product HTTP/1.1" 200 298
14.0.170.122 - - [10/Nov/2025:10:29:27 +0800] "POST /InternetTrading/SessionErrorLogger HTTP/1.1" 200 117
14.0.170.122 - - [10/Nov/2025:10:29:27 +0800] "POST /InternetTrading/MarketStatus HTTP/1.1" 200 772
14.0.170.122 - - [10/Nov/2025:10:29:27 +0800] "POST /InternetTrading/SessionErrorLogger HTTP/1.1" 200 117
14.0.170.122 - - [10/Nov/2025:10:29:27 +0800] "POST /InternetTrading/MarketStatus HTTP/1.1" 200 772
14.0.170.122 - - [10/Nov/2025:10:29:27 +0800] "POST /InternetTrading/SessionErrorLogger HTTP/1.1" 200 117
14.0.170.122 - - [10/Nov/2025:10:29:27 +0800] "POST /InternetTrading/Product HTTP/1.1" 200 298
14.0.170.122 - - [10/Nov/2025:10:29:27 +0800] "POST /InternetTrading/SessionErrorLogger HTTP/1.1" 200 117
14.0.170.122 - - [10/Nov/2025:10:29:27 +0800] "GET /InternetTrading/longpoll/A8127?X-Atmosphere-tracking-id=0&X-Atmosphere-Framework=2.2.3-javascript&X-Atmosphere-Transport=long-polling&X-Atmosphere-TrackMessageSize=true&Content-Type=charset%3Dutf-8&X-atmo-protocol=true&_=1762741968509 HTTP/1.1" 200 -
14.0.170.122 - - [10/Nov/2025:10:29:27 +0800] "POST /InternetTrading/OrderMaxQuantity HTTP/1.1" 200 9
183.178.37.129 - - [10/Nov/2025:10:29:29 +0800] "GET /InternetTrading/longpoll/56419?X-Atmosphere-tracking-id=0&X-Atmosphere-Framework=2.2.3-javascript&X-Atmosphere-Transport=long-polling&X-Atmosphere-TrackMessageSize=true&Content-Type=charset%3Dutf-8&X-atmo-protocol=true&_=1762741970395 HTTP/1.1" 200 -
182.148.17.162 - - [10/Nov/2025:10:29:30 +0800] "GET /InternetTrading HTTP/1.1" 302 -
182.148.17.162 - - [10/Nov/2025:10:29:30 +0800] "GET /InternetTrading/ HTTP/1.1" 200 351
65.181.90.29 - - [10/Nov/2025:10:29:30 +0800] "GET /InternetTrading/longpoll/54338?X-Atmosphere-tracking-id=0&X-Atmosphere-Framework=2.2.3-javascript&X-Atmosphere-Transport=long-polling&X-Atmosphere-TrackMessageSize=true&Content-Type=charset%3Dutf-8&X-atmo-protocol=true&_=1762741974425 HTTP/1.1" 200 -
14.0.170.122 - - [10/Nov/2025:10:29:31 +0800] "POST /InternetTrading/SessionErrorLogger HTTP/1.1" 200 117
58.152.215.195 - - [10/Nov/2025:10:29:31 +0800] "GET /InternetTrading/longpoll/55136?X-Atmosphere-tracking-id=0&X-Atmosphere-Framework=2.2.3-javascript&X-Atmosphere-Transport=long-polling&X-Atmosphere-TrackMessageSize=true&Content-Type=charset%3Dutf-8&X-atmo-protocol=true&_=1762741972811 HTTP/1.1" 200 -
14.0.170.122 - - [10/Nov/2025:10:29:31 +0800] "POST /InternetTrading/SessionErrorLogger HTTP/1.1" 200 117
14.0.170.122 - - [10/Nov/2025:10:29:31 +0800] "POST /InternetTrading/Product HTTP/1.1" 200 298
14.0.170.122 - - [10/Nov/2025:10:29:31 +0800] "POST /InternetTrading/OrderMaxQuantity HTTP/1.1" 200 9
14.0.170.122 - - [10/Nov/2025:10:29:31 +0800] "POST /InternetTrading/SessionErrorLogger HTTP/1.1" 200 117
14.0.170.122 - - [10/Nov/2025:10:29:31 +0800] "POST /InternetTrading/LoginKey HTTP/1.1" 200 -
14.0.170.122 - - [10/Nov/2025:10:29:31 +0800] "GET /InternetTrading/jquery/wait.gif HTTP/1.1" 200 432
14.0.170.122 - - [10/Nov/2025:10:29:31 +0800] "POST /InternetTrading/PreOrder HTTP/1.1" 200 1200
182.148.17.162 - - [10/Nov/2025:10:29:32 +0800] "GET /InternetTrading/tc/user/custom_variables.js?jsv=0001 HTTP/1.1" 200 275
182.148.17.162 - - [10/Nov/2025:10:29:32 +0800] "GET /InternetTrading/js/util.js?jsv=0001 HTTP/1.1" 200 6636
182.148.17.162 - - [10/Nov/2025:10:29:32 +0800] "GET /InternetTrading/tc/index.html HTTP/1.1" 200 328
182.148.17.162 - - [10/Nov/2025:10:29:32 +0800] "GET /InternetTrading/tc/user/custom_variables.js?jsv=20200819161914 HTTP/1.1" 200 275
182.148.17.162 - - [10/Nov/2025:10:29:32 +0800] "GET /InternetTrading/tc/login.html HTTP/1.1" 200 1755
14.0.170.122 - - [10/Nov/2025:10:29:32 +0800] "GET /InternetTrading/longpoll/A8127?X-Atmosphere-tracking-id=0&X-Atmosphere-Framework=2.2.3-javascript&X-Atmosphere-Transport=long-polling&X-Atmosphere-TrackMessageSize=true&Content-Type=charset%3Dutf-8&X-atmo-protocol=true&_=1762741973590 HTTP/1.1" 200 -
182.148.17.162 - - [10/Nov/2025:10:29:32 +0800] "GET /InternetTrading/tc/style_common.css?v=20200819161914 HTTP/1.1" 200 2540
182.148.17.162 - - [10/Nov/2025:10:29:32 +0800] "GET /InternetTrading/tc/style.css?v=20200819161914 HTTP/1.1" 200 1435
182.148.17.162 - - [10/Nov/2025:10:29:32 +0800] "GET /InternetTrading/jquery/jquery-migrate-3.0.0.js HTTP/1.1" 200 4963
182.148.17.162 - - [10/Nov/2025:10:29:32 +0800] "GET /InternetTrading/jquery/jquery.form-3.46.0.js HTTP/1.1" 200 5673
182.148.17.162 - - [10/Nov/2025:10:29:32 +0800] "GET /InternetTrading/jquery/additional-methods.js HTTP/1.1" 200 2238
182.148.17.162 - - [10/Nov/2025:10:29:32 +0800] "GET /InternetTrading/jquery/jquery-3.3.1.js HTTP/1.1" 200 80650
182.148.17.162 - - [10/Nov/2025:10:29:32 +0800] "GET /InternetTrading/jquery/jquery.validate-1.11.1.js HTTP/1.1" 200 7041
182.148.17.162 - - [10/Nov/2025:10:29:32 +0800] "GET /InternetTrading/jquery/jquery.blockUI-2.66.0.js HTTP/1.1" 200 6651
182.148.17.162 - - [10/Nov/2025:10:29:32 +0800] "GET /InternetTrading/jquery/jquery.timer-0.9.16.js HTTP/1.1" 200 542
182.148.17.162 - - [10/Nov/2025:10:29:32 +0800] "GET /InternetTrading/jquery/jquery.getParams.js HTTP/1.1" 200 587
182.148.17.162 - - [10/Nov/2025:10:29:32 +0800] "GET /InternetTrading/jquery/jquery-ui-personalized-1.6rc2.min.js HTTP/1.1" 200 55543
182.148.17.162 - - [10/Nov/2025:10:29:32 +0800] "GET /InternetTrading/tc/user/translation.js?jsv=20200819161914 HTTP/1.1" 200 12818
182.148.17.162 - - [10/Nov/2025:10:29:32 +0800] "GET /InternetTrading/js/constants.js?jsv=20200819161914 HTTP/1.1" 200 400
182.148.17.162 - - [10/Nov/2025:10:29:32 +0800] "GET /InternetTrading/js/haitong.js?jsv=20200819161914 HTTP/1.1" 200 3881
182.148.17.162 - - [10/Nov/2025:10:29:32 +0800] "GET /InternetTrading/js/util.js?jsv=20200819161914 HTTP/1.1" 200 6636
182.148.17.162 - - [10/Nov/2025:10:29:32 +0800] "GET /InternetTrading/js/init.js?jsv=20200819161914 HTTP/1.1" 200 886
182.148.17.162 - - [10/Nov/2025:10:29:32 +0800] "GET /InternetTrading/js/rsautil.js?jsv=20200819161914 HTTP/1.1" 200 1017
182.148.17.162 - - [10/Nov/2025:10:29:32 +0800] "GET /InternetTrading/js/login.js?jsv=20200819161914 HTTP/1.1" 200 1684
182.148.17.162 - - [10/Nov/2025:10:29:32 +0800] "GET /InternetTrading/js/version.js?jsv=20200819161914 HTTP/1.1" 200 85
182.148.17.162 - - [10/Nov/2025:10:29:32 +0800] "GET /InternetTrading/tc/user/custom_variables.js?jsv=20200819161914 HTTP/1.1" 200 275
182.148.17.162 - - [10/Nov/2025:10:29:32 +0800] "GET /InternetTrading/js/string_extend.js?jsv=20200819161914 HTTP/1.1" 200 272
182.148.17.162 - - [10/Nov/2025:10:29:32 +0800] "GET /InternetTrading/js/pidcrypt.js?jsv=20200819161914 HTTP/1.1" 200 982
182.148.17.162 - - [10/Nov/2025:10:29:32 +0800] "GET /InternetTrading/js/pidcrypt_util.js?jsv=20200819161914 HTTP/1.1" 200 1206
182.148.17.162 - - [10/Nov/2025:10:29:32 +0800] "GET /InternetTrading/js/aes_cbc.js?jsv=20200819161914 HTTP/1.1" 200 2043
182.148.17.162 - - [10/Nov/2025:10:29:32 +0800] "GET /InternetTrading/js/aes_core.js?jsv=20200819161914 HTTP/1.1" 200 2106
182.148.17.162 - - [10/Nov/2025:10:29:32 +0800] "GET /InternetTrading/js/sha256.js?jsv=20200819161914 HTTP/1.1" 200 1362
182.148.17.162 - - [10/Nov/2025:10:29:32 +0800] "GET /InternetTrading/js/asn1.js?jsv=20200819161914 HTTP/1.1" 200 3099
182.148.17.162 - - [10/Nov/2025:10:29:32 +0800] "GET /InternetTrading/js/md5.js?jsv=20200819161914 HTTP/1.1" 200 1730
182.148.17.162 - - [10/Nov/2025:10:29:33 +0800] "GET /InternetTrading/js/jsbn.js?jsv=20200819161914 HTTP/1.1" 200 6736
182.148.17.162 - - [10/Nov/2025:10:29:33 +0800] "GET /InternetTrading/js/prng4.js?jsv=20200819161914 HTTP/1.1" 200 303
182.148.17.162 - - [10/Nov/2025:10:29:33 +0800] "GET /InternetTrading/js/rng.js?jsv=20200819161914 HTTP/1.1" 200 481
182.148.17.162 - - [10/Nov/2025:10:29:33 +0800] "GET /InternetTrading/js/rsa.js?jsv=20200819161914 HTTP/1.1" 200 1658
14.0.170.122 - - [10/Nov/2025:10:29:33 +0800] "POST /InternetTrading/SessionErrorLogger HTTP/1.1" 200 117
182.148.17.162 - - [10/Nov/2025:10:29:33 +0800] "GET /InternetTrading/tc/images/bg_login.jpg HTTP/1.1" 200 29296
14.0.170.122 - - [10/Nov/2025:10:29:33 +0800] "POST /InternetTrading/Heartbeat HTTP/1.1" 200 32
14.0.170.122 - - [10/Nov/2025:10:29:33 +0800] "POST /InternetTrading/SessionErrorLogger HTTP/1.1" 200 117
14.0.170.122 - - [10/Nov/2025:10:29:33 +0800] "GET /InternetTrading/Csrf?url=/Order HTTP/1.1" 200 126
182.148.17.162 - - [10/Nov/2025:10:29:33 +0800] "POST /InternetTrading/SystemMaintenanceCheck HTTP/1.1" 200 119
182.148.17.162 - - [10/Nov/2025:10:29:33 +0800] "GET /InternetTrading/tc/dialog.html?1762741973375 HTTP/1.1" 200 3188
14.0.170.122 - - [10/Nov/2025:10:29:33 +0800] "POST /InternetTrading/SessionErrorLogger HTTP/1.1" 200 117
182.148.17.162 - - [10/Nov/2025:10:29:33 +0800] "GET /InternetTrading/tc/images/favicon.ico HTTP/1.1" 404 682
182.148.17.162 - - [10/Nov/2025:10:29:33 +0800] "GET /InternetTrading/tc/images/favicon.ico HTTP/1.1" 404 682
14.0.170.122 - - [10/Nov/2025:10:29:33 +0800] "POST /InternetTrading/LoginKey HTTP/1.1" 200 -
14.0.170.122 - - [10/Nov/2025:10:29:33 +0800] "POST /InternetTrading/SessionErrorLogger HTTP/1.1" 200 117
14.0.170.122 - - [10/Nov/2025:10:29:33 +0800] "POST /InternetTrading/Order?csrf_nonce=351EF0B9B6B826C8EA0AAF4048D201A9 HTTP/1.1" 200 1019
14.0.170.122 - - [10/Nov/2025:10:29:33 +0800] "POST /InternetTrading/SessionErrorLogger HTTP/1.1" 200 117
14.0.170.122 - - [10/Nov/2025:10:29:33 +0800] "GET /InternetTrading/tc/buy_ticket.html? HTTP/1.1" 200 1995
14.0.170.122 - - [10/Nov/2025:10:29:33 +0800] "POST /InternetTrading/SessionErrorLogger HTTP/1.1" 200 117
14.0.170.122 - - [10/Nov/2025:10:29:33 +0800] "POST /InternetTrading/MarketStatus HTTP/1.1" 200 772
14.0.170.122 - - [10/Nov/2025:10:29:33 +0800] "POST /InternetTrading/SessionErrorLogger HTTP/1.1" 200 117
14.0.170.122 - - [10/Nov/2025:10:29:33 +0800] "POST /InternetTrading/MarketStatus HTTP/1.1" 200 772
183.178.37.129 - - [10/Nov/2025:10:29:35 +0800] "GET /InternetTrading/longpoll/56419?X-Atmosphere-tracking-id=0&X-Atmosphere-Framework=2.2.3-javascript&X-Atmosphere-Transport=long-polling&X-Atmosphere-TrackMessageSize=true&Content-Type=charset%3Dutf-8&X-atmo-protocol=true&_=1762741976401 HTTP/1.1" 200 -
65.181.90.29 - - [10/Nov/2025:10:29:35 +0800] "GET /InternetTrading/longpoll/54338?X-Atmosphere-tracking-id=0&X-Atmosphere-Framework=2.2.3-javascript&X-Atmosphere-Transport=long-polling&X-Atmosphere-TrackMessageSize=true&Content-Type=charset%3Dutf-8&X-atmo-protocol=true&_=1762741979440 HTTP/1.1" 200 -
14.0.170.122 - - [10/Nov/2025:10:29:35 +0800] "GET /InternetTrading/jquery/wait.gif HTTP/1.1" 200 432
14.0.170.122 - - [10/Nov/2025:10:29:35 +0800] "POST /InternetTrading/SessionErrorLogger HTTP/1.1" 200 117
14.0.170.122 - - [10/Nov/2025:10:29:35 +0800] "POST /InternetTrading/Orderbook HTTP/1.1" 200 1639
58.152.215.195 - - [10/Nov/2025:10:29:36 +0800] "GET /InternetTrading/longpoll/55136?X-Atmosphere-tracking-id=0&X-Atmosphere-Framework=2.2.3-javascript&X-Atmosphere-Transport=long-polling&X-Atmosphere-TrackMessageSize=true&Content-Type=charset%3Dutf-8&X-atmo-protocol=true&_=1762741977842 HTTP/1.1" 200 -
14.0.170.122 - - [10/Nov/2025:10:29:37 +0800] "GET /InternetTrading/longpoll/A8127?X-Atmosphere-tracking-id=0&X-Atmosphere-Framework=2.2.3-javascript&X-Atmosphere-Transport=long-polling&X-Atmosphere-TrackMessageSize=true&Content-Type=charset%3Dutf-8&X-atmo-protocol=true&_=1762741978706 HTTP/1.1" 200 -
182.148.17.162 - - [10/Nov/2025:10:29:39 +0800] "GET /InternetTrading HTTP/1.1" 302 -
182.148.17.162 - - [10/Nov/2025:10:29:39 +0800] "GET /InternetTrading/ HTTP/1.1" 200 351
65.181.90.29 - - [10/Nov/2025:10:29:40 +0800] "GET /InternetTrading/longpoll/54338?X-Atmosphere-tracking-id=0&X-Atmosphere-Framework=2.2.3-javascript&X-Atmosphere-Transport=long-polling&X-Atmosphere-TrackMessageSize=true&Content-Type=charset%3Dutf-8&X-atmo-protocol=true&_=1762741984476 HTTP/1.1" 200 -
182.148.17.162 - - [10/Nov/2025:10:29:40 +0800] "GET /InternetTrading/tc/user/custom_variables.js?jsv=0001 HTTP/1.1" 200 275
182.148.17.162 - - [10/Nov/2025:10:29:41 +0800] "GET /InternetTrading/js/util.js?jsv=0001 HTTP/1.1" 200 6636
183.178.37.129 - - [10/Nov/2025:10:29:41 +0800] "GET /InternetTrading/longpoll/56419?X-Atmosphere-tracking-id=0&X-Atmosphere-Framework=2.2.3-javascript&X-Atmosphere-Transport=long-polling&X-Atmosphere-TrackMessageSize=true&Content-Type=charset%3Dutf-8&X-atmo-protocol=true&_=1762741982405 HTTP/1.1" 200 -
182.148.17.162 - - [10/Nov/2025:10:29:41 +0800] "GET /InternetTrading/tc/index.html HTTP/1.1" 200 328
182.148.17.162 - - [10/Nov/2025:10:29:41 +0800] "GET /InternetTrading/tc/user/custom_variables.js?jsv=20200819161914 HTTP/1.1" 200 275
58.152.215.195 - - [10/Nov/2025:10:29:41 +0800] "GET /InternetTrading/longpoll/55136?X-Atmosphere-tracking-id=0&X-Atmosphere-Framework=2.2.3-javascript&X-Atmosphere-Transport=long-polling&X-Atmosphere-TrackMessageSize=true&Content-Type=charset%3Dutf-8&X-atmo-protocol=true&_=1762741982885 HTTP/1.1" 200 -
182.148.17.162 - - [10/Nov/2025:10:29:41 +0800] "GET /InternetTrading/tc/login.html HTTP/1.1" 200 1755
182.148.17.162 - - [10/Nov/2025:10:29:41 +0800] "GET /InternetTrading/tc/style_common.css?v=20200819161914 HTTP/1.1" 200 2540
182.148.17.162 - - [10/Nov/2025:10:29:41 +0800] "GET /InternetTrading/tc/style.css?v=20200819161914 HTTP/1.1" 200 1435
182.148.17.162 - - [10/Nov/2025:10:29:41 +0800] "GET /InternetTrading/jquery/jquery-migrate-3.0.0.js HTTP/1.1" 200 4963
182.148.17.162 - - [10/Nov/2025:10:29:41 +0800] "GET /InternetTrading/jquery/jquery-3.3.1.js HTTP/1.1" 200 80650
182.148.17.162 - - [10/Nov/2025:10:29:41 +0800] "GET /InternetTrading/jquery/jquery.form-3.46.0.js HTTP/1.1" 200 5673
182.148.17.162 - - [10/Nov/2025:10:29:41 +0800] "GET /InternetTrading/jquery/additional-methods.js HTTP/1.1" 200 2238
182.148.17.162 - - [10/Nov/2025:10:29:41 +0800] "GET /InternetTrading/jquery/jquery.validate-1.11.1.js HTTP/1.1" 200 7041
182.148.17.162 - - [10/Nov/2025:10:29:41 +0800] "GET /InternetTrading/jquery/jquery.blockUI-2.66.0.js HTTP/1.1" 200 6651
182.148.17.162 - - [10/Nov/2025:10:29:41 +0800] "GET /InternetTrading/jquery/jquery-ui-personalized-1.6rc2.min.js HTTP/1.1" 200 55543
182.148.17.162 - - [10/Nov/2025:10:29:41 +0800] "GET /InternetTrading/jquery/jquery.timer-0.9.16.js HTTP/1.1" 200 542
182.148.17.162 - - [10/Nov/2025:10:29:41 +0800] "GET /InternetTrading/jquery/jquery.getParams.js HTTP/1.1" 200 587
182.148.17.162 - - [10/Nov/2025:10:29:41 +0800] "GET /InternetTrading/tc/user/translation.js?jsv=20200819161914 HTTP/1.1" 200 12818
182.148.17.162 - - [10/Nov/2025:10:29:41 +0800] "GET /InternetTrading/js/constants.js?jsv=20200819161914 HTTP/1.1" 200 400
182.148.17.162 - - [10/Nov/2025:10:29:41 +0800] "GET /InternetTrading/js/util.js?jsv=20200819161914 HTTP/1.1" 200 6636
182.148.17.162 - - [10/Nov/2025:10:29:41 +0800] "GET /InternetTrading/js/haitong.js?jsv=20200819161914 HTTP/1.1" 200 3881
182.148.17.162 - - [10/Nov/2025:10:29:41 +0800] "GET /InternetTrading/js/rsautil.js?jsv=20200819161914 HTTP/1.1" 200 1017
182.148.17.162 - - [10/Nov/2025:10:29:41 +0800] "GET /InternetTrading/js/init.js?jsv=20200819161914 HTTP/1.1" 200 886
182.148.17.162 - - [10/Nov/2025:10:29:41 +0800] "GET /InternetTrading/js/version.js?jsv=20200819161914 HTTP/1.1" 200 85
182.148.17.162 - - [10/Nov/2025:10:29:41 +0800] "GET /InternetTrading/js/login.js?jsv=20200819161914 HTTP/1.1" 200 1684
182.148.17.162 - - [10/Nov/2025:10:29:42 +0800] "GET /InternetTrading/js/string_extend.js?jsv=20200819161914 HTTP/1.1" 200 272
182.148.17.162 - - [10/Nov/2025:10:29:42 +0800] "GET /InternetTrading/tc/user/custom_variables.js?jsv=20200819161914 HTTP/1.1" 200 275
182.148.17.162 - - [10/Nov/2025:10:29:42 +0800] "GET /InternetTrading/js/pidcrypt_util.js?jsv=20200819161914 HTTP/1.1" 200 1206
182.148.17.162 - - [10/Nov/2025:10:29:42 +0800] "GET /InternetTrading/js/pidcrypt.js?jsv=20200819161914 HTTP/1.1" 200 982
182.148.17.162 - - [10/Nov/2025:10:29:42 +0800] "GET /InternetTrading/js/aes_core.js?jsv=20200819161914 HTTP/1.1" 200 2106
182.148.17.162 - - [10/Nov/2025:10:29:42 +0800] "GET /InternetTrading/js/aes_cbc.js?jsv=20200819161914 HTTP/1.1" 200 2043
182.148.17.162 - - [10/Nov/2025:10:29:42 +0800] "GET /InternetTrading/js/md5.js?jsv=20200819161914 HTTP/1.1" 200 1730
182.148.17.162 - - [10/Nov/2025:10:29:42 +0800] "GET /InternetTrading/js/asn1.js?jsv=20200819161914 HTTP/1.1" 200 3099
182.148.17.162 - - [10/Nov/2025:10:29:42 +0800] "GET /InternetTrading/js/sha256.js?jsv=20200819161914 HTTP/1.1" 200 1362
182.148.17.162 - - [10/Nov/2025:10:29:42 +0800] "GET /InternetTrading/js/jsbn.js?jsv=20200819161914 HTTP/1.1" 200 6736
182.148.17.162 - - [10/Nov/2025:10:29:42 +0800] "GET /InternetTrading/js/prng4.js?jsv=20200819161914 HTTP/1.1" 200 303
182.148.17.162 - - [10/Nov/2025:10:29:42 +0800] "GET /InternetTrading/js/rng.js?jsv=20200819161914 HTTP/1.1" 200 481
182.148.17.162 - - [10/Nov/2025:10:29:42 +0800] "GET /InternetTrading/js/rsa.js?jsv=20200819161914 HTTP/1.1" 200 1658
182.148.17.162 - - [10/Nov/2025:10:29:42 +0800] "GET /InternetTrading/tc/images/bg_login.jpg HTTP/1.1" 200 29296
182.148.17.162 - - [10/Nov/2025:10:29:42 +0800] "GET /InternetTrading/tc/dialog.html?1762741982726 HTTP/1.1" 200 3188
182.148.17.162 - - [10/Nov/2025:10:29:42 +0800] "GET /InternetTrading/tc/images/favicon.ico HTTP/1.1" 404 682
182.148.17.162 - - [10/Nov/2025:10:29:42 +0800] "POST /InternetTrading/SystemMaintenanceCheck HTTP/1.1" 200 119
182.148.17.162 - - [10/Nov/2025:10:29:42 +0800] "GET /InternetTrading/tc/images/favicon.ico HTTP/1.1" 404 682
14.0.170.122 - - [10/Nov/2025:10:29:42 +0800] "GET /InternetTrading/longpoll/A8127?X-Atmosphere-tracking-id=0&X-Atmosphere-Framework=2.2.3-javascript&X-Atmosphere-Transport=long-polling&X-Atmosphere-TrackMessageSize=true&Content-Type=charset%3Dutf-8&X-atmo-protocol=true&_=1762741983822 HTTP/1.1" 200 -
65.181.90.29 - - [10/Nov/2025:10:29:45 +0800] "GET /InternetTrading/longpoll/54338?X-Atmosphere-tracking-id=0&X-Atmosphere-Framework=2.2.3-javascript&X-Atmosphere-Transport=long-polling&X-Atmosphere-TrackMessageSize=true&Content-Type=charset%3Dutf-8&X-atmo-protocol=true&_=1762741989497 HTTP/1.1" 200 -
58.152.215.195 - - [10/Nov/2025:10:29:46 +0800] "GET /InternetTrading/longpoll/55136?X-Atmosphere-tracking-id=0&X-Atmosphere-Framework=2.2.3-javascript&X-Atmosphere-Transport=long-polling&X-Atmosphere-TrackMessageSize=true&Content-Type=charset%3Dutf-8&X-atmo-protocol=true&_=1762741987909 HTTP/1.1" 200 -
183.178.37.129 - - [10/Nov/2025:10:29:47 +0800] "GET /InternetTrading/longpoll/56419?X-Atmosphere-tracking-id=0&X-Atmosphere-Framework=2.2.3-javascript&X-Atmosphere-Transport=long-polling&X-Atmosphere-TrackMessageSize=true&Content-Type=charset%3Dutf-8&X-atmo-protocol=true&_=1762741988395 HTTP/1.1" 200 -
14.0.170.122 - - [10/Nov/2025:10:29:48 +0800] "GET /InternetTrading/longpoll/A8127?X-Atmosphere-tracking-id=0&X-Atmosphere-Framework=2.2.3-javascript&X-Atmosphere-Transport=long-polling&X-Atmosphere-TrackMessageSize=true&Content-Type=charset%3Dutf-8&X-atmo-protocol=true&_=1762741989192 HTTP/1.1" 200 -
58.152.215.195 - - [10/Nov/2025:10:29:49 +0800] "POST /InternetTrading/SessionErrorLogger HTTP/1.1" 200 117
58.152.215.195 - - [10/Nov/2025:10:29:49 +0800] "POST /InternetTrading/Heartbeat HTTP/1.1" 200 32
58.152.215.195 - - [10/Nov/2025:10:29:49 +0800] "POST /InternetTrading/SessionErrorLogger HTTP/1.1" 200 117
58.152.215.195 - - [10/Nov/2025:10:29:49 +0800] "POST /InternetTrading/MarketStatus HTTP/1.1" 200 772
183.178.37.129 - - [10/Nov/2025:10:29:50 +0800] "POST /InternetTrading/SessionErrorLogger HTTP/1.1" 200 117
183.178.37.129 - - [10/Nov/2025:10:29:50 +0800] "POST /InternetTrading/MarketStatus HTTP/1.1" 200 772
183.178.37.129 - - [10/Nov/2025:10:29:50 +0800] "POST /InternetTrading/SessionErrorLogger HTTP/1.1" 200 117
183.178.37.129 - - [10/Nov/2025:10:29:50 +0800] "POST /InternetTrading/Heartbeat HTTP/1.1" 200 32
65.181.90.29 - - [10/Nov/2025:10:29:50 +0800] "GET /InternetTrading/longpoll/54338?X-Atmosphere-tracking-id=0&X-Atmosphere-Framework=2.2.3-javascript&X-Atmosphere-Transport=long-polling&X-Atmosphere-TrackMessageSize=true&Content-Type=charset%3Dutf-8&X-atmo-protocol=true&_=1762741994525 HTTP/1.1" 200 -
58.152.215.195 - - [10/Nov/2025:10:29:51 +0800] "GET /InternetTrading/longpoll/55136?X-Atmosphere-tracking-id=0&X-Atmosphere-Framework=2.2.3-javascript&X-Atmosphere-Transport=long-polling&X-Atmosphere-TrackMessageSize=true&Content-Type=charset%3Dutf-8&X-atmo-protocol=true&_=1762741992950 HTTP/1.1" 200 -
183.178.37.129 - - [10/Nov/2025:10:29:53 +0800] "GET /InternetTrading/longpoll/56419?X-Atmosphere-tracking-id=0&X-Atmosphere-Framework=2.2.3-javascript&X-Atmosphere-Transport=long-polling&X-Atmosphere-TrackMessageSize=true&Content-Type=charset%3Dutf-8&X-atmo-protocol=true&_=1762741994393 HTTP/1.1" 200 -
14.0.170.122 - - [10/Nov/2025:10:29:53 +0800] "GET /InternetTrading/longpoll/A8127?X-Atmosphere-tracking-id=0&X-Atmosphere-Framework=2.2.3-javascript&X-Atmosphere-Transport=long-polling&X-Atmosphere-TrackMessageSize=true&Content-Type=charset%3Dutf-8&X-atmo-protocol=true&_=1762741994453 HTTP/1.1" 200 -
65.181.90.29 - - [10/Nov/2025:10:29:54 +0800] "POST /InternetTrading/SessionErrorLogger HTTP/1.1" 200 117
65.181.90.29 - - [10/Nov/2025:10:29:54 +0800] "POST /InternetTrading/Heartbeat HTTP/1.1" 200 32
65.181.90.29 - - [10/Nov/2025:10:29:54 +0800] "POST /InternetTrading/SessionErrorLogger HTTP/1.1" 200 117
65.181.90.29 - - [10/Nov/2025:10:29:54 +0800] "POST /InternetTrading/MarketStatus HTTP/1.1" 200 772
65.181.90.29 - - [10/Nov/2025:10:29:55 +0800] "GET /InternetTrading/longpoll/54338?X-Atmosphere-tracking-id=0&X-Atmosphere-Framework=2.2.3-javascript&X-Atmosphere-Transport=long-polling&X-Atmosphere-TrackMessageSize=true&Content-Type=charset%3Dutf-8&X-atmo-protocol=true&_=1762741999549 HTTP/1.1" 200 -
58.152.215.195 - - [10/Nov/2025:10:29:56 +0800] "GET /InternetTrading/longpoll/55136?X-Atmosphere-tracking-id=0&X-Atmosphere-Framework=2.2.3-javascript&X-Atmosphere-Transport=long-polling&X-Atmosphere-TrackMessageSize=true&Content-Type=charset%3Dutf-8&X-atmo-protocol=true&_=1762741997971 HTTP/1.1" 200 -
14.0.170.122 - - [10/Nov/2025:10:29:58 +0800] "GET /InternetTrading/longpoll/A8127?X-Atmosphere-tracking-id=0&X-Atmosphere-Framework=2.2.3-javascript&X-Atmosphere-Transport=long-polling&X-Atmosphere-TrackMessageSize=true&Content-Type=charset%3Dutf-8&X-atmo-protocol=true&_=1762741999592 HTTP/1.1" 200 -
183.178.37.129 - - [10/Nov/2025:10:29:59 +0800] "GET /InternetTrading/longpoll/56419?X-Atmosphere-tracking-id=0&X-Atmosphere-Framework=2.2.3-javascript&X-Atmosphere-Transport=long-polling&X-Atmosphere-TrackMessageSize=true&Content-Type=charset%3Dutf-8&X-atmo-protocol=true&_=1762742000405 HTTP/1.1" 200 -
65.181.90.29 - - [10/Nov/2025:10:30:00 +0800] "GET /InternetTrading/longpoll/54338?X-Atmosphere-tracking-id=0&X-Atmosphere-Framework=2.2.3-javascript&X-Atmosphere-Transport=long-polling&X-Atmosphere-TrackMessageSize=true&Content-Type=charset%3Dutf-8&X-atmo-protocol=true&_=1762742004566 HTTP/1.1" 200 -
58.152.215.195 - - [10/Nov/2025:10:30:01 +0800] "GET /InternetTrading/longpoll/55136?X-Atmosphere-tracking-id=0&X-Atmosphere-Framework=2.2.3-javascript&X-Atmosphere-Transport=long-polling&X-Atmosphere-TrackMessageSize=true&Content-Type=charset%3Dutf-8&X-atmo-protocol=true&_=1762742003007 HTTP/1.1" 200 -
14.0.170.122 - - [10/Nov/2025:10:30:03 +0800] "POST /InternetTrading/SessionErrorLogger HTTP/1.1" 200 117
14.0.170.122 - - [10/Nov/2025:10:30:03 +0800] "POST /InternetTrading/Heartbeat HTTP/1.1" 200 32
14.0.170.122 - - [10/Nov/2025:10:30:03 +0800] "GET /InternetTrading/longpoll/A8127?X-Atmosphere-tracking-id=0&X-Atmosphere-Framework=2.2.3-javascript&X-Atmosphere-Transport=long-polling&X-Atmosphere-TrackMessageSize=true&Content-Type=charset%3Dutf-8&X-atmo-protocol=true&_=1762742004866 HTTP/1.1" 200 -
14.0.170.122 - - [10/Nov/2025:10:30:03 +0800] "POST /InternetTrading/SessionErrorLogger HTTP/1.1" 200 117
14.0.170.122 - - [10/Nov/2025:10:30:03 +0800] "POST /InternetTrading/MarketStatus HTTP/1.1" 200 772
183.178.37.129 - - [10/Nov/2025:10:30:05 +0800] "GET /InternetTrading/longpoll/56419?X-Atmosphere-tracking-id=0&X-Atmosphere-Framework=2.2.3-javascript&X-Atmosphere-Transport=long-polling&X-Atmosphere-TrackMessageSize=true&Content-Type=charset%3Dutf-8&X-atmo-protocol=true&_=1762742006400 HTTP/1.1" 200 -
65.181.90.29 - - [10/Nov/2025:10:30:05 +0800] "GET /InternetTrading/longpoll/54338?X-Atmosphere-tracking-id=0&X-Atmosphere-Framework=2.2.3-javascript&X-Atmosphere-Transport=long-polling&X-Atmosphere-TrackMessageSize=true&Content-Type=charset%3Dutf-8&X-atmo-protocol=true&_=1762742009595 HTTP/1.1" 200 -
58.152.215.195 - - [10/Nov/2025:10:30:06 +0800] "GET /InternetTrading/longpoll/55136?X-Atmosphere-tracking-id=0&X-Atmosphere-Framework=2.2.3-javascript&X-Atmosphere-Transport=long-polling&X-Atmosphere-TrackMessageSize=true&Content-Type=charset%3Dutf-8&X-atmo-protocol=true&_=1762742008031 HTTP/1.1" 200 -
182.148.17.162 - - [10/Nov/2025:10:30:07 +0800] "POST /InternetTrading/CheckIsEnableRSA HTTP/1.1" 200 1
182.148.17.162 - - [10/Nov/2025:10:30:07 +0800] "POST /InternetTrading/CheckPwEncryptType HTTP/1.1" 200 -
182.148.17.162 - - [10/Nov/2025:10:30:07 +0800] "POST /InternetTrading/LoginKey HTTP/1.1" 200 -
182.148.17.162 - - [10/Nov/2025:10:30:07 +0800] "GET /InternetTrading/jquery/wait.gif HTTP/1.1" 200 432
14.0.170.122 - - [10/Nov/2025:10:30:08 +0800] "GET /InternetTrading/longpoll/A8127?X-Atmosphere-tracking-id=0&X-Atmosphere-Framework=2.2.3-javascript&X-Atmosphere-Transport=long-polling&X-Atmosphere-TrackMessageSize=true&Content-Type=charset%3Dutf-8&X-atmo-protocol=true&_=1762742009933 HTTP/1.1" 200 -
182.148.17.162 - - [10/Nov/2025:10:30:07 +0800] "POST /InternetTrading/Login HTTP/1.1" 200 459
182.148.17.162 - - [10/Nov/2025:10:30:09 +0800] "GET /InternetTrading/tc/2FA_authentication.html?language=tc&version=HTML HTTP/1.1" 200 1468
182.148.17.162 - - [10/Nov/2025:10:30:09 +0800] "GET /InternetTrading/tc/style_common.css?v=20200819161914 HTTP/1.1" 200 2540
182.148.17.162 - - [10/Nov/2025:10:30:09 +0800] "GET /InternetTrading/tc/style.css?v=20200819161914 HTTP/1.1" 200 1435
182.148.17.162 - - [10/Nov/2025:10:30:09 +0800] "GET /InternetTrading/jquery/jquery-migrate-3.0.0.js HTTP/1.1" 200 4963
182.148.17.162 - - [10/Nov/2025:10:30:09 +0800] "GET /InternetTrading/jquery/jquery-3.3.1.js HTTP/1.1" 200 80650
182.148.17.162 - - [10/Nov/2025:10:30:09 +0800] "GET /InternetTrading/jquery/jquery-ui-1.10.3.js HTTP/1.1" 200 69642
182.148.17.162 - - [10/Nov/2025:10:30:09 +0800] "GET /InternetTrading/jquery/jquery.form-3.46.0.js HTTP/1.1" 200 5673
182.148.17.162 - - [10/Nov/2025:10:30:09 +0800] "GET /InternetTrading/jquery/jquery.validate-1.11.1.js HTTP/1.1" 200 7041
182.148.17.162 - - [10/Nov/2025:10:30:09 +0800] "GET /InternetTrading/jquery/additional-methods.js HTTP/1.1" 200 2238
182.148.17.162 - - [10/Nov/2025:10:30:09 +0800] "GET /InternetTrading/jquery/jquery.blockUI-2.66.0-iAsiaEdition.js HTTP/1.1" 200 6651
182.148.17.162 - - [10/Nov/2025:10:30:09 +0800] "GET /InternetTrading/jquery/jquery.timer-0.9.16.js HTTP/1.1" 200 542
182.148.17.162 - - [10/Nov/2025:10:30:09 +0800] "GET /InternetTrading/jquery/jquery.getParams.js HTTP/1.1" 200 587
182.148.17.162 - - [10/Nov/2025:10:30:09 +0800] "GET /InternetTrading/tc/user/translation.js?jsv=20200819161914 HTTP/1.1" 200 12818
182.148.17.162 - - [10/Nov/2025:10:30:09 +0800] "GET /InternetTrading/js/constants.js?jsv=20200819161914 HTTP/1.1" 200 400
182.148.17.162 - - [10/Nov/2025:10:30:09 +0800] "GET /InternetTrading/js/haitong.js?jsv=20200819161914 HTTP/1.1" 200 3881
182.148.17.162 - - [10/Nov/2025:10:30:09 +0800] "GET /InternetTrading/js/util.js?jsv=20200819161914 HTTP/1.1" 200 6636
182.148.17.162 - - [10/Nov/2025:10:30:09 +0800] "GET /InternetTrading/js/init.js?jsv=20200819161914 HTTP/1.1" 200 886
182.148.17.162 - - [10/Nov/2025:10:30:09 +0800] "GET /InternetTrading/js/2fa.js?jsv=20200819161914 HTTP/1.1" 200 1953
182.148.17.162 - - [10/Nov/2025:10:30:09 +0800] "GET /InternetTrading/js/login.js?jsv=20200819161914 HTTP/1.1" 200 1684
182.148.17.162 - - [10/Nov/2025:10:30:09 +0800] "GET /InternetTrading/settings/webpage_settings.js?jsv=20200819161914 HTTP/1.1" 200 33
182.148.17.162 - - [10/Nov/2025:10:30:09 +0800] "GET /InternetTrading/tc/images/logo.png HTTP/1.1" 200 7042
182.148.17.162 - - [10/Nov/2025:10:30:09 +0800] "GET /InternetTrading/tc/user/custom_variables.js?jsv=20200819161914 HTTP/1.1" 200 275
182.148.17.162 - - [10/Nov/2025:10:30:10 +0800] "GET /InternetTrading/js/login.js?jsv=20200819161914 HTTP/1.1" 200 1684
182.148.17.162 - - [10/Nov/2025:10:30:10 +0800] "GET /InternetTrading/tc/dialog.html?1762742010184 HTTP/1.1" 200 3188
182.148.17.162 - - [10/Nov/2025:10:30:10 +0800] "POST /InternetTrading/Get2FAInfoService HTTP/1.1" 200 109
182.148.17.162 - - [10/Nov/2025:10:30:10 +0800] "GET /InternetTrading/jquery/wait.gif HTTP/1.1" 200 432
182.148.17.162 - - [10/Nov/2025:10:30:10 +0800] "POST /InternetTrading/SystemMaintenanceCheck HTTP/1.1" 200 119
182.148.17.162 - - [10/Nov/2025:10:30:10 +0800] "POST /InternetTrading/SystemMaintenanceCheck HTTP/1.1" 200 119
182.148.17.162 - - [10/Nov/2025:10:30:10 +0800] "GET /favicon.ico HTTP/1.1" 404 196
65.181.90.29 - - [10/Nov/2025:10:30:10 +0800] "GET /InternetTrading/longpoll/54338?X-Atmosphere-tracking-id=0&X-Atmosphere-Framework=2.2.3-javascript&X-Atmosphere-Transport=long-polling&X-Atmosphere-TrackMessageSize=true&Content-Type=charset%3Dutf-8&X-atmo-protocol=true&_=1762742014631 HTTP/1.1" 200 -
183.178.37.129 - - [10/Nov/2025:10:30:11 +0800] "GET /InternetTrading/longpoll/56419?X-Atmosphere-tracking-id=0&X-Atmosphere-Framework=2.2.3-javascript&X-Atmosphere-Transport=long-polling&X-Atmosphere-TrackMessageSize=true&Content-Type=charset%3Dutf-8&X-atmo-protocol=true&_=1762742012402 HTTP/1.1" 200 -
58.152.215.195 - - [10/Nov/2025:10:30:11 +0800] "GET /InternetTrading/longpoll/55136?X-Atmosphere-tracking-id=0&X-Atmosphere-Framework=2.2.3-javascript&X-Atmosphere-Transport=long-polling&X-Atmosphere-TrackMessageSize=true&Content-Type=charset%3Dutf-8&X-atmo-protocol=true&_=1762742013085 HTTP/1.1" 200 -
14.0.170.122 - - [10/Nov/2025:10:30:13 +0800] "GET /InternetTrading/longpoll/A8127?X-Atmosphere-tracking-id=0&X-Atmosphere-Framework=2.2.3-javascript&X-Atmosphere-Transport=long-polling&X-Atmosphere-TrackMessageSize=true&Content-Type=charset%3Dutf-8&X-atmo-protocol=true&_=1762742015028 HTTP/1.1" 200 -
65.181.90.29 - - [10/Nov/2025:10:30:15 +0800] "GET /InternetTrading/longpoll/54338?X-Atmosphere-tracking-id=0&X-Atmosphere-Framework=2.2.3-javascript&X-Atmosphere-Transport=long-polling&X-Atmosphere-TrackMessageSize=true&Content-Type=charset%3Dutf-8&X-atmo-protocol=true&_=1762742019688 HTTP/1.1" 200 -
58.152.215.195 - - [10/Nov/2025:10:30:16 +0800] "GET /InternetTrading/longpoll/55136?X-Atmosphere-tracking-id=0&X-Atmosphere-Framework=2.2.3-javascript&X-Atmosphere-Transport=long-polling&X-Atmosphere-TrackMessageSize=true&Content-Type=charset%3Dutf-8&X-atmo-protocol=true&_=1762742018131 HTTP/1.1" 200 -
183.178.37.129 - - [10/Nov/2025:10:30:17 +0800] "GET /InternetTrading/longpoll/56419?X-Atmosphere-tracking-id=0&X-Atmosphere-Framework=2.2.3-javascript&X-Atmosphere-Transport=long-polling&X-Atmosphere-TrackMessageSize=true&Content-Type=charset%3Dutf-8&X-atmo-protocol=true&_=1762742018396 HTTP/1.1" 200 -
14.0.170.122 - - [10/Nov/2025:10:30:19 +0800] "GET /InternetTrading/longpoll/A8127?X-Atmosphere-tracking-id=0&X-Atmosphere-Framework=2.2.3-javascript&X-Atmosphere-Transport=long-polling&X-Atmosphere-TrackMessageSize=true&Content-Type=charset%3Dutf-8&X-atmo-protocol=true&_=1762742020185 HTTP/1.1" 200 -
58.152.215.195 - - [10/Nov/2025:10:30:19 +0800] "POST /InternetTrading/SessionErrorLogger HTTP/1.1" 200 117
58.152.215.195 - - [10/Nov/2025:10:30:19 +0800] "POST /InternetTrading/Heartbeat HTTP/1.1" 200 32
58.152.215.195 - - [10/Nov/2025:10:30:19 +0800] "POST /InternetTrading/SessionErrorLogger HTTP/1.1" 200 117
58.152.215.195 - - [10/Nov/2025:10:30:19 +0800] "POST /InternetTrading/MarketStatus HTTP/1.1" 200 772
65.181.90.29 - - [10/Nov/2025:10:30:20 +0800] "GET /InternetTrading/longpoll/54338?X-Atmosphere-tracking-id=0&X-Atmosphere-Framework=2.2.3-javascript&X-Atmosphere-Transport=long-polling&X-Atmosphere-TrackMessageSize=true&Content-Type=charset%3Dutf-8&X-atmo-protocol=true&_=1762742024722 HTTP/1.1" 200 -
58.152.215.195 - - [10/Nov/2025:10:30:21 +0800] "GET /InternetTrading/longpoll/55136?X-Atmosphere-tracking-id=0&X-Atmosphere-Framework=2.2.3-javascript&X-Atmosphere-Transport=long-polling&X-Atmosphere-TrackMessageSize=true&Content-Type=charset%3Dutf-8&X-atmo-protocol=true&_=1762742023173 HTTP/1.1" 200 -
183.178.37.129 - - [10/Nov/2025:10:30:23 +0800] "GET /InternetTrading/longpoll/56419?X-Atmosphere-tracking-id=0&X-Atmosphere-Framework=2.2.3-javascript&X-Atmosphere-Transport=long-polling&X-Atmosphere-TrackMessageSize=true&Content-Type=charset%3Dutf-8&X-atmo-protocol=true&_=1762742024398 HTTP/1.1" 200 -
14.0.170.122 - - [10/Nov/2025:10:30:24 +0800] "GET /InternetTrading/longpoll/A8127?X-Atmosphere-tracking-id=0&X-Atmosphere-Framework=2.2.3-javascript&X-Atmosphere-Transport=long-polling&X-Atmosphere-TrackMessageSize=true&Content-Type=charset%3Dutf-8&X-atmo-protocol=true&_=1762742025421 HTTP/1.1" 200 -
65.181.90.29 - - [10/Nov/2025:10:30:24 +0800] "POST /InternetTrading/SessionErrorLogger HTTP/1.1" 200 117
65.181.90.29 - - [10/Nov/2025:10:30:24 +0800] "POST /InternetTrading/Heartbeat HTTP/1.1" 200 32
65.181.90.29 - - [10/Nov/2025:10:30:24 +0800] "POST /InternetTrading/SessionErrorLogger HTTP/1.1" 200 117
65.181.90.29 - - [10/Nov/2025:10:30:24 +0800] "POST /InternetTrading/MarketStatus HTTP/1.1" 200 772
65.181.90.29 - - [10/Nov/2025:10:30:25 +0800] "GET /InternetTrading/longpoll/54338?X-Atmosphere-tracking-id=0&X-Atmosphere-Framework=2.2.3-javascript&X-Atmosphere-Transport=long-polling&X-Atmosphere-TrackMessageSize=true&Content-Type=charset%3Dutf-8&X-atmo-protocol=true&_=1762742029762 HTTP/1.1" 200 -
58.152.215.195 - - [10/Nov/2025:10:30:26 +0800] "GET /InternetTrading/longpoll/55136?X-Atmosphere-tracking-id=0&X-Atmosphere-Framework=2.2.3-javascript&X-Atmosphere-Transport=long-polling&X-Atmosphere-TrackMessageSize=true&Content-Type=charset%3Dutf-8&X-atmo-protocol=true&_=1762742028196 HTTP/1.1" 200 -
183.178.37.129 - - [10/Nov/2025:10:30:29 +0800] "GET /InternetTrading/longpoll/56419?X-Atmosphere-tracking-id=0&X-Atmosphere-Framework=2.2.3-javascript&X-Atmosphere-Transport=long-polling&X-Atmosphere-TrackMessageSize=true&Content-Type=charset%3Dutf-8&X-atmo-protocol=true&_=1762742030392 HTTP/1.1" 200 -
14.0.170.122 - - [10/Nov/2025:10:30:29 +0800] "GET /InternetTrading/longpoll/A8127?X-Atmosphere-tracking-id=0&X-Atmosphere-Framework=2.2.3-javascript&X-Atmosphere-Transport=long-polling&X-Atmosphere-TrackMessageSize=true&Content-Type=charset%3Dutf-8&X-atmo-protocol=true&_=1762742030700 HTTP/1.1" 200 -
65.181.90.29 - - [10/Nov/2025:10:30:30 +0800] "GET /InternetTrading/longpoll/54338?X-Atmosphere-tracking-id=0&X-Atmosphere-Framework=2.2.3-javascript&X-Atmosphere-Transport=long-polling&X-Atmosphere-TrackMessageSize=true&Content-Type=charset%3Dutf-8&X-atmo-protocol=true&_=1762742034794 HTTP/1.1" 200 -
58.152.215.195 - - [10/Nov/2025:10:30:31 +0800] "GET /InternetTrading/longpoll/55136?X-Atmosphere-tracking-id=0&X-Atmosphere-Framework=2.2.3-javascript&X-Atmosphere-Transport=long-polling&X-Atmosphere-TrackMessageSize=true&Content-Type=charset%3Dutf-8&X-atmo-protocol=true&_=1762742033250 HTTP/1.1" 200 -
14.0.170.122 - - [10/Nov/2025:10:30:33 +0800] "POST /InternetTrading/SessionErrorLogger HTTP/1.1" 200 117
14.0.170.122 - - [10/Nov/2025:10:30:33 +0800] "POST /InternetTrading/Heartbeat HTTP/1.1" 200 32
14.0.170.122 - - [10/Nov/2025:10:30:33 +0800] "POST /InternetTrading/SessionErrorLogger HTTP/1.1" 200 117
14.0.170.122 - - [10/Nov/2025:10:30:34 +0800] "POST /InternetTrading/MarketStatus HTTP/1.1" 200 772
14.0.170.122 - - [10/Nov/2025:10:30:35 +0800] "GET /InternetTrading/longpoll/A8127?X-Atmosphere-tracking-id=0&X-Atmosphere-Framework=2.2.3-javascript&X-Atmosphere-Transport=long-polling&X-Atmosphere-TrackMessageSize=true&Content-Type=charset%3Dutf-8&X-atmo-protocol=true&_=1762742036158 HTTP/1.1" 200 -
183.178.37.129 - - [10/Nov/2025:10:30:35 +0800] "GET /InternetTrading/longpoll/56419?X-Atmosphere-tracking-id=0&X-Atmosphere-Framework=2.2.3-javascript&X-Atmosphere-Transport=long-polling&X-Atmosphere-TrackMessageSize=true&Content-Type=charset%3Dutf-8&X-atmo-protocol=true&_=1762742036395 HTTP/1.1" 200 -
65.181.90.29 - - [10/Nov/2025:10:30:36 +0800] "GET /InternetTrading/longpoll/54338?X-Atmosphere-tracking-id=0&X-Atmosphere-Framework=2.2.3-javascript&X-Atmosphere-Transport=long-polling&X-Atmosphere-TrackMessageSize=true&Content-Type=charset%3Dutf-8&X-atmo-protocol=true&_=1762742039811 HTTP/1.1" 200 -
58.152.215.195 - - [10/Nov/2025:10:30:36 +0800] "GET /InternetTrading/longpoll/55136?X-Atmosphere-tracking-id=0&X-Atmosphere-Framework=2.2.3-javascript&X-Atmosphere-Transport=long-polling&X-Atmosphere-TrackMessageSize=true&Content-Type=charset%3Dutf-8&X-atmo-protocol=true&_=1762742038292 HTTP/1.1" 200 -
182.148.17.162 - - [10/Nov/2025:10:30:40 +0800] "POST /InternetTrading/Heartbeat2FAService HTTP/1.1" 200 1
14.0.170.122 - - [10/Nov/2025:10:30:40 +0800] "GET /InternetTrading/longpoll/A8127?X-Atmosphere-tracking-id=0&X-Atmosphere-Framework=2.2.3-javascript&X-Atmosphere-Transport=long-polling&X-Atmosphere-TrackMessageSize=true&Content-Type=charset%3Dutf-8&X-atmo-protocol=true&_=1762742041330 HTTP/1.1" 200 -
65.181.90.29 - - [10/Nov/2025:10:30:41 +0800] "GET /InternetTrading/longpoll/54338?X-Atmosphere-tracking-id=0&X-Atmosphere-Framework=2.2.3-javascript&X-Atmosphere-Transport=long-polling&X-Atmosphere-TrackMessageSize=true&Content-Type=charset%3Dutf-8&X-atmo-protocol=true&_=1762742044840 HTTP/1.1" 200 -
183.178.37.129 - - [10/Nov/2025:10:30:41 +0800] "GET /InternetTrading/longpoll/56419?X-Atmosphere-tracking-id=0&X-Atmosphere-Framework=2.2.3-javascript&X-Atmosphere-Transport=long-polling&X-Atmosphere-TrackMessageSize=true&Content-Type=charset%3Dutf-8&X-atmo-protocol=true&_=1762742042401 HTTP/1.1" 200 -
58.152.215.195 - - [10/Nov/2025:10:30:41 +0800] "GET /InternetTrading/longpoll/55136?X-Atmosphere-tracking-id=0&X-Atmosphere-Framework=2.2.3-javascript&X-Atmosphere-Transport=long-polling&X-Atmosphere-TrackMessageSize=true&Content-Type=charset%3Dutf-8&X-atmo-protocol=true&_=1762742043326 HTTP/1.1" 200 -
14.0.170.122 - - [10/Nov/2025:10:30:45 +0800] "GET /InternetTrading/longpoll/A8127?X-Atmosphere-tracking-id=0&X-Atmosphere-Framework=2.2.3-javascript&X-Atmosphere-Transport=long-polling&X-Atmosphere-TrackMessageSize=true&Content-Type=charset%3Dutf-8&X-atmo-protocol=true&_=1762742046544 HTTP/1.1" 200 -
65.181.90.29 - - [10/Nov/2025:10:30:46 +0800] "GET /InternetTrading/longpoll/54338?X-Atmosphere-tracking-id=0&X-Atmosphere-Framework=2.2.3-javascript&X-Atmosphere-Transport=long-polling&X-Atmosphere-TrackMessageSize=true&Content-Type=charset%3Dutf-8&X-atmo-protocol=true&_=1762742049880 HTTP/1.1" 200 -
58.152.215.195 - - [10/Nov/2025:10:30:46 +0800] "GET /InternetTrading/longpoll/55136?X-Atmosphere-tracking-id=0&X-Atmosphere-Framework=2.2.3-javascript&X-Atmosphere-Transport=long-polling&X-Atmosphere-TrackMessageSize=true&Content-Type=charset%3Dutf-8&X-atmo-protocol=true&_=1762742048359 HTTP/1.1" 200 -
183.178.37.129 - - [10/Nov/2025:10:30:47 +0800] "GET /InternetTrading/longpoll/56419?X-Atmosphere-tracking-id=0&X-Atmosphere-Framework=2.2.3-javascript&X-Atmosphere-Transport=long-polling&X-Atmosphere-TrackMessageSize=true&Content-Type=charset%3Dutf-8&X-atmo-protocol=true&_=1762742048402 HTTP/1.1" 200 -
58.152.215.195 - - [10/Nov/2025:10:30:49 +0800] "POST /InternetTrading/SessionErrorLogger HTTP/1.1" 200 117
58.152.215.195 - - [10/Nov/2025:10:30:49 +0800] "POST /InternetTrading/Heartbeat HTTP/1.1" 200 32
58.152.215.195 - - [10/Nov/2025:10:30:49 +0800] "POST /InternetTrading/SessionErrorLogger HTTP/1.1" 200 117
58.152.215.195 - - [10/Nov/2025:10:30:49 +0800] "POST /InternetTrading/MarketStatus HTTP/1.1" 200 772
183.178.37.129 - - [10/Nov/2025:10:30:50 +0800] "POST /InternetTrading/SessionErrorLogger HTTP/1.1" 200 117
183.178.37.129 - - [10/Nov/2025:10:30:50 +0800] "POST /InternetTrading/MarketStatus HTTP/1.1" 200 772
183.178.37.129 - - [10/Nov/2025:10:30:50 +0800] "POST /InternetTrading/SessionErrorLogger HTTP/1.1" 200 117
183.178.37.129 - - [10/Nov/2025:10:30:50 +0800] "POST /InternetTrading/Heartbeat HTTP/1.1" 200 32
14.0.170.122 - - [10/Nov/2025:10:30:50 +0800] "GET /InternetTrading/longpoll/A8127?X-Atmosphere-tracking-id=0&X-Atmosphere-Framework=2.2.3-javascript&X-Atmosphere-Transport=long-polling&X-Atmosphere-TrackMessageSize=true&Content-Type=charset%3Dutf-8&X-atmo-protocol=true&_=1762742051759 HTTP/1.1" 200 -
65.181.90.29 - - [10/Nov/2025:10:30:51 +0800] "GET /InternetTrading/longpoll/54338?X-Atmosphere-tracking-id=0&X-Atmosphere-Framework=2.2.3-javascript&X-Atmosphere-Transport=long-polling&X-Atmosphere-TrackMessageSize=true&Content-Type=charset%3Dutf-8&X-atmo-protocol=true&_=1762742054931 HTTP/1.1" 200 -
58.152.215.195 - - [10/Nov/2025:10:30:51 +0800] "GET /InternetTrading/longpoll/55136?X-Atmosphere-tracking-id=0&X-Atmosphere-Framework=2.2.3-javascript&X-Atmosphere-Transport=long-polling&X-Atmosphere-TrackMessageSize=true&Content-Type=charset%3Dutf-8&X-atmo-protocol=true&_=1762742053374 HTTP/1.1" 200 -
183.178.37.129 - - [10/Nov/2025:10:30:53 +0800] "GET /InternetTrading/longpoll/56419?X-Atmosphere-tracking-id=0&X-Atmosphere-Framework=2.2.3-javascript&X-Atmosphere-Transport=long-polling&X-Atmosphere-TrackMessageSize=true&Content-Type=charset%3Dutf-8&X-atmo-protocol=true&_=1762742054399 HTTP/1.1" 200 -
65.181.90.29 - - [10/Nov/2025:10:30:54 +0800] "POST /InternetTrading/SessionErrorLogger HTTP/1.1" 200 117
65.181.90.29 - - [10/Nov/2025:10:30:54 +0800] "POST /InternetTrading/Heartbeat HTTP/1.1" 200 32
65.181.90.29 - - [10/Nov/2025:10:30:54 +0800] "POST /InternetTrading/SessionErrorLogger HTTP/1.1" 200 117
65.181.90.29 - - [10/Nov/2025:10:30:54 +0800] "POST /InternetTrading/MarketStatus HTTP/1.1" 200 772
182.148.17.162 - - [10/Nov/2025:10:30:54 +0800] "GET /InternetTrading/jquery/wait.gif HTTP/1.1" 200 432
182.148.17.162 - - [10/Nov/2025:10:30:54 +0800] "POST /InternetTrading/Verify2FAService HTTP/1.1" 200 424
182.148.17.162 - - [10/Nov/2025:10:30:55 +0800] "GET /InternetTrading/tc/main.html?language=tc&version=HTML HTTP/1.1" 200 3578
182.148.17.162 - - [10/Nov/2025:10:30:55 +0800] "GET /InternetTrading/jquery/ui.datepicker.css HTTP/1.1" 200 1145
182.148.17.162 - - [10/Nov/2025:10:30:55 +0800] "GET /InternetTrading/jquery/jquery.tablesorter-theme.blue.css HTTP/1.1" 200 2083
182.148.17.162 - - [10/Nov/2025:10:30:55 +0800] "GET /InternetTrading/jquery/dragtable-2.0.9.css HTTP/1.1" 200 316
182.148.17.162 - - [10/Nov/2025:10:30:55 +0800] "GET /InternetTrading/tc/style.css?v=20200819161914 HTTP/1.1" 200 1435
182.148.17.162 - - [10/Nov/2025:10:30:55 +0800] "GET /InternetTrading/jquery/jquery-ui-1.10.3.css HTTP/1.1" 200 5283
182.148.17.162 - - [10/Nov/2025:10:30:55 +0800] "GET /InternetTrading/tc/style_common.css?v=20200819161914 HTTP/1.1" 200 2540
182.148.17.162 - - [10/Nov/2025:10:30:55 +0800] "GET /InternetTrading/tc/css/jquery.jscrollpane.css HTTP/1.1" 404 690
182.148.17.162 - - [10/Nov/2025:10:30:55 +0800] "GET /InternetTrading/jquery/jquery-1.6.3.min.js HTTP/1.1" 200 32057
182.148.17.162 - - [10/Nov/2025:10:30:55 +0800] "GET /InternetTrading/js/aastock.js HTTP/1.1" 200 553
182.148.17.162 - - [10/Nov/2025:10:30:55 +0800] "GET /InternetTrading/jquery/jquery.ba-postmessage.js HTTP/1.1" 200 2990
182.148.17.162 - - [10/Nov/2025:10:30:55 +0800] "GET /InternetTrading/jquery/jquery-migrate-3.0.0.js HTTP/1.1" 200 4963
182.148.17.162 - - [10/Nov/2025:10:30:55 +0800] "GET /InternetTrading/jquery/jquery-3.3.1.js HTTP/1.1" 200 80650
182.148.17.162 - - [10/Nov/2025:10:30:55 +0800] "GET /InternetTrading/jquery/jquery-ui-1.10.3.js HTTP/1.1" 200 69642
182.148.17.162 - - [10/Nov/2025:10:30:55 +0800] "GET /InternetTrading/jquery/jquery.form-3.46.0.js HTTP/1.1" 200 5673
182.148.17.162 - - [10/Nov/2025:10:30:55 +0800] "GET /InternetTrading/js/atmosphere.js HTTP/1.1" 200 13461
182.148.17.162 - - [10/Nov/2025:10:30:55 +0800] "GET /InternetTrading/js/cache.js?jsv=20200819161914 HTTP/1.1" 200 940
182.148.17.162 - - [10/Nov/2025:10:30:55 +0800] "GET /InternetTrading/jquery/jquery.blockUI-2.66.0.js HTTP/1.1" 200 6651
182.148.17.162 - - [10/Nov/2025:10:30:55 +0800] "GET /InternetTrading/jquery/jquery.validate-1.11.1.js HTTP/1.1" 200 7041
182.148.17.162 - - [10/Nov/2025:10:30:55 +0800] "GET /InternetTrading/jquery/additional-methods.js HTTP/1.1" 200 2238
182.148.17.162 - - [10/Nov/2025:10:30:55 +0800] "GET /InternetTrading/jquery/jquery.mousewheel-3.1.4.js HTTP/1.1" 200 822
182.148.17.162 - - [10/Nov/2025:10:30:55 +0800] "GET /InternetTrading/jquery/jquery.tablesorter-2.14.5.js HTTP/1.1" 200 8901
182.148.17.162 - - [10/Nov/2025:10:30:55 +0800] "GET /InternetTrading/jquery/jquery.tablesorter.widgets-2.14.5.js HTTP/1.1" 200 8611
182.148.17.162 - - [10/Nov/2025:10:30:55 +0800] "GET /InternetTrading/jquery/jquery.timer-0.9.16.js HTTP/1.1" 200 542
182.148.17.162 - - [10/Nov/2025:10:30:55 +0800] "GET /InternetTrading/jquery/jquery.combobox.packed.js HTTP/1.1" 200 3387
182.148.17.162 - - [10/Nov/2025:10:30:55 +0800] "GET /InternetTrading/jquery/jquery.getParams.js HTTP/1.1" 200 587
182.148.17.162 - - [10/Nov/2025:10:30:56 +0800] "GET /InternetTrading/jquery/jquery.selectboxes.pack.js HTTP/1.1" 200 1640
182.148.17.162 - - [10/Nov/2025:10:30:56 +0800] "GET /InternetTrading/jquery/date.js HTTP/1.1" 200 2807
182.148.17.162 - - [10/Nov/2025:10:30:56 +0800] "GET /InternetTrading/json/json2.js?jsv=20200819161914 HTTP/1.1" 200 1372
182.148.17.162 - - [10/Nov/2025:10:30:56 +0800] "GET /InternetTrading/jquery/globalize-0.1.0a1.js HTTP/1.1" 200 6984
182.148.17.162 - - [10/Nov/2025:10:30:56 +0800] "GET /InternetTrading/settings/crm_display_settings.js?jsv=20200819161914 HTTP/1.1" 200 1781
182.148.17.162 - - [10/Nov/2025:10:30:56 +0800] "GET /InternetTrading/js/constants.js?jsv=20200819161914 HTTP/1.1" 200 400
182.148.17.162 - - [10/Nov/2025:10:30:56 +0800] "GET /InternetTrading/tc/user/translation.js?jsv=20200819161914 HTTP/1.1" 200 12818
182.148.17.162 - - [10/Nov/2025:10:30:56 +0800] "GET /InternetTrading/tc/user/custom_variables.js?jsv=20200819161914 HTTP/1.1" 200 275
182.148.17.162 - - [10/Nov/2025:10:30:56 +0800] "GET /InternetTrading/js/haitong.js?jsv=20200819161914 HTTP/1.1" 200 3881
182.148.17.162 - - [10/Nov/2025:10:30:56 +0800] "GET /InternetTrading/js/init.js?jsv=20200819161914 HTTP/1.1" 200 886
182.148.17.162 - - [10/Nov/2025:10:30:56 +0800] "GET /InternetTrading/js/util.js?jsv=20200819161914 HTTP/1.1" 200 6636
182.148.17.162 - - [10/Nov/2025:10:30:56 +0800] "GET /InternetTrading/js/rsautil.js?jsv=20200819161914 HTTP/1.1" 200 1017
182.148.17.162 - - [10/Nov/2025:10:30:56 +0800] "GET /InternetTrading/js/corporate.js?jsv=20200819161914 HTTP/1.1" 200 1575
65.181.90.29 - - [10/Nov/2025:10:30:56 +0800] "GET /InternetTrading/longpoll/54338?X-Atmosphere-tracking-id=0&X-Atmosphere-Framework=2.2.3-javascript&X-Atmosphere-Transport=long-polling&X-Atmosphere-TrackMessageSize=true&Content-Type=charset%3Dutf-8&X-atmo-protocol=true&_=1762742059976 HTTP/1.1" 200 -
182.148.17.162 - - [10/Nov/2025:10:30:56 +0800] "GET /InternetTrading/js/update_mdf.js?jsv=20200819161914 HTTP/1.1" 200 856
182.148.17.162 - - [10/Nov/2025:10:30:56 +0800] "GET /InternetTrading/js/main.js?jsv=20200819161914 HTTP/1.1" 200 30725
14.0.170.122 - - [10/Nov/2025:10:30:56 +0800] "GET /InternetTrading/longpoll/A8127?X-Atmosphere-tracking-id=0&X-Atmosphere-Framework=2.2.3-javascript&X-Atmosphere-Transport=long-polling&X-Atmosphere-TrackMessageSize=true&Content-Type=charset%3Dutf-8&X-atmo-protocol=true&_=1762742057109 HTTP/1.1" 200 -
182.148.17.162 - - [10/Nov/2025:10:30:56 +0800] "GET /InternetTrading/js/validation_hkex.js?jsv=20200819161914 HTTP/1.1" 200 2300
182.148.17.162 - - [10/Nov/2025:10:30:56 +0800] "GET /InternetTrading/js/validation_bshare.js?jsv=20200819161914 HTTP/1.1" 200 1567
182.148.17.162 - - [10/Nov/2025:10:30:56 +0800] "GET /InternetTrading/js/validation_ashare.js?jsv=20200819161914 HTTP/1.1" 200 2482
182.148.17.162 - - [10/Nov/2025:10:30:56 +0800] "GET /InternetTrading/js/validation_global.js?jsv=20200819161914 HTTP/1.1" 200 1564
182.148.17.162 - - [10/Nov/2025:10:30:56 +0800] "GET /InternetTrading/js/account.js?jsv=20200819161914 HTTP/1.1" 200 2656
