14.0.170.122 - - [10/Nov/2025:09:45:56 +0800] "GET /InternetTrading/tc/sell_ticket.html? HTTP/1.1" 200 2261
14.0.170.122 - - [10/Nov/2025:09:45:56 +0800] "POST /InternetTrading/SessionErrorLogger HTTP/1.1" 200 117
14.0.170.122 - - [10/Nov/2025:09:45:56 +0800] "POST /InternetTrading/SessionErrorLogger HTTP/1.1" 200 117
14.0.170.122 - - [10/Nov/2025:09:45:56 +0800] "POST /InternetTrading/MarketStatus HTTP/1.1" 200 772
14.0.170.122 - - [10/Nov/2025:09:45:56 +0800] "GET /InternetTrading/longpoll/A8127?X-Atmosphere-tracking-id=0&X-Atmosphere-Framework=2.2.3-javascript&X-Atmosphere-Transport=long-polling&X-Atmosphere-TrackMessageSize=true&Content-Type=charset%3Dutf-8&X-atmo-protocol=true&_=1762739357545 HTTP/1.1" 200 -
14.0.170.122 - - [10/Nov/2025:09:45:56 +0800] "POST /InternetTrading/MarketStatus HTTP/1.1" 200 772
58.152.215.195 - - [10/Nov/2025:09:45:57 +0800] "GET /InternetTrading/longpoll/55136?X-Atmosphere-tracking-id=0&X-Atmosphere-Framework=2.2.3-javascript&X-Atmosphere-Transport=long-polling&X-Atmosphere-TrackMessageSize=true&Content-Type=charset%3Dutf-8&X-atmo-protocol=true&_=1762739358609 HTTP/1.1" 200 -
14.0.170.122 - - [10/Nov/2025:09:45:58 +0800] "POST /InternetTrading/SessionErrorLogger HTTP/1.1" 200 117
14.0.170.122 - - [10/Nov/2025:09:45:58 +0800] "GET /InternetTrading/jquery/wait.gif HTTP/1.1" 200 432
14.0.170.122 - - [10/Nov/2025:09:45:58 +0800] "POST /InternetTrading/Orderbook HTTP/1.1" 200 1701
14.0.170.122 - - [10/Nov/2025:09:46:01 +0800] "GET /InternetTrading/longpoll/A8127?X-Atmosphere-tracking-id=0&X-Atmosphere-Framework=2.2.3-javascript&X-Atmosphere-Transport=long-polling&X-Atmosphere-TrackMessageSize=true&Content-Type=charset%3Dutf-8&X-atmo-protocol=true&_=1762739362606 HTTP/1.1" 200 -
58.152.215.195 - - [10/Nov/2025:09:46:02 +0800] "GET /InternetTrading/longpoll/55136?X-Atmosphere-tracking-id=0&X-Atmosphere-Framework=2.2.3-javascript&X-Atmosphere-Transport=long-polling&X-Atmosphere-TrackMessageSize=true&Content-Type=charset%3Dutf-8&X-atmo-protocol=true&_=1762739363630 HTTP/1.1" 200 -
14.0.170.122 - - [10/Nov/2025:09:46:04 +0800] "POST /InternetTrading/SessionErrorLogger HTTP/1.1" 200 117
14.0.170.122 - - [10/Nov/2025:09:46:04 +0800] "GET /InternetTrading/jquery/wait.gif HTTP/1.1" 200 432
14.0.170.122 - - [10/Nov/2025:09:46:04 +0800] "POST /InternetTrading/Portfolio HTTP/1.1" 200 1963
14.0.170.122 - - [10/Nov/2025:09:46:06 +0800] "GET /InternetTrading/longpoll/A8127?X-Atmosphere-tracking-id=0&X-Atmosphere-Framework=2.2.3-javascript&X-Atmosphere-Transport=long-polling&X-Atmosphere-TrackMessageSize=true&Content-Type=charset%3Dutf-8&X-atmo-protocol=true&_=1762739367671 HTTP/1.1" 200 -
14.0.170.122 - - [10/Nov/2025:09:46:07 +0800] "POST /InternetTrading/SessionErrorLogger HTTP/1.1" 200 117
14.0.170.122 - - [10/Nov/2025:09:46:07 +0800] "GET /InternetTrading/tc/sell_ticket.html? HTTP/1.1" 200 2261
58.152.215.195 - - [10/Nov/2025:09:46:07 +0800] "GET /InternetTrading/longpoll/55136?X-Atmosphere-tracking-id=0&X-Atmosphere-Framework=2.2.3-javascript&X-Atmosphere-Transport=long-polling&X-Atmosphere-TrackMessageSize=true&Content-Type=charset%3Dutf-8&X-atmo-protocol=true&_=1762739368651 HTTP/1.1" 200 -
14.0.170.122 - - [10/Nov/2025:09:46:07 +0800] "POST /InternetTrading/SessionErrorLogger HTTP/1.1" 200 117
14.0.170.122 - - [10/Nov/2025:09:46:07 +0800] "POST /InternetTrading/SessionErrorLogger HTTP/1.1" 200 117
14.0.170.122 - - [10/Nov/2025:09:46:07 +0800] "POST /InternetTrading/MarketStatus HTTP/1.1" 200 772
14.0.170.122 - - [10/Nov/2025:09:46:07 +0800] "POST /InternetTrading/SessionErrorLogger HTTP/1.1" 200 117
14.0.170.122 - - [10/Nov/2025:09:46:07 +0800] "POST /InternetTrading/MarketStatus HTTP/1.1" 200 772
14.0.170.122 - - [10/Nov/2025:09:46:07 +0800] "POST /InternetTrading/SessionErrorLogger HTTP/1.1" 200 117
14.0.170.122 - - [10/Nov/2025:09:46:07 +0800] "POST /InternetTrading/Product HTTP/1.1" 200 298
14.0.170.122 - - [10/Nov/2025:09:46:07 +0800] "POST /InternetTrading/OrderMaxQuantity HTTP/1.1" 200 6
14.0.170.122 - - [10/Nov/2025:09:46:11 +0800] "GET /InternetTrading/longpoll/A8127?X-Atmosphere-tracking-id=0&X-Atmosphere-Framework=2.2.3-javascript&X-Atmosphere-Transport=long-polling&X-Atmosphere-TrackMessageSize=true&Content-Type=charset%3Dutf-8&X-atmo-protocol=true&_=1762739372779 HTTP/1.1" 200 -
58.152.215.195 - - [10/Nov/2025:09:46:12 +0800] "GET /InternetTrading/longpoll/55136?X-Atmosphere-tracking-id=0&X-Atmosphere-Framework=2.2.3-javascript&X-Atmosphere-Transport=long-polling&X-Atmosphere-TrackMessageSize=true&Content-Type=charset%3Dutf-8&X-atmo-protocol=true&_=1762739373680 HTTP/1.1" 200 -
14.0.170.122 - - [10/Nov/2025:09:46:16 +0800] "GET /InternetTrading/longpoll/A8127?X-Atmosphere-tracking-id=0&X-Atmosphere-Framework=2.2.3-javascript&X-Atmosphere-Transport=long-polling&X-Atmosphere-TrackMessageSize=true&Content-Type=charset%3Dutf-8&X-atmo-protocol=true&_=1762739377905 HTTP/1.1" 200 -
58.152.215.195 - - [10/Nov/2025:09:46:16 +0800] "POST /InternetTrading/SessionErrorLogger HTTP/1.1" 200 117
58.152.215.195 - - [10/Nov/2025:09:46:16 +0800] "POST /InternetTrading/Heartbeat HTTP/1.1" 200 32
58.152.215.195 - - [10/Nov/2025:09:46:16 +0800] "POST /InternetTrading/SessionErrorLogger HTTP/1.1" 200 117
58.152.215.195 - - [10/Nov/2025:09:46:16 +0800] "POST /InternetTrading/MarketStatus HTTP/1.1" 200 772
58.152.215.195 - - [10/Nov/2025:09:46:17 +0800] "GET /InternetTrading/longpoll/55136?X-Atmosphere-tracking-id=0&X-Atmosphere-Framework=2.2.3-javascript&X-Atmosphere-Transport=long-polling&X-Atmosphere-TrackMessageSize=true&Content-Type=charset%3Dutf-8&X-atmo-protocol=true&_=1762739378725 HTTP/1.1" 200 -
14.0.170.122 - - [10/Nov/2025:09:46:22 +0800] "GET /InternetTrading/longpoll/A8127?X-Atmosphere-tracking-id=0&X-Atmosphere-Framework=2.2.3-javascript&X-Atmosphere-Transport=long-polling&X-Atmosphere-TrackMessageSize=true&Content-Type=charset%3Dutf-8&X-atmo-protocol=true&_=1762739383023 HTTP/1.1" 200 -
58.152.215.195 - - [10/Nov/2025:09:46:22 +0800] "GET /InternetTrading/longpoll/55136?X-Atmosphere-tracking-id=0&X-Atmosphere-Framework=2.2.3-javascript&X-Atmosphere-Transport=long-polling&X-Atmosphere-TrackMessageSize=true&Content-Type=charset%3Dutf-8&X-atmo-protocol=true&_=1762739383750 HTTP/1.1" 200 -
14.0.170.122 - - [10/Nov/2025:09:46:23 +0800] "POST /InternetTrading/SessionErrorLogger HTTP/1.1" 200 117
14.0.170.122 - - [10/Nov/2025:09:46:23 +0800] "POST /InternetTrading/Heartbeat HTTP/1.1" 200 32
14.0.170.122 - - [10/Nov/2025:09:46:27 +0800] "GET /InternetTrading/longpoll/A8127?X-Atmosphere-tracking-id=0&X-Atmosphere-Framework=2.2.3-javascript&X-Atmosphere-Transport=long-polling&X-Atmosphere-TrackMessageSize=true&Content-Type=charset%3Dutf-8&X-atmo-protocol=true&_=1762739388270 HTTP/1.1" 200 -
58.152.215.195 - - [10/Nov/2025:09:46:27 +0800] "GET /InternetTrading/longpoll/55136?X-Atmosphere-tracking-id=0&X-Atmosphere-Framework=2.2.3-javascript&X-Atmosphere-Transport=long-polling&X-Atmosphere-TrackMessageSize=true&Content-Type=charset%3Dutf-8&X-atmo-protocol=true&_=1762739388811 HTTP/1.1" 200 -
180.114.89.204 - - [10/Nov/2025:09:46:28 +0800] "POST /InternetTrading/CheckIsEnableRSA HTTP/1.1" 200 1
180.114.89.204 - - [10/Nov/2025:09:46:28 +0800] "POST /InternetTrading/CheckPwEncryptType HTTP/1.1" 200 -
180.114.89.204 - - [10/Nov/2025:09:46:28 +0800] "POST /InternetTrading/LoginKey HTTP/1.1" 200 -
180.114.89.204 - - [10/Nov/2025:09:46:29 +0800] "GET /InternetTrading/jquery/wait.gif HTTP/1.1" 200 432
180.114.89.204 - - [10/Nov/2025:09:46:29 +0800] "POST /InternetTrading/Login HTTP/1.1" 200 455
180.114.89.204 - - [10/Nov/2025:09:46:31 +0800] "GET /InternetTrading/sc/2FA_authentication.html?language=sc&version=HTML HTTP/1.1" 200 1468
180.114.89.204 - - [10/Nov/2025:09:46:31 +0800] "GET /InternetTrading/sc/style_common.css?v=20200819161913 HTTP/1.1" 200 2540
180.114.89.204 - - [10/Nov/2025:09:46:31 +0800] "GET /InternetTrading/sc/style.css?v=20200819161913 HTTP/1.1" 200 1435
180.114.89.204 - - [10/Nov/2025:09:46:31 +0800] "GET /InternetTrading/jquery/jquery-3.3.1.js HTTP/1.1" 200 80650
180.114.89.204 - - [10/Nov/2025:09:46:31 +0800] "GET /InternetTrading/jquery/jquery-migrate-3.0.0.js HTTP/1.1" 200 4963
180.114.89.204 - - [10/Nov/2025:09:46:31 +0800] "GET /InternetTrading/jquery/jquery-ui-1.10.3.js HTTP/1.1" 200 69642
180.114.89.204 - - [10/Nov/2025:09:46:31 +0800] "GET /InternetTrading/jquery/jquery.validate-1.11.1.js HTTP/1.1" 200 7041
180.114.89.204 - - [10/Nov/2025:09:46:31 +0800] "GET /InternetTrading/jquery/jquery.form-3.46.0.js HTTP/1.1" 200 5673
180.114.89.204 - - [10/Nov/2025:09:46:31 +0800] "GET /InternetTrading/jquery/additional-methods.js HTTP/1.1" 200 2238
180.114.89.204 - - [10/Nov/2025:09:46:31 +0800] "GET /InternetTrading/jquery/jquery.blockUI-2.66.0-iAsiaEdition.js HTTP/1.1" 200 6651
180.114.89.204 - - [10/Nov/2025:09:46:31 +0800] "GET /InternetTrading/jquery/jquery.timer-0.9.16.js HTTP/1.1" 200 542
180.114.89.204 - - [10/Nov/2025:09:46:31 +0800] "GET /InternetTrading/js/constants.js?jsv=20200819161913 HTTP/1.1" 200 400
180.114.89.204 - - [10/Nov/2025:09:46:31 +0800] "GET /InternetTrading/jquery/jquery.getParams.js HTTP/1.1" 200 587
180.114.89.204 - - [10/Nov/2025:09:46:31 +0800] "GET /InternetTrading/sc/user/translation.js?jsv=20200819161913 HTTP/1.1" 200 12866
180.114.89.204 - - [10/Nov/2025:09:46:31 +0800] "GET /InternetTrading/js/haitong.js?jsv=20200819161913 HTTP/1.1" 200 3881
180.114.89.204 - - [10/Nov/2025:09:46:31 +0800] "GET /InternetTrading/js/util.js?jsv=20200819161913 HTTP/1.1" 200 6636
180.114.89.204 - - [10/Nov/2025:09:46:31 +0800] "GET /InternetTrading/js/init.js?jsv=20200819161913 HTTP/1.1" 200 886
180.114.89.204 - - [10/Nov/2025:09:46:31 +0800] "GET /InternetTrading/sc/user/custom_variables.js?jsv=20200819161913 HTTP/1.1" 200 275
180.114.89.204 - - [10/Nov/2025:09:46:31 +0800] "GET /InternetTrading/js/2fa.js?jsv=20200819161913 HTTP/1.1" 200 1953
180.114.89.204 - - [10/Nov/2025:09:46:31 +0800] "GET /InternetTrading/js/login.js?jsv=20200819161913 HTTP/1.1" 200 1684
180.114.89.204 - - [10/Nov/2025:09:46:31 +0800] "GET /InternetTrading/settings/webpage_settings.js?jsv=20200819161913 HTTP/1.1" 200 33
180.114.89.204 - - [10/Nov/2025:09:46:31 +0800] "GET /InternetTrading/sc/images/logo.png HTTP/1.1" 200 7042
180.114.89.204 - - [10/Nov/2025:09:46:32 +0800] "GET /InternetTrading/js/login.js?jsv=20200819161913 HTTP/1.1" 200 1684
180.114.89.204 - - [10/Nov/2025:09:46:32 +0800] "GET /InternetTrading/jquery/wait.gif HTTP/1.1" 200 432
180.114.89.204 - - [10/Nov/2025:09:46:32 +0800] "GET /favicon.ico HTTP/1.1" 404 196
180.114.89.204 - - [10/Nov/2025:09:46:32 +0800] "GET /InternetTrading/sc/dialog.html?1762739393062 HTTP/1.1" 200 3179
180.114.89.204 - - [10/Nov/2025:09:46:32 +0800] "POST /InternetTrading/SystemMaintenanceCheck HTTP/1.1" 200 119
180.114.89.204 - - [10/Nov/2025:09:46:32 +0800] "POST /InternetTrading/SystemMaintenanceCheck HTTP/1.1" 200 119
180.114.89.204 - - [10/Nov/2025:09:46:32 +0800] "POST /InternetTrading/Get2FAInfoService HTTP/1.1" 200 109
14.0.170.122 - - [10/Nov/2025:09:46:32 +0800] "GET /InternetTrading/longpoll/A8127?X-Atmosphere-tracking-id=0&X-Atmosphere-Framework=2.2.3-javascript&X-Atmosphere-Transport=long-polling&X-Atmosphere-TrackMessageSize=true&Content-Type=charset%3Dutf-8&X-atmo-protocol=true&_=1762739393329 HTTP/1.1" 200 -
58.152.215.195 - - [10/Nov/2025:09:46:32 +0800] "GET /InternetTrading/longpoll/55136?X-Atmosphere-tracking-id=0&X-Atmosphere-Framework=2.2.3-javascript&X-Atmosphere-Transport=long-polling&X-Atmosphere-TrackMessageSize=true&Content-Type=charset%3Dutf-8&X-atmo-protocol=true&_=1762739393859 HTTP/1.1" 200 -
14.0.170.122 - - [10/Nov/2025:09:46:33 +0800] "POST /InternetTrading/SessionErrorLogger HTTP/1.1" 200 117
14.0.170.122 - - [10/Nov/2025:09:46:33 +0800] "POST /InternetTrading/LoginKey HTTP/1.1" 200 -
14.0.170.122 - - [10/Nov/2025:09:46:33 +0800] "GET /InternetTrading/jquery/wait.gif HTTP/1.1" 200 432
14.0.170.122 - - [10/Nov/2025:09:46:33 +0800] "POST /InternetTrading/PreOrder HTTP/1.1" 200 1215
14.0.170.122 - - [10/Nov/2025:09:46:37 +0800] "GET /InternetTrading/longpoll/A8127?X-Atmosphere-tracking-id=0&X-Atmosphere-Framework=2.2.3-javascript&X-Atmosphere-Transport=long-polling&X-Atmosphere-TrackMessageSize=true&Content-Type=charset%3Dutf-8&X-atmo-protocol=true&_=1762739398566 HTTP/1.1" 200 -
14.0.170.122 - - [10/Nov/2025:09:46:37 +0800] "POST /InternetTrading/SessionErrorLogger HTTP/1.1" 200 117
14.0.170.122 - - [10/Nov/2025:09:46:37 +0800] "POST /InternetTrading/MarketStatus HTTP/1.1" 200 772
58.152.215.195 - - [10/Nov/2025:09:46:37 +0800] "GET /InternetTrading/longpoll/55136?X-Atmosphere-tracking-id=0&X-Atmosphere-Framework=2.2.3-javascript&X-Atmosphere-Transport=long-polling&X-Atmosphere-TrackMessageSize=true&Content-Type=charset%3Dutf-8&X-atmo-protocol=true&_=1762739398906 HTTP/1.1" 200 -
14.0.170.122 - - [10/Nov/2025:09:46:42 +0800] "GET /InternetTrading/longpoll/A8127?X-Atmosphere-tracking-id=0&X-Atmosphere-Framework=2.2.3-javascript&X-Atmosphere-Transport=long-polling&X-Atmosphere-TrackMessageSize=true&Content-Type=charset%3Dutf-8&X-atmo-protocol=true&_=1762739403630 HTTP/1.1" 200 -
58.152.215.195 - - [10/Nov/2025:09:46:42 +0800] "GET /InternetTrading/longpoll/55136?X-Atmosphere-tracking-id=0&X-Atmosphere-Framework=2.2.3-javascript&X-Atmosphere-Transport=long-polling&X-Atmosphere-TrackMessageSize=true&Content-Type=charset%3Dutf-8&X-atmo-protocol=true&_=1762739403950 HTTP/1.1" 200 -
58.152.215.195 - - [10/Nov/2025:09:46:46 +0800] "POST /InternetTrading/SessionErrorLogger HTTP/1.1" 200 117
58.152.215.195 - - [10/Nov/2025:09:46:46 +0800] "POST /InternetTrading/Heartbeat HTTP/1.1" 200 32
58.152.215.195 - - [10/Nov/2025:09:46:46 +0800] "POST /InternetTrading/SessionErrorLogger HTTP/1.1" 200 117
58.152.215.195 - - [10/Nov/2025:09:46:46 +0800] "POST /InternetTrading/MarketStatus HTTP/1.1" 200 772
14.0.170.122 - - [10/Nov/2025:09:46:47 +0800] "GET /InternetTrading/longpoll/A8127?X-Atmosphere-tracking-id=0&X-Atmosphere-Framework=2.2.3-javascript&X-Atmosphere-Transport=long-polling&X-Atmosphere-TrackMessageSize=true&Content-Type=charset%3Dutf-8&X-atmo-protocol=true&_=1762739408718 HTTP/1.1" 200 -
58.152.215.195 - - [10/Nov/2025:09:46:47 +0800] "GET /InternetTrading/longpoll/55136?X-Atmosphere-tracking-id=0&X-Atmosphere-Framework=2.2.3-javascript&X-Atmosphere-Transport=long-polling&X-Atmosphere-TrackMessageSize=true&Content-Type=charset%3Dutf-8&X-atmo-protocol=true&_=1762739408994 HTTP/1.1" 200 -
14.0.170.122 - - [10/Nov/2025:09:46:48 +0800] "POST /InternetTrading/SessionErrorLogger HTTP/1.1" 200 117
14.0.170.122 - - [10/Nov/2025:09:46:48 +0800] "POST /InternetTrading/LoginKey HTTP/1.1" 200 -
14.0.170.122 - - [10/Nov/2025:09:46:48 +0800] "POST /InternetTrading/PreOrder HTTP/1.1" 200 1219
14.0.170.122 - - [10/Nov/2025:09:46:48 +0800] "GET /InternetTrading/jquery/wait.gif HTTP/1.1" 200 432
58.152.215.195 - - [10/Nov/2025:09:46:52 +0800] "GET /InternetTrading/longpoll/55136?X-Atmosphere-tracking-id=0&X-Atmosphere-Framework=2.2.3-javascript&X-Atmosphere-Transport=long-polling&X-Atmosphere-TrackMessageSize=true&Content-Type=charset%3Dutf-8&X-atmo-protocol=true&_=1762739414012 HTTP/1.1" 200 -
14.0.170.122 - - [10/Nov/2025:09:46:52 +0800] "GET /InternetTrading/longpoll/A8127?X-Atmosphere-tracking-id=0&X-Atmosphere-Framework=2.2.3-javascript&X-Atmosphere-Transport=long-polling&X-Atmosphere-TrackMessageSize=true&Content-Type=charset%3Dutf-8&X-atmo-protocol=true&_=1762739413868 HTTP/1.1" 200 -
14.0.170.122 - - [10/Nov/2025:09:46:53 +0800] "POST /InternetTrading/SessionErrorLogger HTTP/1.1" 200 117
14.0.170.122 - - [10/Nov/2025:09:46:53 +0800] "POST /InternetTrading/Heartbeat HTTP/1.1" 200 32
14.0.170.122 - - [10/Nov/2025:09:46:54 +0800] "POST /InternetTrading/SessionErrorLogger HTTP/1.1" 200 117
14.0.170.122 - - [10/Nov/2025:09:46:54 +0800] "GET /InternetTrading/Csrf?url=/Order HTTP/1.1" 200 126
14.0.170.122 - - [10/Nov/2025:09:46:54 +0800] "POST /InternetTrading/SessionErrorLogger HTTP/1.1" 200 117
14.0.170.122 - - [10/Nov/2025:09:46:54 +0800] "POST /InternetTrading/LoginKey HTTP/1.1" 200 -
14.0.170.122 - - [10/Nov/2025:09:46:54 +0800] "POST /InternetTrading/SessionErrorLogger HTTP/1.1" 200 117
14.0.170.122 - - [10/Nov/2025:09:46:54 +0800] "POST /InternetTrading/Order?csrf_nonce=351EF0B9B6B826C8EA0AAF4048D201A9 HTTP/1.1" 200 1020
14.0.170.122 - - [10/Nov/2025:09:46:54 +0800] "POST /InternetTrading/SessionErrorLogger HTTP/1.1" 200 117
14.0.170.122 - - [10/Nov/2025:09:46:54 +0800] "GET /InternetTrading/tc/sell_ticket.html? HTTP/1.1" 200 2261
14.0.170.122 - - [10/Nov/2025:09:46:55 +0800] "POST /InternetTrading/SessionErrorLogger HTTP/1.1" 200 117
14.0.170.122 - - [10/Nov/2025:09:46:55 +0800] "POST /InternetTrading/SessionErrorLogger HTTP/1.1" 200 117
14.0.170.122 - - [10/Nov/2025:09:46:55 +0800] "POST /InternetTrading/MarketStatus HTTP/1.1" 200 772
14.0.170.122 - - [10/Nov/2025:09:46:55 +0800] "POST /InternetTrading/MarketStatus HTTP/1.1" 200 772
14.0.170.122 - - [10/Nov/2025:09:46:57 +0800] "GET /InternetTrading/jquery/wait.gif HTTP/1.1" 200 432
14.0.170.122 - - [10/Nov/2025:09:46:57 +0800] "POST /InternetTrading/SessionErrorLogger HTTP/1.1" 200 117
14.0.170.122 - - [10/Nov/2025:09:46:57 +0800] "POST /InternetTrading/Orderbook HTTP/1.1" 200 1700
58.152.215.195 - - [10/Nov/2025:09:46:57 +0800] "GET /InternetTrading/longpoll/55136?X-Atmosphere-tracking-id=0&X-Atmosphere-Framework=2.2.3-javascript&X-Atmosphere-Transport=long-polling&X-Atmosphere-TrackMessageSize=true&Content-Type=charset%3Dutf-8&X-atmo-protocol=true&_=1762739419040 HTTP/1.1" 200 -
14.0.170.122 - - [10/Nov/2025:09:46:57 +0800] "GET /InternetTrading/longpoll/A8127?X-Atmosphere-tracking-id=0&X-Atmosphere-Framework=2.2.3-javascript&X-Atmosphere-Transport=long-polling&X-Atmosphere-TrackMessageSize=true&Content-Type=charset%3Dutf-8&X-atmo-protocol=true&_=1762739418942 HTTP/1.1" 200 -
58.152.215.195 - - [10/Nov/2025:09:47:02 +0800] "GET /InternetTrading/longpoll/55136?X-Atmosphere-tracking-id=0&X-Atmosphere-Framework=2.2.3-javascript&X-Atmosphere-Transport=long-polling&X-Atmosphere-TrackMessageSize=true&Content-Type=charset%3Dutf-8&X-atmo-protocol=true&_=1762739424088 HTTP/1.1" 200 -
14.0.170.122 - - [10/Nov/2025:09:47:03 +0800] "GET /InternetTrading/longpoll/A8127?X-Atmosphere-tracking-id=0&X-Atmosphere-Framework=2.2.3-javascript&X-Atmosphere-Transport=long-polling&X-Atmosphere-TrackMessageSize=true&Content-Type=charset%3Dutf-8&X-atmo-protocol=true&_=1762739424062 HTTP/1.1" 200 -
180.114.89.204 - - [10/Nov/2025:09:47:04 +0800] "POST /InternetTrading/Heartbeat2FAService HTTP/1.1" 200 1
58.152.215.195 - - [10/Nov/2025:09:47:07 +0800] "GET /InternetTrading/longpoll/55136?X-Atmosphere-tracking-id=0&X-Atmosphere-Framework=2.2.3-javascript&X-Atmosphere-Transport=long-polling&X-Atmosphere-TrackMessageSize=true&Content-Type=charset%3Dutf-8&X-atmo-protocol=true&_=1762739429132 HTTP/1.1" 200 -
14.0.170.122 - - [10/Nov/2025:09:47:08 +0800] "GET /InternetTrading/longpoll/A8127?X-Atmosphere-tracking-id=0&X-Atmosphere-Framework=2.2.3-javascript&X-Atmosphere-Transport=long-polling&X-Atmosphere-TrackMessageSize=true&Content-Type=charset%3Dutf-8&X-atmo-protocol=true&_=1762739429327 HTTP/1.1" 200 -
180.114.89.204 - - [10/Nov/2025:09:47:09 +0800] "GET /InternetTrading/jquery/wait.gif HTTP/1.1" 200 432
14.0.170.122 - - [10/Nov/2025:09:47:09 +0800] "POST /InternetTrading/SessionErrorLogger HTTP/1.1" 200 117
14.0.170.122 - - [10/Nov/2025:09:47:09 +0800] "POST /InternetTrading/Portfolio HTTP/1.1" 200 1977
14.0.170.122 - - [10/Nov/2025:09:47:09 +0800] "GET /InternetTrading/jquery/wait.gif HTTP/1.1" 200 432
180.114.89.204 - - [10/Nov/2025:09:47:08 +0800] "POST /InternetTrading/Verify2FAService HTTP/1.1" 200 420
180.114.89.204 - - [10/Nov/2025:09:47:09 +0800] "GET /InternetTrading/sc/main.html?language=sc&version=HTML HTTP/1.1" 200 3570
180.114.89.204 - - [10/Nov/2025:09:47:10 +0800] "GET /InternetTrading/jquery/ui.datepicker.css HTTP/1.1" 200 1145
180.114.89.204 - - [10/Nov/2025:09:47:10 +0800] "GET /InternetTrading/jquery/jquery.tablesorter-theme.blue.css HTTP/1.1" 200 2083
180.114.89.204 - - [10/Nov/2025:09:47:10 +0800] "GET /InternetTrading/jquery/jquery-ui-1.10.3.css HTTP/1.1" 200 5283
180.114.89.204 - - [10/Nov/2025:09:47:10 +0800] "GET /InternetTrading/jquery/dragtable-2.0.9.css HTTP/1.1" 200 316
180.114.89.204 - - [10/Nov/2025:09:47:10 +0800] "GET /InternetTrading/sc/style_common.css?v=20200819161913 HTTP/1.1" 200 2540
180.114.89.204 - - [10/Nov/2025:09:47:10 +0800] "GET /InternetTrading/sc/style.css?v=20200819161913 HTTP/1.1" 200 1435
180.114.89.204 - - [10/Nov/2025:09:47:10 +0800] "GET /InternetTrading/sc/css/jquery.jscrollpane.css HTTP/1.1" 404 690
180.114.89.204 - - [10/Nov/2025:09:47:10 +0800] "GET /InternetTrading/jquery/jquery-1.6.3.min.js HTTP/1.1" 200 32057
180.114.89.204 - - [10/Nov/2025:09:47:10 +0800] "GET /InternetTrading/jquery/jquery.ba-postmessage.js HTTP/1.1" 200 2990
180.114.89.204 - - [10/Nov/2025:09:47:10 +0800] "GET /InternetTrading/js/aastock.js HTTP/1.1" 200 553
180.114.89.204 - - [10/Nov/2025:09:47:11 +0800] "GET /InternetTrading/jquery/jquery-3.3.1.js HTTP/1.1" 200 80650
180.114.89.204 - - [10/Nov/2025:09:47:11 +0800] "GET /InternetTrading/jquery/jquery-migrate-3.0.0.js HTTP/1.1" 200 4963
180.114.89.204 - - [10/Nov/2025:09:47:11 +0800] "GET /InternetTrading/jquery/jquery-ui-1.10.3.js HTTP/1.1" 200 69642
180.114.89.204 - - [10/Nov/2025:09:47:11 +0800] "GET /InternetTrading/js/atmosphere.js HTTP/1.1" 200 13461
180.114.89.204 - - [10/Nov/2025:09:47:11 +0800] "GET /InternetTrading/js/cache.js?jsv=20200819161913 HTTP/1.1" 200 940
180.114.89.204 - - [10/Nov/2025:09:47:11 +0800] "GET /InternetTrading/jquery/jquery.form-3.46.0.js HTTP/1.1" 200 5673
180.114.89.204 - - [10/Nov/2025:09:47:11 +0800] "GET /InternetTrading/jquery/jquery.blockUI-2.66.0.js HTTP/1.1" 200 6651
180.114.89.204 - - [10/Nov/2025:09:47:11 +0800] "GET /InternetTrading/jquery/jquery.validate-1.11.1.js HTTP/1.1" 200 7041
180.114.89.204 - - [10/Nov/2025:09:47:11 +0800] "GET /InternetTrading/jquery/jquery.mousewheel-3.1.4.js HTTP/1.1" 200 822
180.114.89.204 - - [10/Nov/2025:09:47:11 +0800] "GET /InternetTrading/jquery/additional-methods.js HTTP/1.1" 200 2238
180.114.89.204 - - [10/Nov/2025:09:47:11 +0800] "GET /InternetTrading/jquery/jquery.tablesorter-2.14.5.js HTTP/1.1" 200 8901
180.114.89.204 - - [10/Nov/2025:09:47:11 +0800] "GET /InternetTrading/jquery/jquery.tablesorter.widgets-2.14.5.js HTTP/1.1" 200 8611
180.114.89.204 - - [10/Nov/2025:09:47:11 +0800] "GET /InternetTrading/jquery/jquery.combobox.packed.js HTTP/1.1" 200 3387
180.114.89.204 - - [10/Nov/2025:09:47:11 +0800] "GET /InternetTrading/jquery/jquery.getParams.js HTTP/1.1" 200 587
180.114.89.204 - - [10/Nov/2025:09:47:11 +0800] "GET /InternetTrading/jquery/jquery.timer-0.9.16.js HTTP/1.1" 200 542
180.114.89.204 - - [10/Nov/2025:09:47:12 +0800] "GET /InternetTrading/jquery/date.js HTTP/1.1" 200 2807
180.114.89.204 - - [10/Nov/2025:09:47:12 +0800] "GET /InternetTrading/jquery/globalize-0.1.0a1.js HTTP/1.1" 200 6984
180.114.89.204 - - [10/Nov/2025:09:47:12 +0800] "GET /InternetTrading/json/json2.js?jsv=20200819161913 HTTP/1.1" 200 1372
180.114.89.204 - - [10/Nov/2025:09:47:12 +0800] "GET /InternetTrading/jquery/jquery.selectboxes.pack.js HTTP/1.1" 200 1640
180.114.89.204 - - [10/Nov/2025:09:47:12 +0800] "GET /InternetTrading/settings/crm_display_settings.js?jsv=20200819161913 HTTP/1.1" 200 1781
180.114.89.204 - - [10/Nov/2025:09:47:12 +0800] "GET /InternetTrading/sc/user/translation.js?jsv=20200819161913 HTTP/1.1" 200 12866
180.114.89.204 - - [10/Nov/2025:09:47:12 +0800] "GET /InternetTrading/js/constants.js?jsv=20200819161913 HTTP/1.1" 200 400
180.114.89.204 - - [10/Nov/2025:09:47:12 +0800] "GET /InternetTrading/sc/user/custom_variables.js?jsv=20200819161913 HTTP/1.1" 200 275
180.114.89.204 - - [10/Nov/2025:09:47:12 +0800] "GET /InternetTrading/js/haitong.js?jsv=20200819161913 HTTP/1.1" 200 3881
180.114.89.204 - - [10/Nov/2025:09:47:12 +0800] "GET /InternetTrading/js/init.js?jsv=20200819161913 HTTP/1.1" 200 886
180.114.89.204 - - [10/Nov/2025:09:47:12 +0800] "GET /InternetTrading/js/util.js?jsv=20200819161913 HTTP/1.1" 200 6636
180.114.89.204 - - [10/Nov/2025:09:47:12 +0800] "GET /InternetTrading/js/rsautil.js?jsv=20200819161913 HTTP/1.1" 200 1017
180.114.89.204 - - [10/Nov/2025:09:47:12 +0800] "GET /InternetTrading/js/corporate.js?jsv=20200819161913 HTTP/1.1" 200 1575
180.114.89.204 - - [10/Nov/2025:09:47:12 +0800] "GET /InternetTrading/js/update_mdf.js?jsv=20200819161913 HTTP/1.1" 200 856
180.114.89.204 - - [10/Nov/2025:09:47:12 +0800] "GET /InternetTrading/js/validation_hkex.js?jsv=20200819161913 HTTP/1.1" 200 2300
180.114.89.204 - - [10/Nov/2025:09:47:12 +0800] "GET /InternetTrading/js/main.js?jsv=20200819161913 HTTP/1.1" 200 30725
180.114.89.204 - - [10/Nov/2025:09:47:12 +0800] "GET /InternetTrading/js/validation_bshare.js?jsv=20200819161913 HTTP/1.1" 200 1567
180.114.89.204 - - [10/Nov/2025:09:47:12 +0800] "GET /InternetTrading/js/validation_ashare.js?jsv=20200819161913 HTTP/1.1" 200 2482
180.114.89.204 - - [10/Nov/2025:09:47:12 +0800] "GET /InternetTrading/js/account.js?jsv=20200819161913 HTTP/1.1" 200 2656
180.114.89.204 - - [10/Nov/2025:09:47:12 +0800] "GET /InternetTrading/js/validation_global.js?jsv=20200819161913 HTTP/1.1" 200 1564
180.114.89.204 - - [10/Nov/2025:09:47:12 +0800] "GET /InternetTrading/js/ipo.js?jsv=20200819161913 HTTP/1.1" 200 5726
180.114.89.204 - - [10/Nov/2025:09:47:12 +0800] "GET /InternetTrading/js/cash_transfer.js?jsv=20200819161913 HTTP/1.1" 200 2712
180.114.89.204 - - [10/Nov/2025:09:47:12 +0800] "GET /InternetTrading/js/spread_cache.js?jsv=20200819161913 HTTP/1.1" 200 908
180.114.89.204 - - [10/Nov/2025:09:47:12 +0800] "GET /InternetTrading/js/mm.js?jsv=20200819161913 HTTP/1.1" 200 487
180.114.89.204 - - [10/Nov/2025:09:47:12 +0800] "GET /InternetTrading/js/isec_calculator.js?jsv=20200819161913 HTTP/1.1" 200 1364
180.114.89.204 - - [10/Nov/2025:09:47:12 +0800] "GET /InternetTrading/js/payment_instruction.js?jsv=20200819161913 HTTP/1.1" 200 2178
180.114.89.204 - - [10/Nov/2025:09:47:12 +0800] "GET /InternetTrading/js/payment_instruction_IMOS.js?jsv=20200819161913 HTTP/1.1" 200 6874
180.114.89.204 - - [10/Nov/2025:09:47:12 +0800] "GET /InternetTrading/js/eStatement.js?jsv=20200819161913 HTTP/1.1" 200 562
180.114.89.204 - - [10/Nov/2025:09:47:12 +0800] "GET /InternetTrading/ExchangeList?fmt=js&jsv=20200819161913 HTTP/1.1" 200 146
180.114.89.204 - - [10/Nov/2025:09:47:12 +0800] "GET /InternetTrading/js/string_extend.js?jsv=20200819161913 HTTP/1.1" 200 272
180.114.89.204 - - [10/Nov/2025:09:47:12 +0800] "GET /InternetTrading/js/pidcrypt.js?jsv=20200819161913 HTTP/1.1" 200 982
180.114.89.204 - - [10/Nov/2025:09:47:12 +0800] "GET /InternetTrading/js/pidcrypt_util.js?jsv=20200819161913 HTTP/1.1" 200 1206
180.114.89.204 - - [10/Nov/2025:09:47:12 +0800] "GET /InternetTrading/js/aes_core.js?jsv=20200819161913 HTTP/1.1" 200 2106
180.114.89.204 - - [10/Nov/2025:09:47:12 +0800] "GET /InternetTrading/js/aes_cbc.js?jsv=20200819161913 HTTP/1.1" 200 2043
180.114.89.204 - - [10/Nov/2025:09:47:12 +0800] "GET /InternetTrading/js/asn1.js?jsv=20200819161913 HTTP/1.1" 200 3099
180.114.89.204 - - [10/Nov/2025:09:47:12 +0800] "GET /InternetTrading/js/md5.js?jsv=20200819161913 HTTP/1.1" 200 1730
180.114.89.204 - - [10/Nov/2025:09:47:12 +0800] "GET /InternetTrading/js/sha256.js?jsv=20200819161913 HTTP/1.1" 200 1362
180.114.89.204 - - [10/Nov/2025:09:47:12 +0800] "GET /InternetTrading/js/jsbn.js?jsv=20200819161913 HTTP/1.1" 200 6736
58.152.215.195 - - [10/Nov/2025:09:47:12 +0800] "GET /InternetTrading/longpoll/55136?X-Atmosphere-tracking-id=0&X-Atmosphere-Framework=2.2.3-javascript&X-Atmosphere-Transport=long-polling&X-Atmosphere-TrackMessageSize=true&Content-Type=charset%3Dutf-8&X-atmo-protocol=true&_=1762739434174 HTTP/1.1" 200 -
180.114.89.204 - - [10/Nov/2025:09:47:12 +0800] "GET /InternetTrading/js/prng4.js?jsv=20200819161913 HTTP/1.1" 200 303
180.114.89.204 - - [10/Nov/2025:09:47:12 +0800] "GET /InternetTrading/js/rsa.js?jsv=20200819161913 HTTP/1.1" 200 1658
180.114.89.204 - - [10/Nov/2025:09:47:12 +0800] "GET /InternetTrading/js/mode-ecb.js?jsv=20200819161913 HTTP/1.1" 200 199
180.114.89.204 - - [10/Nov/2025:09:47:12 +0800] "GET /InternetTrading/js/rng.js?jsv=20200819161913 HTTP/1.1" 200 481
180.114.89.204 - - [10/Nov/2025:09:47:12 +0800] "GET /InternetTrading/js/aes.js?jsv=20200819161913 HTTP/1.1" 200 4816
180.114.89.204 - - [10/Nov/2025:09:47:12 +0800] "GET /InternetTrading/js/utilSpec.js?jsv=20200819161913 HTTP/1.1" 200 27
180.114.89.204 - - [10/Nov/2025:09:47:12 +0800] "GET /InternetTrading/js/update_lastlogin.js?jsv=20200819161913 HTTP/1.1" 200 980
180.114.89.204 - - [10/Nov/2025:09:47:12 +0800] "GET /InternetTrading/js/pw_alert.js?jsv=20200819161913 HTTP/1.1" 200 418
180.114.89.204 - - [10/Nov/2025:09:47:12 +0800] "GET /InternetTrading/js/jquery.mousewheel.js HTTP/1.1" 404 684
180.114.89.204 - - [10/Nov/2025:09:47:12 +0800] "GET /InternetTrading/js/jquery.jscrollpane.js HTTP/1.1" 404 685
180.114.89.204 - - [10/Nov/2025:09:47:12 +0800] "GET /InternetTrading/js/jquery.cookie.js HTTP/1.1" 200 834
180.114.89.204 - - [10/Nov/2025:09:47:12 +0800] "GET /InternetTrading/js/decimal.js HTTP/1.1" 200 13492
180.114.89.204 - - [10/Nov/2025:09:47:12 +0800] "GET /InternetTrading/GoodTillDateValidExch?fmt=js&jsv=20200819161913 HTTP/1.1" 200 29
180.114.89.204 - - [10/Nov/2025:09:47:13 +0800] "GET /InternetTrading/sc/images/logo.png HTTP/1.1" 200 7042
180.114.89.204 - - [10/Nov/2025:09:47:13 +0800] "GET /InternetTrading/sc/images/top_menu01.jpg HTTP/1.1" 200 3582
180.114.89.204 - - [10/Nov/2025:09:47:13 +0800] "GET /InternetTrading/sc/images/top_menu04.jpg HTTP/1.1" 200 3470
180.114.89.204 - - [10/Nov/2025:09:47:13 +0800] "GET /InternetTrading/sc/images/top_menu_logout.jpg HTTP/1.1" 200 2595
180.114.89.204 - - [10/Nov/2025:09:47:13 +0800] "GET /InternetTrading/images/top_bg3.jpg HTTP/1.1" 200 878
180.114.89.204 - - [10/Nov/2025:09:47:13 +0800] "POST /InternetTrading/PopUpConfig HTTP/1.1" 200 2
180.114.89.204 - - [10/Nov/2025:09:47:13 +0800] "POST /InternetTrading/Heartbeat HTTP/1.1" 200 32
180.114.89.204 - - [10/Nov/2025:09:47:13 +0800] "GET /InternetTrading/sc/dialog.html?1762739433993 HTTP/1.1" 200 3179
180.114.89.204 - - [10/Nov/2025:09:47:13 +0800] "GET /InternetTrading/images/top_bg1.jpg HTTP/1.1" 200 329
180.114.89.204 - - [10/Nov/2025:09:47:13 +0800] "GET /InternetTrading/images/top_bg2.jpg HTTP/1.1" 200 330
180.114.89.204 - - [10/Nov/2025:09:47:13 +0800] "POST /InternetTrading/CustomerInfoLite HTTP/1.1" 200 118
14.0.170.122 - - [10/Nov/2025:09:47:13 +0800] "GET /InternetTrading/longpoll/A8127?X-Atmosphere-tracking-id=0&X-Atmosphere-Framework=2.2.3-javascript&X-Atmosphere-Transport=long-polling&X-Atmosphere-TrackMessageSize=true&Content-Type=charset%3Dutf-8&X-atmo-protocol=true&_=1762739434604 HTTP/1.1" 200 -
180.114.89.204 - - [10/Nov/2025:09:47:13 +0800] "GET /InternetTrading/jquery/wait.gif HTTP/1.1" 200 432
180.114.89.204 - - [10/Nov/2025:09:47:13 +0800] "POST /InternetTrading/SpreadPriceCache HTTP/1.1" 200 1947
180.114.89.204 - - [10/Nov/2025:09:47:13 +0800] "GET /InternetTrading/sc/trade.html HTTP/1.1" 200 2115
180.114.89.204 - - [10/Nov/2025:09:47:14 +0800] "GET /InternetTrading/sc/images/top_menu01_o.jpg HTTP/1.1" 200 3474
180.114.89.204 - - [10/Nov/2025:09:47:14 +0800] "POST /InternetTrading/SessionErrorLogger HTTP/1.1" 200 117
180.114.89.204 - - [10/Nov/2025:09:47:14 +0800] "POST /InternetTrading/GetLastLoginDate HTTP/1.1" 200 31
180.114.89.204 - - [10/Nov/2025:09:47:14 +0800] "POST /InternetTrading/SessionErrorLogger HTTP/1.1" 200 117
180.114.89.204 - - [10/Nov/2025:09:47:14 +0800] "GET /InternetTrading/sc/getpopupMsgName.jsp HTTP/1.1" 200 -
180.114.89.204 - - [10/Nov/2025:09:47:14 +0800] "GET /InternetTrading/sc/applet_dummy.html HTTP/1.1" 200 330
180.114.89.204 - - [10/Nov/2025:09:47:14 +0800] "POST /InternetTrading/SessionErrorLogger HTTP/1.1" 200 117
180.114.89.204 - - [10/Nov/2025:09:47:14 +0800] "POST /InternetTrading/SessionErrorLogger HTTP/1.1" 200 117
180.114.89.204 - - [10/Nov/2025:09:47:14 +0800] "GET /InternetTrading/sc/buy_ticket.html? HTTP/1.1" 200 1996
180.114.89.204 - - [10/Nov/2025:09:47:14 +0800] "POST /InternetTrading/MarketStatus HTTP/1.1" 200 772
14.0.170.122 - - [10/Nov/2025:09:47:14 +0800] "POST /InternetTrading/SessionErrorLogger HTTP/1.1" 200 117
180.114.89.204 - - [10/Nov/2025:09:47:14 +0800] "POST /InternetTrading/SessionErrorLogger HTTP/1.1" 200 117
14.0.170.122 - - [10/Nov/2025:09:47:14 +0800] "GET /InternetTrading/tc/sell_ticket.html? HTTP/1.1" 200 2261
180.114.89.204 - - [10/Nov/2025:09:47:14 +0800] "GET /InternetTrading/sc/multi_currency_balance.html HTTP/1.1" 200 295
180.114.89.204 - - [10/Nov/2025:09:47:14 +0800] "GET /InternetTrading/jquery/wait.gif HTTP/1.1" 200 432
180.114.89.204 - - [10/Nov/2025:09:47:14 +0800] "GET /InternetTrading/Home/PostToAA.jsp?hl=sc HTTP/1.1" 200 287
180.114.89.204 - - [10/Nov/2025:09:47:14 +0800] "GET /InternetTrading/sc/images/refresh.gif HTTP/1.1" 200 1145
180.114.89.204 - - [10/Nov/2025:09:47:14 +0800] "GET /InternetTrading/sc/images/trade_point01.jpg HTTP/1.1" 200 358
180.114.89.204 - - [10/Nov/2025:09:47:14 +0800] "GET /InternetTrading/jquery/images/ui-icons_222222_256x240.png HTTP/1.1" 200 6922
180.114.89.204 - - [10/Nov/2025:09:47:14 +0800] "GET /InternetTrading/jquery/images/ui-bg_flat_75_ffffff_40x100.png HTTP/1.1" 200 208
180.114.89.204 - - [10/Nov/2025:09:47:14 +0800] "POST /InternetTrading/SessionErrorLogger HTTP/1.1" 200 117
14.0.170.122 - - [10/Nov/2025:09:47:14 +0800] "POST /InternetTrading/SessionErrorLogger HTTP/1.1" 200 117
14.0.170.122 - - [10/Nov/2025:09:47:14 +0800] "POST /InternetTrading/MarketStatus HTTP/1.1" 200 772
180.114.89.204 - - [10/Nov/2025:09:47:14 +0800] "POST /InternetTrading/SessionErrorLogger HTTP/1.1" 200 117
180.114.89.204 - - [10/Nov/2025:09:47:14 +0800] "POST /InternetTrading/MarketStatus HTTP/1.1" 200 772
14.0.170.122 - - [10/Nov/2025:09:47:14 +0800] "POST /InternetTrading/SessionErrorLogger HTTP/1.1" 200 117
180.114.89.204 - - [10/Nov/2025:09:47:14 +0800] "POST /InternetTrading/MarketStatus HTTP/1.1" 200 772
14.0.170.122 - - [10/Nov/2025:09:47:14 +0800] "POST /InternetTrading/SessionErrorLogger HTTP/1.1" 200 117
14.0.170.122 - - [10/Nov/2025:09:47:14 +0800] "POST /InternetTrading/MarketStatus HTTP/1.1" 200 772
14.0.170.122 - - [10/Nov/2025:09:47:15 +0800] "POST /InternetTrading/SessionErrorLogger HTTP/1.1" 200 117
14.0.170.122 - - [10/Nov/2025:09:47:15 +0800] "POST /InternetTrading/Product HTTP/1.1" 200 298
14.0.170.122 - - [10/Nov/2025:09:47:15 +0800] "POST /InternetTrading/OrderMaxQuantity HTTP/1.1" 200 6
180.114.89.204 - - [10/Nov/2025:09:47:16 +0800] "POST /InternetTrading/SessionErrorLogger HTTP/1.1" 200 117
180.114.89.204 - - [10/Nov/2025:09:47:16 +0800] "POST /InternetTrading/CustomerInfo HTTP/1.1" 200 207
180.114.89.204 - - [10/Nov/2025:09:47:16 +0800] "POST /InternetTrading/SessionErrorLogger HTTP/1.1" 200 117
180.114.89.204 - - [10/Nov/2025:09:47:16 +0800] "GET /InternetTrading/sc/account_status.html HTTP/1.1" 200 426
180.114.89.204 - - [10/Nov/2025:09:47:16 +0800] "POST /InternetTrading/SessionErrorLogger HTTP/1.1" 200 117
58.152.215.195 - - [10/Nov/2025:09:47:16 +0800] "POST /InternetTrading/SessionErrorLogger HTTP/1.1" 200 117
180.114.89.204 - - [10/Nov/2025:09:47:16 +0800] "POST /InternetTrading/SessionErrorLogger HTTP/1.1" 200 117
180.114.89.204 - - [10/Nov/2025:09:47:16 +0800] "POST /InternetTrading/MarketStatus HTTP/1.1" 200 772
58.152.215.195 - - [10/Nov/2025:09:47:16 +0800] "POST /InternetTrading/Heartbeat HTTP/1.1" 200 32
58.152.215.195 - - [10/Nov/2025:09:47:16 +0800] "POST /InternetTrading/SessionErrorLogger HTTP/1.1" 200 117
58.152.215.195 - - [10/Nov/2025:09:47:16 +0800] "POST /InternetTrading/MarketStatus HTTP/1.1" 200 772
180.114.89.204 - - [10/Nov/2025:09:47:16 +0800] "GET /InternetTrading/jquery/wait.gif HTTP/1.1" 200 432
180.114.89.204 - - [10/Nov/2025:09:47:17 +0800] "POST /InternetTrading/SessionErrorLogger HTTP/1.1" 200 117
180.114.89.204 - - [10/Nov/2025:09:47:17 +0800] "POST /InternetTrading/LongPollingConfig HTTP/1.1" 200 4
180.114.89.204 - - [10/Nov/2025:09:47:17 +0800] "POST /InternetTrading/SessionErrorLogger HTTP/1.1" 200 117
180.114.89.204 - - [10/Nov/2025:09:47:17 +0800] "GET /InternetTrading/longpoll/55039?X-Atmosphere-tracking-id=0&X-Atmosphere-Framework=2.2.3-javascript&X-Atmosphere-Transport=long-polling&X-Atmosphere-TrackMessageSize=true&Content-Type=charset%3Dutf-8&X-atmo-protocol=true&_=1762739438090 HTTP/1.1" 200 -
180.114.89.204 - - [10/Nov/2025:09:47:17 +0800] "POST /InternetTrading/Portfolio HTTP/1.1" 200 1391
58.152.215.195 - - [10/Nov/2025:09:47:17 +0800] "GET /InternetTrading/longpoll/55136?X-Atmosphere-tracking-id=0&X-Atmosphere-Framework=2.2.3-javascript&X-Atmosphere-Transport=long-polling&X-Atmosphere-TrackMessageSize=true&Content-Type=charset%3Dutf-8&X-atmo-protocol=true&_=1762739439212 HTTP/1.1" 200 -
14.0.170.122 - - [10/Nov/2025:09:47:18 +0800] "GET /InternetTrading/longpoll/A8127?X-Atmosphere-tracking-id=0&X-Atmosphere-Framework=2.2.3-javascript&X-Atmosphere-Transport=long-polling&X-Atmosphere-TrackMessageSize=true&Content-Type=charset%3Dutf-8&X-atmo-protocol=true&_=1762739439652 HTTP/1.1" 200 -
180.114.89.204 - - [10/Nov/2025:09:47:22 +0800] "GET /InternetTrading/longpoll/55039?X-Atmosphere-tracking-id=0&X-Atmosphere-Framework=2.2.3-javascript&X-Atmosphere-Transport=long-polling&X-Atmosphere-TrackMessageSize=true&Content-Type=charset%3Dutf-8&X-atmo-protocol=true&_=1762739443169 HTTP/1.1" 200 -
58.152.215.195 - - [10/Nov/2025:09:47:22 +0800] "GET /InternetTrading/longpoll/55136?X-Atmosphere-tracking-id=0&X-Atmosphere-Framework=2.2.3-javascript&X-Atmosphere-Transport=long-polling&X-Atmosphere-TrackMessageSize=true&Content-Type=charset%3Dutf-8&X-atmo-protocol=true&_=1762739444243 HTTP/1.1" 200 -
14.0.170.122 - - [10/Nov/2025:09:47:23 +0800] "GET /InternetTrading/longpoll/A8127?X-Atmosphere-tracking-id=0&X-Atmosphere-Framework=2.2.3-javascript&X-Atmosphere-Transport=long-polling&X-Atmosphere-TrackMessageSize=true&Content-Type=charset%3Dutf-8&X-atmo-protocol=true&_=1762739444792 HTTP/1.1" 200 -
14.0.170.122 - - [10/Nov/2025:09:47:23 +0800] "POST /InternetTrading/SessionErrorLogger HTTP/1.1" 200 117
14.0.170.122 - - [10/Nov/2025:09:47:23 +0800] "POST /InternetTrading/Heartbeat HTTP/1.1" 200 32
180.114.89.204 - - [10/Nov/2025:09:47:27 +0800] "GET /InternetTrading/longpoll/55039?X-Atmosphere-tracking-id=0&X-Atmosphere-Framework=2.2.3-javascript&X-Atmosphere-Transport=long-polling&X-Atmosphere-TrackMessageSize=true&Content-Type=charset%3Dutf-8&X-atmo-protocol=true&_=1762739448485 HTTP/1.1" 200 -
58.152.215.195 - - [10/Nov/2025:09:47:27 +0800] "GET /InternetTrading/longpoll/55136?X-Atmosphere-tracking-id=0&X-Atmosphere-Framework=2.2.3-javascript&X-Atmosphere-Transport=long-polling&X-Atmosphere-TrackMessageSize=true&Content-Type=charset%3Dutf-8&X-atmo-protocol=true&_=1762739449277 HTTP/1.1" 200 -
14.0.170.122 - - [10/Nov/2025:09:47:28 +0800] "POST /InternetTrading/SessionErrorLogger HTTP/1.1" 200 117
14.0.170.122 - - [10/Nov/2025:09:47:28 +0800] "POST /InternetTrading/LoginKey HTTP/1.1" 200 -
14.0.170.122 - - [10/Nov/2025:09:47:28 +0800] "GET /InternetTrading/jquery/wait.gif HTTP/1.1" 200 432
14.0.170.122 - - [10/Nov/2025:09:47:28 +0800] "POST /InternetTrading/PreOrder HTTP/1.1" 200 1199
14.0.170.122 - - [10/Nov/2025:09:47:28 +0800] "GET /InternetTrading/longpoll/A8127?X-Atmosphere-tracking-id=0&X-Atmosphere-Framework=2.2.3-javascript&X-Atmosphere-Transport=long-polling&X-Atmosphere-TrackMessageSize=true&Content-Type=charset%3Dutf-8&X-atmo-protocol=true&_=1762739449893 HTTP/1.1" 200 -
14.0.170.122 - - [10/Nov/2025:09:47:30 +0800] "POST /InternetTrading/SessionErrorLogger HTTP/1.1" 200 117
14.0.170.122 - - [10/Nov/2025:09:47:30 +0800] "GET /InternetTrading/Csrf?url=/Order HTTP/1.1" 200 126
14.0.170.122 - - [10/Nov/2025:09:47:30 +0800] "POST /InternetTrading/SessionErrorLogger HTTP/1.1" 200 117
14.0.170.122 - - [10/Nov/2025:09:47:30 +0800] "POST /InternetTrading/LoginKey HTTP/1.1" 200 -
14.0.170.122 - - [10/Nov/2025:09:47:31 +0800] "POST /InternetTrading/SessionErrorLogger HTTP/1.1" 200 117
14.0.170.122 - - [10/Nov/2025:09:47:31 +0800] "POST /InternetTrading/Order?csrf_nonce=351EF0B9B6B826C8EA0AAF4048D201A9 HTTP/1.1" 200 1019
14.0.170.122 - - [10/Nov/2025:09:47:31 +0800] "POST /InternetTrading/SessionErrorLogger HTTP/1.1" 200 117
14.0.170.122 - - [10/Nov/2025:09:47:31 +0800] "GET /InternetTrading/tc/sell_ticket.html? HTTP/1.1" 200 2261
14.0.170.122 - - [10/Nov/2025:09:47:31 +0800] "POST /InternetTrading/SessionErrorLogger HTTP/1.1" 200 117
14.0.170.122 - - [10/Nov/2025:09:47:31 +0800] "POST /InternetTrading/SessionErrorLogger HTTP/1.1" 200 117
14.0.170.122 - - [10/Nov/2025:09:47:31 +0800] "POST /InternetTrading/MarketStatus HTTP/1.1" 200 772
14.0.170.122 - - [10/Nov/2025:09:47:31 +0800] "POST /InternetTrading/MarketStatus HTTP/1.1" 200 772
58.152.215.195 - - [10/Nov/2025:09:47:32 +0800] "GET /InternetTrading/longpoll/55136?X-Atmosphere-tracking-id=0&X-Atmosphere-Framework=2.2.3-javascript&X-Atmosphere-Transport=long-polling&X-Atmosphere-TrackMessageSize=true&Content-Type=charset%3Dutf-8&X-atmo-protocol=true&_=1762739454315 HTTP/1.1" 200 -
180.114.89.204 - - [10/Nov/2025:09:47:33 +0800] "GET /InternetTrading/longpoll/55039?X-Atmosphere-tracking-id=0&X-Atmosphere-Framework=2.2.3-javascript&X-Atmosphere-Transport=long-polling&X-Atmosphere-TrackMessageSize=true&Content-Type=charset%3Dutf-8&X-atmo-protocol=true&_=1762739453659 HTTP/1.1" 200 -
14.0.170.122 - - [10/Nov/2025:09:47:33 +0800] "GET /InternetTrading/jquery/wait.gif HTTP/1.1" 200 432
14.0.170.122 - - [10/Nov/2025:09:47:33 +0800] "POST /InternetTrading/SessionErrorLogger HTTP/1.1" 200 117
14.0.170.122 - - [10/Nov/2025:09:47:33 +0800] "POST /InternetTrading/Orderbook HTTP/1.1" 200 1701
14.0.170.122 - - [10/Nov/2025:09:47:33 +0800] "GET /InternetTrading/longpoll/A8127?X-Atmosphere-tracking-id=0&X-Atmosphere-Framework=2.2.3-javascript&X-Atmosphere-Transport=long-polling&X-Atmosphere-TrackMessageSize=true&Content-Type=charset%3Dutf-8&X-atmo-protocol=true&_=1762739455010 HTTP/1.1" 200 -
58.152.215.195 - - [10/Nov/2025:09:47:37 +0800] "GET /InternetTrading/longpoll/55136?X-Atmosphere-tracking-id=0&X-Atmosphere-Framework=2.2.3-javascript&X-Atmosphere-Transport=long-polling&X-Atmosphere-TrackMessageSize=true&Content-Type=charset%3Dutf-8&X-atmo-protocol=true&_=1762739459337 HTTP/1.1" 200 -
180.114.89.204 - - [10/Nov/2025:09:47:38 +0800] "GET /InternetTrading/longpoll/55039?X-Atmosphere-tracking-id=0&X-Atmosphere-Framework=2.2.3-javascript&X-Atmosphere-Transport=long-polling&X-Atmosphere-TrackMessageSize=true&Content-Type=charset%3Dutf-8&X-atmo-protocol=true&_=1762739458933 HTTP/1.1" 200 -
14.0.170.122 - - [10/Nov/2025:09:47:39 +0800] "GET /InternetTrading/longpoll/A8127?X-Atmosphere-tracking-id=0&X-Atmosphere-Framework=2.2.3-javascript&X-Atmosphere-Transport=long-polling&X-Atmosphere-TrackMessageSize=true&Content-Type=charset%3Dutf-8&X-atmo-protocol=true&_=1762739460137 HTTP/1.1" 200 -
58.152.215.195 - - [10/Nov/2025:09:47:43 +0800] "GET /InternetTrading/longpoll/55136?X-Atmosphere-tracking-id=0&X-Atmosphere-Framework=2.2.3-javascript&X-Atmosphere-Transport=long-polling&X-Atmosphere-TrackMessageSize=true&Content-Type=charset%3Dutf-8&X-atmo-protocol=true&_=1762739464355 HTTP/1.1" 200 -
180.114.89.204 - - [10/Nov/2025:09:47:44 +0800] "GET /InternetTrading/longpoll/55039?X-Atmosphere-tracking-id=0&X-Atmosphere-Framework=2.2.3-javascript&X-Atmosphere-Transport=long-polling&X-Atmosphere-TrackMessageSize=true&Content-Type=charset%3Dutf-8&X-atmo-protocol=true&_=1762739464206 HTTP/1.1" 200 -
180.114.89.204 - - [10/Nov/2025:09:47:44 +0800] "POST /InternetTrading/SessionErrorLogger HTTP/1.1" 200 117
14.0.170.122 - - [10/Nov/2025:09:47:44 +0800] "GET /InternetTrading/longpoll/A8127?X-Atmosphere-tracking-id=0&X-Atmosphere-Framework=2.2.3-javascript&X-Atmosphere-Transport=long-polling&X-Atmosphere-TrackMessageSize=true&Content-Type=charset%3Dutf-8&X-atmo-protocol=true&_=1762739465413 HTTP/1.1" 200 -
180.114.89.204 - - [10/Nov/2025:09:47:44 +0800] "POST /InternetTrading/Heartbeat HTTP/1.1" 200 32
180.114.89.204 - - [10/Nov/2025:09:47:44 +0800] "POST /InternetTrading/SessionErrorLogger HTTP/1.1" 200 117
180.114.89.204 - - [10/Nov/2025:09:47:44 +0800] "POST /InternetTrading/MarketStatus HTTP/1.1" 200 772
58.152.215.195 - - [10/Nov/2025:09:47:46 +0800] "POST /InternetTrading/SessionErrorLogger HTTP/1.1" 200 117
58.152.215.195 - - [10/Nov/2025:09:47:46 +0800] "POST /InternetTrading/Heartbeat HTTP/1.1" 200 32
58.152.215.195 - - [10/Nov/2025:09:47:46 +0800] "POST /InternetTrading/SessionErrorLogger HTTP/1.1" 200 117
58.152.215.195 - - [10/Nov/2025:09:47:46 +0800] "POST /InternetTrading/MarketStatus HTTP/1.1" 200 772
58.152.215.195 - - [10/Nov/2025:09:47:48 +0800] "GET /InternetTrading/longpoll/55136?X-Atmosphere-tracking-id=0&X-Atmosphere-Framework=2.2.3-javascript&X-Atmosphere-Transport=long-polling&X-Atmosphere-TrackMessageSize=true&Content-Type=charset%3Dutf-8&X-atmo-protocol=true&_=1762739469394 HTTP/1.1" 200 -
180.114.89.204 - - [10/Nov/2025:09:47:49 +0800] "GET /InternetTrading/longpoll/55039?X-Atmosphere-tracking-id=0&X-Atmosphere-Framework=2.2.3-javascript&X-Atmosphere-Transport=long-polling&X-Atmosphere-TrackMessageSize=true&Content-Type=charset%3Dutf-8&X-atmo-protocol=true&_=1762739470037 HTTP/1.1" 200 -
14.0.170.122 - - [10/Nov/2025:09:47:49 +0800] "GET /InternetTrading/longpoll/A8127?X-Atmosphere-tracking-id=0&X-Atmosphere-Framework=2.2.3-javascript&X-Atmosphere-Transport=long-polling&X-Atmosphere-TrackMessageSize=true&Content-Type=charset%3Dutf-8&X-atmo-protocol=true&_=1762739470686 HTTP/1.1" 200 -
58.152.215.195 - - [10/Nov/2025:09:47:53 +0800] "GET /InternetTrading/longpoll/55136?X-Atmosphere-tracking-id=0&X-Atmosphere-Framework=2.2.3-javascript&X-Atmosphere-Transport=long-polling&X-Atmosphere-TrackMessageSize=true&Content-Type=charset%3Dutf-8&X-atmo-protocol=true&_=1762739474422 HTTP/1.1" 200 -
14.0.170.122 - - [10/Nov/2025:09:47:53 +0800] "POST /InternetTrading/SessionErrorLogger HTTP/1.1" 200 117
14.0.170.122 - - [10/Nov/2025:09:47:53 +0800] "POST /InternetTrading/Heartbeat HTTP/1.1" 200 32
14.0.170.122 - - [10/Nov/2025:09:47:54 +0800] "GET /InternetTrading/longpoll/A8127?X-Atmosphere-tracking-id=0&X-Atmosphere-Framework=2.2.3-javascript&X-Atmosphere-Transport=long-polling&X-Atmosphere-TrackMessageSize=true&Content-Type=charset%3Dutf-8&X-atmo-protocol=true&_=1762739475968 HTTP/1.1" 200 -
180.114.89.204 - - [10/Nov/2025:09:47:54 +0800] "GET /InternetTrading/longpoll/55039?X-Atmosphere-tracking-id=0&X-Atmosphere-Framework=2.2.3-javascript&X-Atmosphere-Transport=long-polling&X-Atmosphere-TrackMessageSize=true&Content-Type=charset%3Dutf-8&X-atmo-protocol=true&_=1762739475496 HTTP/1.1" 200 -
223.104.158.234 - - [10/Nov/2025:09:47:56 +0800] "GET /InternetTrading/longpoll/55039?X-Atmosphere-tracking-id=0&X-Atmosphere-Framework=2.2.3-javascript&X-Atmosphere-Transport=long-polling&X-Atmosphere-TrackMessageSize=true&Content-Type=charset%3Dutf-8&X-atmo-protocol=true&_=1762739475496 HTTP/1.1" 200 -
58.152.215.195 - - [10/Nov/2025:09:47:58 +0800] "GET /InternetTrading/longpoll/55136?X-Atmosphere-tracking-id=0&X-Atmosphere-Framework=2.2.3-javascript&X-Atmosphere-Transport=long-polling&X-Atmosphere-TrackMessageSize=true&Content-Type=charset%3Dutf-8&X-atmo-protocol=true&_=1762739479445 HTTP/1.1" 200 -
14.0.170.122 - - [10/Nov/2025:09:48:00 +0800] "GET /InternetTrading/longpoll/A8127?X-Atmosphere-tracking-id=0&X-Atmosphere-Framework=2.2.3-javascript&X-Atmosphere-Transport=long-polling&X-Atmosphere-TrackMessageSize=true&Content-Type=charset%3Dutf-8&X-atmo-protocol=true&_=1762739481097 HTTP/1.1" 200 -
14.0.170.122 - - [10/Nov/2025:09:48:01 +0800] "POST /InternetTrading/SessionErrorLogger HTTP/1.1" 200 117
14.0.170.122 - - [10/Nov/2025:09:48:01 +0800] "POST /InternetTrading/MarketStatus HTTP/1.1" 200 772
223.104.158.234 - - [10/Nov/2025:09:48:01 +0800] "GET /InternetTrading/longpoll/55039?X-Atmosphere-tracking-id=0&X-Atmosphere-Framework=2.2.3-javascript&X-Atmosphere-Transport=long-polling&X-Atmosphere-TrackMessageSize=true&Content-Type=charset%3Dutf-8&X-atmo-protocol=true&_=1762739483077 HTTP/1.1" 200 -
58.152.215.195 - - [10/Nov/2025:09:48:03 +0800] "GET /InternetTrading/longpoll/55136?X-Atmosphere-tracking-id=0&X-Atmosphere-Framework=2.2.3-javascript&X-Atmosphere-Transport=long-polling&X-Atmosphere-TrackMessageSize=true&Content-Type=charset%3Dutf-8&X-atmo-protocol=true&_=1762739484471 HTTP/1.1" 200 -
14.0.170.122 - - [10/Nov/2025:09:48:05 +0800] "GET /InternetTrading/longpoll/A8127?X-Atmosphere-tracking-id=0&X-Atmosphere-Framework=2.2.3-javascript&X-Atmosphere-Transport=long-polling&X-Atmosphere-TrackMessageSize=true&Content-Type=charset%3Dutf-8&X-atmo-protocol=true&_=1762739486603 HTTP/1.1" 200 -
223.104.158.234 - - [10/Nov/2025:09:48:07 +0800] "GET /InternetTrading/longpoll/55039?X-Atmosphere-tracking-id=0&X-Atmosphere-Framework=2.2.3-javascript&X-Atmosphere-Transport=long-polling&X-Atmosphere-TrackMessageSize=true&Content-Type=charset%3Dutf-8&X-atmo-protocol=true&_=1762739488427 HTTP/1.1" 200 -
58.152.215.195 - - [10/Nov/2025:09:48:08 +0800] "GET /InternetTrading/longpoll/55136?X-Atmosphere-tracking-id=0&X-Atmosphere-Framework=2.2.3-javascript&X-Atmosphere-Transport=long-polling&X-Atmosphere-TrackMessageSize=true&Content-Type=charset%3Dutf-8&X-atmo-protocol=true&_=1762739489518 HTTP/1.1" 200 -
14.0.170.122 - - [10/Nov/2025:09:48:10 +0800] "GET /InternetTrading/longpoll/A8127?X-Atmosphere-tracking-id=0&X-Atmosphere-Framework=2.2.3-javascript&X-Atmosphere-Transport=long-polling&X-Atmosphere-TrackMessageSize=true&Content-Type=charset%3Dutf-8&X-atmo-protocol=true&_=1762739491650 HTTP/1.1" 200 -
