182.148.17.162 - - [10/Nov/2025:10:30:56 +0800] "GET /InternetTrading/js/isec_calculator.js?jsv=20200819161914 HTTP/1.1" 200 1364
182.148.17.162 - - [10/Nov/2025:10:30:56 +0800] "GET /InternetTrading/js/cash_transfer.js?jsv=20200819161914 HTTP/1.1" 200 2712
182.148.17.162 - - [10/Nov/2025:10:30:56 +0800] "GET /InternetTrading/js/payment_instruction.js?jsv=20200819161914 HTTP/1.1" 200 2178
182.148.17.162 - - [10/Nov/2025:10:30:56 +0800] "GET /InternetTrading/js/ipo.js?jsv=20200819161914 HTTP/1.1" 200 5726
182.148.17.162 - - [10/Nov/2025:10:30:56 +0800] "GET /InternetTrading/js/mm.js?jsv=20200819161914 HTTP/1.1" 200 487
182.148.17.162 - - [10/Nov/2025:10:30:56 +0800] "GET /InternetTrading/js/spread_cache.js?jsv=20200819161914 HTTP/1.1" 200 908
182.148.17.162 - - [10/Nov/2025:10:30:56 +0800] "GET /InternetTrading/js/eStatement.js?jsv=20200819161914 HTTP/1.1" 200 562
182.148.17.162 - - [10/Nov/2025:10:30:56 +0800] "GET /InternetTrading/js/payment_instruction_IMOS.js?jsv=20200819161914 HTTP/1.1" 200 6874
182.148.17.162 - - [10/Nov/2025:10:30:56 +0800] "GET /InternetTrading/ExchangeList?fmt=js&jsv=20200819161914 HTTP/1.1" 200 146
182.148.17.162 - - [10/Nov/2025:10:30:56 +0800] "GET /InternetTrading/js/string_extend.js?jsv=20200819161914 HTTP/1.1" 200 272
182.148.17.162 - - [10/Nov/2025:10:30:56 +0800] "GET /InternetTrading/js/pidcrypt.js?jsv=20200819161914 HTTP/1.1" 200 982
182.148.17.162 - - [10/Nov/2025:10:30:56 +0800] "GET /InternetTrading/js/pidcrypt_util.js?jsv=20200819161914 HTTP/1.1" 200 1206
182.148.17.162 - - [10/Nov/2025:10:30:56 +0800] "GET /InternetTrading/js/aes_core.js?jsv=20200819161914 HTTP/1.1" 200 2106
182.148.17.162 - - [10/Nov/2025:10:30:56 +0800] "GET /InternetTrading/js/aes_cbc.js?jsv=20200819161914 HTTP/1.1" 200 2043
182.148.17.162 - - [10/Nov/2025:10:30:56 +0800] "GET /InternetTrading/js/md5.js?jsv=20200819161914 HTTP/1.1" 200 1730
182.148.17.162 - - [10/Nov/2025:10:30:56 +0800] "GET /InternetTrading/js/asn1.js?jsv=20200819161914 HTTP/1.1" 200 3099
182.148.17.162 - - [10/Nov/2025:10:30:56 +0800] "GET /InternetTrading/js/sha256.js?jsv=20200819161914 HTTP/1.1" 200 1362
182.148.17.162 - - [10/Nov/2025:10:30:56 +0800] "GET /InternetTrading/js/prng4.js?jsv=20200819161914 HTTP/1.1" 200 303
182.148.17.162 - - [10/Nov/2025:10:30:56 +0800] "GET /InternetTrading/js/rng.js?jsv=20200819161914 HTTP/1.1" 200 481
182.148.17.162 - - [10/Nov/2025:10:30:56 +0800] "GET /InternetTrading/js/rsa.js?jsv=20200819161914 HTTP/1.1" 200 1658
182.148.17.162 - - [10/Nov/2025:10:30:56 +0800] "GET /InternetTrading/js/jsbn.js?jsv=20200819161914 HTTP/1.1" 200 6736
182.148.17.162 - - [10/Nov/2025:10:30:56 +0800] "GET /InternetTrading/js/aes.js?jsv=20200819161914 HTTP/1.1" 200 4816
182.148.17.162 - - [10/Nov/2025:10:30:56 +0800] "GET /InternetTrading/js/mode-ecb.js?jsv=20200819161914 HTTP/1.1" 200 199
182.148.17.162 - - [10/Nov/2025:10:30:56 +0800] "GET /InternetTrading/js/utilSpec.js?jsv=20200819161914 HTTP/1.1" 200 27
182.148.17.162 - - [10/Nov/2025:10:30:56 +0800] "GET /InternetTrading/js/update_lastlogin.js?jsv=20200819161914 HTTP/1.1" 200 980
182.148.17.162 - - [10/Nov/2025:10:30:56 +0800] "GET /InternetTrading/js/pw_alert.js?jsv=20200819161914 HTTP/1.1" 200 418
182.148.17.162 - - [10/Nov/2025:10:30:56 +0800] "GET /InternetTrading/js/jquery.jscrollpane.js HTTP/1.1" 404 685
182.148.17.162 - - [10/Nov/2025:10:30:56 +0800] "GET /InternetTrading/js/jquery.mousewheel.js HTTP/1.1" 404 684
182.148.17.162 - - [10/Nov/2025:10:30:56 +0800] "GET /InternetTrading/js/jquery.cookie.js HTTP/1.1" 200 834
182.148.17.162 - - [10/Nov/2025:10:30:56 +0800] "GET /InternetTrading/GoodTillDateValidExch?fmt=js&jsv=20200819161914 HTTP/1.1" 200 29
182.148.17.162 - - [10/Nov/2025:10:30:56 +0800] "GET /InternetTrading/js/decimal.js HTTP/1.1" 200 13492
182.148.17.162 - - [10/Nov/2025:10:30:56 +0800] "GET /InternetTrading/tc/images/logo.png HTTP/1.1" 200 7042
182.148.17.162 - - [10/Nov/2025:10:30:56 +0800] "GET /InternetTrading/tc/images/top_menu01.jpg HTTP/1.1" 200 3466
182.148.17.162 - - [10/Nov/2025:10:30:56 +0800] "GET /InternetTrading/tc/images/top_menu04.jpg HTTP/1.1" 200 3430
182.148.17.162 - - [10/Nov/2025:10:30:56 +0800] "GET /InternetTrading/tc/images/top_menu_logout.jpg HTTP/1.1" 200 1016
182.148.17.162 - - [10/Nov/2025:10:30:56 +0800] "GET /InternetTrading/images/top_bg3.jpg HTTP/1.1" 200 878
182.148.17.162 - - [10/Nov/2025:10:30:56 +0800] "GET /InternetTrading/images/top_bg1.jpg HTTP/1.1" 200 329
182.148.17.162 - - [10/Nov/2025:10:30:56 +0800] "GET /InternetTrading/images/top_bg2.jpg HTTP/1.1" 200 330
182.148.17.162 - - [10/Nov/2025:10:30:56 +0800] "POST /InternetTrading/PopUpConfig HTTP/1.1" 200 2
182.148.17.162 - - [10/Nov/2025:10:30:56 +0800] "GET /InternetTrading/tc/dialog.html?1762742056863 HTTP/1.1" 200 3188
182.148.17.162 - - [10/Nov/2025:10:30:56 +0800] "POST /InternetTrading/Heartbeat HTTP/1.1" 200 32
182.148.17.162 - - [10/Nov/2025:10:30:56 +0800] "POST /InternetTrading/CustomerInfoLite HTTP/1.1" 200 118
182.148.17.162 - - [10/Nov/2025:10:30:56 +0800] "GET /InternetTrading/jquery/wait.gif HTTP/1.1" 200 432
182.148.17.162 - - [10/Nov/2025:10:30:56 +0800] "GET /InternetTrading/tc/trade.html HTTP/1.1" 200 2113
182.148.17.162 - - [10/Nov/2025:10:30:56 +0800] "POST /InternetTrading/SpreadPriceCache HTTP/1.1" 200 1947
58.152.215.195 - - [10/Nov/2025:10:30:57 +0800] "GET /InternetTrading/longpoll/55136?X-Atmosphere-tracking-id=0&X-Atmosphere-Framework=2.2.3-javascript&X-Atmosphere-Transport=long-polling&X-Atmosphere-TrackMessageSize=true&Content-Type=charset%3Dutf-8&X-atmo-protocol=true&_=1762742058402 HTTP/1.1" 200 -
182.148.17.162 - - [10/Nov/2025:10:30:57 +0800] "GET /InternetTrading/tc/images/top_menu01_o.jpg HTTP/1.1" 200 3339
182.148.17.162 - - [10/Nov/2025:10:30:57 +0800] "POST /InternetTrading/SessionErrorLogger HTTP/1.1" 200 117
182.148.17.162 - - [10/Nov/2025:10:30:57 +0800] "POST /InternetTrading/GetLastLoginDate HTTP/1.1" 200 31
182.148.17.162 - - [10/Nov/2025:10:30:57 +0800] "POST /InternetTrading/SessionErrorLogger HTTP/1.1" 200 117
182.148.17.162 - - [10/Nov/2025:10:30:57 +0800] "GET /InternetTrading/tc/getpopupMsgName.jsp HTTP/1.1" 200 -
182.148.17.162 - - [10/Nov/2025:10:30:57 +0800] "GET /InternetTrading/tc/applet_dummy.html HTTP/1.1" 200 330
182.148.17.162 - - [10/Nov/2025:10:30:57 +0800] "POST /InternetTrading/SessionErrorLogger HTTP/1.1" 200 117
182.148.17.162 - - [10/Nov/2025:10:30:57 +0800] "GET /InternetTrading/tc/buy_ticket.html? HTTP/1.1" 200 1995
182.148.17.162 - - [10/Nov/2025:10:30:57 +0800] "POST /InternetTrading/SessionErrorLogger HTTP/1.1" 200 117
182.148.17.162 - - [10/Nov/2025:10:30:57 +0800] "POST /InternetTrading/MarketStatus HTTP/1.1" 200 772
182.148.17.162 - - [10/Nov/2025:10:30:57 +0800] "POST /InternetTrading/SessionErrorLogger HTTP/1.1" 200 117
182.148.17.162 - - [10/Nov/2025:10:30:58 +0800] "GET /InternetTrading/jquery/wait.gif HTTP/1.1" 200 432
182.148.17.162 - - [10/Nov/2025:10:30:58 +0800] "GET /InternetTrading/Home/PostToAA.jsp?hl=tc HTTP/1.1" 200 287
182.148.17.162 - - [10/Nov/2025:10:30:58 +0800] "GET /InternetTrading/tc/images/refresh.gif HTTP/1.1" 200 1145
182.148.17.162 - - [10/Nov/2025:10:30:58 +0800] "GET /InternetTrading/tc/images/trade_point01.jpg HTTP/1.1" 200 358
182.148.17.162 - - [10/Nov/2025:10:30:58 +0800] "GET /InternetTrading/jquery/images/ui-icons_222222_256x240.png HTTP/1.1" 200 6922
182.148.17.162 - - [10/Nov/2025:10:30:58 +0800] "GET /InternetTrading/tc/multi_currency_balance.html HTTP/1.1" 200 295
182.148.17.162 - - [10/Nov/2025:10:30:58 +0800] "POST /InternetTrading/SessionErrorLogger HTTP/1.1" 200 117
182.148.17.162 - - [10/Nov/2025:10:30:58 +0800] "GET /InternetTrading/jquery/images/ui-bg_flat_75_ffffff_40x100.png HTTP/1.1" 200 208
182.148.17.162 - - [10/Nov/2025:10:30:58 +0800] "POST /InternetTrading/MarketStatus HTTP/1.1" 200 772
182.148.17.162 - - [10/Nov/2025:10:30:58 +0800] "POST /InternetTrading/SessionErrorLogger HTTP/1.1" 200 117
182.148.17.162 - - [10/Nov/2025:10:30:58 +0800] "POST /InternetTrading/MarketStatus HTTP/1.1" 200 772
183.178.37.129 - - [10/Nov/2025:10:30:59 +0800] "GET /InternetTrading/longpoll/56419?X-Atmosphere-tracking-id=0&X-Atmosphere-Framework=2.2.3-javascript&X-Atmosphere-Transport=long-polling&X-Atmosphere-TrackMessageSize=true&Content-Type=charset%3Dutf-8&X-atmo-protocol=true&_=1762742060400 HTTP/1.1" 200 -
182.148.17.162 - - [10/Nov/2025:10:30:59 +0800] "POST /InternetTrading/SessionErrorLogger HTTP/1.1" 200 117
182.148.17.162 - - [10/Nov/2025:10:30:59 +0800] "POST /InternetTrading/CustomerInfo HTTP/1.1" 200 209
182.148.17.162 - - [10/Nov/2025:10:31:00 +0800] "POST /InternetTrading/SessionErrorLogger HTTP/1.1" 200 117
182.148.17.162 - - [10/Nov/2025:10:31:00 +0800] "POST /InternetTrading/MarketStatus HTTP/1.1" 200 772
182.148.17.162 - - [10/Nov/2025:10:31:00 +0800] "POST /InternetTrading/SessionErrorLogger HTTP/1.1" 200 117
182.148.17.162 - - [10/Nov/2025:10:31:00 +0800] "GET /InternetTrading/jquery/wait.gif HTTP/1.1" 200 432
182.148.17.162 - - [10/Nov/2025:10:31:00 +0800] "POST /InternetTrading/SessionErrorLogger HTTP/1.1" 200 117
182.148.17.162 - - [10/Nov/2025:10:31:00 +0800] "POST /InternetTrading/LongPollingConfig HTTP/1.1" 200 4
182.148.17.162 - - [10/Nov/2025:10:31:00 +0800] "POST /InternetTrading/SessionErrorLogger HTTP/1.1" 200 117
182.148.17.162 - - [10/Nov/2025:10:31:01 +0800] "GET /InternetTrading/tc/account_status.html HTTP/1.1" 200 426
182.148.17.162 - - [10/Nov/2025:10:31:01 +0800] "GET /InternetTrading/longpoll/13597?X-Atmosphere-tracking-id=0&X-Atmosphere-Framework=2.2.3-javascript&X-Atmosphere-Transport=long-polling&X-Atmosphere-TrackMessageSize=true&Content-Type=charset%3Dutf-8&X-atmo-protocol=true&_=1762742061192 HTTP/1.1" 200 -
182.148.17.162 - - [10/Nov/2025:10:31:01 +0800] "GET /InternetTrading/jquery/wait.gif HTTP/1.1" 200 432
182.148.17.162 - - [10/Nov/2025:10:31:01 +0800] "POST /InternetTrading/SessionErrorLogger HTTP/1.1" 200 117
65.181.90.29 - - [10/Nov/2025:10:31:01 +0800] "GET /InternetTrading/longpoll/54338?X-Atmosphere-tracking-id=0&X-Atmosphere-Framework=2.2.3-javascript&X-Atmosphere-Transport=long-polling&X-Atmosphere-TrackMessageSize=true&Content-Type=charset%3Dutf-8&X-atmo-protocol=true&_=1762742064995 HTTP/1.1" 200 -
182.148.17.162 - - [10/Nov/2025:10:31:01 +0800] "POST /InternetTrading/Portfolio HTTP/1.1" 200 1646
14.0.170.122 - - [10/Nov/2025:10:31:01 +0800] "GET /InternetTrading/longpoll/A8127?X-Atmosphere-tracking-id=0&X-Atmosphere-Framework=2.2.3-javascript&X-Atmosphere-Transport=long-polling&X-Atmosphere-TrackMessageSize=true&Content-Type=charset%3Dutf-8&X-atmo-protocol=true&_=1762742062392 HTTP/1.1" 200 -
58.152.215.195 - - [10/Nov/2025:10:31:02 +0800] "GET /InternetTrading/longpoll/55136?X-Atmosphere-tracking-id=0&X-Atmosphere-Framework=2.2.3-javascript&X-Atmosphere-Transport=long-polling&X-Atmosphere-TrackMessageSize=true&Content-Type=charset%3Dutf-8&X-atmo-protocol=true&_=1762742063454 HTTP/1.1" 200 -
14.0.170.122 - - [10/Nov/2025:10:31:03 +0800] "POST /InternetTrading/SessionErrorLogger HTTP/1.1" 200 117
14.0.170.122 - - [10/Nov/2025:10:31:03 +0800] "POST /InternetTrading/Heartbeat HTTP/1.1" 200 32
14.0.170.122 - - [10/Nov/2025:10:31:04 +0800] "POST /InternetTrading/SessionErrorLogger HTTP/1.1" 200 117
14.0.170.122 - - [10/Nov/2025:10:31:04 +0800] "POST /InternetTrading/MarketStatus HTTP/1.1" 200 772
183.178.37.129 - - [10/Nov/2025:10:31:05 +0800] "GET /InternetTrading/longpoll/56419?X-Atmosphere-tracking-id=0&X-Atmosphere-Framework=2.2.3-javascript&X-Atmosphere-Transport=long-polling&X-Atmosphere-TrackMessageSize=true&Content-Type=charset%3Dutf-8&X-atmo-protocol=true&_=1762742066406 HTTP/1.1" 200 -
182.148.17.162 - - [10/Nov/2025:10:31:05 +0800] "POST /InternetTrading/SessionErrorLogger HTTP/1.1" 200 117
182.148.17.162 - - [10/Nov/2025:10:31:05 +0800] "GET /InternetTrading/jquery/wait.gif HTTP/1.1" 200 432
182.148.17.162 - - [10/Nov/2025:10:31:05 +0800] "POST /InternetTrading/CashMovement HTTP/1.1" 200 427
65.181.90.29 - - [10/Nov/2025:10:31:06 +0800] "GET /InternetTrading/longpoll/54338?X-Atmosphere-tracking-id=0&X-Atmosphere-Framework=2.2.3-javascript&X-Atmosphere-Transport=long-polling&X-Atmosphere-TrackMessageSize=true&Content-Type=charset%3Dutf-8&X-atmo-protocol=true&_=1762742070037 HTTP/1.1" 200 -
182.148.17.162 - - [10/Nov/2025:10:31:06 +0800] "GET /InternetTrading/longpoll/13597?X-Atmosphere-tracking-id=0&X-Atmosphere-Framework=2.2.3-javascript&X-Atmosphere-Transport=long-polling&X-Atmosphere-TrackMessageSize=true&Content-Type=charset%3Dutf-8&X-atmo-protocol=true&_=1762742066371 HTTP/1.1" 200 -
14.0.170.122 - - [10/Nov/2025:10:31:06 +0800] "GET /InternetTrading/longpoll/A8127?X-Atmosphere-tracking-id=0&X-Atmosphere-Framework=2.2.3-javascript&X-Atmosphere-Transport=long-polling&X-Atmosphere-TrackMessageSize=true&Content-Type=charset%3Dutf-8&X-atmo-protocol=true&_=1762742067580 HTTP/1.1" 200 -
58.152.215.195 - - [10/Nov/2025:10:31:07 +0800] "GET /InternetTrading/longpoll/55136?X-Atmosphere-tracking-id=0&X-Atmosphere-Framework=2.2.3-javascript&X-Atmosphere-Transport=long-polling&X-Atmosphere-TrackMessageSize=true&Content-Type=charset%3Dutf-8&X-atmo-protocol=true&_=1762742068472 HTTP/1.1" 200 -
183.178.37.129 - - [10/Nov/2025:10:31:11 +0800] "GET /InternetTrading/longpoll/56419?X-Atmosphere-tracking-id=0&X-Atmosphere-Framework=2.2.3-javascript&X-Atmosphere-Transport=long-polling&X-Atmosphere-TrackMessageSize=true&Content-Type=charset%3Dutf-8&X-atmo-protocol=true&_=1762742072404 HTTP/1.1" 200 -
65.181.90.29 - - [10/Nov/2025:10:31:11 +0800] "GET /InternetTrading/longpoll/54338?X-Atmosphere-tracking-id=0&X-Atmosphere-Framework=2.2.3-javascript&X-Atmosphere-Transport=long-polling&X-Atmosphere-TrackMessageSize=true&Content-Type=charset%3Dutf-8&X-atmo-protocol=true&_=1762742075083 HTTP/1.1" 200 -
182.148.17.162 - - [10/Nov/2025:10:31:11 +0800] "GET /InternetTrading/longpoll/13597?X-Atmosphere-tracking-id=0&X-Atmosphere-Framework=2.2.3-javascript&X-Atmosphere-Transport=long-polling&X-Atmosphere-TrackMessageSize=true&Content-Type=charset%3Dutf-8&X-atmo-protocol=true&_=1762742071446 HTTP/1.1" 200 -
14.0.170.122 - - [10/Nov/2025:10:31:11 +0800] "GET /InternetTrading/longpoll/A8127?X-Atmosphere-tracking-id=0&X-Atmosphere-Framework=2.2.3-javascript&X-Atmosphere-Transport=long-polling&X-Atmosphere-TrackMessageSize=true&Content-Type=charset%3Dutf-8&X-atmo-protocol=true&_=1762742072704 HTTP/1.1" 200 -
58.152.215.195 - - [10/Nov/2025:10:31:12 +0800] "GET /InternetTrading/longpoll/55136?X-Atmosphere-tracking-id=0&X-Atmosphere-Framework=2.2.3-javascript&X-Atmosphere-Transport=long-polling&X-Atmosphere-TrackMessageSize=true&Content-Type=charset%3Dutf-8&X-atmo-protocol=true&_=1762742073519 HTTP/1.1" 200 -
65.181.90.29 - - [10/Nov/2025:10:31:16 +0800] "GET /InternetTrading/longpoll/54338?X-Atmosphere-tracking-id=0&X-Atmosphere-Framework=2.2.3-javascript&X-Atmosphere-Transport=long-polling&X-Atmosphere-TrackMessageSize=true&Content-Type=charset%3Dutf-8&X-atmo-protocol=true&_=1762742080124 HTTP/1.1" 200 -
182.148.17.162 - - [10/Nov/2025:10:31:16 +0800] "GET /InternetTrading/longpoll/13597?X-Atmosphere-tracking-id=0&X-Atmosphere-Framework=2.2.3-javascript&X-Atmosphere-Transport=long-polling&X-Atmosphere-TrackMessageSize=true&Content-Type=charset%3Dutf-8&X-atmo-protocol=true&_=1762742076559 HTTP/1.1" 200 -
14.0.170.122 - - [10/Nov/2025:10:31:16 +0800] "GET /InternetTrading/longpoll/A8127?X-Atmosphere-tracking-id=0&X-Atmosphere-Framework=2.2.3-javascript&X-Atmosphere-Transport=long-polling&X-Atmosphere-TrackMessageSize=true&Content-Type=charset%3Dutf-8&X-atmo-protocol=true&_=1762742077985 HTTP/1.1" 200 -
183.178.37.129 - - [10/Nov/2025:10:31:17 +0800] "GET /InternetTrading/longpoll/56419?X-Atmosphere-tracking-id=0&X-Atmosphere-Framework=2.2.3-javascript&X-Atmosphere-Transport=long-polling&X-Atmosphere-TrackMessageSize=true&Content-Type=charset%3Dutf-8&X-atmo-protocol=true&_=1762742078402 HTTP/1.1" 200 -
58.152.215.195 - - [10/Nov/2025:10:31:17 +0800] "GET /InternetTrading/longpoll/55136?X-Atmosphere-tracking-id=0&X-Atmosphere-Framework=2.2.3-javascript&X-Atmosphere-Transport=long-polling&X-Atmosphere-TrackMessageSize=true&Content-Type=charset%3Dutf-8&X-atmo-protocol=true&_=1762742078544 HTTP/1.1" 200 -
58.152.215.195 - - [10/Nov/2025:10:31:19 +0800] "POST /InternetTrading/SessionErrorLogger HTTP/1.1" 200 117
58.152.215.195 - - [10/Nov/2025:10:31:19 +0800] "POST /InternetTrading/Heartbeat HTTP/1.1" 200 32
58.152.215.195 - - [10/Nov/2025:10:31:19 +0800] "POST /InternetTrading/SessionErrorLogger HTTP/1.1" 200 117
58.152.215.195 - - [10/Nov/2025:10:31:19 +0800] "POST /InternetTrading/MarketStatus HTTP/1.1" 200 772
65.181.90.29 - - [10/Nov/2025:10:31:21 +0800] "GET /InternetTrading/longpoll/54338?X-Atmosphere-tracking-id=0&X-Atmosphere-Framework=2.2.3-javascript&X-Atmosphere-Transport=long-polling&X-Atmosphere-TrackMessageSize=true&Content-Type=charset%3Dutf-8&X-atmo-protocol=true&_=1762742085157 HTTP/1.1" 200 -
182.148.17.162 - - [10/Nov/2025:10:31:21 +0800] "GET /InternetTrading/longpoll/13597?X-Atmosphere-tracking-id=0&X-Atmosphere-Framework=2.2.3-javascript&X-Atmosphere-Transport=long-polling&X-Atmosphere-TrackMessageSize=true&Content-Type=charset%3Dutf-8&X-atmo-protocol=true&_=1762742081740 HTTP/1.1" 200 -
14.0.170.122 - - [10/Nov/2025:10:31:22 +0800] "GET /InternetTrading/longpoll/A8127?X-Atmosphere-tracking-id=0&X-Atmosphere-Framework=2.2.3-javascript&X-Atmosphere-Transport=long-polling&X-Atmosphere-TrackMessageSize=true&Content-Type=charset%3Dutf-8&X-atmo-protocol=true&_=1762742083121 HTTP/1.1" 200 -
58.152.215.195 - - [10/Nov/2025:10:31:22 +0800] "GET /InternetTrading/longpoll/55136?X-Atmosphere-tracking-id=0&X-Atmosphere-Framework=2.2.3-javascript&X-Atmosphere-Transport=long-polling&X-Atmosphere-TrackMessageSize=true&Content-Type=charset%3Dutf-8&X-atmo-protocol=true&_=1762742083589 HTTP/1.1" 200 -
183.178.37.129 - - [10/Nov/2025:10:31:23 +0800] "GET /InternetTrading/longpoll/56419?X-Atmosphere-tracking-id=0&X-Atmosphere-Framework=2.2.3-javascript&X-Atmosphere-Transport=long-polling&X-Atmosphere-TrackMessageSize=true&Content-Type=charset%3Dutf-8&X-atmo-protocol=true&_=1762742084398 HTTP/1.1" 200 -
65.181.90.29 - - [10/Nov/2025:10:31:24 +0800] "POST /InternetTrading/SessionErrorLogger HTTP/1.1" 200 117
65.181.90.29 - - [10/Nov/2025:10:31:24 +0800] "POST /InternetTrading/Heartbeat HTTP/1.1" 200 32
65.181.90.29 - - [10/Nov/2025:10:31:24 +0800] "POST /InternetTrading/SessionErrorLogger HTTP/1.1" 200 117
65.181.90.29 - - [10/Nov/2025:10:31:24 +0800] "POST /InternetTrading/MarketStatus HTTP/1.1" 200 772
65.181.90.29 - - [10/Nov/2025:10:31:26 +0800] "GET /InternetTrading/longpoll/54338?X-Atmosphere-tracking-id=0&X-Atmosphere-Framework=2.2.3-javascript&X-Atmosphere-Transport=long-polling&X-Atmosphere-TrackMessageSize=true&Content-Type=charset%3Dutf-8&X-atmo-protocol=true&_=1762742090194 HTTP/1.1" 200 -
182.148.17.162 - - [10/Nov/2025:10:31:26 +0800] "GET /InternetTrading/longpoll/13597?X-Atmosphere-tracking-id=0&X-Atmosphere-Framework=2.2.3-javascript&X-Atmosphere-Transport=long-polling&X-Atmosphere-TrackMessageSize=true&Content-Type=charset%3Dutf-8&X-atmo-protocol=true&_=1762742086932 HTTP/1.1" 200 -
58.152.215.195 - - [10/Nov/2025:10:31:27 +0800] "GET /InternetTrading/longpoll/55136?X-Atmosphere-tracking-id=0&X-Atmosphere-Framework=2.2.3-javascript&X-Atmosphere-Transport=long-polling&X-Atmosphere-TrackMessageSize=true&Content-Type=charset%3Dutf-8&X-atmo-protocol=true&_=1762742088611 HTTP/1.1" 200 -
14.0.170.122 - - [10/Nov/2025:10:31:27 +0800] "GET /InternetTrading/longpoll/A8127?X-Atmosphere-tracking-id=0&X-Atmosphere-Framework=2.2.3-javascript&X-Atmosphere-Transport=long-polling&X-Atmosphere-TrackMessageSize=true&Content-Type=charset%3Dutf-8&X-atmo-protocol=true&_=1762742088358 HTTP/1.1" 200 -
182.148.17.162 - - [10/Nov/2025:10:31:27 +0800] "POST /InternetTrading/SessionErrorLogger HTTP/1.1" 200 117
182.148.17.162 - - [10/Nov/2025:10:31:28 +0800] "POST /InternetTrading/Heartbeat HTTP/1.1" 200 32
182.148.17.162 - - [10/Nov/2025:10:31:28 +0800] "POST /InternetTrading/SessionErrorLogger HTTP/1.1" 200 117
182.148.17.162 - - [10/Nov/2025:10:31:28 +0800] "POST /InternetTrading/MarketStatus HTTP/1.1" 200 772
183.178.37.129 - - [10/Nov/2025:10:31:29 +0800] "GET /InternetTrading/longpoll/56419?X-Atmosphere-tracking-id=0&X-Atmosphere-Framework=2.2.3-javascript&X-Atmosphere-Transport=long-polling&X-Atmosphere-TrackMessageSize=true&Content-Type=charset%3Dutf-8&X-atmo-protocol=true&_=1762742090395 HTTP/1.1" 200 -
65.181.90.29 - - [10/Nov/2025:10:31:31 +0800] "GET /InternetTrading/longpoll/54338?X-Atmosphere-tracking-id=0&X-Atmosphere-Framework=2.2.3-javascript&X-Atmosphere-Transport=long-polling&X-Atmosphere-TrackMessageSize=true&Content-Type=charset%3Dutf-8&X-atmo-protocol=true&_=1762742095327 HTTP/1.1" 200 -
182.148.17.162 - - [10/Nov/2025:10:31:31 +0800] "GET /InternetTrading/longpoll/13597?X-Atmosphere-tracking-id=0&X-Atmosphere-Framework=2.2.3-javascript&X-Atmosphere-Transport=long-polling&X-Atmosphere-TrackMessageSize=true&Content-Type=charset%3Dutf-8&X-atmo-protocol=true&_=1762742092097 HTTP/1.1" 200 -
58.152.215.195 - - [10/Nov/2025:10:31:32 +0800] "GET /InternetTrading/longpoll/55136?X-Atmosphere-tracking-id=0&X-Atmosphere-Framework=2.2.3-javascript&X-Atmosphere-Transport=long-polling&X-Atmosphere-TrackMessageSize=true&Content-Type=charset%3Dutf-8&X-atmo-protocol=true&_=1762742093651 HTTP/1.1" 200 -
14.0.170.122 - - [10/Nov/2025:10:31:32 +0800] "GET /InternetTrading/longpoll/A8127?X-Atmosphere-tracking-id=0&X-Atmosphere-Framework=2.2.3-javascript&X-Atmosphere-Transport=long-polling&X-Atmosphere-TrackMessageSize=true&Content-Type=charset%3Dutf-8&X-atmo-protocol=true&_=1762742093577 HTTP/1.1" 200 -
14.0.170.122 - - [10/Nov/2025:10:31:33 +0800] "POST /InternetTrading/SessionErrorLogger HTTP/1.1" 200 117
14.0.170.122 - - [10/Nov/2025:10:31:33 +0800] "POST /InternetTrading/Heartbeat HTTP/1.1" 200 32
14.0.170.122 - - [10/Nov/2025:10:31:34 +0800] "POST /InternetTrading/SessionErrorLogger HTTP/1.1" 200 117
14.0.170.122 - - [10/Nov/2025:10:31:34 +0800] "POST /InternetTrading/MarketStatus HTTP/1.1" 200 772
183.178.37.129 - - [10/Nov/2025:10:31:36 +0800] "GET /InternetTrading/longpoll/56419?X-Atmosphere-tracking-id=0&X-Atmosphere-Framework=2.2.3-javascript&X-Atmosphere-Transport=long-polling&X-Atmosphere-TrackMessageSize=true&Content-Type=charset%3Dutf-8&X-atmo-protocol=true&_=1762742097397 HTTP/1.1" 200 -
65.181.90.29 - - [10/Nov/2025:10:31:36 +0800] "GET /InternetTrading/longpoll/54338?X-Atmosphere-tracking-id=0&X-Atmosphere-Framework=2.2.3-javascript&X-Atmosphere-Transport=long-polling&X-Atmosphere-TrackMessageSize=true&Content-Type=charset%3Dutf-8&X-atmo-protocol=true&_=1762742100359 HTTP/1.1" 200 -
58.152.215.195 - - [10/Nov/2025:10:31:37 +0800] "GET /InternetTrading/longpoll/55136?X-Atmosphere-tracking-id=0&X-Atmosphere-Framework=2.2.3-javascript&X-Atmosphere-Transport=long-polling&X-Atmosphere-TrackMessageSize=true&Content-Type=charset%3Dutf-8&X-atmo-protocol=true&_=1762742098693 HTTP/1.1" 200 -
182.148.17.162 - - [10/Nov/2025:10:31:37 +0800] "GET /InternetTrading/longpoll/13597?X-Atmosphere-tracking-id=0&X-Atmosphere-Framework=2.2.3-javascript&X-Atmosphere-Transport=long-polling&X-Atmosphere-TrackMessageSize=true&Content-Type=charset%3Dutf-8&X-atmo-protocol=true&_=1762742097175 HTTP/1.1" 200 -
14.0.170.122 - - [10/Nov/2025:10:31:37 +0800] "GET /InternetTrading/longpoll/A8127?X-Atmosphere-tracking-id=0&X-Atmosphere-Framework=2.2.3-javascript&X-Atmosphere-Transport=long-polling&X-Atmosphere-TrackMessageSize=true&Content-Type=charset%3Dutf-8&X-atmo-protocol=true&_=1762742098784 HTTP/1.1" 200 -
65.181.90.29 - - [10/Nov/2025:10:31:41 +0800] "GET /InternetTrading/longpoll/54338?X-Atmosphere-tracking-id=0&X-Atmosphere-Framework=2.2.3-javascript&X-Atmosphere-Transport=long-polling&X-Atmosphere-TrackMessageSize=true&Content-Type=charset%3Dutf-8&X-atmo-protocol=true&_=1762742105369 HTTP/1.1" 200 -
183.178.37.129 - - [10/Nov/2025:10:31:42 +0800] "GET /InternetTrading/longpoll/56419?X-Atmosphere-tracking-id=0&X-Atmosphere-Framework=2.2.3-javascript&X-Atmosphere-Transport=long-polling&X-Atmosphere-TrackMessageSize=true&Content-Type=charset%3Dutf-8&X-atmo-protocol=true&_=1762742103404 HTTP/1.1" 200 -
58.152.215.195 - - [10/Nov/2025:10:31:42 +0800] "GET /InternetTrading/longpoll/55136?X-Atmosphere-tracking-id=0&X-Atmosphere-Framework=2.2.3-javascript&X-Atmosphere-Transport=long-polling&X-Atmosphere-TrackMessageSize=true&Content-Type=charset%3Dutf-8&X-atmo-protocol=true&_=1762742103727 HTTP/1.1" 200 -
182.148.17.162 - - [10/Nov/2025:10:31:42 +0800] "GET /InternetTrading/longpoll/13597?X-Atmosphere-tracking-id=0&X-Atmosphere-Framework=2.2.3-javascript&X-Atmosphere-Transport=long-polling&X-Atmosphere-TrackMessageSize=true&Content-Type=charset%3Dutf-8&X-atmo-protocol=true&_=1762742102526 HTTP/1.1" 200 -
14.0.170.122 - - [10/Nov/2025:10:31:43 +0800] "GET /InternetTrading/longpoll/A8127?X-Atmosphere-tracking-id=0&X-Atmosphere-Framework=2.2.3-javascript&X-Atmosphere-Transport=long-polling&X-Atmosphere-TrackMessageSize=true&Content-Type=charset%3Dutf-8&X-atmo-protocol=true&_=1762742103900 HTTP/1.1" 200 -
65.181.90.29 - - [10/Nov/2025:10:31:46 +0800] "GET /InternetTrading/longpoll/54338?X-Atmosphere-tracking-id=0&X-Atmosphere-Framework=2.2.3-javascript&X-Atmosphere-Transport=long-polling&X-Atmosphere-TrackMessageSize=true&Content-Type=charset%3Dutf-8&X-atmo-protocol=true&_=1762742110411 HTTP/1.1" 200 -
58.152.215.195 - - [10/Nov/2025:10:31:47 +0800] "GET /InternetTrading/longpoll/55136?X-Atmosphere-tracking-id=0&X-Atmosphere-Framework=2.2.3-javascript&X-Atmosphere-Transport=long-polling&X-Atmosphere-TrackMessageSize=true&Content-Type=charset%3Dutf-8&X-atmo-protocol=true&_=1762742108766 HTTP/1.1" 200 -
182.148.17.162 - - [10/Nov/2025:10:31:47 +0800] "GET /InternetTrading/longpoll/13597?X-Atmosphere-tracking-id=0&X-Atmosphere-Framework=2.2.3-javascript&X-Atmosphere-Transport=long-polling&X-Atmosphere-TrackMessageSize=true&Content-Type=charset%3Dutf-8&X-atmo-protocol=true&_=1762742107680 HTTP/1.1" 200 -
183.178.37.129 - - [10/Nov/2025:10:31:48 +0800] "GET /InternetTrading/longpoll/56419?X-Atmosphere-tracking-id=0&X-Atmosphere-Framework=2.2.3-javascript&X-Atmosphere-Transport=long-polling&X-Atmosphere-TrackMessageSize=true&Content-Type=charset%3Dutf-8&X-atmo-protocol=true&_=1762742109394 HTTP/1.1" 200 -
14.0.170.122 - - [10/Nov/2025:10:31:48 +0800] "GET /InternetTrading/longpoll/A8127?X-Atmosphere-tracking-id=0&X-Atmosphere-Framework=2.2.3-javascript&X-Atmosphere-Transport=long-polling&X-Atmosphere-TrackMessageSize=true&Content-Type=charset%3Dutf-8&X-atmo-protocol=true&_=1762742109278 HTTP/1.1" 200 -
58.152.215.195 - - [10/Nov/2025:10:31:49 +0800] "POST /InternetTrading/SessionErrorLogger HTTP/1.1" 200 117
58.152.215.195 - - [10/Nov/2025:10:31:49 +0800] "POST /InternetTrading/Heartbeat HTTP/1.1" 200 32
58.152.215.195 - - [10/Nov/2025:10:31:49 +0800] "POST /InternetTrading/SessionErrorLogger HTTP/1.1" 200 117
58.152.215.195 - - [10/Nov/2025:10:31:49 +0800] "POST /InternetTrading/MarketStatus HTTP/1.1" 200 772
183.178.37.129 - - [10/Nov/2025:10:31:50 +0800] "POST /InternetTrading/SessionErrorLogger HTTP/1.1" 200 117
183.178.37.129 - - [10/Nov/2025:10:31:50 +0800] "POST /InternetTrading/MarketStatus HTTP/1.1" 200 772
183.178.37.129 - - [10/Nov/2025:10:31:50 +0800] "POST /InternetTrading/SessionErrorLogger HTTP/1.1" 200 117
183.178.37.129 - - [10/Nov/2025:10:31:50 +0800] "POST /InternetTrading/Heartbeat HTTP/1.1" 200 32
65.181.90.29 - - [10/Nov/2025:10:31:51 +0800] "GET /InternetTrading/longpoll/54338?X-Atmosphere-tracking-id=0&X-Atmosphere-Framework=2.2.3-javascript&X-Atmosphere-Transport=long-polling&X-Atmosphere-TrackMessageSize=true&Content-Type=charset%3Dutf-8&X-atmo-protocol=true&_=1762742115449 HTTP/1.1" 200 -
58.152.215.195 - - [10/Nov/2025:10:31:52 +0800] "GET /InternetTrading/longpoll/55136?X-Atmosphere-tracking-id=0&X-Atmosphere-Framework=2.2.3-javascript&X-Atmosphere-Transport=long-polling&X-Atmosphere-TrackMessageSize=true&Content-Type=charset%3Dutf-8&X-atmo-protocol=true&_=1762742113809 HTTP/1.1" 200 -
182.148.17.162 - - [10/Nov/2025:10:31:53 +0800] "GET /InternetTrading/longpoll/13597?X-Atmosphere-tracking-id=0&X-Atmosphere-Framework=2.2.3-javascript&X-Atmosphere-Transport=long-polling&X-Atmosphere-TrackMessageSize=true&Content-Type=charset%3Dutf-8&X-atmo-protocol=true&_=1762742113133 HTTP/1.1" 200 -
14.0.170.122 - - [10/Nov/2025:10:31:53 +0800] "GET /InternetTrading/longpoll/A8127?X-Atmosphere-tracking-id=0&X-Atmosphere-Framework=2.2.3-javascript&X-Atmosphere-Transport=long-polling&X-Atmosphere-TrackMessageSize=true&Content-Type=charset%3Dutf-8&X-atmo-protocol=true&_=1762742114542 HTTP/1.1" 200 -
183.178.37.129 - - [10/Nov/2025:10:31:54 +0800] "GET /InternetTrading/longpoll/56419?X-Atmosphere-tracking-id=0&X-Atmosphere-Framework=2.2.3-javascript&X-Atmosphere-Transport=long-polling&X-Atmosphere-TrackMessageSize=true&Content-Type=charset%3Dutf-8&X-atmo-protocol=true&_=1762742115391 HTTP/1.1" 200 -
65.181.90.29 - - [10/Nov/2025:10:31:54 +0800] "POST /InternetTrading/SessionErrorLogger HTTP/1.1" 200 117
65.181.90.29 - - [10/Nov/2025:10:31:54 +0800] "POST /InternetTrading/Heartbeat HTTP/1.1" 200 32
65.181.90.29 - - [10/Nov/2025:10:31:54 +0800] "POST /InternetTrading/SessionErrorLogger HTTP/1.1" 200 117
65.181.90.29 - - [10/Nov/2025:10:31:54 +0800] "POST /InternetTrading/MarketStatus HTTP/1.1" 200 772
65.181.90.29 - - [10/Nov/2025:10:31:56 +0800] "GET /InternetTrading/longpoll/54338?X-Atmosphere-tracking-id=0&X-Atmosphere-Framework=2.2.3-javascript&X-Atmosphere-Transport=long-polling&X-Atmosphere-TrackMessageSize=true&Content-Type=charset%3Dutf-8&X-atmo-protocol=true&_=1762742120500 HTTP/1.1" 200 -
58.152.215.195 - - [10/Nov/2025:10:31:57 +0800] "GET /InternetTrading/longpoll/55136?X-Atmosphere-tracking-id=0&X-Atmosphere-Framework=2.2.3-javascript&X-Atmosphere-Transport=long-polling&X-Atmosphere-TrackMessageSize=true&Content-Type=charset%3Dutf-8&X-atmo-protocol=true&_=1762742118830 HTTP/1.1" 200 -
182.148.17.162 - - [10/Nov/2025:10:31:57 +0800] "POST /InternetTrading/SessionErrorLogger HTTP/1.1" 200 117
182.148.17.162 - - [10/Nov/2025:10:31:57 +0800] "POST /InternetTrading/Heartbeat HTTP/1.1" 200 32
182.148.17.162 - - [10/Nov/2025:10:31:58 +0800] "GET /InternetTrading/longpoll/13597?X-Atmosphere-tracking-id=0&X-Atmosphere-Framework=2.2.3-javascript&X-Atmosphere-Transport=long-polling&X-Atmosphere-TrackMessageSize=true&Content-Type=charset%3Dutf-8&X-atmo-protocol=true&_=1762742118225 HTTP/1.1" 200 -
182.148.17.162 - - [10/Nov/2025:10:31:58 +0800] "POST /InternetTrading/SessionErrorLogger HTTP/1.1" 200 117
182.148.17.162 - - [10/Nov/2025:10:31:58 +0800] "POST /InternetTrading/MarketStatus HTTP/1.1" 200 772
14.0.170.122 - - [10/Nov/2025:10:31:58 +0800] "GET /InternetTrading/longpoll/A8127?X-Atmosphere-tracking-id=0&X-Atmosphere-Framework=2.2.3-javascript&X-Atmosphere-Transport=long-polling&X-Atmosphere-TrackMessageSize=true&Content-Type=charset%3Dutf-8&X-atmo-protocol=true&_=1762742119735 HTTP/1.1" 200 -
183.178.37.129 - - [10/Nov/2025:10:32:00 +0800] "GET /InternetTrading/longpoll/56419?X-Atmosphere-tracking-id=0&X-Atmosphere-Framework=2.2.3-javascript&X-Atmosphere-Transport=long-polling&X-Atmosphere-TrackMessageSize=true&Content-Type=charset%3Dutf-8&X-atmo-protocol=true&_=1762742121393 HTTP/1.1" 200 -
65.181.90.29 - - [10/Nov/2025:10:32:01 +0800] "GET /InternetTrading/longpoll/54338?X-Atmosphere-tracking-id=0&X-Atmosphere-Framework=2.2.3-javascript&X-Atmosphere-Transport=long-polling&X-Atmosphere-TrackMessageSize=true&Content-Type=charset%3Dutf-8&X-atmo-protocol=true&_=1762742125531 HTTP/1.1" 200 -
58.152.215.195 - - [10/Nov/2025:10:32:02 +0800] "GET /InternetTrading/longpoll/55136?X-Atmosphere-tracking-id=0&X-Atmosphere-Framework=2.2.3-javascript&X-Atmosphere-Transport=long-polling&X-Atmosphere-TrackMessageSize=true&Content-Type=charset%3Dutf-8&X-atmo-protocol=true&_=1762742123866 HTTP/1.1" 200 -
182.148.17.162 - - [10/Nov/2025:10:32:03 +0800] "GET /InternetTrading/longpoll/13597?X-Atmosphere-tracking-id=0&X-Atmosphere-Framework=2.2.3-javascript&X-Atmosphere-Transport=long-polling&X-Atmosphere-TrackMessageSize=true&Content-Type=charset%3Dutf-8&X-atmo-protocol=true&_=1762742123300 HTTP/1.1" 200 -
14.0.170.122 - - [10/Nov/2025:10:32:03 +0800] "POST /InternetTrading/SessionErrorLogger HTTP/1.1" 200 117
14.0.170.122 - - [10/Nov/2025:10:32:03 +0800] "POST /InternetTrading/Heartbeat HTTP/1.1" 200 32
14.0.170.122 - - [10/Nov/2025:10:32:03 +0800] "GET /InternetTrading/longpoll/A8127?X-Atmosphere-tracking-id=0&X-Atmosphere-Framework=2.2.3-javascript&X-Atmosphere-Transport=long-polling&X-Atmosphere-TrackMessageSize=true&Content-Type=charset%3Dutf-8&X-atmo-protocol=true&_=1762742124901 HTTP/1.1" 200 -
14.0.170.122 - - [10/Nov/2025:10:32:04 +0800] "POST /InternetTrading/SessionErrorLogger HTTP/1.1" 200 117
14.0.170.122 - - [10/Nov/2025:10:32:04 +0800] "POST /InternetTrading/MarketStatus HTTP/1.1" 200 772
183.178.37.129 - - [10/Nov/2025:10:32:06 +0800] "GET /InternetTrading/longpoll/56419?X-Atmosphere-tracking-id=0&X-Atmosphere-Framework=2.2.3-javascript&X-Atmosphere-Transport=long-polling&X-Atmosphere-TrackMessageSize=true&Content-Type=charset%3Dutf-8&X-atmo-protocol=true&_=1762742127401 HTTP/1.1" 200 -
65.181.90.29 - - [10/Nov/2025:10:32:06 +0800] "GET /InternetTrading/longpoll/54338?X-Atmosphere-tracking-id=0&X-Atmosphere-Framework=2.2.3-javascript&X-Atmosphere-Transport=long-polling&X-Atmosphere-TrackMessageSize=true&Content-Type=charset%3Dutf-8&X-atmo-protocol=true&_=1762742130564 HTTP/1.1" 200 -
58.152.215.195 - - [10/Nov/2025:10:32:07 +0800] "GET /InternetTrading/longpoll/55136?X-Atmosphere-tracking-id=0&X-Atmosphere-Framework=2.2.3-javascript&X-Atmosphere-Transport=long-polling&X-Atmosphere-TrackMessageSize=true&Content-Type=charset%3Dutf-8&X-atmo-protocol=true&_=1762742128916 HTTP/1.1" 200 -
182.148.17.162 - - [10/Nov/2025:10:32:08 +0800] "GET /InternetTrading/longpoll/13597?X-Atmosphere-tracking-id=0&X-Atmosphere-Framework=2.2.3-javascript&X-Atmosphere-Transport=long-polling&X-Atmosphere-TrackMessageSize=true&Content-Type=charset%3Dutf-8&X-atmo-protocol=true&_=1762742128365 HTTP/1.1" 200 -
14.0.170.122 - - [10/Nov/2025:10:32:08 +0800] "GET /InternetTrading/longpoll/A8127?X-Atmosphere-tracking-id=0&X-Atmosphere-Framework=2.2.3-javascript&X-Atmosphere-Transport=long-polling&X-Atmosphere-TrackMessageSize=true&Content-Type=charset%3Dutf-8&X-atmo-protocol=true&_=1762742129985 HTTP/1.1" 200 -
65.181.90.29 - - [10/Nov/2025:10:32:11 +0800] "GET /InternetTrading/longpoll/54338?X-Atmosphere-tracking-id=0&X-Atmosphere-Framework=2.2.3-javascript&X-Atmosphere-Transport=long-polling&X-Atmosphere-TrackMessageSize=true&Content-Type=charset%3Dutf-8&X-atmo-protocol=true&_=1762742135609 HTTP/1.1" 200 -
183.178.37.129 - - [10/Nov/2025:10:32:12 +0800] "GET /InternetTrading/longpoll/56419?X-Atmosphere-tracking-id=0&X-Atmosphere-Framework=2.2.3-javascript&X-Atmosphere-Transport=long-polling&X-Atmosphere-TrackMessageSize=true&Content-Type=charset%3Dutf-8&X-atmo-protocol=true&_=1762742133400 HTTP/1.1" 200 -
58.152.215.195 - - [10/Nov/2025:10:32:12 +0800] "GET /InternetTrading/longpoll/55136?X-Atmosphere-tracking-id=0&X-Atmosphere-Framework=2.2.3-javascript&X-Atmosphere-Transport=long-polling&X-Atmosphere-TrackMessageSize=true&Content-Type=charset%3Dutf-8&X-atmo-protocol=true&_=1762742133965 HTTP/1.1" 200 -
182.148.17.162 - - [10/Nov/2025:10:32:13 +0800] "GET /InternetTrading/longpoll/13597?X-Atmosphere-tracking-id=0&X-Atmosphere-Framework=2.2.3-javascript&X-Atmosphere-Transport=long-polling&X-Atmosphere-TrackMessageSize=true&Content-Type=charset%3Dutf-8&X-atmo-protocol=true&_=1762742133574 HTTP/1.1" 200 -
14.0.170.122 - - [10/Nov/2025:10:32:14 +0800] "GET /InternetTrading/longpoll/A8127?X-Atmosphere-tracking-id=0&X-Atmosphere-Framework=2.2.3-javascript&X-Atmosphere-Transport=long-polling&X-Atmosphere-TrackMessageSize=true&Content-Type=charset%3Dutf-8&X-atmo-protocol=true&_=1762742135043 HTTP/1.1" 200 -
65.181.90.29 - - [10/Nov/2025:10:32:16 +0800] "GET /InternetTrading/longpoll/54338?X-Atmosphere-tracking-id=0&X-Atmosphere-Framework=2.2.3-javascript&X-Atmosphere-Transport=long-polling&X-Atmosphere-TrackMessageSize=true&Content-Type=charset%3Dutf-8&X-atmo-protocol=true&_=1762742140637 HTTP/1.1" 200 -
58.152.215.195 - - [10/Nov/2025:10:32:17 +0800] "GET /InternetTrading/longpoll/55136?X-Atmosphere-tracking-id=0&X-Atmosphere-Framework=2.2.3-javascript&X-Atmosphere-Transport=long-polling&X-Atmosphere-TrackMessageSize=true&Content-Type=charset%3Dutf-8&X-atmo-protocol=true&_=1762742139007 HTTP/1.1" 200 -
182.148.17.162 - - [10/Nov/2025:10:32:17 +0800] "POST /InternetTrading/SessionErrorLogger HTTP/1.1" 200 117
182.148.17.162 - - [10/Nov/2025:10:32:17 +0800] "POST /InternetTrading/TransactionHistory HTTP/1.1" 200 769
182.148.17.162 - - [10/Nov/2025:10:32:17 +0800] "GET /InternetTrading/jquery/wait.gif HTTP/1.1" 200 432
182.148.17.162 - - [10/Nov/2025:10:32:17 +0800] "GET /InternetTrading/jquery/images/ui-bg_glass_75_e6e6e6_1x400.png HTTP/1.1" 200 262
183.178.37.129 - - [10/Nov/2025:10:32:18 +0800] "GET /InternetTrading/longpoll/56419?X-Atmosphere-tracking-id=0&X-Atmosphere-Framework=2.2.3-javascript&X-Atmosphere-Transport=long-polling&X-Atmosphere-TrackMessageSize=true&Content-Type=charset%3Dutf-8&X-atmo-protocol=true&_=1762742139393 HTTP/1.1" 200 -
182.148.17.162 - - [10/Nov/2025:10:32:18 +0800] "GET /InternetTrading/longpoll/13597?X-Atmosphere-tracking-id=0&X-Atmosphere-Framework=2.2.3-javascript&X-Atmosphere-Transport=long-polling&X-Atmosphere-TrackMessageSize=true&Content-Type=charset%3Dutf-8&X-atmo-protocol=true&_=1762742138785 HTTP/1.1" 200 -
14.0.170.122 - - [10/Nov/2025:10:32:19 +0800] "GET /InternetTrading/longpoll/A8127?X-Atmosphere-tracking-id=0&X-Atmosphere-Framework=2.2.3-javascript&X-Atmosphere-Transport=long-polling&X-Atmosphere-TrackMessageSize=true&Content-Type=charset%3Dutf-8&X-atmo-protocol=true&_=1762742140233 HTTP/1.1" 200 -
58.152.215.195 - - [10/Nov/2025:10:32:19 +0800] "POST /InternetTrading/SessionErrorLogger HTTP/1.1" 200 117
58.152.215.195 - - [10/Nov/2025:10:32:19 +0800] "POST /InternetTrading/Heartbeat HTTP/1.1" 200 32
58.152.215.195 - - [10/Nov/2025:10:32:19 +0800] "POST /InternetTrading/SessionErrorLogger HTTP/1.1" 200 117
58.152.215.195 - - [10/Nov/2025:10:32:19 +0800] "POST /InternetTrading/MarketStatus HTTP/1.1" 200 772
65.181.90.29 - - [10/Nov/2025:10:32:21 +0800] "GET /InternetTrading/longpoll/54338?X-Atmosphere-tracking-id=0&X-Atmosphere-Framework=2.2.3-javascript&X-Atmosphere-Transport=long-polling&X-Atmosphere-TrackMessageSize=true&Content-Type=charset%3Dutf-8&X-atmo-protocol=true&_=1762742145659 HTTP/1.1" 200 -
58.152.215.195 - - [10/Nov/2025:10:32:22 +0800] "GET /InternetTrading/longpoll/55136?X-Atmosphere-tracking-id=0&X-Atmosphere-Framework=2.2.3-javascript&X-Atmosphere-Transport=long-polling&X-Atmosphere-TrackMessageSize=true&Content-Type=charset%3Dutf-8&X-atmo-protocol=true&_=1762742144049 HTTP/1.1" 200 -
182.148.17.162 - - [10/Nov/2025:10:32:23 +0800] "GET /InternetTrading/longpoll/13597?X-Atmosphere-tracking-id=0&X-Atmosphere-Framework=2.2.3-javascript&X-Atmosphere-Transport=long-polling&X-Atmosphere-TrackMessageSize=true&Content-Type=charset%3Dutf-8&X-atmo-protocol=true&_=1762742143861 HTTP/1.1" 200 -
183.178.37.129 - - [10/Nov/2025:10:32:24 +0800] "GET /InternetTrading/longpoll/56419?X-Atmosphere-tracking-id=0&X-Atmosphere-Framework=2.2.3-javascript&X-Atmosphere-Transport=long-polling&X-Atmosphere-TrackMessageSize=true&Content-Type=charset%3Dutf-8&X-atmo-protocol=true&_=1762742145406 HTTP/1.1" 200 -
14.0.170.122 - - [10/Nov/2025:10:32:24 +0800] "GET /InternetTrading/longpoll/A8127?X-Atmosphere-tracking-id=0&X-Atmosphere-Framework=2.2.3-javascript&X-Atmosphere-Transport=long-polling&X-Atmosphere-TrackMessageSize=true&Content-Type=charset%3Dutf-8&X-atmo-protocol=true&_=1762742145377 HTTP/1.1" 200 -
65.181.90.29 - - [10/Nov/2025:10:32:24 +0800] "POST /InternetTrading/SessionErrorLogger HTTP/1.1" 200 117
65.181.90.29 - - [10/Nov/2025:10:32:24 +0800] "POST /InternetTrading/Heartbeat HTTP/1.1" 200 32
65.181.90.29 - - [10/Nov/2025:10:32:24 +0800] "POST /InternetTrading/SessionErrorLogger HTTP/1.1" 200 117
65.181.90.29 - - [10/Nov/2025:10:32:24 +0800] "POST /InternetTrading/MarketStatus HTTP/1.1" 200 772
65.181.90.29 - - [10/Nov/2025:10:32:26 +0800] "GET /InternetTrading/longpoll/54338?X-Atmosphere-tracking-id=0&X-Atmosphere-Framework=2.2.3-javascript&X-Atmosphere-Transport=long-polling&X-Atmosphere-TrackMessageSize=true&Content-Type=charset%3Dutf-8&X-atmo-protocol=true&_=1762742150696 HTTP/1.1" 200 -
58.152.215.195 - - [10/Nov/2025:10:32:27 +0800] "GET /InternetTrading/longpoll/55136?X-Atmosphere-tracking-id=0&X-Atmosphere-Framework=2.2.3-javascript&X-Atmosphere-Transport=long-polling&X-Atmosphere-TrackMessageSize=true&Content-Type=charset%3Dutf-8&X-atmo-protocol=true&_=1762742149068 HTTP/1.1" 200 -
182.148.17.162 - - [10/Nov/2025:10:32:27 +0800] "POST /InternetTrading/SessionErrorLogger HTTP/1.1" 200 117
182.148.17.162 - - [10/Nov/2025:10:32:27 +0800] "POST /InternetTrading/Heartbeat HTTP/1.1" 200 32
182.148.17.162 - - [10/Nov/2025:10:32:28 +0800] "POST /InternetTrading/SessionErrorLogger HTTP/1.1" 200 117
182.148.17.162 - - [10/Nov/2025:10:32:28 +0800] "POST /InternetTrading/MarketStatus HTTP/1.1" 200 772
182.148.17.162 - - [10/Nov/2025:10:32:28 +0800] "GET /InternetTrading/longpoll/13597?X-Atmosphere-tracking-id=0&X-Atmosphere-Framework=2.2.3-javascript&X-Atmosphere-Transport=long-polling&X-Atmosphere-TrackMessageSize=true&Content-Type=charset%3Dutf-8&X-atmo-protocol=true&_=1762742149044 HTTP/1.1" 200 -
14.0.170.122 - - [10/Nov/2025:10:32:29 +0800] "GET /InternetTrading/longpoll/A8127?X-Atmosphere-tracking-id=0&X-Atmosphere-Framework=2.2.3-javascript&X-Atmosphere-Transport=long-polling&X-Atmosphere-TrackMessageSize=true&Content-Type=charset%3Dutf-8&X-atmo-protocol=true&_=1762742150658 HTTP/1.1" 200 -
183.178.37.129 - - [10/Nov/2025:10:32:30 +0800] "GET /InternetTrading/longpoll/56419?X-Atmosphere-tracking-id=0&X-Atmosphere-Framework=2.2.3-javascript&X-Atmosphere-Transport=long-polling&X-Atmosphere-TrackMessageSize=true&Content-Type=charset%3Dutf-8&X-atmo-protocol=true&_=1762742151399 HTTP/1.1" 200 -
65.181.90.29 - - [10/Nov/2025:10:32:31 +0800] "GET /InternetTrading/longpoll/54338?X-Atmosphere-tracking-id=0&X-Atmosphere-Framework=2.2.3-javascript&X-Atmosphere-Transport=long-polling&X-Atmosphere-TrackMessageSize=true&Content-Type=charset%3Dutf-8&X-atmo-protocol=true&_=1762742155711 HTTP/1.1" 200 -
58.152.215.195 - - [10/Nov/2025:10:32:32 +0800] "GET /InternetTrading/longpoll/55136?X-Atmosphere-tracking-id=0&X-Atmosphere-Framework=2.2.3-javascript&X-Atmosphere-Transport=long-polling&X-Atmosphere-TrackMessageSize=true&Content-Type=charset%3Dutf-8&X-atmo-protocol=true&_=1762742154112 HTTP/1.1" 200 -
14.0.170.122 - - [10/Nov/2025:10:32:33 +0800] "POST /InternetTrading/SessionErrorLogger HTTP/1.1" 200 117
14.0.170.122 - - [10/Nov/2025:10:32:33 +0800] "POST /InternetTrading/Heartbeat HTTP/1.1" 200 32
14.0.170.122 - - [10/Nov/2025:10:32:34 +0800] "POST /InternetTrading/SessionErrorLogger HTTP/1.1" 200 117
182.148.17.162 - - [10/Nov/2025:10:32:34 +0800] "GET /InternetTrading/longpoll/13597?X-Atmosphere-tracking-id=0&X-Atmosphere-Framework=2.2.3-javascript&X-Atmosphere-Transport=long-polling&X-Atmosphere-TrackMessageSize=true&Content-Type=charset%3Dutf-8&X-atmo-protocol=true&_=1762742154110 HTTP/1.1" 200 -
14.0.170.122 - - [10/Nov/2025:10:32:34 +0800] "POST /InternetTrading/MarketStatus HTTP/1.1" 200 772
14.0.170.122 - - [10/Nov/2025:10:32:34 +0800] "GET /InternetTrading/longpoll/A8127?X-Atmosphere-tracking-id=0&X-Atmosphere-Framework=2.2.3-javascript&X-Atmosphere-Transport=long-polling&X-Atmosphere-TrackMessageSize=true&Content-Type=charset%3Dutf-8&X-atmo-protocol=true&_=1762742155918 HTTP/1.1" 200 -
183.178.37.129 - - [10/Nov/2025:10:32:36 +0800] "GET /InternetTrading/longpoll/56419?X-Atmosphere-tracking-id=0&X-Atmosphere-Framework=2.2.3-javascript&X-Atmosphere-Transport=long-polling&X-Atmosphere-TrackMessageSize=true&Content-Type=charset%3Dutf-8&X-atmo-protocol=true&_=1762742157391 HTTP/1.1" 200 -
65.181.90.29 - - [10/Nov/2025:10:32:36 +0800] "GET /InternetTrading/longpoll/54338?X-Atmosphere-tracking-id=0&X-Atmosphere-Framework=2.2.3-javascript&X-Atmosphere-Transport=long-polling&X-Atmosphere-TrackMessageSize=true&Content-Type=charset%3Dutf-8&X-atmo-protocol=true&_=1762742160747 HTTP/1.1" 200 -
58.152.215.195 - - [10/Nov/2025:10:32:37 +0800] "GET /InternetTrading/longpoll/55136?X-Atmosphere-tracking-id=0&X-Atmosphere-Framework=2.2.3-javascript&X-Atmosphere-Transport=long-polling&X-Atmosphere-TrackMessageSize=true&Content-Type=charset%3Dutf-8&X-atmo-protocol=true&_=1762742159149 HTTP/1.1" 200 -
14.0.170.122 - - [10/Nov/2025:10:32:39 +0800] "GET /InternetTrading/longpoll/A8127?X-Atmosphere-tracking-id=0&X-Atmosphere-Framework=2.2.3-javascript&X-Atmosphere-Transport=long-polling&X-Atmosphere-TrackMessageSize=true&Content-Type=charset%3Dutf-8&X-atmo-protocol=true&_=1762742161032 HTTP/1.1" 200 -
65.181.90.29 - - [10/Nov/2025:10:32:41 +0800] "GET /InternetTrading/longpoll/54338?X-Atmosphere-tracking-id=0&X-Atmosphere-Framework=2.2.3-javascript&X-Atmosphere-Transport=long-polling&X-Atmosphere-TrackMessageSize=true&Content-Type=charset%3Dutf-8&X-atmo-protocol=true&_=1762742165770 HTTP/1.1" 200 -
183.178.37.129 - - [10/Nov/2025:10:32:42 +0800] "GET /InternetTrading/longpoll/56419?X-Atmosphere-tracking-id=0&X-Atmosphere-Framework=2.2.3-javascript&X-Atmosphere-Transport=long-polling&X-Atmosphere-TrackMessageSize=true&Content-Type=charset%3Dutf-8&X-atmo-protocol=true&_=1762742163397 HTTP/1.1" 200 -
58.152.215.195 - - [10/Nov/2025:10:32:42 +0800] "GET /InternetTrading/longpoll/55136?X-Atmosphere-tracking-id=0&X-Atmosphere-Framework=2.2.3-javascript&X-Atmosphere-Transport=long-polling&X-Atmosphere-TrackMessageSize=true&Content-Type=charset%3Dutf-8&X-atmo-protocol=true&_=1762742164162 HTTP/1.1" 200 -
14.0.170.122 - - [10/Nov/2025:10:32:45 +0800] "GET /InternetTrading/longpoll/A8127?X-Atmosphere-tracking-id=0&X-Atmosphere-Framework=2.2.3-javascript&X-Atmosphere-Transport=long-polling&X-Atmosphere-TrackMessageSize=true&Content-Type=charset%3Dutf-8&X-atmo-protocol=true&_=1762742166199 HTTP/1.1" 200 -
65.181.90.29 - - [10/Nov/2025:10:32:47 +0800] "GET /InternetTrading/longpoll/54338?X-Atmosphere-tracking-id=0&X-Atmosphere-Framework=2.2.3-javascript&X-Atmosphere-Transport=long-polling&X-Atmosphere-TrackMessageSize=true&Content-Type=charset%3Dutf-8&X-atmo-protocol=true&_=1762742170833 HTTP/1.1" 200 -
58.152.215.195 - - [10/Nov/2025:10:32:47 +0800] "GET /InternetTrading/longpoll/55136?X-Atmosphere-tracking-id=0&X-Atmosphere-Framework=2.2.3-javascript&X-Atmosphere-Transport=long-polling&X-Atmosphere-TrackMessageSize=true&Content-Type=charset%3Dutf-8&X-atmo-protocol=true&_=1762742169211 HTTP/1.1" 200 -
183.178.37.129 - - [10/Nov/2025:10:32:48 +0800] "GET /InternetTrading/longpoll/56419?X-Atmosphere-tracking-id=0&X-Atmosphere-Framework=2.2.3-javascript&X-Atmosphere-Transport=long-polling&X-Atmosphere-TrackMessageSize=true&Content-Type=charset%3Dutf-8&X-atmo-protocol=true&_=1762742169405 HTTP/1.1" 200 -
182.148.17.162 - - [10/Nov/2025:10:32:48 +0800] "GET /InternetTrading/longpoll/13597?X-Atmosphere-tracking-id=0&X-Atmosphere-Framework=2.2.3-javascript&X-Atmosphere-Transport=long-polling&X-Atmosphere-TrackMessageSize=true&Content-Type=charset%3Dutf-8&X-atmo-protocol=true&_=1762742159571 HTTP/1.1" 200 -
58.152.215.195 - - [10/Nov/2025:10:32:49 +0800] "POST /InternetTrading/SessionErrorLogger HTTP/1.1" 200 117
58.152.215.195 - - [10/Nov/2025:10:32:49 +0800] "POST /InternetTrading/Heartbeat HTTP/1.1" 200 32
58.152.215.195 - - [10/Nov/2025:10:32:49 +0800] "POST /InternetTrading/SessionErrorLogger HTTP/1.1" 200 117
58.152.215.195 - - [10/Nov/2025:10:32:49 +0800] "POST /InternetTrading/MarketStatus HTTP/1.1" 200 772
183.178.37.129 - - [10/Nov/2025:10:32:50 +0800] "POST /InternetTrading/SessionErrorLogger HTTP/1.1" 200 117
183.178.37.129 - - [10/Nov/2025:10:32:50 +0800] "POST /InternetTrading/MarketStatus HTTP/1.1" 200 772
183.178.37.129 - - [10/Nov/2025:10:32:50 +0800] "POST /InternetTrading/SessionErrorLogger HTTP/1.1" 200 117
183.178.37.129 - - [10/Nov/2025:10:32:50 +0800] "POST /InternetTrading/Heartbeat HTTP/1.1" 200 32
14.0.170.122 - - [10/Nov/2025:10:32:50 +0800] "GET /InternetTrading/longpoll/A8127?X-Atmosphere-tracking-id=0&X-Atmosphere-Framework=2.2.3-javascript&X-Atmosphere-Transport=long-polling&X-Atmosphere-TrackMessageSize=true&Content-Type=charset%3Dutf-8&X-atmo-protocol=true&_=1762742171430 HTTP/1.1" 200 -
65.181.90.29 - - [10/Nov/2025:10:32:52 +0800] "GET /InternetTrading/longpoll/54338?X-Atmosphere-tracking-id=0&X-Atmosphere-Framework=2.2.3-javascript&X-Atmosphere-Transport=long-polling&X-Atmosphere-TrackMessageSize=true&Content-Type=charset%3Dutf-8&X-atmo-protocol=true&_=1762742175843 HTTP/1.1" 200 -
58.152.215.195 - - [10/Nov/2025:10:32:52 +0800] "GET /InternetTrading/longpoll/55136?X-Atmosphere-tracking-id=0&X-Atmosphere-Framework=2.2.3-javascript&X-Atmosphere-Transport=long-polling&X-Atmosphere-TrackMessageSize=true&Content-Type=charset%3Dutf-8&X-atmo-protocol=true&_=1762742174248 HTTP/1.1" 200 -
183.178.37.129 - - [10/Nov/2025:10:32:54 +0800] "GET /InternetTrading/longpoll/56419?X-Atmosphere-tracking-id=0&X-Atmosphere-Framework=2.2.3-javascript&X-Atmosphere-Transport=long-polling&X-Atmosphere-TrackMessageSize=true&Content-Type=charset%3Dutf-8&X-atmo-protocol=true&_=1762742175404 HTTP/1.1" 200 -
65.181.90.29 - - [10/Nov/2025:10:32:54 +0800] "POST /InternetTrading/SessionErrorLogger HTTP/1.1" 200 117
65.181.90.29 - - [10/Nov/2025:10:32:54 +0800] "POST /InternetTrading/Heartbeat HTTP/1.1" 200 32
65.181.90.29 - - [10/Nov/2025:10:32:54 +0800] "POST /InternetTrading/SessionErrorLogger HTTP/1.1" 200 117
