14.0.170.122 - - [10/Nov/2025:10:00:04 +0800] "GET /InternetTrading/longpoll/A8127?X-Atmosphere-tracking-id=0&X-Atmosphere-Framework=2.2.3-javascript&X-Atmosphere-Transport=long-polling&X-Atmosphere-TrackMessageSize=true&Content-Type=charset%3Dutf-8&X-atmo-protocol=true&_=1762740205527 HTTP/1.1" 200 -
183.178.37.129 - - [10/Nov/2025:10:00:05 +0800] "GET /InternetTrading/longpoll/56419?X-Atmosphere-tracking-id=0&X-Atmosphere-Framework=2.2.3-javascript&X-Atmosphere-Transport=long-polling&X-Atmosphere-TrackMessageSize=true&Content-Type=charset%3Dutf-8&X-atmo-protocol=true&_=1762740206802 HTTP/1.1" 200 -
65.181.90.29 - - [10/Nov/2025:10:00:05 +0800] "GET /InternetTrading/longpoll/54338?X-Atmosphere-tracking-id=0&X-Atmosphere-Framework=2.2.3-javascript&X-Atmosphere-Transport=long-polling&X-Atmosphere-TrackMessageSize=true&Content-Type=charset%3Dutf-8&X-atmo-protocol=true&_=1762740209396 HTTP/1.1" 200 -
14.0.170.122 - - [10/Nov/2025:10:00:06 +0800] "POST /InternetTrading/SessionErrorLogger HTTP/1.1" 200 117
183.178.37.129 - - [10/Nov/2025:10:00:06 +0800] "POST /InternetTrading/SessionErrorLogger HTTP/1.1" 200 117
183.178.37.129 - - [10/Nov/2025:10:00:06 +0800] "POST /InternetTrading/Product HTTP/1.1" 200 303
14.0.170.122 - - [10/Nov/2025:10:00:06 +0800] "POST /InternetTrading/MarketStatus HTTP/1.1" 200 772
58.152.215.195 - - [10/Nov/2025:10:00:08 +0800] "GET /InternetTrading/longpoll/55136?X-Atmosphere-tracking-id=0&X-Atmosphere-Framework=2.2.3-javascript&X-Atmosphere-Transport=long-polling&X-Atmosphere-TrackMessageSize=true&Content-Type=charset%3Dutf-8&X-atmo-protocol=true&_=1762740209532 HTTP/1.1" 200 -
65.181.90.29 - - [10/Nov/2025:10:00:08 +0800] "POST /InternetTrading/SessionErrorLogger HTTP/1.1" 200 117
65.181.90.29 - - [10/Nov/2025:10:00:08 +0800] "POST /InternetTrading/Heartbeat HTTP/1.1" 200 32
65.181.90.29 - - [10/Nov/2025:10:00:09 +0800] "POST /InternetTrading/SessionErrorLogger HTTP/1.1" 200 117
65.181.90.29 - - [10/Nov/2025:10:00:09 +0800] "POST /InternetTrading/MarketStatus HTTP/1.1" 200 772
14.0.170.122 - - [10/Nov/2025:10:00:09 +0800] "GET /InternetTrading/longpoll/A8127?X-Atmosphere-tracking-id=0&X-Atmosphere-Framework=2.2.3-javascript&X-Atmosphere-Transport=long-polling&X-Atmosphere-TrackMessageSize=true&Content-Type=charset%3Dutf-8&X-atmo-protocol=true&_=1762740210703 HTTP/1.1" 200 -
183.178.37.129 - - [10/Nov/2025:10:00:10 +0800] "GET /InternetTrading/longpoll/56419?X-Atmosphere-tracking-id=0&X-Atmosphere-Framework=2.2.3-javascript&X-Atmosphere-Transport=long-polling&X-Atmosphere-TrackMessageSize=true&Content-Type=charset%3Dutf-8&X-atmo-protocol=true&_=1762740211839 HTTP/1.1" 200 -
65.181.90.29 - - [10/Nov/2025:10:00:10 +0800] "GET /InternetTrading/longpoll/54338?X-Atmosphere-tracking-id=0&X-Atmosphere-Framework=2.2.3-javascript&X-Atmosphere-Transport=long-polling&X-Atmosphere-TrackMessageSize=true&Content-Type=charset%3Dutf-8&X-atmo-protocol=true&_=1762740214414 HTTP/1.1" 200 -
183.178.37.129 - - [10/Nov/2025:10:00:10 +0800] "POST /InternetTrading/SessionErrorLogger HTTP/1.1" 200 117
183.178.37.129 - - [10/Nov/2025:10:00:10 +0800] "POST /InternetTrading/OrderMaxQuantity HTTP/1.1" 200 10
58.152.215.195 - - [10/Nov/2025:10:00:13 +0800] "GET /InternetTrading/longpoll/55136?X-Atmosphere-tracking-id=0&X-Atmosphere-Framework=2.2.3-javascript&X-Atmosphere-Transport=long-polling&X-Atmosphere-TrackMessageSize=true&Content-Type=charset%3Dutf-8&X-atmo-protocol=true&_=1762740214574 HTTP/1.1" 200 -
183.178.37.129 - - [10/Nov/2025:10:00:14 +0800] "GET /InternetTrading/jquery/images/ui-icons_888888_256x240.png HTTP/1.1" 200 6999
14.0.170.122 - - [10/Nov/2025:10:00:14 +0800] "GET /InternetTrading/longpoll/A8127?X-Atmosphere-tracking-id=0&X-Atmosphere-Framework=2.2.3-javascript&X-Atmosphere-Transport=long-polling&X-Atmosphere-TrackMessageSize=true&Content-Type=charset%3Dutf-8&X-atmo-protocol=true&_=1762740215795 HTTP/1.1" 200 -
183.178.37.129 - - [10/Nov/2025:10:00:15 +0800] "GET /InternetTrading/longpoll/56419?X-Atmosphere-tracking-id=0&X-Atmosphere-Framework=2.2.3-javascript&X-Atmosphere-Transport=long-polling&X-Atmosphere-TrackMessageSize=true&Content-Type=charset%3Dutf-8&X-atmo-protocol=true&_=1762740216858 HTTP/1.1" 200 -
65.181.90.29 - - [10/Nov/2025:10:00:15 +0800] "GET /InternetTrading/longpoll/54338?X-Atmosphere-tracking-id=0&X-Atmosphere-Framework=2.2.3-javascript&X-Atmosphere-Transport=long-polling&X-Atmosphere-TrackMessageSize=true&Content-Type=charset%3Dutf-8&X-atmo-protocol=true&_=1762740219430 HTTP/1.1" 200 -
183.178.37.129 - - [10/Nov/2025:10:00:15 +0800] "POST /InternetTrading/SessionErrorLogger HTTP/1.1" 200 117
183.178.37.129 - - [10/Nov/2025:10:00:15 +0800] "POST /InternetTrading/LoginKey HTTP/1.1" 200 -
183.178.37.129 - - [10/Nov/2025:10:00:15 +0800] "GET /InternetTrading/jquery/wait.gif HTTP/1.1" 200 432
183.178.37.129 - - [10/Nov/2025:10:00:15 +0800] "POST /InternetTrading/PreOrder HTTP/1.1" 200 1203
58.152.215.195 - - [10/Nov/2025:10:00:17 +0800] "POST /InternetTrading/SessionErrorLogger HTTP/1.1" 200 117
58.152.215.195 - - [10/Nov/2025:10:00:17 +0800] "POST /InternetTrading/Heartbeat HTTP/1.1" 200 32
58.152.215.195 - - [10/Nov/2025:10:00:17 +0800] "POST /InternetTrading/SessionErrorLogger HTTP/1.1" 200 117
58.152.215.195 - - [10/Nov/2025:10:00:17 +0800] "POST /InternetTrading/MarketStatus HTTP/1.1" 200 772
58.152.215.195 - - [10/Nov/2025:10:00:18 +0800] "GET /InternetTrading/longpoll/55136?X-Atmosphere-tracking-id=0&X-Atmosphere-Framework=2.2.3-javascript&X-Atmosphere-Transport=long-polling&X-Atmosphere-TrackMessageSize=true&Content-Type=charset%3Dutf-8&X-atmo-protocol=true&_=1762740219617 HTTP/1.1" 200 -
14.0.170.122 - - [10/Nov/2025:10:00:20 +0800] "GET /InternetTrading/longpoll/A8127?X-Atmosphere-tracking-id=0&X-Atmosphere-Framework=2.2.3-javascript&X-Atmosphere-Transport=long-polling&X-Atmosphere-TrackMessageSize=true&Content-Type=charset%3Dutf-8&X-atmo-protocol=true&_=1762740221066 HTTP/1.1" 200 -
183.178.37.129 - - [10/Nov/2025:10:00:20 +0800] "GET /InternetTrading/longpoll/56419?X-Atmosphere-tracking-id=0&X-Atmosphere-Framework=2.2.3-javascript&X-Atmosphere-Transport=long-polling&X-Atmosphere-TrackMessageSize=true&Content-Type=charset%3Dutf-8&X-atmo-protocol=true&_=1762740221927 HTTP/1.1" 200 -
65.181.90.29 - - [10/Nov/2025:10:00:20 +0800] "GET /InternetTrading/longpoll/54338?X-Atmosphere-tracking-id=0&X-Atmosphere-Framework=2.2.3-javascript&X-Atmosphere-Transport=long-polling&X-Atmosphere-TrackMessageSize=true&Content-Type=charset%3Dutf-8&X-atmo-protocol=true&_=1762740224463 HTTP/1.1" 200 -
183.178.37.129 - - [10/Nov/2025:10:00:21 +0800] "POST /InternetTrading/SessionErrorLogger HTTP/1.1" 200 117
183.178.37.129 - - [10/Nov/2025:10:00:21 +0800] "GET /InternetTrading/Csrf?url=/Order HTTP/1.1" 200 126
183.178.37.129 - - [10/Nov/2025:10:00:21 +0800] "POST /InternetTrading/SessionErrorLogger HTTP/1.1" 200 117
183.178.37.129 - - [10/Nov/2025:10:00:21 +0800] "POST /InternetTrading/LoginKey HTTP/1.1" 200 -
183.178.37.129 - - [10/Nov/2025:10:00:21 +0800] "POST /InternetTrading/SessionErrorLogger HTTP/1.1" 200 117
183.178.37.129 - - [10/Nov/2025:10:00:21 +0800] "POST /InternetTrading/Order?csrf_nonce=F67B7FFBC02F692A3FDE0D993EE7BE59 HTTP/1.1" 200 1019
183.178.37.129 - - [10/Nov/2025:10:00:21 +0800] "POST /InternetTrading/SessionErrorLogger HTTP/1.1" 200 117
183.178.37.129 - - [10/Nov/2025:10:00:21 +0800] "GET /InternetTrading/tc/buy_ticket.html? HTTP/1.1" 200 1995
183.178.37.129 - - [10/Nov/2025:10:00:21 +0800] "POST /InternetTrading/SessionErrorLogger HTTP/1.1" 200 117
183.178.37.129 - - [10/Nov/2025:10:00:21 +0800] "POST /InternetTrading/MarketStatus HTTP/1.1" 200 772
183.178.37.129 - - [10/Nov/2025:10:00:21 +0800] "POST /InternetTrading/SessionErrorLogger HTTP/1.1" 200 117
183.178.37.129 - - [10/Nov/2025:10:00:21 +0800] "POST /InternetTrading/MarketStatus HTTP/1.1" 200 772
183.178.37.129 - - [10/Nov/2025:10:00:23 +0800] "POST /InternetTrading/SessionErrorLogger HTTP/1.1" 200 117
183.178.37.129 - - [10/Nov/2025:10:00:23 +0800] "POST /InternetTrading/Heartbeat HTTP/1.1" 200 32
58.152.215.195 - - [10/Nov/2025:10:00:23 +0800] "GET /InternetTrading/longpoll/55136?X-Atmosphere-tracking-id=0&X-Atmosphere-Framework=2.2.3-javascript&X-Atmosphere-Transport=long-polling&X-Atmosphere-TrackMessageSize=true&Content-Type=charset%3Dutf-8&X-atmo-protocol=true&_=1762740224646 HTTP/1.1" 200 -
183.178.37.129 - - [10/Nov/2025:10:00:23 +0800] "GET /InternetTrading/jquery/wait.gif HTTP/1.1" 200 432
183.178.37.129 - - [10/Nov/2025:10:00:23 +0800] "POST /InternetTrading/SessionErrorLogger HTTP/1.1" 200 117
183.178.37.129 - - [10/Nov/2025:10:00:23 +0800] "POST /InternetTrading/Orderbook HTTP/1.1" 200 1170
14.0.170.122 - - [10/Nov/2025:10:00:25 +0800] "GET /InternetTrading/longpoll/A8127?X-Atmosphere-tracking-id=0&X-Atmosphere-Framework=2.2.3-javascript&X-Atmosphere-Transport=long-polling&X-Atmosphere-TrackMessageSize=true&Content-Type=charset%3Dutf-8&X-atmo-protocol=true&_=1762740226297 HTTP/1.1" 200 -
183.178.37.129 - - [10/Nov/2025:10:00:25 +0800] "GET /InternetTrading/longpoll/56419?X-Atmosphere-tracking-id=0&X-Atmosphere-Framework=2.2.3-javascript&X-Atmosphere-Transport=long-polling&X-Atmosphere-TrackMessageSize=true&Content-Type=charset%3Dutf-8&X-atmo-protocol=true&_=1762740226959 HTTP/1.1" 200 -
65.181.90.29 - - [10/Nov/2025:10:00:25 +0800] "GET /InternetTrading/longpoll/54338?X-Atmosphere-tracking-id=0&X-Atmosphere-Framework=2.2.3-javascript&X-Atmosphere-Transport=long-polling&X-Atmosphere-TrackMessageSize=true&Content-Type=charset%3Dutf-8&X-atmo-protocol=true&_=1762740229497 HTTP/1.1" 200 -
14.0.170.122 - - [10/Nov/2025:10:00:26 +0800] "POST /InternetTrading/SessionErrorLogger HTTP/1.1" 200 117
14.0.170.122 - - [10/Nov/2025:10:00:26 +0800] "POST /InternetTrading/Heartbeat HTTP/1.1" 200 32
58.152.215.195 - - [10/Nov/2025:10:00:28 +0800] "GET /InternetTrading/longpoll/55136?X-Atmosphere-tracking-id=0&X-Atmosphere-Framework=2.2.3-javascript&X-Atmosphere-Transport=long-polling&X-Atmosphere-TrackMessageSize=true&Content-Type=charset%3Dutf-8&X-atmo-protocol=true&_=1762740229674 HTTP/1.1" 200 -
183.178.37.129 - - [10/Nov/2025:10:00:28 +0800] "GET /InternetTrading/jquery/wait.gif HTTP/1.1" 200 432
183.178.37.129 - - [10/Nov/2025:10:00:28 +0800] "POST /InternetTrading/SessionErrorLogger HTTP/1.1" 200 117
183.178.37.129 - - [10/Nov/2025:10:00:28 +0800] "POST /InternetTrading/Portfolio HTTP/1.1" 200 1625
14.0.170.122 - - [10/Nov/2025:10:00:30 +0800] "GET /InternetTrading/longpoll/A8127?X-Atmosphere-tracking-id=0&X-Atmosphere-Framework=2.2.3-javascript&X-Atmosphere-Transport=long-polling&X-Atmosphere-TrackMessageSize=true&Content-Type=charset%3Dutf-8&X-atmo-protocol=true&_=1762740231465 HTTP/1.1" 200 -
183.178.37.129 - - [10/Nov/2025:10:00:30 +0800] "GET /InternetTrading/longpoll/56419?X-Atmosphere-tracking-id=0&X-Atmosphere-Framework=2.2.3-javascript&X-Atmosphere-Transport=long-polling&X-Atmosphere-TrackMessageSize=true&Content-Type=charset%3Dutf-8&X-atmo-protocol=true&_=1762740231973 HTTP/1.1" 200 -
65.181.90.29 - - [10/Nov/2025:10:00:30 +0800] "GET /InternetTrading/longpoll/54338?X-Atmosphere-tracking-id=0&X-Atmosphere-Framework=2.2.3-javascript&X-Atmosphere-Transport=long-polling&X-Atmosphere-TrackMessageSize=true&Content-Type=charset%3Dutf-8&X-atmo-protocol=true&_=1762740234515 HTTP/1.1" 200 -
58.152.215.195 - - [10/Nov/2025:10:00:33 +0800] "GET /InternetTrading/longpoll/55136?X-Atmosphere-tracking-id=0&X-Atmosphere-Framework=2.2.3-javascript&X-Atmosphere-Transport=long-polling&X-Atmosphere-TrackMessageSize=true&Content-Type=charset%3Dutf-8&X-atmo-protocol=true&_=1762740234718 HTTP/1.1" 200 -
183.178.37.129 - - [10/Nov/2025:10:00:35 +0800] "GET /InternetTrading/longpoll/56419?X-Atmosphere-tracking-id=0&X-Atmosphere-Framework=2.2.3-javascript&X-Atmosphere-Transport=long-polling&X-Atmosphere-TrackMessageSize=true&Content-Type=charset%3Dutf-8&X-atmo-protocol=true&_=1762740236988 HTTP/1.1" 200 -
65.181.90.29 - - [10/Nov/2025:10:00:35 +0800] "GET /InternetTrading/longpoll/54338?X-Atmosphere-tracking-id=0&X-Atmosphere-Framework=2.2.3-javascript&X-Atmosphere-Transport=long-polling&X-Atmosphere-TrackMessageSize=true&Content-Type=charset%3Dutf-8&X-atmo-protocol=true&_=1762740239549 HTTP/1.1" 200 -
14.0.170.122 - - [10/Nov/2025:10:00:35 +0800] "GET /InternetTrading/longpoll/A8127?X-Atmosphere-tracking-id=0&X-Atmosphere-Framework=2.2.3-javascript&X-Atmosphere-Transport=long-polling&X-Atmosphere-TrackMessageSize=true&Content-Type=charset%3Dutf-8&X-atmo-protocol=true&_=1762740236840 HTTP/1.1" 200 -
14.0.170.122 - - [10/Nov/2025:10:00:36 +0800] "POST /InternetTrading/SessionErrorLogger HTTP/1.1" 200 117
14.0.170.122 - - [10/Nov/2025:10:00:36 +0800] "POST /InternetTrading/MarketStatus HTTP/1.1" 200 772
58.152.215.195 - - [10/Nov/2025:10:00:38 +0800] "GET /InternetTrading/longpoll/55136?X-Atmosphere-tracking-id=0&X-Atmosphere-Framework=2.2.3-javascript&X-Atmosphere-Transport=long-polling&X-Atmosphere-TrackMessageSize=true&Content-Type=charset%3Dutf-8&X-atmo-protocol=true&_=1762740239740 HTTP/1.1" 200 -
65.181.90.29 - - [10/Nov/2025:10:00:38 +0800] "POST /InternetTrading/SessionErrorLogger HTTP/1.1" 200 117
65.181.90.29 - - [10/Nov/2025:10:00:38 +0800] "POST /InternetTrading/Heartbeat HTTP/1.1" 200 32
65.181.90.29 - - [10/Nov/2025:10:00:39 +0800] "POST /InternetTrading/SessionErrorLogger HTTP/1.1" 200 117
65.181.90.29 - - [10/Nov/2025:10:00:39 +0800] "POST /InternetTrading/MarketStatus HTTP/1.1" 200 772
183.178.37.129 - - [10/Nov/2025:10:00:40 +0800] "GET /InternetTrading/longpoll/56419?X-Atmosphere-tracking-id=0&X-Atmosphere-Framework=2.2.3-javascript&X-Atmosphere-Transport=long-polling&X-Atmosphere-TrackMessageSize=true&Content-Type=charset%3Dutf-8&X-atmo-protocol=true&_=1762740242012 HTTP/1.1" 200 -
65.181.90.29 - - [10/Nov/2025:10:00:40 +0800] "GET /InternetTrading/longpoll/54338?X-Atmosphere-tracking-id=0&X-Atmosphere-Framework=2.2.3-javascript&X-Atmosphere-Transport=long-polling&X-Atmosphere-TrackMessageSize=true&Content-Type=charset%3Dutf-8&X-atmo-protocol=true&_=1762740244597 HTTP/1.1" 200 -
14.0.170.122 - - [10/Nov/2025:10:00:40 +0800] "GET /InternetTrading/longpoll/A8127?X-Atmosphere-tracking-id=0&X-Atmosphere-Framework=2.2.3-javascript&X-Atmosphere-Transport=long-polling&X-Atmosphere-TrackMessageSize=true&Content-Type=charset%3Dutf-8&X-atmo-protocol=true&_=1762740242057 HTTP/1.1" 200 -
58.152.215.195 - - [10/Nov/2025:10:00:43 +0800] "GET /InternetTrading/longpoll/55136?X-Atmosphere-tracking-id=0&X-Atmosphere-Framework=2.2.3-javascript&X-Atmosphere-Transport=long-polling&X-Atmosphere-TrackMessageSize=true&Content-Type=charset%3Dutf-8&X-atmo-protocol=true&_=1762740244778 HTTP/1.1" 200 -
183.178.37.129 - - [10/Nov/2025:10:00:45 +0800] "GET /InternetTrading/longpoll/56419?X-Atmosphere-tracking-id=0&X-Atmosphere-Framework=2.2.3-javascript&X-Atmosphere-Transport=long-polling&X-Atmosphere-TrackMessageSize=true&Content-Type=charset%3Dutf-8&X-atmo-protocol=true&_=1762740247060 HTTP/1.1" 200 -
65.181.90.29 - - [10/Nov/2025:10:00:45 +0800] "GET /InternetTrading/longpoll/54338?X-Atmosphere-tracking-id=0&X-Atmosphere-Framework=2.2.3-javascript&X-Atmosphere-Transport=long-polling&X-Atmosphere-TrackMessageSize=true&Content-Type=charset%3Dutf-8&X-atmo-protocol=true&_=1762740249614 HTTP/1.1" 200 -
14.0.170.122 - - [10/Nov/2025:10:00:46 +0800] "GET /InternetTrading/longpoll/A8127?X-Atmosphere-tracking-id=0&X-Atmosphere-Framework=2.2.3-javascript&X-Atmosphere-Transport=long-polling&X-Atmosphere-TrackMessageSize=true&Content-Type=charset%3Dutf-8&X-atmo-protocol=true&_=1762740247107 HTTP/1.1" 200 -
14.0.170.122 - - [10/Nov/2025:10:00:47 +0800] "POST /InternetTrading/SessionErrorLogger HTTP/1.1" 200 117
14.0.170.122 - - [10/Nov/2025:10:00:47 +0800] "GET /InternetTrading/tc/buy_ticket.html? HTTP/1.1" 200 1995
14.0.170.122 - - [10/Nov/2025:10:00:47 +0800] "POST /InternetTrading/SessionErrorLogger HTTP/1.1" 200 117
14.0.170.122 - - [10/Nov/2025:10:00:47 +0800] "POST /InternetTrading/SessionErrorLogger HTTP/1.1" 200 117
14.0.170.122 - - [10/Nov/2025:10:00:47 +0800] "POST /InternetTrading/Product HTTP/1.1" 200 298
58.152.215.195 - - [10/Nov/2025:10:00:47 +0800] "POST /InternetTrading/SessionErrorLogger HTTP/1.1" 200 117
58.152.215.195 - - [10/Nov/2025:10:00:47 +0800] "POST /InternetTrading/Heartbeat HTTP/1.1" 200 32
14.0.170.122 - - [10/Nov/2025:10:00:47 +0800] "POST /InternetTrading/SessionErrorLogger HTTP/1.1" 200 117
14.0.170.122 - - [10/Nov/2025:10:00:47 +0800] "POST /InternetTrading/MarketStatus HTTP/1.1" 200 772
14.0.170.122 - - [10/Nov/2025:10:00:47 +0800] "POST /InternetTrading/SessionErrorLogger HTTP/1.1" 200 117
14.0.170.122 - - [10/Nov/2025:10:00:47 +0800] "POST /InternetTrading/MarketStatus HTTP/1.1" 200 772
58.152.215.195 - - [10/Nov/2025:10:00:47 +0800] "POST /InternetTrading/SessionErrorLogger HTTP/1.1" 200 117
58.152.215.195 - - [10/Nov/2025:10:00:47 +0800] "POST /InternetTrading/MarketStatus HTTP/1.1" 200 772
14.0.170.122 - - [10/Nov/2025:10:00:47 +0800] "POST /InternetTrading/SessionErrorLogger HTTP/1.1" 200 117
14.0.170.122 - - [10/Nov/2025:10:00:47 +0800] "POST /InternetTrading/Product HTTP/1.1" 200 298
14.0.170.122 - - [10/Nov/2025:10:00:47 +0800] "POST /InternetTrading/SessionErrorLogger HTTP/1.1" 200 117
14.0.170.122 - - [10/Nov/2025:10:00:47 +0800] "POST /InternetTrading/OrderMaxQuantity HTTP/1.1" 200 9
14.0.170.122 - - [10/Nov/2025:10:00:48 +0800] "POST /InternetTrading/SessionErrorLogger HTTP/1.1" 200 117
14.0.170.122 - - [10/Nov/2025:10:00:48 +0800] "POST /InternetTrading/Product HTTP/1.1" 200 298
14.0.170.122 - - [10/Nov/2025:10:00:48 +0800] "POST /InternetTrading/SessionErrorLogger HTTP/1.1" 200 117
14.0.170.122 - - [10/Nov/2025:10:00:48 +0800] "POST /InternetTrading/OrderMaxQuantity HTTP/1.1" 200 9
14.0.170.122 - - [10/Nov/2025:10:00:48 +0800] "GET /InternetTrading/tc/buy_ticket.html? HTTP/1.1" 200 1995
14.0.170.122 - - [10/Nov/2025:10:00:48 +0800] "POST /InternetTrading/SessionErrorLogger HTTP/1.1" 200 117
14.0.170.122 - - [10/Nov/2025:10:00:48 +0800] "POST /InternetTrading/SessionErrorLogger HTTP/1.1" 200 117
14.0.170.122 - - [10/Nov/2025:10:00:48 +0800] "POST /InternetTrading/Product HTTP/1.1" 200 298
14.0.170.122 - - [10/Nov/2025:10:00:48 +0800] "POST /InternetTrading/SessionErrorLogger HTTP/1.1" 200 117
14.0.170.122 - - [10/Nov/2025:10:00:48 +0800] "POST /InternetTrading/MarketStatus HTTP/1.1" 200 772
14.0.170.122 - - [10/Nov/2025:10:00:48 +0800] "POST /InternetTrading/MarketStatus HTTP/1.1" 200 772
14.0.170.122 - - [10/Nov/2025:10:00:48 +0800] "POST /InternetTrading/SessionErrorLogger HTTP/1.1" 200 117
58.152.215.195 - - [10/Nov/2025:10:00:48 +0800] "GET /InternetTrading/longpoll/55136?X-Atmosphere-tracking-id=0&X-Atmosphere-Framework=2.2.3-javascript&X-Atmosphere-Transport=long-polling&X-Atmosphere-TrackMessageSize=true&Content-Type=charset%3Dutf-8&X-atmo-protocol=true&_=1762740249822 HTTP/1.1" 200 -
14.0.170.122 - - [10/Nov/2025:10:00:48 +0800] "POST /InternetTrading/SessionErrorLogger HTTP/1.1" 200 117
14.0.170.122 - - [10/Nov/2025:10:00:48 +0800] "POST /InternetTrading/Product HTTP/1.1" 200 298
14.0.170.122 - - [10/Nov/2025:10:00:48 +0800] "POST /InternetTrading/OrderMaxQuantity HTTP/1.1" 200 9
14.0.170.122 - - [10/Nov/2025:10:00:49 +0800] "POST /InternetTrading/SessionErrorLogger HTTP/1.1" 200 117
14.0.170.122 - - [10/Nov/2025:10:00:49 +0800] "POST /InternetTrading/SessionErrorLogger HTTP/1.1" 200 117
14.0.170.122 - - [10/Nov/2025:10:00:49 +0800] "POST /InternetTrading/Product HTTP/1.1" 200 298
14.0.170.122 - - [10/Nov/2025:10:00:49 +0800] "POST /InternetTrading/SessionErrorLogger HTTP/1.1" 200 117
14.0.170.122 - - [10/Nov/2025:10:00:49 +0800] "POST /InternetTrading/OrderMaxQuantity HTTP/1.1" 200 9
14.0.170.122 - - [10/Nov/2025:10:00:50 +0800] "POST /InternetTrading/LoginKey HTTP/1.1" 200 -
14.0.170.122 - - [10/Nov/2025:10:00:50 +0800] "GET /InternetTrading/jquery/wait.gif HTTP/1.1" 200 432
14.0.170.122 - - [10/Nov/2025:10:00:50 +0800] "POST /InternetTrading/PreOrder HTTP/1.1" 200 1198
183.178.37.129 - - [10/Nov/2025:10:00:50 +0800] "GET /InternetTrading/longpoll/56419?X-Atmosphere-tracking-id=0&X-Atmosphere-Framework=2.2.3-javascript&X-Atmosphere-Transport=long-polling&X-Atmosphere-TrackMessageSize=true&Content-Type=charset%3Dutf-8&X-atmo-protocol=true&_=1762740252133 HTTP/1.1" 200 -
65.181.90.29 - - [10/Nov/2025:10:00:50 +0800] "GET /InternetTrading/longpoll/54338?X-Atmosphere-tracking-id=0&X-Atmosphere-Framework=2.2.3-javascript&X-Atmosphere-Transport=long-polling&X-Atmosphere-TrackMessageSize=true&Content-Type=charset%3Dutf-8&X-atmo-protocol=true&_=1762740254631 HTTP/1.1" 200 -
14.0.170.122 - - [10/Nov/2025:10:00:51 +0800] "GET /InternetTrading/longpoll/A8127?X-Atmosphere-tracking-id=0&X-Atmosphere-Framework=2.2.3-javascript&X-Atmosphere-Transport=long-polling&X-Atmosphere-TrackMessageSize=true&Content-Type=charset%3Dutf-8&X-atmo-protocol=true&_=1762740252240 HTTP/1.1" 200 -
14.0.170.122 - - [10/Nov/2025:10:00:51 +0800] "POST /InternetTrading/SessionErrorLogger HTTP/1.1" 200 117
14.0.170.122 - - [10/Nov/2025:10:00:51 +0800] "GET /InternetTrading/Csrf?url=/Order HTTP/1.1" 200 126
14.0.170.122 - - [10/Nov/2025:10:00:51 +0800] "POST /InternetTrading/SessionErrorLogger HTTP/1.1" 200 117
14.0.170.122 - - [10/Nov/2025:10:00:51 +0800] "POST /InternetTrading/LoginKey HTTP/1.1" 200 -
14.0.170.122 - - [10/Nov/2025:10:00:51 +0800] "POST /InternetTrading/SessionErrorLogger HTTP/1.1" 200 117
14.0.170.122 - - [10/Nov/2025:10:00:51 +0800] "POST /InternetTrading/Order?csrf_nonce=351EF0B9B6B826C8EA0AAF4048D201A9 HTTP/1.1" 200 1018
14.0.170.122 - - [10/Nov/2025:10:00:51 +0800] "POST /InternetTrading/SessionErrorLogger HTTP/1.1" 200 117
183.178.37.129 - - [10/Nov/2025:10:00:51 +0800] "POST /InternetTrading/SessionErrorLogger HTTP/1.1" 200 117
183.178.37.129 - - [10/Nov/2025:10:00:51 +0800] "POST /InternetTrading/MarketStatus HTTP/1.1" 200 772
14.0.170.122 - - [10/Nov/2025:10:00:51 +0800] "GET /InternetTrading/tc/buy_ticket.html? HTTP/1.1" 200 1995
14.0.170.122 - - [10/Nov/2025:10:00:52 +0800] "POST /InternetTrading/SessionErrorLogger HTTP/1.1" 200 117
14.0.170.122 - - [10/Nov/2025:10:00:52 +0800] "POST /InternetTrading/SessionErrorLogger HTTP/1.1" 200 117
14.0.170.122 - - [10/Nov/2025:10:00:52 +0800] "POST /InternetTrading/MarketStatus HTTP/1.1" 200 772
14.0.170.122 - - [10/Nov/2025:10:00:52 +0800] "POST /InternetTrading/MarketStatus HTTP/1.1" 200 772
183.178.37.129 - - [10/Nov/2025:10:00:53 +0800] "POST /InternetTrading/SessionErrorLogger HTTP/1.1" 200 117
183.178.37.129 - - [10/Nov/2025:10:00:53 +0800] "POST /InternetTrading/Heartbeat HTTP/1.1" 200 32
58.152.215.195 - - [10/Nov/2025:10:00:53 +0800] "GET /InternetTrading/longpoll/55136?X-Atmosphere-tracking-id=0&X-Atmosphere-Framework=2.2.3-javascript&X-Atmosphere-Transport=long-polling&X-Atmosphere-TrackMessageSize=true&Content-Type=charset%3Dutf-8&X-atmo-protocol=true&_=1762740254853 HTTP/1.1" 200 -
14.0.170.122 - - [10/Nov/2025:10:00:53 +0800] "GET /InternetTrading/jquery/wait.gif HTTP/1.1" 200 432
14.0.170.122 - - [10/Nov/2025:10:00:53 +0800] "POST /InternetTrading/SessionErrorLogger HTTP/1.1" 200 117
14.0.170.122 - - [10/Nov/2025:10:00:54 +0800] "POST /InternetTrading/Orderbook HTTP/1.1" 200 1665
183.178.37.129 - - [10/Nov/2025:10:00:55 +0800] "GET /InternetTrading/longpoll/56419?X-Atmosphere-tracking-id=0&X-Atmosphere-Framework=2.2.3-javascript&X-Atmosphere-Transport=long-polling&X-Atmosphere-TrackMessageSize=true&Content-Type=charset%3Dutf-8&X-atmo-protocol=true&_=1762740257211 HTTP/1.1" 200 -
65.181.90.29 - - [10/Nov/2025:10:00:55 +0800] "GET /InternetTrading/longpoll/54338?X-Atmosphere-tracking-id=0&X-Atmosphere-Framework=2.2.3-javascript&X-Atmosphere-Transport=long-polling&X-Atmosphere-TrackMessageSize=true&Content-Type=charset%3Dutf-8&X-atmo-protocol=true&_=1762740259660 HTTP/1.1" 200 -
14.0.170.122 - - [10/Nov/2025:10:00:56 +0800] "GET /InternetTrading/longpoll/A8127?X-Atmosphere-tracking-id=0&X-Atmosphere-Framework=2.2.3-javascript&X-Atmosphere-Transport=long-polling&X-Atmosphere-TrackMessageSize=true&Content-Type=charset%3Dutf-8&X-atmo-protocol=true&_=1762740257325 HTTP/1.1" 200 -
14.0.170.122 - - [10/Nov/2025:10:00:56 +0800] "POST /InternetTrading/SessionErrorLogger HTTP/1.1" 200 117
14.0.170.122 - - [10/Nov/2025:10:00:56 +0800] "POST /InternetTrading/Heartbeat HTTP/1.1" 200 32
58.152.215.195 - - [10/Nov/2025:10:00:58 +0800] "GET /InternetTrading/longpoll/55136?X-Atmosphere-tracking-id=0&X-Atmosphere-Framework=2.2.3-javascript&X-Atmosphere-Transport=long-polling&X-Atmosphere-TrackMessageSize=true&Content-Type=charset%3Dutf-8&X-atmo-protocol=true&_=1762740259902 HTTP/1.1" 200 -
183.178.37.129 - - [10/Nov/2025:10:01:00 +0800] "GET /InternetTrading/longpoll/56419?X-Atmosphere-tracking-id=0&X-Atmosphere-Framework=2.2.3-javascript&X-Atmosphere-Transport=long-polling&X-Atmosphere-TrackMessageSize=true&Content-Type=charset%3Dutf-8&X-atmo-protocol=true&_=1762740262234 HTTP/1.1" 200 -
65.181.90.29 - - [10/Nov/2025:10:01:00 +0800] "GET /InternetTrading/longpoll/54338?X-Atmosphere-tracking-id=0&X-Atmosphere-Framework=2.2.3-javascript&X-Atmosphere-Transport=long-polling&X-Atmosphere-TrackMessageSize=true&Content-Type=charset%3Dutf-8&X-atmo-protocol=true&_=1762740264690 HTTP/1.1" 200 -
14.0.170.122 - - [10/Nov/2025:10:01:01 +0800] "GET /InternetTrading/longpoll/A8127?X-Atmosphere-tracking-id=0&X-Atmosphere-Framework=2.2.3-javascript&X-Atmosphere-Transport=long-polling&X-Atmosphere-TrackMessageSize=true&Content-Type=charset%3Dutf-8&X-atmo-protocol=true&_=1762740262375 HTTP/1.1" 200 -
58.152.215.195 - - [10/Nov/2025:10:01:03 +0800] "GET /InternetTrading/longpoll/55136?X-Atmosphere-tracking-id=0&X-Atmosphere-Framework=2.2.3-javascript&X-Atmosphere-Transport=long-polling&X-Atmosphere-TrackMessageSize=true&Content-Type=charset%3Dutf-8&X-atmo-protocol=true&_=1762740264935 HTTP/1.1" 200 -
183.178.37.129 - - [10/Nov/2025:10:01:05 +0800] "GET /InternetTrading/longpoll/56419?X-Atmosphere-tracking-id=0&X-Atmosphere-Framework=2.2.3-javascript&X-Atmosphere-Transport=long-polling&X-Atmosphere-TrackMessageSize=true&Content-Type=charset%3Dutf-8&X-atmo-protocol=true&_=1762740267274 HTTP/1.1" 200 -
65.181.90.29 - - [10/Nov/2025:10:01:05 +0800] "GET /InternetTrading/longpoll/54338?X-Atmosphere-tracking-id=0&X-Atmosphere-Framework=2.2.3-javascript&X-Atmosphere-Transport=long-polling&X-Atmosphere-TrackMessageSize=true&Content-Type=charset%3Dutf-8&X-atmo-protocol=true&_=1762740269732 HTTP/1.1" 200 -
14.0.170.122 - - [10/Nov/2025:10:01:06 +0800] "GET /InternetTrading/longpoll/A8127?X-Atmosphere-tracking-id=0&X-Atmosphere-Framework=2.2.3-javascript&X-Atmosphere-Transport=long-polling&X-Atmosphere-TrackMessageSize=true&Content-Type=charset%3Dutf-8&X-atmo-protocol=true&_=1762740267434 HTTP/1.1" 200 -
58.152.215.195 - - [10/Nov/2025:10:01:08 +0800] "GET /InternetTrading/longpoll/55136?X-Atmosphere-tracking-id=0&X-Atmosphere-Framework=2.2.3-javascript&X-Atmosphere-Transport=long-polling&X-Atmosphere-TrackMessageSize=true&Content-Type=charset%3Dutf-8&X-atmo-protocol=true&_=1762740269975 HTTP/1.1" 200 -
65.181.90.29 - - [10/Nov/2025:10:01:08 +0800] "POST /InternetTrading/SessionErrorLogger HTTP/1.1" 200 117
65.181.90.29 - - [10/Nov/2025:10:01:08 +0800] "POST /InternetTrading/Heartbeat HTTP/1.1" 200 32
65.181.90.29 - - [10/Nov/2025:10:01:09 +0800] "POST /InternetTrading/SessionErrorLogger HTTP/1.1" 200 117
65.181.90.29 - - [10/Nov/2025:10:01:09 +0800] "POST /InternetTrading/MarketStatus HTTP/1.1" 200 772
183.178.37.129 - - [10/Nov/2025:10:01:10 +0800] "GET /InternetTrading/longpoll/56419?X-Atmosphere-tracking-id=0&X-Atmosphere-Framework=2.2.3-javascript&X-Atmosphere-Transport=long-polling&X-Atmosphere-TrackMessageSize=true&Content-Type=charset%3Dutf-8&X-atmo-protocol=true&_=1762740272300 HTTP/1.1" 200 -
65.181.90.29 - - [10/Nov/2025:10:01:10 +0800] "GET /InternetTrading/longpoll/54338?X-Atmosphere-tracking-id=0&X-Atmosphere-Framework=2.2.3-javascript&X-Atmosphere-Transport=long-polling&X-Atmosphere-TrackMessageSize=true&Content-Type=charset%3Dutf-8&X-atmo-protocol=true&_=1762740274762 HTTP/1.1" 200 -
14.0.170.122 - - [10/Nov/2025:10:01:11 +0800] "GET /InternetTrading/longpoll/A8127?X-Atmosphere-tracking-id=0&X-Atmosphere-Framework=2.2.3-javascript&X-Atmosphere-Transport=long-polling&X-Atmosphere-TrackMessageSize=true&Content-Type=charset%3Dutf-8&X-atmo-protocol=true&_=1762740272621 HTTP/1.1" 200 -
58.152.215.195 - - [10/Nov/2025:10:01:13 +0800] "GET /InternetTrading/longpoll/55136?X-Atmosphere-tracking-id=0&X-Atmosphere-Framework=2.2.3-javascript&X-Atmosphere-Transport=long-polling&X-Atmosphere-TrackMessageSize=true&Content-Type=charset%3Dutf-8&X-atmo-protocol=true&_=1762740275007 HTTP/1.1" 200 -
65.181.90.29 - - [10/Nov/2025:10:01:15 +0800] "GET /InternetTrading/longpoll/54338?X-Atmosphere-tracking-id=0&X-Atmosphere-Framework=2.2.3-javascript&X-Atmosphere-Transport=long-polling&X-Atmosphere-TrackMessageSize=true&Content-Type=charset%3Dutf-8&X-atmo-protocol=true&_=1762740279783 HTTP/1.1" 200 -
183.178.37.129 - - [10/Nov/2025:10:01:16 +0800] "GET /InternetTrading/longpoll/56419?X-Atmosphere-tracking-id=0&X-Atmosphere-Framework=2.2.3-javascript&X-Atmosphere-Transport=long-polling&X-Atmosphere-TrackMessageSize=true&Content-Type=charset%3Dutf-8&X-atmo-protocol=true&_=1762740277355 HTTP/1.1" 200 -
14.0.170.122 - - [10/Nov/2025:10:01:16 +0800] "GET /InternetTrading/longpoll/A8127?X-Atmosphere-tracking-id=0&X-Atmosphere-Framework=2.2.3-javascript&X-Atmosphere-Transport=long-polling&X-Atmosphere-TrackMessageSize=true&Content-Type=charset%3Dutf-8&X-atmo-protocol=true&_=1762740277973 HTTP/1.1" 200 -
58.152.215.195 - - [10/Nov/2025:10:01:17 +0800] "POST /InternetTrading/SessionErrorLogger HTTP/1.1" 200 117
58.152.215.195 - - [10/Nov/2025:10:01:17 +0800] "POST /InternetTrading/Heartbeat HTTP/1.1" 200 32
58.152.215.195 - - [10/Nov/2025:10:01:17 +0800] "POST /InternetTrading/SessionErrorLogger HTTP/1.1" 200 117
58.152.215.195 - - [10/Nov/2025:10:01:17 +0800] "POST /InternetTrading/MarketStatus HTTP/1.1" 200 772
58.152.215.195 - - [10/Nov/2025:10:01:18 +0800] "GET /InternetTrading/longpoll/55136?X-Atmosphere-tracking-id=0&X-Atmosphere-Framework=2.2.3-javascript&X-Atmosphere-Transport=long-polling&X-Atmosphere-TrackMessageSize=true&Content-Type=charset%3Dutf-8&X-atmo-protocol=true&_=1762740280108 HTTP/1.1" 200 -
65.181.90.29 - - [10/Nov/2025:10:01:21 +0800] "GET /InternetTrading/longpoll/54338?X-Atmosphere-tracking-id=0&X-Atmosphere-Framework=2.2.3-javascript&X-Atmosphere-Transport=long-polling&X-Atmosphere-TrackMessageSize=true&Content-Type=charset%3Dutf-8&X-atmo-protocol=true&_=1762740284801 HTTP/1.1" 200 -
183.178.37.129 - - [10/Nov/2025:10:01:21 +0800] "GET /InternetTrading/longpoll/56419?X-Atmosphere-tracking-id=0&X-Atmosphere-Framework=2.2.3-javascript&X-Atmosphere-Transport=long-polling&X-Atmosphere-TrackMessageSize=true&Content-Type=charset%3Dutf-8&X-atmo-protocol=true&_=1762740282441 HTTP/1.1" 200 -
183.178.37.129 - - [10/Nov/2025:10:01:21 +0800] "POST /InternetTrading/SessionErrorLogger HTTP/1.1" 200 117
183.178.37.129 - - [10/Nov/2025:10:01:21 +0800] "POST /InternetTrading/MarketStatus HTTP/1.1" 200 772
14.0.170.122 - - [10/Nov/2025:10:01:22 +0800] "GET /InternetTrading/longpoll/A8127?X-Atmosphere-tracking-id=0&X-Atmosphere-Framework=2.2.3-javascript&X-Atmosphere-Transport=long-polling&X-Atmosphere-TrackMessageSize=true&Content-Type=charset%3Dutf-8&X-atmo-protocol=true&_=1762740283136 HTTP/1.1" 200 -
14.0.170.122 - - [10/Nov/2025:10:01:22 +0800] "POST /InternetTrading/SessionErrorLogger HTTP/1.1" 200 117
14.0.170.122 - - [10/Nov/2025:10:01:22 +0800] "POST /InternetTrading/MarketStatus HTTP/1.1" 200 772
183.178.37.129 - - [10/Nov/2025:10:01:23 +0800] "POST /InternetTrading/SessionErrorLogger HTTP/1.1" 200 117
183.178.37.129 - - [10/Nov/2025:10:01:23 +0800] "POST /InternetTrading/Heartbeat HTTP/1.1" 200 32
58.152.215.195 - - [10/Nov/2025:10:01:23 +0800] "GET /InternetTrading/longpoll/55136?X-Atmosphere-tracking-id=0&X-Atmosphere-Framework=2.2.3-javascript&X-Atmosphere-Transport=long-polling&X-Atmosphere-TrackMessageSize=true&Content-Type=charset%3Dutf-8&X-atmo-protocol=true&_=1762740285124 HTTP/1.1" 200 -
65.181.90.29 - - [10/Nov/2025:10:01:26 +0800] "GET /InternetTrading/longpoll/54338?X-Atmosphere-tracking-id=0&X-Atmosphere-Framework=2.2.3-javascript&X-Atmosphere-Transport=long-polling&X-Atmosphere-TrackMessageSize=true&Content-Type=charset%3Dutf-8&X-atmo-protocol=true&_=1762740289833 HTTP/1.1" 200 -
183.178.37.129 - - [10/Nov/2025:10:01:26 +0800] "GET /InternetTrading/longpoll/56419?X-Atmosphere-tracking-id=0&X-Atmosphere-Framework=2.2.3-javascript&X-Atmosphere-Transport=long-polling&X-Atmosphere-TrackMessageSize=true&Content-Type=charset%3Dutf-8&X-atmo-protocol=true&_=1762740287488 HTTP/1.1" 200 -
14.0.170.122 - - [10/Nov/2025:10:01:26 +0800] "POST /InternetTrading/SessionErrorLogger HTTP/1.1" 200 117
14.0.170.122 - - [10/Nov/2025:10:01:26 +0800] "POST /InternetTrading/Heartbeat HTTP/1.1" 200 32
14.0.170.122 - - [10/Nov/2025:10:01:27 +0800] "GET /InternetTrading/longpoll/A8127?X-Atmosphere-tracking-id=0&X-Atmosphere-Framework=2.2.3-javascript&X-Atmosphere-Transport=long-polling&X-Atmosphere-TrackMessageSize=true&Content-Type=charset%3Dutf-8&X-atmo-protocol=true&_=1762740288449 HTTP/1.1" 200 -
14.0.170.122 - - [10/Nov/2025:10:01:28 +0800] "POST /InternetTrading/SessionErrorLogger HTTP/1.1" 200 117
14.0.170.122 - - [10/Nov/2025:10:01:28 +0800] "GET /InternetTrading/jquery/wait.gif HTTP/1.1" 200 432
14.0.170.122 - - [10/Nov/2025:10:01:28 +0800] "POST /InternetTrading/Portfolio HTTP/1.1" 200 1976
58.152.215.195 - - [10/Nov/2025:10:01:28 +0800] "GET /InternetTrading/longpoll/55136?X-Atmosphere-tracking-id=0&X-Atmosphere-Framework=2.2.3-javascript&X-Atmosphere-Transport=long-polling&X-Atmosphere-TrackMessageSize=true&Content-Type=charset%3Dutf-8&X-atmo-protocol=true&_=1762740290167 HTTP/1.1" 200 -
65.181.90.29 - - [10/Nov/2025:10:01:31 +0800] "GET /InternetTrading/longpoll/54338?X-Atmosphere-tracking-id=0&X-Atmosphere-Framework=2.2.3-javascript&X-Atmosphere-Transport=long-polling&X-Atmosphere-TrackMessageSize=true&Content-Type=charset%3Dutf-8&X-atmo-protocol=true&_=1762740294862 HTTP/1.1" 200 -
183.178.37.129 - - [10/Nov/2025:10:01:31 +0800] "GET /InternetTrading/longpoll/56419?X-Atmosphere-tracking-id=0&X-Atmosphere-Framework=2.2.3-javascript&X-Atmosphere-Transport=long-polling&X-Atmosphere-TrackMessageSize=true&Content-Type=charset%3Dutf-8&X-atmo-protocol=true&_=1762740292509 HTTP/1.1" 200 -
14.0.170.122 - - [10/Nov/2025:10:01:32 +0800] "GET /InternetTrading/longpoll/A8127?X-Atmosphere-tracking-id=0&X-Atmosphere-Framework=2.2.3-javascript&X-Atmosphere-Transport=long-polling&X-Atmosphere-TrackMessageSize=true&Content-Type=charset%3Dutf-8&X-atmo-protocol=true&_=1762740293552 HTTP/1.1" 200 -
58.152.215.195 - - [10/Nov/2025:10:01:33 +0800] "GET /InternetTrading/longpoll/55136?X-Atmosphere-tracking-id=0&X-Atmosphere-Framework=2.2.3-javascript&X-Atmosphere-Transport=long-polling&X-Atmosphere-TrackMessageSize=true&Content-Type=charset%3Dutf-8&X-atmo-protocol=true&_=1762740295209 HTTP/1.1" 200 -
65.181.90.29 - - [10/Nov/2025:10:01:36 +0800] "GET /InternetTrading/longpoll/54338?X-Atmosphere-tracking-id=0&X-Atmosphere-Framework=2.2.3-javascript&X-Atmosphere-Transport=long-polling&X-Atmosphere-TrackMessageSize=true&Content-Type=charset%3Dutf-8&X-atmo-protocol=true&_=1762740299893 HTTP/1.1" 200 -
183.178.37.129 - - [10/Nov/2025:10:01:36 +0800] "GET /InternetTrading/longpoll/56419?X-Atmosphere-tracking-id=0&X-Atmosphere-Framework=2.2.3-javascript&X-Atmosphere-Transport=long-polling&X-Atmosphere-TrackMessageSize=true&Content-Type=charset%3Dutf-8&X-atmo-protocol=true&_=1762740297540 HTTP/1.1" 200 -
14.0.170.122 - - [10/Nov/2025:10:01:37 +0800] "GET /InternetTrading/longpoll/A8127?X-Atmosphere-tracking-id=0&X-Atmosphere-Framework=2.2.3-javascript&X-Atmosphere-Transport=long-polling&X-Atmosphere-TrackMessageSize=true&Content-Type=charset%3Dutf-8&X-atmo-protocol=true&_=1762740298603 HTTP/1.1" 200 -
58.152.215.195 - - [10/Nov/2025:10:01:38 +0800] "GET /InternetTrading/longpoll/55136?X-Atmosphere-tracking-id=0&X-Atmosphere-Framework=2.2.3-javascript&X-Atmosphere-Transport=long-polling&X-Atmosphere-TrackMessageSize=true&Content-Type=charset%3Dutf-8&X-atmo-protocol=true&_=1762740300252 HTTP/1.1" 200 -
65.181.90.29 - - [10/Nov/2025:10:01:38 +0800] "POST /InternetTrading/SessionErrorLogger HTTP/1.1" 200 117
65.181.90.29 - - [10/Nov/2025:10:01:38 +0800] "POST /InternetTrading/Heartbeat HTTP/1.1" 200 32
65.181.90.29 - - [10/Nov/2025:10:01:39 +0800] "POST /InternetTrading/SessionErrorLogger HTTP/1.1" 200 117
65.181.90.29 - - [10/Nov/2025:10:01:39 +0800] "POST /InternetTrading/MarketStatus HTTP/1.1" 200 772
65.181.90.29 - - [10/Nov/2025:10:01:41 +0800] "GET /InternetTrading/longpoll/54338?X-Atmosphere-tracking-id=0&X-Atmosphere-Framework=2.2.3-javascript&X-Atmosphere-Transport=long-polling&X-Atmosphere-TrackMessageSize=true&Content-Type=charset%3Dutf-8&X-atmo-protocol=true&_=1762740304909 HTTP/1.1" 200 -
183.178.37.129 - - [10/Nov/2025:10:01:41 +0800] "GET /InternetTrading/longpoll/56419?X-Atmosphere-tracking-id=0&X-Atmosphere-Framework=2.2.3-javascript&X-Atmosphere-Transport=long-polling&X-Atmosphere-TrackMessageSize=true&Content-Type=charset%3Dutf-8&X-atmo-protocol=true&_=1762740302581 HTTP/1.1" 200 -
14.0.170.122 - - [10/Nov/2025:10:01:42 +0800] "GET /InternetTrading/longpoll/A8127?X-Atmosphere-tracking-id=0&X-Atmosphere-Framework=2.2.3-javascript&X-Atmosphere-Transport=long-polling&X-Atmosphere-TrackMessageSize=true&Content-Type=charset%3Dutf-8&X-atmo-protocol=true&_=1762740303867 HTTP/1.1" 200 -
58.152.215.195 - - [10/Nov/2025:10:01:43 +0800] "GET /InternetTrading/longpoll/55136?X-Atmosphere-tracking-id=0&X-Atmosphere-Framework=2.2.3-javascript&X-Atmosphere-Transport=long-polling&X-Atmosphere-TrackMessageSize=true&Content-Type=charset%3Dutf-8&X-atmo-protocol=true&_=1762740305304 HTTP/1.1" 200 -
65.181.90.29 - - [10/Nov/2025:10:01:46 +0800] "GET /InternetTrading/longpoll/54338?X-Atmosphere-tracking-id=0&X-Atmosphere-Framework=2.2.3-javascript&X-Atmosphere-Transport=long-polling&X-Atmosphere-TrackMessageSize=true&Content-Type=charset%3Dutf-8&X-atmo-protocol=true&_=1762740309924 HTTP/1.1" 200 -
183.178.37.129 - - [10/Nov/2025:10:01:46 +0800] "GET /InternetTrading/longpoll/56419?X-Atmosphere-tracking-id=0&X-Atmosphere-Framework=2.2.3-javascript&X-Atmosphere-Transport=long-polling&X-Atmosphere-TrackMessageSize=true&Content-Type=charset%3Dutf-8&X-atmo-protocol=true&_=1762740307628 HTTP/1.1" 200 -
58.152.215.195 - - [10/Nov/2025:10:01:47 +0800] "POST /InternetTrading/SessionErrorLogger HTTP/1.1" 200 117
58.152.215.195 - - [10/Nov/2025:10:01:47 +0800] "POST /InternetTrading/Heartbeat HTTP/1.1" 200 32
58.152.215.195 - - [10/Nov/2025:10:01:47 +0800] "POST /InternetTrading/SessionErrorLogger HTTP/1.1" 200 117
58.152.215.195 - - [10/Nov/2025:10:01:47 +0800] "POST /InternetTrading/MarketStatus HTTP/1.1" 200 772
14.0.170.122 - - [10/Nov/2025:10:01:48 +0800] "GET /InternetTrading/longpoll/A8127?X-Atmosphere-tracking-id=0&X-Atmosphere-Framework=2.2.3-javascript&X-Atmosphere-Transport=long-polling&X-Atmosphere-TrackMessageSize=true&Content-Type=charset%3Dutf-8&X-atmo-protocol=true&_=1762740309150 HTTP/1.1" 200 -
58.152.215.195 - - [10/Nov/2025:10:01:48 +0800] "GET /InternetTrading/longpoll/55136?X-Atmosphere-tracking-id=0&X-Atmosphere-Framework=2.2.3-javascript&X-Atmosphere-Transport=long-polling&X-Atmosphere-TrackMessageSize=true&Content-Type=charset%3Dutf-8&X-atmo-protocol=true&_=1762740310352 HTTP/1.1" 200 -
65.181.90.29 - - [10/Nov/2025:10:01:51 +0800] "GET /InternetTrading/longpoll/54338?X-Atmosphere-tracking-id=0&X-Atmosphere-Framework=2.2.3-javascript&X-Atmosphere-Transport=long-polling&X-Atmosphere-TrackMessageSize=true&Content-Type=charset%3Dutf-8&X-atmo-protocol=true&_=1762740314942 HTTP/1.1" 200 -
183.178.37.129 - - [10/Nov/2025:10:01:51 +0800] "GET /InternetTrading/longpoll/56419?X-Atmosphere-tracking-id=0&X-Atmosphere-Framework=2.2.3-javascript&X-Atmosphere-Transport=long-polling&X-Atmosphere-TrackMessageSize=true&Content-Type=charset%3Dutf-8&X-atmo-protocol=true&_=1762740312784 HTTP/1.1" 200 -
183.178.37.129 - - [10/Nov/2025:10:01:51 +0800] "POST /InternetTrading/SessionErrorLogger HTTP/1.1" 200 117
183.178.37.129 - - [10/Nov/2025:10:01:51 +0800] "POST /InternetTrading/MarketStatus HTTP/1.1" 200 772
14.0.170.122 - - [10/Nov/2025:10:01:52 +0800] "POST /InternetTrading/SessionErrorLogger HTTP/1.1" 200 117
14.0.170.122 - - [10/Nov/2025:10:01:52 +0800] "POST /InternetTrading/MarketStatus HTTP/1.1" 200 772
14.0.170.122 - - [10/Nov/2025:10:01:53 +0800] "GET /InternetTrading/longpoll/A8127?X-Atmosphere-tracking-id=0&X-Atmosphere-Framework=2.2.3-javascript&X-Atmosphere-Transport=long-polling&X-Atmosphere-TrackMessageSize=true&Content-Type=charset%3Dutf-8&X-atmo-protocol=true&_=1762740314437 HTTP/1.1" 200 -
183.178.37.129 - - [10/Nov/2025:10:01:53 +0800] "POST /InternetTrading/SessionErrorLogger HTTP/1.1" 200 117
183.178.37.129 - - [10/Nov/2025:10:01:53 +0800] "POST /InternetTrading/Heartbeat HTTP/1.1" 200 32
58.152.215.195 - - [10/Nov/2025:10:01:54 +0800] "GET /InternetTrading/longpoll/55136?X-Atmosphere-tracking-id=0&X-Atmosphere-Framework=2.2.3-javascript&X-Atmosphere-Transport=long-polling&X-Atmosphere-TrackMessageSize=true&Content-Type=charset%3Dutf-8&X-atmo-protocol=true&_=1762740315378 HTTP/1.1" 200 -
65.181.90.29 - - [10/Nov/2025:10:01:56 +0800] "GET /InternetTrading/longpoll/54338?X-Atmosphere-tracking-id=0&X-Atmosphere-Framework=2.2.3-javascript&X-Atmosphere-Transport=long-polling&X-Atmosphere-TrackMessageSize=true&Content-Type=charset%3Dutf-8&X-atmo-protocol=true&_=1762740319971 HTTP/1.1" 200 -
183.178.37.129 - - [10/Nov/2025:10:01:56 +0800] "GET /InternetTrading/longpoll/56419?X-Atmosphere-tracking-id=0&X-Atmosphere-Framework=2.2.3-javascript&X-Atmosphere-Transport=long-polling&X-Atmosphere-TrackMessageSize=true&Content-Type=charset%3Dutf-8&X-atmo-protocol=true&_=1762740317831 HTTP/1.1" 200 -
14.0.170.122 - - [10/Nov/2025:10:01:56 +0800] "POST /InternetTrading/SessionErrorLogger HTTP/1.1" 200 117
14.0.170.122 - - [10/Nov/2025:10:01:56 +0800] "POST /InternetTrading/Heartbeat HTTP/1.1" 200 32
14.0.170.122 - - [10/Nov/2025:10:01:58 +0800] "GET /InternetTrading/longpoll/A8127?X-Atmosphere-tracking-id=0&X-Atmosphere-Framework=2.2.3-javascript&X-Atmosphere-Transport=long-polling&X-Atmosphere-TrackMessageSize=true&Content-Type=charset%3Dutf-8&X-atmo-protocol=true&_=1762740319491 HTTP/1.1" 200 -
58.152.215.195 - - [10/Nov/2025:10:01:59 +0800] "GET /InternetTrading/longpoll/55136?X-Atmosphere-tracking-id=0&X-Atmosphere-Framework=2.2.3-javascript&X-Atmosphere-Transport=long-polling&X-Atmosphere-TrackMessageSize=true&Content-Type=charset%3Dutf-8&X-atmo-protocol=true&_=1762740320396 HTTP/1.1" 200 -
65.181.90.29 - - [10/Nov/2025:10:02:01 +0800] "GET /InternetTrading/longpoll/54338?X-Atmosphere-tracking-id=0&X-Atmosphere-Framework=2.2.3-javascript&X-Atmosphere-Transport=long-polling&X-Atmosphere-TrackMessageSize=true&Content-Type=charset%3Dutf-8&X-atmo-protocol=true&_=1762740325017 HTTP/1.1" 200 -
183.178.37.129 - - [10/Nov/2025:10:02:01 +0800] "GET /InternetTrading/longpoll/56419?X-Atmosphere-tracking-id=0&X-Atmosphere-Framework=2.2.3-javascript&X-Atmosphere-Transport=long-polling&X-Atmosphere-TrackMessageSize=true&Content-Type=charset%3Dutf-8&X-atmo-protocol=true&_=1762740322847 HTTP/1.1" 200 -
14.0.170.122 - - [10/Nov/2025:10:02:03 +0800] "GET /InternetTrading/longpoll/A8127?X-Atmosphere-tracking-id=0&X-Atmosphere-Framework=2.2.3-javascript&X-Atmosphere-Transport=long-polling&X-Atmosphere-TrackMessageSize=true&Content-Type=charset%3Dutf-8&X-atmo-protocol=true&_=1762740324590 HTTP/1.1" 200 -
58.152.215.195 - - [10/Nov/2025:10:02:04 +0800] "GET /InternetTrading/longpoll/55136?X-Atmosphere-tracking-id=0&X-Atmosphere-Framework=2.2.3-javascript&X-Atmosphere-Transport=long-polling&X-Atmosphere-TrackMessageSize=true&Content-Type=charset%3Dutf-8&X-atmo-protocol=true&_=1762740325426 HTTP/1.1" 200 -
65.181.90.29 - - [10/Nov/2025:10:02:06 +0800] "GET /InternetTrading/longpoll/54338?X-Atmosphere-tracking-id=0&X-Atmosphere-Framework=2.2.3-javascript&X-Atmosphere-Transport=long-polling&X-Atmosphere-TrackMessageSize=true&Content-Type=charset%3Dutf-8&X-atmo-protocol=true&_=1762740330051 HTTP/1.1" 200 -
183.178.37.129 - - [10/Nov/2025:10:02:06 +0800] "GET /InternetTrading/longpoll/56419?X-Atmosphere-tracking-id=0&X-Atmosphere-Framework=2.2.3-javascript&X-Atmosphere-Transport=long-polling&X-Atmosphere-TrackMessageSize=true&Content-Type=charset%3Dutf-8&X-atmo-protocol=true&_=1762740327884 HTTP/1.1" 200 -
14.0.170.122 - - [10/Nov/2025:10:02:08 +0800] "GET /InternetTrading/longpoll/A8127?X-Atmosphere-tracking-id=0&X-Atmosphere-Framework=2.2.3-javascript&X-Atmosphere-Transport=long-polling&X-Atmosphere-TrackMessageSize=true&Content-Type=charset%3Dutf-8&X-atmo-protocol=true&_=1762740329867 HTTP/1.1" 200 -
65.181.90.29 - - [10/Nov/2025:10:02:08 +0800] "POST /InternetTrading/SessionErrorLogger HTTP/1.1" 200 117
65.181.90.29 - - [10/Nov/2025:10:02:09 +0800] "POST /InternetTrading/Heartbeat HTTP/1.1" 200 32
58.152.215.195 - - [10/Nov/2025:10:02:09 +0800] "GET /InternetTrading/longpoll/55136?X-Atmosphere-tracking-id=0&X-Atmosphere-Framework=2.2.3-javascript&X-Atmosphere-Transport=long-polling&X-Atmosphere-TrackMessageSize=true&Content-Type=charset%3Dutf-8&X-atmo-protocol=true&_=1762740330465 HTTP/1.1" 200 -
65.181.90.29 - - [10/Nov/2025:10:02:09 +0800] "POST /InternetTrading/SessionErrorLogger HTTP/1.1" 200 117
65.181.90.29 - - [10/Nov/2025:10:02:09 +0800] "POST /InternetTrading/MarketStatus HTTP/1.1" 200 772
65.181.90.29 - - [10/Nov/2025:10:02:11 +0800] "GET /InternetTrading/longpoll/54338?X-Atmosphere-tracking-id=0&X-Atmosphere-Framework=2.2.3-javascript&X-Atmosphere-Transport=long-polling&X-Atmosphere-TrackMessageSize=true&Content-Type=charset%3Dutf-8&X-atmo-protocol=true&_=1762740335089 HTTP/1.1" 200 -
183.178.37.129 - - [10/Nov/2025:10:02:11 +0800] "GET /InternetTrading/longpoll/56419?X-Atmosphere-tracking-id=0&X-Atmosphere-Framework=2.2.3-javascript&X-Atmosphere-Transport=long-polling&X-Atmosphere-TrackMessageSize=true&Content-Type=charset%3Dutf-8&X-atmo-protocol=true&_=1762740332930 HTTP/1.1" 200 -
14.0.170.122 - - [10/Nov/2025:10:02:14 +0800] "GET /InternetTrading/longpoll/A8127?X-Atmosphere-tracking-id=0&X-Atmosphere-Framework=2.2.3-javascript&X-Atmosphere-Transport=long-polling&X-Atmosphere-TrackMessageSize=true&Content-Type=charset%3Dutf-8&X-atmo-protocol=true&_=1762740335151 HTTP/1.1" 200 -
58.152.215.195 - - [10/Nov/2025:10:02:14 +0800] "GET /InternetTrading/longpoll/55136?X-Atmosphere-tracking-id=0&X-Atmosphere-Framework=2.2.3-javascript&X-Atmosphere-Transport=long-polling&X-Atmosphere-TrackMessageSize=true&Content-Type=charset%3Dutf-8&X-atmo-protocol=true&_=1762740335505 HTTP/1.1" 200 -
65.181.90.29 - - [10/Nov/2025:10:02:16 +0800] "GET /InternetTrading/longpoll/54338?X-Atmosphere-tracking-id=0&X-Atmosphere-Framework=2.2.3-javascript&X-Atmosphere-Transport=long-polling&X-Atmosphere-TrackMessageSize=true&Content-Type=charset%3Dutf-8&X-atmo-protocol=true&_=1762740340112 HTTP/1.1" 200 -
183.178.37.129 - - [10/Nov/2025:10:02:16 +0800] "GET /InternetTrading/longpoll/56419?X-Atmosphere-tracking-id=0&X-Atmosphere-Framework=2.2.3-javascript&X-Atmosphere-Transport=long-polling&X-Atmosphere-TrackMessageSize=true&Content-Type=charset%3Dutf-8&X-atmo-protocol=true&_=1762740337977 HTTP/1.1" 200 -
58.152.215.195 - - [10/Nov/2025:10:02:17 +0800] "POST /InternetTrading/SessionErrorLogger HTTP/1.1" 200 117
58.152.215.195 - - [10/Nov/2025:10:02:17 +0800] "POST /InternetTrading/Heartbeat HTTP/1.1" 200 32
58.152.215.195 - - [10/Nov/2025:10:02:17 +0800] "POST /InternetTrading/SessionErrorLogger HTTP/1.1" 200 117
58.152.215.195 - - [10/Nov/2025:10:02:17 +0800] "POST /InternetTrading/MarketStatus HTTP/1.1" 200 772
58.152.215.195 - - [10/Nov/2025:10:02:19 +0800] "GET /InternetTrading/longpoll/55136?X-Atmosphere-tracking-id=0&X-Atmosphere-Framework=2.2.3-javascript&X-Atmosphere-Transport=long-polling&X-Atmosphere-TrackMessageSize=true&Content-Type=charset%3Dutf-8&X-atmo-protocol=true&_=1762740340557 HTTP/1.1" 200 -
14.0.170.122 - - [10/Nov/2025:10:02:19 +0800] "GET /InternetTrading/longpoll/A8127?X-Atmosphere-tracking-id=0&X-Atmosphere-Framework=2.2.3-javascript&X-Atmosphere-Transport=long-polling&X-Atmosphere-TrackMessageSize=true&Content-Type=charset%3Dutf-8&X-atmo-protocol=true&_=1762740340360 HTTP/1.1" 200 -
65.181.90.29 - - [10/Nov/2025:10:02:21 +0800] "GET /InternetTrading/longpoll/54338?X-Atmosphere-tracking-id=0&X-Atmosphere-Framework=2.2.3-javascript&X-Atmosphere-Transport=long-polling&X-Atmosphere-TrackMessageSize=true&Content-Type=charset%3Dutf-8&X-atmo-protocol=true&_=1762740345133 HTTP/1.1" 200 -
183.178.37.129 - - [10/Nov/2025:10:02:21 +0800] "GET /InternetTrading/longpoll/56419?X-Atmosphere-tracking-id=0&X-Atmosphere-Framework=2.2.3-javascript&X-Atmosphere-Transport=long-polling&X-Atmosphere-TrackMessageSize=true&Content-Type=charset%3Dutf-8&X-atmo-protocol=true&_=1762740343024 HTTP/1.1" 200 -
183.178.37.129 - - [10/Nov/2025:10:02:21 +0800] "POST /InternetTrading/SessionErrorLogger HTTP/1.1" 200 117
183.178.37.129 - - [10/Nov/2025:10:02:22 +0800] "POST /InternetTrading/MarketStatus HTTP/1.1" 200 772
14.0.170.122 - - [10/Nov/2025:10:02:22 +0800] "POST /InternetTrading/SessionErrorLogger HTTP/1.1" 200 117
14.0.170.122 - - [10/Nov/2025:10:02:22 +0800] "POST /InternetTrading/MarketStatus HTTP/1.1" 200 772
183.178.37.129 - - [10/Nov/2025:10:02:23 +0800] "POST /InternetTrading/SessionErrorLogger HTTP/1.1" 200 117
183.178.37.129 - - [10/Nov/2025:10:02:23 +0800] "POST /InternetTrading/Heartbeat HTTP/1.1" 200 32
