58.152.215.195 - - [12/Nov/2025:10:05:55 +0800] "POST /InternetTrading/SessionErrorLogger HTTP/1.1" 200 117
58.152.215.195 - - [12/Nov/2025:10:05:55 +0800] "POST /InternetTrading/MarketStatus HTTP/1.1" 200 772
183.178.37.129 - - [12/Nov/2025:10:05:56 +0800] "GET /InternetTrading/longpoll/56419?X-Atmosphere-tracking-id=0&X-Atmosphere-Framework=2.2.3-javascript&X-Atmosphere-Transport=long-polling&X-Atmosphere-TrackMessageSize=true&Content-Type=charset%3Dutf-8&X-atmo-protocol=true&_=1762913360541 HTTP/1.1" 200 -
183.178.37.129 - - [12/Nov/2025:10:05:57 +0800] "POST /InternetTrading/SessionErrorLogger HTTP/1.1" 200 117
183.178.37.129 - - [12/Nov/2025:10:05:57 +0800] "POST /InternetTrading/Orderbook HTTP/1.1" 200 1306
183.178.37.129 - - [12/Nov/2025:10:05:57 +0800] "GET /InternetTrading/jquery/wait.gif HTTP/1.1" 200 432
58.152.215.195 - - [12/Nov/2025:10:05:57 +0800] "GET /InternetTrading/longpoll/55136?X-Atmosphere-tracking-id=0&X-Atmosphere-Framework=2.2.3-javascript&X-Atmosphere-Transport=long-polling&X-Atmosphere-TrackMessageSize=true&Content-Type=charset%3Dutf-8&X-atmo-protocol=true&_=1762913363287 HTTP/1.1" 200 -
14.0.169.116 - - [12/Nov/2025:10:05:58 +0800] "GET /InternetTrading/longpoll/A8127?X-Atmosphere-tracking-id=0&X-Atmosphere-Framework=2.2.3-javascript&X-Atmosphere-Transport=long-polling&X-Atmosphere-TrackMessageSize=true&Content-Type=charset%3Dutf-8&X-atmo-protocol=true&_=1762913363261 HTTP/1.1" 200 -
183.178.37.129 - - [12/Nov/2025:10:05:59 +0800] "GET /InternetTrading/jquery/wait.gif HTTP/1.1" 200 432
183.178.37.129 - - [12/Nov/2025:10:05:59 +0800] "POST /InternetTrading/SessionErrorLogger HTTP/1.1" 200 117
183.178.37.129 - - [12/Nov/2025:10:05:59 +0800] "POST /InternetTrading/Portfolio HTTP/1.1" 200 1696
65.181.90.29 - - [12/Nov/2025:10:05:59 +0800] "GET /InternetTrading/longpoll/54338?X-Atmosphere-tracking-id=0&X-Atmosphere-Framework=2.2.3-javascript&X-Atmosphere-Transport=long-polling&X-Atmosphere-TrackMessageSize=true&Content-Type=charset%3Dutf-8&X-atmo-protocol=true&_=1762913366234 HTTP/1.1" 200 -
65.181.90.29 - - [12/Nov/2025:10:06:00 +0800] "POST /InternetTrading/SessionErrorLogger HTTP/1.1" 200 117
65.181.90.29 - - [12/Nov/2025:10:06:00 +0800] "POST /InternetTrading/MarketStatus HTTP/1.1" 200 772
183.178.37.129 - - [12/Nov/2025:10:06:01 +0800] "GET /InternetTrading/longpoll/56419?X-Atmosphere-tracking-id=0&X-Atmosphere-Framework=2.2.3-javascript&X-Atmosphere-Transport=long-polling&X-Atmosphere-TrackMessageSize=true&Content-Type=charset%3Dutf-8&X-atmo-protocol=true&_=1762913365569 HTTP/1.1" 200 -
58.152.215.195 - - [12/Nov/2025:10:06:02 +0800] "GET /InternetTrading/longpoll/55136?X-Atmosphere-tracking-id=0&X-Atmosphere-Framework=2.2.3-javascript&X-Atmosphere-Transport=long-polling&X-Atmosphere-TrackMessageSize=true&Content-Type=charset%3Dutf-8&X-atmo-protocol=true&_=1762913368315 HTTP/1.1" 200 -
183.178.37.129 - - [12/Nov/2025:10:06:03 +0800] "POST /InternetTrading/SessionErrorLogger HTTP/1.1" 200 117
183.178.37.129 - - [12/Nov/2025:10:06:03 +0800] "POST /InternetTrading/MarketStatus HTTP/1.1" 200 772
14.0.169.116 - - [12/Nov/2025:10:06:03 +0800] "GET /InternetTrading/longpoll/A8127?X-Atmosphere-tracking-id=0&X-Atmosphere-Framework=2.2.3-javascript&X-Atmosphere-Transport=long-polling&X-Atmosphere-TrackMessageSize=true&Content-Type=charset%3Dutf-8&X-atmo-protocol=true&_=1762913368543 HTTP/1.1" 200 -
183.178.37.129 - - [12/Nov/2025:10:06:03 +0800] "POST /InternetTrading/SessionErrorLogger HTTP/1.1" 200 117
183.178.37.129 - - [12/Nov/2025:10:06:03 +0800] "GET /InternetTrading/tc/buy_ticket.html? HTTP/1.1" 200 1995
183.178.37.129 - - [12/Nov/2025:10:06:03 +0800] "POST /InternetTrading/SessionErrorLogger HTTP/1.1" 200 117
183.178.37.129 - - [12/Nov/2025:10:06:03 +0800] "POST /InternetTrading/SessionErrorLogger HTTP/1.1" 200 117
183.178.37.129 - - [12/Nov/2025:10:06:03 +0800] "POST /InternetTrading/MarketStatus HTTP/1.1" 200 772
183.178.37.129 - - [12/Nov/2025:10:06:04 +0800] "POST /InternetTrading/MarketStatus HTTP/1.1" 200 772
183.178.37.129 - - [12/Nov/2025:10:06:04 +0800] "POST /InternetTrading/SessionErrorLogger HTTP/1.1" 200 117
183.178.37.129 - - [12/Nov/2025:10:06:04 +0800] "POST /InternetTrading/Product HTTP/1.1" 200 304
65.181.90.29 - - [12/Nov/2025:10:06:04 +0800] "GET /InternetTrading/longpoll/54338?X-Atmosphere-tracking-id=0&X-Atmosphere-Framework=2.2.3-javascript&X-Atmosphere-Transport=long-polling&X-Atmosphere-TrackMessageSize=true&Content-Type=charset%3Dutf-8&X-atmo-protocol=true&_=1762913371282 HTTP/1.1" 200 -
65.181.90.29 - - [12/Nov/2025:10:06:04 +0800] "POST /InternetTrading/SessionErrorLogger HTTP/1.1" 200 117
65.181.90.29 - - [12/Nov/2025:10:06:04 +0800] "POST /InternetTrading/Heartbeat HTTP/1.1" 200 32
14.0.169.116 - - [12/Nov/2025:10:06:05 +0800] "POST /InternetTrading/SessionErrorLogger HTTP/1.1" 200 117
14.0.169.116 - - [12/Nov/2025:10:06:05 +0800] "POST /InternetTrading/MarketStatus HTTP/1.1" 200 772
183.178.37.129 - - [12/Nov/2025:10:06:06 +0800] "GET /InternetTrading/longpoll/56419?X-Atmosphere-tracking-id=0&X-Atmosphere-Framework=2.2.3-javascript&X-Atmosphere-Transport=long-polling&X-Atmosphere-TrackMessageSize=true&Content-Type=charset%3Dutf-8&X-atmo-protocol=true&_=1762913370588 HTTP/1.1" 200 -
58.152.215.195 - - [12/Nov/2025:10:06:07 +0800] "GET /InternetTrading/longpoll/55136?X-Atmosphere-tracking-id=0&X-Atmosphere-Framework=2.2.3-javascript&X-Atmosphere-Transport=long-polling&X-Atmosphere-TrackMessageSize=true&Content-Type=charset%3Dutf-8&X-atmo-protocol=true&_=1762913373359 HTTP/1.1" 200 -
14.0.169.116 - - [12/Nov/2025:10:06:08 +0800] "GET /InternetTrading/longpoll/A8127?X-Atmosphere-tracking-id=0&X-Atmosphere-Framework=2.2.3-javascript&X-Atmosphere-Transport=long-polling&X-Atmosphere-TrackMessageSize=true&Content-Type=charset%3Dutf-8&X-atmo-protocol=true&_=1762913373825 HTTP/1.1" 200 -
65.181.90.29 - - [12/Nov/2025:10:06:09 +0800] "GET /InternetTrading/longpoll/54338?X-Atmosphere-tracking-id=0&X-Atmosphere-Framework=2.2.3-javascript&X-Atmosphere-Transport=long-polling&X-Atmosphere-TrackMessageSize=true&Content-Type=charset%3Dutf-8&X-atmo-protocol=true&_=1762913376312 HTTP/1.1" 200 -
14.0.169.116 - - [12/Nov/2025:10:06:10 +0800] "POST /InternetTrading/SessionErrorLogger HTTP/1.1" 200 117
14.0.169.116 - - [12/Nov/2025:10:06:10 +0800] "POST /InternetTrading/Heartbeat HTTP/1.1" 200 32
183.178.37.129 - - [12/Nov/2025:10:06:11 +0800] "GET /InternetTrading/longpoll/56419?X-Atmosphere-tracking-id=0&X-Atmosphere-Framework=2.2.3-javascript&X-Atmosphere-Transport=long-polling&X-Atmosphere-TrackMessageSize=true&Content-Type=charset%3Dutf-8&X-atmo-protocol=true&_=1762913375613 HTTP/1.1" 200 -
183.178.37.129 - - [12/Nov/2025:10:06:12 +0800] "POST /InternetTrading/SessionErrorLogger HTTP/1.1" 200 117
183.178.37.129 - - [12/Nov/2025:10:06:12 +0800] "POST /InternetTrading/Heartbeat HTTP/1.1" 200 32
58.152.215.195 - - [12/Nov/2025:10:06:12 +0800] "GET /InternetTrading/longpoll/55136?X-Atmosphere-tracking-id=0&X-Atmosphere-Framework=2.2.3-javascript&X-Atmosphere-Transport=long-polling&X-Atmosphere-TrackMessageSize=true&Content-Type=charset%3Dutf-8&X-atmo-protocol=true&_=1762913378400 HTTP/1.1" 200 -
14.0.169.116 - - [12/Nov/2025:10:06:13 +0800] "GET /InternetTrading/longpoll/A8127?X-Atmosphere-tracking-id=0&X-Atmosphere-Framework=2.2.3-javascript&X-Atmosphere-Transport=long-polling&X-Atmosphere-TrackMessageSize=true&Content-Type=charset%3Dutf-8&X-atmo-protocol=true&_=1762913378947 HTTP/1.1" 200 -
65.181.90.29 - - [12/Nov/2025:10:06:14 +0800] "GET /InternetTrading/longpoll/54338?X-Atmosphere-tracking-id=0&X-Atmosphere-Framework=2.2.3-javascript&X-Atmosphere-Transport=long-polling&X-Atmosphere-TrackMessageSize=true&Content-Type=charset%3Dutf-8&X-atmo-protocol=true&_=1762913381344 HTTP/1.1" 200 -
183.178.37.129 - - [12/Nov/2025:10:06:16 +0800] "POST /InternetTrading/SessionErrorLogger HTTP/1.1" 200 117
183.178.37.129 - - [12/Nov/2025:10:06:16 +0800] "POST /InternetTrading/OrderMaxQuantity HTTP/1.1" 200 8
183.178.37.129 - - [12/Nov/2025:10:06:17 +0800] "GET /InternetTrading/longpoll/56419?X-Atmosphere-tracking-id=0&X-Atmosphere-Framework=2.2.3-javascript&X-Atmosphere-Transport=long-polling&X-Atmosphere-TrackMessageSize=true&Content-Type=charset%3Dutf-8&X-atmo-protocol=true&_=1762913380662 HTTP/1.1" 200 -
183.178.37.129 - - [12/Nov/2025:10:06:17 +0800] "POST /InternetTrading/SessionErrorLogger HTTP/1.1" 200 117
183.178.37.129 - - [12/Nov/2025:10:06:17 +0800] "POST /InternetTrading/OrderMaxQuantity HTTP/1.1" 200 8
58.152.215.195 - - [12/Nov/2025:10:06:17 +0800] "GET /InternetTrading/longpoll/55136?X-Atmosphere-tracking-id=0&X-Atmosphere-Framework=2.2.3-javascript&X-Atmosphere-Transport=long-polling&X-Atmosphere-TrackMessageSize=true&Content-Type=charset%3Dutf-8&X-atmo-protocol=true&_=1762913383442 HTTP/1.1" 200 -
14.0.169.116 - - [12/Nov/2025:10:06:19 +0800] "GET /InternetTrading/longpoll/A8127?X-Atmosphere-tracking-id=0&X-Atmosphere-Framework=2.2.3-javascript&X-Atmosphere-Transport=long-polling&X-Atmosphere-TrackMessageSize=true&Content-Type=charset%3Dutf-8&X-atmo-protocol=true&_=1762913384215 HTTP/1.1" 200 -
65.181.90.29 - - [12/Nov/2025:10:06:19 +0800] "GET /InternetTrading/longpoll/54338?X-Atmosphere-tracking-id=0&X-Atmosphere-Framework=2.2.3-javascript&X-Atmosphere-Transport=long-polling&X-Atmosphere-TrackMessageSize=true&Content-Type=charset%3Dutf-8&X-atmo-protocol=true&_=1762913386392 HTTP/1.1" 200 -
183.178.37.129 - - [12/Nov/2025:10:06:22 +0800] "GET /InternetTrading/longpoll/56419?X-Atmosphere-tracking-id=0&X-Atmosphere-Framework=2.2.3-javascript&X-Atmosphere-Transport=long-polling&X-Atmosphere-TrackMessageSize=true&Content-Type=charset%3Dutf-8&X-atmo-protocol=true&_=1762913385683 HTTP/1.1" 200 -
58.152.215.195 - - [12/Nov/2025:10:06:22 +0800] "GET /InternetTrading/longpoll/55136?X-Atmosphere-tracking-id=0&X-Atmosphere-Framework=2.2.3-javascript&X-Atmosphere-Transport=long-polling&X-Atmosphere-TrackMessageSize=true&Content-Type=charset%3Dutf-8&X-atmo-protocol=true&_=1762913388483 HTTP/1.1" 200 -
183.178.37.129 - - [12/Nov/2025:10:06:24 +0800] "POST /InternetTrading/SessionErrorLogger HTTP/1.1" 200 117
183.178.37.129 - - [12/Nov/2025:10:06:24 +0800] "POST /InternetTrading/LoginKey HTTP/1.1" 200 -
183.178.37.129 - - [12/Nov/2025:10:06:24 +0800] "POST /InternetTrading/PreOrder HTTP/1.1" 200 1217
183.178.37.129 - - [12/Nov/2025:10:06:24 +0800] "GET /InternetTrading/jquery/wait.gif HTTP/1.1" 200 432
14.0.169.116 - - [12/Nov/2025:10:06:24 +0800] "GET /InternetTrading/longpoll/A8127?X-Atmosphere-tracking-id=0&X-Atmosphere-Framework=2.2.3-javascript&X-Atmosphere-Transport=long-polling&X-Atmosphere-TrackMessageSize=true&Content-Type=charset%3Dutf-8&X-atmo-protocol=true&_=1762913389491 HTTP/1.1" 200 -
58.152.215.195 - - [12/Nov/2025:10:06:24 +0800] "POST /InternetTrading/SessionErrorLogger HTTP/1.1" 200 117
58.152.215.195 - - [12/Nov/2025:10:06:24 +0800] "POST /InternetTrading/Heartbeat HTTP/1.1" 200 32
65.181.90.29 - - [12/Nov/2025:10:06:24 +0800] "GET /InternetTrading/longpoll/54338?X-Atmosphere-tracking-id=0&X-Atmosphere-Framework=2.2.3-javascript&X-Atmosphere-Transport=long-polling&X-Atmosphere-TrackMessageSize=true&Content-Type=charset%3Dutf-8&X-atmo-protocol=true&_=1762913391440 HTTP/1.1" 200 -
58.152.215.195 - - [12/Nov/2025:10:06:25 +0800] "POST /InternetTrading/SessionErrorLogger HTTP/1.1" 200 117
58.152.215.195 - - [12/Nov/2025:10:06:25 +0800] "POST /InternetTrading/MarketStatus HTTP/1.1" 200 772
183.178.37.129 - - [12/Nov/2025:10:06:25 +0800] "POST /InternetTrading/SessionErrorLogger HTTP/1.1" 200 117
183.178.37.129 - - [12/Nov/2025:10:06:25 +0800] "GET /InternetTrading/Csrf?url=/Order HTTP/1.1" 200 126
183.178.37.129 - - [12/Nov/2025:10:06:25 +0800] "POST /InternetTrading/SessionErrorLogger HTTP/1.1" 200 117
183.178.37.129 - - [12/Nov/2025:10:06:25 +0800] "POST /InternetTrading/LoginKey HTTP/1.1" 200 -
183.178.37.129 - - [12/Nov/2025:10:06:25 +0800] "POST /InternetTrading/SessionErrorLogger HTTP/1.1" 200 117
183.178.37.129 - - [12/Nov/2025:10:06:25 +0800] "POST /InternetTrading/Order?csrf_nonce=102FA202165EFCF3A18A1F88C52545D8 HTTP/1.1" 200 1019
183.178.37.129 - - [12/Nov/2025:10:06:25 +0800] "POST /InternetTrading/SessionErrorLogger HTTP/1.1" 200 117
183.178.37.129 - - [12/Nov/2025:10:06:25 +0800] "GET /InternetTrading/tc/buy_ticket.html? HTTP/1.1" 200 1995
183.178.37.129 - - [12/Nov/2025:10:06:25 +0800] "POST /InternetTrading/SessionErrorLogger HTTP/1.1" 200 117
183.178.37.129 - - [12/Nov/2025:10:06:25 +0800] "POST /InternetTrading/SessionErrorLogger HTTP/1.1" 200 117
183.178.37.129 - - [12/Nov/2025:10:06:25 +0800] "POST /InternetTrading/MarketStatus HTTP/1.1" 200 772
183.178.37.129 - - [12/Nov/2025:10:06:25 +0800] "POST /InternetTrading/MarketStatus HTTP/1.1" 200 772
183.178.37.129 - - [12/Nov/2025:10:06:27 +0800] "GET /InternetTrading/longpoll/56419?X-Atmosphere-tracking-id=0&X-Atmosphere-Framework=2.2.3-javascript&X-Atmosphere-Transport=long-polling&X-Atmosphere-TrackMessageSize=true&Content-Type=charset%3Dutf-8&X-atmo-protocol=true&_=1762913390712 HTTP/1.1" 200 -
183.178.37.129 - - [12/Nov/2025:10:06:27 +0800] "GET /InternetTrading/jquery/wait.gif HTTP/1.1" 200 432
183.178.37.129 - - [12/Nov/2025:10:06:27 +0800] "POST /InternetTrading/SessionErrorLogger HTTP/1.1" 200 117
183.178.37.129 - - [12/Nov/2025:10:06:27 +0800] "POST /InternetTrading/Orderbook HTTP/1.1" 200 1434
58.152.215.195 - - [12/Nov/2025:10:06:27 +0800] "GET /InternetTrading/longpoll/55136?X-Atmosphere-tracking-id=0&X-Atmosphere-Framework=2.2.3-javascript&X-Atmosphere-Transport=long-polling&X-Atmosphere-TrackMessageSize=true&Content-Type=charset%3Dutf-8&X-atmo-protocol=true&_=1762913393521 HTTP/1.1" 200 -
14.0.169.116 - - [12/Nov/2025:10:06:29 +0800] "GET /InternetTrading/longpoll/A8127?X-Atmosphere-tracking-id=0&X-Atmosphere-Framework=2.2.3-javascript&X-Atmosphere-Transport=long-polling&X-Atmosphere-TrackMessageSize=true&Content-Type=charset%3Dutf-8&X-atmo-protocol=true&_=1762913394784 HTTP/1.1" 200 -
65.181.90.29 - - [12/Nov/2025:10:06:30 +0800] "GET /InternetTrading/longpoll/54338?X-Atmosphere-tracking-id=0&X-Atmosphere-Framework=2.2.3-javascript&X-Atmosphere-Transport=long-polling&X-Atmosphere-TrackMessageSize=true&Content-Type=charset%3Dutf-8&X-atmo-protocol=true&_=1762913396488 HTTP/1.1" 200 -
65.181.90.29 - - [12/Nov/2025:10:06:30 +0800] "POST /InternetTrading/SessionErrorLogger HTTP/1.1" 200 117
65.181.90.29 - - [12/Nov/2025:10:06:30 +0800] "POST /InternetTrading/MarketStatus HTTP/1.1" 200 772
183.178.37.129 - - [12/Nov/2025:10:06:32 +0800] "GET /InternetTrading/longpoll/56419?X-Atmosphere-tracking-id=0&X-Atmosphere-Framework=2.2.3-javascript&X-Atmosphere-Transport=long-polling&X-Atmosphere-TrackMessageSize=true&Content-Type=charset%3Dutf-8&X-atmo-protocol=true&_=1762913395734 HTTP/1.1" 200 -
58.152.215.195 - - [12/Nov/2025:10:06:32 +0800] "GET /InternetTrading/longpoll/55136?X-Atmosphere-tracking-id=0&X-Atmosphere-Framework=2.2.3-javascript&X-Atmosphere-Transport=long-polling&X-Atmosphere-TrackMessageSize=true&Content-Type=charset%3Dutf-8&X-atmo-protocol=true&_=1762913398551 HTTP/1.1" 200 -
183.178.37.129 - - [12/Nov/2025:10:06:34 +0800] "POST /InternetTrading/SessionErrorLogger HTTP/1.1" 200 117
183.178.37.129 - - [12/Nov/2025:10:06:34 +0800] "GET /InternetTrading/jquery/wait.gif HTTP/1.1" 200 432
183.178.37.129 - - [12/Nov/2025:10:06:34 +0800] "POST /InternetTrading/Portfolio HTTP/1.1" 200 1717
65.181.90.29 - - [12/Nov/2025:10:06:34 +0800] "POST /InternetTrading/SessionErrorLogger HTTP/1.1" 200 117
65.181.90.29 - - [12/Nov/2025:10:06:34 +0800] "POST /InternetTrading/Heartbeat HTTP/1.1" 200 32
65.181.90.29 - - [12/Nov/2025:10:06:35 +0800] "GET /InternetTrading/longpoll/54338?X-Atmosphere-tracking-id=0&X-Atmosphere-Framework=2.2.3-javascript&X-Atmosphere-Transport=long-polling&X-Atmosphere-TrackMessageSize=true&Content-Type=charset%3Dutf-8&X-atmo-protocol=true&_=1762913401526 HTTP/1.1" 200 -
14.0.169.116 - - [12/Nov/2025:10:06:35 +0800] "GET /InternetTrading/longpoll/A8127?X-Atmosphere-tracking-id=0&X-Atmosphere-Framework=2.2.3-javascript&X-Atmosphere-Transport=long-polling&X-Atmosphere-TrackMessageSize=true&Content-Type=charset%3Dutf-8&X-atmo-protocol=true&_=1762913400152 HTTP/1.1" 200 -
14.0.169.116 - - [12/Nov/2025:10:06:36 +0800] "POST /InternetTrading/SessionErrorLogger HTTP/1.1" 200 117
14.0.169.116 - - [12/Nov/2025:10:06:36 +0800] "POST /InternetTrading/MarketStatus HTTP/1.1" 200 772
183.178.37.129 - - [12/Nov/2025:10:06:37 +0800] "GET /InternetTrading/longpoll/56419?X-Atmosphere-tracking-id=0&X-Atmosphere-Framework=2.2.3-javascript&X-Atmosphere-Transport=long-polling&X-Atmosphere-TrackMessageSize=true&Content-Type=charset%3Dutf-8&X-atmo-protocol=true&_=1762913400764 HTTP/1.1" 200 -
58.152.215.195 - - [12/Nov/2025:10:06:37 +0800] "GET /InternetTrading/longpoll/55136?X-Atmosphere-tracking-id=0&X-Atmosphere-Framework=2.2.3-javascript&X-Atmosphere-Transport=long-polling&X-Atmosphere-TrackMessageSize=true&Content-Type=charset%3Dutf-8&X-atmo-protocol=true&_=1762913403592 HTTP/1.1" 200 -
65.181.90.29 - - [12/Nov/2025:10:06:40 +0800] "GET /InternetTrading/longpoll/54338?X-Atmosphere-tracking-id=0&X-Atmosphere-Framework=2.2.3-javascript&X-Atmosphere-Transport=long-polling&X-Atmosphere-TrackMessageSize=true&Content-Type=charset%3Dutf-8&X-atmo-protocol=true&_=1762913406573 HTTP/1.1" 200 -
14.0.169.116 - - [12/Nov/2025:10:06:40 +0800] "GET /InternetTrading/longpoll/A8127?X-Atmosphere-tracking-id=0&X-Atmosphere-Framework=2.2.3-javascript&X-Atmosphere-Transport=long-polling&X-Atmosphere-TrackMessageSize=true&Content-Type=charset%3Dutf-8&X-atmo-protocol=true&_=1762913405368 HTTP/1.1" 200 -
14.0.169.116 - - [12/Nov/2025:10:06:40 +0800] "POST /InternetTrading/SessionErrorLogger HTTP/1.1" 200 117
14.0.169.116 - - [12/Nov/2025:10:06:41 +0800] "POST /InternetTrading/Heartbeat HTTP/1.1" 200 32
183.178.37.129 - - [12/Nov/2025:10:06:42 +0800] "GET /InternetTrading/longpoll/56419?X-Atmosphere-tracking-id=0&X-Atmosphere-Framework=2.2.3-javascript&X-Atmosphere-Transport=long-polling&X-Atmosphere-TrackMessageSize=true&Content-Type=charset%3Dutf-8&X-atmo-protocol=true&_=1762913405786 HTTP/1.1" 200 -
183.178.37.129 - - [12/Nov/2025:10:06:42 +0800] "POST /InternetTrading/SessionErrorLogger HTTP/1.1" 200 117
183.178.37.129 - - [12/Nov/2025:10:06:42 +0800] "POST /InternetTrading/Heartbeat HTTP/1.1" 200 32
58.152.215.195 - - [12/Nov/2025:10:06:42 +0800] "GET /InternetTrading/longpoll/55136?X-Atmosphere-tracking-id=0&X-Atmosphere-Framework=2.2.3-javascript&X-Atmosphere-Transport=long-polling&X-Atmosphere-TrackMessageSize=true&Content-Type=charset%3Dutf-8&X-atmo-protocol=true&_=1762913408629 HTTP/1.1" 200 -
58.152.215.195 - - [12/Nov/2025:10:06:44 +0800] "POST /InternetTrading/SessionErrorLogger HTTP/1.1" 200 117
58.152.215.195 - - [12/Nov/2025:10:06:44 +0800] "POST /InternetTrading/Orderbook HTTP/1.1" 200 94
58.152.215.195 - - [12/Nov/2025:10:06:44 +0800] "GET /InternetTrading/jquery/wait.gif HTTP/1.1" 200 432
65.181.90.29 - - [12/Nov/2025:10:06:45 +0800] "GET /InternetTrading/longpoll/54338?X-Atmosphere-tracking-id=0&X-Atmosphere-Framework=2.2.3-javascript&X-Atmosphere-Transport=long-polling&X-Atmosphere-TrackMessageSize=true&Content-Type=charset%3Dutf-8&X-atmo-protocol=true&_=1762913411621 HTTP/1.1" 200 -
58.152.215.195 - - [12/Nov/2025:10:06:45 +0800] "GET /InternetTrading/jquery/wait.gif HTTP/1.1" 200 432
58.152.215.195 - - [12/Nov/2025:10:06:45 +0800] "POST /InternetTrading/SessionErrorLogger HTTP/1.1" 200 117
58.152.215.195 - - [12/Nov/2025:10:06:45 +0800] "POST /InternetTrading/Portfolio HTTP/1.1" 200 1793
14.0.169.116 - - [12/Nov/2025:10:06:45 +0800] "GET /InternetTrading/longpoll/A8127?X-Atmosphere-tracking-id=0&X-Atmosphere-Framework=2.2.3-javascript&X-Atmosphere-Transport=long-polling&X-Atmosphere-TrackMessageSize=true&Content-Type=charset%3Dutf-8&X-atmo-protocol=true&_=1762913410471 HTTP/1.1" 200 -
183.178.37.129 - - [12/Nov/2025:10:06:47 +0800] "GET /InternetTrading/longpoll/56419?X-Atmosphere-tracking-id=0&X-Atmosphere-Framework=2.2.3-javascript&X-Atmosphere-Transport=long-polling&X-Atmosphere-TrackMessageSize=true&Content-Type=charset%3Dutf-8&X-atmo-protocol=true&_=1762913410840 HTTP/1.1" 200 -
58.152.215.195 - - [12/Nov/2025:10:06:47 +0800] "GET /InternetTrading/longpoll/55136?X-Atmosphere-tracking-id=0&X-Atmosphere-Framework=2.2.3-javascript&X-Atmosphere-Transport=long-polling&X-Atmosphere-TrackMessageSize=true&Content-Type=charset%3Dutf-8&X-atmo-protocol=true&_=1762913413666 HTTP/1.1" 200 -
65.181.90.29 - - [12/Nov/2025:10:06:50 +0800] "GET /InternetTrading/longpoll/54338?X-Atmosphere-tracking-id=0&X-Atmosphere-Framework=2.2.3-javascript&X-Atmosphere-Transport=long-polling&X-Atmosphere-TrackMessageSize=true&Content-Type=charset%3Dutf-8&X-atmo-protocol=true&_=1762913416669 HTTP/1.1" 200 -
14.0.169.116 - - [12/Nov/2025:10:06:50 +0800] "GET /InternetTrading/longpoll/A8127?X-Atmosphere-tracking-id=0&X-Atmosphere-Framework=2.2.3-javascript&X-Atmosphere-Transport=long-polling&X-Atmosphere-TrackMessageSize=true&Content-Type=charset%3Dutf-8&X-atmo-protocol=true&_=1762913415590 HTTP/1.1" 200 -
183.178.37.129 - - [12/Nov/2025:10:06:52 +0800] "GET /InternetTrading/longpoll/56419?X-Atmosphere-tracking-id=0&X-Atmosphere-Framework=2.2.3-javascript&X-Atmosphere-Transport=long-polling&X-Atmosphere-TrackMessageSize=true&Content-Type=charset%3Dutf-8&X-atmo-protocol=true&_=1762913416165 HTTP/1.1" 200 -
58.152.215.195 - - [12/Nov/2025:10:06:53 +0800] "GET /InternetTrading/longpoll/55136?X-Atmosphere-tracking-id=0&X-Atmosphere-Framework=2.2.3-javascript&X-Atmosphere-Transport=long-polling&X-Atmosphere-TrackMessageSize=true&Content-Type=charset%3Dutf-8&X-atmo-protocol=true&_=1762913418695 HTTP/1.1" 200 -
58.152.215.195 - - [12/Nov/2025:10:06:54 +0800] "POST /InternetTrading/SessionErrorLogger HTTP/1.1" 200 117
58.152.215.195 - - [12/Nov/2025:10:06:54 +0800] "POST /InternetTrading/Heartbeat HTTP/1.1" 200 32
58.152.215.195 - - [12/Nov/2025:10:06:55 +0800] "POST /InternetTrading/SessionErrorLogger HTTP/1.1" 200 117
58.152.215.195 - - [12/Nov/2025:10:06:55 +0800] "POST /InternetTrading/MarketStatus HTTP/1.1" 200 772
65.181.90.29 - - [12/Nov/2025:10:06:55 +0800] "GET /InternetTrading/longpoll/54338?X-Atmosphere-tracking-id=0&X-Atmosphere-Framework=2.2.3-javascript&X-Atmosphere-Transport=long-polling&X-Atmosphere-TrackMessageSize=true&Content-Type=charset%3Dutf-8&X-atmo-protocol=true&_=1762913421717 HTTP/1.1" 200 -
183.178.37.129 - - [12/Nov/2025:10:06:55 +0800] "POST /InternetTrading/SessionErrorLogger HTTP/1.1" 200 117
183.178.37.129 - - [12/Nov/2025:10:06:55 +0800] "POST /InternetTrading/MarketStatus HTTP/1.1" 200 772
14.0.169.116 - - [12/Nov/2025:10:06:55 +0800] "GET /InternetTrading/longpoll/A8127?X-Atmosphere-tracking-id=0&X-Atmosphere-Framework=2.2.3-javascript&X-Atmosphere-Transport=long-polling&X-Atmosphere-TrackMessageSize=true&Content-Type=charset%3Dutf-8&X-atmo-protocol=true&_=1762913420873 HTTP/1.1" 200 -
183.178.37.129 - - [12/Nov/2025:10:06:57 +0800] "GET /InternetTrading/longpoll/56419?X-Atmosphere-tracking-id=0&X-Atmosphere-Framework=2.2.3-javascript&X-Atmosphere-Transport=long-polling&X-Atmosphere-TrackMessageSize=true&Content-Type=charset%3Dutf-8&X-atmo-protocol=true&_=1762913421227 HTTP/1.1" 200 -
58.152.215.195 - - [12/Nov/2025:10:06:58 +0800] "GET /InternetTrading/longpoll/55136?X-Atmosphere-tracking-id=0&X-Atmosphere-Framework=2.2.3-javascript&X-Atmosphere-Transport=long-polling&X-Atmosphere-TrackMessageSize=true&Content-Type=charset%3Dutf-8&X-atmo-protocol=true&_=1762913423781 HTTP/1.1" 200 -
65.181.90.29 - - [12/Nov/2025:10:07:00 +0800] "GET /InternetTrading/longpoll/54338?X-Atmosphere-tracking-id=0&X-Atmosphere-Framework=2.2.3-javascript&X-Atmosphere-Transport=long-polling&X-Atmosphere-TrackMessageSize=true&Content-Type=charset%3Dutf-8&X-atmo-protocol=true&_=1762913426859 HTTP/1.1" 200 -
65.181.90.29 - - [12/Nov/2025:10:07:00 +0800] "POST /InternetTrading/SessionErrorLogger HTTP/1.1" 200 117
65.181.90.29 - - [12/Nov/2025:10:07:00 +0800] "POST /InternetTrading/MarketStatus HTTP/1.1" 200 772
14.0.169.116 - - [12/Nov/2025:10:07:01 +0800] "GET /InternetTrading/longpoll/A8127?X-Atmosphere-tracking-id=0&X-Atmosphere-Framework=2.2.3-javascript&X-Atmosphere-Transport=long-polling&X-Atmosphere-TrackMessageSize=true&Content-Type=charset%3Dutf-8&X-atmo-protocol=true&_=1762913426143 HTTP/1.1" 200 -
183.178.37.129 - - [12/Nov/2025:10:07:02 +0800] "GET /InternetTrading/longpoll/56419?X-Atmosphere-tracking-id=0&X-Atmosphere-Framework=2.2.3-javascript&X-Atmosphere-Transport=long-polling&X-Atmosphere-TrackMessageSize=true&Content-Type=charset%3Dutf-8&X-atmo-protocol=true&_=1762913426249 HTTP/1.1" 200 -
58.152.215.195 - - [12/Nov/2025:10:07:03 +0800] "GET /InternetTrading/longpoll/55136?X-Atmosphere-tracking-id=0&X-Atmosphere-Framework=2.2.3-javascript&X-Atmosphere-Transport=long-polling&X-Atmosphere-TrackMessageSize=true&Content-Type=charset%3Dutf-8&X-atmo-protocol=true&_=1762913428813 HTTP/1.1" 200 -
65.181.90.29 - - [12/Nov/2025:10:07:04 +0800] "POST /InternetTrading/SessionErrorLogger HTTP/1.1" 200 117
65.181.90.29 - - [12/Nov/2025:10:07:04 +0800] "POST /InternetTrading/Heartbeat HTTP/1.1" 200 32
65.181.90.29 - - [12/Nov/2025:10:07:05 +0800] "GET /InternetTrading/longpoll/54338?X-Atmosphere-tracking-id=0&X-Atmosphere-Framework=2.2.3-javascript&X-Atmosphere-Transport=long-polling&X-Atmosphere-TrackMessageSize=true&Content-Type=charset%3Dutf-8&X-atmo-protocol=true&_=1762913431911 HTTP/1.1" 200 -
14.0.169.116 - - [12/Nov/2025:10:07:06 +0800] "POST /InternetTrading/SessionErrorLogger HTTP/1.1" 200 117
14.0.169.116 - - [12/Nov/2025:10:07:06 +0800] "POST /InternetTrading/MarketStatus HTTP/1.1" 200 772
14.0.169.116 - - [12/Nov/2025:10:07:06 +0800] "GET /InternetTrading/longpoll/A8127?X-Atmosphere-tracking-id=0&X-Atmosphere-Framework=2.2.3-javascript&X-Atmosphere-Transport=long-polling&X-Atmosphere-TrackMessageSize=true&Content-Type=charset%3Dutf-8&X-atmo-protocol=true&_=1762913431332 HTTP/1.1" 200 -
183.178.37.129 - - [12/Nov/2025:10:07:07 +0800] "GET /InternetTrading/longpoll/56419?X-Atmosphere-tracking-id=0&X-Atmosphere-Framework=2.2.3-javascript&X-Atmosphere-Transport=long-polling&X-Atmosphere-TrackMessageSize=true&Content-Type=charset%3Dutf-8&X-atmo-protocol=true&_=1762913431278 HTTP/1.1" 200 -
58.152.215.195 - - [12/Nov/2025:10:07:08 +0800] "GET /InternetTrading/longpoll/55136?X-Atmosphere-tracking-id=0&X-Atmosphere-Framework=2.2.3-javascript&X-Atmosphere-Transport=long-polling&X-Atmosphere-TrackMessageSize=true&Content-Type=charset%3Dutf-8&X-atmo-protocol=true&_=1762913433858 HTTP/1.1" 200 -
65.181.90.29 - - [12/Nov/2025:10:07:10 +0800] "GET /InternetTrading/longpoll/54338?X-Atmosphere-tracking-id=0&X-Atmosphere-Framework=2.2.3-javascript&X-Atmosphere-Transport=long-polling&X-Atmosphere-TrackMessageSize=true&Content-Type=charset%3Dutf-8&X-atmo-protocol=true&_=1762913436928 HTTP/1.1" 200 -
14.0.169.116 - - [12/Nov/2025:10:07:11 +0800] "POST /InternetTrading/SessionErrorLogger HTTP/1.1" 200 117
14.0.169.116 - - [12/Nov/2025:10:07:11 +0800] "POST /InternetTrading/Heartbeat HTTP/1.1" 200 32
14.0.169.116 - - [12/Nov/2025:10:07:11 +0800] "GET /InternetTrading/longpoll/A8127?X-Atmosphere-tracking-id=0&X-Atmosphere-Framework=2.2.3-javascript&X-Atmosphere-Transport=long-polling&X-Atmosphere-TrackMessageSize=true&Content-Type=charset%3Dutf-8&X-atmo-protocol=true&_=1762913436457 HTTP/1.1" 200 -
183.178.37.129 - - [12/Nov/2025:10:07:12 +0800] "POST /InternetTrading/SessionErrorLogger HTTP/1.1" 200 117
183.178.37.129 - - [12/Nov/2025:10:07:12 +0800] "POST /InternetTrading/Heartbeat HTTP/1.1" 200 32
183.178.37.129 - - [12/Nov/2025:10:07:12 +0800] "GET /InternetTrading/longpoll/56419?X-Atmosphere-tracking-id=0&X-Atmosphere-Framework=2.2.3-javascript&X-Atmosphere-Transport=long-polling&X-Atmosphere-TrackMessageSize=true&Content-Type=charset%3Dutf-8&X-atmo-protocol=true&_=1762913436313 HTTP/1.1" 200 -
58.152.215.195 - - [12/Nov/2025:10:07:13 +0800] "GET /InternetTrading/longpoll/55136?X-Atmosphere-tracking-id=0&X-Atmosphere-Framework=2.2.3-javascript&X-Atmosphere-Transport=long-polling&X-Atmosphere-TrackMessageSize=true&Content-Type=charset%3Dutf-8&X-atmo-protocol=true&_=1762913438900 HTTP/1.1" 200 -
65.181.90.29 - - [12/Nov/2025:10:07:15 +0800] "GET /InternetTrading/longpoll/54338?X-Atmosphere-tracking-id=0&X-Atmosphere-Framework=2.2.3-javascript&X-Atmosphere-Transport=long-polling&X-Atmosphere-TrackMessageSize=true&Content-Type=charset%3Dutf-8&X-atmo-protocol=true&_=1762913441976 HTTP/1.1" 200 -
14.0.169.116 - - [12/Nov/2025:10:07:16 +0800] "GET /InternetTrading/longpoll/A8127?X-Atmosphere-tracking-id=0&X-Atmosphere-Framework=2.2.3-javascript&X-Atmosphere-Transport=long-polling&X-Atmosphere-TrackMessageSize=true&Content-Type=charset%3Dutf-8&X-atmo-protocol=true&_=1762913441506 HTTP/1.1" 200 -
183.178.37.129 - - [12/Nov/2025:10:07:17 +0800] "GET /InternetTrading/longpoll/56419?X-Atmosphere-tracking-id=0&X-Atmosphere-Framework=2.2.3-javascript&X-Atmosphere-Transport=long-polling&X-Atmosphere-TrackMessageSize=true&Content-Type=charset%3Dutf-8&X-atmo-protocol=true&_=1762913441342 HTTP/1.1" 200 -
58.152.215.195 - - [12/Nov/2025:10:07:18 +0800] "GET /InternetTrading/longpoll/55136?X-Atmosphere-tracking-id=0&X-Atmosphere-Framework=2.2.3-javascript&X-Atmosphere-Transport=long-polling&X-Atmosphere-TrackMessageSize=true&Content-Type=charset%3Dutf-8&X-atmo-protocol=true&_=1762913443937 HTTP/1.1" 200 -
65.181.90.29 - - [12/Nov/2025:10:07:20 +0800] "GET /InternetTrading/longpoll/54338?X-Atmosphere-tracking-id=0&X-Atmosphere-Framework=2.2.3-javascript&X-Atmosphere-Transport=long-polling&X-Atmosphere-TrackMessageSize=true&Content-Type=charset%3Dutf-8&X-atmo-protocol=true&_=1762913447039 HTTP/1.1" 200 -
14.0.169.116 - - [12/Nov/2025:10:07:21 +0800] "GET /InternetTrading/longpoll/A8127?X-Atmosphere-tracking-id=0&X-Atmosphere-Framework=2.2.3-javascript&X-Atmosphere-Transport=long-polling&X-Atmosphere-TrackMessageSize=true&Content-Type=charset%3Dutf-8&X-atmo-protocol=true&_=1762913446648 HTTP/1.1" 200 -
183.178.37.129 - - [12/Nov/2025:10:07:22 +0800] "GET /InternetTrading/longpoll/56419?X-Atmosphere-tracking-id=0&X-Atmosphere-Framework=2.2.3-javascript&X-Atmosphere-Transport=long-polling&X-Atmosphere-TrackMessageSize=true&Content-Type=charset%3Dutf-8&X-atmo-protocol=true&_=1762913446390 HTTP/1.1" 200 -
58.152.215.195 - - [12/Nov/2025:10:07:23 +0800] "GET /InternetTrading/longpoll/55136?X-Atmosphere-tracking-id=0&X-Atmosphere-Framework=2.2.3-javascript&X-Atmosphere-Transport=long-polling&X-Atmosphere-TrackMessageSize=true&Content-Type=charset%3Dutf-8&X-atmo-protocol=true&_=1762913448985 HTTP/1.1" 200 -
58.152.215.195 - - [12/Nov/2025:10:07:24 +0800] "POST /InternetTrading/SessionErrorLogger HTTP/1.1" 200 117
58.152.215.195 - - [12/Nov/2025:10:07:24 +0800] "POST /InternetTrading/Heartbeat HTTP/1.1" 200 32
58.152.215.195 - - [12/Nov/2025:10:07:25 +0800] "POST /InternetTrading/SessionErrorLogger HTTP/1.1" 200 117
58.152.215.195 - - [12/Nov/2025:10:07:25 +0800] "POST /InternetTrading/MarketStatus HTTP/1.1" 200 772
65.181.90.29 - - [12/Nov/2025:10:07:25 +0800] "GET /InternetTrading/longpoll/54338?X-Atmosphere-tracking-id=0&X-Atmosphere-Framework=2.2.3-javascript&X-Atmosphere-Transport=long-polling&X-Atmosphere-TrackMessageSize=true&Content-Type=charset%3Dutf-8&X-atmo-protocol=true&_=1762913452087 HTTP/1.1" 200 -
183.178.37.129 - - [12/Nov/2025:10:07:25 +0800] "POST /InternetTrading/SessionErrorLogger HTTP/1.1" 200 117
183.178.37.129 - - [12/Nov/2025:10:07:25 +0800] "POST /InternetTrading/MarketStatus HTTP/1.1" 200 772
183.178.37.129 - - [12/Nov/2025:10:07:26 +0800] "GET /InternetTrading/jquery/wait.gif HTTP/1.1" 200 432
183.178.37.129 - - [12/Nov/2025:10:07:26 +0800] "POST /InternetTrading/SessionErrorLogger HTTP/1.1" 200 117
183.178.37.129 - - [12/Nov/2025:10:07:26 +0800] "POST /InternetTrading/Orderbook HTTP/1.1" 200 1421
14.0.169.116 - - [12/Nov/2025:10:07:26 +0800] "GET /InternetTrading/longpoll/A8127?X-Atmosphere-tracking-id=0&X-Atmosphere-Framework=2.2.3-javascript&X-Atmosphere-Transport=long-polling&X-Atmosphere-TrackMessageSize=true&Content-Type=charset%3Dutf-8&X-atmo-protocol=true&_=1762913451892 HTTP/1.1" 200 -
183.178.37.129 - - [12/Nov/2025:10:07:27 +0800] "GET /InternetTrading/longpoll/56419?X-Atmosphere-tracking-id=0&X-Atmosphere-Framework=2.2.3-javascript&X-Atmosphere-Transport=long-polling&X-Atmosphere-TrackMessageSize=true&Content-Type=charset%3Dutf-8&X-atmo-protocol=true&_=1762913451412 HTTP/1.1" 200 -
58.152.215.195 - - [12/Nov/2025:10:07:28 +0800] "GET /InternetTrading/longpoll/55136?X-Atmosphere-tracking-id=0&X-Atmosphere-Framework=2.2.3-javascript&X-Atmosphere-Transport=long-polling&X-Atmosphere-TrackMessageSize=true&Content-Type=charset%3Dutf-8&X-atmo-protocol=true&_=1762913454020 HTTP/1.1" 200 -
65.181.90.29 - - [12/Nov/2025:10:07:30 +0800] "POST /InternetTrading/SessionErrorLogger HTTP/1.1" 200 117
65.181.90.29 - - [12/Nov/2025:10:07:30 +0800] "POST /InternetTrading/MarketStatus HTTP/1.1" 200 772
65.181.90.29 - - [12/Nov/2025:10:07:30 +0800] "GET /InternetTrading/longpoll/54338?X-Atmosphere-tracking-id=0&X-Atmosphere-Framework=2.2.3-javascript&X-Atmosphere-Transport=long-polling&X-Atmosphere-TrackMessageSize=true&Content-Type=charset%3Dutf-8&X-atmo-protocol=true&_=1762913457120 HTTP/1.1" 200 -
14.0.169.116 - - [12/Nov/2025:10:07:32 +0800] "GET /InternetTrading/longpoll/A8127?X-Atmosphere-tracking-id=0&X-Atmosphere-Framework=2.2.3-javascript&X-Atmosphere-Transport=long-polling&X-Atmosphere-TrackMessageSize=true&Content-Type=charset%3Dutf-8&X-atmo-protocol=true&_=1762913457169 HTTP/1.1" 200 -
183.178.37.129 - - [12/Nov/2025:10:07:32 +0800] "GET /InternetTrading/longpoll/56419?X-Atmosphere-tracking-id=0&X-Atmosphere-Framework=2.2.3-javascript&X-Atmosphere-Transport=long-polling&X-Atmosphere-TrackMessageSize=true&Content-Type=charset%3Dutf-8&X-atmo-protocol=true&_=1762913456436 HTTP/1.1" 200 -
58.152.215.195 - - [12/Nov/2025:10:07:33 +0800] "GET /InternetTrading/longpoll/55136?X-Atmosphere-tracking-id=0&X-Atmosphere-Framework=2.2.3-javascript&X-Atmosphere-Transport=long-polling&X-Atmosphere-TrackMessageSize=true&Content-Type=charset%3Dutf-8&X-atmo-protocol=true&_=1762913459046 HTTP/1.1" 200 -
65.181.90.29 - - [12/Nov/2025:10:07:34 +0800] "POST /InternetTrading/SessionErrorLogger HTTP/1.1" 200 117
65.181.90.29 - - [12/Nov/2025:10:07:35 +0800] "POST /InternetTrading/Heartbeat HTTP/1.1" 200 32
65.181.90.29 - - [12/Nov/2025:10:07:35 +0800] "GET /InternetTrading/longpoll/54338?X-Atmosphere-tracking-id=0&X-Atmosphere-Framework=2.2.3-javascript&X-Atmosphere-Transport=long-polling&X-Atmosphere-TrackMessageSize=true&Content-Type=charset%3Dutf-8&X-atmo-protocol=true&_=1762913462143 HTTP/1.1" 200 -
14.0.169.116 - - [12/Nov/2025:10:07:36 +0800] "POST /InternetTrading/SessionErrorLogger HTTP/1.1" 200 117
14.0.169.116 - - [12/Nov/2025:10:07:36 +0800] "POST /InternetTrading/MarketStatus HTTP/1.1" 200 772
14.0.169.116 - - [12/Nov/2025:10:07:37 +0800] "GET /InternetTrading/longpoll/A8127?X-Atmosphere-tracking-id=0&X-Atmosphere-Framework=2.2.3-javascript&X-Atmosphere-Transport=long-polling&X-Atmosphere-TrackMessageSize=true&Content-Type=charset%3Dutf-8&X-atmo-protocol=true&_=1762913462455 HTTP/1.1" 200 -
183.178.37.129 - - [12/Nov/2025:10:07:37 +0800] "GET /InternetTrading/longpoll/56419?X-Atmosphere-tracking-id=0&X-Atmosphere-Framework=2.2.3-javascript&X-Atmosphere-Transport=long-polling&X-Atmosphere-TrackMessageSize=true&Content-Type=charset%3Dutf-8&X-atmo-protocol=true&_=1762913461470 HTTP/1.1" 200 -
58.152.215.195 - - [12/Nov/2025:10:07:38 +0800] "GET /InternetTrading/longpoll/55136?X-Atmosphere-tracking-id=0&X-Atmosphere-Framework=2.2.3-javascript&X-Atmosphere-Transport=long-polling&X-Atmosphere-TrackMessageSize=true&Content-Type=charset%3Dutf-8&X-atmo-protocol=true&_=1762913464099 HTTP/1.1" 200 -
65.181.90.29 - - [12/Nov/2025:10:07:40 +0800] "GET /InternetTrading/longpoll/54338?X-Atmosphere-tracking-id=0&X-Atmosphere-Framework=2.2.3-javascript&X-Atmosphere-Transport=long-polling&X-Atmosphere-TrackMessageSize=true&Content-Type=charset%3Dutf-8&X-atmo-protocol=true&_=1762913467175 HTTP/1.1" 200 -
14.0.169.116 - - [12/Nov/2025:10:07:41 +0800] "POST /InternetTrading/SessionErrorLogger HTTP/1.1" 200 117
14.0.169.116 - - [12/Nov/2025:10:07:41 +0800] "POST /InternetTrading/Heartbeat HTTP/1.1" 200 32
183.178.37.129 - - [12/Nov/2025:10:07:42 +0800] "POST /InternetTrading/SessionErrorLogger HTTP/1.1" 200 117
183.178.37.129 - - [12/Nov/2025:10:07:42 +0800] "POST /InternetTrading/Heartbeat HTTP/1.1" 200 32
14.0.169.116 - - [12/Nov/2025:10:07:42 +0800] "GET /InternetTrading/longpoll/A8127?X-Atmosphere-tracking-id=0&X-Atmosphere-Framework=2.2.3-javascript&X-Atmosphere-Transport=long-polling&X-Atmosphere-TrackMessageSize=true&Content-Type=charset%3Dutf-8&X-atmo-protocol=true&_=1762913467595 HTTP/1.1" 200 -
183.178.37.129 - - [12/Nov/2025:10:07:42 +0800] "GET /InternetTrading/longpoll/56419?X-Atmosphere-tracking-id=0&X-Atmosphere-Framework=2.2.3-javascript&X-Atmosphere-Transport=long-polling&X-Atmosphere-TrackMessageSize=true&Content-Type=charset%3Dutf-8&X-atmo-protocol=true&_=1762913466513 HTTP/1.1" 200 -
58.152.215.195 - - [12/Nov/2025:10:07:43 +0800] "GET /InternetTrading/longpoll/55136?X-Atmosphere-tracking-id=0&X-Atmosphere-Framework=2.2.3-javascript&X-Atmosphere-Transport=long-polling&X-Atmosphere-TrackMessageSize=true&Content-Type=charset%3Dutf-8&X-atmo-protocol=true&_=1762913469136 HTTP/1.1" 200 -
65.181.90.29 - - [12/Nov/2025:10:07:45 +0800] "GET /InternetTrading/longpoll/54338?X-Atmosphere-tracking-id=0&X-Atmosphere-Framework=2.2.3-javascript&X-Atmosphere-Transport=long-polling&X-Atmosphere-TrackMessageSize=true&Content-Type=charset%3Dutf-8&X-atmo-protocol=true&_=1762913472223 HTTP/1.1" 200 -
14.0.169.116 - - [12/Nov/2025:10:07:47 +0800] "GET /InternetTrading/longpoll/A8127?X-Atmosphere-tracking-id=0&X-Atmosphere-Framework=2.2.3-javascript&X-Atmosphere-Transport=long-polling&X-Atmosphere-TrackMessageSize=true&Content-Type=charset%3Dutf-8&X-atmo-protocol=true&_=1762913472706 HTTP/1.1" 200 -
183.178.37.129 - - [12/Nov/2025:10:07:47 +0800] "GET /InternetTrading/longpoll/56419?X-Atmosphere-tracking-id=0&X-Atmosphere-Framework=2.2.3-javascript&X-Atmosphere-Transport=long-polling&X-Atmosphere-TrackMessageSize=true&Content-Type=charset%3Dutf-8&X-atmo-protocol=true&_=1762913471545 HTTP/1.1" 200 -
58.152.215.195 - - [12/Nov/2025:10:07:48 +0800] "GET /InternetTrading/longpoll/55136?X-Atmosphere-tracking-id=0&X-Atmosphere-Framework=2.2.3-javascript&X-Atmosphere-Transport=long-polling&X-Atmosphere-TrackMessageSize=true&Content-Type=charset%3Dutf-8&X-atmo-protocol=true&_=1762913474184 HTTP/1.1" 200 -
65.181.90.29 - - [12/Nov/2025:10:07:50 +0800] "GET /InternetTrading/longpoll/54338?X-Atmosphere-tracking-id=0&X-Atmosphere-Framework=2.2.3-javascript&X-Atmosphere-Transport=long-polling&X-Atmosphere-TrackMessageSize=true&Content-Type=charset%3Dutf-8&X-atmo-protocol=true&_=1762913477282 HTTP/1.1" 200 -
183.178.37.129 - - [12/Nov/2025:10:07:52 +0800] "GET /InternetTrading/longpoll/56419?X-Atmosphere-tracking-id=0&X-Atmosphere-Framework=2.2.3-javascript&X-Atmosphere-Transport=long-polling&X-Atmosphere-TrackMessageSize=true&Content-Type=charset%3Dutf-8&X-atmo-protocol=true&_=1762913476588 HTTP/1.1" 200 -
14.0.169.116 - - [12/Nov/2025:10:07:53 +0800] "GET /InternetTrading/longpoll/A8127?X-Atmosphere-tracking-id=0&X-Atmosphere-Framework=2.2.3-javascript&X-Atmosphere-Transport=long-polling&X-Atmosphere-TrackMessageSize=true&Content-Type=charset%3Dutf-8&X-atmo-protocol=true&_=1762913477988 HTTP/1.1" 200 -
58.152.215.195 - - [12/Nov/2025:10:07:53 +0800] "GET /InternetTrading/longpoll/55136?X-Atmosphere-tracking-id=0&X-Atmosphere-Framework=2.2.3-javascript&X-Atmosphere-Transport=long-polling&X-Atmosphere-TrackMessageSize=true&Content-Type=charset%3Dutf-8&X-atmo-protocol=true&_=1762913479224 HTTP/1.1" 200 -
58.152.215.195 - - [12/Nov/2025:10:07:54 +0800] "POST /InternetTrading/SessionErrorLogger HTTP/1.1" 200 117
58.152.215.195 - - [12/Nov/2025:10:07:54 +0800] "POST /InternetTrading/Heartbeat HTTP/1.1" 200 32
58.152.215.195 - - [12/Nov/2025:10:07:55 +0800] "POST /InternetTrading/SessionErrorLogger HTTP/1.1" 200 117
58.152.215.195 - - [12/Nov/2025:10:07:55 +0800] "POST /InternetTrading/MarketStatus HTTP/1.1" 200 772
183.178.37.129 - - [12/Nov/2025:10:07:55 +0800] "POST /InternetTrading/SessionErrorLogger HTTP/1.1" 200 117
183.178.37.129 - - [12/Nov/2025:10:07:55 +0800] "POST /InternetTrading/MarketStatus HTTP/1.1" 200 772
65.181.90.29 - - [12/Nov/2025:10:07:55 +0800] "GET /InternetTrading/longpoll/54338?X-Atmosphere-tracking-id=0&X-Atmosphere-Framework=2.2.3-javascript&X-Atmosphere-Transport=long-polling&X-Atmosphere-TrackMessageSize=true&Content-Type=charset%3Dutf-8&X-atmo-protocol=true&_=1762913482330 HTTP/1.1" 200 -
183.178.37.129 - - [12/Nov/2025:10:07:57 +0800] "GET /InternetTrading/longpoll/56419?X-Atmosphere-tracking-id=0&X-Atmosphere-Framework=2.2.3-javascript&X-Atmosphere-Transport=long-polling&X-Atmosphere-TrackMessageSize=true&Content-Type=charset%3Dutf-8&X-atmo-protocol=true&_=1762913481632 HTTP/1.1" 200 -
14.0.169.116 - - [12/Nov/2025:10:07:58 +0800] "GET /InternetTrading/longpoll/A8127?X-Atmosphere-tracking-id=0&X-Atmosphere-Framework=2.2.3-javascript&X-Atmosphere-Transport=long-polling&X-Atmosphere-TrackMessageSize=true&Content-Type=charset%3Dutf-8&X-atmo-protocol=true&_=1762913483414 HTTP/1.1" 200 -
58.152.215.195 - - [12/Nov/2025:10:07:58 +0800] "GET /InternetTrading/longpoll/55136?X-Atmosphere-tracking-id=0&X-Atmosphere-Framework=2.2.3-javascript&X-Atmosphere-Transport=long-polling&X-Atmosphere-TrackMessageSize=true&Content-Type=charset%3Dutf-8&X-atmo-protocol=true&_=1762913484259 HTTP/1.1" 200 -
65.181.90.29 - - [12/Nov/2025:10:08:00 +0800] "POST /InternetTrading/SessionErrorLogger HTTP/1.1" 200 117
65.181.90.29 - - [12/Nov/2025:10:08:00 +0800] "POST /InternetTrading/MarketStatus HTTP/1.1" 200 772
65.181.90.29 - - [12/Nov/2025:10:08:00 +0800] "GET /InternetTrading/longpoll/54338?X-Atmosphere-tracking-id=0&X-Atmosphere-Framework=2.2.3-javascript&X-Atmosphere-Transport=long-polling&X-Atmosphere-TrackMessageSize=true&Content-Type=charset%3Dutf-8&X-atmo-protocol=true&_=1762913487394 HTTP/1.1" 200 -
183.178.37.129 - - [12/Nov/2025:10:08:02 +0800] "GET /InternetTrading/jquery/wait.gif HTTP/1.1" 200 432
183.178.37.129 - - [12/Nov/2025:10:08:02 +0800] "POST /InternetTrading/SessionErrorLogger HTTP/1.1" 200 117
183.178.37.129 - - [12/Nov/2025:10:08:02 +0800] "POST /InternetTrading/Portfolio HTTP/1.1" 200 1686
183.178.37.129 - - [12/Nov/2025:10:08:02 +0800] "GET /InternetTrading/longpoll/56419?X-Atmosphere-tracking-id=0&X-Atmosphere-Framework=2.2.3-javascript&X-Atmosphere-Transport=long-polling&X-Atmosphere-TrackMessageSize=true&Content-Type=charset%3Dutf-8&X-atmo-protocol=true&_=1762913486645 HTTP/1.1" 200 -
14.0.169.116 - - [12/Nov/2025:10:08:03 +0800] "GET /InternetTrading/longpoll/A8127?X-Atmosphere-tracking-id=0&X-Atmosphere-Framework=2.2.3-javascript&X-Atmosphere-Transport=long-polling&X-Atmosphere-TrackMessageSize=true&Content-Type=charset%3Dutf-8&X-atmo-protocol=true&_=1762913488618 HTTP/1.1" 200 -
58.152.215.195 - - [12/Nov/2025:10:08:03 +0800] "GET /InternetTrading/longpoll/55136?X-Atmosphere-tracking-id=0&X-Atmosphere-Framework=2.2.3-javascript&X-Atmosphere-Transport=long-polling&X-Atmosphere-TrackMessageSize=true&Content-Type=charset%3Dutf-8&X-atmo-protocol=true&_=1762913489293 HTTP/1.1" 200 -
183.178.37.129 - - [12/Nov/2025:10:08:04 +0800] "POST /InternetTrading/SessionErrorLogger HTTP/1.1" 200 117
183.178.37.129 - - [12/Nov/2025:10:08:04 +0800] "GET /InternetTrading/tc/buy_ticket.html? HTTP/1.1" 200 1995
183.178.37.129 - - [12/Nov/2025:10:08:04 +0800] "POST /InternetTrading/SessionErrorLogger HTTP/1.1" 200 117
183.178.37.129 - - [12/Nov/2025:10:08:04 +0800] "POST /InternetTrading/SessionErrorLogger HTTP/1.1" 200 117
183.178.37.129 - - [12/Nov/2025:10:08:04 +0800] "POST /InternetTrading/MarketStatus HTTP/1.1" 200 772
183.178.37.129 - - [12/Nov/2025:10:08:04 +0800] "POST /InternetTrading/MarketStatus HTTP/1.1" 200 772
183.178.37.129 - - [12/Nov/2025:10:08:04 +0800] "POST /InternetTrading/SessionErrorLogger HTTP/1.1" 200 117
183.178.37.129 - - [12/Nov/2025:10:08:04 +0800] "POST /InternetTrading/Product HTTP/1.1" 200 304
65.181.90.29 - - [12/Nov/2025:10:08:05 +0800] "POST /InternetTrading/SessionErrorLogger HTTP/1.1" 200 117
65.181.90.29 - - [12/Nov/2025:10:08:05 +0800] "POST /InternetTrading/Heartbeat HTTP/1.1" 200 32
65.181.90.29 - - [12/Nov/2025:10:08:05 +0800] "GET /InternetTrading/longpoll/54338?X-Atmosphere-tracking-id=0&X-Atmosphere-Framework=2.2.3-javascript&X-Atmosphere-Transport=long-polling&X-Atmosphere-TrackMessageSize=true&Content-Type=charset%3Dutf-8&X-atmo-protocol=true&_=1762913492444 HTTP/1.1" 200 -
14.0.169.116 - - [12/Nov/2025:10:08:06 +0800] "POST /InternetTrading/SessionErrorLogger HTTP/1.1" 200 117
14.0.169.116 - - [12/Nov/2025:10:08:06 +0800] "POST /InternetTrading/MarketStatus HTTP/1.1" 200 772
183.178.37.129 - - [12/Nov/2025:10:08:08 +0800] "GET /InternetTrading/longpoll/56419?X-Atmosphere-tracking-id=0&X-Atmosphere-Framework=2.2.3-javascript&X-Atmosphere-Transport=long-polling&X-Atmosphere-TrackMessageSize=true&Content-Type=charset%3Dutf-8&X-atmo-protocol=true&_=1762913491665 HTTP/1.1" 200 -
58.152.215.195 - - [12/Nov/2025:10:08:08 +0800] "GET /InternetTrading/longpoll/55136?X-Atmosphere-tracking-id=0&X-Atmosphere-Framework=2.2.3-javascript&X-Atmosphere-Transport=long-polling&X-Atmosphere-TrackMessageSize=true&Content-Type=charset%3Dutf-8&X-atmo-protocol=true&_=1762913494327 HTTP/1.1" 200 -
14.0.169.116 - - [12/Nov/2025:10:08:08 +0800] "GET /InternetTrading/longpoll/A8127?X-Atmosphere-tracking-id=0&X-Atmosphere-Framework=2.2.3-javascript&X-Atmosphere-Transport=long-polling&X-Atmosphere-TrackMessageSize=true&Content-Type=charset%3Dutf-8&X-atmo-protocol=true&_=1762913493830 HTTP/1.1" 200 -
183.178.37.129 - - [12/Nov/2025:10:08:10 +0800] "POST /InternetTrading/SessionErrorLogger HTTP/1.1" 200 117
183.178.37.129 - - [12/Nov/2025:10:08:10 +0800] "POST /InternetTrading/OrderMaxQuantity HTTP/1.1" 200 7
65.181.90.29 - - [12/Nov/2025:10:08:11 +0800] "GET /InternetTrading/longpoll/54338?X-Atmosphere-tracking-id=0&X-Atmosphere-Framework=2.2.3-javascript&X-Atmosphere-Transport=long-polling&X-Atmosphere-TrackMessageSize=true&Content-Type=charset%3Dutf-8&X-atmo-protocol=true&_=1762913497506 HTTP/1.1" 200 -
65.181.90.29 - - [12/Nov/2025:10:08:11 +0800] "POST /InternetTrading/SessionErrorLogger HTTP/1.1" 200 117
65.181.90.29 - - [12/Nov/2025:10:08:11 +0800] "GET /InternetTrading/tc/buy_ticket.html? HTTP/1.1" 200 1995
14.0.169.116 - - [12/Nov/2025:10:08:11 +0800] "POST /InternetTrading/SessionErrorLogger HTTP/1.1" 200 117
65.181.90.29 - - [12/Nov/2025:10:08:11 +0800] "POST /InternetTrading/SessionErrorLogger HTTP/1.1" 200 117
65.181.90.29 - - [12/Nov/2025:10:08:11 +0800] "POST /InternetTrading/MarketStatus HTTP/1.1" 200 772
65.181.90.29 - - [12/Nov/2025:10:08:11 +0800] "POST /InternetTrading/SessionErrorLogger HTTP/1.1" 200 117
65.181.90.29 - - [12/Nov/2025:10:08:11 +0800] "POST /InternetTrading/MarketStatus HTTP/1.1" 200 772
14.0.169.116 - - [12/Nov/2025:10:08:11 +0800] "POST /InternetTrading/Heartbeat HTTP/1.1" 200 32
183.178.37.129 - - [12/Nov/2025:10:08:12 +0800] "POST /InternetTrading/SessionErrorLogger HTTP/1.1" 200 117
183.178.37.129 - - [12/Nov/2025:10:08:12 +0800] "POST /InternetTrading/Heartbeat HTTP/1.1" 200 32
183.178.37.129 - - [12/Nov/2025:10:08:13 +0800] "GET /InternetTrading/longpoll/56419?X-Atmosphere-tracking-id=0&X-Atmosphere-Framework=2.2.3-javascript&X-Atmosphere-Transport=long-polling&X-Atmosphere-TrackMessageSize=true&Content-Type=charset%3Dutf-8&X-atmo-protocol=true&_=1762913496684 HTTP/1.1" 200 -
183.178.37.129 - - [12/Nov/2025:10:08:13 +0800] "POST /InternetTrading/SessionErrorLogger HTTP/1.1" 200 117
58.152.215.195 - - [12/Nov/2025:10:08:13 +0800] "GET /InternetTrading/longpoll/55136?X-Atmosphere-tracking-id=0&X-Atmosphere-Framework=2.2.3-javascript&X-Atmosphere-Transport=long-polling&X-Atmosphere-TrackMessageSize=true&Content-Type=charset%3Dutf-8&X-atmo-protocol=true&_=1762913499366 HTTP/1.1" 200 -
183.178.37.129 - - [12/Nov/2025:10:08:13 +0800] "POST /InternetTrading/LoginKey HTTP/1.1" 200 -
183.178.37.129 - - [12/Nov/2025:10:08:13 +0800] "GET /InternetTrading/jquery/wait.gif HTTP/1.1" 200 432
183.178.37.129 - - [12/Nov/2025:10:08:13 +0800] "POST /InternetTrading/PreOrder HTTP/1.1" 200 1211
14.0.169.116 - - [12/Nov/2025:10:08:13 +0800] "GET /InternetTrading/longpoll/A8127?X-Atmosphere-tracking-id=0&X-Atmosphere-Framework=2.2.3-javascript&X-Atmosphere-Transport=long-polling&X-Atmosphere-TrackMessageSize=true&Content-Type=charset%3Dutf-8&X-atmo-protocol=true&_=1762913498949 HTTP/1.1" 200 -
183.178.37.129 - - [12/Nov/2025:10:08:14 +0800] "POST /InternetTrading/SessionErrorLogger HTTP/1.1" 200 117
183.178.37.129 - - [12/Nov/2025:10:08:14 +0800] "GET /InternetTrading/Csrf?url=/Order HTTP/1.1" 200 126
183.178.37.129 - - [12/Nov/2025:10:08:14 +0800] "POST /InternetTrading/SessionErrorLogger HTTP/1.1" 200 117
183.178.37.129 - - [12/Nov/2025:10:08:14 +0800] "POST /InternetTrading/LoginKey HTTP/1.1" 200 -
183.178.37.129 - - [12/Nov/2025:10:08:14 +0800] "POST /InternetTrading/SessionErrorLogger HTTP/1.1" 200 117
183.178.37.129 - - [12/Nov/2025:10:08:14 +0800] "POST /InternetTrading/Order?csrf_nonce=81AB09186FAFBFB80EEC30A0AEBA95D2 HTTP/1.1" 200 1017
183.178.37.129 - - [12/Nov/2025:10:08:14 +0800] "POST /InternetTrading/SessionErrorLogger HTTP/1.1" 200 117
183.178.37.129 - - [12/Nov/2025:10:08:14 +0800] "GET /InternetTrading/tc/buy_ticket.html? HTTP/1.1" 200 1995
183.178.37.129 - - [12/Nov/2025:10:08:14 +0800] "POST /InternetTrading/SessionErrorLogger HTTP/1.1" 200 117
183.178.37.129 - - [12/Nov/2025:10:08:15 +0800] "POST /InternetTrading/MarketStatus HTTP/1.1" 200 772
