183.178.37.129 - - [12/Nov/2025:10:14:13 +0800] "GET /InternetTrading/longpoll/56419?X-Atmosphere-tracking-id=0&X-Atmosphere-Framework=2.2.3-javascript&X-Atmosphere-Transport=long-polling&X-Atmosphere-TrackMessageSize=true&Content-Type=charset%3Dutf-8&X-atmo-protocol=true&_=1762913857385 HTTP/1.1" 200 -
183.178.37.129 - - [12/Nov/2025:10:14:15 +0800] "POST /InternetTrading/SessionErrorLogger HTTP/1.1" 200 117
183.178.37.129 - - [12/Nov/2025:10:14:15 +0800] "POST /InternetTrading/MarketStatus HTTP/1.1" 200 772
58.152.215.195 - - [12/Nov/2025:10:14:16 +0800] "GET /InternetTrading/longpoll/55136?X-Atmosphere-tracking-id=0&X-Atmosphere-Framework=2.2.3-javascript&X-Atmosphere-Transport=long-polling&X-Atmosphere-TrackMessageSize=true&Content-Type=charset%3Dutf-8&X-atmo-protocol=true&_=1762913861969 HTTP/1.1" 200 -
14.0.169.116 - - [12/Nov/2025:10:14:18 +0800] "GET /InternetTrading/longpoll/A8127?X-Atmosphere-tracking-id=0&X-Atmosphere-Framework=2.2.3-javascript&X-Atmosphere-Transport=long-polling&X-Atmosphere-TrackMessageSize=true&Content-Type=charset%3Dutf-8&X-atmo-protocol=true&_=1762913862939 HTTP/1.1" 200 -
183.178.37.129 - - [12/Nov/2025:10:14:18 +0800] "GET /InternetTrading/longpoll/56419?X-Atmosphere-tracking-id=0&X-Atmosphere-Framework=2.2.3-javascript&X-Atmosphere-Transport=long-polling&X-Atmosphere-TrackMessageSize=true&Content-Type=charset%3Dutf-8&X-atmo-protocol=true&_=1762913862400 HTTP/1.1" 200 -
65.181.90.29 - - [12/Nov/2025:10:14:18 +0800] "GET /InternetTrading/longpoll/54338?X-Atmosphere-tracking-id=0&X-Atmosphere-Framework=2.2.3-javascript&X-Atmosphere-Transport=long-polling&X-Atmosphere-TrackMessageSize=true&Content-Type=charset%3Dutf-8&X-atmo-protocol=true&_=1762913865231 HTTP/1.1" 200 -
65.181.90.29 - - [12/Nov/2025:10:14:20 +0800] "POST /InternetTrading/SessionErrorLogger HTTP/1.1" 200 117
65.181.90.29 - - [12/Nov/2025:10:14:20 +0800] "POST /InternetTrading/MarketStatus HTTP/1.1" 200 772
58.152.215.195 - - [12/Nov/2025:10:14:21 +0800] "GET /InternetTrading/longpoll/55136?X-Atmosphere-tracking-id=0&X-Atmosphere-Framework=2.2.3-javascript&X-Atmosphere-Transport=long-polling&X-Atmosphere-TrackMessageSize=true&Content-Type=charset%3Dutf-8&X-atmo-protocol=true&_=1762913867008 HTTP/1.1" 200 -
14.0.169.116 - - [12/Nov/2025:10:14:23 +0800] "GET /InternetTrading/longpoll/A8127?X-Atmosphere-tracking-id=0&X-Atmosphere-Framework=2.2.3-javascript&X-Atmosphere-Transport=long-polling&X-Atmosphere-TrackMessageSize=true&Content-Type=charset%3Dutf-8&X-atmo-protocol=true&_=1762913868212 HTTP/1.1" 200 -
65.181.90.29 - - [12/Nov/2025:10:14:23 +0800] "GET /InternetTrading/longpoll/54338?X-Atmosphere-tracking-id=0&X-Atmosphere-Framework=2.2.3-javascript&X-Atmosphere-Transport=long-polling&X-Atmosphere-TrackMessageSize=true&Content-Type=charset%3Dutf-8&X-atmo-protocol=true&_=1762913870268 HTTP/1.1" 200 -
183.178.37.129 - - [12/Nov/2025:10:14:23 +0800] "GET /InternetTrading/longpoll/56419?X-Atmosphere-tracking-id=0&X-Atmosphere-Framework=2.2.3-javascript&X-Atmosphere-Transport=long-polling&X-Atmosphere-TrackMessageSize=true&Content-Type=charset%3Dutf-8&X-atmo-protocol=true&_=1762913867423 HTTP/1.1" 200 -
58.152.215.195 - - [12/Nov/2025:10:14:25 +0800] "POST /InternetTrading/SessionErrorLogger HTTP/1.1" 200 117
58.152.215.195 - - [12/Nov/2025:10:14:25 +0800] "POST /InternetTrading/Heartbeat HTTP/1.1" 200 32
58.152.215.195 - - [12/Nov/2025:10:14:25 +0800] "POST /InternetTrading/SessionErrorLogger HTTP/1.1" 200 117
58.152.215.195 - - [12/Nov/2025:10:14:25 +0800] "POST /InternetTrading/MarketStatus HTTP/1.1" 200 772
58.152.215.195 - - [12/Nov/2025:10:14:26 +0800] "GET /InternetTrading/longpoll/55136?X-Atmosphere-tracking-id=0&X-Atmosphere-Framework=2.2.3-javascript&X-Atmosphere-Transport=long-polling&X-Atmosphere-TrackMessageSize=true&Content-Type=charset%3Dutf-8&X-atmo-protocol=true&_=1762913872049 HTTP/1.1" 200 -
14.0.169.116 - - [12/Nov/2025:10:14:28 +0800] "GET /InternetTrading/longpoll/A8127?X-Atmosphere-tracking-id=0&X-Atmosphere-Framework=2.2.3-javascript&X-Atmosphere-Transport=long-polling&X-Atmosphere-TrackMessageSize=true&Content-Type=charset%3Dutf-8&X-atmo-protocol=true&_=1762913873412 HTTP/1.1" 200 -
65.181.90.29 - - [12/Nov/2025:10:14:28 +0800] "GET /InternetTrading/longpoll/54338?X-Atmosphere-tracking-id=0&X-Atmosphere-Framework=2.2.3-javascript&X-Atmosphere-Transport=long-polling&X-Atmosphere-TrackMessageSize=true&Content-Type=charset%3Dutf-8&X-atmo-protocol=true&_=1762913875286 HTTP/1.1" 200 -
183.178.37.129 - - [12/Nov/2025:10:14:28 +0800] "GET /InternetTrading/longpoll/56419?X-Atmosphere-tracking-id=0&X-Atmosphere-Framework=2.2.3-javascript&X-Atmosphere-Transport=long-polling&X-Atmosphere-TrackMessageSize=true&Content-Type=charset%3Dutf-8&X-atmo-protocol=true&_=1762913872467 HTTP/1.1" 200 -
58.152.215.195 - - [12/Nov/2025:10:14:31 +0800] "GET /InternetTrading/longpoll/55136?X-Atmosphere-tracking-id=0&X-Atmosphere-Framework=2.2.3-javascript&X-Atmosphere-Transport=long-polling&X-Atmosphere-TrackMessageSize=true&Content-Type=charset%3Dutf-8&X-atmo-protocol=true&_=1762913877074 HTTP/1.1" 200 -
65.181.90.29 - - [12/Nov/2025:10:14:33 +0800] "POST /InternetTrading/SessionErrorLogger HTTP/1.1" 200 117
65.181.90.29 - - [12/Nov/2025:10:14:33 +0800] "POST /InternetTrading/Heartbeat HTTP/1.1" 200 32
14.0.169.116 - - [12/Nov/2025:10:14:33 +0800] "GET /InternetTrading/longpoll/A8127?X-Atmosphere-tracking-id=0&X-Atmosphere-Framework=2.2.3-javascript&X-Atmosphere-Transport=long-polling&X-Atmosphere-TrackMessageSize=true&Content-Type=charset%3Dutf-8&X-atmo-protocol=true&_=1762913878616 HTTP/1.1" 200 -
65.181.90.29 - - [12/Nov/2025:10:14:33 +0800] "GET /InternetTrading/longpoll/54338?X-Atmosphere-tracking-id=0&X-Atmosphere-Framework=2.2.3-javascript&X-Atmosphere-Transport=long-polling&X-Atmosphere-TrackMessageSize=true&Content-Type=charset%3Dutf-8&X-atmo-protocol=true&_=1762913880329 HTTP/1.1" 200 -
183.178.37.129 - - [12/Nov/2025:10:14:33 +0800] "GET /InternetTrading/longpoll/56419?X-Atmosphere-tracking-id=0&X-Atmosphere-Framework=2.2.3-javascript&X-Atmosphere-Transport=long-polling&X-Atmosphere-TrackMessageSize=true&Content-Type=charset%3Dutf-8&X-atmo-protocol=true&_=1762913877510 HTTP/1.1" 200 -
58.152.215.195 - - [12/Nov/2025:10:14:36 +0800] "GET /InternetTrading/longpoll/55136?X-Atmosphere-tracking-id=0&X-Atmosphere-Framework=2.2.3-javascript&X-Atmosphere-Transport=long-polling&X-Atmosphere-TrackMessageSize=true&Content-Type=charset%3Dutf-8&X-atmo-protocol=true&_=1762913882114 HTTP/1.1" 200 -
14.0.169.116 - - [12/Nov/2025:10:14:37 +0800] "POST /InternetTrading/SessionErrorLogger HTTP/1.1" 200 117
14.0.169.116 - - [12/Nov/2025:10:14:37 +0800] "POST /InternetTrading/MarketStatus HTTP/1.1" 200 772
14.0.169.116 - - [12/Nov/2025:10:14:38 +0800] "GET /InternetTrading/longpoll/A8127?X-Atmosphere-tracking-id=0&X-Atmosphere-Framework=2.2.3-javascript&X-Atmosphere-Transport=long-polling&X-Atmosphere-TrackMessageSize=true&Content-Type=charset%3Dutf-8&X-atmo-protocol=true&_=1762913883881 HTTP/1.1" 200 -
65.181.90.29 - - [12/Nov/2025:10:14:38 +0800] "GET /InternetTrading/longpoll/54338?X-Atmosphere-tracking-id=0&X-Atmosphere-Framework=2.2.3-javascript&X-Atmosphere-Transport=long-polling&X-Atmosphere-TrackMessageSize=true&Content-Type=charset%3Dutf-8&X-atmo-protocol=true&_=1762913885356 HTTP/1.1" 200 -
183.178.37.129 - - [12/Nov/2025:10:14:38 +0800] "GET /InternetTrading/longpoll/56419?X-Atmosphere-tracking-id=0&X-Atmosphere-Framework=2.2.3-javascript&X-Atmosphere-Transport=long-polling&X-Atmosphere-TrackMessageSize=true&Content-Type=charset%3Dutf-8&X-atmo-protocol=true&_=1762913882563 HTTP/1.1" 200 -
58.152.215.195 - - [12/Nov/2025:10:14:41 +0800] "GET /InternetTrading/longpoll/55136?X-Atmosphere-tracking-id=0&X-Atmosphere-Framework=2.2.3-javascript&X-Atmosphere-Transport=long-polling&X-Atmosphere-TrackMessageSize=true&Content-Type=charset%3Dutf-8&X-atmo-protocol=true&_=1762913887152 HTTP/1.1" 200 -
14.0.169.116 - - [12/Nov/2025:10:14:42 +0800] "POST /InternetTrading/SessionErrorLogger HTTP/1.1" 200 117
14.0.169.116 - - [12/Nov/2025:10:14:42 +0800] "POST /InternetTrading/Heartbeat HTTP/1.1" 200 32
183.178.37.129 - - [12/Nov/2025:10:14:42 +0800] "POST /InternetTrading/SessionErrorLogger HTTP/1.1" 200 117
183.178.37.129 - - [12/Nov/2025:10:14:42 +0800] "POST /InternetTrading/Heartbeat HTTP/1.1" 200 32
14.0.169.116 - - [12/Nov/2025:10:14:43 +0800] "GET /InternetTrading/longpoll/A8127?X-Atmosphere-tracking-id=0&X-Atmosphere-Framework=2.2.3-javascript&X-Atmosphere-Transport=long-polling&X-Atmosphere-TrackMessageSize=true&Content-Type=charset%3Dutf-8&X-atmo-protocol=true&_=1762913888923 HTTP/1.1" 200 -
183.178.37.129 - - [12/Nov/2025:10:14:43 +0800] "GET /InternetTrading/longpoll/56419?X-Atmosphere-tracking-id=0&X-Atmosphere-Framework=2.2.3-javascript&X-Atmosphere-Transport=long-polling&X-Atmosphere-TrackMessageSize=true&Content-Type=charset%3Dutf-8&X-atmo-protocol=true&_=1762913887604 HTTP/1.1" 200 -
65.181.90.29 - - [12/Nov/2025:10:14:44 +0800] "GET /InternetTrading/longpoll/54338?X-Atmosphere-tracking-id=0&X-Atmosphere-Framework=2.2.3-javascript&X-Atmosphere-Transport=long-polling&X-Atmosphere-TrackMessageSize=true&Content-Type=charset%3Dutf-8&X-atmo-protocol=true&_=1762913890392 HTTP/1.1" 200 -
183.178.37.129 - - [12/Nov/2025:10:14:45 +0800] "POST /InternetTrading/SessionErrorLogger HTTP/1.1" 200 117
183.178.37.129 - - [12/Nov/2025:10:14:45 +0800] "POST /InternetTrading/MarketStatus HTTP/1.1" 200 772
14.0.169.116 - - [12/Nov/2025:10:14:45 +0800] "POST /InternetTrading/SessionErrorLogger HTTP/1.1" 200 117
14.0.169.116 - - [12/Nov/2025:10:14:45 +0800] "POST /InternetTrading/Portfolio HTTP/1.1" 200 1868
14.0.169.116 - - [12/Nov/2025:10:14:46 +0800] "GET /InternetTrading/jquery/wait.gif HTTP/1.1" 200 432
58.152.215.195 - - [12/Nov/2025:10:14:46 +0800] "GET /InternetTrading/longpoll/55136?X-Atmosphere-tracking-id=0&X-Atmosphere-Framework=2.2.3-javascript&X-Atmosphere-Transport=long-polling&X-Atmosphere-TrackMessageSize=true&Content-Type=charset%3Dutf-8&X-atmo-protocol=true&_=1762913892187 HTTP/1.1" 200 -
14.0.169.116 - - [12/Nov/2025:10:14:48 +0800] "GET /InternetTrading/longpoll/A8127?X-Atmosphere-tracking-id=0&X-Atmosphere-Framework=2.2.3-javascript&X-Atmosphere-Transport=long-polling&X-Atmosphere-TrackMessageSize=true&Content-Type=charset%3Dutf-8&X-atmo-protocol=true&_=1762913893973 HTTP/1.1" 200 -
183.178.37.129 - - [12/Nov/2025:10:14:48 +0800] "GET /InternetTrading/longpoll/56419?X-Atmosphere-tracking-id=0&X-Atmosphere-Framework=2.2.3-javascript&X-Atmosphere-Transport=long-polling&X-Atmosphere-TrackMessageSize=true&Content-Type=charset%3Dutf-8&X-atmo-protocol=true&_=1762913892622 HTTP/1.1" 200 -
65.181.90.29 - - [12/Nov/2025:10:14:49 +0800] "GET /InternetTrading/longpoll/54338?X-Atmosphere-tracking-id=0&X-Atmosphere-Framework=2.2.3-javascript&X-Atmosphere-Transport=long-polling&X-Atmosphere-TrackMessageSize=true&Content-Type=charset%3Dutf-8&X-atmo-protocol=true&_=1762913895504 HTTP/1.1" 200 -
65.181.90.29 - - [12/Nov/2025:10:14:50 +0800] "POST /InternetTrading/SessionErrorLogger HTTP/1.1" 200 117
65.181.90.29 - - [12/Nov/2025:10:14:50 +0800] "POST /InternetTrading/MarketStatus HTTP/1.1" 200 772
58.152.215.195 - - [12/Nov/2025:10:14:51 +0800] "GET /InternetTrading/longpoll/55136?X-Atmosphere-tracking-id=0&X-Atmosphere-Framework=2.2.3-javascript&X-Atmosphere-Transport=long-polling&X-Atmosphere-TrackMessageSize=true&Content-Type=charset%3Dutf-8&X-atmo-protocol=true&_=1762913897228 HTTP/1.1" 200 -
183.178.37.129 - - [12/Nov/2025:10:14:53 +0800] "GET /InternetTrading/longpoll/56419?X-Atmosphere-tracking-id=0&X-Atmosphere-Framework=2.2.3-javascript&X-Atmosphere-Transport=long-polling&X-Atmosphere-TrackMessageSize=true&Content-Type=charset%3Dutf-8&X-atmo-protocol=true&_=1762913897647 HTTP/1.1" 200 -
14.0.169.116 - - [12/Nov/2025:10:14:54 +0800] "GET /InternetTrading/longpoll/A8127?X-Atmosphere-tracking-id=0&X-Atmosphere-Framework=2.2.3-javascript&X-Atmosphere-Transport=long-polling&X-Atmosphere-TrackMessageSize=true&Content-Type=charset%3Dutf-8&X-atmo-protocol=true&_=1762913899096 HTTP/1.1" 200 -
65.181.90.29 - - [12/Nov/2025:10:14:54 +0800] "GET /InternetTrading/longpoll/54338?X-Atmosphere-tracking-id=0&X-Atmosphere-Framework=2.2.3-javascript&X-Atmosphere-Transport=long-polling&X-Atmosphere-TrackMessageSize=true&Content-Type=charset%3Dutf-8&X-atmo-protocol=true&_=1762913900539 HTTP/1.1" 200 -
58.152.215.195 - - [12/Nov/2025:10:14:55 +0800] "POST /InternetTrading/SessionErrorLogger HTTP/1.1" 200 117
58.152.215.195 - - [12/Nov/2025:10:14:55 +0800] "POST /InternetTrading/Heartbeat HTTP/1.1" 200 32
58.152.215.195 - - [12/Nov/2025:10:14:55 +0800] "POST /InternetTrading/SessionErrorLogger HTTP/1.1" 200 117
58.152.215.195 - - [12/Nov/2025:10:14:55 +0800] "POST /InternetTrading/MarketStatus HTTP/1.1" 200 772
58.152.215.195 - - [12/Nov/2025:10:14:56 +0800] "GET /InternetTrading/longpoll/55136?X-Atmosphere-tracking-id=0&X-Atmosphere-Framework=2.2.3-javascript&X-Atmosphere-Transport=long-polling&X-Atmosphere-TrackMessageSize=true&Content-Type=charset%3Dutf-8&X-atmo-protocol=true&_=1762913902250 HTTP/1.1" 200 -
183.178.37.129 - - [12/Nov/2025:10:14:59 +0800] "GET /InternetTrading/longpoll/56419?X-Atmosphere-tracking-id=0&X-Atmosphere-Framework=2.2.3-javascript&X-Atmosphere-Transport=long-polling&X-Atmosphere-TrackMessageSize=true&Content-Type=charset%3Dutf-8&X-atmo-protocol=true&_=1762913902677 HTTP/1.1" 200 -
65.181.90.29 - - [12/Nov/2025:10:14:59 +0800] "GET /InternetTrading/longpoll/54338?X-Atmosphere-tracking-id=0&X-Atmosphere-Framework=2.2.3-javascript&X-Atmosphere-Transport=long-polling&X-Atmosphere-TrackMessageSize=true&Content-Type=charset%3Dutf-8&X-atmo-protocol=true&_=1762913905558 HTTP/1.1" 200 -
14.0.169.116 - - [12/Nov/2025:10:14:59 +0800] "GET /InternetTrading/longpoll/A8127?X-Atmosphere-tracking-id=0&X-Atmosphere-Framework=2.2.3-javascript&X-Atmosphere-Transport=long-polling&X-Atmosphere-TrackMessageSize=true&Content-Type=charset%3Dutf-8&X-atmo-protocol=true&_=1762913904204 HTTP/1.1" 200 -
14.0.169.116 - - [12/Nov/2025:10:14:59 +0800] "POST /InternetTrading/SessionErrorLogger HTTP/1.1" 200 117
14.0.169.116 - - [12/Nov/2025:10:14:59 +0800] "POST /InternetTrading/SessionErrorLogger HTTP/1.1" 200 117
14.0.169.116 - - [12/Nov/2025:10:14:59 +0800] "GET /InternetTrading/tc/buy_ticket.html? HTTP/1.1" 200 1995
14.0.169.116 - - [12/Nov/2025:10:14:59 +0800] "POST /InternetTrading/Product HTTP/1.1" 200 303
14.0.169.116 - - [12/Nov/2025:10:14:59 +0800] "POST /InternetTrading/SessionErrorLogger HTTP/1.1" 200 117
14.0.169.116 - - [12/Nov/2025:10:14:59 +0800] "POST /InternetTrading/MarketStatus HTTP/1.1" 200 772
14.0.169.116 - - [12/Nov/2025:10:14:59 +0800] "POST /InternetTrading/SessionErrorLogger HTTP/1.1" 200 117
14.0.169.116 - - [12/Nov/2025:10:14:59 +0800] "POST /InternetTrading/MarketStatus HTTP/1.1" 200 772
14.0.169.116 - - [12/Nov/2025:10:14:59 +0800] "POST /InternetTrading/SessionErrorLogger HTTP/1.1" 200 117
14.0.169.116 - - [12/Nov/2025:10:14:59 +0800] "POST /InternetTrading/Product HTTP/1.1" 200 303
14.0.169.116 - - [12/Nov/2025:10:14:59 +0800] "POST /InternetTrading/SessionErrorLogger HTTP/1.1" 200 117
14.0.169.116 - - [12/Nov/2025:10:14:59 +0800] "POST /InternetTrading/OrderMaxQuantity HTTP/1.1" 200 9
58.152.215.195 - - [12/Nov/2025:10:15:01 +0800] "GET /InternetTrading/longpoll/55136?X-Atmosphere-tracking-id=0&X-Atmosphere-Framework=2.2.3-javascript&X-Atmosphere-Transport=long-polling&X-Atmosphere-TrackMessageSize=true&Content-Type=charset%3Dutf-8&X-atmo-protocol=true&_=1762913907278 HTTP/1.1" 200 -
65.181.90.29 - - [12/Nov/2025:10:15:03 +0800] "POST /InternetTrading/SessionErrorLogger HTTP/1.1" 200 117
65.181.90.29 - - [12/Nov/2025:10:15:03 +0800] "POST /InternetTrading/Heartbeat HTTP/1.1" 200 32
183.178.37.129 - - [12/Nov/2025:10:15:04 +0800] "GET /InternetTrading/longpoll/56419?X-Atmosphere-tracking-id=0&X-Atmosphere-Framework=2.2.3-javascript&X-Atmosphere-Transport=long-polling&X-Atmosphere-TrackMessageSize=true&Content-Type=charset%3Dutf-8&X-atmo-protocol=true&_=1762913907704 HTTP/1.1" 200 -
65.181.90.29 - - [12/Nov/2025:10:15:04 +0800] "GET /InternetTrading/longpoll/54338?X-Atmosphere-tracking-id=0&X-Atmosphere-Framework=2.2.3-javascript&X-Atmosphere-Transport=long-polling&X-Atmosphere-TrackMessageSize=true&Content-Type=charset%3Dutf-8&X-atmo-protocol=true&_=1762913910624 HTTP/1.1" 200 -
14.0.169.116 - - [12/Nov/2025:10:15:04 +0800] "POST /InternetTrading/SessionErrorLogger HTTP/1.1" 200 117
14.0.169.116 - - [12/Nov/2025:10:15:04 +0800] "POST /InternetTrading/Product HTTP/1.1" 200 303
14.0.169.116 - - [12/Nov/2025:10:15:04 +0800] "POST /InternetTrading/SessionErrorLogger HTTP/1.1" 200 117
14.0.169.116 - - [12/Nov/2025:10:15:04 +0800] "POST /InternetTrading/OrderMaxQuantity HTTP/1.1" 200 9
14.0.169.116 - - [12/Nov/2025:10:15:04 +0800] "POST /InternetTrading/SessionErrorLogger HTTP/1.1" 200 117
14.0.169.116 - - [12/Nov/2025:10:15:04 +0800] "GET /InternetTrading/jquery/wait.gif HTTP/1.1" 200 432
14.0.169.116 - - [12/Nov/2025:10:15:04 +0800] "POST /InternetTrading/Orderbook HTTP/1.1" 200 3776
14.0.169.116 - - [12/Nov/2025:10:15:04 +0800] "GET /InternetTrading/longpoll/A8127?X-Atmosphere-tracking-id=0&X-Atmosphere-Framework=2.2.3-javascript&X-Atmosphere-Transport=long-polling&X-Atmosphere-TrackMessageSize=true&Content-Type=charset%3Dutf-8&X-atmo-protocol=true&_=1762913909624 HTTP/1.1" 200 -
58.152.215.195 - - [12/Nov/2025:10:15:06 +0800] "GET /InternetTrading/longpoll/55136?X-Atmosphere-tracking-id=0&X-Atmosphere-Framework=2.2.3-javascript&X-Atmosphere-Transport=long-polling&X-Atmosphere-TrackMessageSize=true&Content-Type=charset%3Dutf-8&X-atmo-protocol=true&_=1762913912327 HTTP/1.1" 200 -
14.0.169.116 - - [12/Nov/2025:10:15:07 +0800] "POST /InternetTrading/SessionErrorLogger HTTP/1.1" 200 117
14.0.169.116 - - [12/Nov/2025:10:15:07 +0800] "POST /InternetTrading/LoginKey HTTP/1.1" 200 -
14.0.169.116 - - [12/Nov/2025:10:15:07 +0800] "GET /InternetTrading/jquery/wait.gif HTTP/1.1" 200 432
14.0.169.116 - - [12/Nov/2025:10:15:07 +0800] "POST /InternetTrading/PreOrder HTTP/1.1" 200 1202
14.0.169.116 - - [12/Nov/2025:10:15:08 +0800] "POST /InternetTrading/SessionErrorLogger HTTP/1.1" 200 117
14.0.169.116 - - [12/Nov/2025:10:15:09 +0800] "GET /InternetTrading/Csrf?url=/Order HTTP/1.1" 200 126
14.0.169.116 - - [12/Nov/2025:10:15:09 +0800] "POST /InternetTrading/SessionErrorLogger HTTP/1.1" 200 117
183.178.37.129 - - [12/Nov/2025:10:15:09 +0800] "GET /InternetTrading/longpoll/56419?X-Atmosphere-tracking-id=0&X-Atmosphere-Framework=2.2.3-javascript&X-Atmosphere-Transport=long-polling&X-Atmosphere-TrackMessageSize=true&Content-Type=charset%3Dutf-8&X-atmo-protocol=true&_=1762913912746 HTTP/1.1" 200 -
65.181.90.29 - - [12/Nov/2025:10:15:09 +0800] "GET /InternetTrading/longpoll/54338?X-Atmosphere-tracking-id=0&X-Atmosphere-Framework=2.2.3-javascript&X-Atmosphere-Transport=long-polling&X-Atmosphere-TrackMessageSize=true&Content-Type=charset%3Dutf-8&X-atmo-protocol=true&_=1762913915644 HTTP/1.1" 200 -
14.0.169.116 - - [12/Nov/2025:10:15:09 +0800] "POST /InternetTrading/LoginKey HTTP/1.1" 200 -
14.0.169.116 - - [12/Nov/2025:10:15:09 +0800] "POST /InternetTrading/SessionErrorLogger HTTP/1.1" 200 117
14.0.169.116 - - [12/Nov/2025:10:15:09 +0800] "POST /InternetTrading/Order?csrf_nonce=E2D6EF6D89657230E00C69D0458EA262 HTTP/1.1" 200 1018
14.0.169.116 - - [12/Nov/2025:10:15:09 +0800] "POST /InternetTrading/SessionErrorLogger HTTP/1.1" 200 117
14.0.169.116 - - [12/Nov/2025:10:15:09 +0800] "GET /InternetTrading/tc/buy_ticket.html? HTTP/1.1" 200 1995
14.0.169.116 - - [12/Nov/2025:10:15:09 +0800] "POST /InternetTrading/SessionErrorLogger HTTP/1.1" 200 117
14.0.169.116 - - [12/Nov/2025:10:15:09 +0800] "POST /InternetTrading/MarketStatus HTTP/1.1" 200 772
14.0.169.116 - - [12/Nov/2025:10:15:09 +0800] "POST /InternetTrading/SessionErrorLogger HTTP/1.1" 200 117
14.0.169.116 - - [12/Nov/2025:10:15:09 +0800] "POST /InternetTrading/MarketStatus HTTP/1.1" 200 772
14.0.169.116 - - [12/Nov/2025:10:15:09 +0800] "GET /InternetTrading/longpoll/A8127?X-Atmosphere-tracking-id=0&X-Atmosphere-Framework=2.2.3-javascript&X-Atmosphere-Transport=long-polling&X-Atmosphere-TrackMessageSize=true&Content-Type=charset%3Dutf-8&X-atmo-protocol=true&_=1762913914899 HTTP/1.1" 200 -
14.0.169.116 - - [12/Nov/2025:10:15:11 +0800] "GET /InternetTrading/jquery/wait.gif HTTP/1.1" 200 432
14.0.169.116 - - [12/Nov/2025:10:15:11 +0800] "POST /InternetTrading/SessionErrorLogger HTTP/1.1" 200 117
14.0.169.116 - - [12/Nov/2025:10:15:11 +0800] "POST /InternetTrading/Orderbook HTTP/1.1" 200 1633
58.152.215.195 - - [12/Nov/2025:10:15:11 +0800] "GET /InternetTrading/longpoll/55136?X-Atmosphere-tracking-id=0&X-Atmosphere-Framework=2.2.3-javascript&X-Atmosphere-Transport=long-polling&X-Atmosphere-TrackMessageSize=true&Content-Type=charset%3Dutf-8&X-atmo-protocol=true&_=1762913917372 HTTP/1.1" 200 -
14.0.169.116 - - [12/Nov/2025:10:15:12 +0800] "POST /InternetTrading/SessionErrorLogger HTTP/1.1" 200 117
14.0.169.116 - - [12/Nov/2025:10:15:12 +0800] "POST /InternetTrading/Heartbeat HTTP/1.1" 200 32
183.178.37.129 - - [12/Nov/2025:10:15:12 +0800] "POST /InternetTrading/SessionErrorLogger HTTP/1.1" 200 117
183.178.37.129 - - [12/Nov/2025:10:15:12 +0800] "POST /InternetTrading/Heartbeat HTTP/1.1" 200 32
183.178.37.129 - - [12/Nov/2025:10:15:14 +0800] "GET /InternetTrading/longpoll/56419?X-Atmosphere-tracking-id=0&X-Atmosphere-Framework=2.2.3-javascript&X-Atmosphere-Transport=long-polling&X-Atmosphere-TrackMessageSize=true&Content-Type=charset%3Dutf-8&X-atmo-protocol=true&_=1762913917821 HTTP/1.1" 200 -
65.181.90.29 - - [12/Nov/2025:10:15:14 +0800] "GET /InternetTrading/longpoll/54338?X-Atmosphere-tracking-id=0&X-Atmosphere-Framework=2.2.3-javascript&X-Atmosphere-Transport=long-polling&X-Atmosphere-TrackMessageSize=true&Content-Type=charset%3Dutf-8&X-atmo-protocol=true&_=1762913920680 HTTP/1.1" 200 -
14.0.169.116 - - [12/Nov/2025:10:15:14 +0800] "GET /InternetTrading/longpoll/A8127?X-Atmosphere-tracking-id=0&X-Atmosphere-Framework=2.2.3-javascript&X-Atmosphere-Transport=long-polling&X-Atmosphere-TrackMessageSize=true&Content-Type=charset%3Dutf-8&X-atmo-protocol=true&_=1762913919968 HTTP/1.1" 200 -
183.178.37.129 - - [12/Nov/2025:10:15:15 +0800] "POST /InternetTrading/SessionErrorLogger HTTP/1.1" 200 117
183.178.37.129 - - [12/Nov/2025:10:15:15 +0800] "POST /InternetTrading/MarketStatus HTTP/1.1" 200 772
58.152.215.195 - - [12/Nov/2025:10:15:16 +0800] "GET /InternetTrading/longpoll/55136?X-Atmosphere-tracking-id=0&X-Atmosphere-Framework=2.2.3-javascript&X-Atmosphere-Transport=long-polling&X-Atmosphere-TrackMessageSize=true&Content-Type=charset%3Dutf-8&X-atmo-protocol=true&_=1762913922397 HTTP/1.1" 200 -
183.178.37.129 - - [12/Nov/2025:10:15:19 +0800] "GET /InternetTrading/longpoll/56419?X-Atmosphere-tracking-id=0&X-Atmosphere-Framework=2.2.3-javascript&X-Atmosphere-Transport=long-polling&X-Atmosphere-TrackMessageSize=true&Content-Type=charset%3Dutf-8&X-atmo-protocol=true&_=1762913922847 HTTP/1.1" 200 -
65.181.90.29 - - [12/Nov/2025:10:15:19 +0800] "GET /InternetTrading/longpoll/54338?X-Atmosphere-tracking-id=0&X-Atmosphere-Framework=2.2.3-javascript&X-Atmosphere-Transport=long-polling&X-Atmosphere-TrackMessageSize=true&Content-Type=charset%3Dutf-8&X-atmo-protocol=true&_=1762913925728 HTTP/1.1" 200 -
14.0.169.116 - - [12/Nov/2025:10:15:19 +0800] "GET /InternetTrading/longpoll/A8127?X-Atmosphere-tracking-id=0&X-Atmosphere-Framework=2.2.3-javascript&X-Atmosphere-Transport=long-polling&X-Atmosphere-TrackMessageSize=true&Content-Type=charset%3Dutf-8&X-atmo-protocol=true&_=1762913924997 HTTP/1.1" 200 -
65.181.90.29 - - [12/Nov/2025:10:15:20 +0800] "POST /InternetTrading/SessionErrorLogger HTTP/1.1" 200 117
65.181.90.29 - - [12/Nov/2025:10:15:20 +0800] "POST /InternetTrading/MarketStatus HTTP/1.1" 200 772
58.152.215.195 - - [12/Nov/2025:10:15:21 +0800] "GET /InternetTrading/longpoll/55136?X-Atmosphere-tracking-id=0&X-Atmosphere-Framework=2.2.3-javascript&X-Atmosphere-Transport=long-polling&X-Atmosphere-TrackMessageSize=true&Content-Type=charset%3Dutf-8&X-atmo-protocol=true&_=1762913927430 HTTP/1.1" 200 -
183.178.37.129 - - [12/Nov/2025:10:15:24 +0800] "GET /InternetTrading/longpoll/56419?X-Atmosphere-tracking-id=0&X-Atmosphere-Framework=2.2.3-javascript&X-Atmosphere-Transport=long-polling&X-Atmosphere-TrackMessageSize=true&Content-Type=charset%3Dutf-8&X-atmo-protocol=true&_=1762913927871 HTTP/1.1" 200 -
65.181.90.29 - - [12/Nov/2025:10:15:24 +0800] "GET /InternetTrading/longpoll/54338?X-Atmosphere-tracking-id=0&X-Atmosphere-Framework=2.2.3-javascript&X-Atmosphere-Transport=long-polling&X-Atmosphere-TrackMessageSize=true&Content-Type=charset%3Dutf-8&X-atmo-protocol=true&_=1762913930766 HTTP/1.1" 200 -
14.0.169.116 - - [12/Nov/2025:10:15:25 +0800] "GET /InternetTrading/longpoll/A8127?X-Atmosphere-tracking-id=0&X-Atmosphere-Framework=2.2.3-javascript&X-Atmosphere-Transport=long-polling&X-Atmosphere-TrackMessageSize=true&Content-Type=charset%3Dutf-8&X-atmo-protocol=true&_=1762913930208 HTTP/1.1" 200 -
58.152.215.195 - - [12/Nov/2025:10:15:25 +0800] "POST /InternetTrading/SessionErrorLogger HTTP/1.1" 200 117
58.152.215.195 - - [12/Nov/2025:10:15:25 +0800] "POST /InternetTrading/Heartbeat HTTP/1.1" 200 32
58.152.215.195 - - [12/Nov/2025:10:15:25 +0800] "POST /InternetTrading/SessionErrorLogger HTTP/1.1" 200 117
58.152.215.195 - - [12/Nov/2025:10:15:25 +0800] "POST /InternetTrading/MarketStatus HTTP/1.1" 200 772
58.152.215.195 - - [12/Nov/2025:10:15:26 +0800] "GET /InternetTrading/longpoll/55136?X-Atmosphere-tracking-id=0&X-Atmosphere-Framework=2.2.3-javascript&X-Atmosphere-Transport=long-polling&X-Atmosphere-TrackMessageSize=true&Content-Type=charset%3Dutf-8&X-atmo-protocol=true&_=1762913932482 HTTP/1.1" 200 -
183.178.37.129 - - [12/Nov/2025:10:15:29 +0800] "GET /InternetTrading/longpoll/56419?X-Atmosphere-tracking-id=0&X-Atmosphere-Framework=2.2.3-javascript&X-Atmosphere-Transport=long-polling&X-Atmosphere-TrackMessageSize=true&Content-Type=charset%3Dutf-8&X-atmo-protocol=true&_=1762913932894 HTTP/1.1" 200 -
65.181.90.29 - - [12/Nov/2025:10:15:29 +0800] "GET /InternetTrading/longpoll/54338?X-Atmosphere-tracking-id=0&X-Atmosphere-Framework=2.2.3-javascript&X-Atmosphere-Transport=long-polling&X-Atmosphere-TrackMessageSize=true&Content-Type=charset%3Dutf-8&X-atmo-protocol=true&_=1762913935830 HTTP/1.1" 200 -
14.0.169.116 - - [12/Nov/2025:10:15:30 +0800] "GET /InternetTrading/longpoll/A8127?X-Atmosphere-tracking-id=0&X-Atmosphere-Framework=2.2.3-javascript&X-Atmosphere-Transport=long-polling&X-Atmosphere-TrackMessageSize=true&Content-Type=charset%3Dutf-8&X-atmo-protocol=true&_=1762913935397 HTTP/1.1" 200 -
58.152.215.195 - - [12/Nov/2025:10:15:31 +0800] "GET /InternetTrading/longpoll/55136?X-Atmosphere-tracking-id=0&X-Atmosphere-Framework=2.2.3-javascript&X-Atmosphere-Transport=long-polling&X-Atmosphere-TrackMessageSize=true&Content-Type=charset%3Dutf-8&X-atmo-protocol=true&_=1762913937509 HTTP/1.1" 200 -
65.181.90.29 - - [12/Nov/2025:10:15:33 +0800] "POST /InternetTrading/SessionErrorLogger HTTP/1.1" 200 117
65.181.90.29 - - [12/Nov/2025:10:15:33 +0800] "POST /InternetTrading/Heartbeat HTTP/1.1" 200 32
183.178.37.129 - - [12/Nov/2025:10:15:34 +0800] "GET /InternetTrading/longpoll/56419?X-Atmosphere-tracking-id=0&X-Atmosphere-Framework=2.2.3-javascript&X-Atmosphere-Transport=long-polling&X-Atmosphere-TrackMessageSize=true&Content-Type=charset%3Dutf-8&X-atmo-protocol=true&_=1762913937941 HTTP/1.1" 200 -
65.181.90.29 - - [12/Nov/2025:10:15:34 +0800] "GET /InternetTrading/longpoll/54338?X-Atmosphere-tracking-id=0&X-Atmosphere-Framework=2.2.3-javascript&X-Atmosphere-Transport=long-polling&X-Atmosphere-TrackMessageSize=true&Content-Type=charset%3Dutf-8&X-atmo-protocol=true&_=1762913940866 HTTP/1.1" 200 -
14.0.169.116 - - [12/Nov/2025:10:15:35 +0800] "GET /InternetTrading/longpoll/A8127?X-Atmosphere-tracking-id=0&X-Atmosphere-Framework=2.2.3-javascript&X-Atmosphere-Transport=long-polling&X-Atmosphere-TrackMessageSize=true&Content-Type=charset%3Dutf-8&X-atmo-protocol=true&_=1762913940776 HTTP/1.1" 200 -
58.152.215.195 - - [12/Nov/2025:10:15:36 +0800] "GET /InternetTrading/longpoll/55136?X-Atmosphere-tracking-id=0&X-Atmosphere-Framework=2.2.3-javascript&X-Atmosphere-Transport=long-polling&X-Atmosphere-TrackMessageSize=true&Content-Type=charset%3Dutf-8&X-atmo-protocol=true&_=1762913942561 HTTP/1.1" 200 -
183.178.37.129 - - [12/Nov/2025:10:15:39 +0800] "GET /InternetTrading/longpoll/56419?X-Atmosphere-tracking-id=0&X-Atmosphere-Framework=2.2.3-javascript&X-Atmosphere-Transport=long-polling&X-Atmosphere-TrackMessageSize=true&Content-Type=charset%3Dutf-8&X-atmo-protocol=true&_=1762913942972 HTTP/1.1" 200 -
65.181.90.29 - - [12/Nov/2025:10:15:39 +0800] "GET /InternetTrading/longpoll/54338?X-Atmosphere-tracking-id=0&X-Atmosphere-Framework=2.2.3-javascript&X-Atmosphere-Transport=long-polling&X-Atmosphere-TrackMessageSize=true&Content-Type=charset%3Dutf-8&X-atmo-protocol=true&_=1762913945884 HTTP/1.1" 200 -
14.0.169.116 - - [12/Nov/2025:10:15:39 +0800] "POST /InternetTrading/SessionErrorLogger HTTP/1.1" 200 117
14.0.169.116 - - [12/Nov/2025:10:15:39 +0800] "POST /InternetTrading/MarketStatus HTTP/1.1" 200 772
14.0.169.116 - - [12/Nov/2025:10:15:40 +0800] "GET /InternetTrading/longpoll/A8127?X-Atmosphere-tracking-id=0&X-Atmosphere-Framework=2.2.3-javascript&X-Atmosphere-Transport=long-polling&X-Atmosphere-TrackMessageSize=true&Content-Type=charset%3Dutf-8&X-atmo-protocol=true&_=1762913946044 HTTP/1.1" 200 -
58.152.215.195 - - [12/Nov/2025:10:15:41 +0800] "GET /InternetTrading/longpoll/55136?X-Atmosphere-tracking-id=0&X-Atmosphere-Framework=2.2.3-javascript&X-Atmosphere-Transport=long-polling&X-Atmosphere-TrackMessageSize=true&Content-Type=charset%3Dutf-8&X-atmo-protocol=true&_=1762913947585 HTTP/1.1" 200 -
183.178.37.129 - - [12/Nov/2025:10:15:42 +0800] "POST /InternetTrading/SessionErrorLogger HTTP/1.1" 200 117
183.178.37.129 - - [12/Nov/2025:10:15:42 +0800] "POST /InternetTrading/Heartbeat HTTP/1.1" 200 32
14.0.169.116 - - [12/Nov/2025:10:15:42 +0800] "POST /InternetTrading/SessionErrorLogger HTTP/1.1" 200 117
14.0.169.116 - - [12/Nov/2025:10:15:43 +0800] "POST /InternetTrading/Heartbeat HTTP/1.1" 200 32
183.178.37.129 - - [12/Nov/2025:10:15:44 +0800] "GET /InternetTrading/longpoll/56419?X-Atmosphere-tracking-id=0&X-Atmosphere-Framework=2.2.3-javascript&X-Atmosphere-Transport=long-polling&X-Atmosphere-TrackMessageSize=true&Content-Type=charset%3Dutf-8&X-atmo-protocol=true&_=1762913947998 HTTP/1.1" 200 -
65.181.90.29 - - [12/Nov/2025:10:15:44 +0800] "GET /InternetTrading/longpoll/54338?X-Atmosphere-tracking-id=0&X-Atmosphere-Framework=2.2.3-javascript&X-Atmosphere-Transport=long-polling&X-Atmosphere-TrackMessageSize=true&Content-Type=charset%3Dutf-8&X-atmo-protocol=true&_=1762913950951 HTTP/1.1" 200 -
183.178.37.129 - - [12/Nov/2025:10:15:45 +0800] "POST /InternetTrading/SessionErrorLogger HTTP/1.1" 200 117
183.178.37.129 - - [12/Nov/2025:10:15:45 +0800] "POST /InternetTrading/MarketStatus HTTP/1.1" 200 772
14.0.169.116 - - [12/Nov/2025:10:15:46 +0800] "GET /InternetTrading/longpoll/A8127?X-Atmosphere-tracking-id=0&X-Atmosphere-Framework=2.2.3-javascript&X-Atmosphere-Transport=long-polling&X-Atmosphere-TrackMessageSize=true&Content-Type=charset%3Dutf-8&X-atmo-protocol=true&_=1762913951164 HTTP/1.1" 200 -
58.152.215.195 - - [12/Nov/2025:10:15:46 +0800] "GET /InternetTrading/longpoll/55136?X-Atmosphere-tracking-id=0&X-Atmosphere-Framework=2.2.3-javascript&X-Atmosphere-Transport=long-polling&X-Atmosphere-TrackMessageSize=true&Content-Type=charset%3Dutf-8&X-atmo-protocol=true&_=1762913952626 HTTP/1.1" 200 -
183.178.37.129 - - [12/Nov/2025:10:15:49 +0800] "GET /InternetTrading/longpoll/56419?X-Atmosphere-tracking-id=0&X-Atmosphere-Framework=2.2.3-javascript&X-Atmosphere-Transport=long-polling&X-Atmosphere-TrackMessageSize=true&Content-Type=charset%3Dutf-8&X-atmo-protocol=true&_=1762913953019 HTTP/1.1" 200 -
65.181.90.29 - - [12/Nov/2025:10:15:49 +0800] "GET /InternetTrading/longpoll/54338?X-Atmosphere-tracking-id=0&X-Atmosphere-Framework=2.2.3-javascript&X-Atmosphere-Transport=long-polling&X-Atmosphere-TrackMessageSize=true&Content-Type=charset%3Dutf-8&X-atmo-protocol=true&_=1762913955985 HTTP/1.1" 200 -
65.181.90.29 - - [12/Nov/2025:10:15:50 +0800] "POST /InternetTrading/SessionErrorLogger HTTP/1.1" 200 117
65.181.90.29 - - [12/Nov/2025:10:15:50 +0800] "POST /InternetTrading/MarketStatus HTTP/1.1" 200 772
14.0.169.116 - - [12/Nov/2025:10:15:51 +0800] "GET /InternetTrading/longpoll/A8127?X-Atmosphere-tracking-id=0&X-Atmosphere-Framework=2.2.3-javascript&X-Atmosphere-Transport=long-polling&X-Atmosphere-TrackMessageSize=true&Content-Type=charset%3Dutf-8&X-atmo-protocol=true&_=1762913956242 HTTP/1.1" 200 -
58.152.215.195 - - [12/Nov/2025:10:15:51 +0800] "GET /InternetTrading/longpoll/55136?X-Atmosphere-tracking-id=0&X-Atmosphere-Framework=2.2.3-javascript&X-Atmosphere-Transport=long-polling&X-Atmosphere-TrackMessageSize=true&Content-Type=charset%3Dutf-8&X-atmo-protocol=true&_=1762913957661 HTTP/1.1" 200 -
183.178.37.129 - - [12/Nov/2025:10:15:54 +0800] "GET /InternetTrading/longpoll/56419?X-Atmosphere-tracking-id=0&X-Atmosphere-Framework=2.2.3-javascript&X-Atmosphere-Transport=long-polling&X-Atmosphere-TrackMessageSize=true&Content-Type=charset%3Dutf-8&X-atmo-protocol=true&_=1762913958039 HTTP/1.1" 200 -
65.181.90.29 - - [12/Nov/2025:10:15:54 +0800] "GET /InternetTrading/longpoll/54338?X-Atmosphere-tracking-id=0&X-Atmosphere-Framework=2.2.3-javascript&X-Atmosphere-Transport=long-polling&X-Atmosphere-TrackMessageSize=true&Content-Type=charset%3Dutf-8&X-atmo-protocol=true&_=1762913961021 HTTP/1.1" 200 -
58.152.215.195 - - [12/Nov/2025:10:15:55 +0800] "POST /InternetTrading/SessionErrorLogger HTTP/1.1" 200 117
58.152.215.195 - - [12/Nov/2025:10:15:55 +0800] "POST /InternetTrading/Heartbeat HTTP/1.1" 200 32
58.152.215.195 - - [12/Nov/2025:10:15:55 +0800] "POST /InternetTrading/SessionErrorLogger HTTP/1.1" 200 117
58.152.215.195 - - [12/Nov/2025:10:15:55 +0800] "POST /InternetTrading/MarketStatus HTTP/1.1" 200 772
14.0.169.116 - - [12/Nov/2025:10:15:56 +0800] "GET /InternetTrading/longpoll/A8127?X-Atmosphere-tracking-id=0&X-Atmosphere-Framework=2.2.3-javascript&X-Atmosphere-Transport=long-polling&X-Atmosphere-TrackMessageSize=true&Content-Type=charset%3Dutf-8&X-atmo-protocol=true&_=1762913961483 HTTP/1.1" 200 -
58.152.215.195 - - [12/Nov/2025:10:15:57 +0800] "GET /InternetTrading/longpoll/55136?X-Atmosphere-tracking-id=0&X-Atmosphere-Framework=2.2.3-javascript&X-Atmosphere-Transport=long-polling&X-Atmosphere-TrackMessageSize=true&Content-Type=charset%3Dutf-8&X-atmo-protocol=true&_=1762913962696 HTTP/1.1" 200 -
183.178.37.129 - - [12/Nov/2025:10:15:59 +0800] "GET /InternetTrading/longpoll/56419?X-Atmosphere-tracking-id=0&X-Atmosphere-Framework=2.2.3-javascript&X-Atmosphere-Transport=long-polling&X-Atmosphere-TrackMessageSize=true&Content-Type=charset%3Dutf-8&X-atmo-protocol=true&_=1762913963151 HTTP/1.1" 200 -
65.181.90.29 - - [12/Nov/2025:10:15:59 +0800] "GET /InternetTrading/longpoll/54338?X-Atmosphere-tracking-id=0&X-Atmosphere-Framework=2.2.3-javascript&X-Atmosphere-Transport=long-polling&X-Atmosphere-TrackMessageSize=true&Content-Type=charset%3Dutf-8&X-atmo-protocol=true&_=1762913966198 HTTP/1.1" 200 -
58.152.215.195 - - [12/Nov/2025:10:16:02 +0800] "GET /InternetTrading/longpoll/55136?X-Atmosphere-tracking-id=0&X-Atmosphere-Framework=2.2.3-javascript&X-Atmosphere-Transport=long-polling&X-Atmosphere-TrackMessageSize=true&Content-Type=charset%3Dutf-8&X-atmo-protocol=true&_=1762913967717 HTTP/1.1" 200 -
14.0.169.116 - - [12/Nov/2025:10:16:02 +0800] "GET /InternetTrading/longpoll/A8127?X-Atmosphere-tracking-id=0&X-Atmosphere-Framework=2.2.3-javascript&X-Atmosphere-Transport=long-polling&X-Atmosphere-TrackMessageSize=true&Content-Type=charset%3Dutf-8&X-atmo-protocol=true&_=1762913966924 HTTP/1.1" 200 -
65.181.90.29 - - [12/Nov/2025:10:16:03 +0800] "POST /InternetTrading/SessionErrorLogger HTTP/1.1" 200 117
65.181.90.29 - - [12/Nov/2025:10:16:03 +0800] "POST /InternetTrading/Heartbeat HTTP/1.1" 200 32
183.178.37.129 - - [12/Nov/2025:10:16:04 +0800] "GET /InternetTrading/longpoll/56419?X-Atmosphere-tracking-id=0&X-Atmosphere-Framework=2.2.3-javascript&X-Atmosphere-Transport=long-polling&X-Atmosphere-TrackMessageSize=true&Content-Type=charset%3Dutf-8&X-atmo-protocol=true&_=1762913968168 HTTP/1.1" 200 -
65.181.90.29 - - [12/Nov/2025:10:16:04 +0800] "GET /InternetTrading/longpoll/54338?X-Atmosphere-tracking-id=0&X-Atmosphere-Framework=2.2.3-javascript&X-Atmosphere-Transport=long-polling&X-Atmosphere-TrackMessageSize=true&Content-Type=charset%3Dutf-8&X-atmo-protocol=true&_=1762913971232 HTTP/1.1" 200 -
58.152.215.195 - - [12/Nov/2025:10:16:07 +0800] "GET /InternetTrading/longpoll/55136?X-Atmosphere-tracking-id=0&X-Atmosphere-Framework=2.2.3-javascript&X-Atmosphere-Transport=long-polling&X-Atmosphere-TrackMessageSize=true&Content-Type=charset%3Dutf-8&X-atmo-protocol=true&_=1762913972756 HTTP/1.1" 200 -
14.0.169.116 - - [12/Nov/2025:10:16:07 +0800] "GET /InternetTrading/longpoll/A8127?X-Atmosphere-tracking-id=0&X-Atmosphere-Framework=2.2.3-javascript&X-Atmosphere-Transport=long-polling&X-Atmosphere-TrackMessageSize=true&Content-Type=charset%3Dutf-8&X-atmo-protocol=true&_=1762913972365 HTTP/1.1" 200 -
183.178.37.129 - - [12/Nov/2025:10:16:09 +0800] "GET /InternetTrading/longpoll/56419?X-Atmosphere-tracking-id=0&X-Atmosphere-Framework=2.2.3-javascript&X-Atmosphere-Transport=long-polling&X-Atmosphere-TrackMessageSize=true&Content-Type=charset%3Dutf-8&X-atmo-protocol=true&_=1762913973218 HTTP/1.1" 200 -
65.181.90.29 - - [12/Nov/2025:10:16:09 +0800] "GET /InternetTrading/longpoll/54338?X-Atmosphere-tracking-id=0&X-Atmosphere-Framework=2.2.3-javascript&X-Atmosphere-Transport=long-polling&X-Atmosphere-TrackMessageSize=true&Content-Type=charset%3Dutf-8&X-atmo-protocol=true&_=1762913976253 HTTP/1.1" 200 -
14.0.169.116 - - [12/Nov/2025:10:16:09 +0800] "POST /InternetTrading/SessionErrorLogger HTTP/1.1" 200 117
14.0.169.116 - - [12/Nov/2025:10:16:09 +0800] "POST /InternetTrading/MarketStatus HTTP/1.1" 200 772
14.0.169.116 - - [12/Nov/2025:10:16:10 +0800] "POST /InternetTrading/SessionErrorLogger HTTP/1.1" 200 117
14.0.169.116 - - [12/Nov/2025:10:16:10 +0800] "POST /InternetTrading/Portfolio HTTP/1.1" 200 1862
14.0.169.116 - - [12/Nov/2025:10:16:10 +0800] "GET /InternetTrading/jquery/wait.gif HTTP/1.1" 200 432
58.152.215.195 - - [12/Nov/2025:10:16:12 +0800] "GET /InternetTrading/longpoll/55136?X-Atmosphere-tracking-id=0&X-Atmosphere-Framework=2.2.3-javascript&X-Atmosphere-Transport=long-polling&X-Atmosphere-TrackMessageSize=true&Content-Type=charset%3Dutf-8&X-atmo-protocol=true&_=1762913977799 HTTP/1.1" 200 -
14.0.169.116 - - [12/Nov/2025:10:16:12 +0800] "GET /InternetTrading/longpoll/A8127?X-Atmosphere-tracking-id=0&X-Atmosphere-Framework=2.2.3-javascript&X-Atmosphere-Transport=long-polling&X-Atmosphere-TrackMessageSize=true&Content-Type=charset%3Dutf-8&X-atmo-protocol=true&_=1762913977649 HTTP/1.1" 200 -
14.0.169.116 - - [12/Nov/2025:10:16:12 +0800] "POST /InternetTrading/SessionErrorLogger HTTP/1.1" 200 117
14.0.169.116 - - [12/Nov/2025:10:16:12 +0800] "POST /InternetTrading/Heartbeat HTTP/1.1" 200 32
183.178.37.129 - - [12/Nov/2025:10:16:13 +0800] "POST /InternetTrading/SessionErrorLogger HTTP/1.1" 200 117
183.178.37.129 - - [12/Nov/2025:10:16:13 +0800] "POST /InternetTrading/Heartbeat HTTP/1.1" 200 32
183.178.37.129 - - [12/Nov/2025:10:16:14 +0800] "GET /InternetTrading/longpoll/56419?X-Atmosphere-tracking-id=0&X-Atmosphere-Framework=2.2.3-javascript&X-Atmosphere-Transport=long-polling&X-Atmosphere-TrackMessageSize=true&Content-Type=charset%3Dutf-8&X-atmo-protocol=true&_=1762913978257 HTTP/1.1" 200 -
65.181.90.29 - - [12/Nov/2025:10:16:14 +0800] "GET /InternetTrading/longpoll/54338?X-Atmosphere-tracking-id=0&X-Atmosphere-Framework=2.2.3-javascript&X-Atmosphere-Transport=long-polling&X-Atmosphere-TrackMessageSize=true&Content-Type=charset%3Dutf-8&X-atmo-protocol=true&_=1762913981302 HTTP/1.1" 200 -
183.178.37.129 - - [12/Nov/2025:10:16:16 +0800] "POST /InternetTrading/SessionErrorLogger HTTP/1.1" 200 117
183.178.37.129 - - [12/Nov/2025:10:16:16 +0800] "POST /InternetTrading/MarketStatus HTTP/1.1" 200 772
58.152.215.195 - - [12/Nov/2025:10:16:17 +0800] "GET /InternetTrading/longpoll/55136?X-Atmosphere-tracking-id=0&X-Atmosphere-Framework=2.2.3-javascript&X-Atmosphere-Transport=long-polling&X-Atmosphere-TrackMessageSize=true&Content-Type=charset%3Dutf-8&X-atmo-protocol=true&_=1762913982838 HTTP/1.1" 200 -
14.0.169.116 - - [12/Nov/2025:10:16:17 +0800] "GET /InternetTrading/longpoll/A8127?X-Atmosphere-tracking-id=0&X-Atmosphere-Framework=2.2.3-javascript&X-Atmosphere-Transport=long-polling&X-Atmosphere-TrackMessageSize=true&Content-Type=charset%3Dutf-8&X-atmo-protocol=true&_=1762913982725 HTTP/1.1" 200 -
65.181.90.29 - - [12/Nov/2025:10:16:19 +0800] "GET /InternetTrading/longpoll/54338?X-Atmosphere-tracking-id=0&X-Atmosphere-Framework=2.2.3-javascript&X-Atmosphere-Transport=long-polling&X-Atmosphere-TrackMessageSize=true&Content-Type=charset%3Dutf-8&X-atmo-protocol=true&_=1762913986369 HTTP/1.1" 200 -
183.178.37.129 - - [12/Nov/2025:10:16:20 +0800] "GET /InternetTrading/longpoll/56419?X-Atmosphere-tracking-id=0&X-Atmosphere-Framework=2.2.3-javascript&X-Atmosphere-Transport=long-polling&X-Atmosphere-TrackMessageSize=true&Content-Type=charset%3Dutf-8&X-atmo-protocol=true&_=1762913984259 HTTP/1.1" 200 -
65.181.90.29 - - [12/Nov/2025:10:16:20 +0800] "POST /InternetTrading/SessionErrorLogger HTTP/1.1" 200 117
65.181.90.29 - - [12/Nov/2025:10:16:20 +0800] "POST /InternetTrading/MarketStatus HTTP/1.1" 200 772
14.0.169.116 - - [12/Nov/2025:10:16:20 +0800] "POST /InternetTrading/SessionErrorLogger HTTP/1.1" 200 117
14.0.169.116 - - [12/Nov/2025:10:16:21 +0800] "GET /InternetTrading/tc/buy_ticket.html? HTTP/1.1" 200 1995
14.0.169.116 - - [12/Nov/2025:10:16:21 +0800] "POST /InternetTrading/SessionErrorLogger HTTP/1.1" 200 117
14.0.169.116 - - [12/Nov/2025:10:16:21 +0800] "POST /InternetTrading/Product HTTP/1.1" 200 303
14.0.169.116 - - [12/Nov/2025:10:16:21 +0800] "POST /InternetTrading/SessionErrorLogger HTTP/1.1" 200 117
14.0.169.116 - - [12/Nov/2025:10:16:21 +0800] "POST /InternetTrading/MarketStatus HTTP/1.1" 200 772
14.0.169.116 - - [12/Nov/2025:10:16:21 +0800] "POST /InternetTrading/SessionErrorLogger HTTP/1.1" 200 117
14.0.169.116 - - [12/Nov/2025:10:16:21 +0800] "POST /InternetTrading/MarketStatus HTTP/1.1" 200 772
14.0.169.116 - - [12/Nov/2025:10:16:21 +0800] "POST /InternetTrading/SessionErrorLogger HTTP/1.1" 200 117
14.0.169.116 - - [12/Nov/2025:10:16:21 +0800] "POST /InternetTrading/SessionErrorLogger HTTP/1.1" 200 117
14.0.169.116 - - [12/Nov/2025:10:16:21 +0800] "POST /InternetTrading/Product HTTP/1.1" 200 303
14.0.169.116 - - [12/Nov/2025:10:16:21 +0800] "POST /InternetTrading/OrderMaxQuantity HTTP/1.1" 200 9
58.152.215.195 - - [12/Nov/2025:10:16:22 +0800] "GET /InternetTrading/longpoll/55136?X-Atmosphere-tracking-id=0&X-Atmosphere-Framework=2.2.3-javascript&X-Atmosphere-Transport=long-polling&X-Atmosphere-TrackMessageSize=true&Content-Type=charset%3Dutf-8&X-atmo-protocol=true&_=1762913987879 HTTP/1.1" 200 -
14.0.169.116 - - [12/Nov/2025:10:16:22 +0800] "GET /InternetTrading/longpoll/A8127?X-Atmosphere-tracking-id=0&X-Atmosphere-Framework=2.2.3-javascript&X-Atmosphere-Transport=long-polling&X-Atmosphere-TrackMessageSize=true&Content-Type=charset%3Dutf-8&X-atmo-protocol=true&_=1762913987793 HTTP/1.1" 200 -
14.0.169.116 - - [12/Nov/2025:10:16:24 +0800] "POST /InternetTrading/SessionErrorLogger HTTP/1.1" 200 117
65.181.90.29 - - [12/Nov/2025:10:16:24 +0800] "GET /InternetTrading/longpoll/54338?X-Atmosphere-tracking-id=0&X-Atmosphere-Framework=2.2.3-javascript&X-Atmosphere-Transport=long-polling&X-Atmosphere-TrackMessageSize=true&Content-Type=charset%3Dutf-8&X-atmo-protocol=true&_=1762913991403 HTTP/1.1" 200 -
14.0.169.116 - - [12/Nov/2025:10:16:24 +0800] "POST /InternetTrading/SessionErrorLogger HTTP/1.1" 200 117
14.0.169.116 - - [12/Nov/2025:10:16:24 +0800] "POST /InternetTrading/Product HTTP/1.1" 200 303
14.0.169.116 - - [12/Nov/2025:10:16:25 +0800] "POST /InternetTrading/OrderMaxQuantity HTTP/1.1" 200 9
14.0.169.116 - - [12/Nov/2025:10:16:25 +0800] "POST /InternetTrading/SessionErrorLogger HTTP/1.1" 200 117
14.0.169.116 - - [12/Nov/2025:10:16:25 +0800] "POST /InternetTrading/OrderMaxQuantity HTTP/1.1" 200 9
14.0.169.116 - - [12/Nov/2025:10:16:25 +0800] "POST /InternetTrading/SessionErrorLogger HTTP/1.1" 200 117
14.0.169.116 - - [12/Nov/2025:10:16:25 +0800] "POST /InternetTrading/OrderMaxQuantity HTTP/1.1" 200 9
58.152.215.195 - - [12/Nov/2025:10:16:25 +0800] "POST /InternetTrading/SessionErrorLogger HTTP/1.1" 200 117
58.152.215.195 - - [12/Nov/2025:10:16:25 +0800] "POST /InternetTrading/Heartbeat HTTP/1.1" 200 32
14.0.169.116 - - [12/Nov/2025:10:16:25 +0800] "POST /InternetTrading/SessionErrorLogger HTTP/1.1" 200 117
14.0.169.116 - - [12/Nov/2025:10:16:25 +0800] "POST /InternetTrading/OrderMaxQuantity HTTP/1.1" 200 9
58.152.215.195 - - [12/Nov/2025:10:16:25 +0800] "POST /InternetTrading/SessionErrorLogger HTTP/1.1" 200 117
58.152.215.195 - - [12/Nov/2025:10:16:25 +0800] "POST /InternetTrading/MarketStatus HTTP/1.1" 200 772
14.0.169.116 - - [12/Nov/2025:10:16:25 +0800] "POST /InternetTrading/SessionErrorLogger HTTP/1.1" 200 117
14.0.169.116 - - [12/Nov/2025:10:16:25 +0800] "POST /InternetTrading/OrderMaxQuantity HTTP/1.1" 200 9
14.0.169.116 - - [12/Nov/2025:10:16:25 +0800] "POST /InternetTrading/SessionErrorLogger HTTP/1.1" 200 117
14.0.169.116 - - [12/Nov/2025:10:16:25 +0800] "POST /InternetTrading/OrderMaxQuantity HTTP/1.1" 200 9
183.178.37.129 - - [12/Nov/2025:10:16:26 +0800] "GET /InternetTrading/longpoll/56419?X-Atmosphere-tracking-id=0&X-Atmosphere-Framework=2.2.3-javascript&X-Atmosphere-Transport=long-polling&X-Atmosphere-TrackMessageSize=true&Content-Type=charset%3Dutf-8&X-atmo-protocol=true&_=1762913990266 HTTP/1.1" 200 -
14.0.169.116 - - [12/Nov/2025:10:16:26 +0800] "POST /InternetTrading/SessionErrorLogger HTTP/1.1" 200 117
14.0.169.116 - - [12/Nov/2025:10:16:26 +0800] "POST /InternetTrading/SessionErrorLogger HTTP/1.1" 200 117
14.0.169.116 - - [12/Nov/2025:10:16:26 +0800] "POST /InternetTrading/OrderMaxQuantity HTTP/1.1" 200 9
14.0.169.116 - - [12/Nov/2025:10:16:26 +0800] "POST /InternetTrading/LoginKey HTTP/1.1" 200 -
14.0.169.116 - - [12/Nov/2025:10:16:26 +0800] "GET /InternetTrading/jquery/wait.gif HTTP/1.1" 200 432
14.0.169.116 - - [12/Nov/2025:10:16:26 +0800] "POST /InternetTrading/PreOrder HTTP/1.1" 200 1207
58.152.215.195 - - [12/Nov/2025:10:16:27 +0800] "GET /InternetTrading/longpoll/55136?X-Atmosphere-tracking-id=0&X-Atmosphere-Framework=2.2.3-javascript&X-Atmosphere-Transport=long-polling&X-Atmosphere-TrackMessageSize=true&Content-Type=charset%3Dutf-8&X-atmo-protocol=true&_=1762913992914 HTTP/1.1" 200 -
14.0.169.116 - - [12/Nov/2025:10:16:27 +0800] "GET /InternetTrading/longpoll/A8127?X-Atmosphere-tracking-id=0&X-Atmosphere-Framework=2.2.3-javascript&X-Atmosphere-Transport=long-polling&X-Atmosphere-TrackMessageSize=true&Content-Type=charset%3Dutf-8&X-atmo-protocol=true&_=1762913992835 HTTP/1.1" 200 -
14.0.169.116 - - [12/Nov/2025:10:16:27 +0800] "POST /InternetTrading/SessionErrorLogger HTTP/1.1" 200 117
14.0.169.116 - - [12/Nov/2025:10:16:27 +0800] "GET /InternetTrading/Csrf?url=/Order HTTP/1.1" 200 126
14.0.169.116 - - [12/Nov/2025:10:16:27 +0800] "POST /InternetTrading/SessionErrorLogger HTTP/1.1" 200 117
14.0.169.116 - - [12/Nov/2025:10:16:28 +0800] "POST /InternetTrading/LoginKey HTTP/1.1" 200 -
14.0.169.116 - - [12/Nov/2025:10:16:28 +0800] "POST /InternetTrading/SessionErrorLogger HTTP/1.1" 200 117
14.0.169.116 - - [12/Nov/2025:10:16:28 +0800] "POST /InternetTrading/Order?csrf_nonce=E2D6EF6D89657230E00C69D0458EA262 HTTP/1.1" 200 1019
14.0.169.116 - - [12/Nov/2025:10:16:28 +0800] "POST /InternetTrading/SessionErrorLogger HTTP/1.1" 200 117
14.0.169.116 - - [12/Nov/2025:10:16:28 +0800] "GET /InternetTrading/tc/buy_ticket.html? HTTP/1.1" 200 1995
14.0.169.116 - - [12/Nov/2025:10:16:28 +0800] "POST /InternetTrading/SessionErrorLogger HTTP/1.1" 200 117
14.0.169.116 - - [12/Nov/2025:10:16:28 +0800] "POST /InternetTrading/SessionErrorLogger HTTP/1.1" 200 117
14.0.169.116 - - [12/Nov/2025:10:16:28 +0800] "POST /InternetTrading/MarketStatus HTTP/1.1" 200 772
14.0.169.116 - - [12/Nov/2025:10:16:28 +0800] "POST /InternetTrading/MarketStatus HTTP/1.1" 200 772
14.0.169.116 - - [12/Nov/2025:10:16:29 +0800] "POST /InternetTrading/SessionErrorLogger HTTP/1.1" 200 117
14.0.169.116 - - [12/Nov/2025:10:16:29 +0800] "GET /InternetTrading/tc/buy_ticket.html? HTTP/1.1" 200 1995
14.0.169.116 - - [12/Nov/2025:10:16:29 +0800] "POST /InternetTrading/SessionErrorLogger HTTP/1.1" 200 117
65.181.90.29 - - [12/Nov/2025:10:16:29 +0800] "GET /InternetTrading/longpoll/54338?X-Atmosphere-tracking-id=0&X-Atmosphere-Framework=2.2.3-javascript&X-Atmosphere-Transport=long-polling&X-Atmosphere-TrackMessageSize=true&Content-Type=charset%3Dutf-8&X-atmo-protocol=true&_=1762913996424 HTTP/1.1" 200 -
14.0.169.116 - - [12/Nov/2025:10:16:29 +0800] "POST /InternetTrading/SessionErrorLogger HTTP/1.1" 200 117
14.0.169.116 - - [12/Nov/2025:10:16:29 +0800] "POST /InternetTrading/Product HTTP/1.1" 200 303
14.0.169.116 - - [12/Nov/2025:10:16:30 +0800] "GET /InternetTrading/tc/buy_ticket.html? HTTP/1.1" 200 1995
14.0.169.116 - - [12/Nov/2025:10:16:30 +0800] "POST /InternetTrading/SessionErrorLogger HTTP/1.1" 200 117
14.0.169.116 - - [12/Nov/2025:10:16:30 +0800] "POST /InternetTrading/Product HTTP/1.1" 200 303
14.0.169.116 - - [12/Nov/2025:10:16:30 +0800] "POST /InternetTrading/SessionErrorLogger HTTP/1.1" 200 117
14.0.169.116 - - [12/Nov/2025:10:16:30 +0800] "POST /InternetTrading/MarketStatus HTTP/1.1" 200 772
14.0.169.116 - - [12/Nov/2025:10:16:30 +0800] "POST /InternetTrading/SessionErrorLogger HTTP/1.1" 200 117
