58.152.215.195 - - [12/Nov/2025:10:00:54 +0800] "POST /InternetTrading/SessionErrorLogger HTTP/1.1" 200 117
58.152.215.195 - - [12/Nov/2025:10:00:54 +0800] "POST /InternetTrading/Heartbeat HTTP/1.1" 200 32
58.152.215.195 - - [12/Nov/2025:10:00:54 +0800] "POST /InternetTrading/SessionErrorLogger HTTP/1.1" 200 117
58.152.215.195 - - [12/Nov/2025:10:00:54 +0800] "POST /InternetTrading/MarketStatus HTTP/1.1" 200 772
58.152.215.195 - - [12/Nov/2025:10:00:55 +0800] "GET /InternetTrading/longpoll/55136?X-Atmosphere-tracking-id=0&X-Atmosphere-Framework=2.2.3-javascript&X-Atmosphere-Transport=long-polling&X-Atmosphere-TrackMessageSize=true&Content-Type=charset%3Dutf-8&X-atmo-protocol=true&_=1762913061096 HTTP/1.1" 200 -
14.0.169.116 - - [12/Nov/2025:10:00:56 +0800] "GET /InternetTrading/longpoll/A8127?X-Atmosphere-tracking-id=0&X-Atmosphere-Framework=2.2.3-javascript&X-Atmosphere-Transport=long-polling&X-Atmosphere-TrackMessageSize=true&Content-Type=charset%3Dutf-8&X-atmo-protocol=true&_=1762913061451 HTTP/1.1" 200 -
65.181.90.29 - - [12/Nov/2025:10:00:56 +0800] "GET /InternetTrading/longpoll/54338?X-Atmosphere-tracking-id=0&X-Atmosphere-Framework=2.2.3-javascript&X-Atmosphere-Transport=long-polling&X-Atmosphere-TrackMessageSize=true&Content-Type=charset%3Dutf-8&X-atmo-protocol=true&_=1762913063427 HTTP/1.1" 200 -
65.181.90.29 - - [12/Nov/2025:10:00:58 +0800] "POST /InternetTrading/SessionErrorLogger HTTP/1.1" 200 117
65.181.90.29 - - [12/Nov/2025:10:00:58 +0800] "GET /InternetTrading/tc/buy_ticket.html? HTTP/1.1" 200 1995
65.181.90.29 - - [12/Nov/2025:10:00:58 +0800] "POST /InternetTrading/SessionErrorLogger HTTP/1.1" 200 117
65.181.90.29 - - [12/Nov/2025:10:00:58 +0800] "POST /InternetTrading/MarketStatus HTTP/1.1" 200 772
65.181.90.29 - - [12/Nov/2025:10:00:58 +0800] "POST /InternetTrading/SessionErrorLogger HTTP/1.1" 200 117
65.181.90.29 - - [12/Nov/2025:10:00:58 +0800] "POST /InternetTrading/MarketStatus HTTP/1.1" 200 772
65.181.90.29 - - [12/Nov/2025:10:00:58 +0800] "POST /InternetTrading/SessionErrorLogger HTTP/1.1" 200 117
65.181.90.29 - - [12/Nov/2025:10:00:58 +0800] "POST /InternetTrading/Product HTTP/1.1" 200 332
65.181.90.29 - - [12/Nov/2025:10:00:58 +0800] "POST /InternetTrading/SessionErrorLogger HTTP/1.1" 200 117
65.181.90.29 - - [12/Nov/2025:10:00:58 +0800] "POST /InternetTrading/OrderMaxQuantity HTTP/1.1" 200 9
183.178.37.129 - - [12/Nov/2025:10:00:58 +0800] "GET /InternetTrading/longpoll/56419?X-Atmosphere-tracking-id=0&X-Atmosphere-Framework=2.2.3-javascript&X-Atmosphere-Transport=long-polling&X-Atmosphere-TrackMessageSize=true&Content-Type=charset%3Dutf-8&X-atmo-protocol=true&_=1762913062260 HTTP/1.1" 200 -
58.152.215.195 - - [12/Nov/2025:10:01:00 +0800] "GET /InternetTrading/longpoll/55136?X-Atmosphere-tracking-id=0&X-Atmosphere-Framework=2.2.3-javascript&X-Atmosphere-Transport=long-polling&X-Atmosphere-TrackMessageSize=true&Content-Type=charset%3Dutf-8&X-atmo-protocol=true&_=1762913066126 HTTP/1.1" 200 -
14.0.169.116 - - [12/Nov/2025:10:01:01 +0800] "GET /InternetTrading/longpoll/A8127?X-Atmosphere-tracking-id=0&X-Atmosphere-Framework=2.2.3-javascript&X-Atmosphere-Transport=long-polling&X-Atmosphere-TrackMessageSize=true&Content-Type=charset%3Dutf-8&X-atmo-protocol=true&_=1762913066730 HTTP/1.1" 200 -
65.181.90.29 - - [12/Nov/2025:10:01:02 +0800] "GET /InternetTrading/longpoll/54338?X-Atmosphere-tracking-id=0&X-Atmosphere-Framework=2.2.3-javascript&X-Atmosphere-Transport=long-polling&X-Atmosphere-TrackMessageSize=true&Content-Type=charset%3Dutf-8&X-atmo-protocol=true&_=1762913068464 HTTP/1.1" 200 -
14.0.169.116 - - [12/Nov/2025:10:01:04 +0800] "POST /InternetTrading/SessionErrorLogger HTTP/1.1" 200 117
14.0.169.116 - - [12/Nov/2025:10:01:04 +0800] "POST /InternetTrading/MarketStatus HTTP/1.1" 200 772
65.181.90.29 - - [12/Nov/2025:10:01:04 +0800] "POST /InternetTrading/SessionErrorLogger HTTP/1.1" 200 117
183.178.37.129 - - [12/Nov/2025:10:01:04 +0800] "GET /InternetTrading/longpoll/56419?X-Atmosphere-tracking-id=0&X-Atmosphere-Framework=2.2.3-javascript&X-Atmosphere-Transport=long-polling&X-Atmosphere-TrackMessageSize=true&Content-Type=charset%3Dutf-8&X-atmo-protocol=true&_=1762913068256 HTTP/1.1" 200 -
65.181.90.29 - - [12/Nov/2025:10:01:04 +0800] "POST /InternetTrading/Heartbeat HTTP/1.1" 200 32
58.152.215.195 - - [12/Nov/2025:10:01:05 +0800] "GET /InternetTrading/longpoll/55136?X-Atmosphere-tracking-id=0&X-Atmosphere-Framework=2.2.3-javascript&X-Atmosphere-Transport=long-polling&X-Atmosphere-TrackMessageSize=true&Content-Type=charset%3Dutf-8&X-atmo-protocol=true&_=1762913071169 HTTP/1.1" 200 -
14.0.169.116 - - [12/Nov/2025:10:01:06 +0800] "GET /InternetTrading/longpoll/A8127?X-Atmosphere-tracking-id=0&X-Atmosphere-Framework=2.2.3-javascript&X-Atmosphere-Transport=long-polling&X-Atmosphere-TrackMessageSize=true&Content-Type=charset%3Dutf-8&X-atmo-protocol=true&_=1762913071879 HTTP/1.1" 200 -
65.181.90.29 - - [12/Nov/2025:10:01:07 +0800] "GET /InternetTrading/longpoll/54338?X-Atmosphere-tracking-id=0&X-Atmosphere-Framework=2.2.3-javascript&X-Atmosphere-Transport=long-polling&X-Atmosphere-TrackMessageSize=true&Content-Type=charset%3Dutf-8&X-atmo-protocol=true&_=1762913073501 HTTP/1.1" 200 -
14.0.169.116 - - [12/Nov/2025:10:01:09 +0800] "POST /InternetTrading/SessionErrorLogger HTTP/1.1" 200 117
14.0.169.116 - - [12/Nov/2025:10:01:09 +0800] "POST /InternetTrading/Heartbeat HTTP/1.1" 200 32
58.152.215.195 - - [12/Nov/2025:10:01:10 +0800] "GET /InternetTrading/longpoll/55136?X-Atmosphere-tracking-id=0&X-Atmosphere-Framework=2.2.3-javascript&X-Atmosphere-Transport=long-polling&X-Atmosphere-TrackMessageSize=true&Content-Type=charset%3Dutf-8&X-atmo-protocol=true&_=1762913076195 HTTP/1.1" 200 -
183.178.37.129 - - [12/Nov/2025:10:01:10 +0800] "GET /InternetTrading/longpoll/56419?X-Atmosphere-tracking-id=0&X-Atmosphere-Framework=2.2.3-javascript&X-Atmosphere-Transport=long-polling&X-Atmosphere-TrackMessageSize=true&Content-Type=charset%3Dutf-8&X-atmo-protocol=true&_=1762913074257 HTTP/1.1" 200 -
14.0.169.116 - - [12/Nov/2025:10:01:11 +0800] "GET /InternetTrading/longpoll/A8127?X-Atmosphere-tracking-id=0&X-Atmosphere-Framework=2.2.3-javascript&X-Atmosphere-Transport=long-polling&X-Atmosphere-TrackMessageSize=true&Content-Type=charset%3Dutf-8&X-atmo-protocol=true&_=1762913076953 HTTP/1.1" 200 -
65.181.90.29 - - [12/Nov/2025:10:01:12 +0800] "GET /InternetTrading/longpoll/54338?X-Atmosphere-tracking-id=0&X-Atmosphere-Framework=2.2.3-javascript&X-Atmosphere-Transport=long-polling&X-Atmosphere-TrackMessageSize=true&Content-Type=charset%3Dutf-8&X-atmo-protocol=true&_=1762913078549 HTTP/1.1" 200 -
58.152.215.195 - - [12/Nov/2025:10:01:15 +0800] "GET /InternetTrading/longpoll/55136?X-Atmosphere-tracking-id=0&X-Atmosphere-Framework=2.2.3-javascript&X-Atmosphere-Transport=long-polling&X-Atmosphere-TrackMessageSize=true&Content-Type=charset%3Dutf-8&X-atmo-protocol=true&_=1762913081219 HTTP/1.1" 200 -
183.178.37.129 - - [12/Nov/2025:10:01:16 +0800] "GET /InternetTrading/longpoll/56419?X-Atmosphere-tracking-id=0&X-Atmosphere-Framework=2.2.3-javascript&X-Atmosphere-Transport=long-polling&X-Atmosphere-TrackMessageSize=true&Content-Type=charset%3Dutf-8&X-atmo-protocol=true&_=1762913080262 HTTP/1.1" 200 -
14.0.169.116 - - [12/Nov/2025:10:01:17 +0800] "GET /InternetTrading/longpoll/A8127?X-Atmosphere-tracking-id=0&X-Atmosphere-Framework=2.2.3-javascript&X-Atmosphere-Transport=long-polling&X-Atmosphere-TrackMessageSize=true&Content-Type=charset%3Dutf-8&X-atmo-protocol=true&_=1762913082081 HTTP/1.1" 200 -
65.181.90.29 - - [12/Nov/2025:10:01:17 +0800] "GET /InternetTrading/longpoll/54338?X-Atmosphere-tracking-id=0&X-Atmosphere-Framework=2.2.3-javascript&X-Atmosphere-Transport=long-polling&X-Atmosphere-TrackMessageSize=true&Content-Type=charset%3Dutf-8&X-atmo-protocol=true&_=1762913083636 HTTP/1.1" 200 -
58.152.215.195 - - [12/Nov/2025:10:01:20 +0800] "GET /InternetTrading/longpoll/55136?X-Atmosphere-tracking-id=0&X-Atmosphere-Framework=2.2.3-javascript&X-Atmosphere-Transport=long-polling&X-Atmosphere-TrackMessageSize=true&Content-Type=charset%3Dutf-8&X-atmo-protocol=true&_=1762913086252 HTTP/1.1" 200 -
65.181.90.29 - - [12/Nov/2025:10:01:21 +0800] "GET /InternetTrading/tc/images/top_menu04.jpg HTTP/1.1" 200 3430
14.0.169.116 - - [12/Nov/2025:10:01:22 +0800] "GET /InternetTrading/longpoll/A8127?X-Atmosphere-tracking-id=0&X-Atmosphere-Framework=2.2.3-javascript&X-Atmosphere-Transport=long-polling&X-Atmosphere-TrackMessageSize=true&Content-Type=charset%3Dutf-8&X-atmo-protocol=true&_=1762913087241 HTTP/1.1" 200 -
65.181.90.29 - - [12/Nov/2025:10:01:22 +0800] "GET /InternetTrading/longpoll/54338?X-Atmosphere-tracking-id=0&X-Atmosphere-Framework=2.2.3-javascript&X-Atmosphere-Transport=long-polling&X-Atmosphere-TrackMessageSize=true&Content-Type=charset%3Dutf-8&X-atmo-protocol=true&_=1762913088678 HTTP/1.1" 200 -
183.178.37.129 - - [12/Nov/2025:10:01:22 +0800] "GET /InternetTrading/longpoll/56419?X-Atmosphere-tracking-id=0&X-Atmosphere-Framework=2.2.3-javascript&X-Atmosphere-Transport=long-polling&X-Atmosphere-TrackMessageSize=true&Content-Type=charset%3Dutf-8&X-atmo-protocol=true&_=1762913086262 HTTP/1.1" 200 -
58.152.215.195 - - [12/Nov/2025:10:01:24 +0800] "POST /InternetTrading/SessionErrorLogger HTTP/1.1" 200 117
58.152.215.195 - - [12/Nov/2025:10:01:24 +0800] "POST /InternetTrading/Heartbeat HTTP/1.1" 200 32
58.152.215.195 - - [12/Nov/2025:10:01:24 +0800] "POST /InternetTrading/SessionErrorLogger HTTP/1.1" 200 117
65.181.90.29 - - [12/Nov/2025:10:01:24 +0800] "POST /InternetTrading/SessionErrorLogger HTTP/1.1" 200 117
58.152.215.195 - - [12/Nov/2025:10:01:24 +0800] "POST /InternetTrading/MarketStatus HTTP/1.1" 200 772
65.181.90.29 - - [12/Nov/2025:10:01:24 +0800] "POST /InternetTrading/SessionErrorLogger HTTP/1.1" 200 117
65.181.90.29 - - [12/Nov/2025:10:01:24 +0800] "POST /InternetTrading/Product HTTP/1.1" 200 331
65.181.90.29 - - [12/Nov/2025:10:01:24 +0800] "POST /InternetTrading/OrderMaxQuantity HTTP/1.1" 200 9
58.152.215.195 - - [12/Nov/2025:10:01:25 +0800] "GET /InternetTrading/longpoll/55136?X-Atmosphere-tracking-id=0&X-Atmosphere-Framework=2.2.3-javascript&X-Atmosphere-Transport=long-polling&X-Atmosphere-TrackMessageSize=true&Content-Type=charset%3Dutf-8&X-atmo-protocol=true&_=1762913091292 HTTP/1.1" 200 -
65.181.90.29 - - [12/Nov/2025:10:01:27 +0800] "GET /InternetTrading/longpoll/54338?X-Atmosphere-tracking-id=0&X-Atmosphere-Framework=2.2.3-javascript&X-Atmosphere-Transport=long-polling&X-Atmosphere-TrackMessageSize=true&Content-Type=charset%3Dutf-8&X-atmo-protocol=true&_=1762913093696 HTTP/1.1" 200 -
14.0.169.116 - - [12/Nov/2025:10:01:27 +0800] "GET /InternetTrading/longpoll/A8127?X-Atmosphere-tracking-id=0&X-Atmosphere-Framework=2.2.3-javascript&X-Atmosphere-Transport=long-polling&X-Atmosphere-TrackMessageSize=true&Content-Type=charset%3Dutf-8&X-atmo-protocol=true&_=1762913092377 HTTP/1.1" 200 -
65.181.90.29 - - [12/Nov/2025:10:01:27 +0800] "POST /InternetTrading/SessionErrorLogger HTTP/1.1" 200 117
65.181.90.29 - - [12/Nov/2025:10:01:27 +0800] "POST /InternetTrading/OrderMaxQuantity HTTP/1.1" 200 9
65.181.90.29 - - [12/Nov/2025:10:01:28 +0800] "POST /InternetTrading/SessionErrorLogger HTTP/1.1" 200 117
65.181.90.29 - - [12/Nov/2025:10:01:28 +0800] "POST /InternetTrading/MarketStatus HTTP/1.1" 200 772
183.178.37.129 - - [12/Nov/2025:10:01:28 +0800] "GET /InternetTrading/longpoll/56419?X-Atmosphere-tracking-id=0&X-Atmosphere-Framework=2.2.3-javascript&X-Atmosphere-Transport=long-polling&X-Atmosphere-TrackMessageSize=true&Content-Type=charset%3Dutf-8&X-atmo-protocol=true&_=1762913092258 HTTP/1.1" 200 -
58.152.215.195 - - [12/Nov/2025:10:01:30 +0800] "GET /InternetTrading/longpoll/55136?X-Atmosphere-tracking-id=0&X-Atmosphere-Framework=2.2.3-javascript&X-Atmosphere-Transport=long-polling&X-Atmosphere-TrackMessageSize=true&Content-Type=charset%3Dutf-8&X-atmo-protocol=true&_=1762913096319 HTTP/1.1" 200 -
65.181.90.29 - - [12/Nov/2025:10:01:32 +0800] "GET /InternetTrading/longpoll/54338?X-Atmosphere-tracking-id=0&X-Atmosphere-Framework=2.2.3-javascript&X-Atmosphere-Transport=long-polling&X-Atmosphere-TrackMessageSize=true&Content-Type=charset%3Dutf-8&X-atmo-protocol=true&_=1762913098736 HTTP/1.1" 200 -
14.0.169.116 - - [12/Nov/2025:10:01:32 +0800] "GET /InternetTrading/longpoll/A8127?X-Atmosphere-tracking-id=0&X-Atmosphere-Framework=2.2.3-javascript&X-Atmosphere-Transport=long-polling&X-Atmosphere-TrackMessageSize=true&Content-Type=charset%3Dutf-8&X-atmo-protocol=true&_=1762913097606 HTTP/1.1" 200 -
14.0.169.116 - - [12/Nov/2025:10:01:34 +0800] "POST /InternetTrading/SessionErrorLogger HTTP/1.1" 200 117
14.0.169.116 - - [12/Nov/2025:10:01:34 +0800] "POST /InternetTrading/MarketStatus HTTP/1.1" 200 772
183.178.37.129 - - [12/Nov/2025:10:01:34 +0800] "GET /InternetTrading/longpoll/56419?X-Atmosphere-tracking-id=0&X-Atmosphere-Framework=2.2.3-javascript&X-Atmosphere-Transport=long-polling&X-Atmosphere-TrackMessageSize=true&Content-Type=charset%3Dutf-8&X-atmo-protocol=true&_=1762913098258 HTTP/1.1" 200 -
65.181.90.29 - - [12/Nov/2025:10:01:34 +0800] "POST /InternetTrading/SessionErrorLogger HTTP/1.1" 200 117
65.181.90.29 - - [12/Nov/2025:10:01:34 +0800] "POST /InternetTrading/Heartbeat HTTP/1.1" 200 32
58.152.215.195 - - [12/Nov/2025:10:01:35 +0800] "GET /InternetTrading/longpoll/55136?X-Atmosphere-tracking-id=0&X-Atmosphere-Framework=2.2.3-javascript&X-Atmosphere-Transport=long-polling&X-Atmosphere-TrackMessageSize=true&Content-Type=charset%3Dutf-8&X-atmo-protocol=true&_=1762913101356 HTTP/1.1" 200 -
65.181.90.29 - - [12/Nov/2025:10:01:37 +0800] "GET /InternetTrading/longpoll/54338?X-Atmosphere-tracking-id=0&X-Atmosphere-Framework=2.2.3-javascript&X-Atmosphere-Transport=long-polling&X-Atmosphere-TrackMessageSize=true&Content-Type=charset%3Dutf-8&X-atmo-protocol=true&_=1762913103767 HTTP/1.1" 200 -
14.0.169.116 - - [12/Nov/2025:10:01:37 +0800] "GET /InternetTrading/longpoll/A8127?X-Atmosphere-tracking-id=0&X-Atmosphere-Framework=2.2.3-javascript&X-Atmosphere-Transport=long-polling&X-Atmosphere-TrackMessageSize=true&Content-Type=charset%3Dutf-8&X-atmo-protocol=true&_=1762913102959 HTTP/1.1" 200 -
14.0.169.116 - - [12/Nov/2025:10:01:39 +0800] "POST /InternetTrading/SessionErrorLogger HTTP/1.1" 200 117
14.0.169.116 - - [12/Nov/2025:10:01:39 +0800] "POST /InternetTrading/Heartbeat HTTP/1.1" 200 32
183.178.37.129 - - [12/Nov/2025:10:01:40 +0800] "GET /InternetTrading/longpoll/56419?X-Atmosphere-tracking-id=0&X-Atmosphere-Framework=2.2.3-javascript&X-Atmosphere-Transport=long-polling&X-Atmosphere-TrackMessageSize=true&Content-Type=charset%3Dutf-8&X-atmo-protocol=true&_=1762913104256 HTTP/1.1" 200 -
58.152.215.195 - - [12/Nov/2025:10:01:40 +0800] "GET /InternetTrading/longpoll/55136?X-Atmosphere-tracking-id=0&X-Atmosphere-Framework=2.2.3-javascript&X-Atmosphere-Transport=long-polling&X-Atmosphere-TrackMessageSize=true&Content-Type=charset%3Dutf-8&X-atmo-protocol=true&_=1762913106406 HTTP/1.1" 200 -
65.181.90.29 - - [12/Nov/2025:10:01:42 +0800] "GET /InternetTrading/longpoll/54338?X-Atmosphere-tracking-id=0&X-Atmosphere-Framework=2.2.3-javascript&X-Atmosphere-Transport=long-polling&X-Atmosphere-TrackMessageSize=true&Content-Type=charset%3Dutf-8&X-atmo-protocol=true&_=1762913108784 HTTP/1.1" 200 -
14.0.169.116 - - [12/Nov/2025:10:01:42 +0800] "GET /InternetTrading/longpoll/A8127?X-Atmosphere-tracking-id=0&X-Atmosphere-Framework=2.2.3-javascript&X-Atmosphere-Transport=long-polling&X-Atmosphere-TrackMessageSize=true&Content-Type=charset%3Dutf-8&X-atmo-protocol=true&_=1762913108079 HTTP/1.1" 200 -
58.152.215.195 - - [12/Nov/2025:10:01:45 +0800] "GET /InternetTrading/longpoll/55136?X-Atmosphere-tracking-id=0&X-Atmosphere-Framework=2.2.3-javascript&X-Atmosphere-Transport=long-polling&X-Atmosphere-TrackMessageSize=true&Content-Type=charset%3Dutf-8&X-atmo-protocol=true&_=1762913111445 HTTP/1.1" 200 -
183.178.37.129 - - [12/Nov/2025:10:01:46 +0800] "GET /InternetTrading/longpoll/56419?X-Atmosphere-tracking-id=0&X-Atmosphere-Framework=2.2.3-javascript&X-Atmosphere-Transport=long-polling&X-Atmosphere-TrackMessageSize=true&Content-Type=charset%3Dutf-8&X-atmo-protocol=true&_=1762913110255 HTTP/1.1" 200 -
65.181.90.29 - - [12/Nov/2025:10:01:47 +0800] "GET /InternetTrading/longpoll/54338?X-Atmosphere-tracking-id=0&X-Atmosphere-Framework=2.2.3-javascript&X-Atmosphere-Transport=long-polling&X-Atmosphere-TrackMessageSize=true&Content-Type=charset%3Dutf-8&X-atmo-protocol=true&_=1762913113816 HTTP/1.1" 200 -
183.178.37.129 - - [12/Nov/2025:10:01:47 +0800] "POST /InternetTrading/SessionErrorLogger HTTP/1.1" 200 117
183.178.37.129 - - [12/Nov/2025:10:01:47 +0800] "POST /InternetTrading/Heartbeat HTTP/1.1" 200 32
183.178.37.129 - - [12/Nov/2025:10:01:47 +0800] "POST /InternetTrading/SessionErrorLogger HTTP/1.1" 200 117
183.178.37.129 - - [12/Nov/2025:10:01:47 +0800] "POST /InternetTrading/MarketStatus HTTP/1.1" 200 772
14.0.169.116 - - [12/Nov/2025:10:01:48 +0800] "GET /InternetTrading/longpoll/A8127?X-Atmosphere-tracking-id=0&X-Atmosphere-Framework=2.2.3-javascript&X-Atmosphere-Transport=long-polling&X-Atmosphere-TrackMessageSize=true&Content-Type=charset%3Dutf-8&X-atmo-protocol=true&_=1762913113198 HTTP/1.1" 200 -
58.152.215.195 - - [12/Nov/2025:10:01:50 +0800] "GET /InternetTrading/longpoll/55136?X-Atmosphere-tracking-id=0&X-Atmosphere-Framework=2.2.3-javascript&X-Atmosphere-Transport=long-polling&X-Atmosphere-TrackMessageSize=true&Content-Type=charset%3Dutf-8&X-atmo-protocol=true&_=1762913116486 HTTP/1.1" 200 -
65.181.90.29 - - [12/Nov/2025:10:01:52 +0800] "GET /InternetTrading/longpoll/54338?X-Atmosphere-tracking-id=0&X-Atmosphere-Framework=2.2.3-javascript&X-Atmosphere-Transport=long-polling&X-Atmosphere-TrackMessageSize=true&Content-Type=charset%3Dutf-8&X-atmo-protocol=true&_=1762913118848 HTTP/1.1" 200 -
183.178.37.129 - - [12/Nov/2025:10:01:52 +0800] "GET /InternetTrading/longpoll/56419?X-Atmosphere-tracking-id=0&X-Atmosphere-Framework=2.2.3-javascript&X-Atmosphere-Transport=long-polling&X-Atmosphere-TrackMessageSize=true&Content-Type=charset%3Dutf-8&X-atmo-protocol=true&_=1762913116267 HTTP/1.1" 200 -
14.0.169.116 - - [12/Nov/2025:10:01:53 +0800] "GET /InternetTrading/longpoll/A8127?X-Atmosphere-tracking-id=0&X-Atmosphere-Framework=2.2.3-javascript&X-Atmosphere-Transport=long-polling&X-Atmosphere-TrackMessageSize=true&Content-Type=charset%3Dutf-8&X-atmo-protocol=true&_=1762913118467 HTTP/1.1" 200 -
58.152.215.195 - - [12/Nov/2025:10:01:54 +0800] "POST /InternetTrading/SessionErrorLogger HTTP/1.1" 200 117
58.152.215.195 - - [12/Nov/2025:10:01:54 +0800] "POST /InternetTrading/Heartbeat HTTP/1.1" 200 32
58.152.215.195 - - [12/Nov/2025:10:01:54 +0800] "POST /InternetTrading/SessionErrorLogger HTTP/1.1" 200 117
58.152.215.195 - - [12/Nov/2025:10:01:54 +0800] "POST /InternetTrading/MarketStatus HTTP/1.1" 200 772
58.152.215.195 - - [12/Nov/2025:10:01:55 +0800] "GET /InternetTrading/longpoll/55136?X-Atmosphere-tracking-id=0&X-Atmosphere-Framework=2.2.3-javascript&X-Atmosphere-Transport=long-polling&X-Atmosphere-TrackMessageSize=true&Content-Type=charset%3Dutf-8&X-atmo-protocol=true&_=1762913121521 HTTP/1.1" 200 -
65.181.90.29 - - [12/Nov/2025:10:01:57 +0800] "GET /InternetTrading/longpoll/54338?X-Atmosphere-tracking-id=0&X-Atmosphere-Framework=2.2.3-javascript&X-Atmosphere-Transport=long-polling&X-Atmosphere-TrackMessageSize=true&Content-Type=charset%3Dutf-8&X-atmo-protocol=true&_=1762913123922 HTTP/1.1" 200 -
65.181.90.29 - - [12/Nov/2025:10:01:58 +0800] "POST /InternetTrading/SessionErrorLogger HTTP/1.1" 200 117
65.181.90.29 - - [12/Nov/2025:10:01:58 +0800] "POST /InternetTrading/MarketStatus HTTP/1.1" 200 772
14.0.169.116 - - [12/Nov/2025:10:01:58 +0800] "GET /InternetTrading/longpoll/A8127?X-Atmosphere-tracking-id=0&X-Atmosphere-Framework=2.2.3-javascript&X-Atmosphere-Transport=long-polling&X-Atmosphere-TrackMessageSize=true&Content-Type=charset%3Dutf-8&X-atmo-protocol=true&_=1762913123601 HTTP/1.1" 200 -
183.178.37.129 - - [12/Nov/2025:10:01:58 +0800] "GET /InternetTrading/longpoll/56419?X-Atmosphere-tracking-id=0&X-Atmosphere-Framework=2.2.3-javascript&X-Atmosphere-Transport=long-polling&X-Atmosphere-TrackMessageSize=true&Content-Type=charset%3Dutf-8&X-atmo-protocol=true&_=1762913122265 HTTP/1.1" 200 -
58.152.215.195 - - [12/Nov/2025:10:02:00 +0800] "GET /InternetTrading/longpoll/55136?X-Atmosphere-tracking-id=0&X-Atmosphere-Framework=2.2.3-javascript&X-Atmosphere-Transport=long-polling&X-Atmosphere-TrackMessageSize=true&Content-Type=charset%3Dutf-8&X-atmo-protocol=true&_=1762913126542 HTTP/1.1" 200 -
65.181.90.29 - - [12/Nov/2025:10:02:02 +0800] "GET /InternetTrading/longpoll/54338?X-Atmosphere-tracking-id=0&X-Atmosphere-Framework=2.2.3-javascript&X-Atmosphere-Transport=long-polling&X-Atmosphere-TrackMessageSize=true&Content-Type=charset%3Dutf-8&X-atmo-protocol=true&_=1762913128954 HTTP/1.1" 200 -
14.0.169.116 - - [12/Nov/2025:10:02:03 +0800] "GET /InternetTrading/longpoll/A8127?X-Atmosphere-tracking-id=0&X-Atmosphere-Framework=2.2.3-javascript&X-Atmosphere-Transport=long-polling&X-Atmosphere-TrackMessageSize=true&Content-Type=charset%3Dutf-8&X-atmo-protocol=true&_=1762913128757 HTTP/1.1" 200 -
14.0.169.116 - - [12/Nov/2025:10:02:04 +0800] "POST /InternetTrading/SessionErrorLogger HTTP/1.1" 200 117
14.0.169.116 - - [12/Nov/2025:10:02:04 +0800] "POST /InternetTrading/MarketStatus HTTP/1.1" 200 772
183.178.37.129 - - [12/Nov/2025:10:02:04 +0800] "GET /InternetTrading/longpoll/56419?X-Atmosphere-tracking-id=0&X-Atmosphere-Framework=2.2.3-javascript&X-Atmosphere-Transport=long-polling&X-Atmosphere-TrackMessageSize=true&Content-Type=charset%3Dutf-8&X-atmo-protocol=true&_=1762913128264 HTTP/1.1" 200 -
65.181.90.29 - - [12/Nov/2025:10:02:04 +0800] "POST /InternetTrading/SessionErrorLogger HTTP/1.1" 200 117
65.181.90.29 - - [12/Nov/2025:10:02:04 +0800] "POST /InternetTrading/Heartbeat HTTP/1.1" 200 32
58.152.215.195 - - [12/Nov/2025:10:02:05 +0800] "GET /InternetTrading/longpoll/55136?X-Atmosphere-tracking-id=0&X-Atmosphere-Framework=2.2.3-javascript&X-Atmosphere-Transport=long-polling&X-Atmosphere-TrackMessageSize=true&Content-Type=charset%3Dutf-8&X-atmo-protocol=true&_=1762913131596 HTTP/1.1" 200 -
65.181.90.29 - - [12/Nov/2025:10:02:07 +0800] "GET /InternetTrading/longpoll/54338?X-Atmosphere-tracking-id=0&X-Atmosphere-Framework=2.2.3-javascript&X-Atmosphere-Transport=long-polling&X-Atmosphere-TrackMessageSize=true&Content-Type=charset%3Dutf-8&X-atmo-protocol=true&_=1762913134021 HTTP/1.1" 200 -
14.0.169.116 - - [12/Nov/2025:10:02:08 +0800] "GET /InternetTrading/longpoll/A8127?X-Atmosphere-tracking-id=0&X-Atmosphere-Framework=2.2.3-javascript&X-Atmosphere-Transport=long-polling&X-Atmosphere-TrackMessageSize=true&Content-Type=charset%3Dutf-8&X-atmo-protocol=true&_=1762913133886 HTTP/1.1" 200 -
14.0.169.116 - - [12/Nov/2025:10:02:09 +0800] "POST /InternetTrading/SessionErrorLogger HTTP/1.1" 200 117
14.0.169.116 - - [12/Nov/2025:10:02:09 +0800] "POST /InternetTrading/Heartbeat HTTP/1.1" 200 32
183.178.37.129 - - [12/Nov/2025:10:02:10 +0800] "GET /InternetTrading/longpoll/56419?X-Atmosphere-tracking-id=0&X-Atmosphere-Framework=2.2.3-javascript&X-Atmosphere-Transport=long-polling&X-Atmosphere-TrackMessageSize=true&Content-Type=charset%3Dutf-8&X-atmo-protocol=true&_=1762913134253 HTTP/1.1" 200 -
58.152.215.195 - - [12/Nov/2025:10:02:10 +0800] "GET /InternetTrading/longpoll/55136?X-Atmosphere-tracking-id=0&X-Atmosphere-Framework=2.2.3-javascript&X-Atmosphere-Transport=long-polling&X-Atmosphere-TrackMessageSize=true&Content-Type=charset%3Dutf-8&X-atmo-protocol=true&_=1762913136642 HTTP/1.1" 200 -
65.181.90.29 - - [12/Nov/2025:10:02:12 +0800] "GET /InternetTrading/longpoll/54338?X-Atmosphere-tracking-id=0&X-Atmosphere-Framework=2.2.3-javascript&X-Atmosphere-Transport=long-polling&X-Atmosphere-TrackMessageSize=true&Content-Type=charset%3Dutf-8&X-atmo-protocol=true&_=1762913139069 HTTP/1.1" 200 -
14.0.169.116 - - [12/Nov/2025:10:02:13 +0800] "GET /InternetTrading/longpoll/A8127?X-Atmosphere-tracking-id=0&X-Atmosphere-Framework=2.2.3-javascript&X-Atmosphere-Transport=long-polling&X-Atmosphere-TrackMessageSize=true&Content-Type=charset%3Dutf-8&X-atmo-protocol=true&_=1762913138949 HTTP/1.1" 200 -
58.152.215.195 - - [12/Nov/2025:10:02:16 +0800] "GET /InternetTrading/longpoll/55136?X-Atmosphere-tracking-id=0&X-Atmosphere-Framework=2.2.3-javascript&X-Atmosphere-Transport=long-polling&X-Atmosphere-TrackMessageSize=true&Content-Type=charset%3Dutf-8&X-atmo-protocol=true&_=1762913141684 HTTP/1.1" 200 -
183.178.37.129 - - [12/Nov/2025:10:02:16 +0800] "GET /InternetTrading/longpoll/56419?X-Atmosphere-tracking-id=0&X-Atmosphere-Framework=2.2.3-javascript&X-Atmosphere-Transport=long-polling&X-Atmosphere-TrackMessageSize=true&Content-Type=charset%3Dutf-8&X-atmo-protocol=true&_=1762913140264 HTTP/1.1" 200 -
65.181.90.29 - - [12/Nov/2025:10:02:17 +0800] "GET /InternetTrading/longpoll/54338?X-Atmosphere-tracking-id=0&X-Atmosphere-Framework=2.2.3-javascript&X-Atmosphere-Transport=long-polling&X-Atmosphere-TrackMessageSize=true&Content-Type=charset%3Dutf-8&X-atmo-protocol=true&_=1762913144117 HTTP/1.1" 200 -
14.0.169.116 - - [12/Nov/2025:10:02:19 +0800] "GET /InternetTrading/longpoll/A8127?X-Atmosphere-tracking-id=0&X-Atmosphere-Framework=2.2.3-javascript&X-Atmosphere-Transport=long-polling&X-Atmosphere-TrackMessageSize=true&Content-Type=charset%3Dutf-8&X-atmo-protocol=true&_=1762913144088 HTTP/1.1" 200 -
58.152.215.195 - - [12/Nov/2025:10:02:21 +0800] "GET /InternetTrading/longpoll/55136?X-Atmosphere-tracking-id=0&X-Atmosphere-Framework=2.2.3-javascript&X-Atmosphere-Transport=long-polling&X-Atmosphere-TrackMessageSize=true&Content-Type=charset%3Dutf-8&X-atmo-protocol=true&_=1762913146710 HTTP/1.1" 200 -
183.178.37.129 - - [12/Nov/2025:10:02:22 +0800] "GET /InternetTrading/longpoll/56419?X-Atmosphere-tracking-id=0&X-Atmosphere-Framework=2.2.3-javascript&X-Atmosphere-Transport=long-polling&X-Atmosphere-TrackMessageSize=true&Content-Type=charset%3Dutf-8&X-atmo-protocol=true&_=1762913146267 HTTP/1.1" 200 -
65.181.90.29 - - [12/Nov/2025:10:02:22 +0800] "GET /InternetTrading/longpoll/54338?X-Atmosphere-tracking-id=0&X-Atmosphere-Framework=2.2.3-javascript&X-Atmosphere-Transport=long-polling&X-Atmosphere-TrackMessageSize=true&Content-Type=charset%3Dutf-8&X-atmo-protocol=true&_=1762913149164 HTTP/1.1" 200 -
14.0.169.116 - - [12/Nov/2025:10:02:24 +0800] "GET /InternetTrading/longpoll/A8127?X-Atmosphere-tracking-id=0&X-Atmosphere-Framework=2.2.3-javascript&X-Atmosphere-Transport=long-polling&X-Atmosphere-TrackMessageSize=true&Content-Type=charset%3Dutf-8&X-atmo-protocol=true&_=1762913149350 HTTP/1.1" 200 -
58.152.215.195 - - [12/Nov/2025:10:02:24 +0800] "POST /InternetTrading/SessionErrorLogger HTTP/1.1" 200 117
58.152.215.195 - - [12/Nov/2025:10:02:24 +0800] "POST /InternetTrading/Heartbeat HTTP/1.1" 200 32
58.152.215.195 - - [12/Nov/2025:10:02:24 +0800] "POST /InternetTrading/SessionErrorLogger HTTP/1.1" 200 117
58.152.215.195 - - [12/Nov/2025:10:02:24 +0800] "POST /InternetTrading/MarketStatus HTTP/1.1" 200 772
58.152.215.195 - - [12/Nov/2025:10:02:26 +0800] "GET /InternetTrading/longpoll/55136?X-Atmosphere-tracking-id=0&X-Atmosphere-Framework=2.2.3-javascript&X-Atmosphere-Transport=long-polling&X-Atmosphere-TrackMessageSize=true&Content-Type=charset%3Dutf-8&X-atmo-protocol=true&_=1762913151742 HTTP/1.1" 200 -
65.181.90.29 - - [12/Nov/2025:10:02:27 +0800] "GET /InternetTrading/longpoll/54338?X-Atmosphere-tracking-id=0&X-Atmosphere-Framework=2.2.3-javascript&X-Atmosphere-Transport=long-polling&X-Atmosphere-TrackMessageSize=true&Content-Type=charset%3Dutf-8&X-atmo-protocol=true&_=1762913154212 HTTP/1.1" 200 -
65.181.90.29 - - [12/Nov/2025:10:02:28 +0800] "POST /InternetTrading/SessionErrorLogger HTTP/1.1" 200 117
65.181.90.29 - - [12/Nov/2025:10:02:28 +0800] "POST /InternetTrading/MarketStatus HTTP/1.1" 200 772
183.178.37.129 - - [12/Nov/2025:10:02:28 +0800] "GET /InternetTrading/longpoll/56419?X-Atmosphere-tracking-id=0&X-Atmosphere-Framework=2.2.3-javascript&X-Atmosphere-Transport=long-polling&X-Atmosphere-TrackMessageSize=true&Content-Type=charset%3Dutf-8&X-atmo-protocol=true&_=1762913152259 HTTP/1.1" 200 -
14.0.169.116 - - [12/Nov/2025:10:02:29 +0800] "GET /InternetTrading/longpoll/A8127?X-Atmosphere-tracking-id=0&X-Atmosphere-Framework=2.2.3-javascript&X-Atmosphere-Transport=long-polling&X-Atmosphere-TrackMessageSize=true&Content-Type=charset%3Dutf-8&X-atmo-protocol=true&_=1762913154603 HTTP/1.1" 200 -
58.152.215.195 - - [12/Nov/2025:10:02:31 +0800] "GET /InternetTrading/longpoll/55136?X-Atmosphere-tracking-id=0&X-Atmosphere-Framework=2.2.3-javascript&X-Atmosphere-Transport=long-polling&X-Atmosphere-TrackMessageSize=true&Content-Type=charset%3Dutf-8&X-atmo-protocol=true&_=1762913156763 HTTP/1.1" 200 -
65.181.90.29 - - [12/Nov/2025:10:02:32 +0800] "GET /InternetTrading/longpoll/54338?X-Atmosphere-tracking-id=0&X-Atmosphere-Framework=2.2.3-javascript&X-Atmosphere-Transport=long-polling&X-Atmosphere-TrackMessageSize=true&Content-Type=charset%3Dutf-8&X-atmo-protocol=true&_=1762913159260 HTTP/1.1" 200 -
14.0.169.116 - - [12/Nov/2025:10:02:34 +0800] "POST /InternetTrading/SessionErrorLogger HTTP/1.1" 200 117
183.178.37.129 - - [12/Nov/2025:10:02:34 +0800] "GET /InternetTrading/longpoll/56419?X-Atmosphere-tracking-id=0&X-Atmosphere-Framework=2.2.3-javascript&X-Atmosphere-Transport=long-polling&X-Atmosphere-TrackMessageSize=true&Content-Type=charset%3Dutf-8&X-atmo-protocol=true&_=1762913158265 HTTP/1.1" 200 -
14.0.169.116 - - [12/Nov/2025:10:02:34 +0800] "POST /InternetTrading/MarketStatus HTTP/1.1" 200 772
65.181.90.29 - - [12/Nov/2025:10:02:34 +0800] "POST /InternetTrading/SessionErrorLogger HTTP/1.1" 200 117
65.181.90.29 - - [12/Nov/2025:10:02:34 +0800] "POST /InternetTrading/Heartbeat HTTP/1.1" 200 32
14.0.169.116 - - [12/Nov/2025:10:02:34 +0800] "GET /InternetTrading/longpoll/A8127?X-Atmosphere-tracking-id=0&X-Atmosphere-Framework=2.2.3-javascript&X-Atmosphere-Transport=long-polling&X-Atmosphere-TrackMessageSize=true&Content-Type=charset%3Dutf-8&X-atmo-protocol=true&_=1762913159908 HTTP/1.1" 200 -
58.152.215.195 - - [12/Nov/2025:10:02:36 +0800] "GET /InternetTrading/longpoll/55136?X-Atmosphere-tracking-id=0&X-Atmosphere-Framework=2.2.3-javascript&X-Atmosphere-Transport=long-polling&X-Atmosphere-TrackMessageSize=true&Content-Type=charset%3Dutf-8&X-atmo-protocol=true&_=1762913161786 HTTP/1.1" 200 -
65.181.90.29 - - [12/Nov/2025:10:02:37 +0800] "GET /InternetTrading/longpoll/54338?X-Atmosphere-tracking-id=0&X-Atmosphere-Framework=2.2.3-javascript&X-Atmosphere-Transport=long-polling&X-Atmosphere-TrackMessageSize=true&Content-Type=charset%3Dutf-8&X-atmo-protocol=true&_=1762913164333 HTTP/1.1" 200 -
14.0.169.116 - - [12/Nov/2025:10:02:39 +0800] "POST /InternetTrading/SessionErrorLogger HTTP/1.1" 200 117
14.0.169.116 - - [12/Nov/2025:10:02:39 +0800] "POST /InternetTrading/Heartbeat HTTP/1.1" 200 32
14.0.169.116 - - [12/Nov/2025:10:02:39 +0800] "GET /InternetTrading/longpoll/A8127?X-Atmosphere-tracking-id=0&X-Atmosphere-Framework=2.2.3-javascript&X-Atmosphere-Transport=long-polling&X-Atmosphere-TrackMessageSize=true&Content-Type=charset%3Dutf-8&X-atmo-protocol=true&_=1762913164952 HTTP/1.1" 200 -
183.178.37.129 - - [12/Nov/2025:10:02:40 +0800] "GET /InternetTrading/longpoll/56419?X-Atmosphere-tracking-id=0&X-Atmosphere-Framework=2.2.3-javascript&X-Atmosphere-Transport=long-polling&X-Atmosphere-TrackMessageSize=true&Content-Type=charset%3Dutf-8&X-atmo-protocol=true&_=1762913164257 HTTP/1.1" 200 -
58.152.215.195 - - [12/Nov/2025:10:02:41 +0800] "GET /InternetTrading/longpoll/55136?X-Atmosphere-tracking-id=0&X-Atmosphere-Framework=2.2.3-javascript&X-Atmosphere-Transport=long-polling&X-Atmosphere-TrackMessageSize=true&Content-Type=charset%3Dutf-8&X-atmo-protocol=true&_=1762913166810 HTTP/1.1" 200 -
183.178.37.129 - - [12/Nov/2025:10:02:41 +0800] "POST /InternetTrading/SessionErrorLogger HTTP/1.1" 200 117
183.178.37.129 - - [12/Nov/2025:10:02:41 +0800] "POST /InternetTrading/Heartbeat HTTP/1.1" 200 32
183.178.37.129 - - [12/Nov/2025:10:02:42 +0800] "POST /InternetTrading/SessionErrorLogger HTTP/1.1" 200 117
183.178.37.129 - - [12/Nov/2025:10:02:42 +0800] "POST /InternetTrading/MarketStatus HTTP/1.1" 200 772
65.181.90.29 - - [12/Nov/2025:10:02:42 +0800] "GET /InternetTrading/longpoll/54338?X-Atmosphere-tracking-id=0&X-Atmosphere-Framework=2.2.3-javascript&X-Atmosphere-Transport=long-polling&X-Atmosphere-TrackMessageSize=true&Content-Type=charset%3Dutf-8&X-atmo-protocol=true&_=1762913169380 HTTP/1.1" 200 -
14.0.169.116 - - [12/Nov/2025:10:02:45 +0800] "GET /InternetTrading/longpoll/A8127?X-Atmosphere-tracking-id=0&X-Atmosphere-Framework=2.2.3-javascript&X-Atmosphere-Transport=long-polling&X-Atmosphere-TrackMessageSize=true&Content-Type=charset%3Dutf-8&X-atmo-protocol=true&_=1762913170080 HTTP/1.1" 200 -
183.178.37.129 - - [12/Nov/2025:10:02:45 +0800] "GET /InternetTrading/longpoll/56419?X-Atmosphere-tracking-id=0&X-Atmosphere-Framework=2.2.3-javascript&X-Atmosphere-Transport=long-polling&X-Atmosphere-TrackMessageSize=true&Content-Type=charset%3Dutf-8&X-atmo-protocol=true&_=1762913169303 HTTP/1.1" 200 -
58.152.215.195 - - [12/Nov/2025:10:02:46 +0800] "GET /InternetTrading/longpoll/55136?X-Atmosphere-tracking-id=0&X-Atmosphere-Framework=2.2.3-javascript&X-Atmosphere-Transport=long-polling&X-Atmosphere-TrackMessageSize=true&Content-Type=charset%3Dutf-8&X-atmo-protocol=true&_=1762913171834 HTTP/1.1" 200 -
65.181.90.29 - - [12/Nov/2025:10:02:47 +0800] "GET /InternetTrading/longpoll/54338?X-Atmosphere-tracking-id=0&X-Atmosphere-Framework=2.2.3-javascript&X-Atmosphere-Transport=long-polling&X-Atmosphere-TrackMessageSize=true&Content-Type=charset%3Dutf-8&X-atmo-protocol=true&_=1762913174429 HTTP/1.1" 200 -
14.0.169.116 - - [12/Nov/2025:10:02:50 +0800] "GET /InternetTrading/longpoll/A8127?X-Atmosphere-tracking-id=0&X-Atmosphere-Framework=2.2.3-javascript&X-Atmosphere-Transport=long-polling&X-Atmosphere-TrackMessageSize=true&Content-Type=charset%3Dutf-8&X-atmo-protocol=true&_=1762913175347 HTTP/1.1" 200 -
183.178.37.129 - - [12/Nov/2025:10:02:50 +0800] "GET /InternetTrading/longpoll/56419?X-Atmosphere-tracking-id=0&X-Atmosphere-Framework=2.2.3-javascript&X-Atmosphere-Transport=long-polling&X-Atmosphere-TrackMessageSize=true&Content-Type=charset%3Dutf-8&X-atmo-protocol=true&_=1762913174329 HTTP/1.1" 200 -
58.152.215.195 - - [12/Nov/2025:10:02:51 +0800] "GET /InternetTrading/longpoll/55136?X-Atmosphere-tracking-id=0&X-Atmosphere-Framework=2.2.3-javascript&X-Atmosphere-Transport=long-polling&X-Atmosphere-TrackMessageSize=true&Content-Type=charset%3Dutf-8&X-atmo-protocol=true&_=1762913176868 HTTP/1.1" 200 -
65.181.90.29 - - [12/Nov/2025:10:02:53 +0800] "GET /InternetTrading/longpoll/54338?X-Atmosphere-tracking-id=0&X-Atmosphere-Framework=2.2.3-javascript&X-Atmosphere-Transport=long-polling&X-Atmosphere-TrackMessageSize=true&Content-Type=charset%3Dutf-8&X-atmo-protocol=true&_=1762913179476 HTTP/1.1" 200 -
58.152.215.195 - - [12/Nov/2025:10:02:54 +0800] "POST /InternetTrading/SessionErrorLogger HTTP/1.1" 200 117
58.152.215.195 - - [12/Nov/2025:10:02:54 +0800] "POST /InternetTrading/Heartbeat HTTP/1.1" 200 32
58.152.215.195 - - [12/Nov/2025:10:02:54 +0800] "POST /InternetTrading/SessionErrorLogger HTTP/1.1" 200 117
58.152.215.195 - - [12/Nov/2025:10:02:54 +0800] "POST /InternetTrading/MarketStatus HTTP/1.1" 200 772
14.0.169.116 - - [12/Nov/2025:10:02:55 +0800] "GET /InternetTrading/longpoll/A8127?X-Atmosphere-tracking-id=0&X-Atmosphere-Framework=2.2.3-javascript&X-Atmosphere-Transport=long-polling&X-Atmosphere-TrackMessageSize=true&Content-Type=charset%3Dutf-8&X-atmo-protocol=true&_=1762913180564 HTTP/1.1" 200 -
183.178.37.129 - - [12/Nov/2025:10:02:55 +0800] "GET /InternetTrading/longpoll/56419?X-Atmosphere-tracking-id=0&X-Atmosphere-Framework=2.2.3-javascript&X-Atmosphere-Transport=long-polling&X-Atmosphere-TrackMessageSize=true&Content-Type=charset%3Dutf-8&X-atmo-protocol=true&_=1762913179347 HTTP/1.1" 200 -
58.152.215.195 - - [12/Nov/2025:10:02:56 +0800] "GET /InternetTrading/longpoll/55136?X-Atmosphere-tracking-id=0&X-Atmosphere-Framework=2.2.3-javascript&X-Atmosphere-Transport=long-polling&X-Atmosphere-TrackMessageSize=true&Content-Type=charset%3Dutf-8&X-atmo-protocol=true&_=1762913181922 HTTP/1.1" 200 -
183.178.37.129 - - [12/Nov/2025:10:02:57 +0800] "POST /InternetTrading/SessionErrorLogger HTTP/1.1" 200 117
183.178.37.129 - - [12/Nov/2025:10:02:57 +0800] "POST /InternetTrading/Product HTTP/1.1" 200 304
65.181.90.29 - - [12/Nov/2025:10:02:58 +0800] "GET /InternetTrading/longpoll/54338?X-Atmosphere-tracking-id=0&X-Atmosphere-Framework=2.2.3-javascript&X-Atmosphere-Transport=long-polling&X-Atmosphere-TrackMessageSize=true&Content-Type=charset%3Dutf-8&X-atmo-protocol=true&_=1762913184525 HTTP/1.1" 200 -
65.181.90.29 - - [12/Nov/2025:10:02:58 +0800] "POST /InternetTrading/SessionErrorLogger HTTP/1.1" 200 117
65.181.90.29 - - [12/Nov/2025:10:02:58 +0800] "POST /InternetTrading/MarketStatus HTTP/1.1" 200 772
183.178.37.129 - - [12/Nov/2025:10:03:00 +0800] "GET /InternetTrading/longpoll/56419?X-Atmosphere-tracking-id=0&X-Atmosphere-Framework=2.2.3-javascript&X-Atmosphere-Transport=long-polling&X-Atmosphere-TrackMessageSize=true&Content-Type=charset%3Dutf-8&X-atmo-protocol=true&_=1762913184384 HTTP/1.1" 200 -
14.0.169.116 - - [12/Nov/2025:10:03:00 +0800] "GET /InternetTrading/longpoll/A8127?X-Atmosphere-tracking-id=0&X-Atmosphere-Framework=2.2.3-javascript&X-Atmosphere-Transport=long-polling&X-Atmosphere-TrackMessageSize=true&Content-Type=charset%3Dutf-8&X-atmo-protocol=true&_=1762913185918 HTTP/1.1" 200 -
58.152.215.195 - - [12/Nov/2025:10:03:01 +0800] "GET /InternetTrading/longpoll/55136?X-Atmosphere-tracking-id=0&X-Atmosphere-Framework=2.2.3-javascript&X-Atmosphere-Transport=long-polling&X-Atmosphere-TrackMessageSize=true&Content-Type=charset%3Dutf-8&X-atmo-protocol=true&_=1762913186947 HTTP/1.1" 200 -
183.178.37.129 - - [12/Nov/2025:10:03:01 +0800] "POST /InternetTrading/SessionErrorLogger HTTP/1.1" 200 117
183.178.37.129 - - [12/Nov/2025:10:03:01 +0800] "POST /InternetTrading/OrderMaxQuantity HTTP/1.1" 200 8
65.181.90.29 - - [12/Nov/2025:10:03:03 +0800] "GET /InternetTrading/longpoll/54338?X-Atmosphere-tracking-id=0&X-Atmosphere-Framework=2.2.3-javascript&X-Atmosphere-Transport=long-polling&X-Atmosphere-TrackMessageSize=true&Content-Type=charset%3Dutf-8&X-atmo-protocol=true&_=1762913189588 HTTP/1.1" 200 -
183.178.37.129 - - [12/Nov/2025:10:03:04 +0800] "GET /InternetTrading/jquery/images/ui-icons_888888_256x240.png HTTP/1.1" 200 6999
14.0.169.116 - - [12/Nov/2025:10:03:04 +0800] "POST /InternetTrading/SessionErrorLogger HTTP/1.1" 200 117
65.181.90.29 - - [12/Nov/2025:10:03:04 +0800] "POST /InternetTrading/SessionErrorLogger HTTP/1.1" 200 117
14.0.169.116 - - [12/Nov/2025:10:03:04 +0800] "POST /InternetTrading/MarketStatus HTTP/1.1" 200 772
65.181.90.29 - - [12/Nov/2025:10:03:04 +0800] "POST /InternetTrading/Heartbeat HTTP/1.1" 200 32
183.178.37.129 - - [12/Nov/2025:10:03:05 +0800] "GET /InternetTrading/longpoll/56419?X-Atmosphere-tracking-id=0&X-Atmosphere-Framework=2.2.3-javascript&X-Atmosphere-Transport=long-polling&X-Atmosphere-TrackMessageSize=true&Content-Type=charset%3Dutf-8&X-atmo-protocol=true&_=1762913189399 HTTP/1.1" 200 -
14.0.169.116 - - [12/Nov/2025:10:03:06 +0800] "GET /InternetTrading/longpoll/A8127?X-Atmosphere-tracking-id=0&X-Atmosphere-Framework=2.2.3-javascript&X-Atmosphere-Transport=long-polling&X-Atmosphere-TrackMessageSize=true&Content-Type=charset%3Dutf-8&X-atmo-protocol=true&_=1762913191203 HTTP/1.1" 200 -
58.152.215.195 - - [12/Nov/2025:10:03:06 +0800] "GET /InternetTrading/longpoll/55136?X-Atmosphere-tracking-id=0&X-Atmosphere-Framework=2.2.3-javascript&X-Atmosphere-Transport=long-polling&X-Atmosphere-TrackMessageSize=true&Content-Type=charset%3Dutf-8&X-atmo-protocol=true&_=1762913191995 HTTP/1.1" 200 -
65.181.90.29 - - [12/Nov/2025:10:03:08 +0800] "GET /InternetTrading/longpoll/54338?X-Atmosphere-tracking-id=0&X-Atmosphere-Framework=2.2.3-javascript&X-Atmosphere-Transport=long-polling&X-Atmosphere-TrackMessageSize=true&Content-Type=charset%3Dutf-8&X-atmo-protocol=true&_=1762913194624 HTTP/1.1" 200 -
183.178.37.129 - - [12/Nov/2025:10:03:09 +0800] "POST /InternetTrading/SessionErrorLogger HTTP/1.1" 200 117
183.178.37.129 - - [12/Nov/2025:10:03:09 +0800] "POST /InternetTrading/LoginKey HTTP/1.1" 200 -
183.178.37.129 - - [12/Nov/2025:10:03:09 +0800] "GET /InternetTrading/jquery/wait.gif HTTP/1.1" 200 432
183.178.37.129 - - [12/Nov/2025:10:03:09 +0800] "POST /InternetTrading/PreOrder HTTP/1.1" 200 1202
14.0.169.116 - - [12/Nov/2025:10:03:09 +0800] "POST /InternetTrading/SessionErrorLogger HTTP/1.1" 200 117
14.0.169.116 - - [12/Nov/2025:10:03:09 +0800] "POST /InternetTrading/Heartbeat HTTP/1.1" 200 32
183.178.37.129 - - [12/Nov/2025:10:03:10 +0800] "GET /InternetTrading/longpoll/56419?X-Atmosphere-tracking-id=0&X-Atmosphere-Framework=2.2.3-javascript&X-Atmosphere-Transport=long-polling&X-Atmosphere-TrackMessageSize=true&Content-Type=charset%3Dutf-8&X-atmo-protocol=true&_=1762913194423 HTTP/1.1" 200 -
14.0.169.116 - - [12/Nov/2025:10:03:11 +0800] "GET /InternetTrading/longpoll/A8127?X-Atmosphere-tracking-id=0&X-Atmosphere-Framework=2.2.3-javascript&X-Atmosphere-Transport=long-polling&X-Atmosphere-TrackMessageSize=true&Content-Type=charset%3Dutf-8&X-atmo-protocol=true&_=1762913196315 HTTP/1.1" 200 -
58.152.215.195 - - [12/Nov/2025:10:03:11 +0800] "GET /InternetTrading/longpoll/55136?X-Atmosphere-tracking-id=0&X-Atmosphere-Framework=2.2.3-javascript&X-Atmosphere-Transport=long-polling&X-Atmosphere-TrackMessageSize=true&Content-Type=charset%3Dutf-8&X-atmo-protocol=true&_=1762913197040 HTTP/1.1" 200 -
183.178.37.129 - - [12/Nov/2025:10:03:11 +0800] "POST /InternetTrading/SessionErrorLogger HTTP/1.1" 200 117
183.178.37.129 - - [12/Nov/2025:10:03:12 +0800] "POST /InternetTrading/Heartbeat HTTP/1.1" 200 32
183.178.37.129 - - [12/Nov/2025:10:03:12 +0800] "POST /InternetTrading/SessionErrorLogger HTTP/1.1" 200 117
183.178.37.129 - - [12/Nov/2025:10:03:12 +0800] "POST /InternetTrading/MarketStatus HTTP/1.1" 200 772
65.181.90.29 - - [12/Nov/2025:10:03:13 +0800] "GET /InternetTrading/longpoll/54338?X-Atmosphere-tracking-id=0&X-Atmosphere-Framework=2.2.3-javascript&X-Atmosphere-Transport=long-polling&X-Atmosphere-TrackMessageSize=true&Content-Type=charset%3Dutf-8&X-atmo-protocol=true&_=1762913199672 HTTP/1.1" 200 -
183.178.37.129 - - [12/Nov/2025:10:03:15 +0800] "GET /InternetTrading/longpoll/56419?X-Atmosphere-tracking-id=0&X-Atmosphere-Framework=2.2.3-javascript&X-Atmosphere-Transport=long-polling&X-Atmosphere-TrackMessageSize=true&Content-Type=charset%3Dutf-8&X-atmo-protocol=true&_=1762913199476 HTTP/1.1" 200 -
183.178.37.129 - - [12/Nov/2025:10:03:15 +0800] "POST /InternetTrading/SessionErrorLogger HTTP/1.1" 200 117
183.178.37.129 - - [12/Nov/2025:10:03:16 +0800] "POST /InternetTrading/OrderMaxQuantity HTTP/1.1" 200 8
58.152.215.195 - - [12/Nov/2025:10:03:16 +0800] "GET /InternetTrading/longpoll/55136?X-Atmosphere-tracking-id=0&X-Atmosphere-Framework=2.2.3-javascript&X-Atmosphere-Transport=long-polling&X-Atmosphere-TrackMessageSize=true&Content-Type=charset%3Dutf-8&X-atmo-protocol=true&_=1762913202081 HTTP/1.1" 200 -
14.0.169.116 - - [12/Nov/2025:10:03:16 +0800] "GET /InternetTrading/longpoll/A8127?X-Atmosphere-tracking-id=0&X-Atmosphere-Framework=2.2.3-javascript&X-Atmosphere-Transport=long-polling&X-Atmosphere-TrackMessageSize=true&Content-Type=charset%3Dutf-8&X-atmo-protocol=true&_=1762913201432 HTTP/1.1" 200 -
65.181.90.29 - - [12/Nov/2025:10:03:18 +0800] "GET /InternetTrading/longpoll/54338?X-Atmosphere-tracking-id=0&X-Atmosphere-Framework=2.2.3-javascript&X-Atmosphere-Transport=long-polling&X-Atmosphere-TrackMessageSize=true&Content-Type=charset%3Dutf-8&X-atmo-protocol=true&_=1762913204720 HTTP/1.1" 200 -
183.178.37.129 - - [12/Nov/2025:10:03:19 +0800] "POST /InternetTrading/SessionErrorLogger HTTP/1.1" 200 117
183.178.37.129 - - [12/Nov/2025:10:03:19 +0800] "POST /InternetTrading/LoginKey HTTP/1.1" 200 -
183.178.37.129 - - [12/Nov/2025:10:03:19 +0800] "POST /InternetTrading/PreOrder HTTP/1.1" 200 1207
183.178.37.129 - - [12/Nov/2025:10:03:19 +0800] "GET /InternetTrading/jquery/wait.gif HTTP/1.1" 200 432
183.178.37.129 - - [12/Nov/2025:10:03:20 +0800] "GET /InternetTrading/longpoll/56419?X-Atmosphere-tracking-id=0&X-Atmosphere-Framework=2.2.3-javascript&X-Atmosphere-Transport=long-polling&X-Atmosphere-TrackMessageSize=true&Content-Type=charset%3Dutf-8&X-atmo-protocol=true&_=1762913204495 HTTP/1.1" 200 -
58.152.215.195 - - [12/Nov/2025:10:03:21 +0800] "GET /InternetTrading/longpoll/55136?X-Atmosphere-tracking-id=0&X-Atmosphere-Framework=2.2.3-javascript&X-Atmosphere-Transport=long-polling&X-Atmosphere-TrackMessageSize=true&Content-Type=charset%3Dutf-8&X-atmo-protocol=true&_=1762913207132 HTTP/1.1" 200 -
14.0.169.116 - - [12/Nov/2025:10:03:21 +0800] "GET /InternetTrading/longpoll/A8127?X-Atmosphere-tracking-id=0&X-Atmosphere-Framework=2.2.3-javascript&X-Atmosphere-Transport=long-polling&X-Atmosphere-TrackMessageSize=true&Content-Type=charset%3Dutf-8&X-atmo-protocol=true&_=1762913206706 HTTP/1.1" 200 -
183.178.37.129 - - [12/Nov/2025:10:03:22 +0800] "POST /InternetTrading/SessionErrorLogger HTTP/1.1" 200 117
183.178.37.129 - - [12/Nov/2025:10:03:22 +0800] "GET /InternetTrading/Csrf?url=/Order HTTP/1.1" 200 126
183.178.37.129 - - [12/Nov/2025:10:03:22 +0800] "POST /InternetTrading/SessionErrorLogger HTTP/1.1" 200 117
183.178.37.129 - - [12/Nov/2025:10:03:22 +0800] "POST /InternetTrading/LoginKey HTTP/1.1" 200 -
183.178.37.129 - - [12/Nov/2025:10:03:22 +0800] "POST /InternetTrading/SessionErrorLogger HTTP/1.1" 200 117
183.178.37.129 - - [12/Nov/2025:10:03:22 +0800] "POST /InternetTrading/Order?csrf_nonce=102FA202165EFCF3A18A1F88C52545D8 HTTP/1.1" 200 1018
183.178.37.129 - - [12/Nov/2025:10:03:22 +0800] "POST /InternetTrading/SessionErrorLogger HTTP/1.1" 200 117
183.178.37.129 - - [12/Nov/2025:10:03:22 +0800] "GET /InternetTrading/tc/buy_ticket.html? HTTP/1.1" 200 1995
183.178.37.129 - - [12/Nov/2025:10:03:22 +0800] "POST /InternetTrading/SessionErrorLogger HTTP/1.1" 200 117
183.178.37.129 - - [12/Nov/2025:10:03:22 +0800] "POST /InternetTrading/SessionErrorLogger HTTP/1.1" 200 117
183.178.37.129 - - [12/Nov/2025:10:03:22 +0800] "POST /InternetTrading/MarketStatus HTTP/1.1" 200 772
183.178.37.129 - - [12/Nov/2025:10:03:22 +0800] "POST /InternetTrading/MarketStatus HTTP/1.1" 200 772
65.181.90.29 - - [12/Nov/2025:10:03:23 +0800] "GET /InternetTrading/longpoll/54338?X-Atmosphere-tracking-id=0&X-Atmosphere-Framework=2.2.3-javascript&X-Atmosphere-Transport=long-polling&X-Atmosphere-TrackMessageSize=true&Content-Type=charset%3Dutf-8&X-atmo-protocol=true&_=1762913209775 HTTP/1.1" 200 -
183.178.37.129 - - [12/Nov/2025:10:03:24 +0800] "GET /InternetTrading/jquery/wait.gif HTTP/1.1" 200 432
183.178.37.129 - - [12/Nov/2025:10:03:24 +0800] "POST /InternetTrading/SessionErrorLogger HTTP/1.1" 200 117
183.178.37.129 - - [12/Nov/2025:10:03:24 +0800] "POST /InternetTrading/Orderbook HTTP/1.1" 200 1183
58.152.215.195 - - [12/Nov/2025:10:03:24 +0800] "POST /InternetTrading/SessionErrorLogger HTTP/1.1" 200 117
58.152.215.195 - - [12/Nov/2025:10:03:24 +0800] "POST /InternetTrading/Heartbeat HTTP/1.1" 200 32
58.152.215.195 - - [12/Nov/2025:10:03:24 +0800] "POST /InternetTrading/SessionErrorLogger HTTP/1.1" 200 117
58.152.215.195 - - [12/Nov/2025:10:03:24 +0800] "POST /InternetTrading/MarketStatus HTTP/1.1" 200 772
183.178.37.129 - - [12/Nov/2025:10:03:25 +0800] "GET /InternetTrading/longpoll/56419?X-Atmosphere-tracking-id=0&X-Atmosphere-Framework=2.2.3-javascript&X-Atmosphere-Transport=long-polling&X-Atmosphere-TrackMessageSize=true&Content-Type=charset%3Dutf-8&X-atmo-protocol=true&_=1762913209517 HTTP/1.1" 200 -
65.181.90.29 - - [12/Nov/2025:10:03:25 +0800] "POST /InternetTrading/SessionErrorLogger HTTP/1.1" 200 117
65.181.90.29 - - [12/Nov/2025:10:03:25 +0800] "POST /InternetTrading/OrderMaxQuantity HTTP/1.1" 200 9
65.181.90.29 - - [12/Nov/2025:10:03:26 +0800] "POST /InternetTrading/SessionErrorLogger HTTP/1.1" 200 117
65.181.90.29 - - [12/Nov/2025:10:03:26 +0800] "GET /InternetTrading/tc/sell_ticket.html? HTTP/1.1" 200 2261
65.181.90.29 - - [12/Nov/2025:10:03:26 +0800] "POST /InternetTrading/SessionErrorLogger HTTP/1.1" 200 117
65.181.90.29 - - [12/Nov/2025:10:03:26 +0800] "POST /InternetTrading/MarketStatus HTTP/1.1" 200 772
65.181.90.29 - - [12/Nov/2025:10:03:26 +0800] "POST /InternetTrading/SessionErrorLogger HTTP/1.1" 200 117
65.181.90.29 - - [12/Nov/2025:10:03:26 +0800] "POST /InternetTrading/MarketStatus HTTP/1.1" 200 772
65.181.90.29 - - [12/Nov/2025:10:03:26 +0800] "POST /InternetTrading/SessionErrorLogger HTTP/1.1" 200 117
65.181.90.29 - - [12/Nov/2025:10:03:26 +0800] "POST /InternetTrading/SessionErrorLogger HTTP/1.1" 200 117
65.181.90.29 - - [12/Nov/2025:10:03:26 +0800] "POST /InternetTrading/Product HTTP/1.1" 200 332
65.181.90.29 - - [12/Nov/2025:10:03:26 +0800] "POST /InternetTrading/OrderMaxQuantity HTTP/1.1" 200 7
58.152.215.195 - - [12/Nov/2025:10:03:26 +0800] "GET /InternetTrading/longpoll/55136?X-Atmosphere-tracking-id=0&X-Atmosphere-Framework=2.2.3-javascript&X-Atmosphere-Transport=long-polling&X-Atmosphere-TrackMessageSize=true&Content-Type=charset%3Dutf-8&X-atmo-protocol=true&_=1762913212174 HTTP/1.1" 200 -
14.0.169.116 - - [12/Nov/2025:10:03:27 +0800] "GET /InternetTrading/longpoll/A8127?X-Atmosphere-tracking-id=0&X-Atmosphere-Framework=2.2.3-javascript&X-Atmosphere-Transport=long-polling&X-Atmosphere-TrackMessageSize=true&Content-Type=charset%3Dutf-8&X-atmo-protocol=true&_=1762913211994 HTTP/1.1" 200 -
65.181.90.29 - - [12/Nov/2025:10:03:28 +0800] "GET /InternetTrading/longpoll/54338?X-Atmosphere-tracking-id=0&X-Atmosphere-Framework=2.2.3-javascript&X-Atmosphere-Transport=long-polling&X-Atmosphere-TrackMessageSize=true&Content-Type=charset%3Dutf-8&X-atmo-protocol=true&_=1762913214804 HTTP/1.1" 200 -
