27.38.155.101 - - [12/Nov/2025:10:11:50 +0800] "GET /InternetTrading/longpoll/53995?X-Atmosphere-tracking-id=0&X-Atmosphere-Framework=2.2.3-javascript&X-Atmosphere-Transport=long-polling&X-Atmosphere-TrackMessageSize=true&Content-Type=charset%3Dutf-8&X-atmo-protocol=true&_=1762913713762 HTTP/1.1" 200 -
65.181.90.29 - - [12/Nov/2025:10:11:51 +0800] "GET /InternetTrading/longpoll/54338?X-Atmosphere-tracking-id=0&X-Atmosphere-Framework=2.2.3-javascript&X-Atmosphere-Transport=long-polling&X-Atmosphere-TrackMessageSize=true&Content-Type=charset%3Dutf-8&X-atmo-protocol=true&_=1762913717842 HTTP/1.1" 200 -
14.0.169.116 - - [12/Nov/2025:10:11:52 +0800] "GET /InternetTrading/longpoll/A8127?X-Atmosphere-tracking-id=0&X-Atmosphere-Framework=2.2.3-javascript&X-Atmosphere-Transport=long-polling&X-Atmosphere-TrackMessageSize=true&Content-Type=charset%3Dutf-8&X-atmo-protocol=true&_=1762913717642 HTTP/1.1" 200 -
183.178.37.129 - - [12/Nov/2025:10:11:54 +0800] "GET /InternetTrading/longpoll/56419?X-Atmosphere-tracking-id=0&X-Atmosphere-Framework=2.2.3-javascript&X-Atmosphere-Transport=long-polling&X-Atmosphere-TrackMessageSize=true&Content-Type=charset%3Dutf-8&X-atmo-protocol=true&_=1762913718105 HTTP/1.1" 200 -
14.0.169.116 - - [12/Nov/2025:10:11:54 +0800] "POST /InternetTrading/SessionErrorLogger HTTP/1.1" 200 117
14.0.169.116 - - [12/Nov/2025:10:11:54 +0800] "POST /InternetTrading/Portfolio HTTP/1.1" 200 1856
14.0.169.116 - - [12/Nov/2025:10:11:54 +0800] "GET /InternetTrading/jquery/wait.gif HTTP/1.1" 200 432
58.152.215.195 - - [12/Nov/2025:10:11:55 +0800] "POST /InternetTrading/SessionErrorLogger HTTP/1.1" 200 117
58.152.215.195 - - [12/Nov/2025:10:11:55 +0800] "POST /InternetTrading/Heartbeat HTTP/1.1" 200 32
58.152.215.195 - - [12/Nov/2025:10:11:55 +0800] "GET /InternetTrading/longpoll/55136?X-Atmosphere-tracking-id=0&X-Atmosphere-Framework=2.2.3-javascript&X-Atmosphere-Transport=long-polling&X-Atmosphere-TrackMessageSize=true&Content-Type=charset%3Dutf-8&X-atmo-protocol=true&_=1762913721031 HTTP/1.1" 200 -
58.152.215.195 - - [12/Nov/2025:10:11:55 +0800] "POST /InternetTrading/SessionErrorLogger HTTP/1.1" 200 117
58.152.215.195 - - [12/Nov/2025:10:11:55 +0800] "POST /InternetTrading/MarketStatus HTTP/1.1" 200 772
27.38.155.101 - - [12/Nov/2025:10:11:56 +0800] "GET /InternetTrading/longpoll/53995?X-Atmosphere-tracking-id=0&X-Atmosphere-Framework=2.2.3-javascript&X-Atmosphere-Transport=long-polling&X-Atmosphere-TrackMessageSize=true&Content-Type=charset%3Dutf-8&X-atmo-protocol=true&_=1762913719761 HTTP/1.1" 200 -
65.181.90.29 - - [12/Nov/2025:10:11:57 +0800] "GET /InternetTrading/longpoll/54338?X-Atmosphere-tracking-id=0&X-Atmosphere-Framework=2.2.3-javascript&X-Atmosphere-Transport=long-polling&X-Atmosphere-TrackMessageSize=true&Content-Type=charset%3Dutf-8&X-atmo-protocol=true&_=1762913723839 HTTP/1.1" 200 -
14.0.169.116 - - [12/Nov/2025:10:11:57 +0800] "GET /InternetTrading/longpoll/A8127?X-Atmosphere-tracking-id=0&X-Atmosphere-Framework=2.2.3-javascript&X-Atmosphere-Transport=long-polling&X-Atmosphere-TrackMessageSize=true&Content-Type=charset%3Dutf-8&X-atmo-protocol=true&_=1762913722842 HTTP/1.1" 200 -
27.38.155.101 - - [12/Nov/2025:10:11:57 +0800] "POST /InternetTrading/SessionErrorLogger HTTP/1.1" 200 117
27.38.155.101 - - [12/Nov/2025:10:11:57 +0800] "POST /InternetTrading/Heartbeat HTTP/1.1" 200 32
14.0.169.116 - - [12/Nov/2025:10:11:58 +0800] "POST /InternetTrading/SessionErrorLogger HTTP/1.1" 200 117
14.0.169.116 - - [12/Nov/2025:10:11:58 +0800] "GET /InternetTrading/jquery/wait.gif HTTP/1.1" 200 432
14.0.169.116 - - [12/Nov/2025:10:11:58 +0800] "POST /InternetTrading/Portfolio HTTP/1.1" 200 1855
183.178.37.129 - - [12/Nov/2025:10:11:59 +0800] "GET /InternetTrading/longpoll/56419?X-Atmosphere-tracking-id=0&X-Atmosphere-Framework=2.2.3-javascript&X-Atmosphere-Transport=long-polling&X-Atmosphere-TrackMessageSize=true&Content-Type=charset%3Dutf-8&X-atmo-protocol=true&_=1762913723127 HTTP/1.1" 200 -
58.152.215.195 - - [12/Nov/2025:10:12:00 +0800] "GET /InternetTrading/longpoll/55136?X-Atmosphere-tracking-id=0&X-Atmosphere-Framework=2.2.3-javascript&X-Atmosphere-Transport=long-polling&X-Atmosphere-TrackMessageSize=true&Content-Type=charset%3Dutf-8&X-atmo-protocol=true&_=1762913726055 HTTP/1.1" 200 -
14.0.169.116 - - [12/Nov/2025:10:12:02 +0800] "GET /InternetTrading/jquery/wait.gif HTTP/1.1" 200 432
14.0.169.116 - - [12/Nov/2025:10:12:02 +0800] "POST /InternetTrading/SessionErrorLogger HTTP/1.1" 200 117
14.0.169.116 - - [12/Nov/2025:10:12:02 +0800] "POST /InternetTrading/Orderbook HTTP/1.1" 200 3596
27.38.155.101 - - [12/Nov/2025:10:12:02 +0800] "GET /InternetTrading/longpoll/53995?X-Atmosphere-tracking-id=0&X-Atmosphere-Framework=2.2.3-javascript&X-Atmosphere-Transport=long-polling&X-Atmosphere-TrackMessageSize=true&Content-Type=charset%3Dutf-8&X-atmo-protocol=true&_=1762913725762 HTTP/1.1" 200 -
14.0.169.116 - - [12/Nov/2025:10:12:02 +0800] "GET /InternetTrading/longpoll/A8127?X-Atmosphere-tracking-id=0&X-Atmosphere-Framework=2.2.3-javascript&X-Atmosphere-Transport=long-polling&X-Atmosphere-TrackMessageSize=true&Content-Type=charset%3Dutf-8&X-atmo-protocol=true&_=1762913727903 HTTP/1.1" 200 -
65.181.90.29 - - [12/Nov/2025:10:12:02 +0800] "POST /InternetTrading/SessionErrorLogger HTTP/1.1" 200 117
65.181.90.29 - - [12/Nov/2025:10:12:02 +0800] "POST /InternetTrading/Heartbeat HTTP/1.1" 200 32
65.181.90.29 - - [12/Nov/2025:10:12:02 +0800] "POST /InternetTrading/SessionErrorLogger HTTP/1.1" 200 117
65.181.90.29 - - [12/Nov/2025:10:12:02 +0800] "POST /InternetTrading/MarketStatus HTTP/1.1" 200 772
65.181.90.29 - - [12/Nov/2025:10:12:03 +0800] "GET /InternetTrading/longpoll/54338?X-Atmosphere-tracking-id=0&X-Atmosphere-Framework=2.2.3-javascript&X-Atmosphere-Transport=long-polling&X-Atmosphere-TrackMessageSize=true&Content-Type=charset%3Dutf-8&X-atmo-protocol=true&_=1762913729437 HTTP/1.1" 200 -
183.178.37.129 - - [12/Nov/2025:10:12:04 +0800] "GET /InternetTrading/longpoll/56419?X-Atmosphere-tracking-id=0&X-Atmosphere-Framework=2.2.3-javascript&X-Atmosphere-Transport=long-polling&X-Atmosphere-TrackMessageSize=true&Content-Type=charset%3Dutf-8&X-atmo-protocol=true&_=1762913728174 HTTP/1.1" 200 -
58.152.215.195 - - [12/Nov/2025:10:12:05 +0800] "GET /InternetTrading/longpoll/55136?X-Atmosphere-tracking-id=0&X-Atmosphere-Framework=2.2.3-javascript&X-Atmosphere-Transport=long-polling&X-Atmosphere-TrackMessageSize=true&Content-Type=charset%3Dutf-8&X-atmo-protocol=true&_=1762913731075 HTTP/1.1" 200 -
65.181.90.29 - - [12/Nov/2025:10:12:06 +0800] "POST /InternetTrading/SessionErrorLogger HTTP/1.1" 200 117
65.181.90.29 - - [12/Nov/2025:10:12:06 +0800] "POST /InternetTrading/SessionErrorLogger HTTP/1.1" 200 117
65.181.90.29 - - [12/Nov/2025:10:12:06 +0800] "POST /InternetTrading/Product HTTP/1.1" 200 331
65.181.90.29 - - [12/Nov/2025:10:12:06 +0800] "POST /InternetTrading/OrderMaxQuantity HTTP/1.1" 200 10
14.0.169.116 - - [12/Nov/2025:10:12:07 +0800] "POST /InternetTrading/SessionErrorLogger HTTP/1.1" 200 117
14.0.169.116 - - [12/Nov/2025:10:12:07 +0800] "POST /InternetTrading/MarketStatus HTTP/1.1" 200 772
14.0.169.116 - - [12/Nov/2025:10:12:07 +0800] "GET /InternetTrading/longpoll/A8127?X-Atmosphere-tracking-id=0&X-Atmosphere-Framework=2.2.3-javascript&X-Atmosphere-Transport=long-polling&X-Atmosphere-TrackMessageSize=true&Content-Type=charset%3Dutf-8&X-atmo-protocol=true&_=1762913732953 HTTP/1.1" 200 -
65.181.90.29 - - [12/Nov/2025:10:12:08 +0800] "GET /InternetTrading/longpoll/54338?X-Atmosphere-tracking-id=0&X-Atmosphere-Framework=2.2.3-javascript&X-Atmosphere-Transport=long-polling&X-Atmosphere-TrackMessageSize=true&Content-Type=charset%3Dutf-8&X-atmo-protocol=true&_=1762913734597 HTTP/1.1" 200 -
27.38.155.101 - - [12/Nov/2025:10:12:08 +0800] "GET /InternetTrading/longpoll/53995?X-Atmosphere-tracking-id=0&X-Atmosphere-Framework=2.2.3-javascript&X-Atmosphere-Transport=long-polling&X-Atmosphere-TrackMessageSize=true&Content-Type=charset%3Dutf-8&X-atmo-protocol=true&_=1762913731761 HTTP/1.1" 200 -
27.38.155.101 - - [12/Nov/2025:10:12:09 +0800] "POST /InternetTrading/SessionErrorLogger HTTP/1.1" 200 117
183.178.37.129 - - [12/Nov/2025:10:12:09 +0800] "GET /InternetTrading/longpoll/56419?X-Atmosphere-tracking-id=0&X-Atmosphere-Framework=2.2.3-javascript&X-Atmosphere-Transport=long-polling&X-Atmosphere-TrackMessageSize=true&Content-Type=charset%3Dutf-8&X-atmo-protocol=true&_=1762913733193 HTTP/1.1" 200 -
27.38.155.101 - - [12/Nov/2025:10:12:09 +0800] "POST /InternetTrading/MarketStatus HTTP/1.1" 200 772
58.152.215.195 - - [12/Nov/2025:10:12:10 +0800] "GET /InternetTrading/longpoll/55136?X-Atmosphere-tracking-id=0&X-Atmosphere-Framework=2.2.3-javascript&X-Atmosphere-Transport=long-polling&X-Atmosphere-TrackMessageSize=true&Content-Type=charset%3Dutf-8&X-atmo-protocol=true&_=1762913736094 HTTP/1.1" 200 -
14.0.169.116 - - [12/Nov/2025:10:12:12 +0800] "POST /InternetTrading/SessionErrorLogger HTTP/1.1" 200 117
14.0.169.116 - - [12/Nov/2025:10:12:12 +0800] "POST /InternetTrading/Heartbeat HTTP/1.1" 200 32
183.178.37.129 - - [12/Nov/2025:10:12:12 +0800] "POST /InternetTrading/SessionErrorLogger HTTP/1.1" 200 117
183.178.37.129 - - [12/Nov/2025:10:12:12 +0800] "POST /InternetTrading/Heartbeat HTTP/1.1" 200 32
14.0.169.116 - - [12/Nov/2025:10:12:12 +0800] "POST /InternetTrading/SessionErrorLogger HTTP/1.1" 200 117
14.0.169.116 - - [12/Nov/2025:10:12:12 +0800] "POST /InternetTrading/Product HTTP/1.1" 200 303
14.0.169.116 - - [12/Nov/2025:10:12:12 +0800] "GET /InternetTrading/longpoll/A8127?X-Atmosphere-tracking-id=0&X-Atmosphere-Framework=2.2.3-javascript&X-Atmosphere-Transport=long-polling&X-Atmosphere-TrackMessageSize=true&Content-Type=charset%3Dutf-8&X-atmo-protocol=true&_=1762913738000 HTTP/1.1" 200 -
65.181.90.29 - - [12/Nov/2025:10:12:13 +0800] "GET /InternetTrading/longpoll/54338?X-Atmosphere-tracking-id=0&X-Atmosphere-Framework=2.2.3-javascript&X-Atmosphere-Transport=long-polling&X-Atmosphere-TrackMessageSize=true&Content-Type=charset%3Dutf-8&X-atmo-protocol=true&_=1762913739629 HTTP/1.1" 200 -
183.178.37.129 - - [12/Nov/2025:10:12:14 +0800] "GET /InternetTrading/longpoll/56419?X-Atmosphere-tracking-id=0&X-Atmosphere-Framework=2.2.3-javascript&X-Atmosphere-Transport=long-polling&X-Atmosphere-TrackMessageSize=true&Content-Type=charset%3Dutf-8&X-atmo-protocol=true&_=1762913738219 HTTP/1.1" 200 -
183.178.37.129 - - [12/Nov/2025:10:12:15 +0800] "POST /InternetTrading/SessionErrorLogger HTTP/1.1" 200 117
183.178.37.129 - - [12/Nov/2025:10:12:15 +0800] "POST /InternetTrading/MarketStatus HTTP/1.1" 200 772
58.152.215.195 - - [12/Nov/2025:10:12:15 +0800] "GET /InternetTrading/longpoll/55136?X-Atmosphere-tracking-id=0&X-Atmosphere-Framework=2.2.3-javascript&X-Atmosphere-Transport=long-polling&X-Atmosphere-TrackMessageSize=true&Content-Type=charset%3Dutf-8&X-atmo-protocol=true&_=1762913741129 HTTP/1.1" 200 -
14.0.169.116 - - [12/Nov/2025:10:12:18 +0800] "GET /InternetTrading/longpoll/A8127?X-Atmosphere-tracking-id=0&X-Atmosphere-Framework=2.2.3-javascript&X-Atmosphere-Transport=long-polling&X-Atmosphere-TrackMessageSize=true&Content-Type=charset%3Dutf-8&X-atmo-protocol=true&_=1762913743091 HTTP/1.1" 200 -
65.181.90.29 - - [12/Nov/2025:10:12:18 +0800] "GET /InternetTrading/longpoll/54338?X-Atmosphere-tracking-id=0&X-Atmosphere-Framework=2.2.3-javascript&X-Atmosphere-Transport=long-polling&X-Atmosphere-TrackMessageSize=true&Content-Type=charset%3Dutf-8&X-atmo-protocol=true&_=1762913744661 HTTP/1.1" 200 -
14.0.169.116 - - [12/Nov/2025:10:12:18 +0800] "POST /InternetTrading/SessionErrorLogger HTTP/1.1" 200 117
14.0.169.116 - - [12/Nov/2025:10:12:18 +0800] "GET /InternetTrading/Csrf?url=/Amend HTTP/1.1" 200 126
14.0.169.116 - - [12/Nov/2025:10:12:18 +0800] "POST /InternetTrading/SessionErrorLogger HTTP/1.1" 200 117
14.0.169.116 - - [12/Nov/2025:10:12:18 +0800] "POST /InternetTrading/LoginKey HTTP/1.1" 200 -
14.0.169.116 - - [12/Nov/2025:10:12:18 +0800] "POST /InternetTrading/SessionErrorLogger HTTP/1.1" 200 117
14.0.169.116 - - [12/Nov/2025:10:12:18 +0800] "POST /InternetTrading/Amend?csrf_nonce=E2D6EF6D89657230E00C69D0458EA262 HTTP/1.1" 200 948
14.0.169.116 - - [12/Nov/2025:10:12:18 +0800] "POST /InternetTrading/SessionErrorLogger HTTP/1.1" 200 117
14.0.169.116 - - [12/Nov/2025:10:12:18 +0800] "POST /InternetTrading/MarketStatus HTTP/1.1" 200 772
183.178.37.129 - - [12/Nov/2025:10:12:19 +0800] "GET /InternetTrading/longpoll/56419?X-Atmosphere-tracking-id=0&X-Atmosphere-Framework=2.2.3-javascript&X-Atmosphere-Transport=long-polling&X-Atmosphere-TrackMessageSize=true&Content-Type=charset%3Dutf-8&X-atmo-protocol=true&_=1762913743243 HTTP/1.1" 200 -
58.152.215.195 - - [12/Nov/2025:10:12:20 +0800] "GET /InternetTrading/longpoll/55136?X-Atmosphere-tracking-id=0&X-Atmosphere-Framework=2.2.3-javascript&X-Atmosphere-Transport=long-polling&X-Atmosphere-TrackMessageSize=true&Content-Type=charset%3Dutf-8&X-atmo-protocol=true&_=1762913746148 HTTP/1.1" 200 -
14.0.169.116 - - [12/Nov/2025:10:12:20 +0800] "POST /InternetTrading/SessionErrorLogger HTTP/1.1" 200 117
14.0.169.116 - - [12/Nov/2025:10:12:21 +0800] "GET /InternetTrading/jquery/wait.gif HTTP/1.1" 200 432
14.0.169.116 - - [12/Nov/2025:10:12:21 +0800] "POST /InternetTrading/Orderbook HTTP/1.1" 200 3695
65.181.90.29 - - [12/Nov/2025:10:12:23 +0800] "GET /InternetTrading/longpoll/54338?X-Atmosphere-tracking-id=0&X-Atmosphere-Framework=2.2.3-javascript&X-Atmosphere-Transport=long-polling&X-Atmosphere-TrackMessageSize=true&Content-Type=charset%3Dutf-8&X-atmo-protocol=true&_=1762913749678 HTTP/1.1" 200 -
14.0.169.116 - - [12/Nov/2025:10:12:23 +0800] "GET /InternetTrading/longpoll/A8127?X-Atmosphere-tracking-id=0&X-Atmosphere-Framework=2.2.3-javascript&X-Atmosphere-Transport=long-polling&X-Atmosphere-TrackMessageSize=true&Content-Type=charset%3Dutf-8&X-atmo-protocol=true&_=1762913748457 HTTP/1.1" 200 -
14.0.169.116 - - [12/Nov/2025:10:12:23 +0800] "POST /InternetTrading/SessionErrorLogger HTTP/1.1" 200 117
14.0.169.116 - - [12/Nov/2025:10:12:23 +0800] "POST /InternetTrading/Product HTTP/1.1" 200 303
183.178.37.129 - - [12/Nov/2025:10:12:24 +0800] "GET /InternetTrading/longpoll/56419?X-Atmosphere-tracking-id=0&X-Atmosphere-Framework=2.2.3-javascript&X-Atmosphere-Transport=long-polling&X-Atmosphere-TrackMessageSize=true&Content-Type=charset%3Dutf-8&X-atmo-protocol=true&_=1762913748265 HTTP/1.1" 200 -
58.152.215.195 - - [12/Nov/2025:10:12:25 +0800] "POST /InternetTrading/SessionErrorLogger HTTP/1.1" 200 117
58.152.215.195 - - [12/Nov/2025:10:12:25 +0800] "POST /InternetTrading/Heartbeat HTTP/1.1" 200 32
58.152.215.195 - - [12/Nov/2025:10:12:25 +0800] "POST /InternetTrading/SessionErrorLogger HTTP/1.1" 200 117
58.152.215.195 - - [12/Nov/2025:10:12:25 +0800] "POST /InternetTrading/MarketStatus HTTP/1.1" 200 772
58.152.215.195 - - [12/Nov/2025:10:12:25 +0800] "GET /InternetTrading/longpoll/55136?X-Atmosphere-tracking-id=0&X-Atmosphere-Framework=2.2.3-javascript&X-Atmosphere-Transport=long-polling&X-Atmosphere-TrackMessageSize=true&Content-Type=charset%3Dutf-8&X-atmo-protocol=true&_=1762913751172 HTTP/1.1" 200 -
65.181.90.29 - - [12/Nov/2025:10:12:28 +0800] "GET /InternetTrading/longpoll/54338?X-Atmosphere-tracking-id=0&X-Atmosphere-Framework=2.2.3-javascript&X-Atmosphere-Transport=long-polling&X-Atmosphere-TrackMessageSize=true&Content-Type=charset%3Dutf-8&X-atmo-protocol=true&_=1762913754710 HTTP/1.1" 200 -
14.0.169.116 - - [12/Nov/2025:10:12:28 +0800] "GET /InternetTrading/longpoll/A8127?X-Atmosphere-tracking-id=0&X-Atmosphere-Framework=2.2.3-javascript&X-Atmosphere-Transport=long-polling&X-Atmosphere-TrackMessageSize=true&Content-Type=charset%3Dutf-8&X-atmo-protocol=true&_=1762913753578 HTTP/1.1" 200 -
14.0.169.116 - - [12/Nov/2025:10:12:28 +0800] "POST /InternetTrading/SessionErrorLogger HTTP/1.1" 200 117
14.0.169.116 - - [12/Nov/2025:10:12:28 +0800] "GET /InternetTrading/Csrf?url=/Amend HTTP/1.1" 200 126
14.0.169.116 - - [12/Nov/2025:10:12:28 +0800] "POST /InternetTrading/SessionErrorLogger HTTP/1.1" 200 117
14.0.169.116 - - [12/Nov/2025:10:12:28 +0800] "POST /InternetTrading/LoginKey HTTP/1.1" 200 -
14.0.169.116 - - [12/Nov/2025:10:12:28 +0800] "POST /InternetTrading/SessionErrorLogger HTTP/1.1" 200 117
14.0.169.116 - - [12/Nov/2025:10:12:28 +0800] "POST /InternetTrading/Amend?csrf_nonce=E2D6EF6D89657230E00C69D0458EA262 HTTP/1.1" 200 949
14.0.169.116 - - [12/Nov/2025:10:12:29 +0800] "POST /InternetTrading/SessionErrorLogger HTTP/1.1" 200 117
14.0.169.116 - - [12/Nov/2025:10:12:29 +0800] "POST /InternetTrading/MarketStatus HTTP/1.1" 200 772
183.178.37.129 - - [12/Nov/2025:10:12:29 +0800] "GET /InternetTrading/longpoll/56419?X-Atmosphere-tracking-id=0&X-Atmosphere-Framework=2.2.3-javascript&X-Atmosphere-Transport=long-polling&X-Atmosphere-TrackMessageSize=true&Content-Type=charset%3Dutf-8&X-atmo-protocol=true&_=1762913753284 HTTP/1.1" 200 -
58.152.215.195 - - [12/Nov/2025:10:12:30 +0800] "GET /InternetTrading/longpoll/55136?X-Atmosphere-tracking-id=0&X-Atmosphere-Framework=2.2.3-javascript&X-Atmosphere-Transport=long-polling&X-Atmosphere-TrackMessageSize=true&Content-Type=charset%3Dutf-8&X-atmo-protocol=true&_=1762913756188 HTTP/1.1" 200 -
14.0.169.116 - - [12/Nov/2025:10:12:31 +0800] "POST /InternetTrading/SessionErrorLogger HTTP/1.1" 200 117
14.0.169.116 - - [12/Nov/2025:10:12:31 +0800] "GET /InternetTrading/jquery/wait.gif HTTP/1.1" 200 432
14.0.169.116 - - [12/Nov/2025:10:12:31 +0800] "POST /InternetTrading/Orderbook HTTP/1.1" 200 3751
65.181.90.29 - - [12/Nov/2025:10:12:32 +0800] "POST /InternetTrading/SessionErrorLogger HTTP/1.1" 200 117
65.181.90.29 - - [12/Nov/2025:10:12:32 +0800] "POST /InternetTrading/OrderMaxQuantity HTTP/1.1" 200 9
65.181.90.29 - - [12/Nov/2025:10:12:32 +0800] "POST /InternetTrading/SessionErrorLogger HTTP/1.1" 200 117
65.181.90.29 - - [12/Nov/2025:10:12:32 +0800] "POST /InternetTrading/Heartbeat HTTP/1.1" 200 32
65.181.90.29 - - [12/Nov/2025:10:12:32 +0800] "POST /InternetTrading/SessionErrorLogger HTTP/1.1" 200 117
65.181.90.29 - - [12/Nov/2025:10:12:32 +0800] "POST /InternetTrading/MarketStatus HTTP/1.1" 200 772
65.181.90.29 - - [12/Nov/2025:10:12:33 +0800] "GET /InternetTrading/longpoll/54338?X-Atmosphere-tracking-id=0&X-Atmosphere-Framework=2.2.3-javascript&X-Atmosphere-Transport=long-polling&X-Atmosphere-TrackMessageSize=true&Content-Type=charset%3Dutf-8&X-atmo-protocol=true&_=1762913759727 HTTP/1.1" 200 -
220.246.38.37 - - [12/Nov/2025:10:12:33 +0800] "-" 408 -
14.0.169.116 - - [12/Nov/2025:10:12:33 +0800] "GET /InternetTrading/longpoll/A8127?X-Atmosphere-tracking-id=0&X-Atmosphere-Framework=2.2.3-javascript&X-Atmosphere-Transport=long-polling&X-Atmosphere-TrackMessageSize=true&Content-Type=charset%3Dutf-8&X-atmo-protocol=true&_=1762913758789 HTTP/1.1" 200 -
183.178.37.129 - - [12/Nov/2025:10:12:34 +0800] "GET /InternetTrading/longpoll/56419?X-Atmosphere-tracking-id=0&X-Atmosphere-Framework=2.2.3-javascript&X-Atmosphere-Transport=long-polling&X-Atmosphere-TrackMessageSize=true&Content-Type=charset%3Dutf-8&X-atmo-protocol=true&_=1762913758342 HTTP/1.1" 200 -
58.152.215.195 - - [12/Nov/2025:10:12:35 +0800] "GET /InternetTrading/longpoll/55136?X-Atmosphere-tracking-id=0&X-Atmosphere-Framework=2.2.3-javascript&X-Atmosphere-Transport=long-polling&X-Atmosphere-TrackMessageSize=true&Content-Type=charset%3Dutf-8&X-atmo-protocol=true&_=1762913761239 HTTP/1.1" 200 -
14.0.169.116 - - [12/Nov/2025:10:12:37 +0800] "POST /InternetTrading/SessionErrorLogger HTTP/1.1" 200 117
14.0.169.116 - - [12/Nov/2025:10:12:37 +0800] "POST /InternetTrading/MarketStatus HTTP/1.1" 200 772
65.181.90.29 - - [12/Nov/2025:10:12:38 +0800] "GET /InternetTrading/longpoll/54338?X-Atmosphere-tracking-id=0&X-Atmosphere-Framework=2.2.3-javascript&X-Atmosphere-Transport=long-polling&X-Atmosphere-TrackMessageSize=true&Content-Type=charset%3Dutf-8&X-atmo-protocol=true&_=1762913764816 HTTP/1.1" 200 -
14.0.169.116 - - [12/Nov/2025:10:12:38 +0800] "GET /InternetTrading/longpoll/A8127?X-Atmosphere-tracking-id=0&X-Atmosphere-Framework=2.2.3-javascript&X-Atmosphere-Transport=long-polling&X-Atmosphere-TrackMessageSize=true&Content-Type=charset%3Dutf-8&X-atmo-protocol=true&_=1762913763903 HTTP/1.1" 200 -
183.178.37.129 - - [12/Nov/2025:10:12:39 +0800] "GET /InternetTrading/longpoll/56419?X-Atmosphere-tracking-id=0&X-Atmosphere-Framework=2.2.3-javascript&X-Atmosphere-Transport=long-polling&X-Atmosphere-TrackMessageSize=true&Content-Type=charset%3Dutf-8&X-atmo-protocol=true&_=1762913763388 HTTP/1.1" 200 -
58.152.215.195 - - [12/Nov/2025:10:12:40 +0800] "GET /InternetTrading/longpoll/55136?X-Atmosphere-tracking-id=0&X-Atmosphere-Framework=2.2.3-javascript&X-Atmosphere-Transport=long-polling&X-Atmosphere-TrackMessageSize=true&Content-Type=charset%3Dutf-8&X-atmo-protocol=true&_=1762913766280 HTTP/1.1" 200 -
14.0.169.116 - - [12/Nov/2025:10:12:42 +0800] "POST /InternetTrading/SessionErrorLogger HTTP/1.1" 200 117
14.0.169.116 - - [12/Nov/2025:10:12:42 +0800] "POST /InternetTrading/Heartbeat HTTP/1.1" 200 32
183.178.37.129 - - [12/Nov/2025:10:12:42 +0800] "POST /InternetTrading/SessionErrorLogger HTTP/1.1" 200 117
183.178.37.129 - - [12/Nov/2025:10:12:42 +0800] "POST /InternetTrading/Heartbeat HTTP/1.1" 200 32
65.181.90.29 - - [12/Nov/2025:10:12:43 +0800] "GET /InternetTrading/longpoll/54338?X-Atmosphere-tracking-id=0&X-Atmosphere-Framework=2.2.3-javascript&X-Atmosphere-Transport=long-polling&X-Atmosphere-TrackMessageSize=true&Content-Type=charset%3Dutf-8&X-atmo-protocol=true&_=1762913769855 HTTP/1.1" 200 -
14.0.169.116 - - [12/Nov/2025:10:12:43 +0800] "GET /InternetTrading/longpoll/A8127?X-Atmosphere-tracking-id=0&X-Atmosphere-Framework=2.2.3-javascript&X-Atmosphere-Transport=long-polling&X-Atmosphere-TrackMessageSize=true&Content-Type=charset%3Dutf-8&X-atmo-protocol=true&_=1762913769016 HTTP/1.1" 200 -
183.178.37.129 - - [12/Nov/2025:10:12:44 +0800] "GET /InternetTrading/longpoll/56419?X-Atmosphere-tracking-id=0&X-Atmosphere-Framework=2.2.3-javascript&X-Atmosphere-Transport=long-polling&X-Atmosphere-TrackMessageSize=true&Content-Type=charset%3Dutf-8&X-atmo-protocol=true&_=1762913768439 HTTP/1.1" 200 -
183.178.37.129 - - [12/Nov/2025:10:12:45 +0800] "POST /InternetTrading/SessionErrorLogger HTTP/1.1" 200 117
183.178.37.129 - - [12/Nov/2025:10:12:45 +0800] "POST /InternetTrading/MarketStatus HTTP/1.1" 200 772
58.152.215.195 - - [12/Nov/2025:10:12:45 +0800] "GET /InternetTrading/longpoll/55136?X-Atmosphere-tracking-id=0&X-Atmosphere-Framework=2.2.3-javascript&X-Atmosphere-Transport=long-polling&X-Atmosphere-TrackMessageSize=true&Content-Type=charset%3Dutf-8&X-atmo-protocol=true&_=1762913771321 HTTP/1.1" 200 -
65.181.90.29 - - [12/Nov/2025:10:12:48 +0800] "GET /InternetTrading/longpoll/54338?X-Atmosphere-tracking-id=0&X-Atmosphere-Framework=2.2.3-javascript&X-Atmosphere-Transport=long-polling&X-Atmosphere-TrackMessageSize=true&Content-Type=charset%3Dutf-8&X-atmo-protocol=true&_=1762913774888 HTTP/1.1" 200 -
14.0.169.116 - - [12/Nov/2025:10:12:49 +0800] "GET /InternetTrading/longpoll/A8127?X-Atmosphere-tracking-id=0&X-Atmosphere-Framework=2.2.3-javascript&X-Atmosphere-Transport=long-polling&X-Atmosphere-TrackMessageSize=true&Content-Type=charset%3Dutf-8&X-atmo-protocol=true&_=1762913774133 HTTP/1.1" 200 -
183.178.37.129 - - [12/Nov/2025:10:12:49 +0800] "GET /InternetTrading/longpoll/56419?X-Atmosphere-tracking-id=0&X-Atmosphere-Framework=2.2.3-javascript&X-Atmosphere-Transport=long-polling&X-Atmosphere-TrackMessageSize=true&Content-Type=charset%3Dutf-8&X-atmo-protocol=true&_=1762913773455 HTTP/1.1" 200 -
58.152.215.195 - - [12/Nov/2025:10:12:50 +0800] "GET /InternetTrading/longpoll/55136?X-Atmosphere-tracking-id=0&X-Atmosphere-Framework=2.2.3-javascript&X-Atmosphere-Transport=long-polling&X-Atmosphere-TrackMessageSize=true&Content-Type=charset%3Dutf-8&X-atmo-protocol=true&_=1762913776361 HTTP/1.1" 200 -
65.181.90.29 - - [12/Nov/2025:10:12:53 +0800] "GET /InternetTrading/longpoll/54338?X-Atmosphere-tracking-id=0&X-Atmosphere-Framework=2.2.3-javascript&X-Atmosphere-Transport=long-polling&X-Atmosphere-TrackMessageSize=true&Content-Type=charset%3Dutf-8&X-atmo-protocol=true&_=1762913779920 HTTP/1.1" 200 -
14.0.169.116 - - [12/Nov/2025:10:12:54 +0800] "GET /InternetTrading/longpoll/A8127?X-Atmosphere-tracking-id=0&X-Atmosphere-Framework=2.2.3-javascript&X-Atmosphere-Transport=long-polling&X-Atmosphere-TrackMessageSize=true&Content-Type=charset%3Dutf-8&X-atmo-protocol=true&_=1762913779340 HTTP/1.1" 200 -
183.178.37.129 - - [12/Nov/2025:10:12:54 +0800] "GET /InternetTrading/longpoll/56419?X-Atmosphere-tracking-id=0&X-Atmosphere-Framework=2.2.3-javascript&X-Atmosphere-Transport=long-polling&X-Atmosphere-TrackMessageSize=true&Content-Type=charset%3Dutf-8&X-atmo-protocol=true&_=1762913778471 HTTP/1.1" 200 -
58.152.215.195 - - [12/Nov/2025:10:12:55 +0800] "POST /InternetTrading/SessionErrorLogger HTTP/1.1" 200 117
58.152.215.195 - - [12/Nov/2025:10:12:55 +0800] "POST /InternetTrading/Heartbeat HTTP/1.1" 200 32
58.152.215.195 - - [12/Nov/2025:10:12:55 +0800] "POST /InternetTrading/SessionErrorLogger HTTP/1.1" 200 117
58.152.215.195 - - [12/Nov/2025:10:12:55 +0800] "POST /InternetTrading/MarketStatus HTTP/1.1" 200 772
58.152.215.195 - - [12/Nov/2025:10:12:55 +0800] "GET /InternetTrading/longpoll/55136?X-Atmosphere-tracking-id=0&X-Atmosphere-Framework=2.2.3-javascript&X-Atmosphere-Transport=long-polling&X-Atmosphere-TrackMessageSize=true&Content-Type=charset%3Dutf-8&X-atmo-protocol=true&_=1762913781383 HTTP/1.1" 200 -
65.181.90.29 - - [12/Nov/2025:10:12:56 +0800] "GET /InternetTrading/jquery/images/ui-icons_454545_256x240.png HTTP/1.1" 200 6992
65.181.90.29 - - [12/Nov/2025:10:12:58 +0800] "GET /InternetTrading/longpoll/54338?X-Atmosphere-tracking-id=0&X-Atmosphere-Framework=2.2.3-javascript&X-Atmosphere-Transport=long-polling&X-Atmosphere-TrackMessageSize=true&Content-Type=charset%3Dutf-8&X-atmo-protocol=true&_=1762913784959 HTTP/1.1" 200 -
14.0.169.116 - - [12/Nov/2025:10:12:59 +0800] "GET /InternetTrading/longpoll/A8127?X-Atmosphere-tracking-id=0&X-Atmosphere-Framework=2.2.3-javascript&X-Atmosphere-Transport=long-polling&X-Atmosphere-TrackMessageSize=true&Content-Type=charset%3Dutf-8&X-atmo-protocol=true&_=1762913784606 HTTP/1.1" 200 -
183.178.37.129 - - [12/Nov/2025:10:12:59 +0800] "GET /InternetTrading/longpoll/56419?X-Atmosphere-tracking-id=0&X-Atmosphere-Framework=2.2.3-javascript&X-Atmosphere-Transport=long-polling&X-Atmosphere-TrackMessageSize=true&Content-Type=charset%3Dutf-8&X-atmo-protocol=true&_=1762913783512 HTTP/1.1" 200 -
58.152.215.195 - - [12/Nov/2025:10:13:00 +0800] "GET /InternetTrading/longpoll/55136?X-Atmosphere-tracking-id=0&X-Atmosphere-Framework=2.2.3-javascript&X-Atmosphere-Transport=long-polling&X-Atmosphere-TrackMessageSize=true&Content-Type=charset%3Dutf-8&X-atmo-protocol=true&_=1762913786407 HTTP/1.1" 200 -
65.181.90.29 - - [12/Nov/2025:10:13:02 +0800] "POST /InternetTrading/SessionErrorLogger HTTP/1.1" 200 117
65.181.90.29 - - [12/Nov/2025:10:13:02 +0800] "POST /InternetTrading/Heartbeat HTTP/1.1" 200 32
65.181.90.29 - - [12/Nov/2025:10:13:03 +0800] "POST /InternetTrading/SessionErrorLogger HTTP/1.1" 200 117
65.181.90.29 - - [12/Nov/2025:10:13:03 +0800] "POST /InternetTrading/MarketStatus HTTP/1.1" 200 772
65.181.90.29 - - [12/Nov/2025:10:13:03 +0800] "GET /InternetTrading/longpoll/54338?X-Atmosphere-tracking-id=0&X-Atmosphere-Framework=2.2.3-javascript&X-Atmosphere-Transport=long-polling&X-Atmosphere-TrackMessageSize=true&Content-Type=charset%3Dutf-8&X-atmo-protocol=true&_=1762913789986 HTTP/1.1" 200 -
183.178.37.129 - - [12/Nov/2025:10:13:04 +0800] "GET /InternetTrading/longpoll/56419?X-Atmosphere-tracking-id=0&X-Atmosphere-Framework=2.2.3-javascript&X-Atmosphere-Transport=long-polling&X-Atmosphere-TrackMessageSize=true&Content-Type=charset%3Dutf-8&X-atmo-protocol=true&_=1762913788557 HTTP/1.1" 200 -
14.0.169.116 - - [12/Nov/2025:10:13:04 +0800] "GET /InternetTrading/longpoll/A8127?X-Atmosphere-tracking-id=0&X-Atmosphere-Framework=2.2.3-javascript&X-Atmosphere-Transport=long-polling&X-Atmosphere-TrackMessageSize=true&Content-Type=charset%3Dutf-8&X-atmo-protocol=true&_=1762913789968 HTTP/1.1" 200 -
58.152.215.195 - - [12/Nov/2025:10:13:05 +0800] "GET /InternetTrading/longpoll/55136?X-Atmosphere-tracking-id=0&X-Atmosphere-Framework=2.2.3-javascript&X-Atmosphere-Transport=long-polling&X-Atmosphere-TrackMessageSize=true&Content-Type=charset%3Dutf-8&X-atmo-protocol=true&_=1762913791432 HTTP/1.1" 200 -
14.0.169.116 - - [12/Nov/2025:10:13:07 +0800] "POST /InternetTrading/SessionErrorLogger HTTP/1.1" 200 117
14.0.169.116 - - [12/Nov/2025:10:13:07 +0800] "POST /InternetTrading/MarketStatus HTTP/1.1" 200 772
65.181.90.29 - - [12/Nov/2025:10:13:09 +0800] "GET /InternetTrading/longpoll/54338?X-Atmosphere-tracking-id=0&X-Atmosphere-Framework=2.2.3-javascript&X-Atmosphere-Transport=long-polling&X-Atmosphere-TrackMessageSize=true&Content-Type=charset%3Dutf-8&X-atmo-protocol=true&_=1762913795835 HTTP/1.1" 200 -
183.178.37.129 - - [12/Nov/2025:10:13:09 +0800] "GET /InternetTrading/longpoll/56419?X-Atmosphere-tracking-id=0&X-Atmosphere-Framework=2.2.3-javascript&X-Atmosphere-Transport=long-polling&X-Atmosphere-TrackMessageSize=true&Content-Type=charset%3Dutf-8&X-atmo-protocol=true&_=1762913793605 HTTP/1.1" 200 -
14.0.169.116 - - [12/Nov/2025:10:13:10 +0800] "GET /InternetTrading/longpoll/A8127?X-Atmosphere-tracking-id=0&X-Atmosphere-Framework=2.2.3-javascript&X-Atmosphere-Transport=long-polling&X-Atmosphere-TrackMessageSize=true&Content-Type=charset%3Dutf-8&X-atmo-protocol=true&_=1762913795174 HTTP/1.1" 200 -
58.152.215.195 - - [12/Nov/2025:10:13:10 +0800] "GET /InternetTrading/longpoll/55136?X-Atmosphere-tracking-id=0&X-Atmosphere-Framework=2.2.3-javascript&X-Atmosphere-Transport=long-polling&X-Atmosphere-TrackMessageSize=true&Content-Type=charset%3Dutf-8&X-atmo-protocol=true&_=1762913796472 HTTP/1.1" 200 -
14.0.169.116 - - [12/Nov/2025:10:13:12 +0800] "POST /InternetTrading/SessionErrorLogger HTTP/1.1" 200 117
14.0.169.116 - - [12/Nov/2025:10:13:12 +0800] "POST /InternetTrading/Heartbeat HTTP/1.1" 200 32
183.178.37.129 - - [12/Nov/2025:10:13:12 +0800] "POST /InternetTrading/SessionErrorLogger HTTP/1.1" 200 117
183.178.37.129 - - [12/Nov/2025:10:13:12 +0800] "POST /InternetTrading/Heartbeat HTTP/1.1" 200 32
183.178.37.129 - - [12/Nov/2025:10:13:14 +0800] "GET /InternetTrading/longpoll/56419?X-Atmosphere-tracking-id=0&X-Atmosphere-Framework=2.2.3-javascript&X-Atmosphere-Transport=long-polling&X-Atmosphere-TrackMessageSize=true&Content-Type=charset%3Dutf-8&X-atmo-protocol=true&_=1762913798654 HTTP/1.1" 200 -
14.0.169.116 - - [12/Nov/2025:10:13:15 +0800] "GET /InternetTrading/longpoll/A8127?X-Atmosphere-tracking-id=0&X-Atmosphere-Framework=2.2.3-javascript&X-Atmosphere-Transport=long-polling&X-Atmosphere-TrackMessageSize=true&Content-Type=charset%3Dutf-8&X-atmo-protocol=true&_=1762913800297 HTTP/1.1" 200 -
183.178.37.129 - - [12/Nov/2025:10:13:15 +0800] "POST /InternetTrading/SessionErrorLogger HTTP/1.1" 200 117
183.178.37.129 - - [12/Nov/2025:10:13:15 +0800] "POST /InternetTrading/MarketStatus HTTP/1.1" 200 772
65.181.90.29 - - [12/Nov/2025:10:13:15 +0800] "GET /InternetTrading/longpoll/54338?X-Atmosphere-tracking-id=0&X-Atmosphere-Framework=2.2.3-javascript&X-Atmosphere-Transport=long-polling&X-Atmosphere-TrackMessageSize=true&Content-Type=charset%3Dutf-8&X-atmo-protocol=true&_=1762913801843 HTTP/1.1" 200 -
58.152.215.195 - - [12/Nov/2025:10:13:15 +0800] "GET /InternetTrading/longpoll/55136?X-Atmosphere-tracking-id=0&X-Atmosphere-Framework=2.2.3-javascript&X-Atmosphere-Transport=long-polling&X-Atmosphere-TrackMessageSize=true&Content-Type=charset%3Dutf-8&X-atmo-protocol=true&_=1762913801513 HTTP/1.1" 200 -
183.178.37.129 - - [12/Nov/2025:10:13:20 +0800] "GET /InternetTrading/longpoll/56419?X-Atmosphere-tracking-id=0&X-Atmosphere-Framework=2.2.3-javascript&X-Atmosphere-Transport=long-polling&X-Atmosphere-TrackMessageSize=true&Content-Type=charset%3Dutf-8&X-atmo-protocol=true&_=1762913803676 HTTP/1.1" 200 -
14.0.169.116 - - [12/Nov/2025:10:13:20 +0800] "GET /InternetTrading/longpoll/A8127?X-Atmosphere-tracking-id=0&X-Atmosphere-Framework=2.2.3-javascript&X-Atmosphere-Transport=long-polling&X-Atmosphere-TrackMessageSize=true&Content-Type=charset%3Dutf-8&X-atmo-protocol=true&_=1762913805407 HTTP/1.1" 200 -
58.152.215.195 - - [12/Nov/2025:10:13:20 +0800] "GET /InternetTrading/longpoll/55136?X-Atmosphere-tracking-id=0&X-Atmosphere-Framework=2.2.3-javascript&X-Atmosphere-Transport=long-polling&X-Atmosphere-TrackMessageSize=true&Content-Type=charset%3Dutf-8&X-atmo-protocol=true&_=1762913806552 HTTP/1.1" 200 -
65.181.90.29 - - [12/Nov/2025:10:13:21 +0800] "GET /InternetTrading/longpoll/54338?X-Atmosphere-tracking-id=0&X-Atmosphere-Framework=2.2.3-javascript&X-Atmosphere-Transport=long-polling&X-Atmosphere-TrackMessageSize=true&Content-Type=charset%3Dutf-8&X-atmo-protocol=true&_=1762913807830 HTTP/1.1" 200 -
183.178.37.129 - - [12/Nov/2025:10:13:25 +0800] "GET /InternetTrading/longpoll/56419?X-Atmosphere-tracking-id=0&X-Atmosphere-Framework=2.2.3-javascript&X-Atmosphere-Transport=long-polling&X-Atmosphere-TrackMessageSize=true&Content-Type=charset%3Dutf-8&X-atmo-protocol=true&_=1762913808707 HTTP/1.1" 200 -
58.152.215.195 - - [12/Nov/2025:10:13:25 +0800] "POST /InternetTrading/SessionErrorLogger HTTP/1.1" 200 117
58.152.215.195 - - [12/Nov/2025:10:13:25 +0800] "POST /InternetTrading/Heartbeat HTTP/1.1" 200 32
58.152.215.195 - - [12/Nov/2025:10:13:25 +0800] "POST /InternetTrading/SessionErrorLogger HTTP/1.1" 200 117
58.152.215.195 - - [12/Nov/2025:10:13:25 +0800] "POST /InternetTrading/MarketStatus HTTP/1.1" 200 772
14.0.169.116 - - [12/Nov/2025:10:13:25 +0800] "GET /InternetTrading/longpoll/A8127?X-Atmosphere-tracking-id=0&X-Atmosphere-Framework=2.2.3-javascript&X-Atmosphere-Transport=long-polling&X-Atmosphere-TrackMessageSize=true&Content-Type=charset%3Dutf-8&X-atmo-protocol=true&_=1762913810681 HTTP/1.1" 200 -
58.152.215.195 - - [12/Nov/2025:10:13:25 +0800] "GET /InternetTrading/longpoll/55136?X-Atmosphere-tracking-id=0&X-Atmosphere-Framework=2.2.3-javascript&X-Atmosphere-Transport=long-polling&X-Atmosphere-TrackMessageSize=true&Content-Type=charset%3Dutf-8&X-atmo-protocol=true&_=1762913811591 HTTP/1.1" 200 -
65.181.90.29 - - [12/Nov/2025:10:13:27 +0800] "GET /InternetTrading/longpoll/54338?X-Atmosphere-tracking-id=0&X-Atmosphere-Framework=2.2.3-javascript&X-Atmosphere-Transport=long-polling&X-Atmosphere-TrackMessageSize=true&Content-Type=charset%3Dutf-8&X-atmo-protocol=true&_=1762913813837 HTTP/1.1" 200 -
183.178.37.129 - - [12/Nov/2025:10:13:30 +0800] "GET /InternetTrading/longpoll/56419?X-Atmosphere-tracking-id=0&X-Atmosphere-Framework=2.2.3-javascript&X-Atmosphere-Transport=long-polling&X-Atmosphere-TrackMessageSize=true&Content-Type=charset%3Dutf-8&X-atmo-protocol=true&_=1762913813743 HTTP/1.1" 200 -
58.152.215.195 - - [12/Nov/2025:10:13:30 +0800] "GET /InternetTrading/longpoll/55136?X-Atmosphere-tracking-id=0&X-Atmosphere-Framework=2.2.3-javascript&X-Atmosphere-Transport=long-polling&X-Atmosphere-TrackMessageSize=true&Content-Type=charset%3Dutf-8&X-atmo-protocol=true&_=1762913816612 HTTP/1.1" 200 -
14.0.169.116 - - [12/Nov/2025:10:13:31 +0800] "GET /InternetTrading/longpoll/A8127?X-Atmosphere-tracking-id=0&X-Atmosphere-Framework=2.2.3-javascript&X-Atmosphere-Transport=long-polling&X-Atmosphere-TrackMessageSize=true&Content-Type=charset%3Dutf-8&X-atmo-protocol=true&_=1762913815982 HTTP/1.1" 200 -
65.181.90.29 - - [12/Nov/2025:10:13:33 +0800] "GET /InternetTrading/longpoll/54338?X-Atmosphere-tracking-id=0&X-Atmosphere-Framework=2.2.3-javascript&X-Atmosphere-Transport=long-polling&X-Atmosphere-TrackMessageSize=true&Content-Type=charset%3Dutf-8&X-atmo-protocol=true&_=1762913819833 HTTP/1.1" 200 -
65.181.90.29 - - [12/Nov/2025:10:13:33 +0800] "POST /InternetTrading/SessionErrorLogger HTTP/1.1" 200 117
65.181.90.29 - - [12/Nov/2025:10:13:33 +0800] "POST /InternetTrading/SessionErrorLogger HTTP/1.1" 200 117
65.181.90.29 - - [12/Nov/2025:10:13:33 +0800] "POST /InternetTrading/Heartbeat HTTP/1.1" 200 32
65.181.90.29 - - [12/Nov/2025:10:13:33 +0800] "POST /InternetTrading/MarketStatus HTTP/1.1" 200 772
183.178.37.129 - - [12/Nov/2025:10:13:35 +0800] "GET /InternetTrading/longpoll/56419?X-Atmosphere-tracking-id=0&X-Atmosphere-Framework=2.2.3-javascript&X-Atmosphere-Transport=long-polling&X-Atmosphere-TrackMessageSize=true&Content-Type=charset%3Dutf-8&X-atmo-protocol=true&_=1762913818785 HTTP/1.1" 200 -
58.152.215.195 - - [12/Nov/2025:10:13:35 +0800] "GET /InternetTrading/longpoll/55136?X-Atmosphere-tracking-id=0&X-Atmosphere-Framework=2.2.3-javascript&X-Atmosphere-Transport=long-polling&X-Atmosphere-TrackMessageSize=true&Content-Type=charset%3Dutf-8&X-atmo-protocol=true&_=1762913821653 HTTP/1.1" 200 -
14.0.169.116 - - [12/Nov/2025:10:13:36 +0800] "GET /InternetTrading/longpoll/A8127?X-Atmosphere-tracking-id=0&X-Atmosphere-Framework=2.2.3-javascript&X-Atmosphere-Transport=long-polling&X-Atmosphere-TrackMessageSize=true&Content-Type=charset%3Dutf-8&X-atmo-protocol=true&_=1762913821242 HTTP/1.1" 200 -
14.0.169.116 - - [12/Nov/2025:10:13:37 +0800] "POST /InternetTrading/SessionErrorLogger HTTP/1.1" 200 117
14.0.169.116 - - [12/Nov/2025:10:13:37 +0800] "POST /InternetTrading/MarketStatus HTTP/1.1" 200 772
65.181.90.29 - - [12/Nov/2025:10:13:38 +0800] "GET /InternetTrading/longpoll/54338?X-Atmosphere-tracking-id=0&X-Atmosphere-Framework=2.2.3-javascript&X-Atmosphere-Transport=long-polling&X-Atmosphere-TrackMessageSize=true&Content-Type=charset%3Dutf-8&X-atmo-protocol=true&_=1762913824894 HTTP/1.1" 200 -
183.178.37.129 - - [12/Nov/2025:10:13:40 +0800] "GET /InternetTrading/longpoll/56419?X-Atmosphere-tracking-id=0&X-Atmosphere-Framework=2.2.3-javascript&X-Atmosphere-Transport=long-polling&X-Atmosphere-TrackMessageSize=true&Content-Type=charset%3Dutf-8&X-atmo-protocol=true&_=1762913824254 HTTP/1.1" 200 -
58.152.215.195 - - [12/Nov/2025:10:13:41 +0800] "GET /InternetTrading/longpoll/55136?X-Atmosphere-tracking-id=0&X-Atmosphere-Framework=2.2.3-javascript&X-Atmosphere-Transport=long-polling&X-Atmosphere-TrackMessageSize=true&Content-Type=charset%3Dutf-8&X-atmo-protocol=true&_=1762913826686 HTTP/1.1" 200 -
14.0.169.116 - - [12/Nov/2025:10:13:41 +0800] "GET /InternetTrading/longpoll/A8127?X-Atmosphere-tracking-id=0&X-Atmosphere-Framework=2.2.3-javascript&X-Atmosphere-Transport=long-polling&X-Atmosphere-TrackMessageSize=true&Content-Type=charset%3Dutf-8&X-atmo-protocol=true&_=1762913826533 HTTP/1.1" 200 -
14.0.169.116 - - [12/Nov/2025:10:13:42 +0800] "POST /InternetTrading/SessionErrorLogger HTTP/1.1" 200 117
14.0.169.116 - - [12/Nov/2025:10:13:42 +0800] "POST /InternetTrading/Heartbeat HTTP/1.1" 200 32
65.181.90.29 - - [12/Nov/2025:10:13:42 +0800] "POST /InternetTrading/SessionErrorLogger HTTP/1.1" 200 117
65.181.90.29 - - [12/Nov/2025:10:13:42 +0800] "POST /InternetTrading/LoginKey HTTP/1.1" 200 -
183.178.37.129 - - [12/Nov/2025:10:13:42 +0800] "POST /InternetTrading/SessionErrorLogger HTTP/1.1" 200 117
65.181.90.29 - - [12/Nov/2025:10:13:42 +0800] "GET /InternetTrading/jquery/wait.gif HTTP/1.1" 200 432
65.181.90.29 - - [12/Nov/2025:10:13:42 +0800] "POST /InternetTrading/PreOrder HTTP/1.1" 200 1225
183.178.37.129 - - [12/Nov/2025:10:13:42 +0800] "POST /InternetTrading/Heartbeat HTTP/1.1" 200 32
65.181.90.29 - - [12/Nov/2025:10:13:43 +0800] "GET /InternetTrading/longpoll/54338?X-Atmosphere-tracking-id=0&X-Atmosphere-Framework=2.2.3-javascript&X-Atmosphere-Transport=long-polling&X-Atmosphere-TrackMessageSize=true&Content-Type=charset%3Dutf-8&X-atmo-protocol=true&_=1762913829940 HTTP/1.1" 200 -
183.178.37.129 - - [12/Nov/2025:10:13:45 +0800] "POST /InternetTrading/SessionErrorLogger HTTP/1.1" 200 117
183.178.37.129 - - [12/Nov/2025:10:13:45 +0800] "POST /InternetTrading/MarketStatus HTTP/1.1" 200 772
58.152.215.195 - - [12/Nov/2025:10:13:46 +0800] "GET /InternetTrading/longpoll/55136?X-Atmosphere-tracking-id=0&X-Atmosphere-Framework=2.2.3-javascript&X-Atmosphere-Transport=long-polling&X-Atmosphere-TrackMessageSize=true&Content-Type=charset%3Dutf-8&X-atmo-protocol=true&_=1762913831733 HTTP/1.1" 200 -
14.0.169.116 - - [12/Nov/2025:10:13:46 +0800] "GET /InternetTrading/longpoll/A8127?X-Atmosphere-tracking-id=0&X-Atmosphere-Framework=2.2.3-javascript&X-Atmosphere-Transport=long-polling&X-Atmosphere-TrackMessageSize=true&Content-Type=charset%3Dutf-8&X-atmo-protocol=true&_=1762913831667 HTTP/1.1" 200 -
183.178.37.129 - - [12/Nov/2025:10:13:46 +0800] "GET /InternetTrading/longpoll/56419?X-Atmosphere-tracking-id=0&X-Atmosphere-Framework=2.2.3-javascript&X-Atmosphere-Transport=long-polling&X-Atmosphere-TrackMessageSize=true&Content-Type=charset%3Dutf-8&X-atmo-protocol=true&_=1762913830266 HTTP/1.1" 200 -
65.181.90.29 - - [12/Nov/2025:10:13:48 +0800] "GET /InternetTrading/longpoll/54338?X-Atmosphere-tracking-id=0&X-Atmosphere-Framework=2.2.3-javascript&X-Atmosphere-Transport=long-polling&X-Atmosphere-TrackMessageSize=true&Content-Type=charset%3Dutf-8&X-atmo-protocol=true&_=1762913834995 HTTP/1.1" 200 -
65.181.90.29 - - [12/Nov/2025:10:13:50 +0800] "POST /InternetTrading/SessionErrorLogger HTTP/1.1" 200 117
65.181.90.29 - - [12/Nov/2025:10:13:50 +0800] "GET /InternetTrading/Csrf?url=/Order HTTP/1.1" 200 125
65.181.90.29 - - [12/Nov/2025:10:13:50 +0800] "POST /InternetTrading/SessionErrorLogger HTTP/1.1" 200 117
65.181.90.29 - - [12/Nov/2025:10:13:50 +0800] "POST /InternetTrading/LoginKey HTTP/1.1" 200 -
65.181.90.29 - - [12/Nov/2025:10:13:50 +0800] "POST /InternetTrading/SessionErrorLogger HTTP/1.1" 200 117
65.181.90.29 - - [12/Nov/2025:10:13:50 +0800] "POST /InternetTrading/Order?csrf_nonce=0470F745F2184F6CF6CDB583804365C2 HTTP/1.1" 200 1022
65.181.90.29 - - [12/Nov/2025:10:13:50 +0800] "POST /InternetTrading/SessionErrorLogger HTTP/1.1" 200 117
65.181.90.29 - - [12/Nov/2025:10:13:50 +0800] "GET /InternetTrading/tc/buy_ticket.html? HTTP/1.1" 200 1995
65.181.90.29 - - [12/Nov/2025:10:13:50 +0800] "POST /InternetTrading/SessionErrorLogger HTTP/1.1" 200 117
65.181.90.29 - - [12/Nov/2025:10:13:50 +0800] "POST /InternetTrading/MarketStatus HTTP/1.1" 200 772
65.181.90.29 - - [12/Nov/2025:10:13:50 +0800] "POST /InternetTrading/SessionErrorLogger HTTP/1.1" 200 117
65.181.90.29 - - [12/Nov/2025:10:13:50 +0800] "POST /InternetTrading/MarketStatus HTTP/1.1" 200 772
58.152.215.195 - - [12/Nov/2025:10:13:51 +0800] "GET /InternetTrading/longpoll/55136?X-Atmosphere-tracking-id=0&X-Atmosphere-Framework=2.2.3-javascript&X-Atmosphere-Transport=long-polling&X-Atmosphere-TrackMessageSize=true&Content-Type=charset%3Dutf-8&X-atmo-protocol=true&_=1762913836785 HTTP/1.1" 200 -
14.0.169.116 - - [12/Nov/2025:10:13:51 +0800] "GET /InternetTrading/longpoll/A8127?X-Atmosphere-tracking-id=0&X-Atmosphere-Framework=2.2.3-javascript&X-Atmosphere-Transport=long-polling&X-Atmosphere-TrackMessageSize=true&Content-Type=charset%3Dutf-8&X-atmo-protocol=true&_=1762913836777 HTTP/1.1" 200 -
65.181.90.29 - - [12/Nov/2025:10:13:52 +0800] "POST /InternetTrading/SessionErrorLogger HTTP/1.1" 200 117
65.181.90.29 - - [12/Nov/2025:10:13:52 +0800] "GET /InternetTrading/jquery/wait.gif HTTP/1.1" 200 432
65.181.90.29 - - [12/Nov/2025:10:13:52 +0800] "POST /InternetTrading/Orderbook HTTP/1.1" 200 1340
183.178.37.129 - - [12/Nov/2025:10:13:52 +0800] "GET /InternetTrading/longpoll/56419?X-Atmosphere-tracking-id=0&X-Atmosphere-Framework=2.2.3-javascript&X-Atmosphere-Transport=long-polling&X-Atmosphere-TrackMessageSize=true&Content-Type=charset%3Dutf-8&X-atmo-protocol=true&_=1762913836255 HTTP/1.1" 200 -
194.163.129.51 - - [12/Nov/2025:10:13:53 +0800] "GET /admin/config.php HTTP/1.0" 404 196
65.181.90.29 - - [12/Nov/2025:10:13:53 +0800] "GET /InternetTrading/longpoll/54338?X-Atmosphere-tracking-id=0&X-Atmosphere-Framework=2.2.3-javascript&X-Atmosphere-Transport=long-polling&X-Atmosphere-TrackMessageSize=true&Content-Type=charset%3Dutf-8&X-atmo-protocol=true&_=1762913840042 HTTP/1.1" 200 -
58.152.215.195 - - [12/Nov/2025:10:13:55 +0800] "POST /InternetTrading/SessionErrorLogger HTTP/1.1" 200 117
58.152.215.195 - - [12/Nov/2025:10:13:55 +0800] "POST /InternetTrading/Heartbeat HTTP/1.1" 200 32
58.152.215.195 - - [12/Nov/2025:10:13:55 +0800] "POST /InternetTrading/SessionErrorLogger HTTP/1.1" 200 117
58.152.215.195 - - [12/Nov/2025:10:13:55 +0800] "POST /InternetTrading/MarketStatus HTTP/1.1" 200 772
58.152.215.195 - - [12/Nov/2025:10:13:56 +0800] "GET /InternetTrading/longpoll/55136?X-Atmosphere-tracking-id=0&X-Atmosphere-Framework=2.2.3-javascript&X-Atmosphere-Transport=long-polling&X-Atmosphere-TrackMessageSize=true&Content-Type=charset%3Dutf-8&X-atmo-protocol=true&_=1762913841827 HTTP/1.1" 200 -
14.0.169.116 - - [12/Nov/2025:10:13:57 +0800] "GET /InternetTrading/longpoll/A8127?X-Atmosphere-tracking-id=0&X-Atmosphere-Framework=2.2.3-javascript&X-Atmosphere-Transport=long-polling&X-Atmosphere-TrackMessageSize=true&Content-Type=charset%3Dutf-8&X-atmo-protocol=true&_=1762913842052 HTTP/1.1" 200 -
65.181.90.29 - - [12/Nov/2025:10:13:58 +0800] "GET /InternetTrading/longpoll/54338?X-Atmosphere-tracking-id=0&X-Atmosphere-Framework=2.2.3-javascript&X-Atmosphere-Transport=long-polling&X-Atmosphere-TrackMessageSize=true&Content-Type=charset%3Dutf-8&X-atmo-protocol=true&_=1762913845061 HTTP/1.1" 200 -
183.178.37.129 - - [12/Nov/2025:10:13:58 +0800] "GET /InternetTrading/longpoll/56419?X-Atmosphere-tracking-id=0&X-Atmosphere-Framework=2.2.3-javascript&X-Atmosphere-Transport=long-polling&X-Atmosphere-TrackMessageSize=true&Content-Type=charset%3Dutf-8&X-atmo-protocol=true&_=1762913842256 HTTP/1.1" 200 -
58.152.215.195 - - [12/Nov/2025:10:14:01 +0800] "GET /InternetTrading/longpoll/55136?X-Atmosphere-tracking-id=0&X-Atmosphere-Framework=2.2.3-javascript&X-Atmosphere-Transport=long-polling&X-Atmosphere-TrackMessageSize=true&Content-Type=charset%3Dutf-8&X-atmo-protocol=true&_=1762913846860 HTTP/1.1" 200 -
14.0.169.116 - - [12/Nov/2025:10:14:02 +0800] "GET /InternetTrading/longpoll/A8127?X-Atmosphere-tracking-id=0&X-Atmosphere-Framework=2.2.3-javascript&X-Atmosphere-Transport=long-polling&X-Atmosphere-TrackMessageSize=true&Content-Type=charset%3Dutf-8&X-atmo-protocol=true&_=1762913847262 HTTP/1.1" 200 -
65.181.90.29 - - [12/Nov/2025:10:14:03 +0800] "POST /InternetTrading/SessionErrorLogger HTTP/1.1" 200 117
65.181.90.29 - - [12/Nov/2025:10:14:03 +0800] "POST /InternetTrading/Heartbeat HTTP/1.1" 200 32
65.181.90.29 - - [12/Nov/2025:10:14:03 +0800] "GET /InternetTrading/longpoll/54338?X-Atmosphere-tracking-id=0&X-Atmosphere-Framework=2.2.3-javascript&X-Atmosphere-Transport=long-polling&X-Atmosphere-TrackMessageSize=true&Content-Type=charset%3Dutf-8&X-atmo-protocol=true&_=1762913850127 HTTP/1.1" 200 -
183.178.37.129 - - [12/Nov/2025:10:14:03 +0800] "GET /InternetTrading/longpoll/56419?X-Atmosphere-tracking-id=0&X-Atmosphere-Framework=2.2.3-javascript&X-Atmosphere-Transport=long-polling&X-Atmosphere-TrackMessageSize=true&Content-Type=charset%3Dutf-8&X-atmo-protocol=true&_=1762913847296 HTTP/1.1" 200 -
58.152.215.195 - - [12/Nov/2025:10:14:06 +0800] "GET /InternetTrading/longpoll/55136?X-Atmosphere-tracking-id=0&X-Atmosphere-Framework=2.2.3-javascript&X-Atmosphere-Transport=long-polling&X-Atmosphere-TrackMessageSize=true&Content-Type=charset%3Dutf-8&X-atmo-protocol=true&_=1762913851893 HTTP/1.1" 200 -
14.0.169.116 - - [12/Nov/2025:10:14:07 +0800] "GET /InternetTrading/longpoll/A8127?X-Atmosphere-tracking-id=0&X-Atmosphere-Framework=2.2.3-javascript&X-Atmosphere-Transport=long-polling&X-Atmosphere-TrackMessageSize=true&Content-Type=charset%3Dutf-8&X-atmo-protocol=true&_=1762913852533 HTTP/1.1" 200 -
14.0.169.116 - - [12/Nov/2025:10:14:07 +0800] "POST /InternetTrading/SessionErrorLogger HTTP/1.1" 200 117
14.0.169.116 - - [12/Nov/2025:10:14:07 +0800] "POST /InternetTrading/MarketStatus HTTP/1.1" 200 772
65.181.90.29 - - [12/Nov/2025:10:14:08 +0800] "GET /InternetTrading/longpoll/54338?X-Atmosphere-tracking-id=0&X-Atmosphere-Framework=2.2.3-javascript&X-Atmosphere-Transport=long-polling&X-Atmosphere-TrackMessageSize=true&Content-Type=charset%3Dutf-8&X-atmo-protocol=true&_=1762913855146 HTTP/1.1" 200 -
183.178.37.129 - - [12/Nov/2025:10:14:08 +0800] "GET /InternetTrading/longpoll/56419?X-Atmosphere-tracking-id=0&X-Atmosphere-Framework=2.2.3-javascript&X-Atmosphere-Transport=long-polling&X-Atmosphere-TrackMessageSize=true&Content-Type=charset%3Dutf-8&X-atmo-protocol=true&_=1762913852346 HTTP/1.1" 200 -
58.152.215.195 - - [12/Nov/2025:10:14:11 +0800] "GET /InternetTrading/longpoll/55136?X-Atmosphere-tracking-id=0&X-Atmosphere-Framework=2.2.3-javascript&X-Atmosphere-Transport=long-polling&X-Atmosphere-TrackMessageSize=true&Content-Type=charset%3Dutf-8&X-atmo-protocol=true&_=1762913856928 HTTP/1.1" 200 -
14.0.169.116 - - [12/Nov/2025:10:14:12 +0800] "POST /InternetTrading/SessionErrorLogger HTTP/1.1" 200 117
14.0.169.116 - - [12/Nov/2025:10:14:12 +0800] "POST /InternetTrading/Heartbeat HTTP/1.1" 200 32
183.178.37.129 - - [12/Nov/2025:10:14:12 +0800] "POST /InternetTrading/SessionErrorLogger HTTP/1.1" 200 117
183.178.37.129 - - [12/Nov/2025:10:14:12 +0800] "POST /InternetTrading/Heartbeat HTTP/1.1" 200 32
14.0.169.116 - - [12/Nov/2025:10:14:12 +0800] "GET /InternetTrading/longpoll/A8127?X-Atmosphere-tracking-id=0&X-Atmosphere-Framework=2.2.3-javascript&X-Atmosphere-Transport=long-polling&X-Atmosphere-TrackMessageSize=true&Content-Type=charset%3Dutf-8&X-atmo-protocol=true&_=1762913857811 HTTP/1.1" 200 -
65.181.90.29 - - [12/Nov/2025:10:14:13 +0800] "GET /InternetTrading/longpoll/54338?X-Atmosphere-tracking-id=0&X-Atmosphere-Framework=2.2.3-javascript&X-Atmosphere-Transport=long-polling&X-Atmosphere-TrackMessageSize=true&Content-Type=charset%3Dutf-8&X-atmo-protocol=true&_=1762913860182 HTTP/1.1" 200 -
