27.38.155.101 - - [12/Nov/2025:10:10:25 +0800] "GET /InternetTrading/jquery/jquery.validate-1.11.1.js HTTP/1.1" 200 7041
27.38.155.101 - - [12/Nov/2025:10:10:25 +0800] "GET /InternetTrading/jquery/additional-methods.js HTTP/1.1" 200 2238
27.38.155.101 - - [12/Nov/2025:10:10:25 +0800] "GET /InternetTrading/jquery/jquery.mousewheel-3.1.4.js HTTP/1.1" 200 822
27.38.155.101 - - [12/Nov/2025:10:10:25 +0800] "GET /InternetTrading/jquery/jquery.tablesorter-2.14.5.js HTTP/1.1" 200 8901
27.38.155.101 - - [12/Nov/2025:10:10:25 +0800] "GET /InternetTrading/jquery/jquery.tablesorter.widgets-2.14.5.js HTTP/1.1" 200 8611
27.38.155.101 - - [12/Nov/2025:10:10:25 +0800] "GET /InternetTrading/jquery/jquery.combobox.packed.js HTTP/1.1" 200 3387
27.38.155.101 - - [12/Nov/2025:10:10:25 +0800] "GET /InternetTrading/jquery/jquery.timer-0.9.16.js HTTP/1.1" 200 542
27.38.155.101 - - [12/Nov/2025:10:10:25 +0800] "GET /InternetTrading/jquery/jquery.getParams.js HTTP/1.1" 200 587
27.38.155.101 - - [12/Nov/2025:10:10:25 +0800] "GET /InternetTrading/jquery/jquery.selectboxes.pack.js HTTP/1.1" 200 1640
27.38.155.101 - - [12/Nov/2025:10:10:25 +0800] "GET /InternetTrading/jquery/globalize-0.1.0a1.js HTTP/1.1" 200 6984
27.38.155.101 - - [12/Nov/2025:10:10:25 +0800] "GET /InternetTrading/json/json2.js?jsv=20200819161914 HTTP/1.1" 200 1372
27.38.155.101 - - [12/Nov/2025:10:10:25 +0800] "GET /InternetTrading/js/constants.js?jsv=20200819161914 HTTP/1.1" 200 400
27.38.155.101 - - [12/Nov/2025:10:10:25 +0800] "GET /InternetTrading/tc/user/translation.js?jsv=20200819161914 HTTP/1.1" 200 12818
58.152.215.195 - - [12/Nov/2025:10:10:25 +0800] "POST /InternetTrading/SessionErrorLogger HTTP/1.1" 200 117
58.152.215.195 - - [12/Nov/2025:10:10:25 +0800] "POST /InternetTrading/MarketStatus HTTP/1.1" 200 772
27.38.155.101 - - [12/Nov/2025:10:10:25 +0800] "GET /InternetTrading/jquery/jquery.form-3.46.0.js HTTP/1.1" 200 5673
27.38.155.101 - - [12/Nov/2025:10:10:25 +0800] "GET /InternetTrading/jquery/jquery.blockUI-2.66.0.js HTTP/1.1" 200 6651
27.38.155.101 - - [12/Nov/2025:10:10:25 +0800] "GET /InternetTrading/js/util.js?jsv=20200819161914 HTTP/1.1" 200 6636
27.38.155.101 - - [12/Nov/2025:10:10:25 +0800] "GET /InternetTrading/js/rsautil.js?jsv=20200819161914 HTTP/1.1" 200 1017
27.38.155.101 - - [12/Nov/2025:10:10:25 +0800] "GET /InternetTrading/jquery/date.js HTTP/1.1" 200 2807
27.38.155.101 - - [12/Nov/2025:10:10:25 +0800] "GET /InternetTrading/js/main.js?jsv=20200819161914 HTTP/1.1" 200 30725
27.38.155.101 - - [12/Nov/2025:10:10:25 +0800] "GET /InternetTrading/js/corporate.js?jsv=20200819161914 HTTP/1.1" 200 1575
27.38.155.101 - - [12/Nov/2025:10:10:25 +0800] "GET /InternetTrading/tc/user/custom_variables.js?jsv=20200819161914 HTTP/1.1" 200 275
27.38.155.101 - - [12/Nov/2025:10:10:25 +0800] "GET /InternetTrading/js/update_mdf.js?jsv=20200819161914 HTTP/1.1" 200 856
27.38.155.101 - - [12/Nov/2025:10:10:25 +0800] "GET /InternetTrading/js/haitong.js?jsv=20200819161914 HTTP/1.1" 200 3881
27.38.155.101 - - [12/Nov/2025:10:10:25 +0800] "GET /InternetTrading/js/validation_bshare.js?jsv=20200819161914 HTTP/1.1" 200 1567
27.38.155.101 - - [12/Nov/2025:10:10:25 +0800] "GET /InternetTrading/settings/crm_display_settings.js?jsv=20200819161914 HTTP/1.1" 200 1781
27.38.155.101 - - [12/Nov/2025:10:10:25 +0800] "GET /InternetTrading/js/init.js?jsv=20200819161914 HTTP/1.1" 200 886
27.38.155.101 - - [12/Nov/2025:10:10:25 +0800] "GET /InternetTrading/js/cash_transfer.js?jsv=20200819161914 HTTP/1.1" 200 2712
27.38.155.101 - - [12/Nov/2025:10:10:25 +0800] "GET /InternetTrading/js/spread_cache.js?jsv=20200819161914 HTTP/1.1" 200 908
27.38.155.101 - - [12/Nov/2025:10:10:25 +0800] "GET /InternetTrading/js/mm.js?jsv=20200819161914 HTTP/1.1" 200 487
27.38.155.101 - - [12/Nov/2025:10:10:25 +0800] "GET /InternetTrading/js/isec_calculator.js?jsv=20200819161914 HTTP/1.1" 200 1364
27.38.155.101 - - [12/Nov/2025:10:10:25 +0800] "GET /InternetTrading/js/payment_instruction.js?jsv=20200819161914 HTTP/1.1" 200 2178
27.38.155.101 - - [12/Nov/2025:10:10:25 +0800] "GET /InternetTrading/js/validation_hkex.js?jsv=20200819161914 HTTP/1.1" 200 2300
27.38.155.101 - - [12/Nov/2025:10:10:25 +0800] "GET /InternetTrading/js/validation_ashare.js?jsv=20200819161914 HTTP/1.1" 200 2482
27.38.155.101 - - [12/Nov/2025:10:10:25 +0800] "GET /InternetTrading/js/validation_global.js?jsv=20200819161914 HTTP/1.1" 200 1564
27.38.155.101 - - [12/Nov/2025:10:10:25 +0800] "GET /InternetTrading/js/ipo.js?jsv=20200819161914 HTTP/1.1" 200 5726
27.38.155.101 - - [12/Nov/2025:10:10:25 +0800] "GET /InternetTrading/js/payment_instruction_IMOS.js?jsv=20200819161914 HTTP/1.1" 200 6874
27.38.155.101 - - [12/Nov/2025:10:10:25 +0800] "GET /InternetTrading/js/eStatement.js?jsv=20200819161914 HTTP/1.1" 200 562
27.38.155.101 - - [12/Nov/2025:10:10:25 +0800] "GET /InternetTrading/ExchangeList?fmt=js&jsv=20200819161914 HTTP/1.1" 200 146
27.38.155.101 - - [12/Nov/2025:10:10:25 +0800] "GET /InternetTrading/GoodTillDateValidExch?fmt=js&jsv=20200819161914 HTTP/1.1" 200 29
27.38.155.101 - - [12/Nov/2025:10:10:25 +0800] "GET /InternetTrading/js/string_extend.js?jsv=20200819161914 HTTP/1.1" 200 272
27.38.155.101 - - [12/Nov/2025:10:10:25 +0800] "GET /InternetTrading/js/pidcrypt_util.js?jsv=20200819161914 HTTP/1.1" 200 1206
27.38.155.101 - - [12/Nov/2025:10:10:25 +0800] "GET /InternetTrading/js/pidcrypt.js?jsv=20200819161914 HTTP/1.1" 200 982
27.38.155.101 - - [12/Nov/2025:10:10:25 +0800] "GET /InternetTrading/js/aes_cbc.js?jsv=20200819161914 HTTP/1.1" 200 2043
27.38.155.101 - - [12/Nov/2025:10:10:25 +0800] "GET /InternetTrading/js/aes_core.js?jsv=20200819161914 HTTP/1.1" 200 2106
27.38.155.101 - - [12/Nov/2025:10:10:25 +0800] "GET /InternetTrading/js/account.js?jsv=20200819161914 HTTP/1.1" 200 2656
27.38.155.101 - - [12/Nov/2025:10:10:25 +0800] "GET /InternetTrading/js/asn1.js?jsv=20200819161914 HTTP/1.1" 200 3099
27.38.155.101 - - [12/Nov/2025:10:10:25 +0800] "GET /InternetTrading/js/md5.js?jsv=20200819161914 HTTP/1.1" 200 1730
27.38.155.101 - - [12/Nov/2025:10:10:25 +0800] "GET /InternetTrading/js/sha256.js?jsv=20200819161914 HTTP/1.1" 200 1362
27.38.155.101 - - [12/Nov/2025:10:10:25 +0800] "GET /InternetTrading/js/jsbn.js?jsv=20200819161914 HTTP/1.1" 200 6736
27.38.155.101 - - [12/Nov/2025:10:10:25 +0800] "GET /InternetTrading/js/prng4.js?jsv=20200819161914 HTTP/1.1" 200 303
27.38.155.101 - - [12/Nov/2025:10:10:25 +0800] "GET /InternetTrading/js/rng.js?jsv=20200819161914 HTTP/1.1" 200 481
27.38.155.101 - - [12/Nov/2025:10:10:25 +0800] "GET /InternetTrading/js/rsa.js?jsv=20200819161914 HTTP/1.1" 200 1658
27.38.155.101 - - [12/Nov/2025:10:10:25 +0800] "GET /InternetTrading/js/aes.js?jsv=20200819161914 HTTP/1.1" 200 4816
27.38.155.101 - - [12/Nov/2025:10:10:25 +0800] "GET /InternetTrading/js/mode-ecb.js?jsv=20200819161914 HTTP/1.1" 200 199
27.38.155.101 - - [12/Nov/2025:10:10:25 +0800] "GET /InternetTrading/js/utilSpec.js?jsv=20200819161914 HTTP/1.1" 200 27
27.38.155.101 - - [12/Nov/2025:10:10:25 +0800] "GET /InternetTrading/js/update_lastlogin.js?jsv=20200819161914 HTTP/1.1" 200 980
27.38.155.101 - - [12/Nov/2025:10:10:25 +0800] "GET /InternetTrading/js/pw_alert.js?jsv=20200819161914 HTTP/1.1" 200 418
27.38.155.101 - - [12/Nov/2025:10:10:25 +0800] "GET /InternetTrading/js/jquery.jscrollpane.js HTTP/1.1" 404 685
27.38.155.101 - - [12/Nov/2025:10:10:25 +0800] "GET /InternetTrading/js/jquery.cookie.js HTTP/1.1" 200 834
27.38.155.101 - - [12/Nov/2025:10:10:25 +0800] "GET /InternetTrading/js/jquery.mousewheel.js HTTP/1.1" 404 684
27.38.155.101 - - [12/Nov/2025:10:10:25 +0800] "GET /InternetTrading/tc/images/top_menu01.jpg HTTP/1.1" 200 3466
27.38.155.101 - - [12/Nov/2025:10:10:25 +0800] "GET /InternetTrading/tc/images/logo.png HTTP/1.1" 200 7042
27.38.155.101 - - [12/Nov/2025:10:10:25 +0800] "GET /InternetTrading/js/decimal.js HTTP/1.1" 200 13492
27.38.155.101 - - [12/Nov/2025:10:10:25 +0800] "GET /InternetTrading/tc/images/top_menu04.jpg HTTP/1.1" 200 3430
27.38.155.101 - - [12/Nov/2025:10:10:25 +0800] "GET /InternetTrading/images/top_bg2.jpg HTTP/1.1" 200 330
27.38.155.101 - - [12/Nov/2025:10:10:26 +0800] "POST /InternetTrading/PopUpConfig HTTP/1.1" 200 2
27.38.155.101 - - [12/Nov/2025:10:10:26 +0800] "POST /InternetTrading/Heartbeat HTTP/1.1" 200 32
27.38.155.101 - - [12/Nov/2025:10:10:26 +0800] "GET /InternetTrading/tc/dialog.html?1762913629309 HTTP/1.1" 200 3188
27.38.155.101 - - [12/Nov/2025:10:10:26 +0800] "POST /InternetTrading/CustomerInfoLite HTTP/1.1" 200 118
27.38.155.101 - - [12/Nov/2025:10:10:26 +0800] "GET /InternetTrading/tc/images/top_menu04.jpg HTTP/1.1" 200 3430
27.38.155.101 - - [12/Nov/2025:10:10:26 +0800] "GET /InternetTrading/jquery/wait.gif HTTP/1.1" 200 432
27.38.155.101 - - [12/Nov/2025:10:10:26 +0800] "GET /InternetTrading/tc/trade.html HTTP/1.1" 200 2113
27.38.155.101 - - [12/Nov/2025:10:10:26 +0800] "POST /InternetTrading/SpreadPriceCache HTTP/1.1" 200 1947
27.38.155.101 - - [12/Nov/2025:10:10:26 +0800] "GET /InternetTrading/tc/images/top_menu01_o.jpg HTTP/1.1" 200 3339
27.38.155.101 - - [12/Nov/2025:10:10:26 +0800] "POST /InternetTrading/SessionErrorLogger HTTP/1.1" 200 117
27.38.155.101 - - [12/Nov/2025:10:10:26 +0800] "GET /InternetTrading/images/top_bg3.jpg HTTP/1.1" 200 878
27.38.155.101 - - [12/Nov/2025:10:10:26 +0800] "GET /InternetTrading/images/top_bg1.jpg HTTP/1.1" 200 329
27.38.155.101 - - [12/Nov/2025:10:10:26 +0800] "POST /InternetTrading/GetLastLoginDate HTTP/1.1" 200 31
27.38.155.101 - - [12/Nov/2025:10:10:26 +0800] "GET /InternetTrading/tc/images/top_menu_logout.jpg HTTP/1.1" 200 1016
27.38.155.101 - - [12/Nov/2025:10:10:26 +0800] "POST /InternetTrading/SessionErrorLogger HTTP/1.1" 200 117
27.38.155.101 - - [12/Nov/2025:10:10:26 +0800] "GET /InternetTrading/tc/getpopupMsgName.jsp HTTP/1.1" 200 -
27.38.155.101 - - [12/Nov/2025:10:10:26 +0800] "POST /InternetTrading/SessionErrorLogger HTTP/1.1" 200 117
27.38.155.101 - - [12/Nov/2025:10:10:26 +0800] "GET /InternetTrading/tc/buy_ticket.html? HTTP/1.1" 200 1995
27.38.155.101 - - [12/Nov/2025:10:10:26 +0800] "POST /InternetTrading/SessionErrorLogger HTTP/1.1" 200 117
27.38.155.101 - - [12/Nov/2025:10:10:26 +0800] "POST /InternetTrading/MarketStatus HTTP/1.1" 200 772
27.38.155.101 - - [12/Nov/2025:10:10:26 +0800] "POST /InternetTrading/SessionErrorLogger HTTP/1.1" 200 117
27.38.155.101 - - [12/Nov/2025:10:10:26 +0800] "GET /InternetTrading/tc/multi_currency_balance.html HTTP/1.1" 200 295
27.38.155.101 - - [12/Nov/2025:10:10:26 +0800] "GET /InternetTrading/jquery/wait.gif HTTP/1.1" 200 432
27.38.155.101 - - [12/Nov/2025:10:10:26 +0800] "GET /InternetTrading/Home/PostToAA.jsp?hl=tc HTTP/1.1" 200 287
27.38.155.101 - - [12/Nov/2025:10:10:26 +0800] "GET /InternetTrading/tc/images/trade_point01.jpg HTTP/1.1" 200 358
27.38.155.101 - - [12/Nov/2025:10:10:26 +0800] "GET /InternetTrading/jquery/images/ui-icons_222222_256x240.png HTTP/1.1" 200 6922
27.38.155.101 - - [12/Nov/2025:10:10:26 +0800] "GET /InternetTrading/jquery/images/ui-bg_flat_75_ffffff_40x100.png HTTP/1.1" 200 208
27.38.155.101 - - [12/Nov/2025:10:10:26 +0800] "POST /InternetTrading/SessionErrorLogger HTTP/1.1" 200 117
27.38.155.101 - - [12/Nov/2025:10:10:26 +0800] "GET /InternetTrading/tc/applet_dummy.html HTTP/1.1" 200 330
27.38.155.101 - - [12/Nov/2025:10:10:26 +0800] "POST /InternetTrading/SessionErrorLogger HTTP/1.1" 200 117
27.38.155.101 - - [12/Nov/2025:10:10:26 +0800] "POST /InternetTrading/MarketStatus HTTP/1.1" 200 772
27.38.155.101 - - [12/Nov/2025:10:10:26 +0800] "POST /InternetTrading/MarketStatus HTTP/1.1" 200 772
27.38.155.101 - - [12/Nov/2025:10:10:26 +0800] "GET /InternetTrading/tc/images/refresh.gif HTTP/1.1" 200 1145
65.181.90.29 - - [12/Nov/2025:10:10:27 +0800] "GET /InternetTrading/longpoll/54338?X-Atmosphere-tracking-id=0&X-Atmosphere-Framework=2.2.3-javascript&X-Atmosphere-Transport=long-polling&X-Atmosphere-TrackMessageSize=true&Content-Type=charset%3Dutf-8&X-atmo-protocol=true&_=1762913633964 HTTP/1.1" 200 -
27.38.155.101 - - [12/Nov/2025:10:10:28 +0800] "POST /InternetTrading/SessionErrorLogger HTTP/1.1" 200 117
27.38.155.101 - - [12/Nov/2025:10:10:28 +0800] "POST /InternetTrading/SessionErrorLogger HTTP/1.1" 200 117
27.38.155.101 - - [12/Nov/2025:10:10:28 +0800] "POST /InternetTrading/CustomerInfo HTTP/1.1" 200 202
27.38.155.101 - - [12/Nov/2025:10:10:28 +0800] "GET /InternetTrading/tc/account_status.html HTTP/1.1" 200 426
27.38.155.101 - - [12/Nov/2025:10:10:28 +0800] "POST /InternetTrading/SessionErrorLogger HTTP/1.1" 200 117
27.38.155.101 - - [12/Nov/2025:10:10:28 +0800] "POST /InternetTrading/SessionErrorLogger HTTP/1.1" 200 117
27.38.155.101 - - [12/Nov/2025:10:10:28 +0800] "POST /InternetTrading/MarketStatus HTTP/1.1" 200 772
27.38.155.101 - - [12/Nov/2025:10:10:28 +0800] "POST /InternetTrading/SessionErrorLogger HTTP/1.1" 200 117
27.38.155.101 - - [12/Nov/2025:10:10:28 +0800] "POST /InternetTrading/LongPollingConfig HTTP/1.1" 200 4
27.38.155.101 - - [12/Nov/2025:10:10:28 +0800] "POST /InternetTrading/SessionErrorLogger HTTP/1.1" 200 117
27.38.155.101 - - [12/Nov/2025:10:10:28 +0800] "GET /InternetTrading/longpoll/53995?X-Atmosphere-tracking-id=0&X-Atmosphere-Framework=2.2.3-javascript&X-Atmosphere-Transport=long-polling&X-Atmosphere-TrackMessageSize=true&Content-Type=charset%3Dutf-8&X-atmo-protocol=true&_=1762913631977 HTTP/1.1" 200 -
27.38.155.101 - - [12/Nov/2025:10:10:28 +0800] "POST /InternetTrading/Portfolio HTTP/1.1" 200 1783
183.178.37.129 - - [12/Nov/2025:10:10:29 +0800] "GET /InternetTrading/longpoll/56419?X-Atmosphere-tracking-id=0&X-Atmosphere-Framework=2.2.3-javascript&X-Atmosphere-Transport=long-polling&X-Atmosphere-TrackMessageSize=true&Content-Type=charset%3Dutf-8&X-atmo-protocol=true&_=1762913632664 HTTP/1.1" 200 -
14.0.169.116 - - [12/Nov/2025:10:10:29 +0800] "GET /InternetTrading/longpoll/A8127?X-Atmosphere-tracking-id=0&X-Atmosphere-Framework=2.2.3-javascript&X-Atmosphere-Transport=long-polling&X-Atmosphere-TrackMessageSize=true&Content-Type=charset%3Dutf-8&X-atmo-protocol=true&_=1762913633991 HTTP/1.1" 200 -
27.38.155.101 - - [12/Nov/2025:10:10:29 +0800] "GET /InternetTrading/jquery/wait.gif HTTP/1.1" 200 432
58.152.215.195 - - [12/Nov/2025:10:10:29 +0800] "GET /InternetTrading/longpoll/55136?X-Atmosphere-tracking-id=0&X-Atmosphere-Framework=2.2.3-javascript&X-Atmosphere-Transport=long-polling&X-Atmosphere-TrackMessageSize=true&Content-Type=charset%3Dutf-8&X-atmo-protocol=true&_=1762913635421 HTTP/1.1" 200 -
65.181.90.29 - - [12/Nov/2025:10:10:33 +0800] "GET /InternetTrading/longpoll/54338?X-Atmosphere-tracking-id=0&X-Atmosphere-Framework=2.2.3-javascript&X-Atmosphere-Transport=long-polling&X-Atmosphere-TrackMessageSize=true&Content-Type=charset%3Dutf-8&X-atmo-protocol=true&_=1762913639838 HTTP/1.1" 200 -
27.38.155.101 - - [12/Nov/2025:10:10:34 +0800] "GET /InternetTrading/longpoll/53995?X-Atmosphere-tracking-id=0&X-Atmosphere-Framework=2.2.3-javascript&X-Atmosphere-Transport=long-polling&X-Atmosphere-TrackMessageSize=true&Content-Type=charset%3Dutf-8&X-atmo-protocol=true&_=1762913637019 HTTP/1.1" 200 -
183.178.37.129 - - [12/Nov/2025:10:10:34 +0800] "GET /InternetTrading/longpoll/56419?X-Atmosphere-tracking-id=0&X-Atmosphere-Framework=2.2.3-javascript&X-Atmosphere-Transport=long-polling&X-Atmosphere-TrackMessageSize=true&Content-Type=charset%3Dutf-8&X-atmo-protocol=true&_=1762913637717 HTTP/1.1" 200 -
14.0.169.116 - - [12/Nov/2025:10:10:34 +0800] "GET /InternetTrading/longpoll/A8127?X-Atmosphere-tracking-id=0&X-Atmosphere-Framework=2.2.3-javascript&X-Atmosphere-Transport=long-polling&X-Atmosphere-TrackMessageSize=true&Content-Type=charset%3Dutf-8&X-atmo-protocol=true&_=1762913639258 HTTP/1.1" 200 -
58.152.215.195 - - [12/Nov/2025:10:10:34 +0800] "GET /InternetTrading/longpoll/55136?X-Atmosphere-tracking-id=0&X-Atmosphere-Framework=2.2.3-javascript&X-Atmosphere-Transport=long-polling&X-Atmosphere-TrackMessageSize=true&Content-Type=charset%3Dutf-8&X-atmo-protocol=true&_=1762913640444 HTTP/1.1" 200 -
65.181.90.29 - - [12/Nov/2025:10:10:35 +0800] "POST /InternetTrading/SessionErrorLogger HTTP/1.1" 200 117
65.181.90.29 - - [12/Nov/2025:10:10:35 +0800] "POST /InternetTrading/Heartbeat HTTP/1.1" 200 32
27.38.155.101 - - [12/Nov/2025:10:10:35 +0800] "POST /InternetTrading/SessionErrorLogger HTTP/1.1" 200 117
27.38.155.101 - - [12/Nov/2025:10:10:35 +0800] "GET /InternetTrading/tc/sell_ticket.html? HTTP/1.1" 200 2261
27.38.155.101 - - [12/Nov/2025:10:10:35 +0800] "POST /InternetTrading/SessionErrorLogger HTTP/1.1" 200 117
27.38.155.101 - - [12/Nov/2025:10:10:35 +0800] "POST /InternetTrading/MarketStatus HTTP/1.1" 200 772
27.38.155.101 - - [12/Nov/2025:10:10:35 +0800] "POST /InternetTrading/SessionErrorLogger HTTP/1.1" 200 117
27.38.155.101 - - [12/Nov/2025:10:10:35 +0800] "POST /InternetTrading/MarketStatus HTTP/1.1" 200 772
27.38.155.101 - - [12/Nov/2025:10:10:35 +0800] "POST /InternetTrading/SessionErrorLogger HTTP/1.1" 200 117
27.38.155.101 - - [12/Nov/2025:10:10:35 +0800] "POST /InternetTrading/SessionErrorLogger HTTP/1.1" 200 117
27.38.155.101 - - [12/Nov/2025:10:10:35 +0800] "POST /InternetTrading/Product HTTP/1.1" 200 318
27.38.155.101 - - [12/Nov/2025:10:10:36 +0800] "POST /InternetTrading/OrderMaxQuantity HTTP/1.1" 200 8
14.0.169.116 - - [12/Nov/2025:10:10:36 +0800] "POST /InternetTrading/SessionErrorLogger HTTP/1.1" 200 117
14.0.169.116 - - [12/Nov/2025:10:10:36 +0800] "POST /InternetTrading/MarketStatus HTTP/1.1" 200 772
27.38.155.101 - - [12/Nov/2025:10:10:39 +0800] "GET /InternetTrading/longpoll/53995?X-Atmosphere-tracking-id=0&X-Atmosphere-Framework=2.2.3-javascript&X-Atmosphere-Transport=long-polling&X-Atmosphere-TrackMessageSize=true&Content-Type=charset%3Dutf-8&X-atmo-protocol=true&_=1762913642296 HTTP/1.1" 200 -
183.178.37.129 - - [12/Nov/2025:10:10:39 +0800] "GET /InternetTrading/longpoll/56419?X-Atmosphere-tracking-id=0&X-Atmosphere-Framework=2.2.3-javascript&X-Atmosphere-Transport=long-polling&X-Atmosphere-TrackMessageSize=true&Content-Type=charset%3Dutf-8&X-atmo-protocol=true&_=1762913642755 HTTP/1.1" 200 -
14.0.169.116 - - [12/Nov/2025:10:10:39 +0800] "GET /InternetTrading/longpoll/A8127?X-Atmosphere-tracking-id=0&X-Atmosphere-Framework=2.2.3-javascript&X-Atmosphere-Transport=long-polling&X-Atmosphere-TrackMessageSize=true&Content-Type=charset%3Dutf-8&X-atmo-protocol=true&_=1762913644611 HTTP/1.1" 200 -
65.181.90.29 - - [12/Nov/2025:10:10:39 +0800] "GET /InternetTrading/longpoll/54338?X-Atmosphere-tracking-id=0&X-Atmosphere-Framework=2.2.3-javascript&X-Atmosphere-Transport=long-polling&X-Atmosphere-TrackMessageSize=true&Content-Type=charset%3Dutf-8&X-atmo-protocol=true&_=1762913645839 HTTP/1.1" 200 -
58.152.215.195 - - [12/Nov/2025:10:10:39 +0800] "GET /InternetTrading/longpoll/55136?X-Atmosphere-tracking-id=0&X-Atmosphere-Framework=2.2.3-javascript&X-Atmosphere-Transport=long-polling&X-Atmosphere-TrackMessageSize=true&Content-Type=charset%3Dutf-8&X-atmo-protocol=true&_=1762913645486 HTTP/1.1" 200 -
14.0.169.116 - - [12/Nov/2025:10:10:41 +0800] "POST /InternetTrading/SessionErrorLogger HTTP/1.1" 200 117
14.0.169.116 - - [12/Nov/2025:10:10:41 +0800] "POST /InternetTrading/Heartbeat HTTP/1.1" 200 32
183.178.37.129 - - [12/Nov/2025:10:10:42 +0800] "POST /InternetTrading/SessionErrorLogger HTTP/1.1" 200 117
183.178.37.129 - - [12/Nov/2025:10:10:42 +0800] "POST /InternetTrading/Heartbeat HTTP/1.1" 200 32
65.181.90.29 - - [12/Nov/2025:10:10:42 +0800] "POST /InternetTrading/SessionErrorLogger HTTP/1.1" 200 117
65.181.90.29 - - [12/Nov/2025:10:10:42 +0800] "POST /InternetTrading/MarketStatus HTTP/1.1" 200 772
27.38.155.101 - - [12/Nov/2025:10:10:43 +0800] "GET /InternetTrading/jquery/images/ui-icons_888888_256x240.png HTTP/1.1" 200 6999
27.38.155.101 - - [12/Nov/2025:10:10:44 +0800] "GET /InternetTrading/longpoll/53995?X-Atmosphere-tracking-id=0&X-Atmosphere-Framework=2.2.3-javascript&X-Atmosphere-Transport=long-polling&X-Atmosphere-TrackMessageSize=true&Content-Type=charset%3Dutf-8&X-atmo-protocol=true&_=1762913647330 HTTP/1.1" 200 -
183.178.37.129 - - [12/Nov/2025:10:10:44 +0800] "GET /InternetTrading/longpoll/56419?X-Atmosphere-tracking-id=0&X-Atmosphere-Framework=2.2.3-javascript&X-Atmosphere-Transport=long-polling&X-Atmosphere-TrackMessageSize=true&Content-Type=charset%3Dutf-8&X-atmo-protocol=true&_=1762913647795 HTTP/1.1" 200 -
14.0.169.116 - - [12/Nov/2025:10:10:44 +0800] "GET /InternetTrading/longpoll/A8127?X-Atmosphere-tracking-id=0&X-Atmosphere-Framework=2.2.3-javascript&X-Atmosphere-Transport=long-polling&X-Atmosphere-TrackMessageSize=true&Content-Type=charset%3Dutf-8&X-atmo-protocol=true&_=1762913649666 HTTP/1.1" 200 -
58.152.215.195 - - [12/Nov/2025:10:10:44 +0800] "GET /InternetTrading/longpoll/55136?X-Atmosphere-tracking-id=0&X-Atmosphere-Framework=2.2.3-javascript&X-Atmosphere-Transport=long-polling&X-Atmosphere-TrackMessageSize=true&Content-Type=charset%3Dutf-8&X-atmo-protocol=true&_=1762913650525 HTTP/1.1" 200 -
183.178.37.129 - - [12/Nov/2025:10:10:45 +0800] "POST /InternetTrading/SessionErrorLogger HTTP/1.1" 200 117
183.178.37.129 - - [12/Nov/2025:10:10:45 +0800] "POST /InternetTrading/MarketStatus HTTP/1.1" 200 772
65.181.90.29 - - [12/Nov/2025:10:10:45 +0800] "GET /InternetTrading/longpoll/54338?X-Atmosphere-tracking-id=0&X-Atmosphere-Framework=2.2.3-javascript&X-Atmosphere-Transport=long-polling&X-Atmosphere-TrackMessageSize=true&Content-Type=charset%3Dutf-8&X-atmo-protocol=true&_=1762913651842 HTTP/1.1" 200 -
27.38.155.101 - - [12/Nov/2025:10:10:49 +0800] "GET /InternetTrading/longpoll/53995?X-Atmosphere-tracking-id=0&X-Atmosphere-Framework=2.2.3-javascript&X-Atmosphere-Transport=long-polling&X-Atmosphere-TrackMessageSize=true&Content-Type=charset%3Dutf-8&X-atmo-protocol=true&_=1762913652366 HTTP/1.1" 200 -
183.178.37.129 - - [12/Nov/2025:10:10:49 +0800] "GET /InternetTrading/longpoll/56419?X-Atmosphere-tracking-id=0&X-Atmosphere-Framework=2.2.3-javascript&X-Atmosphere-Transport=long-polling&X-Atmosphere-TrackMessageSize=true&Content-Type=charset%3Dutf-8&X-atmo-protocol=true&_=1762913652817 HTTP/1.1" 200 -
14.0.169.116 - - [12/Nov/2025:10:10:49 +0800] "GET /InternetTrading/longpoll/A8127?X-Atmosphere-tracking-id=0&X-Atmosphere-Framework=2.2.3-javascript&X-Atmosphere-Transport=long-polling&X-Atmosphere-TrackMessageSize=true&Content-Type=charset%3Dutf-8&X-atmo-protocol=true&_=1762913654776 HTTP/1.1" 200 -
58.152.215.195 - - [12/Nov/2025:10:10:49 +0800] "GET /InternetTrading/longpoll/55136?X-Atmosphere-tracking-id=0&X-Atmosphere-Framework=2.2.3-javascript&X-Atmosphere-Transport=long-polling&X-Atmosphere-TrackMessageSize=true&Content-Type=charset%3Dutf-8&X-atmo-protocol=true&_=1762913655575 HTTP/1.1" 200 -
27.38.155.101 - - [12/Nov/2025:10:10:51 +0800] "POST /InternetTrading/SessionErrorLogger HTTP/1.1" 200 117
27.38.155.101 - - [12/Nov/2025:10:10:51 +0800] "POST /InternetTrading/LoginKey HTTP/1.1" 200 -
65.181.90.29 - - [12/Nov/2025:10:10:51 +0800] "GET /InternetTrading/longpoll/54338?X-Atmosphere-tracking-id=0&X-Atmosphere-Framework=2.2.3-javascript&X-Atmosphere-Transport=long-polling&X-Atmosphere-TrackMessageSize=true&Content-Type=charset%3Dutf-8&X-atmo-protocol=true&_=1762913657840 HTTP/1.1" 200 -
27.38.155.101 - - [12/Nov/2025:10:10:51 +0800] "POST /InternetTrading/PreOrder HTTP/1.1" 200 1243
27.38.155.101 - - [12/Nov/2025:10:10:51 +0800] "GET /InternetTrading/jquery/wait.gif HTTP/1.1" 200 432
27.38.155.101 - - [12/Nov/2025:10:10:52 +0800] "POST /InternetTrading/SessionErrorLogger HTTP/1.1" 200 117
27.38.155.101 - - [12/Nov/2025:10:10:52 +0800] "GET /InternetTrading/Csrf?url=/Order HTTP/1.1" 200 126
27.38.155.101 - - [12/Nov/2025:10:10:52 +0800] "POST /InternetTrading/SessionErrorLogger HTTP/1.1" 200 117
27.38.155.101 - - [12/Nov/2025:10:10:53 +0800] "POST /InternetTrading/LoginKey HTTP/1.1" 200 -
27.38.155.101 - - [12/Nov/2025:10:10:53 +0800] "POST /InternetTrading/SessionErrorLogger HTTP/1.1" 200 117
27.38.155.101 - - [12/Nov/2025:10:10:53 +0800] "POST /InternetTrading/Order?csrf_nonce=C889794D272B5D70F45B50F03E68D516 HTTP/1.1" 200 1018
27.38.155.101 - - [12/Nov/2025:10:10:53 +0800] "POST /InternetTrading/SessionErrorLogger HTTP/1.1" 200 117
27.38.155.101 - - [12/Nov/2025:10:10:53 +0800] "GET /InternetTrading/tc/sell_ticket.html? HTTP/1.1" 200 2261
27.38.155.101 - - [12/Nov/2025:10:10:53 +0800] "POST /InternetTrading/SessionErrorLogger HTTP/1.1" 200 117
27.38.155.101 - - [12/Nov/2025:10:10:53 +0800] "POST /InternetTrading/SessionErrorLogger HTTP/1.1" 200 117
27.38.155.101 - - [12/Nov/2025:10:10:53 +0800] "POST /InternetTrading/MarketStatus HTTP/1.1" 200 772
27.38.155.101 - - [12/Nov/2025:10:10:53 +0800] "POST /InternetTrading/MarketStatus HTTP/1.1" 200 772
27.38.155.101 - - [12/Nov/2025:10:10:54 +0800] "GET /InternetTrading/longpoll/53995?X-Atmosphere-tracking-id=0&X-Atmosphere-Framework=2.2.3-javascript&X-Atmosphere-Transport=long-polling&X-Atmosphere-TrackMessageSize=true&Content-Type=charset%3Dutf-8&X-atmo-protocol=true&_=1762913657430 HTTP/1.1" 200 -
183.178.37.129 - - [12/Nov/2025:10:10:54 +0800] "GET /InternetTrading/longpoll/56419?X-Atmosphere-tracking-id=0&X-Atmosphere-Framework=2.2.3-javascript&X-Atmosphere-Transport=long-polling&X-Atmosphere-TrackMessageSize=true&Content-Type=charset%3Dutf-8&X-atmo-protocol=true&_=1762913657834 HTTP/1.1" 200 -
58.152.215.195 - - [12/Nov/2025:10:10:54 +0800] "GET /InternetTrading/longpoll/55136?X-Atmosphere-tracking-id=0&X-Atmosphere-Framework=2.2.3-javascript&X-Atmosphere-Transport=long-polling&X-Atmosphere-TrackMessageSize=true&Content-Type=charset%3Dutf-8&X-atmo-protocol=true&_=1762913660610 HTTP/1.1" 200 -
27.38.155.101 - - [12/Nov/2025:10:10:55 +0800] "GET /InternetTrading/jquery/wait.gif HTTP/1.1" 200 432
27.38.155.101 - - [12/Nov/2025:10:10:55 +0800] "POST /InternetTrading/SessionErrorLogger HTTP/1.1" 200 117
58.152.215.195 - - [12/Nov/2025:10:10:55 +0800] "POST /InternetTrading/SessionErrorLogger HTTP/1.1" 200 117
58.152.215.195 - - [12/Nov/2025:10:10:55 +0800] "POST /InternetTrading/Heartbeat HTTP/1.1" 200 32
14.0.169.116 - - [12/Nov/2025:10:10:55 +0800] "GET /InternetTrading/longpoll/A8127?X-Atmosphere-tracking-id=0&X-Atmosphere-Framework=2.2.3-javascript&X-Atmosphere-Transport=long-polling&X-Atmosphere-TrackMessageSize=true&Content-Type=charset%3Dutf-8&X-atmo-protocol=true&_=1762913660065 HTTP/1.1" 200 -
58.152.215.195 - - [12/Nov/2025:10:10:55 +0800] "POST /InternetTrading/SessionErrorLogger HTTP/1.1" 200 117
58.152.215.195 - - [12/Nov/2025:10:10:55 +0800] "POST /InternetTrading/MarketStatus HTTP/1.1" 200 772
27.38.155.101 - - [12/Nov/2025:10:10:55 +0800] "POST /InternetTrading/Orderbook HTTP/1.1" 200 1175
27.38.155.101 - - [12/Nov/2025:10:10:56 +0800] "POST /InternetTrading/SessionErrorLogger HTTP/1.1" 200 117
27.38.155.101 - - [12/Nov/2025:10:10:56 +0800] "POST /InternetTrading/Heartbeat HTTP/1.1" 200 32
27.38.155.101 - - [12/Nov/2025:10:10:57 +0800] "GET /InternetTrading/jquery/wait.gif HTTP/1.1" 200 432
27.38.155.101 - - [12/Nov/2025:10:10:57 +0800] "POST /InternetTrading/SessionErrorLogger HTTP/1.1" 200 117
27.38.155.101 - - [12/Nov/2025:10:10:57 +0800] "POST /InternetTrading/Portfolio HTTP/1.1" 200 1793
65.181.90.29 - - [12/Nov/2025:10:10:57 +0800] "GET /InternetTrading/longpoll/54338?X-Atmosphere-tracking-id=0&X-Atmosphere-Framework=2.2.3-javascript&X-Atmosphere-Transport=long-polling&X-Atmosphere-TrackMessageSize=true&Content-Type=charset%3Dutf-8&X-atmo-protocol=true&_=1762913663841 HTTP/1.1" 200 -
27.38.155.101 - - [12/Nov/2025:10:10:58 +0800] "POST /InternetTrading/SessionErrorLogger HTTP/1.1" 200 117
27.38.155.101 - - [12/Nov/2025:10:10:58 +0800] "GET /InternetTrading/tc/sell_ticket.html? HTTP/1.1" 200 2261
27.38.155.101 - - [12/Nov/2025:10:10:58 +0800] "POST /InternetTrading/SessionErrorLogger HTTP/1.1" 200 117
27.38.155.101 - - [12/Nov/2025:10:10:58 +0800] "POST /InternetTrading/SessionErrorLogger HTTP/1.1" 200 117
27.38.155.101 - - [12/Nov/2025:10:10:58 +0800] "POST /InternetTrading/MarketStatus HTTP/1.1" 200 772
27.38.155.101 - - [12/Nov/2025:10:10:58 +0800] "POST /InternetTrading/MarketStatus HTTP/1.1" 200 772
27.38.155.101 - - [12/Nov/2025:10:10:58 +0800] "POST /InternetTrading/SessionErrorLogger HTTP/1.1" 200 117
27.38.155.101 - - [12/Nov/2025:10:10:58 +0800] "POST /InternetTrading/Product HTTP/1.1" 200 318
27.38.155.101 - - [12/Nov/2025:10:10:59 +0800] "POST /InternetTrading/SessionErrorLogger HTTP/1.1" 200 117
27.38.155.101 - - [12/Nov/2025:10:10:59 +0800] "POST /InternetTrading/OrderMaxQuantity HTTP/1.1" 200 8
183.178.37.129 - - [12/Nov/2025:10:10:59 +0800] "GET /InternetTrading/longpoll/56419?X-Atmosphere-tracking-id=0&X-Atmosphere-Framework=2.2.3-javascript&X-Atmosphere-Transport=long-polling&X-Atmosphere-TrackMessageSize=true&Content-Type=charset%3Dutf-8&X-atmo-protocol=true&_=1762913662851 HTTP/1.1" 200 -
27.38.155.101 - - [12/Nov/2025:10:10:59 +0800] "GET /InternetTrading/longpoll/53995?X-Atmosphere-tracking-id=0&X-Atmosphere-Framework=2.2.3-javascript&X-Atmosphere-Transport=long-polling&X-Atmosphere-TrackMessageSize=true&Content-Type=charset%3Dutf-8&X-atmo-protocol=true&_=1762913662456 HTTP/1.1" 200 -
58.152.215.195 - - [12/Nov/2025:10:10:59 +0800] "GET /InternetTrading/longpoll/55136?X-Atmosphere-tracking-id=0&X-Atmosphere-Framework=2.2.3-javascript&X-Atmosphere-Transport=long-polling&X-Atmosphere-TrackMessageSize=true&Content-Type=charset%3Dutf-8&X-atmo-protocol=true&_=1762913665633 HTTP/1.1" 200 -
14.0.169.116 - - [12/Nov/2025:10:11:00 +0800] "GET /InternetTrading/longpoll/A8127?X-Atmosphere-tracking-id=0&X-Atmosphere-Framework=2.2.3-javascript&X-Atmosphere-Transport=long-polling&X-Atmosphere-TrackMessageSize=true&Content-Type=charset%3Dutf-8&X-atmo-protocol=true&_=1762913665416 HTTP/1.1" 200 -
65.181.90.29 - - [12/Nov/2025:10:11:03 +0800] "GET /InternetTrading/longpoll/54338?X-Atmosphere-tracking-id=0&X-Atmosphere-Framework=2.2.3-javascript&X-Atmosphere-Transport=long-polling&X-Atmosphere-TrackMessageSize=true&Content-Type=charset%3Dutf-8&X-atmo-protocol=true&_=1762913669834 HTTP/1.1" 200 -
183.178.37.129 - - [12/Nov/2025:10:11:04 +0800] "GET /InternetTrading/longpoll/56419?X-Atmosphere-tracking-id=0&X-Atmosphere-Framework=2.2.3-javascript&X-Atmosphere-Transport=long-polling&X-Atmosphere-TrackMessageSize=true&Content-Type=charset%3Dutf-8&X-atmo-protocol=true&_=1762913667868 HTTP/1.1" 200 -
27.38.155.101 - - [12/Nov/2025:10:11:04 +0800] "GET /InternetTrading/longpoll/53995?X-Atmosphere-tracking-id=0&X-Atmosphere-Framework=2.2.3-javascript&X-Atmosphere-Transport=long-polling&X-Atmosphere-TrackMessageSize=true&Content-Type=charset%3Dutf-8&X-atmo-protocol=true&_=1762913667496 HTTP/1.1" 200 -
58.152.215.195 - - [12/Nov/2025:10:11:04 +0800] "GET /InternetTrading/longpoll/55136?X-Atmosphere-tracking-id=0&X-Atmosphere-Framework=2.2.3-javascript&X-Atmosphere-Transport=long-polling&X-Atmosphere-TrackMessageSize=true&Content-Type=charset%3Dutf-8&X-atmo-protocol=true&_=1762913670656 HTTP/1.1" 200 -
14.0.169.116 - - [12/Nov/2025:10:11:05 +0800] "GET /InternetTrading/longpoll/A8127?X-Atmosphere-tracking-id=0&X-Atmosphere-Framework=2.2.3-javascript&X-Atmosphere-Transport=long-polling&X-Atmosphere-TrackMessageSize=true&Content-Type=charset%3Dutf-8&X-atmo-protocol=true&_=1762913670644 HTTP/1.1" 200 -
27.38.155.101 - - [12/Nov/2025:10:11:06 +0800] "POST /InternetTrading/SessionErrorLogger HTTP/1.1" 200 117
27.38.155.101 - - [12/Nov/2025:10:11:06 +0800] "POST /InternetTrading/LoginKey HTTP/1.1" 200 -
27.38.155.101 - - [12/Nov/2025:10:11:06 +0800] "POST /InternetTrading/PreOrder HTTP/1.1" 200 1235
27.38.155.101 - - [12/Nov/2025:10:11:06 +0800] "GET /InternetTrading/jquery/wait.gif HTTP/1.1" 200 432
65.181.90.29 - - [12/Nov/2025:10:11:06 +0800] "POST /InternetTrading/SessionErrorLogger HTTP/1.1" 200 117
65.181.90.29 - - [12/Nov/2025:10:11:06 +0800] "POST /InternetTrading/Heartbeat HTTP/1.1" 200 32
14.0.169.116 - - [12/Nov/2025:10:11:06 +0800] "POST /InternetTrading/SessionErrorLogger HTTP/1.1" 200 117
14.0.169.116 - - [12/Nov/2025:10:11:06 +0800] "POST /InternetTrading/MarketStatus HTTP/1.1" 200 772
27.38.155.101 - - [12/Nov/2025:10:11:07 +0800] "POST /InternetTrading/SessionErrorLogger HTTP/1.1" 200 117
27.38.155.101 - - [12/Nov/2025:10:11:07 +0800] "GET /InternetTrading/Csrf?url=/Order HTTP/1.1" 200 126
27.38.155.101 - - [12/Nov/2025:10:11:07 +0800] "POST /InternetTrading/SessionErrorLogger HTTP/1.1" 200 117
27.38.155.101 - - [12/Nov/2025:10:11:07 +0800] "POST /InternetTrading/LoginKey HTTP/1.1" 200 -
27.38.155.101 - - [12/Nov/2025:10:11:07 +0800] "POST /InternetTrading/SessionErrorLogger HTTP/1.1" 200 117
27.38.155.101 - - [12/Nov/2025:10:11:07 +0800] "POST /InternetTrading/Order?csrf_nonce=C889794D272B5D70F45B50F03E68D516 HTTP/1.1" 200 1016
27.38.155.101 - - [12/Nov/2025:10:11:07 +0800] "POST /InternetTrading/SessionErrorLogger HTTP/1.1" 200 117
27.38.155.101 - - [12/Nov/2025:10:11:07 +0800] "GET /InternetTrading/tc/sell_ticket.html? HTTP/1.1" 200 2261
27.38.155.101 - - [12/Nov/2025:10:11:07 +0800] "POST /InternetTrading/SessionErrorLogger HTTP/1.1" 200 117
27.38.155.101 - - [12/Nov/2025:10:11:07 +0800] "POST /InternetTrading/SessionErrorLogger HTTP/1.1" 200 117
27.38.155.101 - - [12/Nov/2025:10:11:07 +0800] "POST /InternetTrading/MarketStatus HTTP/1.1" 200 772
27.38.155.101 - - [12/Nov/2025:10:11:08 +0800] "POST /InternetTrading/MarketStatus HTTP/1.1" 200 772
183.178.37.129 - - [12/Nov/2025:10:11:09 +0800] "GET /InternetTrading/longpoll/56419?X-Atmosphere-tracking-id=0&X-Atmosphere-Framework=2.2.3-javascript&X-Atmosphere-Transport=long-polling&X-Atmosphere-TrackMessageSize=true&Content-Type=charset%3Dutf-8&X-atmo-protocol=true&_=1762913672886 HTTP/1.1" 200 -
27.38.155.101 - - [12/Nov/2025:10:11:09 +0800] "GET /InternetTrading/longpoll/53995?X-Atmosphere-tracking-id=0&X-Atmosphere-Framework=2.2.3-javascript&X-Atmosphere-Transport=long-polling&X-Atmosphere-TrackMessageSize=true&Content-Type=charset%3Dutf-8&X-atmo-protocol=true&_=1762913672596 HTTP/1.1" 200 -
65.181.90.29 - - [12/Nov/2025:10:11:09 +0800] "GET /InternetTrading/longpoll/54338?X-Atmosphere-tracking-id=0&X-Atmosphere-Framework=2.2.3-javascript&X-Atmosphere-Transport=long-polling&X-Atmosphere-TrackMessageSize=true&Content-Type=charset%3Dutf-8&X-atmo-protocol=true&_=1762913675834 HTTP/1.1" 200 -
27.38.155.101 - - [12/Nov/2025:10:11:09 +0800] "GET /InternetTrading/jquery/wait.gif HTTP/1.1" 200 432
27.38.155.101 - - [12/Nov/2025:10:11:09 +0800] "POST /InternetTrading/SessionErrorLogger HTTP/1.1" 200 117
27.38.155.101 - - [12/Nov/2025:10:11:09 +0800] "POST /InternetTrading/Orderbook HTTP/1.1" 200 1281
58.152.215.195 - - [12/Nov/2025:10:11:10 +0800] "GET /InternetTrading/longpoll/55136?X-Atmosphere-tracking-id=0&X-Atmosphere-Framework=2.2.3-javascript&X-Atmosphere-Transport=long-polling&X-Atmosphere-TrackMessageSize=true&Content-Type=charset%3Dutf-8&X-atmo-protocol=true&_=1762913675688 HTTP/1.1" 200 -
14.0.169.116 - - [12/Nov/2025:10:11:10 +0800] "GET /InternetTrading/longpoll/A8127?X-Atmosphere-tracking-id=0&X-Atmosphere-Framework=2.2.3-javascript&X-Atmosphere-Transport=long-polling&X-Atmosphere-TrackMessageSize=true&Content-Type=charset%3Dutf-8&X-atmo-protocol=true&_=1762913675887 HTTP/1.1" 200 -
14.0.169.116 - - [12/Nov/2025:10:11:11 +0800] "POST /InternetTrading/SessionErrorLogger HTTP/1.1" 200 117
14.0.169.116 - - [12/Nov/2025:10:11:11 +0800] "POST /InternetTrading/Heartbeat HTTP/1.1" 200 32
27.38.155.101 - - [12/Nov/2025:10:11:12 +0800] "GET /InternetTrading/jquery/wait.gif HTTP/1.1" 200 432
27.38.155.101 - - [12/Nov/2025:10:11:12 +0800] "POST /InternetTrading/SessionErrorLogger HTTP/1.1" 200 117
27.38.155.101 - - [12/Nov/2025:10:11:12 +0800] "POST /InternetTrading/Portfolio HTTP/1.1" 200 1790
183.178.37.129 - - [12/Nov/2025:10:11:12 +0800] "POST /InternetTrading/SessionErrorLogger HTTP/1.1" 200 117
183.178.37.129 - - [12/Nov/2025:10:11:12 +0800] "POST /InternetTrading/Heartbeat HTTP/1.1" 200 32
65.181.90.29 - - [12/Nov/2025:10:11:13 +0800] "POST /InternetTrading/SessionErrorLogger HTTP/1.1" 200 117
65.181.90.29 - - [12/Nov/2025:10:11:13 +0800] "POST /InternetTrading/MarketStatus HTTP/1.1" 200 772
183.178.37.129 - - [12/Nov/2025:10:11:14 +0800] "GET /InternetTrading/longpoll/56419?X-Atmosphere-tracking-id=0&X-Atmosphere-Framework=2.2.3-javascript&X-Atmosphere-Transport=long-polling&X-Atmosphere-TrackMessageSize=true&Content-Type=charset%3Dutf-8&X-atmo-protocol=true&_=1762913677902 HTTP/1.1" 200 -
27.38.155.101 - - [12/Nov/2025:10:11:14 +0800] "GET /InternetTrading/longpoll/53995?X-Atmosphere-tracking-id=0&X-Atmosphere-Framework=2.2.3-javascript&X-Atmosphere-Transport=long-polling&X-Atmosphere-TrackMessageSize=true&Content-Type=charset%3Dutf-8&X-atmo-protocol=true&_=1762913677759 HTTP/1.1" 200 -
58.152.215.195 - - [12/Nov/2025:10:11:15 +0800] "GET /InternetTrading/longpoll/55136?X-Atmosphere-tracking-id=0&X-Atmosphere-Framework=2.2.3-javascript&X-Atmosphere-Transport=long-polling&X-Atmosphere-TrackMessageSize=true&Content-Type=charset%3Dutf-8&X-atmo-protocol=true&_=1762913680732 HTTP/1.1" 200 -
183.178.37.129 - - [12/Nov/2025:10:11:15 +0800] "POST /InternetTrading/SessionErrorLogger HTTP/1.1" 200 117
183.178.37.129 - - [12/Nov/2025:10:11:15 +0800] "POST /InternetTrading/MarketStatus HTTP/1.1" 200 772
65.181.90.29 - - [12/Nov/2025:10:11:15 +0800] "GET /InternetTrading/longpoll/54338?X-Atmosphere-tracking-id=0&X-Atmosphere-Framework=2.2.3-javascript&X-Atmosphere-Transport=long-polling&X-Atmosphere-TrackMessageSize=true&Content-Type=charset%3Dutf-8&X-atmo-protocol=true&_=1762913681834 HTTP/1.1" 200 -
14.0.169.116 - - [12/Nov/2025:10:11:15 +0800] "GET /InternetTrading/longpoll/A8127?X-Atmosphere-tracking-id=0&X-Atmosphere-Framework=2.2.3-javascript&X-Atmosphere-Transport=long-polling&X-Atmosphere-TrackMessageSize=true&Content-Type=charset%3Dutf-8&X-atmo-protocol=true&_=1762913681032 HTTP/1.1" 200 -
183.178.37.129 - - [12/Nov/2025:10:11:19 +0800] "GET /InternetTrading/longpoll/56419?X-Atmosphere-tracking-id=0&X-Atmosphere-Framework=2.2.3-javascript&X-Atmosphere-Transport=long-polling&X-Atmosphere-TrackMessageSize=true&Content-Type=charset%3Dutf-8&X-atmo-protocol=true&_=1762913682923 HTTP/1.1" 200 -
58.152.215.195 - - [12/Nov/2025:10:11:20 +0800] "GET /InternetTrading/longpoll/55136?X-Atmosphere-tracking-id=0&X-Atmosphere-Framework=2.2.3-javascript&X-Atmosphere-Transport=long-polling&X-Atmosphere-TrackMessageSize=true&Content-Type=charset%3Dutf-8&X-atmo-protocol=true&_=1762913685772 HTTP/1.1" 200 -
27.38.155.101 - - [12/Nov/2025:10:11:20 +0800] "GET /InternetTrading/longpoll/53995?X-Atmosphere-tracking-id=0&X-Atmosphere-Framework=2.2.3-javascript&X-Atmosphere-Transport=long-polling&X-Atmosphere-TrackMessageSize=true&Content-Type=charset%3Dutf-8&X-atmo-protocol=true&_=1762913683763 HTTP/1.1" 200 -
14.0.169.116 - - [12/Nov/2025:10:11:21 +0800] "GET /InternetTrading/longpoll/A8127?X-Atmosphere-tracking-id=0&X-Atmosphere-Framework=2.2.3-javascript&X-Atmosphere-Transport=long-polling&X-Atmosphere-TrackMessageSize=true&Content-Type=charset%3Dutf-8&X-atmo-protocol=true&_=1762913686140 HTTP/1.1" 200 -
65.181.90.29 - - [12/Nov/2025:10:11:21 +0800] "GET /InternetTrading/longpoll/54338?X-Atmosphere-tracking-id=0&X-Atmosphere-Framework=2.2.3-javascript&X-Atmosphere-Transport=long-polling&X-Atmosphere-TrackMessageSize=true&Content-Type=charset%3Dutf-8&X-atmo-protocol=true&_=1762913687837 HTTP/1.1" 200 -
183.178.37.129 - - [12/Nov/2025:10:11:24 +0800] "GET /InternetTrading/longpoll/56419?X-Atmosphere-tracking-id=0&X-Atmosphere-Framework=2.2.3-javascript&X-Atmosphere-Transport=long-polling&X-Atmosphere-TrackMessageSize=true&Content-Type=charset%3Dutf-8&X-atmo-protocol=true&_=1762913687938 HTTP/1.1" 200 -
58.152.215.195 - - [12/Nov/2025:10:11:25 +0800] "GET /InternetTrading/longpoll/55136?X-Atmosphere-tracking-id=0&X-Atmosphere-Framework=2.2.3-javascript&X-Atmosphere-Transport=long-polling&X-Atmosphere-TrackMessageSize=true&Content-Type=charset%3Dutf-8&X-atmo-protocol=true&_=1762913690815 HTTP/1.1" 200 -
58.152.215.195 - - [12/Nov/2025:10:11:25 +0800] "POST /InternetTrading/SessionErrorLogger HTTP/1.1" 200 117
58.152.215.195 - - [12/Nov/2025:10:11:25 +0800] "POST /InternetTrading/Heartbeat HTTP/1.1" 200 32
58.152.215.195 - - [12/Nov/2025:10:11:25 +0800] "POST /InternetTrading/SessionErrorLogger HTTP/1.1" 200 117
58.152.215.195 - - [12/Nov/2025:10:11:25 +0800] "POST /InternetTrading/MarketStatus HTTP/1.1" 200 772
14.0.169.116 - - [12/Nov/2025:10:11:26 +0800] "GET /InternetTrading/longpoll/A8127?X-Atmosphere-tracking-id=0&X-Atmosphere-Framework=2.2.3-javascript&X-Atmosphere-Transport=long-polling&X-Atmosphere-TrackMessageSize=true&Content-Type=charset%3Dutf-8&X-atmo-protocol=true&_=1762913691344 HTTP/1.1" 200 -
27.38.155.101 - - [12/Nov/2025:10:11:26 +0800] "GET /InternetTrading/longpoll/53995?X-Atmosphere-tracking-id=0&X-Atmosphere-Framework=2.2.3-javascript&X-Atmosphere-Transport=long-polling&X-Atmosphere-TrackMessageSize=true&Content-Type=charset%3Dutf-8&X-atmo-protocol=true&_=1762913689762 HTTP/1.1" 200 -
27.38.155.101 - - [12/Nov/2025:10:11:26 +0800] "POST /InternetTrading/SessionErrorLogger HTTP/1.1" 200 117
27.38.155.101 - - [12/Nov/2025:10:11:26 +0800] "POST /InternetTrading/Heartbeat HTTP/1.1" 200 32
65.181.90.29 - - [12/Nov/2025:10:11:27 +0800] "GET /InternetTrading/longpoll/54338?X-Atmosphere-tracking-id=0&X-Atmosphere-Framework=2.2.3-javascript&X-Atmosphere-Transport=long-polling&X-Atmosphere-TrackMessageSize=true&Content-Type=charset%3Dutf-8&X-atmo-protocol=true&_=1762913693836 HTTP/1.1" 200 -
183.178.37.129 - - [12/Nov/2025:10:11:28 +0800] "POST /InternetTrading/SessionErrorLogger HTTP/1.1" 200 117
183.178.37.129 - - [12/Nov/2025:10:11:28 +0800] "GET /InternetTrading/jquery/wait.gif HTTP/1.1" 200 432
183.178.37.129 - - [12/Nov/2025:10:11:28 +0800] "POST /InternetTrading/OrderHistory HTTP/1.1" 200 974
183.178.37.129 - - [12/Nov/2025:10:11:29 +0800] "GET /InternetTrading/jquery/images/ui-bg_glass_75_e6e6e6_1x400.png HTTP/1.1" 200 262
183.178.37.129 - - [12/Nov/2025:10:11:29 +0800] "GET /InternetTrading/longpoll/56419?X-Atmosphere-tracking-id=0&X-Atmosphere-Framework=2.2.3-javascript&X-Atmosphere-Transport=long-polling&X-Atmosphere-TrackMessageSize=true&Content-Type=charset%3Dutf-8&X-atmo-protocol=true&_=1762913692998 HTTP/1.1" 200 -
58.152.215.195 - - [12/Nov/2025:10:11:30 +0800] "GET /InternetTrading/longpoll/55136?X-Atmosphere-tracking-id=0&X-Atmosphere-Framework=2.2.3-javascript&X-Atmosphere-Transport=long-polling&X-Atmosphere-TrackMessageSize=true&Content-Type=charset%3Dutf-8&X-atmo-protocol=true&_=1762913695850 HTTP/1.1" 200 -
183.178.37.129 - - [12/Nov/2025:10:11:30 +0800] "POST /InternetTrading/SessionErrorLogger HTTP/1.1" 200 117
183.178.37.129 - - [12/Nov/2025:10:11:30 +0800] "GET /InternetTrading/jquery/wait.gif HTTP/1.1" 200 432
183.178.37.129 - - [12/Nov/2025:10:11:30 +0800] "POST /InternetTrading/Orderbook HTTP/1.1" 200 1506
14.0.169.116 - - [12/Nov/2025:10:11:31 +0800] "GET /InternetTrading/longpoll/A8127?X-Atmosphere-tracking-id=0&X-Atmosphere-Framework=2.2.3-javascript&X-Atmosphere-Transport=long-polling&X-Atmosphere-TrackMessageSize=true&Content-Type=charset%3Dutf-8&X-atmo-protocol=true&_=1762913696619 HTTP/1.1" 200 -
183.178.37.129 - - [12/Nov/2025:10:11:31 +0800] "GET /InternetTrading/jquery/wait.gif HTTP/1.1" 200 432
183.178.37.129 - - [12/Nov/2025:10:11:31 +0800] "POST /InternetTrading/SessionErrorLogger HTTP/1.1" 200 117
183.178.37.129 - - [12/Nov/2025:10:11:31 +0800] "POST /InternetTrading/Orderbook HTTP/1.1" 200 1519
27.38.155.101 - - [12/Nov/2025:10:11:32 +0800] "GET /InternetTrading/longpoll/53995?X-Atmosphere-tracking-id=0&X-Atmosphere-Framework=2.2.3-javascript&X-Atmosphere-Transport=long-polling&X-Atmosphere-TrackMessageSize=true&Content-Type=charset%3Dutf-8&X-atmo-protocol=true&_=1762913695767 HTTP/1.1" 200 -
65.181.90.29 - - [12/Nov/2025:10:11:33 +0800] "GET /InternetTrading/longpoll/54338?X-Atmosphere-tracking-id=0&X-Atmosphere-Framework=2.2.3-javascript&X-Atmosphere-Transport=long-polling&X-Atmosphere-TrackMessageSize=true&Content-Type=charset%3Dutf-8&X-atmo-protocol=true&_=1762913699837 HTTP/1.1" 200 -
183.178.37.129 - - [12/Nov/2025:10:11:33 +0800] "GET /InternetTrading/jquery/wait.gif HTTP/1.1" 200 432
183.178.37.129 - - [12/Nov/2025:10:11:33 +0800] "POST /InternetTrading/SessionErrorLogger HTTP/1.1" 200 117
183.178.37.129 - - [12/Nov/2025:10:11:33 +0800] "POST /InternetTrading/Portfolio HTTP/1.1" 200 1688
183.178.37.129 - - [12/Nov/2025:10:11:34 +0800] "GET /InternetTrading/longpoll/56419?X-Atmosphere-tracking-id=0&X-Atmosphere-Framework=2.2.3-javascript&X-Atmosphere-Transport=long-polling&X-Atmosphere-TrackMessageSize=true&Content-Type=charset%3Dutf-8&X-atmo-protocol=true&_=1762913698018 HTTP/1.1" 200 -
58.152.215.195 - - [12/Nov/2025:10:11:35 +0800] "GET /InternetTrading/longpoll/55136?X-Atmosphere-tracking-id=0&X-Atmosphere-Framework=2.2.3-javascript&X-Atmosphere-Transport=long-polling&X-Atmosphere-TrackMessageSize=true&Content-Type=charset%3Dutf-8&X-atmo-protocol=true&_=1762913700872 HTTP/1.1" 200 -
14.0.169.116 - - [12/Nov/2025:10:11:36 +0800] "POST /InternetTrading/SessionErrorLogger HTTP/1.1" 200 117
14.0.169.116 - - [12/Nov/2025:10:11:37 +0800] "GET /InternetTrading/longpoll/A8127?X-Atmosphere-tracking-id=0&X-Atmosphere-Framework=2.2.3-javascript&X-Atmosphere-Transport=long-polling&X-Atmosphere-TrackMessageSize=true&Content-Type=charset%3Dutf-8&X-atmo-protocol=true&_=1762913701972 HTTP/1.1" 200 -
14.0.169.116 - - [12/Nov/2025:10:11:37 +0800] "POST /InternetTrading/MarketStatus HTTP/1.1" 200 772
27.38.155.101 - - [12/Nov/2025:10:11:38 +0800] "POST /InternetTrading/SessionErrorLogger HTTP/1.1" 200 117
27.38.155.101 - - [12/Nov/2025:10:11:38 +0800] "GET /InternetTrading/longpoll/53995?X-Atmosphere-tracking-id=0&X-Atmosphere-Framework=2.2.3-javascript&X-Atmosphere-Transport=long-polling&X-Atmosphere-TrackMessageSize=true&Content-Type=charset%3Dutf-8&X-atmo-protocol=true&_=1762913701762 HTTP/1.1" 200 -
27.38.155.101 - - [12/Nov/2025:10:11:38 +0800] "POST /InternetTrading/MarketStatus HTTP/1.1" 200 772
183.178.37.129 - - [12/Nov/2025:10:11:39 +0800] "GET /InternetTrading/longpoll/56419?X-Atmosphere-tracking-id=0&X-Atmosphere-Framework=2.2.3-javascript&X-Atmosphere-Transport=long-polling&X-Atmosphere-TrackMessageSize=true&Content-Type=charset%3Dutf-8&X-atmo-protocol=true&_=1762913703037 HTTP/1.1" 200 -
65.181.90.29 - - [12/Nov/2025:10:11:39 +0800] "GET /InternetTrading/longpoll/54338?X-Atmosphere-tracking-id=0&X-Atmosphere-Framework=2.2.3-javascript&X-Atmosphere-Transport=long-polling&X-Atmosphere-TrackMessageSize=true&Content-Type=charset%3Dutf-8&X-atmo-protocol=true&_=1762913705838 HTTP/1.1" 200 -
58.152.215.195 - - [12/Nov/2025:10:11:40 +0800] "GET /InternetTrading/longpoll/55136?X-Atmosphere-tracking-id=0&X-Atmosphere-Framework=2.2.3-javascript&X-Atmosphere-Transport=long-polling&X-Atmosphere-TrackMessageSize=true&Content-Type=charset%3Dutf-8&X-atmo-protocol=true&_=1762913705905 HTTP/1.1" 200 -
14.0.169.116 - - [12/Nov/2025:10:11:41 +0800] "POST /InternetTrading/SessionErrorLogger HTTP/1.1" 200 117
14.0.169.116 - - [12/Nov/2025:10:11:41 +0800] "POST /InternetTrading/Heartbeat HTTP/1.1" 200 32
14.0.169.116 - - [12/Nov/2025:10:11:42 +0800] "GET /InternetTrading/longpoll/A8127?X-Atmosphere-tracking-id=0&X-Atmosphere-Framework=2.2.3-javascript&X-Atmosphere-Transport=long-polling&X-Atmosphere-TrackMessageSize=true&Content-Type=charset%3Dutf-8&X-atmo-protocol=true&_=1762913707259 HTTP/1.1" 200 -
183.178.37.129 - - [12/Nov/2025:10:11:42 +0800] "POST /InternetTrading/SessionErrorLogger HTTP/1.1" 200 117
183.178.37.129 - - [12/Nov/2025:10:11:42 +0800] "POST /InternetTrading/Heartbeat HTTP/1.1" 200 32
183.178.37.129 - - [12/Nov/2025:10:11:44 +0800] "GET /InternetTrading/longpoll/56419?X-Atmosphere-tracking-id=0&X-Atmosphere-Framework=2.2.3-javascript&X-Atmosphere-Transport=long-polling&X-Atmosphere-TrackMessageSize=true&Content-Type=charset%3Dutf-8&X-atmo-protocol=true&_=1762913708054 HTTP/1.1" 200 -
27.38.155.101 - - [12/Nov/2025:10:11:44 +0800] "GET /InternetTrading/longpoll/53995?X-Atmosphere-tracking-id=0&X-Atmosphere-Framework=2.2.3-javascript&X-Atmosphere-Transport=long-polling&X-Atmosphere-TrackMessageSize=true&Content-Type=charset%3Dutf-8&X-atmo-protocol=true&_=1762913707771 HTTP/1.1" 200 -
183.178.37.129 - - [12/Nov/2025:10:11:45 +0800] "POST /InternetTrading/SessionErrorLogger HTTP/1.1" 200 117
183.178.37.129 - - [12/Nov/2025:10:11:45 +0800] "POST /InternetTrading/MarketStatus HTTP/1.1" 200 772
58.152.215.195 - - [12/Nov/2025:10:11:45 +0800] "GET /InternetTrading/longpoll/55136?X-Atmosphere-tracking-id=0&X-Atmosphere-Framework=2.2.3-javascript&X-Atmosphere-Transport=long-polling&X-Atmosphere-TrackMessageSize=true&Content-Type=charset%3Dutf-8&X-atmo-protocol=true&_=1762913710951 HTTP/1.1" 200 -
65.181.90.29 - - [12/Nov/2025:10:11:45 +0800] "GET /InternetTrading/longpoll/54338?X-Atmosphere-tracking-id=0&X-Atmosphere-Framework=2.2.3-javascript&X-Atmosphere-Transport=long-polling&X-Atmosphere-TrackMessageSize=true&Content-Type=charset%3Dutf-8&X-atmo-protocol=true&_=1762913711837 HTTP/1.1" 200 -
14.0.169.116 - - [12/Nov/2025:10:11:47 +0800] "GET /InternetTrading/longpoll/A8127?X-Atmosphere-tracking-id=0&X-Atmosphere-Framework=2.2.3-javascript&X-Atmosphere-Transport=long-polling&X-Atmosphere-TrackMessageSize=true&Content-Type=charset%3Dutf-8&X-atmo-protocol=true&_=1762913712369 HTTP/1.1" 200 -
183.178.37.129 - - [12/Nov/2025:10:11:49 +0800] "GET /InternetTrading/longpoll/56419?X-Atmosphere-tracking-id=0&X-Atmosphere-Framework=2.2.3-javascript&X-Atmosphere-Transport=long-polling&X-Atmosphere-TrackMessageSize=true&Content-Type=charset%3Dutf-8&X-atmo-protocol=true&_=1762913713076 HTTP/1.1" 200 -
58.152.215.195 - - [12/Nov/2025:10:11:50 +0800] "GET /InternetTrading/longpoll/55136?X-Atmosphere-tracking-id=0&X-Atmosphere-Framework=2.2.3-javascript&X-Atmosphere-Transport=long-polling&X-Atmosphere-TrackMessageSize=true&Content-Type=charset%3Dutf-8&X-atmo-protocol=true&_=1762913715987 HTTP/1.1" 200 -
