113.196.56.150 - - [17/Dec/2025:09:29:18 +0800] "GET /logs/secure_access_log.20250529 HTTP/1.1" 200 7295077
113.196.56.150 - - [17/Dec/2025:09:29:19 +0800] "GET /logs/secure_access_log.20250608 HTTP/1.1" 200 104852
61.239.100.147 - - [17/Dec/2025:09:29:19 +0800] "GET /InternetTrading/longpoll/13925?X-Atmosphere-tracking-id=0&X-Atmosphere-Framework=2.2.3-javascript&X-Atmosphere-Transport=long-polling&X-Atmosphere-TrackMessageSize=true&Content-Type=charset%3Dutf-8&X-atmo-protocol=true&_=1765935202441 HTTP/1.1" 200 -
113.196.56.150 - - [17/Dec/2025:09:29:19 +0800] "GET /logs/secure_access_log.20240915 HTTP/1.1" 200 35294
113.196.56.150 - - [17/Dec/2025:09:29:19 +0800] "GET /logs/secure_ssl_request_log.20250415 HTTP/1.1" 200 7295148
121.204.201.197 - - [17/Dec/2025:09:29:19 +0800] "GET /InternetTrading/longpoll/55955?X-Atmosphere-tracking-id=0&X-Atmosphere-Framework=2.2.3-javascript&X-Atmosphere-Transport=long-polling&X-Atmosphere-TrackMessageSize=true&Content-Type=charset%3Dutf-8&X-atmo-protocol=true&_=1765935202449 HTTP/1.1" 200 -
113.196.56.150 - - [17/Dec/2025:09:29:19 +0800] "GET /logs/secure_access_log.20250306 HTTP/1.1" 200 8817250
113.196.56.150 - - [17/Dec/2025:09:29:18 +0800] "GET /logs/secure_ssl_request_log.20251107 HTTP/1.1" 200 9766264
113.196.56.150 - - [17/Dec/2025:09:29:19 +0800] "GET /logs/secure_ssl_request_log.20250408 HTTP/1.1" 200 6771508
119.136.155.219 - - [17/Dec/2025:09:29:19 +0800] "GET /InternetTrading/longpoll/51803?X-Atmosphere-tracking-id=0&X-Atmosphere-Framework=2.2.3-javascript&X-Atmosphere-Transport=long-polling&X-Atmosphere-TrackMessageSize=true&Content-Type=charset%3Dutf-8&X-atmo-protocol=true&_=1765935207107 HTTP/1.1" 200 -
113.196.56.150 - - [17/Dec/2025:09:29:19 +0800] "GET /logs/secure_access_log.20250907 HTTP/1.1" 200 58682
113.196.56.150 - - [17/Dec/2025:09:29:19 +0800] "GET /logs/secure_access_log.20251214 HTTP/1.1" 200 68180
113.196.56.150 - - [17/Dec/2025:09:29:19 +0800] "GET /logs/secure_ssl_request_log.20240730 HTTP/1.1" 200 6554987
113.196.56.150 - - [17/Dec/2025:09:29:19 +0800] "GET /logs/secure_access_log.20250409 HTTP/1.1" 200 5164402
113.196.56.150 - - [17/Dec/2025:09:29:19 +0800] "GET /logs/secure_ssl_request_log.20250113 HTTP/1.1" 200 6598611
113.196.56.150 - - [17/Dec/2025:09:29:19 +0800] "GET /logs/secure_access_log.20250526 HTTP/1.1" 200 5379091
113.196.56.150 - - [17/Dec/2025:09:29:20 +0800] "GET /logs/secure_ssl_request_log.20241225 HTTP/1.1" 200 51888
113.196.56.150 - - [17/Dec/2025:09:29:18 +0800] "GET /logs/secure_ssl_request_log.20241024 HTTP/1.1" 200 5615791
113.196.56.150 - - [17/Dec/2025:09:29:20 +0800] "GET /logs/secure_ssl_request_log.20251124 HTTP/1.1" 200 8788021
113.196.56.150 - - [17/Dec/2025:09:29:18 +0800] "GET /logs/secure_ssl_request_log.20241010 HTTP/1.1" 200 13573642
113.196.56.150 - - [17/Dec/2025:09:29:20 +0800] "GET /logs/secure_access_log.20250809 HTTP/1.1" 200 57436
14.0.224.36 - - [17/Dec/2025:09:29:21 +0800] "POST /InternetTrading/SessionErrorLogger HTTP/1.1" 200 117
14.0.224.36 - - [17/Dec/2025:09:29:21 +0800] "GET /InternetTrading/tc/sell_ticket.html? HTTP/1.1" 200 2261
14.0.224.36 - - [17/Dec/2025:09:29:21 +0800] "POST /InternetTrading/SessionErrorLogger HTTP/1.1" 200 117
113.196.56.150 - - [17/Dec/2025:09:29:19 +0800] "GET /logs/secure_ssl_request_log.20250922 HTTP/1.1" 200 9942326
14.0.224.36 - - [17/Dec/2025:09:29:21 +0800] "POST /InternetTrading/MarketStatus HTTP/1.1" 200 772
14.0.224.36 - - [17/Dec/2025:09:29:21 +0800] "POST /InternetTrading/SessionErrorLogger HTTP/1.1" 200 117
113.196.56.150 - - [17/Dec/2025:09:29:18 +0800] "GET /logs/secure_access_log.20251124 HTTP/1.1" 200 7685497
14.0.224.36 - - [17/Dec/2025:09:29:21 +0800] "POST /InternetTrading/MarketStatus HTTP/1.1" 200 772
14.0.224.36 - - [17/Dec/2025:09:29:21 +0800] "POST /InternetTrading/SessionErrorLogger HTTP/1.1" 200 117
14.0.224.36 - - [17/Dec/2025:09:29:21 +0800] "POST /InternetTrading/Product HTTP/1.1" 200 307
14.0.224.36 - - [17/Dec/2025:09:29:21 +0800] "POST /InternetTrading/SessionErrorLogger HTTP/1.1" 200 117
14.0.224.36 - - [17/Dec/2025:09:29:21 +0800] "POST /InternetTrading/OrderMaxQuantity HTTP/1.1" 200 6
14.0.224.36 - - [17/Dec/2025:09:29:21 +0800] "GET /InternetTrading/longpoll/A8127?X-Atmosphere-tracking-id=0&X-Atmosphere-Framework=2.2.3-javascript&X-Atmosphere-Transport=long-polling&X-Atmosphere-TrackMessageSize=true&Content-Type=charset%3Dutf-8&X-atmo-protocol=true&_=1765935206653 HTTP/1.1" 200 -
113.196.56.150 - - [17/Dec/2025:09:29:20 +0800] "GET /logs/secure_access_log.20241007 HTTP/1.1" 200 12053043
113.196.56.150 - - [17/Dec/2025:09:29:22 +0800] "GET /logs/secure_ssl_request_log.20250510 HTTP/1.1" 200 48227
113.196.56.150 - - [17/Dec/2025:09:29:21 +0800] "GET /logs/secure_access_log.20251208 HTTP/1.1" 200 6698893
113.196.56.150 - - [17/Dec/2025:09:29:22 +0800] "GET /logs/secure_ssl_request_log.20250201 HTTP/1.1" 200 168235
113.196.56.150 - - [17/Dec/2025:09:29:22 +0800] "GET /logs/secure_ssl_request_log.20241011 HTTP/1.1" 200 267569
119.34.176.224 - - [17/Dec/2025:09:29:22 +0800] "GET /InternetTrading/longpoll/13979?X-Atmosphere-tracking-id=0&X-Atmosphere-Framework=2.2.3-javascript&X-Atmosphere-Transport=long-polling&X-Atmosphere-TrackMessageSize=true&Content-Type=charset%3Dutf-8&X-atmo-protocol=true&_=1765935206398 HTTP/1.1" 200 -
58.152.215.40 - - [17/Dec/2025:09:29:24 +0800] "GET /InternetTrading/longpoll/55136?X-Atmosphere-tracking-id=0&X-Atmosphere-Framework=2.2.3-javascript&X-Atmosphere-Transport=long-polling&X-Atmosphere-TrackMessageSize=true&Content-Type=charset%3Dutf-8&X-atmo-protocol=true&_=1765935207004 HTTP/1.1" 200 -
113.196.56.150 - - [17/Dec/2025:09:29:22 +0800] "GET /logs/secure_ssl_request_log.20250310 HTTP/1.1" 200 10132901
113.196.56.150 - - [17/Dec/2025:09:29:22 +0800] "GET /logs/secure_access_log.20240725 HTTP/1.1" 200 6462870
113.196.56.150 - - [17/Dec/2025:09:29:23 +0800] "GET /logs/secure_access_log.20241120 HTTP/1.1" 200 3852089
121.204.201.197 - - [17/Dec/2025:09:29:24 +0800] "GET /InternetTrading/longpoll/55955?X-Atmosphere-tracking-id=0&X-Atmosphere-Framework=2.2.3-javascript&X-Atmosphere-Transport=long-polling&X-Atmosphere-TrackMessageSize=true&Content-Type=charset%3Dutf-8&X-atmo-protocol=true&_=1765935207604 HTTP/1.1" 200 -
119.136.155.219 - - [17/Dec/2025:09:29:24 +0800] "GET /InternetTrading/longpoll/51803?X-Atmosphere-tracking-id=0&X-Atmosphere-Framework=2.2.3-javascript&X-Atmosphere-Transport=long-polling&X-Atmosphere-TrackMessageSize=true&Content-Type=charset%3Dutf-8&X-atmo-protocol=true&_=1765935212178 HTTP/1.1" 200 -
113.196.56.150 - - [17/Dec/2025:09:29:24 +0800] "GET /logs/secure_access_log.20241025 HTTP/1.1" 200 11242981
113.196.56.150 - - [17/Dec/2025:09:29:24 +0800] "GET /logs/secure_ssl_request_log.20240724 HTTP/1.1" 200 7062900
61.239.100.147 - - [17/Dec/2025:09:29:25 +0800] "GET /InternetTrading/longpoll/13925?X-Atmosphere-tracking-id=0&X-Atmosphere-Framework=2.2.3-javascript&X-Atmosphere-Transport=long-polling&X-Atmosphere-TrackMessageSize=true&Content-Type=charset%3Dutf-8&X-atmo-protocol=true&_=1765935208442 HTTP/1.1" 200 -
113.196.56.150 - - [17/Dec/2025:09:29:25 +0800] "GET /logs/secure_ssl_request_log.20240812 HTTP/1.1" 200 5629806
113.196.56.150 - - [17/Dec/2025:09:29:25 +0800] "GET /logs/secure_ssl_request_log.20250908 HTTP/1.1" 200 10191120
113.196.56.150 - - [17/Dec/2025:09:29:25 +0800] "GET /logs/secure_ssl_request_log.20241031 HTTP/1.1" 200 10209733
14.0.224.36 - - [17/Dec/2025:09:29:26 +0800] "GET /InternetTrading/longpoll/A8127?X-Atmosphere-tracking-id=0&X-Atmosphere-Framework=2.2.3-javascript&X-Atmosphere-Transport=long-polling&X-Atmosphere-TrackMessageSize=true&Content-Type=charset%3Dutf-8&X-atmo-protocol=true&_=1765935211714 HTTP/1.1" 200 -
113.196.56.150 - - [17/Dec/2025:09:29:27 +0800] "GET /logs/secure_access_log.20241012 HTTP/1.1" 200 139733
113.196.56.150 - - [17/Dec/2025:09:29:27 +0800] "GET /logs/access.log.1751068800 HTTP/1.1" 200 -
119.34.176.224 - - [17/Dec/2025:09:29:27 +0800] "GET /InternetTrading/longpoll/13979?X-Atmosphere-tracking-id=0&X-Atmosphere-Framework=2.2.3-javascript&X-Atmosphere-Transport=long-polling&X-Atmosphere-TrackMessageSize=true&Content-Type=charset%3Dutf-8&X-atmo-protocol=true&_=1765935212774 HTTP/1.1" 200 -
113.196.56.150 - - [17/Dec/2025:09:29:27 +0800] "GET /logs/secure_ssl_request_log.20241115 HTTP/1.1" 200 5684235
58.152.215.40 - - [17/Dec/2025:09:29:29 +0800] "GET /InternetTrading/longpoll/55136?X-Atmosphere-tracking-id=0&X-Atmosphere-Framework=2.2.3-javascript&X-Atmosphere-Transport=long-polling&X-Atmosphere-TrackMessageSize=true&Content-Type=charset%3Dutf-8&X-atmo-protocol=true&_=1765935212044 HTTP/1.1" 200 -
113.196.56.150 - - [17/Dec/2025:09:29:28 +0800] "GET /logs/secure_ssl_request_log.20241016 HTTP/1.1" 200 14113881
113.196.56.150 - - [17/Dec/2025:09:29:29 +0800] "GET /logs/secure_ssl_request_log.20250327 HTTP/1.1" 200 7815175
121.204.201.197 - - [17/Dec/2025:09:29:29 +0800] "GET /InternetTrading/longpoll/55955?X-Atmosphere-tracking-id=0&X-Atmosphere-Framework=2.2.3-javascript&X-Atmosphere-Transport=long-polling&X-Atmosphere-TrackMessageSize=true&Content-Type=charset%3Dutf-8&X-atmo-protocol=true&_=1765935212776 HTTP/1.1" 200 -
119.136.155.219 - - [17/Dec/2025:09:29:29 +0800] "GET /InternetTrading/longpoll/51803?X-Atmosphere-tracking-id=0&X-Atmosphere-Framework=2.2.3-javascript&X-Atmosphere-Transport=long-polling&X-Atmosphere-TrackMessageSize=true&Content-Type=charset%3Dutf-8&X-atmo-protocol=true&_=1765935217260 HTTP/1.1" 200 -
113.196.56.150 - - [17/Dec/2025:09:29:30 +0800] "GET /logs/secure_ssl_request_log.20250130 HTTP/1.1" 200 34198
113.196.56.150 - - [17/Dec/2025:09:29:31 +0800] "GET /logs/secure_access_log.20240804 HTTP/1.1" 200 17696
61.239.100.147 - - [17/Dec/2025:09:29:31 +0800] "GET /InternetTrading/longpoll/13925?X-Atmosphere-tracking-id=0&X-Atmosphere-Framework=2.2.3-javascript&X-Atmosphere-Transport=long-polling&X-Atmosphere-TrackMessageSize=true&Content-Type=charset%3Dutf-8&X-atmo-protocol=true&_=1765935214451 HTTP/1.1" 200 -
113.196.56.150 - - [17/Dec/2025:09:29:31 +0800] "GET /logs/secure_access_log.20250531 HTTP/1.1" 200 131641
14.0.224.36 - - [17/Dec/2025:09:29:31 +0800] "GET /InternetTrading/longpoll/A8127?X-Atmosphere-tracking-id=0&X-Atmosphere-Framework=2.2.3-javascript&X-Atmosphere-Transport=long-polling&X-Atmosphere-TrackMessageSize=true&Content-Type=charset%3Dutf-8&X-atmo-protocol=true&_=1765935216778 HTTP/1.1" 200 -
121.204.201.197 - - [17/Dec/2025:09:29:31 +0800] "POST /InternetTrading/SessionErrorLogger HTTP/1.1" 200 117
121.204.201.197 - - [17/Dec/2025:09:29:32 +0800] "POST /InternetTrading/Heartbeat HTTP/1.1" 200 32
121.204.201.197 - - [17/Dec/2025:09:29:32 +0800] "POST /InternetTrading/SessionErrorLogger HTTP/1.1" 200 117
121.204.201.197 - - [17/Dec/2025:09:29:32 +0800] "POST /InternetTrading/MarketStatus HTTP/1.1" 200 772
119.34.176.224 - - [17/Dec/2025:09:29:32 +0800] "GET /InternetTrading/longpoll/13979?X-Atmosphere-tracking-id=0&X-Atmosphere-Framework=2.2.3-javascript&X-Atmosphere-Transport=long-polling&X-Atmosphere-TrackMessageSize=true&Content-Type=charset%3Dutf-8&X-atmo-protocol=true&_=1765935217862 HTTP/1.1" 200 -
113.196.56.150 - - [17/Dec/2025:09:29:32 +0800] "GET /logs/secure_ssl_request_log.20241003 HTTP/1.1" 200 13514937
113.196.56.150 - - [17/Dec/2025:09:29:33 +0800] "GET /logs/secure_ssl_request_log.20250827 HTTP/1.1" 200 13865106
113.196.56.150 - - [17/Dec/2025:09:29:33 +0800] "GET /logs/secure_ssl_request_log.20250104 HTTP/1.1" 200 30943
58.152.215.40 - - [17/Dec/2025:09:29:34 +0800] "GET /InternetTrading/longpoll/55136?X-Atmosphere-tracking-id=0&X-Atmosphere-Framework=2.2.3-javascript&X-Atmosphere-Transport=long-polling&X-Atmosphere-TrackMessageSize=true&Content-Type=charset%3Dutf-8&X-atmo-protocol=true&_=1765935217091 HTTP/1.1" 200 -
113.196.56.150 - - [17/Dec/2025:09:29:33 +0800] "GET /logs/secure_access_log.20240807 HTTP/1.1" 200 5292167
121.204.201.197 - - [17/Dec/2025:09:29:34 +0800] "GET /InternetTrading/longpoll/55955?X-Atmosphere-tracking-id=0&X-Atmosphere-Framework=2.2.3-javascript&X-Atmosphere-Transport=long-polling&X-Atmosphere-TrackMessageSize=true&Content-Type=charset%3Dutf-8&X-atmo-protocol=true&_=1765935217964 HTTP/1.1" 200 -
119.136.155.219 - - [17/Dec/2025:09:29:35 +0800] "GET /InternetTrading/longpoll/51803?X-Atmosphere-tracking-id=0&X-Atmosphere-Framework=2.2.3-javascript&X-Atmosphere-Transport=long-polling&X-Atmosphere-TrackMessageSize=true&Content-Type=charset%3Dutf-8&X-atmo-protocol=true&_=1765935222324 HTTP/1.1" 200 -
113.196.56.150 - - [17/Dec/2025:09:29:34 +0800] "GET /logs/secure_ssl_request_log.20250610 HTTP/1.1" 200 4763668
113.196.56.150 - - [17/Dec/2025:09:29:36 +0800] "GET /logs/secure_access_log.20250327 HTTP/1.1" 200 6833719
113.196.56.150 - - [17/Dec/2025:09:29:36 +0800] "GET /logs/secure_access_log.20240827 HTTP/1.1" 200 4416965
113.196.56.150 - - [17/Dec/2025:09:29:36 +0800] "GET /logs/secure_ssl_request_log.20250830 HTTP/1.1" 200 152370
113.196.56.150 - - [17/Dec/2025:09:29:36 +0800] "GET /logs/secure_ssl_request_log.20250907 HTTP/1.1" 200 75150
14.0.224.36 - - [17/Dec/2025:09:29:36 +0800] "GET /InternetTrading/longpoll/A8127?X-Atmosphere-tracking-id=0&X-Atmosphere-Framework=2.2.3-javascript&X-Atmosphere-Transport=long-polling&X-Atmosphere-TrackMessageSize=true&Content-Type=charset%3Dutf-8&X-atmo-protocol=true&_=1765935221978 HTTP/1.1" 200 -
113.196.56.150 - - [17/Dec/2025:09:29:37 +0800] "GET /logs/secure_access_log.20250104 HTTP/1.1" 200 24303
61.239.100.147 - - [17/Dec/2025:09:29:37 +0800] "GET /InternetTrading/longpoll/13925?X-Atmosphere-tracking-id=0&X-Atmosphere-Framework=2.2.3-javascript&X-Atmosphere-Transport=long-polling&X-Atmosphere-TrackMessageSize=true&Content-Type=charset%3Dutf-8&X-atmo-protocol=true&_=1765935220454 HTTP/1.1" 200 -
113.196.56.150 - - [17/Dec/2025:09:29:36 +0800] "GET /logs/secure_access_log.20251211 HTTP/1.1" 200 9228364
119.34.176.224 - - [17/Dec/2025:09:29:37 +0800] "GET /InternetTrading/longpoll/13979?X-Atmosphere-tracking-id=0&X-Atmosphere-Framework=2.2.3-javascript&X-Atmosphere-Transport=long-polling&X-Atmosphere-TrackMessageSize=true&Content-Type=charset%3Dutf-8&X-atmo-protocol=true&_=1765935222946 HTTP/1.1" 200 -
113.196.56.150 - - [17/Dec/2025:09:29:38 +0800] "GET /logs/secure_ssl_request_log.20250413 HTTP/1.1" 200 141014
113.196.56.150 - - [17/Dec/2025:09:29:38 +0800] "GET /logs/secure_access_log.20250201 HTTP/1.1" 200 144163
113.196.56.150 - - [17/Dec/2025:09:29:38 +0800] "GET /logs/secure_access_log.20250501 HTTP/1.1" 200 105016
113.196.56.150 - - [17/Dec/2025:09:29:38 +0800] "GET /logs/secure_ssl_request_log.20250308 HTTP/1.1" 200 156140
113.196.56.150 - - [17/Dec/2025:09:29:39 +0800] "GET /logs/httpd.pid HTTP/1.1" 200 6
58.152.215.40 - - [17/Dec/2025:09:29:39 +0800] "GET /InternetTrading/longpoll/55136?X-Atmosphere-tracking-id=0&X-Atmosphere-Framework=2.2.3-javascript&X-Atmosphere-Transport=long-polling&X-Atmosphere-TrackMessageSize=true&Content-Type=charset%3Dutf-8&X-atmo-protocol=true&_=1765935222127 HTTP/1.1" 200 -
113.196.56.150 - - [17/Dec/2025:09:29:39 +0800] "GET /logs/secure_ssl_request_log.20250623 HTTP/1.1" 200 7795918
113.196.56.150 - - [17/Dec/2025:09:29:39 +0800] "GET /logs/secure_ssl_request_log.20250118 HTTP/1.1" 200 65735
113.196.56.150 - - [17/Dec/2025:09:29:39 +0800] "GET /logs/secure_ssl_request_log.20241124 HTTP/1.1" 200 27067
113.196.56.150 - - [17/Dec/2025:09:29:39 +0800] "GET /logs/secure_access_log.20251206 HTTP/1.1" 200 28262
113.196.56.150 - - [17/Dec/2025:09:29:39 +0800] "GET /logs/secure_ssl_request_log.20251123 HTTP/1.1" 200 77894
113.196.56.150 - - [17/Dec/2025:09:29:39 +0800] "GET /logs/secure_ssl_request_log.20250906 HTTP/1.1" 200 82461
113.196.56.150 - - [17/Dec/2025:09:29:39 +0800] "GET /logs/secure_access_log.20250927 HTTP/1.1" 200 240311
113.196.56.150 - - [17/Dec/2025:09:29:39 +0800] "GET /logs/secure_ssl_request_log.20250423 HTTP/1.1" 200 7041649
113.196.56.150 - - [17/Dec/2025:09:29:39 +0800] "GET /logs/secure_access_log.20240916 HTTP/1.1" 200 5500027
113.196.56.150 - - [17/Dec/2025:09:29:40 +0800] "GET /logs/access.log.1721088000 HTTP/1.1" 200 -
113.196.56.150 - - [17/Dec/2025:09:29:39 +0800] "GET /logs/secure_access_log.20250114 HTTP/1.1" 200 5562570
113.196.56.150 - - [17/Dec/2025:09:29:39 +0800] "GET /logs/secure_access_log.20251029 HTTP/1.1" 200 222644
121.204.201.197 - - [17/Dec/2025:09:29:40 +0800] "GET /InternetTrading/longpoll/55955?X-Atmosphere-tracking-id=0&X-Atmosphere-Framework=2.2.3-javascript&X-Atmosphere-Transport=long-polling&X-Atmosphere-TrackMessageSize=true&Content-Type=charset%3Dutf-8&X-atmo-protocol=true&_=1765935223036 HTTP/1.1" 200 -
119.136.155.219 - - [17/Dec/2025:09:29:40 +0800] "GET /InternetTrading/longpoll/51803?X-Atmosphere-tracking-id=0&X-Atmosphere-Framework=2.2.3-javascript&X-Atmosphere-Transport=long-polling&X-Atmosphere-TrackMessageSize=true&Content-Type=charset%3Dutf-8&X-atmo-protocol=true&_=1765935227392 HTTP/1.1" 200 -
113.196.56.150 - - [17/Dec/2025:09:29:40 +0800] "GET /logs/secure_ssl_request_log.20250114 HTTP/1.1" 200 6365582
113.196.56.150 - - [17/Dec/2025:09:29:40 +0800] "GET /logs/secure_ssl_request_log.20250701 HTTP/1.1" 200 105420
113.196.56.150 - - [17/Dec/2025:09:29:40 +0800] "GET /logs/secure_ssl_request_log.20250720 HTTP/1.1" 200 130368
113.196.56.150 - - [17/Dec/2025:09:29:40 +0800] "GET /logs/secure_access_log.20251119 HTTP/1.1" 200 5552895
119.136.155.219 - - [17/Dec/2025:09:29:40 +0800] "POST /InternetTrading/SessionErrorLogger HTTP/1.1" 200 117
113.196.56.150 - - [17/Dec/2025:09:29:40 +0800] "GET /logs/secure_access_log.20250111 HTTP/1.1" 200 14406
113.196.56.150 - - [17/Dec/2025:09:29:40 +0800] "GET /logs/secure_access_log.20241222 HTTP/1.1" 200 40418
119.136.155.219 - - [17/Dec/2025:09:29:40 +0800] "POST /InternetTrading/Heartbeat HTTP/1.1" 200 32
113.196.56.150 - - [17/Dec/2025:09:29:40 +0800] "GET /logs/secure_access_log.20241024 HTTP/1.1" 200 4900327
113.196.56.150 - - [17/Dec/2025:09:29:40 +0800] "GET /logs/secure_access_log.20250926 HTTP/1.1" 200 10115074
119.136.155.219 - - [17/Dec/2025:09:29:40 +0800] "POST /InternetTrading/SessionErrorLogger HTTP/1.1" 200 117
113.196.56.150 - - [17/Dec/2025:09:29:40 +0800] "GET /logs/secure_ssl_request_log.20240807 HTTP/1.1" 200 5914941
113.196.56.150 - - [17/Dec/2025:09:29:40 +0800] "GET /logs/secure_ssl_request_log.20250306 HTTP/1.1" 200 10104634
119.136.155.219 - - [17/Dec/2025:09:29:40 +0800] "POST /InternetTrading/MarketStatus HTTP/1.1" 200 772
113.196.56.150 - - [17/Dec/2025:09:29:40 +0800] "GET /logs/secure_ssl_request_log.20250805 HTTP/1.1" 200 7911505
113.196.56.150 - - [17/Dec/2025:09:29:40 +0800] "GET /logs/secure_access_log.20250508 HTTP/1.1" 200 5011771
113.196.56.150 - - [17/Dec/2025:09:29:40 +0800] "GET /logs/secure_ssl_request_log.20250526 HTTP/1.1" 200 6191691
113.196.56.150 - - [17/Dec/2025:09:29:40 +0800] "GET /logs/secure_access_log.20250826 HTTP/1.1" 200 11510093
113.196.56.150 - - [17/Dec/2025:09:29:40 +0800] "GET /logs/secure_ssl_request_log.20250321 HTTP/1.1" 200 10580276
113.196.56.150 - - [17/Dec/2025:09:29:40 +0800] "GET /logs/secure_access_log.20250814 HTTP/1.1" 200 6879575
58.152.215.40 - - [17/Dec/2025:09:29:40 +0800] "POST /InternetTrading/SessionErrorLogger HTTP/1.1" 200 117
58.152.215.40 - - [17/Dec/2025:09:29:40 +0800] "POST /InternetTrading/Heartbeat HTTP/1.1" 200 32
58.152.215.40 - - [17/Dec/2025:09:29:41 +0800] "POST /InternetTrading/SessionErrorLogger HTTP/1.1" 200 117
58.152.215.40 - - [17/Dec/2025:09:29:41 +0800] "POST /InternetTrading/MarketStatus HTTP/1.1" 200 772
14.0.224.36 - - [17/Dec/2025:09:29:42 +0800] "GET /InternetTrading/longpoll/A8127?X-Atmosphere-tracking-id=0&X-Atmosphere-Framework=2.2.3-javascript&X-Atmosphere-Transport=long-polling&X-Atmosphere-TrackMessageSize=true&Content-Type=charset%3Dutf-8&X-atmo-protocol=true&_=1765935227139 HTTP/1.1" 200 -
113.196.56.150 - - [17/Dec/2025:09:29:42 +0800] "GET /include/ HTTP/1.1" 200 30485
113.196.56.150 - - [17/Dec/2025:09:29:42 +0800] "GET /include/apr_optional_hooks.h HTTP/1.1" 200 3989
119.34.176.224 - - [17/Dec/2025:09:29:43 +0800] "GET /InternetTrading/longpoll/13979?X-Atmosphere-tracking-id=0&X-Atmosphere-Framework=2.2.3-javascript&X-Atmosphere-Transport=long-polling&X-Atmosphere-TrackMessageSize=true&Content-Type=charset%3Dutf-8&X-atmo-protocol=true&_=1765935228031 HTTP/1.1" 200 -
61.239.100.147 - - [17/Dec/2025:09:29:43 +0800] "GET /InternetTrading/longpoll/13925?X-Atmosphere-tracking-id=0&X-Atmosphere-Framework=2.2.3-javascript&X-Atmosphere-Transport=long-polling&X-Atmosphere-TrackMessageSize=true&Content-Type=charset%3Dutf-8&X-atmo-protocol=true&_=1765935226455 HTTP/1.1" 200 -
119.34.176.224 - - [17/Dec/2025:09:29:44 +0800] "POST /InternetTrading/SessionErrorLogger HTTP/1.1" 200 117
119.34.176.224 - - [17/Dec/2025:09:29:44 +0800] "POST /InternetTrading/Heartbeat HTTP/1.1" 200 32
58.152.215.40 - - [17/Dec/2025:09:29:44 +0800] "GET /InternetTrading/longpoll/55136?X-Atmosphere-tracking-id=0&X-Atmosphere-Framework=2.2.3-javascript&X-Atmosphere-Transport=long-polling&X-Atmosphere-TrackMessageSize=true&Content-Type=charset%3Dutf-8&X-atmo-protocol=true&_=1765935227165 HTTP/1.1" 200 -
119.136.155.219 - - [17/Dec/2025:09:29:45 +0800] "GET /InternetTrading/longpoll/51803?X-Atmosphere-tracking-id=0&X-Atmosphere-Framework=2.2.3-javascript&X-Atmosphere-Transport=long-polling&X-Atmosphere-TrackMessageSize=true&Content-Type=charset%3Dutf-8&X-atmo-protocol=true&_=1765935232460 HTTP/1.1" 200 -
121.204.201.197 - - [17/Dec/2025:09:29:45 +0800] "GET /InternetTrading/longpoll/55955?X-Atmosphere-tracking-id=0&X-Atmosphere-Framework=2.2.3-javascript&X-Atmosphere-Transport=long-polling&X-Atmosphere-TrackMessageSize=true&Content-Type=charset%3Dutf-8&X-atmo-protocol=true&_=1765935228192 HTTP/1.1" 200 -
14.0.224.36 - - [17/Dec/2025:09:29:44 +0800] "POST /InternetTrading/SessionErrorLogger HTTP/1.1" 200 117
14.0.224.36 - - [17/Dec/2025:09:29:46 +0800] "POST /InternetTrading/Heartbeat HTTP/1.1" 200 32
119.34.176.224 - - [17/Dec/2025:09:29:46 +0800] "POST /InternetTrading/SessionErrorLogger HTTP/1.1" 200 117
119.34.176.224 - - [17/Dec/2025:09:29:46 +0800] "POST /InternetTrading/MarketStatus HTTP/1.1" 200 772
14.0.224.36 - - [17/Dec/2025:09:29:47 +0800] "GET /InternetTrading/longpoll/A8127?X-Atmosphere-tracking-id=0&X-Atmosphere-Framework=2.2.3-javascript&X-Atmosphere-Transport=long-polling&X-Atmosphere-TrackMessageSize=true&Content-Type=charset%3Dutf-8&X-atmo-protocol=true&_=1765935232291 HTTP/1.1" 200 -
119.34.176.224 - - [17/Dec/2025:09:29:48 +0800] "GET /InternetTrading/longpoll/13979?X-Atmosphere-tracking-id=0&X-Atmosphere-Framework=2.2.3-javascript&X-Atmosphere-Transport=long-polling&X-Atmosphere-TrackMessageSize=true&Content-Type=charset%3Dutf-8&X-atmo-protocol=true&_=1765935233417 HTTP/1.1" 200 -
58.152.215.40 - - [17/Dec/2025:09:29:49 +0800] "GET /InternetTrading/longpoll/55136?X-Atmosphere-tracking-id=0&X-Atmosphere-Framework=2.2.3-javascript&X-Atmosphere-Transport=long-polling&X-Atmosphere-TrackMessageSize=true&Content-Type=charset%3Dutf-8&X-atmo-protocol=true&_=1765935232192 HTTP/1.1" 200 -
61.239.100.147 - - [17/Dec/2025:09:29:49 +0800] "POST /InternetTrading/SessionErrorLogger HTTP/1.1" 200 117
61.239.100.147 - - [17/Dec/2025:09:29:49 +0800] "POST /InternetTrading/MarketStatus HTTP/1.1" 200 772
61.239.100.147 - - [17/Dec/2025:09:29:49 +0800] "POST /InternetTrading/SessionErrorLogger HTTP/1.1" 200 117
61.239.100.147 - - [17/Dec/2025:09:29:49 +0800] "GET /InternetTrading/longpoll/13925?X-Atmosphere-tracking-id=0&X-Atmosphere-Framework=2.2.3-javascript&X-Atmosphere-Transport=long-polling&X-Atmosphere-TrackMessageSize=true&Content-Type=charset%3Dutf-8&X-atmo-protocol=true&_=1765935232502 HTTP/1.1" 200 -
61.239.100.147 - - [17/Dec/2025:09:29:49 +0800] "POST /InternetTrading/Heartbeat HTTP/1.1" 200 32
119.136.155.219 - - [17/Dec/2025:09:29:51 +0800] "GET /InternetTrading/longpoll/51803?X-Atmosphere-tracking-id=0&X-Atmosphere-Framework=2.2.3-javascript&X-Atmosphere-Transport=long-polling&X-Atmosphere-TrackMessageSize=true&Content-Type=charset%3Dutf-8&X-atmo-protocol=true&_=1765935238597 HTTP/1.1" 200 -
14.0.224.36 - - [17/Dec/2025:09:29:51 +0800] "POST /InternetTrading/SessionErrorLogger HTTP/1.1" 200 117
14.0.224.36 - - [17/Dec/2025:09:29:51 +0800] "POST /InternetTrading/MarketStatus HTTP/1.1" 200 772
121.204.201.197 - - [17/Dec/2025:09:29:51 +0800] "GET /InternetTrading/longpoll/55955?X-Atmosphere-tracking-id=0&X-Atmosphere-Framework=2.2.3-javascript&X-Atmosphere-Transport=long-polling&X-Atmosphere-TrackMessageSize=true&Content-Type=charset%3Dutf-8&X-atmo-protocol=true&_=1765935234336 HTTP/1.1" 200 -
14.0.224.36 - - [17/Dec/2025:09:29:52 +0800] "GET /InternetTrading/longpoll/A8127?X-Atmosphere-tracking-id=0&X-Atmosphere-Framework=2.2.3-javascript&X-Atmosphere-Transport=long-polling&X-Atmosphere-TrackMessageSize=true&Content-Type=charset%3Dutf-8&X-atmo-protocol=true&_=1765935237426 HTTP/1.1" 200 -
119.34.176.224 - - [17/Dec/2025:09:29:53 +0800] "GET /InternetTrading/longpoll/13979?X-Atmosphere-tracking-id=0&X-Atmosphere-Framework=2.2.3-javascript&X-Atmosphere-Transport=long-polling&X-Atmosphere-TrackMessageSize=true&Content-Type=charset%3Dutf-8&X-atmo-protocol=true&_=1765935238450 HTTP/1.1" 200 -
58.152.215.40 - - [17/Dec/2025:09:29:54 +0800] "GET /InternetTrading/longpoll/55136?X-Atmosphere-tracking-id=0&X-Atmosphere-Framework=2.2.3-javascript&X-Atmosphere-Transport=long-polling&X-Atmosphere-TrackMessageSize=true&Content-Type=charset%3Dutf-8&X-atmo-protocol=true&_=1765935237234 HTTP/1.1" 200 -
61.239.100.147 - - [17/Dec/2025:09:29:55 +0800] "GET /InternetTrading/longpoll/13925?X-Atmosphere-tracking-id=0&X-Atmosphere-Framework=2.2.3-javascript&X-Atmosphere-Transport=long-polling&X-Atmosphere-TrackMessageSize=true&Content-Type=charset%3Dutf-8&X-atmo-protocol=true&_=1765935238443 HTTP/1.1" 200 -
119.136.155.219 - - [17/Dec/2025:09:29:56 +0800] "GET /InternetTrading/longpoll/51803?X-Atmosphere-tracking-id=0&X-Atmosphere-Framework=2.2.3-javascript&X-Atmosphere-Transport=long-polling&X-Atmosphere-TrackMessageSize=true&Content-Type=charset%3Dutf-8&X-atmo-protocol=true&_=1765935243656 HTTP/1.1" 200 -
121.204.201.197 - - [17/Dec/2025:09:29:56 +0800] "GET /InternetTrading/longpoll/55955?X-Atmosphere-tracking-id=0&X-Atmosphere-Framework=2.2.3-javascript&X-Atmosphere-Transport=long-polling&X-Atmosphere-TrackMessageSize=true&Content-Type=charset%3Dutf-8&X-atmo-protocol=true&_=1765935239549 HTTP/1.1" 200 -
14.0.224.36 - - [17/Dec/2025:09:29:57 +0800] "GET /InternetTrading/longpoll/A8127?X-Atmosphere-tracking-id=0&X-Atmosphere-Framework=2.2.3-javascript&X-Atmosphere-Transport=long-polling&X-Atmosphere-TrackMessageSize=true&Content-Type=charset%3Dutf-8&X-atmo-protocol=true&_=1765935242501 HTTP/1.1" 200 -
119.34.176.224 - - [17/Dec/2025:09:29:58 +0800] "GET /InternetTrading/longpoll/13979?X-Atmosphere-tracking-id=0&X-Atmosphere-Framework=2.2.3-javascript&X-Atmosphere-Transport=long-polling&X-Atmosphere-TrackMessageSize=true&Content-Type=charset%3Dutf-8&X-atmo-protocol=true&_=1765935243921 HTTP/1.1" 200 -
58.152.215.40 - - [17/Dec/2025:09:29:59 +0800] "GET /InternetTrading/longpoll/55136?X-Atmosphere-tracking-id=0&X-Atmosphere-Framework=2.2.3-javascript&X-Atmosphere-Transport=long-polling&X-Atmosphere-TrackMessageSize=true&Content-Type=charset%3Dutf-8&X-atmo-protocol=true&_=1765935242263 HTTP/1.1" 200 -
113.196.56.150 - - [17/Dec/2025:09:30:00 +0800] "GET /include/apr_sdbm.h HTTP/1.1" 200 6289
119.136.155.219 - - [17/Dec/2025:09:30:01 +0800] "GET /InternetTrading/longpoll/51803?X-Atmosphere-tracking-id=0&X-Atmosphere-Framework=2.2.3-javascript&X-Atmosphere-Transport=long-polling&X-Atmosphere-TrackMessageSize=true&Content-Type=charset%3Dutf-8&X-atmo-protocol=true&_=1765935248713 HTTP/1.1" 200 -
61.239.100.147 - - [17/Dec/2025:09:30:01 +0800] "GET /InternetTrading/longpoll/13925?X-Atmosphere-tracking-id=0&X-Atmosphere-Framework=2.2.3-javascript&X-Atmosphere-Transport=long-polling&X-Atmosphere-TrackMessageSize=true&Content-Type=charset%3Dutf-8&X-atmo-protocol=true&_=1765935244456 HTTP/1.1" 200 -
121.204.201.197 - - [17/Dec/2025:09:30:01 +0800] "GET /InternetTrading/longpoll/55955?X-Atmosphere-tracking-id=0&X-Atmosphere-Framework=2.2.3-javascript&X-Atmosphere-Transport=long-polling&X-Atmosphere-TrackMessageSize=true&Content-Type=charset%3Dutf-8&X-atmo-protocol=true&_=1765935244697 HTTP/1.1" 200 -
121.204.201.197 - - [17/Dec/2025:09:30:02 +0800] "POST /InternetTrading/SessionErrorLogger HTTP/1.1" 200 117
121.204.201.197 - - [17/Dec/2025:09:30:02 +0800] "POST /InternetTrading/Heartbeat HTTP/1.1" 200 32
121.204.201.197 - - [17/Dec/2025:09:30:02 +0800] "POST /InternetTrading/SessionErrorLogger HTTP/1.1" 200 117
121.204.201.197 - - [17/Dec/2025:09:30:02 +0800] "POST /InternetTrading/MarketStatus HTTP/1.1" 200 772
14.0.224.36 - - [17/Dec/2025:09:30:02 +0800] "GET /InternetTrading/longpoll/A8127?X-Atmosphere-tracking-id=0&X-Atmosphere-Framework=2.2.3-javascript&X-Atmosphere-Transport=long-polling&X-Atmosphere-TrackMessageSize=true&Content-Type=charset%3Dutf-8&X-atmo-protocol=true&_=1765935247713 HTTP/1.1" 200 -
113.196.56.150 - - [17/Dec/2025:09:30:03 +0800] "GET /include/apr_hash.h HTTP/1.1" 200 10605
113.196.56.150 - - [17/Dec/2025:09:30:03 +0800] "GET /include/apr_support.h HTTP/1.1" 200 1691
119.34.176.224 - - [17/Dec/2025:09:30:04 +0800] "GET /InternetTrading/longpoll/13979?X-Atmosphere-tracking-id=0&X-Atmosphere-Framework=2.2.3-javascript&X-Atmosphere-Transport=long-polling&X-Atmosphere-TrackMessageSize=true&Content-Type=charset%3Dutf-8&X-atmo-protocol=true&_=1765935249004 HTTP/1.1" 200 -
58.152.215.40 - - [17/Dec/2025:09:30:04 +0800] "GET /InternetTrading/longpoll/55136?X-Atmosphere-tracking-id=0&X-Atmosphere-Framework=2.2.3-javascript&X-Atmosphere-Transport=long-polling&X-Atmosphere-TrackMessageSize=true&Content-Type=charset%3Dutf-8&X-atmo-protocol=true&_=1765935247300 HTTP/1.1" 200 -
113.196.56.150 - - [17/Dec/2025:09:30:05 +0800] "GET /include/ap_regkey.h HTTP/1.1" 200 9402
113.196.56.150 - - [17/Dec/2025:09:30:06 +0800] "GET /include/apr_file_info.h HTTP/1.1" 200 18012
113.196.56.150 - - [17/Dec/2025:09:30:06 +0800] "GET /include/apr_mmap.h HTTP/1.1" 200 5304
113.196.56.150 - - [17/Dec/2025:09:30:06 +0800] "GET /include/ap_socache.h HTTP/1.1" 200 9617
113.196.56.150 - - [17/Dec/2025:09:30:06 +0800] "GET /include/mod_dav.h HTTP/1.1" 200 102701
113.196.56.150 - - [17/Dec/2025:09:30:06 +0800] "GET /include/apr_reslist.h HTTP/1.1" 200 7359
113.196.56.150 - - [17/Dec/2025:09:30:06 +0800] "GET /include/apr_tables.h HTTP/1.1" 200 19861
121.204.201.197 - - [17/Dec/2025:09:30:06 +0800] "GET /InternetTrading/longpoll/55955?X-Atmosphere-tracking-id=0&X-Atmosphere-Framework=2.2.3-javascript&X-Atmosphere-Transport=long-polling&X-Atmosphere-TrackMessageSize=true&Content-Type=charset%3Dutf-8&X-atmo-protocol=true&_=1765935249890 HTTP/1.1" 200 -
113.196.56.150 - - [17/Dec/2025:09:30:06 +0800] "GET /include/apr_lib.h HTTP/1.1" 200 8671
113.196.56.150 - - [17/Dec/2025:09:30:06 +0800] "GET /include/heartbeat.h HTTP/1.1" 200 1655
119.136.155.219 - - [17/Dec/2025:09:30:06 +0800] "GET /InternetTrading/longpoll/51803?X-Atmosphere-tracking-id=0&X-Atmosphere-Framework=2.2.3-javascript&X-Atmosphere-Transport=long-polling&X-Atmosphere-TrackMessageSize=true&Content-Type=charset%3Dutf-8&X-atmo-protocol=true&_=1765935254236 HTTP/1.1" 200 -
113.196.56.150 - - [17/Dec/2025:09:30:07 +0800] "GET /include/apr_sha1.h HTTP/1.1" 200 4005
113.196.56.150 - - [17/Dec/2025:09:30:07 +0800] "GET /include/mod_log_config.h HTTP/1.1" 200 2559
113.196.56.150 - - [17/Dec/2025:09:30:07 +0800] "GET /include/apr_escape.h HTTP/1.1" 200 18077
113.196.56.150 - - [17/Dec/2025:09:30:07 +0800] "GET /include/apr_allocator.h HTTP/1.1" 200 6396
113.196.56.150 - - [17/Dec/2025:09:30:07 +0800] "GET /include/mod_ssl_openssl.h HTTP/1.1" 200 5027
61.239.100.147 - - [17/Dec/2025:09:30:07 +0800] "GET /InternetTrading/longpoll/13925?X-Atmosphere-tracking-id=0&X-Atmosphere-Framework=2.2.3-javascript&X-Atmosphere-Transport=long-polling&X-Atmosphere-TrackMessageSize=true&Content-Type=charset%3Dutf-8&X-atmo-protocol=true&_=1765935250448 HTTP/1.1" 200 -
113.196.56.150 - - [17/Dec/2025:09:30:07 +0800] "GET /include/util_mutex.h HTTP/1.1" 200 9515
113.196.56.150 - - [17/Dec/2025:09:30:07 +0800] "GET /include/apr_portable.h HTTP/1.1" 200 21052
113.196.56.150 - - [17/Dec/2025:09:30:07 +0800] "GET /include/apr_ldap_rebind.h HTTP/1.1" 200 3266
113.196.56.150 - - [17/Dec/2025:09:30:07 +0800] "GET /include/ap_hooks.h HTTP/1.1" 200 6150
113.196.56.150 - - [17/Dec/2025:09:30:07 +0800] "GET /include/apr_errno.h HTTP/1.1" 200 56403
113.196.56.150 - - [17/Dec/2025:09:30:07 +0800] "GET /include/apr_ldap.h HTTP/1.1" 200 5902
113.196.56.150 - - [17/Dec/2025:09:30:07 +0800] "GET /include/apr_fnmatch.h HTTP/1.1" 200 6382
113.196.56.150 - - [17/Dec/2025:09:30:07 +0800] "GET /include/util_filter.h HTTP/1.1" 200 27098
14.0.224.36 - - [17/Dec/2025:09:30:07 +0800] "GET /InternetTrading/longpoll/A8127?X-Atmosphere-tracking-id=0&X-Atmosphere-Framework=2.2.3-javascript&X-Atmosphere-Transport=long-polling&X-Atmosphere-TrackMessageSize=true&Content-Type=charset%3Dutf-8&X-atmo-protocol=true&_=1765935252942 HTTP/1.1" 200 -
113.196.56.150 - - [17/Dec/2025:09:30:07 +0800] "GET /include/apr_md4.h HTTP/1.1" 200 4660
113.196.56.150 - - [17/Dec/2025:09:30:07 +0800] "GET /include/httpd.h HTTP/1.1" 200 98690
113.196.56.150 - - [17/Dec/2025:09:30:08 +0800] "GET /include/apr_redis.h HTTP/1.1" 200 16454
113.196.56.150 - - [17/Dec/2025:09:30:08 +0800] "GET /include/apr_siphash.h HTTP/1.1" 200 6306
113.196.56.150 - - [17/Dec/2025:09:30:08 +0800] "GET /include/util_ebcdic.h HTTP/1.1" 200 2844
113.196.56.150 - - [17/Dec/2025:09:30:08 +0800] "GET /include/apr_escape_test_char.h HTTP/1.1" 200 1436
113.196.56.150 - - [17/Dec/2025:09:30:08 +0800] "GET /include/mod_watchdog.h HTTP/1.1" 200 7731
113.196.56.150 - - [17/Dec/2025:09:30:08 +0800] "GET /include/apr_dbm.h HTTP/1.1" 200 8826
113.196.56.150 - - [17/Dec/2025:09:30:08 +0800] "GET /include/apr_encode.h HTTP/1.1" 200 31727
113.196.56.150 - - [17/Dec/2025:09:30:08 +0800] "GET /include/apr_thread_pool.h HTTP/1.1" 200 11403
113.196.56.150 - - [17/Dec/2025:09:30:08 +0800] "GET /include/apr_user.h HTTP/1.1" 200 5468
113.196.56.150 - - [17/Dec/2025:09:30:08 +0800] "GET /include/apr_xlate.h HTTP/1.1" 200 6571
113.196.56.150 - - [17/Dec/2025:09:30:09 +0800] "GET /include/http_core.h HTTP/1.1" 200 38200
119.34.176.224 - - [17/Dec/2025:09:30:09 +0800] "GET /InternetTrading/longpoll/13979?X-Atmosphere-tracking-id=0&X-Atmosphere-Framework=2.2.3-javascript&X-Atmosphere-Transport=long-polling&X-Atmosphere-TrackMessageSize=true&Content-Type=charset%3Dutf-8&X-atmo-protocol=true&_=1765935254155 HTTP/1.1" 200 -
113.196.56.150 - - [17/Dec/2025:09:30:09 +0800] "GET /include/apr_memcache.h HTTP/1.1" 200 17668
113.196.56.150 - - [17/Dec/2025:09:30:09 +0800] "GET /include/mod_core.h HTTP/1.1" 200 3509
113.196.56.150 - - [17/Dec/2025:09:30:09 +0800] "GET /include/mpm_common.h HTTP/1.1" 200 17806
113.196.56.150 - - [17/Dec/2025:09:30:09 +0800] "GET /include/mod_proxy.h HTTP/1.1" 200 68844
58.152.215.40 - - [17/Dec/2025:09:30:09 +0800] "GET /InternetTrading/longpoll/55136?X-Atmosphere-tracking-id=0&X-Atmosphere-Framework=2.2.3-javascript&X-Atmosphere-Transport=long-polling&X-Atmosphere-TrackMessageSize=true&Content-Type=charset%3Dutf-8&X-atmo-protocol=true&_=1765935252343 HTTP/1.1" 200 -
113.196.56.150 - - [17/Dec/2025:09:30:09 +0800] "GET /include/apr_network_io.h HTTP/1.1" 200 37834
113.196.56.150 - - [17/Dec/2025:09:30:09 +0800] "GET /include/http_connection.h HTTP/1.1" 200 7322
113.196.56.150 - - [17/Dec/2025:09:30:10 +0800] "GET /include/http_request.h HTTP/1.1" 200 26977
113.196.56.150 - - [17/Dec/2025:09:30:10 +0800] "GET /include/apr_inherit.h HTTP/1.1" 200 2190
113.196.56.150 - - [17/Dec/2025:09:30:10 +0800] "GET /include/ap_mpm.h HTTP/1.1" 200 10933
113.196.56.150 - - [17/Dec/2025:09:30:10 +0800] "GET /include/apr_xml.h HTTP/1.1" 200 12844
113.196.56.150 - - [17/Dec/2025:09:30:10 +0800] "GET /include/apr_uri.h HTTP/1.1" 200 6767
119.136.155.219 - - [17/Dec/2025:09:30:10 +0800] "POST /InternetTrading/SessionErrorLogger HTTP/1.1" 200 117
119.136.155.219 - - [17/Dec/2025:09:30:10 +0800] "POST /InternetTrading/Heartbeat HTTP/1.1" 200 32
119.136.155.219 - - [17/Dec/2025:09:30:10 +0800] "POST /InternetTrading/SessionErrorLogger HTTP/1.1" 200 117
58.152.215.40 - - [17/Dec/2025:09:30:10 +0800] "POST /InternetTrading/SessionErrorLogger HTTP/1.1" 200 117
119.136.155.219 - - [17/Dec/2025:09:30:10 +0800] "POST /InternetTrading/MarketStatus HTTP/1.1" 200 772
58.152.215.40 - - [17/Dec/2025:09:30:11 +0800] "POST /InternetTrading/Heartbeat HTTP/1.1" 200 32
58.152.215.40 - - [17/Dec/2025:09:30:11 +0800] "POST /InternetTrading/SessionErrorLogger HTTP/1.1" 200 117
58.152.215.40 - - [17/Dec/2025:09:30:11 +0800] "POST /InternetTrading/MarketStatus HTTP/1.1" 200 772
113.196.56.150 - - [17/Dec/2025:09:30:11 +0800] "GET /include/apr_env.h HTTP/1.1" 200 2172
113.196.56.150 - - [17/Dec/2025:09:30:11 +0800] "GET /include/http_ssl.h HTTP/1.1" 200 15292
121.204.201.197 - - [17/Dec/2025:09:30:11 +0800] "GET /InternetTrading/longpoll/55955?X-Atmosphere-tracking-id=0&X-Atmosphere-Framework=2.2.3-javascript&X-Atmosphere-Transport=long-polling&X-Atmosphere-TrackMessageSize=true&Content-Type=charset%3Dutf-8&X-atmo-protocol=true&_=1765935254959 HTTP/1.1" 200 -
113.196.56.150 - - [17/Dec/2025:09:30:12 +0800] "GET /include/apr_cstr.h HTTP/1.1" 200 11690
119.136.155.219 - - [17/Dec/2025:09:30:12 +0800] "GET /InternetTrading/longpoll/51803?X-Atmosphere-tracking-id=0&X-Atmosphere-Framework=2.2.3-javascript&X-Atmosphere-Transport=long-polling&X-Atmosphere-TrackMessageSize=true&Content-Type=charset%3Dutf-8&X-atmo-protocol=true&_=1765935260236 HTTP/1.1" 200 -
14.0.224.36 - - [17/Dec/2025:09:30:13 +0800] "GET /InternetTrading/longpoll/A8127?X-Atmosphere-tracking-id=0&X-Atmosphere-Framework=2.2.3-javascript&X-Atmosphere-Transport=long-polling&X-Atmosphere-TrackMessageSize=true&Content-Type=charset%3Dutf-8&X-atmo-protocol=true&_=1765935258145 HTTP/1.1" 200 -
113.196.56.150 - - [17/Dec/2025:09:30:13 +0800] "GET /include/cache_common.h HTTP/1.1" 200 2073
61.239.100.147 - - [17/Dec/2025:09:30:13 +0800] "GET /InternetTrading/longpoll/13925?X-Atmosphere-tracking-id=0&X-Atmosphere-Framework=2.2.3-javascript&X-Atmosphere-Transport=long-polling&X-Atmosphere-TrackMessageSize=true&Content-Type=charset%3Dutf-8&X-atmo-protocol=true&_=1765935256449 HTTP/1.1" 200 -
119.34.176.224 - - [17/Dec/2025:09:30:14 +0800] "POST /InternetTrading/SessionErrorLogger HTTP/1.1" 200 117
119.34.176.224 - - [17/Dec/2025:09:30:14 +0800] "POST /InternetTrading/Heartbeat HTTP/1.1" 200 32
119.34.176.224 - - [17/Dec/2025:09:30:14 +0800] "GET /InternetTrading/longpoll/13979?X-Atmosphere-tracking-id=0&X-Atmosphere-Framework=2.2.3-javascript&X-Atmosphere-Transport=long-polling&X-Atmosphere-TrackMessageSize=true&Content-Type=charset%3Dutf-8&X-atmo-protocol=true&_=1765935259409 HTTP/1.1" 200 -
58.152.215.40 - - [17/Dec/2025:09:30:14 +0800] "GET /InternetTrading/longpoll/55136?X-Atmosphere-tracking-id=0&X-Atmosphere-Framework=2.2.3-javascript&X-Atmosphere-Transport=long-polling&X-Atmosphere-TrackMessageSize=true&Content-Type=charset%3Dutf-8&X-atmo-protocol=true&_=1765935257384 HTTP/1.1" 200 -
113.196.56.150 - - [17/Dec/2025:09:30:14 +0800] "GET /include/apr_optional.h HTTP/1.1" 200 2872
113.196.56.150 - - [17/Dec/2025:09:30:14 +0800] "GET /include/apr_hooks.h HTTP/1.1" 200 13018
113.196.56.150 - - [17/Dec/2025:09:30:14 +0800] "GET /include/ap_provider.h HTTP/1.1" 200 3637
113.196.56.150 - - [17/Dec/2025:09:30:15 +0800] "GET /include/mod_cache.h HTTP/1.1" 200 7448
113.196.56.150 - - [17/Dec/2025:09:30:15 +0800] "GET /include/util_charset.h HTTP/1.1" 200 2339
113.196.56.150 - - [17/Dec/2025:09:30:15 +0800] "GET /include/mod_status.h HTTP/1.1" 200 2505
113.196.56.150 - - [17/Dec/2025:09:30:15 +0800] "GET /include/apr_uuid.h HTTP/1.1" 200 2178
113.196.56.150 - - [17/Dec/2025:09:30:15 +0800] "GET /include/ap_slotmem.h HTTP/1.1" 200 7434
14.0.224.36 - - [17/Dec/2025:09:30:16 +0800] "POST /InternetTrading/SessionErrorLogger HTTP/1.1" 200 117
14.0.224.36 - - [17/Dec/2025:09:30:16 +0800] "POST /InternetTrading/Heartbeat HTTP/1.1" 200 32
119.34.176.224 - - [17/Dec/2025:09:30:16 +0800] "POST /InternetTrading/SessionErrorLogger HTTP/1.1" 200 117
119.34.176.224 - - [17/Dec/2025:09:30:16 +0800] "POST /InternetTrading/MarketStatus HTTP/1.1" 200 772
121.204.201.197 - - [17/Dec/2025:09:30:17 +0800] "GET /InternetTrading/longpoll/55955?X-Atmosphere-tracking-id=0&X-Atmosphere-Framework=2.2.3-javascript&X-Atmosphere-Transport=long-polling&X-Atmosphere-TrackMessageSize=true&Content-Type=charset%3Dutf-8&X-atmo-protocol=true&_=1765935260045 HTTP/1.1" 200 -
119.136.155.219 - - [17/Dec/2025:09:30:17 +0800] "GET /InternetTrading/longpoll/51803?X-Atmosphere-tracking-id=0&X-Atmosphere-Framework=2.2.3-javascript&X-Atmosphere-Transport=long-polling&X-Atmosphere-TrackMessageSize=true&Content-Type=charset%3Dutf-8&X-atmo-protocol=true&_=1765935265266 HTTP/1.1" 200 -
14.0.224.36 - - [17/Dec/2025:09:30:18 +0800] "GET /InternetTrading/longpoll/A8127?X-Atmosphere-tracking-id=0&X-Atmosphere-Framework=2.2.3-javascript&X-Atmosphere-Transport=long-polling&X-Atmosphere-TrackMessageSize=true&Content-Type=charset%3Dutf-8&X-atmo-protocol=true&_=1765935263376 HTTP/1.1" 200 -
113.196.56.150 - - [17/Dec/2025:09:30:19 +0800] "GET /include/ap_compat.h HTTP/1.1" 200 1105
58.152.215.40 - - [17/Dec/2025:09:30:19 +0800] "GET /InternetTrading/longpoll/55136?X-Atmosphere-tracking-id=0&X-Atmosphere-Framework=2.2.3-javascript&X-Atmosphere-Transport=long-polling&X-Atmosphere-TrackMessageSize=true&Content-Type=charset%3Dutf-8&X-atmo-protocol=true&_=1765935262405 HTTP/1.1" 200 -
119.34.176.224 - - [17/Dec/2025:09:30:19 +0800] "GET /InternetTrading/longpoll/13979?X-Atmosphere-tracking-id=0&X-Atmosphere-Framework=2.2.3-javascript&X-Atmosphere-Transport=long-polling&X-Atmosphere-TrackMessageSize=true&Content-Type=charset%3Dutf-8&X-atmo-protocol=true&_=1765935264469 HTTP/1.1" 200 -
61.239.100.147 - - [17/Dec/2025:09:30:19 +0800] "GET /InternetTrading/longpoll/13925?X-Atmosphere-tracking-id=0&X-Atmosphere-Framework=2.2.3-javascript&X-Atmosphere-Transport=long-polling&X-Atmosphere-TrackMessageSize=true&Content-Type=charset%3Dutf-8&X-atmo-protocol=true&_=1765935262441 HTTP/1.1" 200 -
113.196.56.150 - - [17/Dec/2025:09:30:19 +0800] "GET /include/http_config.h HTTP/1.1" 200 59169
113.196.56.150 - - [17/Dec/2025:09:30:19 +0800] "GET /include/mod_auth.h HTTP/1.1" 200 4664
113.196.56.150 - - [17/Dec/2025:09:30:20 +0800] "GET /include/util_cookies.h HTTP/1.1" 200 5107
113.196.56.150 - - [17/Dec/2025:09:30:20 +0800] "GET /include/apr_ring.h HTTP/1.1" 200 19743
113.196.56.150 - - [17/Dec/2025:09:30:20 +0800] "GET /include/scoreboard.h HTTP/1.1" 200 10222
113.196.56.150 - - [17/Dec/2025:09:30:20 +0800] "GET /include/mod_http2.h HTTP/1.1" 200 4798
113.196.56.150 - - [17/Dec/2025:09:30:21 +0800] "GET /include/apu_errno.h HTTP/1.1" 200 5617
14.0.224.36 - - [17/Dec/2025:09:30:21 +0800] "POST /InternetTrading/SessionErrorLogger HTTP/1.1" 200 117
14.0.224.36 - - [17/Dec/2025:09:30:21 +0800] "POST /InternetTrading/MarketStatus HTTP/1.1" 200 772
113.196.56.150 - - [17/Dec/2025:09:30:21 +0800] "GET /include/apu.h HTTP/1.1" 200 4878
113.196.56.150 - - [17/Dec/2025:09:30:21 +0800] "GET /include/util_xml.h HTTP/1.1" 200 1392
121.204.201.197 - - [17/Dec/2025:09:30:22 +0800] "GET /InternetTrading/longpoll/55955?X-Atmosphere-tracking-id=0&X-Atmosphere-Framework=2.2.3-javascript&X-Atmosphere-Transport=long-polling&X-Atmosphere-TrackMessageSize=true&Content-Type=charset%3Dutf-8&X-atmo-protocol=true&_=1765935265192 HTTP/1.1" 200 -
113.196.56.150 - - [17/Dec/2025:09:30:22 +0800] "GET /include/util_cfgtree.h HTTP/1.1" 200 3251
113.196.56.150 - - [17/Dec/2025:09:30:22 +0800] "GET /include/http_protocol.h HTTP/1.1" 200 43529
119.136.155.219 - - [17/Dec/2025:09:30:23 +0800] "GET /InternetTrading/longpoll/51803?X-Atmosphere-tracking-id=0&X-Atmosphere-Framework=2.2.3-javascript&X-Atmosphere-Transport=long-polling&X-Atmosphere-TrackMessageSize=true&Content-Type=charset%3Dutf-8&X-atmo-protocol=true&_=1765935270294 HTTP/1.1" 200 -
113.196.56.150 - - [17/Dec/2025:09:30:23 +0800] "GET /include/apr_dbd.h HTTP/1.1" 200 24458
14.0.224.36 - - [17/Dec/2025:09:30:23 +0800] "GET /InternetTrading/longpoll/A8127?X-Atmosphere-tracking-id=0&X-Atmosphere-Framework=2.2.3-javascript&X-Atmosphere-Transport=long-polling&X-Atmosphere-TrackMessageSize=true&Content-Type=charset%3Dutf-8&X-atmo-protocol=true&_=1765935268518 HTTP/1.1" 200 -
113.196.56.150 - - [17/Dec/2025:09:30:24 +0800] "GET /include/apr_want.h HTTP/1.1" 200 3082
58.152.215.40 - - [17/Dec/2025:09:30:24 +0800] "GET /InternetTrading/longpoll/55136?X-Atmosphere-tracking-id=0&X-Atmosphere-Framework=2.2.3-javascript&X-Atmosphere-Transport=long-polling&X-Atmosphere-TrackMessageSize=true&Content-Type=charset%3Dutf-8&X-atmo-protocol=true&_=1765935267430 HTTP/1.1" 200 -
119.34.176.224 - - [17/Dec/2025:09:30:24 +0800] "GET /InternetTrading/longpoll/13979?X-Atmosphere-tracking-id=0&X-Atmosphere-Framework=2.2.3-javascript&X-Atmosphere-Transport=long-polling&X-Atmosphere-TrackMessageSize=true&Content-Type=charset%3Dutf-8&X-atmo-protocol=true&_=1765935269559 HTTP/1.1" 200 -
113.196.56.150 - - [17/Dec/2025:09:30:25 +0800] "GET /include/apr_base64.h HTTP/1.1" 200 3957
113.196.56.150 - - [17/Dec/2025:09:30:25 +0800] "GET /include/ap_mmn.h HTTP/1.1" 200 40585
61.239.100.147 - - [17/Dec/2025:09:30:25 +0800] "GET /InternetTrading/longpoll/13925?X-Atmosphere-tracking-id=0&X-Atmosphere-Framework=2.2.3-javascript&X-Atmosphere-Transport=long-polling&X-Atmosphere-TrackMessageSize=true&Content-Type=charset%3Dutf-8&X-atmo-protocol=true&_=1765935268452 HTTP/1.1" 200 -
113.196.56.150 - - [17/Dec/2025:09:30:25 +0800] "GET /include/ap_config.h HTTP/1.1" 200 6812
113.196.56.150 - - [17/Dec/2025:09:30:25 +0800] "GET /include/apr_ldap_option.h HTTP/1.1" 200 8858
113.196.56.150 - - [17/Dec/2025:09:30:25 +0800] "GET /include/util_fcgi.h HTTP/1.1" 200 10264
113.196.56.150 - - [17/Dec/2025:09:30:25 +0800] "GET /include/apr_thread_mutex.h HTTP/1.1" 200 4621
113.196.56.150 - - [17/Dec/2025:09:30:26 +0800] "GET /include/ap_release.h HTTP/1.1" 200 3227
113.196.56.150 - - [17/Dec/2025:09:30:26 +0800] "GET /include/apr_thread_cond.h HTTP/1.1" 200 5664
121.204.201.197 - - [17/Dec/2025:09:30:27 +0800] "GET /InternetTrading/longpoll/55955?X-Atmosphere-tracking-id=0&X-Atmosphere-Framework=2.2.3-javascript&X-Atmosphere-Transport=long-polling&X-Atmosphere-TrackMessageSize=true&Content-Type=charset%3Dutf-8&X-atmo-protocol=true&_=1765935270398 HTTP/1.1" 200 -
113.196.56.150 - - [17/Dec/2025:09:30:27 +0800] "GET /include/ap_expr.h HTTP/1.1" 200 14429
113.196.56.150 - - [17/Dec/2025:09:30:27 +0800] "GET /include/expat.h HTTP/1.1" 200 45145
113.196.56.150 - - [17/Dec/2025:09:30:27 +0800] "GET /include/apr_rmm.h HTTP/1.1" 200 4915
113.196.56.150 - - [17/Dec/2025:09:30:28 +0800] "GET /include/apr_pools.h HTTP/1.1" 200 32495
119.136.155.219 - - [17/Dec/2025:09:30:28 +0800] "GET /InternetTrading/longpoll/51803?X-Atmosphere-tracking-id=0&X-Atmosphere-Framework=2.2.3-javascript&X-Atmosphere-Transport=long-polling&X-Atmosphere-TrackMessageSize=true&Content-Type=charset%3Dutf-8&X-atmo-protocol=true&_=1765935275375 HTTP/1.1" 200 -
113.196.56.150 - - [17/Dec/2025:09:30:28 +0800] "GET /include/util_script.h HTTP/1.1" 200 10095
113.196.56.150 - - [17/Dec/2025:09:30:28 +0800] "GET /include/apr_atomic.h HTTP/1.1" 200 6395
113.196.56.150 - - [17/Dec/2025:09:30:28 +0800] "GET /include/ap_config_layout.h HTTP/1.1" 200 1241
113.196.56.150 - - [17/Dec/2025:09:30:28 +0800] "GET /include/mod_cgi.h HTTP/1.1" 200 2563
113.196.56.150 - - [17/Dec/2025:09:30:28 +0800] "GET /include/apr_crypto.h HTTP/1.1" 200 20664
113.196.56.150 - - [17/Dec/2025:09:30:28 +0800] "GET /include/ap_listen.h HTTP/1.1" 200 5992
113.196.56.150 - - [17/Dec/2025:09:30:28 +0800] "GET /include/apu_version.h HTTP/1.1" 200 4439
14.0.224.36 - - [17/Dec/2025:09:30:28 +0800] "GET /InternetTrading/longpoll/A8127?X-Atmosphere-tracking-id=0&X-Atmosphere-Framework=2.2.3-javascript&X-Atmosphere-Transport=long-polling&X-Atmosphere-TrackMessageSize=true&Content-Type=charset%3Dutf-8&X-atmo-protocol=true&_=1765935273619 HTTP/1.1" 200 -
113.196.56.150 - - [17/Dec/2025:09:30:29 +0800] "GET /include/util_ldap.h HTTP/1.1" 200 18772
113.196.56.150 - - [17/Dec/2025:09:30:29 +0800] "GET /include/apr_version.h HTTP/1.1" 200 5575
113.196.56.150 - - [17/Dec/2025:09:30:29 +0800] "GET /include/apr_getopt.h HTTP/1.1" 200 6140
58.152.215.40 - - [17/Dec/2025:09:30:29 +0800] "GET /InternetTrading/longpoll/55136?X-Atmosphere-tracking-id=0&X-Atmosphere-Framework=2.2.3-javascript&X-Atmosphere-Transport=long-polling&X-Atmosphere-TrackMessageSize=true&Content-Type=charset%3Dutf-8&X-atmo-protocol=true&_=1765935272477 HTTP/1.1" 200 -
113.196.56.150 - - [17/Dec/2025:09:30:29 +0800] "GET /include/apr_date.h HTTP/1.1" 200 3660
119.34.176.224 - - [17/Dec/2025:09:30:29 +0800] "GET /InternetTrading/longpoll/13979?X-Atmosphere-tracking-id=0&X-Atmosphere-Framework=2.2.3-javascript&X-Atmosphere-Transport=long-polling&X-Atmosphere-TrackMessageSize=true&Content-Type=charset%3Dutf-8&X-atmo-protocol=true&_=1765935274655 HTTP/1.1" 200 -
113.196.56.150 - - [17/Dec/2025:09:30:29 +0800] "GET /include/mod_include.h HTTP/1.1" 200 4104
113.196.56.150 - - [17/Dec/2025:09:30:29 +0800] "GET /include/apr_poll.h HTTP/1.1" 200 21545
113.196.56.150 - - [17/Dec/2025:09:30:30 +0800] "GET /include/apr_time.h HTTP/1.1" 200 7800
113.196.56.150 - - [17/Dec/2025:09:30:30 +0800] "GET /include/apr_shm.h HTTP/1.1" 200 9712
113.196.56.150 - - [17/Dec/2025:09:30:30 +0800] "GET /include/apr_queue.h HTTP/1.1" 200 4218
