121.204.201.197 - - [17/Dec/2025:09:55:18 +0800] "POST /InternetTrading/MarketStatus HTTP/1.1" 200 772
14.0.224.36 - - [17/Dec/2025:09:55:19 +0800] "GET /InternetTrading/longpoll/A8127?X-Atmosphere-tracking-id=0&X-Atmosphere-Framework=2.2.3-javascript&X-Atmosphere-Transport=long-polling&X-Atmosphere-TrackMessageSize=true&Content-Type=charset%3Dutf-8&X-atmo-protocol=true&_=1765936764230 HTTP/1.1" 200 -
119.34.176.224 - - [17/Dec/2025:09:55:19 +0800] "GET /InternetTrading/longpoll/13979?X-Atmosphere-tracking-id=0&X-Atmosphere-Framework=2.2.3-javascript&X-Atmosphere-Transport=long-polling&X-Atmosphere-TrackMessageSize=true&Content-Type=charset%3Dutf-8&X-atmo-protocol=true&_=1765936764809 HTTP/1.1" 200 -
14.0.224.36 - - [17/Dec/2025:09:55:21 +0800] "POST /InternetTrading/SessionErrorLogger HTTP/1.1" 200 117
14.0.224.36 - - [17/Dec/2025:09:55:21 +0800] "POST /InternetTrading/Heartbeat HTTP/1.1" 200 32
119.136.155.219 - - [17/Dec/2025:09:55:22 +0800] "GET /InternetTrading/longpoll/51803?X-Atmosphere-tracking-id=0&X-Atmosphere-Framework=2.2.3-javascript&X-Atmosphere-Transport=long-polling&X-Atmosphere-TrackMessageSize=true&Content-Type=charset%3Dutf-8&X-atmo-protocol=true&_=1765936769351 HTTP/1.1" 200 -
121.204.201.197 - - [17/Dec/2025:09:55:22 +0800] "GET /InternetTrading/longpoll/55955?X-Atmosphere-tracking-id=0&X-Atmosphere-Framework=2.2.3-javascript&X-Atmosphere-Transport=long-polling&X-Atmosphere-TrackMessageSize=true&Content-Type=charset%3Dutf-8&X-atmo-protocol=true&_=1765936765133 HTTP/1.1" 200 -
61.239.100.147 - - [17/Dec/2025:09:55:22 +0800] "GET /InternetTrading/longpoll/13925?X-Atmosphere-tracking-id=0&X-Atmosphere-Framework=2.2.3-javascript&X-Atmosphere-Transport=long-polling&X-Atmosphere-TrackMessageSize=true&Content-Type=charset%3Dutf-8&X-atmo-protocol=true&_=1765936765454 HTTP/1.1" 200 -
58.152.215.40 - - [17/Dec/2025:09:55:23 +0800] "GET /InternetTrading/longpoll/55136?X-Atmosphere-tracking-id=0&X-Atmosphere-Framework=2.2.3-javascript&X-Atmosphere-Transport=long-polling&X-Atmosphere-TrackMessageSize=true&Content-Type=charset%3Dutf-8&X-atmo-protocol=true&_=1765936766701 HTTP/1.1" 200 -
14.0.224.36 - - [17/Dec/2025:09:55:24 +0800] "GET /InternetTrading/longpoll/A8127?X-Atmosphere-tracking-id=0&X-Atmosphere-Framework=2.2.3-javascript&X-Atmosphere-Transport=long-polling&X-Atmosphere-TrackMessageSize=true&Content-Type=charset%3Dutf-8&X-atmo-protocol=true&_=1765936769477 HTTP/1.1" 200 -
119.34.176.224 - - [17/Dec/2025:09:55:24 +0800] "GET /InternetTrading/longpoll/13979?X-Atmosphere-tracking-id=0&X-Atmosphere-Framework=2.2.3-javascript&X-Atmosphere-Transport=long-polling&X-Atmosphere-TrackMessageSize=true&Content-Type=charset%3Dutf-8&X-atmo-protocol=true&_=1765936769901 HTTP/1.1" 200 -
119.136.155.219 - - [17/Dec/2025:09:55:27 +0800] "GET /InternetTrading/longpoll/51803?X-Atmosphere-tracking-id=0&X-Atmosphere-Framework=2.2.3-javascript&X-Atmosphere-Transport=long-polling&X-Atmosphere-TrackMessageSize=true&Content-Type=charset%3Dutf-8&X-atmo-protocol=true&_=1765936774413 HTTP/1.1" 200 -
121.204.201.197 - - [17/Dec/2025:09:55:27 +0800] "GET /InternetTrading/longpoll/55955?X-Atmosphere-tracking-id=0&X-Atmosphere-Framework=2.2.3-javascript&X-Atmosphere-Transport=long-polling&X-Atmosphere-TrackMessageSize=true&Content-Type=charset%3Dutf-8&X-atmo-protocol=true&_=1765936770208 HTTP/1.1" 200 -
61.239.100.147 - - [17/Dec/2025:09:55:28 +0800] "GET /InternetTrading/longpoll/13925?X-Atmosphere-tracking-id=0&X-Atmosphere-Framework=2.2.3-javascript&X-Atmosphere-Transport=long-polling&X-Atmosphere-TrackMessageSize=true&Content-Type=charset%3Dutf-8&X-atmo-protocol=true&_=1765936771454 HTTP/1.1" 200 -
58.152.215.40 - - [17/Dec/2025:09:55:28 +0800] "GET /InternetTrading/longpoll/55136?X-Atmosphere-tracking-id=0&X-Atmosphere-Framework=2.2.3-javascript&X-Atmosphere-Transport=long-polling&X-Atmosphere-TrackMessageSize=true&Content-Type=charset%3Dutf-8&X-atmo-protocol=true&_=1765936771747 HTTP/1.1" 200 -
14.0.224.36 - - [17/Dec/2025:09:55:29 +0800] "GET /InternetTrading/longpoll/A8127?X-Atmosphere-tracking-id=0&X-Atmosphere-Framework=2.2.3-javascript&X-Atmosphere-Transport=long-polling&X-Atmosphere-TrackMessageSize=true&Content-Type=charset%3Dutf-8&X-atmo-protocol=true&_=1765936774650 HTTP/1.1" 200 -
119.34.176.224 - - [17/Dec/2025:09:55:29 +0800] "GET /InternetTrading/longpoll/13979?X-Atmosphere-tracking-id=0&X-Atmosphere-Framework=2.2.3-javascript&X-Atmosphere-Transport=long-polling&X-Atmosphere-TrackMessageSize=true&Content-Type=charset%3Dutf-8&X-atmo-protocol=true&_=1765936774990 HTTP/1.1" 200 -
119.136.155.219 - - [17/Dec/2025:09:55:32 +0800] "GET /InternetTrading/longpoll/51803?X-Atmosphere-tracking-id=0&X-Atmosphere-Framework=2.2.3-javascript&X-Atmosphere-Transport=long-polling&X-Atmosphere-TrackMessageSize=true&Content-Type=charset%3Dutf-8&X-atmo-protocol=true&_=1765936779473 HTTP/1.1" 200 -
121.204.201.197 - - [17/Dec/2025:09:55:32 +0800] "GET /InternetTrading/longpoll/55955?X-Atmosphere-tracking-id=0&X-Atmosphere-Framework=2.2.3-javascript&X-Atmosphere-Transport=long-polling&X-Atmosphere-TrackMessageSize=true&Content-Type=charset%3Dutf-8&X-atmo-protocol=true&_=1765936775440 HTTP/1.1" 200 -
58.152.215.40 - - [17/Dec/2025:09:55:33 +0800] "GET /InternetTrading/longpoll/55136?X-Atmosphere-tracking-id=0&X-Atmosphere-Framework=2.2.3-javascript&X-Atmosphere-Transport=long-polling&X-Atmosphere-TrackMessageSize=true&Content-Type=charset%3Dutf-8&X-atmo-protocol=true&_=1765936776801 HTTP/1.1" 200 -
61.239.100.147 - - [17/Dec/2025:09:55:34 +0800] "GET /InternetTrading/longpoll/13925?X-Atmosphere-tracking-id=0&X-Atmosphere-Framework=2.2.3-javascript&X-Atmosphere-Transport=long-polling&X-Atmosphere-TrackMessageSize=true&Content-Type=charset%3Dutf-8&X-atmo-protocol=true&_=1765936777441 HTTP/1.1" 200 -
14.0.224.36 - - [17/Dec/2025:09:55:34 +0800] "GET /InternetTrading/longpoll/A8127?X-Atmosphere-tracking-id=0&X-Atmosphere-Framework=2.2.3-javascript&X-Atmosphere-Transport=long-polling&X-Atmosphere-TrackMessageSize=true&Content-Type=charset%3Dutf-8&X-atmo-protocol=true&_=1765936779799 HTTP/1.1" 200 -
119.34.176.224 - - [17/Dec/2025:09:55:35 +0800] "GET /InternetTrading/longpoll/13979?X-Atmosphere-tracking-id=0&X-Atmosphere-Framework=2.2.3-javascript&X-Atmosphere-Transport=long-polling&X-Atmosphere-TrackMessageSize=true&Content-Type=charset%3Dutf-8&X-atmo-protocol=true&_=1765936780097 HTTP/1.1" 200 -
119.34.176.224 - - [17/Dec/2025:09:55:35 +0800] "POST /InternetTrading/SessionErrorLogger HTTP/1.1" 200 117
119.34.176.224 - - [17/Dec/2025:09:55:35 +0800] "POST /InternetTrading/MarketStatus HTTP/1.1" 200 772
121.204.201.197 - - [17/Dec/2025:09:55:35 +0800] "POST /InternetTrading/SessionErrorLogger HTTP/1.1" 200 117
121.204.201.197 - - [17/Dec/2025:09:55:36 +0800] "POST /InternetTrading/Heartbeat HTTP/1.1" 200 32
119.136.155.219 - - [17/Dec/2025:09:55:36 +0800] "POST /InternetTrading/SessionErrorLogger HTTP/1.1" 200 117
119.136.155.219 - - [17/Dec/2025:09:55:36 +0800] "POST /InternetTrading/Heartbeat HTTP/1.1" 200 32
119.136.155.219 - - [17/Dec/2025:09:55:36 +0800] "POST /InternetTrading/SessionErrorLogger HTTP/1.1" 200 117
119.136.155.219 - - [17/Dec/2025:09:55:36 +0800] "POST /InternetTrading/MarketStatus HTTP/1.1" 200 772
14.0.224.36 - - [17/Dec/2025:09:55:37 +0800] "POST /InternetTrading/SessionErrorLogger HTTP/1.1" 200 117
14.0.224.36 - - [17/Dec/2025:09:55:37 +0800] "POST /InternetTrading/MarketStatus HTTP/1.1" 200 772
119.136.155.219 - - [17/Dec/2025:09:55:37 +0800] "GET /InternetTrading/longpoll/51803?X-Atmosphere-tracking-id=0&X-Atmosphere-Framework=2.2.3-javascript&X-Atmosphere-Transport=long-polling&X-Atmosphere-TrackMessageSize=true&Content-Type=charset%3Dutf-8&X-atmo-protocol=true&_=1765936784547 HTTP/1.1" 200 -
121.204.201.197 - - [17/Dec/2025:09:55:37 +0800] "GET /InternetTrading/longpoll/55955?X-Atmosphere-tracking-id=0&X-Atmosphere-Framework=2.2.3-javascript&X-Atmosphere-Transport=long-polling&X-Atmosphere-TrackMessageSize=true&Content-Type=charset%3Dutf-8&X-atmo-protocol=true&_=1765936780641 HTTP/1.1" 200 -
58.152.215.40 - - [17/Dec/2025:09:55:38 +0800] "GET /InternetTrading/longpoll/55136?X-Atmosphere-tracking-id=0&X-Atmosphere-Framework=2.2.3-javascript&X-Atmosphere-Transport=long-polling&X-Atmosphere-TrackMessageSize=true&Content-Type=charset%3Dutf-8&X-atmo-protocol=true&_=1765936781847 HTTP/1.1" 200 -
14.0.224.36 - - [17/Dec/2025:09:55:39 +0800] "GET /InternetTrading/longpoll/A8127?X-Atmosphere-tracking-id=0&X-Atmosphere-Framework=2.2.3-javascript&X-Atmosphere-Transport=long-polling&X-Atmosphere-TrackMessageSize=true&Content-Type=charset%3Dutf-8&X-atmo-protocol=true&_=1765936784954 HTTP/1.1" 200 -
119.34.176.224 - - [17/Dec/2025:09:55:40 +0800] "GET /InternetTrading/longpoll/13979?X-Atmosphere-tracking-id=0&X-Atmosphere-Framework=2.2.3-javascript&X-Atmosphere-Transport=long-polling&X-Atmosphere-TrackMessageSize=true&Content-Type=charset%3Dutf-8&X-atmo-protocol=true&_=1765936785180 HTTP/1.1" 200 -
61.239.100.147 - - [17/Dec/2025:09:55:40 +0800] "GET /InternetTrading/longpoll/13925?X-Atmosphere-tracking-id=0&X-Atmosphere-Framework=2.2.3-javascript&X-Atmosphere-Transport=long-polling&X-Atmosphere-TrackMessageSize=true&Content-Type=charset%3Dutf-8&X-atmo-protocol=true&_=1765936783445 HTTP/1.1" 200 -
119.136.155.219 - - [17/Dec/2025:09:55:42 +0800] "GET /InternetTrading/longpoll/51803?X-Atmosphere-tracking-id=0&X-Atmosphere-Framework=2.2.3-javascript&X-Atmosphere-Transport=long-polling&X-Atmosphere-TrackMessageSize=true&Content-Type=charset%3Dutf-8&X-atmo-protocol=true&_=1765936789574 HTTP/1.1" 200 -
58.152.215.40 - - [17/Dec/2025:09:55:42 +0800] "POST /InternetTrading/SessionErrorLogger HTTP/1.1" 200 117
58.152.215.40 - - [17/Dec/2025:09:55:42 +0800] "POST /InternetTrading/Heartbeat HTTP/1.1" 200 32
58.152.215.40 - - [17/Dec/2025:09:55:42 +0800] "POST /InternetTrading/SessionErrorLogger HTTP/1.1" 200 117
58.152.215.40 - - [17/Dec/2025:09:55:42 +0800] "POST /InternetTrading/MarketStatus HTTP/1.1" 200 772
121.204.201.197 - - [17/Dec/2025:09:55:42 +0800] "GET /InternetTrading/longpoll/55955?X-Atmosphere-tracking-id=0&X-Atmosphere-Framework=2.2.3-javascript&X-Atmosphere-Transport=long-polling&X-Atmosphere-TrackMessageSize=true&Content-Type=charset%3Dutf-8&X-atmo-protocol=true&_=1765936785722 HTTP/1.1" 200 -
58.152.215.40 - - [17/Dec/2025:09:55:43 +0800] "GET /InternetTrading/longpoll/55136?X-Atmosphere-tracking-id=0&X-Atmosphere-Framework=2.2.3-javascript&X-Atmosphere-Transport=long-polling&X-Atmosphere-TrackMessageSize=true&Content-Type=charset%3Dutf-8&X-atmo-protocol=true&_=1765936786885 HTTP/1.1" 200 -
14.0.224.36 - - [17/Dec/2025:09:55:44 +0800] "GET /InternetTrading/longpoll/A8127?X-Atmosphere-tracking-id=0&X-Atmosphere-Framework=2.2.3-javascript&X-Atmosphere-Transport=long-polling&X-Atmosphere-TrackMessageSize=true&Content-Type=charset%3Dutf-8&X-atmo-protocol=true&_=1765936790013 HTTP/1.1" 200 -
119.34.176.224 - - [17/Dec/2025:09:55:45 +0800] "GET /InternetTrading/longpoll/13979?X-Atmosphere-tracking-id=0&X-Atmosphere-Framework=2.2.3-javascript&X-Atmosphere-Transport=long-polling&X-Atmosphere-TrackMessageSize=true&Content-Type=charset%3Dutf-8&X-atmo-protocol=true&_=1765936790276 HTTP/1.1" 200 -
61.239.100.147 - - [17/Dec/2025:09:55:46 +0800] "GET /InternetTrading/longpoll/13925?X-Atmosphere-tracking-id=0&X-Atmosphere-Framework=2.2.3-javascript&X-Atmosphere-Transport=long-polling&X-Atmosphere-TrackMessageSize=true&Content-Type=charset%3Dutf-8&X-atmo-protocol=true&_=1765936789452 HTTP/1.1" 200 -
119.136.155.219 - - [17/Dec/2025:09:55:47 +0800] "GET /InternetTrading/longpoll/51803?X-Atmosphere-tracking-id=0&X-Atmosphere-Framework=2.2.3-javascript&X-Atmosphere-Transport=long-polling&X-Atmosphere-TrackMessageSize=true&Content-Type=charset%3Dutf-8&X-atmo-protocol=true&_=1765936794618 HTTP/1.1" 200 -
121.204.201.197 - - [17/Dec/2025:09:55:47 +0800] "GET /InternetTrading/longpoll/55955?X-Atmosphere-tracking-id=0&X-Atmosphere-Framework=2.2.3-javascript&X-Atmosphere-Transport=long-polling&X-Atmosphere-TrackMessageSize=true&Content-Type=charset%3Dutf-8&X-atmo-protocol=true&_=1765936790904 HTTP/1.1" 200 -
119.34.176.224 - - [17/Dec/2025:09:55:48 +0800] "POST /InternetTrading/SessionErrorLogger HTTP/1.1" 200 117
119.34.176.224 - - [17/Dec/2025:09:55:48 +0800] "POST /InternetTrading/Heartbeat HTTP/1.1" 200 32
121.204.201.197 - - [17/Dec/2025:09:55:48 +0800] "POST /InternetTrading/SessionErrorLogger HTTP/1.1" 200 117
121.204.201.197 - - [17/Dec/2025:09:55:48 +0800] "POST /InternetTrading/MarketStatus HTTP/1.1" 200 772
58.152.215.40 - - [17/Dec/2025:09:55:48 +0800] "GET /InternetTrading/longpoll/55136?X-Atmosphere-tracking-id=0&X-Atmosphere-Framework=2.2.3-javascript&X-Atmosphere-Transport=long-polling&X-Atmosphere-TrackMessageSize=true&Content-Type=charset%3Dutf-8&X-atmo-protocol=true&_=1765936791903 HTTP/1.1" 200 -
61.239.100.147 - - [17/Dec/2025:09:55:49 +0800] "POST /InternetTrading/SessionErrorLogger HTTP/1.1" 200 117
61.239.100.147 - - [17/Dec/2025:09:55:49 +0800] "POST /InternetTrading/MarketStatus HTTP/1.1" 200 772
61.239.100.147 - - [17/Dec/2025:09:55:49 +0800] "POST /InternetTrading/SessionErrorLogger HTTP/1.1" 200 117
61.239.100.147 - - [17/Dec/2025:09:55:49 +0800] "POST /InternetTrading/Heartbeat HTTP/1.1" 200 32
119.34.176.224 - - [17/Dec/2025:09:55:50 +0800] "GET /InternetTrading/longpoll/13979?X-Atmosphere-tracking-id=0&X-Atmosphere-Framework=2.2.3-javascript&X-Atmosphere-Transport=long-polling&X-Atmosphere-TrackMessageSize=true&Content-Type=charset%3Dutf-8&X-atmo-protocol=true&_=1765936795374 HTTP/1.1" 200 -
14.0.224.36 - - [17/Dec/2025:09:55:50 +0800] "GET /InternetTrading/longpoll/A8127?X-Atmosphere-tracking-id=0&X-Atmosphere-Framework=2.2.3-javascript&X-Atmosphere-Transport=long-polling&X-Atmosphere-TrackMessageSize=true&Content-Type=charset%3Dutf-8&X-atmo-protocol=true&_=1765936795156 HTTP/1.1" 200 -
14.0.224.36 - - [17/Dec/2025:09:55:51 +0800] "POST /InternetTrading/SessionErrorLogger HTTP/1.1" 200 117
14.0.224.36 - - [17/Dec/2025:09:55:51 +0800] "POST /InternetTrading/Heartbeat HTTP/1.1" 200 32
61.239.100.147 - - [17/Dec/2025:09:55:52 +0800] "GET /InternetTrading/longpoll/13925?X-Atmosphere-tracking-id=0&X-Atmosphere-Framework=2.2.3-javascript&X-Atmosphere-Transport=long-polling&X-Atmosphere-TrackMessageSize=true&Content-Type=charset%3Dutf-8&X-atmo-protocol=true&_=1765936795441 HTTP/1.1" 200 -
119.136.155.219 - - [17/Dec/2025:09:55:52 +0800] "GET /InternetTrading/longpoll/51803?X-Atmosphere-tracking-id=0&X-Atmosphere-Framework=2.2.3-javascript&X-Atmosphere-Transport=long-polling&X-Atmosphere-TrackMessageSize=true&Content-Type=charset%3Dutf-8&X-atmo-protocol=true&_=1765936799686 HTTP/1.1" 200 -
121.204.201.197 - - [17/Dec/2025:09:55:53 +0800] "GET /InternetTrading/longpoll/55955?X-Atmosphere-tracking-id=0&X-Atmosphere-Framework=2.2.3-javascript&X-Atmosphere-Transport=long-polling&X-Atmosphere-TrackMessageSize=true&Content-Type=charset%3Dutf-8&X-atmo-protocol=true&_=1765936796070 HTTP/1.1" 200 -
58.152.215.40 - - [17/Dec/2025:09:55:53 +0800] "GET /InternetTrading/longpoll/55136?X-Atmosphere-tracking-id=0&X-Atmosphere-Framework=2.2.3-javascript&X-Atmosphere-Transport=long-polling&X-Atmosphere-TrackMessageSize=true&Content-Type=charset%3Dutf-8&X-atmo-protocol=true&_=1765936796923 HTTP/1.1" 200 -
119.34.176.224 - - [17/Dec/2025:09:55:55 +0800] "GET /InternetTrading/longpoll/13979?X-Atmosphere-tracking-id=0&X-Atmosphere-Framework=2.2.3-javascript&X-Atmosphere-Transport=long-polling&X-Atmosphere-TrackMessageSize=true&Content-Type=charset%3Dutf-8&X-atmo-protocol=true&_=1765936800462 HTTP/1.1" 200 -
14.0.224.36 - - [17/Dec/2025:09:55:55 +0800] "GET /InternetTrading/longpoll/A8127?X-Atmosphere-tracking-id=0&X-Atmosphere-Framework=2.2.3-javascript&X-Atmosphere-Transport=long-polling&X-Atmosphere-TrackMessageSize=true&Content-Type=charset%3Dutf-8&X-atmo-protocol=true&_=1765936800961 HTTP/1.1" 200 -
119.136.155.219 - - [17/Dec/2025:09:55:57 +0800] "GET /InternetTrading/longpoll/51803?X-Atmosphere-tracking-id=0&X-Atmosphere-Framework=2.2.3-javascript&X-Atmosphere-Transport=long-polling&X-Atmosphere-TrackMessageSize=true&Content-Type=charset%3Dutf-8&X-atmo-protocol=true&_=1765936804748 HTTP/1.1" 200 -
121.204.201.197 - - [17/Dec/2025:09:55:58 +0800] "GET /InternetTrading/longpoll/55955?X-Atmosphere-tracking-id=0&X-Atmosphere-Framework=2.2.3-javascript&X-Atmosphere-Transport=long-polling&X-Atmosphere-TrackMessageSize=true&Content-Type=charset%3Dutf-8&X-atmo-protocol=true&_=1765936801132 HTTP/1.1" 200 -
61.239.100.147 - - [17/Dec/2025:09:55:58 +0800] "GET /InternetTrading/longpoll/13925?X-Atmosphere-tracking-id=0&X-Atmosphere-Framework=2.2.3-javascript&X-Atmosphere-Transport=long-polling&X-Atmosphere-TrackMessageSize=true&Content-Type=charset%3Dutf-8&X-atmo-protocol=true&_=1765936801445 HTTP/1.1" 200 -
58.152.215.40 - - [17/Dec/2025:09:55:58 +0800] "GET /InternetTrading/longpoll/55136?X-Atmosphere-tracking-id=0&X-Atmosphere-Framework=2.2.3-javascript&X-Atmosphere-Transport=long-polling&X-Atmosphere-TrackMessageSize=true&Content-Type=charset%3Dutf-8&X-atmo-protocol=true&_=1765936801949 HTTP/1.1" 200 -
119.34.176.224 - - [17/Dec/2025:09:56:00 +0800] "GET /InternetTrading/longpoll/13979?X-Atmosphere-tracking-id=0&X-Atmosphere-Framework=2.2.3-javascript&X-Atmosphere-Transport=long-polling&X-Atmosphere-TrackMessageSize=true&Content-Type=charset%3Dutf-8&X-atmo-protocol=true&_=1765936805545 HTTP/1.1" 200 -
14.0.224.36 - - [17/Dec/2025:09:56:01 +0800] "GET /InternetTrading/longpoll/A8127?X-Atmosphere-tracking-id=0&X-Atmosphere-Framework=2.2.3-javascript&X-Atmosphere-Transport=long-polling&X-Atmosphere-TrackMessageSize=true&Content-Type=charset%3Dutf-8&X-atmo-protocol=true&_=1765936806096 HTTP/1.1" 200 -
119.136.155.219 - - [17/Dec/2025:09:56:02 +0800] "GET /InternetTrading/longpoll/51803?X-Atmosphere-tracking-id=0&X-Atmosphere-Framework=2.2.3-javascript&X-Atmosphere-Transport=long-polling&X-Atmosphere-TrackMessageSize=true&Content-Type=charset%3Dutf-8&X-atmo-protocol=true&_=1765936809773 HTTP/1.1" 200 -
58.152.215.40 - - [17/Dec/2025:09:56:03 +0800] "GET /InternetTrading/longpoll/55136?X-Atmosphere-tracking-id=0&X-Atmosphere-Framework=2.2.3-javascript&X-Atmosphere-Transport=long-polling&X-Atmosphere-TrackMessageSize=true&Content-Type=charset%3Dutf-8&X-atmo-protocol=true&_=1765936806973 HTTP/1.1" 200 -
61.239.100.147 - - [17/Dec/2025:09:56:04 +0800] "GET /InternetTrading/longpoll/13925?X-Atmosphere-tracking-id=0&X-Atmosphere-Framework=2.2.3-javascript&X-Atmosphere-Transport=long-polling&X-Atmosphere-TrackMessageSize=true&Content-Type=charset%3Dutf-8&X-atmo-protocol=true&_=1765936807442 HTTP/1.1" 200 -
119.34.176.224 - - [17/Dec/2025:09:56:05 +0800] "POST /InternetTrading/SessionErrorLogger HTTP/1.1" 200 117
119.34.176.224 - - [17/Dec/2025:09:56:05 +0800] "POST /InternetTrading/MarketStatus HTTP/1.1" 200 772
119.34.176.224 - - [17/Dec/2025:09:56:05 +0800] "GET /InternetTrading/longpoll/13979?X-Atmosphere-tracking-id=0&X-Atmosphere-Framework=2.2.3-javascript&X-Atmosphere-Transport=long-polling&X-Atmosphere-TrackMessageSize=true&Content-Type=charset%3Dutf-8&X-atmo-protocol=true&_=1765936810973 HTTP/1.1" 200 -
14.0.224.36 - - [17/Dec/2025:09:56:06 +0800] "GET /InternetTrading/longpoll/A8127?X-Atmosphere-tracking-id=0&X-Atmosphere-Framework=2.2.3-javascript&X-Atmosphere-Transport=long-polling&X-Atmosphere-TrackMessageSize=true&Content-Type=charset%3Dutf-8&X-atmo-protocol=true&_=1765936811358 HTTP/1.1" 200 -
119.136.155.219 - - [17/Dec/2025:09:56:06 +0800] "POST /InternetTrading/SessionErrorLogger HTTP/1.1" 200 117
119.136.155.219 - - [17/Dec/2025:09:56:06 +0800] "POST /InternetTrading/Heartbeat HTTP/1.1" 200 32
119.136.155.219 - - [17/Dec/2025:09:56:06 +0800] "POST /InternetTrading/SessionErrorLogger HTTP/1.1" 200 117
119.136.155.219 - - [17/Dec/2025:09:56:06 +0800] "POST /InternetTrading/MarketStatus HTTP/1.1" 200 772
14.0.224.36 - - [17/Dec/2025:09:56:07 +0800] "POST /InternetTrading/SessionErrorLogger HTTP/1.1" 200 117
14.0.224.36 - - [17/Dec/2025:09:56:07 +0800] "POST /InternetTrading/MarketStatus HTTP/1.1" 200 772
119.136.155.219 - - [17/Dec/2025:09:56:07 +0800] "GET /InternetTrading/longpoll/51803?X-Atmosphere-tracking-id=0&X-Atmosphere-Framework=2.2.3-javascript&X-Atmosphere-Transport=long-polling&X-Atmosphere-TrackMessageSize=true&Content-Type=charset%3Dutf-8&X-atmo-protocol=true&_=1765936814834 HTTP/1.1" 200 -
58.152.215.40 - - [17/Dec/2025:09:56:08 +0800] "GET /InternetTrading/longpoll/55136?X-Atmosphere-tracking-id=0&X-Atmosphere-Framework=2.2.3-javascript&X-Atmosphere-Transport=long-polling&X-Atmosphere-TrackMessageSize=true&Content-Type=charset%3Dutf-8&X-atmo-protocol=true&_=1765936812007 HTTP/1.1" 200 -
61.239.100.147 - - [17/Dec/2025:09:56:10 +0800] "GET /InternetTrading/longpoll/13925?X-Atmosphere-tracking-id=0&X-Atmosphere-Framework=2.2.3-javascript&X-Atmosphere-Transport=long-polling&X-Atmosphere-TrackMessageSize=true&Content-Type=charset%3Dutf-8&X-atmo-protocol=true&_=1765936813454 HTTP/1.1" 200 -
119.34.176.224 - - [17/Dec/2025:09:56:10 +0800] "GET /InternetTrading/longpoll/13979?X-Atmosphere-tracking-id=0&X-Atmosphere-Framework=2.2.3-javascript&X-Atmosphere-Transport=long-polling&X-Atmosphere-TrackMessageSize=true&Content-Type=charset%3Dutf-8&X-atmo-protocol=true&_=1765936816013 HTTP/1.1" 200 -
14.0.224.36 - - [17/Dec/2025:09:56:11 +0800] "GET /InternetTrading/longpoll/A8127?X-Atmosphere-tracking-id=0&X-Atmosphere-Framework=2.2.3-javascript&X-Atmosphere-Transport=long-polling&X-Atmosphere-TrackMessageSize=true&Content-Type=charset%3Dutf-8&X-atmo-protocol=true&_=1765936816741 HTTP/1.1" 200 -
58.152.215.40 - - [17/Dec/2025:09:56:12 +0800] "POST /InternetTrading/SessionErrorLogger HTTP/1.1" 200 117
58.152.215.40 - - [17/Dec/2025:09:56:12 +0800] "POST /InternetTrading/Heartbeat HTTP/1.1" 200 32
58.152.215.40 - - [17/Dec/2025:09:56:12 +0800] "POST /InternetTrading/SessionErrorLogger HTTP/1.1" 200 117
58.152.215.40 - - [17/Dec/2025:09:56:12 +0800] "POST /InternetTrading/MarketStatus HTTP/1.1" 200 772
119.136.155.219 - - [17/Dec/2025:09:56:12 +0800] "GET /InternetTrading/longpoll/51803?X-Atmosphere-tracking-id=0&X-Atmosphere-Framework=2.2.3-javascript&X-Atmosphere-Transport=long-polling&X-Atmosphere-TrackMessageSize=true&Content-Type=charset%3Dutf-8&X-atmo-protocol=true&_=1765936819854 HTTP/1.1" 200 -
58.152.215.40 - - [17/Dec/2025:09:56:13 +0800] "GET /InternetTrading/longpoll/55136?X-Atmosphere-tracking-id=0&X-Atmosphere-Framework=2.2.3-javascript&X-Atmosphere-Transport=long-polling&X-Atmosphere-TrackMessageSize=true&Content-Type=charset%3Dutf-8&X-atmo-protocol=true&_=1765936817032 HTTP/1.1" 200 -
119.34.176.224 - - [17/Dec/2025:09:56:16 +0800] "GET /InternetTrading/longpoll/13979?X-Atmosphere-tracking-id=0&X-Atmosphere-Framework=2.2.3-javascript&X-Atmosphere-Transport=long-polling&X-Atmosphere-TrackMessageSize=true&Content-Type=charset%3Dutf-8&X-atmo-protocol=true&_=1765936821094 HTTP/1.1" 200 -
61.239.100.147 - - [17/Dec/2025:09:56:16 +0800] "GET /InternetTrading/longpoll/13925?X-Atmosphere-tracking-id=0&X-Atmosphere-Framework=2.2.3-javascript&X-Atmosphere-Transport=long-polling&X-Atmosphere-TrackMessageSize=true&Content-Type=charset%3Dutf-8&X-atmo-protocol=true&_=1765936819445 HTTP/1.1" 200 -
14.0.224.36 - - [17/Dec/2025:09:56:16 +0800] "GET /InternetTrading/longpoll/A8127?X-Atmosphere-tracking-id=0&X-Atmosphere-Framework=2.2.3-javascript&X-Atmosphere-Transport=long-polling&X-Atmosphere-TrackMessageSize=true&Content-Type=charset%3Dutf-8&X-atmo-protocol=true&_=1765936821829 HTTP/1.1" 200 -
119.136.155.219 - - [17/Dec/2025:09:56:17 +0800] "GET /InternetTrading/longpoll/51803?X-Atmosphere-tracking-id=0&X-Atmosphere-Framework=2.2.3-javascript&X-Atmosphere-Transport=long-polling&X-Atmosphere-TrackMessageSize=true&Content-Type=charset%3Dutf-8&X-atmo-protocol=true&_=1765936824890 HTTP/1.1" 200 -
119.34.176.224 - - [17/Dec/2025:09:56:18 +0800] "POST /InternetTrading/SessionErrorLogger HTTP/1.1" 200 117
119.34.176.224 - - [17/Dec/2025:09:56:18 +0800] "POST /InternetTrading/Heartbeat HTTP/1.1" 200 32
58.152.215.40 - - [17/Dec/2025:09:56:19 +0800] "GET /InternetTrading/longpoll/55136?X-Atmosphere-tracking-id=0&X-Atmosphere-Framework=2.2.3-javascript&X-Atmosphere-Transport=long-polling&X-Atmosphere-TrackMessageSize=true&Content-Type=charset%3Dutf-8&X-atmo-protocol=true&_=1765936822052 HTTP/1.1" 200 -
119.34.176.224 - - [17/Dec/2025:09:56:21 +0800] "GET /InternetTrading/longpoll/13979?X-Atmosphere-tracking-id=0&X-Atmosphere-Framework=2.2.3-javascript&X-Atmosphere-Transport=long-polling&X-Atmosphere-TrackMessageSize=true&Content-Type=charset%3Dutf-8&X-atmo-protocol=true&_=1765936826189 HTTP/1.1" 200 -
14.0.224.36 - - [17/Dec/2025:09:56:21 +0800] "POST /InternetTrading/SessionErrorLogger HTTP/1.1" 200 117
14.0.224.36 - - [17/Dec/2025:09:56:21 +0800] "POST /InternetTrading/Heartbeat HTTP/1.1" 200 32
14.0.224.36 - - [17/Dec/2025:09:56:21 +0800] "GET /InternetTrading/longpoll/A8127?X-Atmosphere-tracking-id=0&X-Atmosphere-Framework=2.2.3-javascript&X-Atmosphere-Transport=long-polling&X-Atmosphere-TrackMessageSize=true&Content-Type=charset%3Dutf-8&X-atmo-protocol=true&_=1765936827051 HTTP/1.1" 200 -
61.239.100.147 - - [17/Dec/2025:09:56:22 +0800] "GET /InternetTrading/longpoll/13925?X-Atmosphere-tracking-id=0&X-Atmosphere-Framework=2.2.3-javascript&X-Atmosphere-Transport=long-polling&X-Atmosphere-TrackMessageSize=true&Content-Type=charset%3Dutf-8&X-atmo-protocol=true&_=1765936825449 HTTP/1.1" 200 -
119.136.155.219 - - [17/Dec/2025:09:56:22 +0800] "GET /InternetTrading/longpoll/51803?X-Atmosphere-tracking-id=0&X-Atmosphere-Framework=2.2.3-javascript&X-Atmosphere-Transport=long-polling&X-Atmosphere-TrackMessageSize=true&Content-Type=charset%3Dutf-8&X-atmo-protocol=true&_=1765936829912 HTTP/1.1" 200 -
58.152.215.40 - - [17/Dec/2025:09:56:24 +0800] "GET /InternetTrading/longpoll/55136?X-Atmosphere-tracking-id=0&X-Atmosphere-Framework=2.2.3-javascript&X-Atmosphere-Transport=long-polling&X-Atmosphere-TrackMessageSize=true&Content-Type=charset%3Dutf-8&X-atmo-protocol=true&_=1765936827087 HTTP/1.1" 200 -
119.34.176.224 - - [17/Dec/2025:09:56:26 +0800] "GET /InternetTrading/longpoll/13979?X-Atmosphere-tracking-id=0&X-Atmosphere-Framework=2.2.3-javascript&X-Atmosphere-Transport=long-polling&X-Atmosphere-TrackMessageSize=true&Content-Type=charset%3Dutf-8&X-atmo-protocol=true&_=1765936831280 HTTP/1.1" 200 -
14.0.224.36 - - [17/Dec/2025:09:56:27 +0800] "GET /InternetTrading/longpoll/A8127?X-Atmosphere-tracking-id=0&X-Atmosphere-Framework=2.2.3-javascript&X-Atmosphere-Transport=long-polling&X-Atmosphere-TrackMessageSize=true&Content-Type=charset%3Dutf-8&X-atmo-protocol=true&_=1765936832159 HTTP/1.1" 200 -
119.136.155.219 - - [17/Dec/2025:09:56:27 +0800] "GET /InternetTrading/longpoll/51803?X-Atmosphere-tracking-id=0&X-Atmosphere-Framework=2.2.3-javascript&X-Atmosphere-Transport=long-polling&X-Atmosphere-TrackMessageSize=true&Content-Type=charset%3Dutf-8&X-atmo-protocol=true&_=1765936834981 HTTP/1.1" 200 -
61.239.100.147 - - [17/Dec/2025:09:56:28 +0800] "GET /InternetTrading/longpoll/13925?X-Atmosphere-tracking-id=0&X-Atmosphere-Framework=2.2.3-javascript&X-Atmosphere-Transport=long-polling&X-Atmosphere-TrackMessageSize=true&Content-Type=charset%3Dutf-8&X-atmo-protocol=true&_=1765936831451 HTTP/1.1" 200 -
58.152.215.40 - - [17/Dec/2025:09:56:29 +0800] "GET /InternetTrading/longpoll/55136?X-Atmosphere-tracking-id=0&X-Atmosphere-Framework=2.2.3-javascript&X-Atmosphere-Transport=long-polling&X-Atmosphere-TrackMessageSize=true&Content-Type=charset%3Dutf-8&X-atmo-protocol=true&_=1765936832109 HTTP/1.1" 200 -
119.34.176.224 - - [17/Dec/2025:09:56:31 +0800] "GET /InternetTrading/longpoll/13979?X-Atmosphere-tracking-id=0&X-Atmosphere-Framework=2.2.3-javascript&X-Atmosphere-Transport=long-polling&X-Atmosphere-TrackMessageSize=true&Content-Type=charset%3Dutf-8&X-atmo-protocol=true&_=1765936836666 HTTP/1.1" 200 -
14.0.224.36 - - [17/Dec/2025:09:56:32 +0800] "GET /InternetTrading/longpoll/A8127?X-Atmosphere-tracking-id=0&X-Atmosphere-Framework=2.2.3-javascript&X-Atmosphere-Transport=long-polling&X-Atmosphere-TrackMessageSize=true&Content-Type=charset%3Dutf-8&X-atmo-protocol=true&_=1765936837516 HTTP/1.1" 200 -
119.136.155.219 - - [17/Dec/2025:09:56:32 +0800] "GET /InternetTrading/longpoll/51803?X-Atmosphere-tracking-id=0&X-Atmosphere-Framework=2.2.3-javascript&X-Atmosphere-Transport=long-polling&X-Atmosphere-TrackMessageSize=true&Content-Type=charset%3Dutf-8&X-atmo-protocol=true&_=1765936840051 HTTP/1.1" 200 -
58.152.215.40 - - [17/Dec/2025:09:56:34 +0800] "GET /InternetTrading/longpoll/55136?X-Atmosphere-tracking-id=0&X-Atmosphere-Framework=2.2.3-javascript&X-Atmosphere-Transport=long-polling&X-Atmosphere-TrackMessageSize=true&Content-Type=charset%3Dutf-8&X-atmo-protocol=true&_=1765936837144 HTTP/1.1" 200 -
61.239.100.147 - - [17/Dec/2025:09:56:34 +0800] "GET /InternetTrading/longpoll/13925?X-Atmosphere-tracking-id=0&X-Atmosphere-Framework=2.2.3-javascript&X-Atmosphere-Transport=long-polling&X-Atmosphere-TrackMessageSize=true&Content-Type=charset%3Dutf-8&X-atmo-protocol=true&_=1765936837447 HTTP/1.1" 200 -
119.34.176.224 - - [17/Dec/2025:09:56:35 +0800] "POST /InternetTrading/SessionErrorLogger HTTP/1.1" 200 117
119.34.176.224 - - [17/Dec/2025:09:56:35 +0800] "POST /InternetTrading/MarketStatus HTTP/1.1" 200 772
119.34.176.224 - - [17/Dec/2025:09:56:36 +0800] "GET /InternetTrading/longpoll/13979?X-Atmosphere-tracking-id=0&X-Atmosphere-Framework=2.2.3-javascript&X-Atmosphere-Transport=long-polling&X-Atmosphere-TrackMessageSize=true&Content-Type=charset%3Dutf-8&X-atmo-protocol=true&_=1765936841766 HTTP/1.1" 200 -
119.136.155.219 - - [17/Dec/2025:09:56:36 +0800] "POST /InternetTrading/SessionErrorLogger HTTP/1.1" 200 117
119.136.155.219 - - [17/Dec/2025:09:56:36 +0800] "POST /InternetTrading/Heartbeat HTTP/1.1" 200 32
119.136.155.219 - - [17/Dec/2025:09:56:36 +0800] "POST /InternetTrading/SessionErrorLogger HTTP/1.1" 200 117
119.136.155.219 - - [17/Dec/2025:09:56:36 +0800] "POST /InternetTrading/MarketStatus HTTP/1.1" 200 772
14.0.224.36 - - [17/Dec/2025:09:56:37 +0800] "POST /InternetTrading/SessionErrorLogger HTTP/1.1" 200 117
14.0.224.36 - - [17/Dec/2025:09:56:37 +0800] "POST /InternetTrading/MarketStatus HTTP/1.1" 200 772
14.0.224.36 - - [17/Dec/2025:09:56:37 +0800] "GET /InternetTrading/longpoll/A8127?X-Atmosphere-tracking-id=0&X-Atmosphere-Framework=2.2.3-javascript&X-Atmosphere-Transport=long-polling&X-Atmosphere-TrackMessageSize=true&Content-Type=charset%3Dutf-8&X-atmo-protocol=true&_=1765936842813 HTTP/1.1" 200 -
119.136.155.219 - - [17/Dec/2025:09:56:37 +0800] "GET /InternetTrading/longpoll/51803?X-Atmosphere-tracking-id=0&X-Atmosphere-Framework=2.2.3-javascript&X-Atmosphere-Transport=long-polling&X-Atmosphere-TrackMessageSize=true&Content-Type=charset%3Dutf-8&X-atmo-protocol=true&_=1765936845080 HTTP/1.1" 200 -
58.152.215.40 - - [17/Dec/2025:09:56:39 +0800] "GET /InternetTrading/longpoll/55136?X-Atmosphere-tracking-id=0&X-Atmosphere-Framework=2.2.3-javascript&X-Atmosphere-Transport=long-polling&X-Atmosphere-TrackMessageSize=true&Content-Type=charset%3Dutf-8&X-atmo-protocol=true&_=1765936842177 HTTP/1.1" 200 -
61.239.100.147 - - [17/Dec/2025:09:56:40 +0800] "GET /InternetTrading/longpoll/13925?X-Atmosphere-tracking-id=0&X-Atmosphere-Framework=2.2.3-javascript&X-Atmosphere-Transport=long-polling&X-Atmosphere-TrackMessageSize=true&Content-Type=charset%3Dutf-8&X-atmo-protocol=true&_=1765936843453 HTTP/1.1" 200 -
119.34.176.224 - - [17/Dec/2025:09:56:41 +0800] "GET /InternetTrading/longpoll/13979?X-Atmosphere-tracking-id=0&X-Atmosphere-Framework=2.2.3-javascript&X-Atmosphere-Transport=long-polling&X-Atmosphere-TrackMessageSize=true&Content-Type=charset%3Dutf-8&X-atmo-protocol=true&_=1765936846797 HTTP/1.1" 200 -
58.152.215.40 - - [17/Dec/2025:09:56:42 +0800] "POST /InternetTrading/SessionErrorLogger HTTP/1.1" 200 117
58.152.215.40 - - [17/Dec/2025:09:56:42 +0800] "POST /InternetTrading/Heartbeat HTTP/1.1" 200 32
58.152.215.40 - - [17/Dec/2025:09:56:42 +0800] "POST /InternetTrading/SessionErrorLogger HTTP/1.1" 200 117
58.152.215.40 - - [17/Dec/2025:09:56:42 +0800] "POST /InternetTrading/MarketStatus HTTP/1.1" 200 772
119.136.155.219 - - [17/Dec/2025:09:56:42 +0800] "GET /InternetTrading/longpoll/51803?X-Atmosphere-tracking-id=0&X-Atmosphere-Framework=2.2.3-javascript&X-Atmosphere-Transport=long-polling&X-Atmosphere-TrackMessageSize=true&Content-Type=charset%3Dutf-8&X-atmo-protocol=true&_=1765936850111 HTTP/1.1" 200 -
14.0.224.36 - - [17/Dec/2025:09:56:42 +0800] "GET /InternetTrading/longpoll/A8127?X-Atmosphere-tracking-id=0&X-Atmosphere-Framework=2.2.3-javascript&X-Atmosphere-Transport=long-polling&X-Atmosphere-TrackMessageSize=true&Content-Type=charset%3Dutf-8&X-atmo-protocol=true&_=1765936847893 HTTP/1.1" 200 -
58.152.215.40 - - [17/Dec/2025:09:56:44 +0800] "GET /InternetTrading/longpoll/55136?X-Atmosphere-tracking-id=0&X-Atmosphere-Framework=2.2.3-javascript&X-Atmosphere-Transport=long-polling&X-Atmosphere-TrackMessageSize=true&Content-Type=charset%3Dutf-8&X-atmo-protocol=true&_=1765936847199 HTTP/1.1" 200 -
61.239.100.147 - - [17/Dec/2025:09:56:46 +0800] "GET /InternetTrading/longpoll/13925?X-Atmosphere-tracking-id=0&X-Atmosphere-Framework=2.2.3-javascript&X-Atmosphere-Transport=long-polling&X-Atmosphere-TrackMessageSize=true&Content-Type=charset%3Dutf-8&X-atmo-protocol=true&_=1765936849455 HTTP/1.1" 200 -
119.34.176.224 - - [17/Dec/2025:09:56:46 +0800] "GET /InternetTrading/longpoll/13979?X-Atmosphere-tracking-id=0&X-Atmosphere-Framework=2.2.3-javascript&X-Atmosphere-Transport=long-polling&X-Atmosphere-TrackMessageSize=true&Content-Type=charset%3Dutf-8&X-atmo-protocol=true&_=1765936851897 HTTP/1.1" 200 -
119.136.155.219 - - [17/Dec/2025:09:56:47 +0800] "GET /InternetTrading/longpoll/51803?X-Atmosphere-tracking-id=0&X-Atmosphere-Framework=2.2.3-javascript&X-Atmosphere-Transport=long-polling&X-Atmosphere-TrackMessageSize=true&Content-Type=charset%3Dutf-8&X-atmo-protocol=true&_=1765936855170 HTTP/1.1" 200 -
14.0.224.36 - - [17/Dec/2025:09:56:48 +0800] "GET /InternetTrading/longpoll/A8127?X-Atmosphere-tracking-id=0&X-Atmosphere-Framework=2.2.3-javascript&X-Atmosphere-Transport=long-polling&X-Atmosphere-TrackMessageSize=true&Content-Type=charset%3Dutf-8&X-atmo-protocol=true&_=1765936853122 HTTP/1.1" 200 -
119.34.176.224 - - [17/Dec/2025:09:56:48 +0800] "POST /InternetTrading/SessionErrorLogger HTTP/1.1" 200 117
119.34.176.224 - - [17/Dec/2025:09:56:48 +0800] "POST /InternetTrading/Heartbeat HTTP/1.1" 200 32
58.152.215.40 - - [17/Dec/2025:09:56:49 +0800] "GET /InternetTrading/longpoll/55136?X-Atmosphere-tracking-id=0&X-Atmosphere-Framework=2.2.3-javascript&X-Atmosphere-Transport=long-polling&X-Atmosphere-TrackMessageSize=true&Content-Type=charset%3Dutf-8&X-atmo-protocol=true&_=1765936852222 HTTP/1.1" 200 -
61.239.100.147 - - [17/Dec/2025:09:56:49 +0800] "POST /InternetTrading/SessionErrorLogger HTTP/1.1" 200 117
61.239.100.147 - - [17/Dec/2025:09:56:49 +0800] "POST /InternetTrading/MarketStatus HTTP/1.1" 200 772
61.239.100.147 - - [17/Dec/2025:09:56:49 +0800] "POST /InternetTrading/SessionErrorLogger HTTP/1.1" 200 117
61.239.100.147 - - [17/Dec/2025:09:56:49 +0800] "POST /InternetTrading/Heartbeat HTTP/1.1" 200 32
14.0.224.36 - - [17/Dec/2025:09:56:51 +0800] "POST /InternetTrading/SessionErrorLogger HTTP/1.1" 200 117
14.0.224.36 - - [17/Dec/2025:09:56:51 +0800] "POST /InternetTrading/Heartbeat HTTP/1.1" 200 32
119.34.176.224 - - [17/Dec/2025:09:56:51 +0800] "GET /InternetTrading/longpoll/13979?X-Atmosphere-tracking-id=0&X-Atmosphere-Framework=2.2.3-javascript&X-Atmosphere-Transport=long-polling&X-Atmosphere-TrackMessageSize=true&Content-Type=charset%3Dutf-8&X-atmo-protocol=true&_=1765936856982 HTTP/1.1" 200 -
61.239.100.147 - - [17/Dec/2025:09:56:52 +0800] "GET /InternetTrading/longpoll/13925?X-Atmosphere-tracking-id=0&X-Atmosphere-Framework=2.2.3-javascript&X-Atmosphere-Transport=long-polling&X-Atmosphere-TrackMessageSize=true&Content-Type=charset%3Dutf-8&X-atmo-protocol=true&_=1765936855453 HTTP/1.1" 200 -
119.136.155.219 - - [17/Dec/2025:09:56:52 +0800] "GET /InternetTrading/longpoll/51803?X-Atmosphere-tracking-id=0&X-Atmosphere-Framework=2.2.3-javascript&X-Atmosphere-Transport=long-polling&X-Atmosphere-TrackMessageSize=true&Content-Type=charset%3Dutf-8&X-atmo-protocol=true&_=1765936860237 HTTP/1.1" 200 -
14.0.224.36 - - [17/Dec/2025:09:56:53 +0800] "GET /InternetTrading/longpoll/A8127?X-Atmosphere-tracking-id=0&X-Atmosphere-Framework=2.2.3-javascript&X-Atmosphere-Transport=long-polling&X-Atmosphere-TrackMessageSize=true&Content-Type=charset%3Dutf-8&X-atmo-protocol=true&_=1765936858372 HTTP/1.1" 200 -
58.152.215.40 - - [17/Dec/2025:09:56:54 +0800] "GET /InternetTrading/longpoll/55136?X-Atmosphere-tracking-id=0&X-Atmosphere-Framework=2.2.3-javascript&X-Atmosphere-Transport=long-polling&X-Atmosphere-TrackMessageSize=true&Content-Type=charset%3Dutf-8&X-atmo-protocol=true&_=1765936857275 HTTP/1.1" 200 -
119.34.176.224 - - [17/Dec/2025:09:56:56 +0800] "GET /InternetTrading/longpoll/13979?X-Atmosphere-tracking-id=0&X-Atmosphere-Framework=2.2.3-javascript&X-Atmosphere-Transport=long-polling&X-Atmosphere-TrackMessageSize=true&Content-Type=charset%3Dutf-8&X-atmo-protocol=true&_=1765936862013 HTTP/1.1" 200 -
119.136.155.219 - - [17/Dec/2025:09:56:58 +0800] "GET /InternetTrading/longpoll/51803?X-Atmosphere-tracking-id=0&X-Atmosphere-Framework=2.2.3-javascript&X-Atmosphere-Transport=long-polling&X-Atmosphere-TrackMessageSize=true&Content-Type=charset%3Dutf-8&X-atmo-protocol=true&_=1765936865312 HTTP/1.1" 200 -
61.239.100.147 - - [17/Dec/2025:09:56:58 +0800] "GET /InternetTrading/longpoll/13925?X-Atmosphere-tracking-id=0&X-Atmosphere-Framework=2.2.3-javascript&X-Atmosphere-Transport=long-polling&X-Atmosphere-TrackMessageSize=true&Content-Type=charset%3Dutf-8&X-atmo-protocol=true&_=1765936861451 HTTP/1.1" 200 -
14.0.224.36 - - [17/Dec/2025:09:56:58 +0800] "GET /InternetTrading/longpoll/A8127?X-Atmosphere-tracking-id=0&X-Atmosphere-Framework=2.2.3-javascript&X-Atmosphere-Transport=long-polling&X-Atmosphere-TrackMessageSize=true&Content-Type=charset%3Dutf-8&X-atmo-protocol=true&_=1765936863418 HTTP/1.1" 200 -
58.152.215.40 - - [17/Dec/2025:09:56:59 +0800] "GET /InternetTrading/longpoll/55136?X-Atmosphere-tracking-id=0&X-Atmosphere-Framework=2.2.3-javascript&X-Atmosphere-Transport=long-polling&X-Atmosphere-TrackMessageSize=true&Content-Type=charset%3Dutf-8&X-atmo-protocol=true&_=1765936862322 HTTP/1.1" 200 -
119.34.176.224 - - [17/Dec/2025:09:57:02 +0800] "GET /InternetTrading/longpoll/13979?X-Atmosphere-tracking-id=0&X-Atmosphere-Framework=2.2.3-javascript&X-Atmosphere-Transport=long-polling&X-Atmosphere-TrackMessageSize=true&Content-Type=charset%3Dutf-8&X-atmo-protocol=true&_=1765936867091 HTTP/1.1" 200 -
119.136.155.219 - - [17/Dec/2025:09:57:03 +0800] "GET /InternetTrading/longpoll/51803?X-Atmosphere-tracking-id=0&X-Atmosphere-Framework=2.2.3-javascript&X-Atmosphere-Transport=long-polling&X-Atmosphere-TrackMessageSize=true&Content-Type=charset%3Dutf-8&X-atmo-protocol=true&_=1765936870389 HTTP/1.1" 200 -
14.0.224.36 - - [17/Dec/2025:09:57:03 +0800] "GET /InternetTrading/longpoll/A8127?X-Atmosphere-tracking-id=0&X-Atmosphere-Framework=2.2.3-javascript&X-Atmosphere-Transport=long-polling&X-Atmosphere-TrackMessageSize=true&Content-Type=charset%3Dutf-8&X-atmo-protocol=true&_=1765936868645 HTTP/1.1" 200 -
58.152.215.40 - - [17/Dec/2025:09:57:04 +0800] "GET /InternetTrading/longpoll/55136?X-Atmosphere-tracking-id=0&X-Atmosphere-Framework=2.2.3-javascript&X-Atmosphere-Transport=long-polling&X-Atmosphere-TrackMessageSize=true&Content-Type=charset%3Dutf-8&X-atmo-protocol=true&_=1765936867367 HTTP/1.1" 200 -
61.239.100.147 - - [17/Dec/2025:09:57:04 +0800] "GET /InternetTrading/longpoll/13925?X-Atmosphere-tracking-id=0&X-Atmosphere-Framework=2.2.3-javascript&X-Atmosphere-Transport=long-polling&X-Atmosphere-TrackMessageSize=true&Content-Type=charset%3Dutf-8&X-atmo-protocol=true&_=1765936867447 HTTP/1.1" 200 -
119.34.176.224 - - [17/Dec/2025:09:57:05 +0800] "POST /InternetTrading/SessionErrorLogger HTTP/1.1" 200 117
119.34.176.224 - - [17/Dec/2025:09:57:05 +0800] "POST /InternetTrading/MarketStatus HTTP/1.1" 200 772
119.136.155.219 - - [17/Dec/2025:09:57:06 +0800] "POST /InternetTrading/SessionErrorLogger HTTP/1.1" 200 117
119.136.155.219 - - [17/Dec/2025:09:57:06 +0800] "POST /InternetTrading/Heartbeat HTTP/1.1" 200 32
119.136.155.219 - - [17/Dec/2025:09:57:06 +0800] "POST /InternetTrading/SessionErrorLogger HTTP/1.1" 200 117
119.136.155.219 - - [17/Dec/2025:09:57:06 +0800] "POST /InternetTrading/MarketStatus HTTP/1.1" 200 772
119.34.176.224 - - [17/Dec/2025:09:57:07 +0800] "GET /InternetTrading/longpoll/13979?X-Atmosphere-tracking-id=0&X-Atmosphere-Framework=2.2.3-javascript&X-Atmosphere-Transport=long-polling&X-Atmosphere-TrackMessageSize=true&Content-Type=charset%3Dutf-8&X-atmo-protocol=true&_=1765936872179 HTTP/1.1" 200 -
14.0.224.36 - - [17/Dec/2025:09:57:07 +0800] "POST /InternetTrading/SessionErrorLogger HTTP/1.1" 200 117
14.0.224.36 - - [17/Dec/2025:09:57:07 +0800] "POST /InternetTrading/MarketStatus HTTP/1.1" 200 772
119.136.155.219 - - [17/Dec/2025:09:57:08 +0800] "GET /InternetTrading/longpoll/51803?X-Atmosphere-tracking-id=0&X-Atmosphere-Framework=2.2.3-javascript&X-Atmosphere-Transport=long-polling&X-Atmosphere-TrackMessageSize=true&Content-Type=charset%3Dutf-8&X-atmo-protocol=true&_=1765936875443 HTTP/1.1" 200 -
14.0.224.36 - - [17/Dec/2025:09:57:08 +0800] "GET /InternetTrading/longpoll/A8127?X-Atmosphere-tracking-id=0&X-Atmosphere-Framework=2.2.3-javascript&X-Atmosphere-Transport=long-polling&X-Atmosphere-TrackMessageSize=true&Content-Type=charset%3Dutf-8&X-atmo-protocol=true&_=1765936873871 HTTP/1.1" 200 -
58.152.215.40 - - [17/Dec/2025:09:57:09 +0800] "GET /InternetTrading/longpoll/55136?X-Atmosphere-tracking-id=0&X-Atmosphere-Framework=2.2.3-javascript&X-Atmosphere-Transport=long-polling&X-Atmosphere-TrackMessageSize=true&Content-Type=charset%3Dutf-8&X-atmo-protocol=true&_=1765936872388 HTTP/1.1" 200 -
61.239.100.147 - - [17/Dec/2025:09:57:10 +0800] "GET /InternetTrading/longpoll/13925?X-Atmosphere-tracking-id=0&X-Atmosphere-Framework=2.2.3-javascript&X-Atmosphere-Transport=long-polling&X-Atmosphere-TrackMessageSize=true&Content-Type=charset%3Dutf-8&X-atmo-protocol=true&_=1765936873443 HTTP/1.1" 200 -
119.34.176.224 - - [17/Dec/2025:09:57:12 +0800] "GET /InternetTrading/longpoll/13979?X-Atmosphere-tracking-id=0&X-Atmosphere-Framework=2.2.3-javascript&X-Atmosphere-Transport=long-polling&X-Atmosphere-TrackMessageSize=true&Content-Type=charset%3Dutf-8&X-atmo-protocol=true&_=1765936877215 HTTP/1.1" 200 -
58.152.215.40 - - [17/Dec/2025:09:57:12 +0800] "POST /InternetTrading/SessionErrorLogger HTTP/1.1" 200 117
58.152.215.40 - - [17/Dec/2025:09:57:12 +0800] "POST /InternetTrading/Heartbeat HTTP/1.1" 200 32
58.152.215.40 - - [17/Dec/2025:09:57:12 +0800] "POST /InternetTrading/SessionErrorLogger HTTP/1.1" 200 117
58.152.215.40 - - [17/Dec/2025:09:57:12 +0800] "POST /InternetTrading/MarketStatus HTTP/1.1" 200 772
119.136.155.219 - - [17/Dec/2025:09:57:13 +0800] "GET /InternetTrading/longpoll/51803?X-Atmosphere-tracking-id=0&X-Atmosphere-Framework=2.2.3-javascript&X-Atmosphere-Transport=long-polling&X-Atmosphere-TrackMessageSize=true&Content-Type=charset%3Dutf-8&X-atmo-protocol=true&_=1765936880474 HTTP/1.1" 200 -
14.0.224.36 - - [17/Dec/2025:09:57:13 +0800] "GET /InternetTrading/longpoll/A8127?X-Atmosphere-tracking-id=0&X-Atmosphere-Framework=2.2.3-javascript&X-Atmosphere-Transport=long-polling&X-Atmosphere-TrackMessageSize=true&Content-Type=charset%3Dutf-8&X-atmo-protocol=true&_=1765936878932 HTTP/1.1" 200 -
58.152.215.40 - - [17/Dec/2025:09:57:14 +0800] "GET /InternetTrading/longpoll/55136?X-Atmosphere-tracking-id=0&X-Atmosphere-Framework=2.2.3-javascript&X-Atmosphere-Transport=long-polling&X-Atmosphere-TrackMessageSize=true&Content-Type=charset%3Dutf-8&X-atmo-protocol=true&_=1765936877417 HTTP/1.1" 200 -
61.239.100.147 - - [17/Dec/2025:09:57:16 +0800] "GET /InternetTrading/longpoll/13925?X-Atmosphere-tracking-id=0&X-Atmosphere-Framework=2.2.3-javascript&X-Atmosphere-Transport=long-polling&X-Atmosphere-TrackMessageSize=true&Content-Type=charset%3Dutf-8&X-atmo-protocol=true&_=1765936879446 HTTP/1.1" 200 -
119.34.176.224 - - [17/Dec/2025:09:57:17 +0800] "GET /InternetTrading/longpoll/13979?X-Atmosphere-tracking-id=0&X-Atmosphere-Framework=2.2.3-javascript&X-Atmosphere-Transport=long-polling&X-Atmosphere-TrackMessageSize=true&Content-Type=charset%3Dutf-8&X-atmo-protocol=true&_=1765936882315 HTTP/1.1" 200 -
119.136.155.219 - - [17/Dec/2025:09:57:18 +0800] "GET /InternetTrading/longpoll/51803?X-Atmosphere-tracking-id=0&X-Atmosphere-Framework=2.2.3-javascript&X-Atmosphere-Transport=long-polling&X-Atmosphere-TrackMessageSize=true&Content-Type=charset%3Dutf-8&X-atmo-protocol=true&_=1765936885496 HTTP/1.1" 200 -
119.34.176.224 - - [17/Dec/2025:09:57:18 +0800] "POST /InternetTrading/SessionErrorLogger HTTP/1.1" 200 117
119.34.176.224 - - [17/Dec/2025:09:57:18 +0800] "POST /InternetTrading/Heartbeat HTTP/1.1" 200 32
14.0.224.36 - - [17/Dec/2025:09:57:19 +0800] "GET /InternetTrading/longpoll/A8127?X-Atmosphere-tracking-id=0&X-Atmosphere-Framework=2.2.3-javascript&X-Atmosphere-Transport=long-polling&X-Atmosphere-TrackMessageSize=true&Content-Type=charset%3Dutf-8&X-atmo-protocol=true&_=1765936884158 HTTP/1.1" 200 -
58.152.215.40 - - [17/Dec/2025:09:57:19 +0800] "GET /InternetTrading/longpoll/55136?X-Atmosphere-tracking-id=0&X-Atmosphere-Framework=2.2.3-javascript&X-Atmosphere-Transport=long-polling&X-Atmosphere-TrackMessageSize=true&Content-Type=charset%3Dutf-8&X-atmo-protocol=true&_=1765936882432 HTTP/1.1" 200 -
14.0.224.36 - - [17/Dec/2025:09:57:20 +0800] "GET /InternetTrading/tc/main.html?language=tc&version=HTML HTTP/1.1" 200 3578
14.0.224.36 - - [17/Dec/2025:09:57:20 +0800] "GET /InternetTrading/jquery/ui.datepicker.css HTTP/1.1" 200 1145
14.0.224.36 - - [17/Dec/2025:09:57:20 +0800] "GET /InternetTrading/jquery/jquery.tablesorter-theme.blue.css HTTP/1.1" 200 2083
14.0.224.36 - - [17/Dec/2025:09:57:20 +0800] "GET /InternetTrading/jquery/jquery-ui-1.10.3.css HTTP/1.1" 200 5283
14.0.224.36 - - [17/Dec/2025:09:57:20 +0800] "GET /InternetTrading/jquery/dragtable-2.0.9.css HTTP/1.1" 200 316
14.0.224.36 - - [17/Dec/2025:09:57:20 +0800] "GET /InternetTrading/tc/style_common.css?v=20200819161914 HTTP/1.1" 200 2540
14.0.224.36 - - [17/Dec/2025:09:57:20 +0800] "GET /InternetTrading/tc/style.css?v=20200819161914 HTTP/1.1" 200 1435
14.0.224.36 - - [17/Dec/2025:09:57:20 +0800] "GET /InternetTrading/tc/css/jquery.jscrollpane.css HTTP/1.1" 404 690
14.0.224.36 - - [17/Dec/2025:09:57:20 +0800] "GET /InternetTrading/jquery/jquery.ba-postmessage.js HTTP/1.1" 200 2990
14.0.224.36 - - [17/Dec/2025:09:57:20 +0800] "GET /InternetTrading/jquery/jquery-1.6.3.min.js HTTP/1.1" 200 32057
14.0.224.36 - - [17/Dec/2025:09:57:20 +0800] "GET /InternetTrading/js/aastock.js HTTP/1.1" 200 553
14.0.224.36 - - [17/Dec/2025:09:57:20 +0800] "GET /InternetTrading/jquery/jquery-migrate-3.0.0.js HTTP/1.1" 200 4963
14.0.224.36 - - [17/Dec/2025:09:57:20 +0800] "GET /InternetTrading/jquery/jquery-3.3.1.js HTTP/1.1" 200 80650
14.0.224.36 - - [17/Dec/2025:09:57:20 +0800] "GET /InternetTrading/jquery/jquery-ui-1.10.3.js HTTP/1.1" 200 69642
14.0.224.36 - - [17/Dec/2025:09:57:20 +0800] "GET /InternetTrading/js/atmosphere.js HTTP/1.1" 200 13461
14.0.224.36 - - [17/Dec/2025:09:57:20 +0800] "GET /InternetTrading/js/cache.js?jsv=20200819161914 HTTP/1.1" 200 940
14.0.224.36 - - [17/Dec/2025:09:57:20 +0800] "GET /InternetTrading/jquery/jquery.form-3.46.0.js HTTP/1.1" 200 5673
14.0.224.36 - - [17/Dec/2025:09:57:20 +0800] "GET /InternetTrading/jquery/jquery.blockUI-2.66.0.js HTTP/1.1" 200 6651
14.0.224.36 - - [17/Dec/2025:09:57:20 +0800] "GET /InternetTrading/jquery/jquery.validate-1.11.1.js HTTP/1.1" 200 7041
14.0.224.36 - - [17/Dec/2025:09:57:20 +0800] "GET /InternetTrading/jquery/additional-methods.js HTTP/1.1" 200 2238
14.0.224.36 - - [17/Dec/2025:09:57:20 +0800] "GET /InternetTrading/jquery/jquery.mousewheel-3.1.4.js HTTP/1.1" 200 822
14.0.224.36 - - [17/Dec/2025:09:57:20 +0800] "GET /InternetTrading/jquery/jquery.tablesorter-2.14.5.js HTTP/1.1" 200 8901
14.0.224.36 - - [17/Dec/2025:09:57:20 +0800] "GET /InternetTrading/jquery/jquery.tablesorter.widgets-2.14.5.js HTTP/1.1" 200 8611
14.0.224.36 - - [17/Dec/2025:09:57:20 +0800] "GET /InternetTrading/jquery/jquery.combobox.packed.js HTTP/1.1" 200 3387
14.0.224.36 - - [17/Dec/2025:09:57:20 +0800] "GET /InternetTrading/jquery/jquery.getParams.js HTTP/1.1" 200 587
14.0.224.36 - - [17/Dec/2025:09:57:20 +0800] "GET /InternetTrading/jquery/jquery.timer-0.9.16.js HTTP/1.1" 200 542
14.0.224.36 - - [17/Dec/2025:09:57:20 +0800] "GET /InternetTrading/jquery/jquery.selectboxes.pack.js HTTP/1.1" 200 1640
14.0.224.36 - - [17/Dec/2025:09:57:20 +0800] "GET /InternetTrading/jquery/date.js HTTP/1.1" 200 2807
14.0.224.36 - - [17/Dec/2025:09:57:20 +0800] "GET /InternetTrading/jquery/globalize-0.1.0a1.js HTTP/1.1" 200 6984
14.0.224.36 - - [17/Dec/2025:09:57:20 +0800] "GET /InternetTrading/json/json2.js?jsv=20200819161914 HTTP/1.1" 200 1372
14.0.224.36 - - [17/Dec/2025:09:57:20 +0800] "GET /InternetTrading/settings/crm_display_settings.js?jsv=20200819161914 HTTP/1.1" 200 1781
14.0.224.36 - - [17/Dec/2025:09:57:20 +0800] "GET /InternetTrading/js/constants.js?jsv=20200819161914 HTTP/1.1" 200 400
14.0.224.36 - - [17/Dec/2025:09:57:20 +0800] "GET /InternetTrading/tc/user/translation.js?jsv=20200819161914 HTTP/1.1" 200 12818
14.0.224.36 - - [17/Dec/2025:09:57:20 +0800] "GET /InternetTrading/tc/user/custom_variables.js?jsv=20200819161914 HTTP/1.1" 200 275
14.0.224.36 - - [17/Dec/2025:09:57:20 +0800] "GET /InternetTrading/js/haitong.js?jsv=20200819161914 HTTP/1.1" 200 3881
14.0.224.36 - - [17/Dec/2025:09:57:20 +0800] "GET /InternetTrading/js/init.js?jsv=20200819161914 HTTP/1.1" 200 886
