119.136.155.219 - - [17/Dec/2025:09:24:51 +0800] "GET /InternetTrading/jquery/jquery.validate-1.11.1.js HTTP/1.1" 200 7041
119.136.155.219 - - [17/Dec/2025:09:24:51 +0800] "GET /InternetTrading/jquery/jquery.timer-0.9.16.js HTTP/1.1" 200 542
119.136.155.219 - - [17/Dec/2025:09:24:51 +0800] "GET /InternetTrading/jquery/jquery.getParams.js HTTP/1.1" 200 587
119.136.155.219 - - [17/Dec/2025:09:24:51 +0800] "GET /InternetTrading/js/constants.js?jsv=20200819161914 HTTP/1.1" 200 400
119.136.155.219 - - [17/Dec/2025:09:24:51 +0800] "GET /InternetTrading/tc/user/translation.js?jsv=20200819161914 HTTP/1.1" 200 12818
119.136.155.219 - - [17/Dec/2025:09:24:51 +0800] "GET /InternetTrading/js/haitong.js?jsv=20200819161914 HTTP/1.1" 200 3881
119.136.155.219 - - [17/Dec/2025:09:24:51 +0800] "GET /InternetTrading/js/util.js?jsv=20200819161914 HTTP/1.1" 200 6636
119.136.155.219 - - [17/Dec/2025:09:24:51 +0800] "GET /InternetTrading/js/init.js?jsv=20200819161914 HTTP/1.1" 200 886
119.136.155.219 - - [17/Dec/2025:09:24:51 +0800] "GET /InternetTrading/tc/user/custom_variables.js?jsv=20200819161914 HTTP/1.1" 200 275
119.136.155.219 - - [17/Dec/2025:09:24:51 +0800] "GET /InternetTrading/js/2fa.js?jsv=20200819161914 HTTP/1.1" 200 1953
119.136.155.219 - - [17/Dec/2025:09:24:51 +0800] "GET /InternetTrading/js/login.js?jsv=20200819161914 HTTP/1.1" 200 1684
119.136.155.219 - - [17/Dec/2025:09:24:51 +0800] "GET /InternetTrading/settings/webpage_settings.js?jsv=20200819161914 HTTP/1.1" 200 33
119.136.155.219 - - [17/Dec/2025:09:24:51 +0800] "GET /InternetTrading/tc/images/logo.png HTTP/1.1" 200 7042
119.136.155.219 - - [17/Dec/2025:09:24:51 +0800] "GET /InternetTrading/js/login.js?jsv=20200819161914 HTTP/1.1" 200 1684
119.136.155.219 - - [17/Dec/2025:09:24:51 +0800] "GET /InternetTrading/tc/dialog.html?1765934938418 HTTP/1.1" 200 3188
119.136.155.219 - - [17/Dec/2025:09:24:51 +0800] "GET /InternetTrading/jquery/wait.gif HTTP/1.1" 200 432
119.136.155.219 - - [17/Dec/2025:09:24:51 +0800] "POST /InternetTrading/SystemMaintenanceCheck HTTP/1.1" 200 119
119.136.155.219 - - [17/Dec/2025:09:24:51 +0800] "POST /InternetTrading/SystemMaintenanceCheck HTTP/1.1" 200 119
119.136.155.219 - - [17/Dec/2025:09:24:51 +0800] "POST /InternetTrading/Get2FAInfoService HTTP/1.1" 200 109
119.136.155.219 - - [17/Dec/2025:09:24:51 +0800] "GET /favicon.ico HTTP/1.1" 404 196
119.34.176.224 - - [17/Dec/2025:09:24:52 +0800] "GET /InternetTrading/longpoll/13979?X-Atmosphere-tracking-id=0&X-Atmosphere-Framework=2.2.3-javascript&X-Atmosphere-Transport=long-polling&X-Atmosphere-TrackMessageSize=true&Content-Type=charset%3Dutf-8&X-atmo-protocol=true&_=1765934937717 HTTP/1.1" 200 -
14.0.224.36 - - [17/Dec/2025:09:24:53 +0800] "GET /InternetTrading/longpoll/A8127?X-Atmosphere-tracking-id=0&X-Atmosphere-Framework=2.2.3-javascript&X-Atmosphere-Transport=long-polling&X-Atmosphere-TrackMessageSize=true&Content-Type=charset%3Dutf-8&X-atmo-protocol=true&_=1765934938125 HTTP/1.1" 200 -
61.239.100.147 - - [17/Dec/2025:09:24:55 +0800] "GET /InternetTrading/longpoll/13925?X-Atmosphere-tracking-id=0&X-Atmosphere-Framework=2.2.3-javascript&X-Atmosphere-Transport=long-polling&X-Atmosphere-TrackMessageSize=true&Content-Type=charset%3Dutf-8&X-atmo-protocol=true&_=1765934938452 HTTP/1.1" 200 -
121.204.201.197 - - [17/Dec/2025:09:24:55 +0800] "GET /InternetTrading/longpoll/55955?X-Atmosphere-tracking-id=0&X-Atmosphere-Framework=2.2.3-javascript&X-Atmosphere-Transport=long-polling&X-Atmosphere-TrackMessageSize=true&Content-Type=charset%3Dutf-8&X-atmo-protocol=true&_=1765934938401 HTTP/1.1" 200 -
119.34.176.224 - - [17/Dec/2025:09:24:57 +0800] "GET /InternetTrading/longpoll/13979?X-Atmosphere-tracking-id=0&X-Atmosphere-Framework=2.2.3-javascript&X-Atmosphere-Transport=long-polling&X-Atmosphere-TrackMessageSize=true&Content-Type=charset%3Dutf-8&X-atmo-protocol=true&_=1765934942802 HTTP/1.1" 200 -
14.0.224.36 - - [17/Dec/2025:09:24:58 +0800] "GET /InternetTrading/longpoll/A8127?X-Atmosphere-tracking-id=0&X-Atmosphere-Framework=2.2.3-javascript&X-Atmosphere-Transport=long-polling&X-Atmosphere-TrackMessageSize=true&Content-Type=charset%3Dutf-8&X-atmo-protocol=true&_=1765934943336 HTTP/1.1" 200 -
121.204.201.197 - - [17/Dec/2025:09:25:00 +0800] "GET /InternetTrading/longpoll/55955?X-Atmosphere-tracking-id=0&X-Atmosphere-Framework=2.2.3-javascript&X-Atmosphere-Transport=long-polling&X-Atmosphere-TrackMessageSize=true&Content-Type=charset%3Dutf-8&X-atmo-protocol=true&_=1765934943555 HTTP/1.1" 200 -
121.204.201.197 - - [17/Dec/2025:09:25:01 +0800] "POST /InternetTrading/SessionErrorLogger HTTP/1.1" 200 117
121.204.201.197 - - [17/Dec/2025:09:25:01 +0800] "POST /InternetTrading/Heartbeat HTTP/1.1" 200 32
61.239.100.147 - - [17/Dec/2025:09:25:01 +0800] "GET /InternetTrading/longpoll/13925?X-Atmosphere-tracking-id=0&X-Atmosphere-Framework=2.2.3-javascript&X-Atmosphere-Transport=long-polling&X-Atmosphere-TrackMessageSize=true&Content-Type=charset%3Dutf-8&X-atmo-protocol=true&_=1765934944452 HTTP/1.1" 200 -
121.204.201.197 - - [17/Dec/2025:09:25:01 +0800] "POST /InternetTrading/SessionErrorLogger HTTP/1.1" 200 117
121.204.201.197 - - [17/Dec/2025:09:25:01 +0800] "POST /InternetTrading/MarketStatus HTTP/1.1" 200 772
119.34.176.224 - - [17/Dec/2025:09:25:02 +0800] "GET /InternetTrading/longpoll/13979?X-Atmosphere-tracking-id=0&X-Atmosphere-Framework=2.2.3-javascript&X-Atmosphere-Transport=long-polling&X-Atmosphere-TrackMessageSize=true&Content-Type=charset%3Dutf-8&X-atmo-protocol=true&_=1765934947889 HTTP/1.1" 200 -
14.0.224.36 - - [17/Dec/2025:09:25:03 +0800] "GET /InternetTrading/longpoll/A8127?X-Atmosphere-tracking-id=0&X-Atmosphere-Framework=2.2.3-javascript&X-Atmosphere-Transport=long-polling&X-Atmosphere-TrackMessageSize=true&Content-Type=charset%3Dutf-8&X-atmo-protocol=true&_=1765934948627 HTTP/1.1" 200 -
121.204.201.197 - - [17/Dec/2025:09:25:05 +0800] "GET /InternetTrading/longpoll/55955?X-Atmosphere-tracking-id=0&X-Atmosphere-Framework=2.2.3-javascript&X-Atmosphere-Transport=long-polling&X-Atmosphere-TrackMessageSize=true&Content-Type=charset%3Dutf-8&X-atmo-protocol=true&_=1765934948757 HTTP/1.1" 200 -
61.239.100.147 - - [17/Dec/2025:09:25:07 +0800] "GET /InternetTrading/longpoll/13925?X-Atmosphere-tracking-id=0&X-Atmosphere-Framework=2.2.3-javascript&X-Atmosphere-Transport=long-polling&X-Atmosphere-TrackMessageSize=true&Content-Type=charset%3Dutf-8&X-atmo-protocol=true&_=1765934950445 HTTP/1.1" 200 -
119.34.176.224 - - [17/Dec/2025:09:25:08 +0800] "GET /InternetTrading/longpoll/13979?X-Atmosphere-tracking-id=0&X-Atmosphere-Framework=2.2.3-javascript&X-Atmosphere-Transport=long-polling&X-Atmosphere-TrackMessageSize=true&Content-Type=charset%3Dutf-8&X-atmo-protocol=true&_=1765934952985 HTTP/1.1" 200 -
14.0.224.36 - - [17/Dec/2025:09:25:08 +0800] "GET /InternetTrading/longpoll/A8127?X-Atmosphere-tracking-id=0&X-Atmosphere-Framework=2.2.3-javascript&X-Atmosphere-Transport=long-polling&X-Atmosphere-TrackMessageSize=true&Content-Type=charset%3Dutf-8&X-atmo-protocol=true&_=1765934953821 HTTP/1.1" 200 -
119.136.155.219 - - [17/Dec/2025:09:25:08 +0800] "GET /InternetTrading/jquery/wait.gif HTTP/1.1" 200 432
119.136.155.219 - - [17/Dec/2025:09:25:08 +0800] "POST /InternetTrading/Verify2FAService HTTP/1.1" 200 429
119.136.155.219 - - [17/Dec/2025:09:25:09 +0800] "GET /InternetTrading/tc/main.html?language=tc&version=HTML HTTP/1.1" 200 3578
119.136.155.219 - - [17/Dec/2025:09:25:09 +0800] "GET /InternetTrading/jquery/ui.datepicker.css HTTP/1.1" 200 1145
119.136.155.219 - - [17/Dec/2025:09:25:09 +0800] "GET /InternetTrading/jquery/jquery.tablesorter-theme.blue.css HTTP/1.1" 200 2083
119.136.155.219 - - [17/Dec/2025:09:25:09 +0800] "GET /InternetTrading/jquery/dragtable-2.0.9.css HTTP/1.1" 200 316
119.136.155.219 - - [17/Dec/2025:09:25:09 +0800] "GET /InternetTrading/jquery/jquery-ui-1.10.3.css HTTP/1.1" 200 5283
119.136.155.219 - - [17/Dec/2025:09:25:09 +0800] "GET /InternetTrading/tc/style_common.css?v=20200819161914 HTTP/1.1" 200 2540
119.136.155.219 - - [17/Dec/2025:09:25:09 +0800] "GET /InternetTrading/tc/style.css?v=20200819161914 HTTP/1.1" 200 1435
119.136.155.219 - - [17/Dec/2025:09:25:09 +0800] "GET /InternetTrading/js/aastock.js HTTP/1.1" 200 553
119.136.155.219 - - [17/Dec/2025:09:25:09 +0800] "GET /InternetTrading/jquery/jquery.ba-postmessage.js HTTP/1.1" 200 2990
119.136.155.219 - - [17/Dec/2025:09:25:09 +0800] "GET /InternetTrading/tc/css/jquery.jscrollpane.css HTTP/1.1" 404 690
119.136.155.219 - - [17/Dec/2025:09:25:09 +0800] "GET /InternetTrading/jquery/jquery-1.6.3.min.js HTTP/1.1" 200 32057
119.136.155.219 - - [17/Dec/2025:09:25:09 +0800] "GET /InternetTrading/jquery/jquery-migrate-3.0.0.js HTTP/1.1" 200 4963
119.136.155.219 - - [17/Dec/2025:09:25:09 +0800] "GET /InternetTrading/jquery/jquery-3.3.1.js HTTP/1.1" 200 80650
119.136.155.219 - - [17/Dec/2025:09:25:09 +0800] "GET /InternetTrading/js/atmosphere.js HTTP/1.1" 200 13461
119.136.155.219 - - [17/Dec/2025:09:25:09 +0800] "GET /InternetTrading/js/cache.js?jsv=20200819161914 HTTP/1.1" 200 940
119.136.155.219 - - [17/Dec/2025:09:25:09 +0800] "GET /InternetTrading/jquery/jquery-ui-1.10.3.js HTTP/1.1" 200 69642
119.136.155.219 - - [17/Dec/2025:09:25:09 +0800] "GET /InternetTrading/jquery/jquery.form-3.46.0.js HTTP/1.1" 200 5673
119.136.155.219 - - [17/Dec/2025:09:25:09 +0800] "GET /InternetTrading/jquery/jquery.blockUI-2.66.0.js HTTP/1.1" 200 6651
119.136.155.219 - - [17/Dec/2025:09:25:09 +0800] "GET /InternetTrading/jquery/jquery.validate-1.11.1.js HTTP/1.1" 200 7041
119.136.155.219 - - [17/Dec/2025:09:25:09 +0800] "GET /InternetTrading/jquery/additional-methods.js HTTP/1.1" 200 2238
119.136.155.219 - - [17/Dec/2025:09:25:09 +0800] "GET /InternetTrading/jquery/jquery.mousewheel-3.1.4.js HTTP/1.1" 200 822
119.136.155.219 - - [17/Dec/2025:09:25:09 +0800] "GET /InternetTrading/jquery/jquery.tablesorter-2.14.5.js HTTP/1.1" 200 8901
119.136.155.219 - - [17/Dec/2025:09:25:09 +0800] "GET /InternetTrading/jquery/jquery.tablesorter.widgets-2.14.5.js HTTP/1.1" 200 8611
119.136.155.219 - - [17/Dec/2025:09:25:09 +0800] "GET /InternetTrading/jquery/jquery.combobox.packed.js HTTP/1.1" 200 3387
119.136.155.219 - - [17/Dec/2025:09:25:09 +0800] "GET /InternetTrading/jquery/jquery.timer-0.9.16.js HTTP/1.1" 200 542
119.136.155.219 - - [17/Dec/2025:09:25:09 +0800] "GET /InternetTrading/jquery/jquery.selectboxes.pack.js HTTP/1.1" 200 1640
119.136.155.219 - - [17/Dec/2025:09:25:09 +0800] "GET /InternetTrading/jquery/jquery.getParams.js HTTP/1.1" 200 587
119.136.155.219 - - [17/Dec/2025:09:25:09 +0800] "GET /InternetTrading/jquery/date.js HTTP/1.1" 200 2807
119.136.155.219 - - [17/Dec/2025:09:25:09 +0800] "GET /InternetTrading/jquery/globalize-0.1.0a1.js HTTP/1.1" 200 6984
119.136.155.219 - - [17/Dec/2025:09:25:09 +0800] "GET /InternetTrading/json/json2.js?jsv=20200819161914 HTTP/1.1" 200 1372
119.136.155.219 - - [17/Dec/2025:09:25:09 +0800] "GET /InternetTrading/settings/crm_display_settings.js?jsv=20200819161914 HTTP/1.1" 200 1781
119.136.155.219 - - [17/Dec/2025:09:25:09 +0800] "GET /InternetTrading/js/constants.js?jsv=20200819161914 HTTP/1.1" 200 400
119.136.155.219 - - [17/Dec/2025:09:25:09 +0800] "GET /InternetTrading/tc/user/translation.js?jsv=20200819161914 HTTP/1.1" 200 12818
119.136.155.219 - - [17/Dec/2025:09:25:09 +0800] "GET /InternetTrading/tc/user/custom_variables.js?jsv=20200819161914 HTTP/1.1" 200 275
119.136.155.219 - - [17/Dec/2025:09:25:09 +0800] "GET /InternetTrading/js/haitong.js?jsv=20200819161914 HTTP/1.1" 200 3881
119.136.155.219 - - [17/Dec/2025:09:25:09 +0800] "GET /InternetTrading/js/util.js?jsv=20200819161914 HTTP/1.1" 200 6636
119.136.155.219 - - [17/Dec/2025:09:25:09 +0800] "GET /InternetTrading/js/rsautil.js?jsv=20200819161914 HTTP/1.1" 200 1017
119.136.155.219 - - [17/Dec/2025:09:25:09 +0800] "GET /InternetTrading/js/init.js?jsv=20200819161914 HTTP/1.1" 200 886
119.136.155.219 - - [17/Dec/2025:09:25:09 +0800] "GET /InternetTrading/js/corporate.js?jsv=20200819161914 HTTP/1.1" 200 1575
119.136.155.219 - - [17/Dec/2025:09:25:09 +0800] "GET /InternetTrading/js/update_mdf.js?jsv=20200819161914 HTTP/1.1" 200 856
119.136.155.219 - - [17/Dec/2025:09:25:09 +0800] "GET /InternetTrading/js/validation_hkex.js?jsv=20200819161914 HTTP/1.1" 200 2300
119.136.155.219 - - [17/Dec/2025:09:25:09 +0800] "GET /InternetTrading/js/main.js?jsv=20200819161914 HTTP/1.1" 200 30725
119.136.155.219 - - [17/Dec/2025:09:25:09 +0800] "GET /InternetTrading/js/validation_bshare.js?jsv=20200819161914 HTTP/1.1" 200 1567
119.136.155.219 - - [17/Dec/2025:09:25:09 +0800] "GET /InternetTrading/js/validation_ashare.js?jsv=20200819161914 HTTP/1.1" 200 2482
119.136.155.219 - - [17/Dec/2025:09:25:09 +0800] "GET /InternetTrading/js/validation_global.js?jsv=20200819161914 HTTP/1.1" 200 1564
119.136.155.219 - - [17/Dec/2025:09:25:09 +0800] "GET /InternetTrading/js/account.js?jsv=20200819161914 HTTP/1.1" 200 2656
119.136.155.219 - - [17/Dec/2025:09:25:09 +0800] "GET /InternetTrading/js/ipo.js?jsv=20200819161914 HTTP/1.1" 200 5726
119.136.155.219 - - [17/Dec/2025:09:25:09 +0800] "GET /InternetTrading/js/cash_transfer.js?jsv=20200819161914 HTTP/1.1" 200 2712
119.136.155.219 - - [17/Dec/2025:09:25:09 +0800] "GET /InternetTrading/js/spread_cache.js?jsv=20200819161914 HTTP/1.1" 200 908
119.136.155.219 - - [17/Dec/2025:09:25:09 +0800] "GET /InternetTrading/js/mm.js?jsv=20200819161914 HTTP/1.1" 200 487
119.136.155.219 - - [17/Dec/2025:09:25:09 +0800] "GET /InternetTrading/js/isec_calculator.js?jsv=20200819161914 HTTP/1.1" 200 1364
119.136.155.219 - - [17/Dec/2025:09:25:09 +0800] "GET /InternetTrading/js/payment_instruction.js?jsv=20200819161914 HTTP/1.1" 200 2178
119.136.155.219 - - [17/Dec/2025:09:25:09 +0800] "GET /InternetTrading/js/eStatement.js?jsv=20200819161914 HTTP/1.1" 200 562
119.136.155.219 - - [17/Dec/2025:09:25:09 +0800] "GET /InternetTrading/js/payment_instruction_IMOS.js?jsv=20200819161914 HTTP/1.1" 200 6874
119.136.155.219 - - [17/Dec/2025:09:25:09 +0800] "GET /InternetTrading/js/string_extend.js?jsv=20200819161914 HTTP/1.1" 200 272
119.136.155.219 - - [17/Dec/2025:09:25:09 +0800] "GET /InternetTrading/ExchangeList?fmt=js&jsv=20200819161914 HTTP/1.1" 200 146
119.136.155.219 - - [17/Dec/2025:09:25:09 +0800] "GET /InternetTrading/js/pidcrypt.js?jsv=20200819161914 HTTP/1.1" 200 982
119.136.155.219 - - [17/Dec/2025:09:25:09 +0800] "GET /InternetTrading/js/pidcrypt_util.js?jsv=20200819161914 HTTP/1.1" 200 1206
119.136.155.219 - - [17/Dec/2025:09:25:09 +0800] "GET /InternetTrading/js/md5.js?jsv=20200819161914 HTTP/1.1" 200 1730
119.136.155.219 - - [17/Dec/2025:09:25:09 +0800] "GET /InternetTrading/js/aes_cbc.js?jsv=20200819161914 HTTP/1.1" 200 2043
119.136.155.219 - - [17/Dec/2025:09:25:09 +0800] "GET /InternetTrading/js/jsbn.js?jsv=20200819161914 HTTP/1.1" 200 6736
119.136.155.219 - - [17/Dec/2025:09:25:09 +0800] "GET /InternetTrading/js/aes_core.js?jsv=20200819161914 HTTP/1.1" 200 2106
119.136.155.219 - - [17/Dec/2025:09:25:09 +0800] "GET /InternetTrading/js/sha256.js?jsv=20200819161914 HTTP/1.1" 200 1362
119.136.155.219 - - [17/Dec/2025:09:25:09 +0800] "GET /InternetTrading/js/asn1.js?jsv=20200819161914 HTTP/1.1" 200 3099
119.136.155.219 - - [17/Dec/2025:09:25:09 +0800] "GET /InternetTrading/js/prng4.js?jsv=20200819161914 HTTP/1.1" 200 303
119.136.155.219 - - [17/Dec/2025:09:25:09 +0800] "GET /InternetTrading/js/rsa.js?jsv=20200819161914 HTTP/1.1" 200 1658
119.136.155.219 - - [17/Dec/2025:09:25:09 +0800] "GET /InternetTrading/js/utilSpec.js?jsv=20200819161914 HTTP/1.1" 200 27
119.136.155.219 - - [17/Dec/2025:09:25:09 +0800] "GET /InternetTrading/js/mode-ecb.js?jsv=20200819161914 HTTP/1.1" 200 199
119.136.155.219 - - [17/Dec/2025:09:25:09 +0800] "GET /InternetTrading/js/aes.js?jsv=20200819161914 HTTP/1.1" 200 4816
119.136.155.219 - - [17/Dec/2025:09:25:09 +0800] "GET /InternetTrading/js/update_lastlogin.js?jsv=20200819161914 HTTP/1.1" 200 980
119.136.155.219 - - [17/Dec/2025:09:25:09 +0800] "GET /InternetTrading/js/pw_alert.js?jsv=20200819161914 HTTP/1.1" 200 418
119.136.155.219 - - [17/Dec/2025:09:25:09 +0800] "GET /InternetTrading/js/jquery.jscrollpane.js HTTP/1.1" 404 685
119.136.155.219 - - [17/Dec/2025:09:25:09 +0800] "GET /InternetTrading/js/rng.js?jsv=20200819161914 HTTP/1.1" 200 481
119.136.155.219 - - [17/Dec/2025:09:25:09 +0800] "GET /InternetTrading/js/jquery.mousewheel.js HTTP/1.1" 404 684
119.136.155.219 - - [17/Dec/2025:09:25:09 +0800] "GET /InternetTrading/js/jquery.cookie.js HTTP/1.1" 200 834
119.136.155.219 - - [17/Dec/2025:09:25:09 +0800] "GET /InternetTrading/js/decimal.js HTTP/1.1" 200 13492
119.136.155.219 - - [17/Dec/2025:09:25:09 +0800] "GET /InternetTrading/tc/images/logo.png HTTP/1.1" 200 7042
119.136.155.219 - - [17/Dec/2025:09:25:09 +0800] "GET /InternetTrading/tc/images/top_menu01.jpg HTTP/1.1" 200 3466
119.136.155.219 - - [17/Dec/2025:09:25:09 +0800] "GET /InternetTrading/GoodTillDateValidExch?fmt=js&jsv=20200819161914 HTTP/1.1" 200 29
119.136.155.219 - - [17/Dec/2025:09:25:09 +0800] "GET /InternetTrading/tc/images/top_menu04.jpg HTTP/1.1" 200 3430
119.136.155.219 - - [17/Dec/2025:09:25:09 +0800] "GET /InternetTrading/tc/images/top_menu_logout.jpg HTTP/1.1" 200 1016
119.136.155.219 - - [17/Dec/2025:09:25:09 +0800] "GET /InternetTrading/images/top_bg1.jpg HTTP/1.1" 200 329
119.136.155.219 - - [17/Dec/2025:09:25:09 +0800] "GET /InternetTrading/images/top_bg3.jpg HTTP/1.1" 200 878
119.136.155.219 - - [17/Dec/2025:09:25:09 +0800] "GET /InternetTrading/images/top_bg2.jpg HTTP/1.1" 200 330
119.136.155.219 - - [17/Dec/2025:09:25:09 +0800] "GET /InternetTrading/tc/dialog.html?1765934957064 HTTP/1.1" 200 3188
119.136.155.219 - - [17/Dec/2025:09:25:09 +0800] "POST /InternetTrading/PopUpConfig HTTP/1.1" 200 2
119.136.155.219 - - [17/Dec/2025:09:25:09 +0800] "POST /InternetTrading/Heartbeat HTTP/1.1" 200 32
119.136.155.219 - - [17/Dec/2025:09:25:09 +0800] "POST /InternetTrading/CustomerInfoLite HTTP/1.1" 200 125
119.136.155.219 - - [17/Dec/2025:09:25:09 +0800] "GET /InternetTrading/jquery/wait.gif HTTP/1.1" 200 432
119.136.155.219 - - [17/Dec/2025:09:25:09 +0800] "GET /InternetTrading/tc/images/top_menu04.jpg HTTP/1.1" 200 3430
119.136.155.219 - - [17/Dec/2025:09:25:09 +0800] "GET /InternetTrading/tc/trade.html HTTP/1.1" 200 2113
119.136.155.219 - - [17/Dec/2025:09:25:09 +0800] "POST /InternetTrading/SpreadPriceCache HTTP/1.1" 200 1947
119.136.155.219 - - [17/Dec/2025:09:25:09 +0800] "GET /InternetTrading/tc/images/top_menu01_o.jpg HTTP/1.1" 200 3339
119.136.155.219 - - [17/Dec/2025:09:25:09 +0800] "POST /InternetTrading/SessionErrorLogger HTTP/1.1" 200 117
119.136.155.219 - - [17/Dec/2025:09:25:09 +0800] "POST /InternetTrading/GetLastLoginDate HTTP/1.1" 200 31
119.136.155.219 - - [17/Dec/2025:09:25:09 +0800] "POST /InternetTrading/SessionErrorLogger HTTP/1.1" 200 117
119.136.155.219 - - [17/Dec/2025:09:25:09 +0800] "GET /InternetTrading/tc/getpopupMsgName.jsp HTTP/1.1" 200 -
119.136.155.219 - - [17/Dec/2025:09:25:09 +0800] "GET /InternetTrading/tc/applet_dummy.html HTTP/1.1" 200 330
119.136.155.219 - - [17/Dec/2025:09:25:09 +0800] "POST /InternetTrading/SessionErrorLogger HTTP/1.1" 200 117
119.136.155.219 - - [17/Dec/2025:09:25:09 +0800] "GET /InternetTrading/tc/buy_ticket.html? HTTP/1.1" 200 1995
119.136.155.219 - - [17/Dec/2025:09:25:09 +0800] "POST /InternetTrading/SessionErrorLogger HTTP/1.1" 200 117
119.136.155.219 - - [17/Dec/2025:09:25:09 +0800] "POST /InternetTrading/MarketStatus HTTP/1.1" 200 772
119.136.155.219 - - [17/Dec/2025:09:25:10 +0800] "POST /InternetTrading/SessionErrorLogger HTTP/1.1" 200 117
119.136.155.219 - - [17/Dec/2025:09:25:10 +0800] "GET /InternetTrading/jquery/wait.gif HTTP/1.1" 200 432
119.136.155.219 - - [17/Dec/2025:09:25:10 +0800] "GET /InternetTrading/tc/multi_currency_balance.html HTTP/1.1" 200 295
119.136.155.219 - - [17/Dec/2025:09:25:10 +0800] "GET /InternetTrading/Home/PostToAA.jsp?hl=tc HTTP/1.1" 200 294
119.136.155.219 - - [17/Dec/2025:09:25:10 +0800] "GET /InternetTrading/tc/images/refresh.gif HTTP/1.1" 200 1145
119.136.155.219 - - [17/Dec/2025:09:25:10 +0800] "GET /InternetTrading/tc/images/trade_point01.jpg HTTP/1.1" 200 358
119.136.155.219 - - [17/Dec/2025:09:25:10 +0800] "GET /InternetTrading/jquery/images/ui-icons_222222_256x240.png HTTP/1.1" 200 6922
119.136.155.219 - - [17/Dec/2025:09:25:10 +0800] "GET /InternetTrading/jquery/images/ui-bg_flat_75_ffffff_40x100.png HTTP/1.1" 200 208
119.136.155.219 - - [17/Dec/2025:09:25:10 +0800] "POST /InternetTrading/SessionErrorLogger HTTP/1.1" 200 117
119.136.155.219 - - [17/Dec/2025:09:25:10 +0800] "POST /InternetTrading/SessionErrorLogger HTTP/1.1" 200 117
119.136.155.219 - - [17/Dec/2025:09:25:10 +0800] "POST /InternetTrading/MarketStatus HTTP/1.1" 200 772
119.136.155.219 - - [17/Dec/2025:09:25:10 +0800] "POST /InternetTrading/MarketStatus HTTP/1.1" 200 772
113.196.56.150 - - [17/Dec/2025:09:25:10 +0800] "GET / HTTP/1.1" 200 3426
113.196.56.150 - - [17/Dec/2025:09:25:10 +0800] "GET /CHANGES.txt HTTP/1.1" 200 59
58.152.215.40 - - [17/Dec/2025:09:25:10 +0800] "POST /InternetTrading/Heartbeat2FAService HTTP/1.1" 200 1
121.204.201.197 - - [17/Dec/2025:09:25:10 +0800] "GET /InternetTrading/longpoll/55955?X-Atmosphere-tracking-id=0&X-Atmosphere-Framework=2.2.3-javascript&X-Atmosphere-Transport=long-polling&X-Atmosphere-TrackMessageSize=true&Content-Type=charset%3Dutf-8&X-atmo-protocol=true&_=1765934953834 HTTP/1.1" 200 -
113.196.56.150 - - [17/Dec/2025:09:25:11 +0800] "GET /INSTALL.txt HTTP/1.1" 200 310
113.196.56.150 - - [17/Dec/2025:09:25:11 +0800] "GET /NOTICE.txt HTTP/1.1" 200 2865
113.196.56.150 - - [17/Dec/2025:09:25:11 +0800] "GET /ABOUT_APACHE.txt HTTP/1.1" 200 13741
113.196.56.150 - - [17/Dec/2025:09:25:11 +0800] "GET /LICENSE.txt HTTP/1.1" 200 44494
119.136.155.219 - - [17/Dec/2025:09:25:12 +0800] "POST /InternetTrading/SessionErrorLogger HTTP/1.1" 200 117
119.136.155.219 - - [17/Dec/2025:09:25:12 +0800] "POST /InternetTrading/CustomerInfo HTTP/1.1" 200 209
119.136.155.219 - - [17/Dec/2025:09:25:12 +0800] "POST /InternetTrading/SessionErrorLogger HTTP/1.1" 200 117
119.136.155.219 - - [17/Dec/2025:09:25:12 +0800] "GET /InternetTrading/tc/account_status.html HTTP/1.1" 200 426
119.136.155.219 - - [17/Dec/2025:09:25:12 +0800] "POST /InternetTrading/SessionErrorLogger HTTP/1.1" 200 117
119.136.155.219 - - [17/Dec/2025:09:25:12 +0800] "POST /InternetTrading/SessionErrorLogger HTTP/1.1" 200 117
119.136.155.219 - - [17/Dec/2025:09:25:12 +0800] "POST /InternetTrading/MarketStatus HTTP/1.1" 200 772
119.136.155.219 - - [17/Dec/2025:09:25:12 +0800] "GET /InternetTrading/jquery/wait.gif HTTP/1.1" 200 432
119.136.155.219 - - [17/Dec/2025:09:25:12 +0800] "POST /InternetTrading/SessionErrorLogger HTTP/1.1" 200 117
119.136.155.219 - - [17/Dec/2025:09:25:12 +0800] "POST /InternetTrading/LongPollingConfig HTTP/1.1" 200 4
119.136.155.219 - - [17/Dec/2025:09:25:12 +0800] "GET /InternetTrading/jquery/wait.gif HTTP/1.1" 200 432
119.136.155.219 - - [17/Dec/2025:09:25:12 +0800] "POST /InternetTrading/SessionErrorLogger HTTP/1.1" 200 117
119.136.155.219 - - [17/Dec/2025:09:25:12 +0800] "GET /InternetTrading/longpoll/51803?X-Atmosphere-tracking-id=0&X-Atmosphere-Framework=2.2.3-javascript&X-Atmosphere-Transport=long-polling&X-Atmosphere-TrackMessageSize=true&Content-Type=charset%3Dutf-8&X-atmo-protocol=true&_=1765934959461 HTTP/1.1" 200 -
119.136.155.219 - - [17/Dec/2025:09:25:12 +0800] "POST /InternetTrading/Portfolio HTTP/1.1" 200 1792
119.34.176.224 - - [17/Dec/2025:09:25:13 +0800] "GET /InternetTrading/longpoll/13979?X-Atmosphere-tracking-id=0&X-Atmosphere-Framework=2.2.3-javascript&X-Atmosphere-Transport=long-polling&X-Atmosphere-TrackMessageSize=true&Content-Type=charset%3Dutf-8&X-atmo-protocol=true&_=1765934958375 HTTP/1.1" 200 -
14.0.224.36 - - [17/Dec/2025:09:25:13 +0800] "POST /InternetTrading/SessionErrorLogger HTTP/1.1" 200 117
61.239.100.147 - - [17/Dec/2025:09:25:13 +0800] "GET /InternetTrading/longpoll/13925?X-Atmosphere-tracking-id=0&X-Atmosphere-Framework=2.2.3-javascript&X-Atmosphere-Transport=long-polling&X-Atmosphere-TrackMessageSize=true&Content-Type=charset%3Dutf-8&X-atmo-protocol=true&_=1765934956455 HTTP/1.1" 200 -
14.0.224.36 - - [17/Dec/2025:09:25:13 +0800] "POST /InternetTrading/Heartbeat HTTP/1.1" 200 32
14.0.224.36 - - [17/Dec/2025:09:25:13 +0800] "POST /InternetTrading/SessionErrorLogger HTTP/1.1" 200 117
119.34.176.224 - - [17/Dec/2025:09:25:13 +0800] "POST /InternetTrading/SessionErrorLogger HTTP/1.1" 200 117
119.34.176.224 - - [17/Dec/2025:09:25:13 +0800] "POST /InternetTrading/Heartbeat HTTP/1.1" 200 32
14.0.224.36 - - [17/Dec/2025:09:25:13 +0800] "POST /InternetTrading/MarketStatus HTTP/1.1" 200 772
14.0.224.36 - - [17/Dec/2025:09:25:13 +0800] "GET /InternetTrading/longpoll/A8127?X-Atmosphere-tracking-id=0&X-Atmosphere-Framework=2.2.3-javascript&X-Atmosphere-Transport=long-polling&X-Atmosphere-TrackMessageSize=true&Content-Type=charset%3Dutf-8&X-atmo-protocol=true&_=1765934958973 HTTP/1.1" 200 -
121.204.201.197 - - [17/Dec/2025:09:25:16 +0800] "GET /InternetTrading/longpoll/55955?X-Atmosphere-tracking-id=0&X-Atmosphere-Framework=2.2.3-javascript&X-Atmosphere-Transport=long-polling&X-Atmosphere-TrackMessageSize=true&Content-Type=charset%3Dutf-8&X-atmo-protocol=true&_=1765934959056 HTTP/1.1" 200 -
119.34.176.224 - - [17/Dec/2025:09:25:16 +0800] "POST /InternetTrading/SessionErrorLogger HTTP/1.1" 200 117
113.196.56.150 - - [17/Dec/2025:09:25:16 +0800] "GET /htdocs/ HTTP/1.1" 200 46
119.34.176.224 - - [17/Dec/2025:09:25:16 +0800] "POST /InternetTrading/MarketStatus HTTP/1.1" 200 772
119.136.155.219 - - [17/Dec/2025:09:25:17 +0800] "GET /InternetTrading/longpoll/51803?X-Atmosphere-tracking-id=0&X-Atmosphere-Framework=2.2.3-javascript&X-Atmosphere-Transport=long-polling&X-Atmosphere-TrackMessageSize=true&Content-Type=charset%3Dutf-8&X-atmo-protocol=true&_=1765934964481 HTTP/1.1" 200 -
119.34.176.224 - - [17/Dec/2025:09:25:18 +0800] "GET /InternetTrading/longpoll/13979?X-Atmosphere-tracking-id=0&X-Atmosphere-Framework=2.2.3-javascript&X-Atmosphere-Transport=long-polling&X-Atmosphere-TrackMessageSize=true&Content-Type=charset%3Dutf-8&X-atmo-protocol=true&_=1765934963461 HTTP/1.1" 200 -
113.196.56.150 - - [17/Dec/2025:09:25:18 +0800] "GET /modules/ HTTP/1.1" 200 25762
113.196.56.150 - - [17/Dec/2025:09:25:18 +0800] "GET /modules/mod_include.so HTTP/1.1" 200 50176
14.0.224.36 - - [17/Dec/2025:09:25:18 +0800] "GET /InternetTrading/longpoll/A8127?X-Atmosphere-tracking-id=0&X-Atmosphere-Framework=2.2.3-javascript&X-Atmosphere-Transport=long-polling&X-Atmosphere-TrackMessageSize=true&Content-Type=charset%3Dutf-8&X-atmo-protocol=true&_=1765934964017 HTTP/1.1" 200 -
61.239.100.147 - - [17/Dec/2025:09:25:19 +0800] "GET /InternetTrading/longpoll/13925?X-Atmosphere-tracking-id=0&X-Atmosphere-Framework=2.2.3-javascript&X-Atmosphere-Transport=long-polling&X-Atmosphere-TrackMessageSize=true&Content-Type=charset%3Dutf-8&X-atmo-protocol=true&_=1765934962448 HTTP/1.1" 200 -
121.204.201.197 - - [17/Dec/2025:09:25:21 +0800] "GET /InternetTrading/longpoll/55955?X-Atmosphere-tracking-id=0&X-Atmosphere-Framework=2.2.3-javascript&X-Atmosphere-Transport=long-polling&X-Atmosphere-TrackMessageSize=true&Content-Type=charset%3Dutf-8&X-atmo-protocol=true&_=1765934964233 HTTP/1.1" 200 -
119.136.155.219 - - [17/Dec/2025:09:25:22 +0800] "GET /InternetTrading/longpoll/51803?X-Atmosphere-tracking-id=0&X-Atmosphere-Framework=2.2.3-javascript&X-Atmosphere-Transport=long-polling&X-Atmosphere-TrackMessageSize=true&Content-Type=charset%3Dutf-8&X-atmo-protocol=true&_=1765934969503 HTTP/1.1" 200 -
119.34.176.224 - - [17/Dec/2025:09:25:23 +0800] "GET /InternetTrading/longpoll/13979?X-Atmosphere-tracking-id=0&X-Atmosphere-Framework=2.2.3-javascript&X-Atmosphere-Transport=long-polling&X-Atmosphere-TrackMessageSize=true&Content-Type=charset%3Dutf-8&X-atmo-protocol=true&_=1765934968492 HTTP/1.1" 200 -
14.0.224.36 - - [17/Dec/2025:09:25:24 +0800] "GET /InternetTrading/longpoll/A8127?X-Atmosphere-tracking-id=0&X-Atmosphere-Framework=2.2.3-javascript&X-Atmosphere-Transport=long-polling&X-Atmosphere-TrackMessageSize=true&Content-Type=charset%3Dutf-8&X-atmo-protocol=true&_=1765934969171 HTTP/1.1" 200 -
61.239.100.147 - - [17/Dec/2025:09:25:25 +0800] "GET /InternetTrading/longpoll/13925?X-Atmosphere-tracking-id=0&X-Atmosphere-Framework=2.2.3-javascript&X-Atmosphere-Transport=long-polling&X-Atmosphere-TrackMessageSize=true&Content-Type=charset%3Dutf-8&X-atmo-protocol=true&_=1765934968456 HTTP/1.1" 200 -
121.204.201.197 - - [17/Dec/2025:09:25:26 +0800] "GET /InternetTrading/longpoll/55955?X-Atmosphere-tracking-id=0&X-Atmosphere-Framework=2.2.3-javascript&X-Atmosphere-Transport=long-polling&X-Atmosphere-TrackMessageSize=true&Content-Type=charset%3Dutf-8&X-atmo-protocol=true&_=1765934969422 HTTP/1.1" 200 -
119.136.155.219 - - [17/Dec/2025:09:25:27 +0800] "GET /InternetTrading/longpoll/51803?X-Atmosphere-tracking-id=0&X-Atmosphere-Framework=2.2.3-javascript&X-Atmosphere-Transport=long-polling&X-Atmosphere-TrackMessageSize=true&Content-Type=charset%3Dutf-8&X-atmo-protocol=true&_=1765934974569 HTTP/1.1" 200 -
119.34.176.224 - - [17/Dec/2025:09:25:28 +0800] "GET /InternetTrading/longpoll/13979?X-Atmosphere-tracking-id=0&X-Atmosphere-Framework=2.2.3-javascript&X-Atmosphere-Transport=long-polling&X-Atmosphere-TrackMessageSize=true&Content-Type=charset%3Dutf-8&X-atmo-protocol=true&_=1765934973651 HTTP/1.1" 200 -
14.0.224.36 - - [17/Dec/2025:09:25:29 +0800] "GET /InternetTrading/longpoll/A8127?X-Atmosphere-tracking-id=0&X-Atmosphere-Framework=2.2.3-javascript&X-Atmosphere-Transport=long-polling&X-Atmosphere-TrackMessageSize=true&Content-Type=charset%3Dutf-8&X-atmo-protocol=true&_=1765934974433 HTTP/1.1" 200 -
121.204.201.197 - - [17/Dec/2025:09:25:31 +0800] "POST /InternetTrading/SessionErrorLogger HTTP/1.1" 200 117
61.239.100.147 - - [17/Dec/2025:09:25:31 +0800] "GET /InternetTrading/longpoll/13925?X-Atmosphere-tracking-id=0&X-Atmosphere-Framework=2.2.3-javascript&X-Atmosphere-Transport=long-polling&X-Atmosphere-TrackMessageSize=true&Content-Type=charset%3Dutf-8&X-atmo-protocol=true&_=1765934974455 HTTP/1.1" 200 -
121.204.201.197 - - [17/Dec/2025:09:25:31 +0800] "POST /InternetTrading/Heartbeat HTTP/1.1" 200 32
121.204.201.197 - - [17/Dec/2025:09:25:31 +0800] "POST /InternetTrading/SessionErrorLogger HTTP/1.1" 200 117
121.204.201.197 - - [17/Dec/2025:09:25:31 +0800] "POST /InternetTrading/MarketStatus HTTP/1.1" 200 772
121.204.201.197 - - [17/Dec/2025:09:25:31 +0800] "GET /InternetTrading/longpoll/55955?X-Atmosphere-tracking-id=0&X-Atmosphere-Framework=2.2.3-javascript&X-Atmosphere-Transport=long-polling&X-Atmosphere-TrackMessageSize=true&Content-Type=charset%3Dutf-8&X-atmo-protocol=true&_=1765934974663 HTTP/1.1" 200 -
119.136.155.219 - - [17/Dec/2025:09:25:32 +0800] "GET /InternetTrading/longpoll/51803?X-Atmosphere-tracking-id=0&X-Atmosphere-Framework=2.2.3-javascript&X-Atmosphere-Transport=long-polling&X-Atmosphere-TrackMessageSize=true&Content-Type=charset%3Dutf-8&X-atmo-protocol=true&_=1765934979635 HTTP/1.1" 200 -
119.34.176.224 - - [17/Dec/2025:09:25:33 +0800] "GET /InternetTrading/longpoll/13979?X-Atmosphere-tracking-id=0&X-Atmosphere-Framework=2.2.3-javascript&X-Atmosphere-Transport=long-polling&X-Atmosphere-TrackMessageSize=true&Content-Type=charset%3Dutf-8&X-atmo-protocol=true&_=1765934978745 HTTP/1.1" 200 -
14.0.224.36 - - [17/Dec/2025:09:25:34 +0800] "GET /InternetTrading/longpoll/A8127?X-Atmosphere-tracking-id=0&X-Atmosphere-Framework=2.2.3-javascript&X-Atmosphere-Transport=long-polling&X-Atmosphere-TrackMessageSize=true&Content-Type=charset%3Dutf-8&X-atmo-protocol=true&_=1765934979664 HTTP/1.1" 200 -
121.204.201.197 - - [17/Dec/2025:09:25:36 +0800] "GET /InternetTrading/longpoll/55955?X-Atmosphere-tracking-id=0&X-Atmosphere-Framework=2.2.3-javascript&X-Atmosphere-Transport=long-polling&X-Atmosphere-TrackMessageSize=true&Content-Type=charset%3Dutf-8&X-atmo-protocol=true&_=1765934979848 HTTP/1.1" 200 -
113.196.56.150 - - [17/Dec/2025:09:25:37 +0800] "GET /modules/mod_deflate.so HTTP/1.1" 200 34304
119.136.155.219 - - [17/Dec/2025:09:25:37 +0800] "GET /InternetTrading/longpoll/51803?X-Atmosphere-tracking-id=0&X-Atmosphere-Framework=2.2.3-javascript&X-Atmosphere-Transport=long-polling&X-Atmosphere-TrackMessageSize=true&Content-Type=charset%3Dutf-8&X-atmo-protocol=true&_=1765934984709 HTTP/1.1" 200 -
61.239.100.147 - - [17/Dec/2025:09:25:37 +0800] "GET /InternetTrading/longpoll/13925?X-Atmosphere-tracking-id=0&X-Atmosphere-Framework=2.2.3-javascript&X-Atmosphere-Transport=long-polling&X-Atmosphere-TrackMessageSize=true&Content-Type=charset%3Dutf-8&X-atmo-protocol=true&_=1765934980455 HTTP/1.1" 200 -
119.34.176.224 - - [17/Dec/2025:09:25:38 +0800] "GET /InternetTrading/longpoll/13979?X-Atmosphere-tracking-id=0&X-Atmosphere-Framework=2.2.3-javascript&X-Atmosphere-Transport=long-polling&X-Atmosphere-TrackMessageSize=true&Content-Type=charset%3Dutf-8&X-atmo-protocol=true&_=1765934983844 HTTP/1.1" 200 -
14.0.224.36 - - [17/Dec/2025:09:25:39 +0800] "GET /InternetTrading/longpoll/A8127?X-Atmosphere-tracking-id=0&X-Atmosphere-Framework=2.2.3-javascript&X-Atmosphere-Transport=long-polling&X-Atmosphere-TrackMessageSize=true&Content-Type=charset%3Dutf-8&X-atmo-protocol=true&_=1765934984849 HTTP/1.1" 200 -
119.136.155.219 - - [17/Dec/2025:09:25:39 +0800] "POST /InternetTrading/SessionErrorLogger HTTP/1.1" 200 117
119.136.155.219 - - [17/Dec/2025:09:25:40 +0800] "POST /InternetTrading/Heartbeat HTTP/1.1" 200 32
119.136.155.219 - - [17/Dec/2025:09:25:40 +0800] "POST /InternetTrading/SessionErrorLogger HTTP/1.1" 200 117
119.136.155.219 - - [17/Dec/2025:09:25:40 +0800] "POST /InternetTrading/MarketStatus HTTP/1.1" 200 772
58.152.215.40 - - [17/Dec/2025:09:25:40 +0800] "POST /InternetTrading/Heartbeat2FAService HTTP/1.1" 200 1
113.196.56.150 - - [17/Dec/2025:09:25:41 +0800] "GET /modules/mod_remoteip.so HTTP/1.1" 200 28160
121.204.201.197 - - [17/Dec/2025:09:25:42 +0800] "GET /InternetTrading/longpoll/55955?X-Atmosphere-tracking-id=0&X-Atmosphere-Framework=2.2.3-javascript&X-Atmosphere-Transport=long-polling&X-Atmosphere-TrackMessageSize=true&Content-Type=charset%3Dutf-8&X-atmo-protocol=true&_=1765934984926 HTTP/1.1" 200 -
119.136.155.219 - - [17/Dec/2025:09:25:42 +0800] "GET /InternetTrading/longpoll/51803?X-Atmosphere-tracking-id=0&X-Atmosphere-Framework=2.2.3-javascript&X-Atmosphere-Transport=long-polling&X-Atmosphere-TrackMessageSize=true&Content-Type=charset%3Dutf-8&X-atmo-protocol=true&_=1765934989781 HTTP/1.1" 200 -
113.196.56.150 - - [17/Dec/2025:09:25:43 +0800] "GET /modules/mod_allowmethods.so HTTP/1.1" 200 13312
113.196.56.150 - - [17/Dec/2025:09:25:43 +0800] "GET /modules/mod_macro.so HTTP/1.1" 200 23040
113.196.56.150 - - [17/Dec/2025:09:25:43 +0800] "GET /modules/mod_proxy_http.so HTTP/1.1" 200 36352
113.196.56.150 - - [17/Dec/2025:09:25:43 +0800] "GET /modules/mod_log_forensic.so HTTP/1.1" 200 16896
113.196.56.150 - - [17/Dec/2025:09:25:43 +0800] "GET /modules/mod_request.so HTTP/1.1" 200 16896
61.239.100.147 - - [17/Dec/2025:09:25:43 +0800] "GET /InternetTrading/longpoll/13925?X-Atmosphere-tracking-id=0&X-Atmosphere-Framework=2.2.3-javascript&X-Atmosphere-Transport=long-polling&X-Atmosphere-TrackMessageSize=true&Content-Type=charset%3Dutf-8&X-atmo-protocol=true&_=1765934986452 HTTP/1.1" 200 -
113.196.56.150 - - [17/Dec/2025:09:25:43 +0800] "GET /modules/mod_proxy_express.so HTTP/1.1" 200 15360
113.196.56.150 - - [17/Dec/2025:09:25:43 +0800] "GET /modules/mod_proxy_fcgi.so HTTP/1.1" 200 30208
113.196.56.150 - - [17/Dec/2025:09:25:43 +0800] "GET /modules/mod_slotmem_shm.so HTTP/1.1" 200 20992
113.196.56.150 - - [17/Dec/2025:09:25:43 +0800] "GET /modules/mod_lbmethod_bybusyness.so HTTP/1.1" 200 13312
14.0.224.36 - - [17/Dec/2025:09:25:43 +0800] "POST /InternetTrading/SessionErrorLogger HTTP/1.1" 200 117
119.34.176.224 - - [17/Dec/2025:09:25:43 +0800] "POST /InternetTrading/SessionErrorLogger HTTP/1.1" 200 117
113.196.56.150 - - [17/Dec/2025:09:25:43 +0800] "GET /modules/mod_ssl.so HTTP/1.1" 200 193024
119.34.176.224 - - [17/Dec/2025:09:25:43 +0800] "POST /InternetTrading/Heartbeat HTTP/1.1" 200 32
113.196.56.150 - - [17/Dec/2025:09:25:43 +0800] "GET /modules/mod_authz_dbd.so HTTP/1.1" 200 18432
14.0.224.36 - - [17/Dec/2025:09:25:43 +0800] "POST /InternetTrading/Heartbeat HTTP/1.1" 200 32
113.196.56.150 - - [17/Dec/2025:09:25:43 +0800] "GET /modules/mod_data.so HTTP/1.1" 200 15360
119.34.176.224 - - [17/Dec/2025:09:25:43 +0800] "GET /InternetTrading/longpoll/13979?X-Atmosphere-tracking-id=0&X-Atmosphere-Framework=2.2.3-javascript&X-Atmosphere-Transport=long-polling&X-Atmosphere-TrackMessageSize=true&Content-Type=charset%3Dutf-8&X-atmo-protocol=true&_=1765934988928 HTTP/1.1" 200 -
113.196.56.150 - - [17/Dec/2025:09:25:43 +0800] "GET /modules/mod_file_cache.so HTTP/1.1" 200 17408
14.0.224.36 - - [17/Dec/2025:09:25:43 +0800] "POST /InternetTrading/SessionErrorLogger HTTP/1.1" 200 117
113.196.56.150 - - [17/Dec/2025:09:25:43 +0800] "GET /modules/mod_proxy_scgi.so HTTP/1.1" 200 21504
113.196.56.150 - - [17/Dec/2025:09:25:43 +0800] "GET /modules/mod_access_compat.so HTTP/1.1" 200 16896
113.196.56.150 - - [17/Dec/2025:09:25:43 +0800] "GET /modules/mod_rewrite.so HTTP/1.1" 200 67584
14.0.224.36 - - [17/Dec/2025:09:25:43 +0800] "POST /InternetTrading/MarketStatus HTTP/1.1" 200 772
113.196.56.150 - - [17/Dec/2025:09:25:43 +0800] "GET /modules/mod_authz_dbm.so HTTP/1.1" 200 16896
113.196.56.150 - - [17/Dec/2025:09:25:43 +0800] "GET /modules/mod_mime.so HTTP/1.1" 200 23552
113.196.56.150 - - [17/Dec/2025:09:25:43 +0800] "GET /modules/mod_ext_filter.so HTTP/1.1" 200 24576
113.196.56.150 - - [17/Dec/2025:09:25:43 +0800] "GET /modules/mod_authn_core.so HTTP/1.1" 200 17408
113.196.56.150 - - [17/Dec/2025:09:25:43 +0800] "GET /modules/mod_actions.so HTTP/1.1" 200 15360
113.196.56.150 - - [17/Dec/2025:09:25:43 +0800] "GET /modules/mod_ident.so HTTP/1.1" 200 16384
113.196.56.150 - - [17/Dec/2025:09:25:44 +0800] "GET /modules/mod_authz_groupfile.so HTTP/1.1" 200 16896
113.196.56.150 - - [17/Dec/2025:09:25:44 +0800] "GET /modules/mod_filter.so HTTP/1.1" 200 20992
113.196.56.150 - - [17/Dec/2025:09:25:44 +0800] "GET /modules/mod_authnz_ldap.so HTTP/1.1" 200 44544
113.196.56.150 - - [17/Dec/2025:09:25:44 +0800] "GET /modules/mod_auth_digest.so HTTP/1.1" 200 34304
113.196.56.150 - - [17/Dec/2025:09:25:44 +0800] "GET /modules/mod_session_crypto.so HTTP/1.1" 200 23552
113.196.56.150 - - [17/Dec/2025:09:25:44 +0800] "GET /modules/mod_asis.so HTTP/1.1" 200 14336
113.196.56.150 - - [17/Dec/2025:09:25:44 +0800] "GET /modules/mod_proxy_balancer.so HTTP/1.1" 200 53248
113.196.56.150 - - [17/Dec/2025:09:25:44 +0800] "GET /modules/mod_userdir.so HTTP/1.1" 200 14848
113.196.56.150 - - [17/Dec/2025:09:25:44 +0800] "GET /modules/mod_lbmethod_byrequests.so HTTP/1.1" 200 13312
113.196.56.150 - - [17/Dec/2025:09:25:44 +0800] "GET /modules/mod_dav.so HTTP/1.1" 200 101888
113.196.56.150 - - [17/Dec/2025:09:25:44 +0800] "GET /modules/mod_authz_user.so HTTP/1.1" 200 13312
113.196.56.150 - - [17/Dec/2025:09:25:44 +0800] "GET /modules/mod_dav_fs.so HTTP/1.1" 200 51200
113.196.56.150 - - [17/Dec/2025:09:25:44 +0800] "GET /modules/mod_status.so HTTP/1.1" 200 27648
113.196.56.150 - - [17/Dec/2025:09:25:44 +0800] "GET /modules/mod_proxy_connect.so HTTP/1.1" 200 18432
113.196.56.150 - - [17/Dec/2025:09:25:44 +0800] "GET /modules/mod_substitute.so HTTP/1.1" 200 21504
113.196.56.150 - - [17/Dec/2025:09:25:44 +0800] "GET /modules/mod_alias.so HTTP/1.1" 200 22016
113.196.56.150 - - [17/Dec/2025:09:25:44 +0800] "GET /modules/mod_negotiation.so HTTP/1.1" 200 36352
113.196.56.150 - - [17/Dec/2025:09:25:44 +0800] "GET /modules/mod_reqtimeout.so HTTP/1.1" 200 17920
113.196.56.150 - - [17/Dec/2025:09:25:44 +0800] "GET /modules/mod_ratelimit.so HTTP/1.1" 200 16384
113.196.56.150 - - [17/Dec/2025:09:25:44 +0800] "GET /modules/mod_ldap.so HTTP/1.1" 200 66560
113.196.56.150 - - [17/Dec/2025:09:25:44 +0800] "GET /modules/mod_usertrack.so HTTP/1.1" 200 19456
14.0.224.36 - - [17/Dec/2025:09:25:44 +0800] "GET /InternetTrading/longpoll/A8127?X-Atmosphere-tracking-id=0&X-Atmosphere-Framework=2.2.3-javascript&X-Atmosphere-Transport=long-polling&X-Atmosphere-TrackMessageSize=true&Content-Type=charset%3Dutf-8&X-atmo-protocol=true&_=1765934989989 HTTP/1.1" 200 -
113.196.56.150 - - [17/Dec/2025:09:25:45 +0800] "GET /modules/mod_xml2enc.so HTTP/1.1" 200 24576
113.196.56.150 - - [17/Dec/2025:09:25:45 +0800] "GET /modules/mod_log_debug.so HTTP/1.1" 200 16384
113.196.56.150 - - [17/Dec/2025:09:25:45 +0800] "GET /modules/mod_lbmethod_bytraffic.so HTTP/1.1" 200 13312
113.196.56.150 - - [17/Dec/2025:09:25:45 +0800] "GET /modules/mod_log_config.so HTTP/1.1" 200 32256
113.196.56.150 - - [17/Dec/2025:09:25:45 +0800] "GET /modules/mod_version.so HTTP/1.1" 200 15872
113.196.56.150 - - [17/Dec/2025:09:25:46 +0800] "GET /modules/mod_vhost_alias.so HTTP/1.1" 200 17408
119.34.176.224 - - [17/Dec/2025:09:25:46 +0800] "POST /InternetTrading/SessionErrorLogger HTTP/1.1" 200 117
119.34.176.224 - - [17/Dec/2025:09:25:46 +0800] "POST /InternetTrading/MarketStatus HTTP/1.1" 200 772
113.196.56.150 - - [17/Dec/2025:09:25:46 +0800] "GET /modules/mod_authn_file.so HTTP/1.1" 200 15872
113.196.56.150 - - [17/Dec/2025:09:25:46 +0800] "GET /modules/mod_brotli.so HTTP/1.1" 200 18944
121.204.201.197 - - [17/Dec/2025:09:25:47 +0800] "GET /InternetTrading/longpoll/55955?X-Atmosphere-tracking-id=0&X-Atmosphere-Framework=2.2.3-javascript&X-Atmosphere-Transport=long-polling&X-Atmosphere-TrackMessageSize=true&Content-Type=charset%3Dutf-8&X-atmo-protocol=true&_=1765934990131 HTTP/1.1" 200 -
119.136.155.219 - - [17/Dec/2025:09:25:47 +0800] "GET /InternetTrading/longpoll/51803?X-Atmosphere-tracking-id=0&X-Atmosphere-Framework=2.2.3-javascript&X-Atmosphere-Transport=long-polling&X-Atmosphere-TrackMessageSize=true&Content-Type=charset%3Dutf-8&X-atmo-protocol=true&_=1765934994809 HTTP/1.1" 200 -
113.196.56.150 - - [17/Dec/2025:09:25:48 +0800] "GET /modules/mod_proxy_html.so HTTP/1.1" 200 33280
113.196.56.150 - - [17/Dec/2025:09:25:48 +0800] "GET /modules/mod_proxy_wstunnel.so HTTP/1.1" 200 21504
119.34.176.224 - - [17/Dec/2025:09:25:48 +0800] "GET /InternetTrading/longpoll/13979?X-Atmosphere-tracking-id=0&X-Atmosphere-Framework=2.2.3-javascript&X-Atmosphere-Transport=long-polling&X-Atmosphere-TrackMessageSize=true&Content-Type=charset%3Dutf-8&X-atmo-protocol=true&_=1765934993964 HTTP/1.1" 200 -
61.239.100.147 - - [17/Dec/2025:09:25:49 +0800] "POST /InternetTrading/SessionErrorLogger HTTP/1.1" 200 117
61.239.100.147 - - [17/Dec/2025:09:25:49 +0800] "POST /InternetTrading/MarketStatus HTTP/1.1" 200 772
61.239.100.147 - - [17/Dec/2025:09:25:49 +0800] "POST /InternetTrading/SessionErrorLogger HTTP/1.1" 200 117
61.239.100.147 - - [17/Dec/2025:09:25:49 +0800] "GET /InternetTrading/longpoll/13925?X-Atmosphere-tracking-id=0&X-Atmosphere-Framework=2.2.3-javascript&X-Atmosphere-Transport=long-polling&X-Atmosphere-TrackMessageSize=true&Content-Type=charset%3Dutf-8&X-atmo-protocol=true&_=1765934992512 HTTP/1.1" 200 -
61.239.100.147 - - [17/Dec/2025:09:25:49 +0800] "POST /InternetTrading/Heartbeat HTTP/1.1" 200 32
14.0.224.36 - - [17/Dec/2025:09:25:49 +0800] "GET /InternetTrading/longpoll/A8127?X-Atmosphere-tracking-id=0&X-Atmosphere-Framework=2.2.3-javascript&X-Atmosphere-Transport=long-polling&X-Atmosphere-TrackMessageSize=true&Content-Type=charset%3Dutf-8&X-atmo-protocol=true&_=1765934995034 HTTP/1.1" 200 -
113.196.56.150 - - [17/Dec/2025:09:25:49 +0800] "GET /modules/mod_session_dbd.so HTTP/1.1" 200 20480
113.196.56.150 - - [17/Dec/2025:09:25:49 +0800] "GET /modules/mod_authz_owner.so HTTP/1.1" 200 15360
113.196.56.150 - - [17/Dec/2025:09:25:51 +0800] "GET /modules/mod_speling.so HTTP/1.1" 200 16896
113.196.56.150 - - [17/Dec/2025:09:25:51 +0800] "GET /modules/mod_cache_disk.so HTTP/1.1" 200 32256
113.196.56.150 - - [17/Dec/2025:09:25:51 +0800] "GET /modules/mod_sed.so HTTP/1.1" 200 38912
121.204.201.197 - - [17/Dec/2025:09:25:52 +0800] "GET /InternetTrading/longpoll/55955?X-Atmosphere-tracking-id=0&X-Atmosphere-Framework=2.2.3-javascript&X-Atmosphere-Transport=long-polling&X-Atmosphere-TrackMessageSize=true&Content-Type=charset%3Dutf-8&X-atmo-protocol=true&_=1765934995281 HTTP/1.1" 200 -
119.136.155.219 - - [17/Dec/2025:09:25:52 +0800] "GET /InternetTrading/longpoll/51803?X-Atmosphere-tracking-id=0&X-Atmosphere-Framework=2.2.3-javascript&X-Atmosphere-Transport=long-polling&X-Atmosphere-TrackMessageSize=true&Content-Type=charset%3Dutf-8&X-atmo-protocol=true&_=1765934999874 HTTP/1.1" 200 -
119.34.176.224 - - [17/Dec/2025:09:25:53 +0800] "GET /InternetTrading/longpoll/13979?X-Atmosphere-tracking-id=0&X-Atmosphere-Framework=2.2.3-javascript&X-Atmosphere-Transport=long-polling&X-Atmosphere-TrackMessageSize=true&Content-Type=charset%3Dutf-8&X-atmo-protocol=true&_=1765934998999 HTTP/1.1" 200 -
113.196.56.150 - - [17/Dec/2025:09:25:54 +0800] "GET /modules/mod_proxy_ftp.so HTTP/1.1" 200 37376
14.0.224.36 - - [17/Dec/2025:09:25:55 +0800] "GET /InternetTrading/longpoll/A8127?X-Atmosphere-tracking-id=0&X-Atmosphere-Framework=2.2.3-javascript&X-Atmosphere-Transport=long-polling&X-Atmosphere-TrackMessageSize=true&Content-Type=charset%3Dutf-8&X-atmo-protocol=true&_=1765935000124 HTTP/1.1" 200 -
113.196.56.150 - - [17/Dec/2025:09:25:55 +0800] "GET /modules/mod_slotmem_plain.so HTTP/1.1" 200 14336
61.239.100.147 - - [17/Dec/2025:09:25:55 +0800] "GET /InternetTrading/longpoll/13925?X-Atmosphere-tracking-id=0&X-Atmosphere-Framework=2.2.3-javascript&X-Atmosphere-Transport=long-polling&X-Atmosphere-TrackMessageSize=true&Content-Type=charset%3Dutf-8&X-atmo-protocol=true&_=1765934998454 HTTP/1.1" 200 -
113.196.56.150 - - [17/Dec/2025:09:25:56 +0800] "GET /modules/mod_authz_host.so HTTP/1.1" 200 17408
113.196.56.150 - - [17/Dec/2025:09:25:56 +0800] "GET /modules/mod_logio.so HTTP/1.1" 200 14848
113.196.56.150 - - [17/Dec/2025:09:25:56 +0800] "GET /modules/mod_cache_socache.so HTTP/1.1" 200 31232
113.196.56.150 - - [17/Dec/2025:09:25:57 +0800] "GET /modules/mod_cern_meta.so HTTP/1.1" 200 16896
119.136.155.219 - - [17/Dec/2025:09:25:57 +0800] "GET /InternetTrading/longpoll/51803?X-Atmosphere-tracking-id=0&X-Atmosphere-Framework=2.2.3-javascript&X-Atmosphere-Transport=long-polling&X-Atmosphere-TrackMessageSize=true&Content-Type=charset%3Dutf-8&X-atmo-protocol=true&_=1765935004934 HTTP/1.1" 200 -
121.204.201.197 - - [17/Dec/2025:09:25:57 +0800] "GET /InternetTrading/longpoll/55955?X-Atmosphere-tracking-id=0&X-Atmosphere-Framework=2.2.3-javascript&X-Atmosphere-Transport=long-polling&X-Atmosphere-TrackMessageSize=true&Content-Type=charset%3Dutf-8&X-atmo-protocol=true&_=1765935000519 HTTP/1.1" 200 -
113.196.56.150 - - [17/Dec/2025:09:25:58 +0800] "GET /modules/mod_dir.so HTTP/1.1" 200 16384
113.196.56.150 - - [17/Dec/2025:09:25:59 +0800] "GET /modules/mod_setenvif.so HTTP/1.1" 200 18432
14.0.224.36 - - [17/Dec/2025:09:26:00 +0800] "GET /InternetTrading/longpoll/A8127?X-Atmosphere-tracking-id=0&X-Atmosphere-Framework=2.2.3-javascript&X-Atmosphere-Transport=long-polling&X-Atmosphere-TrackMessageSize=true&Content-Type=charset%3Dutf-8&X-atmo-protocol=true&_=1765935005353 HTTP/1.1" 200 -
119.34.176.224 - - [17/Dec/2025:09:26:00 +0800] "GET /InternetTrading/longpoll/13979?X-Atmosphere-tracking-id=0&X-Atmosphere-Framework=2.2.3-javascript&X-Atmosphere-Transport=long-polling&X-Atmosphere-TrackMessageSize=true&Content-Type=charset%3Dutf-8&X-atmo-protocol=true&_=1765935004088 HTTP/1.1" 200 -
113.196.56.150 - - [17/Dec/2025:09:26:00 +0800] "GET /modules/mod_proxy.so HTTP/1.1" 200 130048
113.196.56.150 - - [17/Dec/2025:09:26:00 +0800] "GET /modules/mod_proxy_ajp.so HTTP/1.1" 200 44032
61.239.100.147 - - [17/Dec/2025:09:26:01 +0800] "GET /InternetTrading/longpoll/13925?X-Atmosphere-tracking-id=0&X-Atmosphere-Framework=2.2.3-javascript&X-Atmosphere-Transport=long-polling&X-Atmosphere-TrackMessageSize=true&Content-Type=charset%3Dutf-8&X-atmo-protocol=true&_=1765935004449 HTTP/1.1" 200 -
121.204.201.197 - - [17/Dec/2025:09:26:01 +0800] "POST /InternetTrading/SessionErrorLogger HTTP/1.1" 200 117
121.204.201.197 - - [17/Dec/2025:09:26:01 +0800] "POST /InternetTrading/Heartbeat HTTP/1.1" 200 32
121.204.201.197 - - [17/Dec/2025:09:26:01 +0800] "POST /InternetTrading/SessionErrorLogger HTTP/1.1" 200 117
121.204.201.197 - - [17/Dec/2025:09:26:01 +0800] "POST /InternetTrading/MarketStatus HTTP/1.1" 200 772
113.196.56.150 - - [17/Dec/2025:09:26:01 +0800] "GET /modules/mod_authnz_fcgi.so HTTP/1.1" 200 30720
113.196.56.150 - - [17/Dec/2025:09:26:01 +0800] "GET /modules/mod_socache_memcache.so HTTP/1.1" 200 19456
113.196.56.150 - - [17/Dec/2025:09:26:01 +0800] "GET /modules/mod_cgi.so HTTP/1.1" 200 27648
113.196.56.150 - - [17/Dec/2025:09:26:02 +0800] "GET /modules/mod_lbmethod_heartbeat.so HTTP/1.1" 200 18944
113.196.56.150 - - [17/Dec/2025:09:26:02 +0800] "GET /modules/mod_heartmonitor.so HTTP/1.1" 200 27136
113.196.56.150 - - [17/Dec/2025:09:26:02 +0800] "GET /modules/mod_authn_dbd.so HTTP/1.1" 200 17408
119.136.155.219 - - [17/Dec/2025:09:26:02 +0800] "GET /InternetTrading/longpoll/51803?X-Atmosphere-tracking-id=0&X-Atmosphere-Framework=2.2.3-javascript&X-Atmosphere-Transport=long-polling&X-Atmosphere-TrackMessageSize=true&Content-Type=charset%3Dutf-8&X-atmo-protocol=true&_=1765935010016 HTTP/1.1" 200 -
121.204.201.197 - - [17/Dec/2025:09:26:03 +0800] "GET /InternetTrading/longpoll/55955?X-Atmosphere-tracking-id=0&X-Atmosphere-Framework=2.2.3-javascript&X-Atmosphere-Transport=long-polling&X-Atmosphere-TrackMessageSize=true&Content-Type=charset%3Dutf-8&X-atmo-protocol=true&_=1765935006007 HTTP/1.1" 200 -
113.196.56.150 - - [17/Dec/2025:09:26:03 +0800] "GET /modules/mod_cache.so HTTP/1.1" 200 60416
113.196.56.150 - - [17/Dec/2025:09:26:04 +0800] "GET /modules/mod_imagemap.so HTTP/1.1" 200 20992
14.0.224.36 - - [17/Dec/2025:09:26:04 +0800] "GET /InternetTrading/tc/images/top_menu04_o.jpg HTTP/1.1" 200 3289
113.196.56.150 - - [17/Dec/2025:09:26:04 +0800] "GET /modules/mod_authn_dbm.so HTTP/1.1" 200 14336
