119.34.176.224 - - [17/Dec/2025:09:53:31 +0800] "GET /InternetTrading/longpoll/13979?X-Atmosphere-tracking-id=0&X-Atmosphere-Framework=2.2.3-javascript&X-Atmosphere-Transport=long-polling&X-Atmosphere-TrackMessageSize=true&Content-Type=charset%3Dutf-8&X-atmo-protocol=true&_=1765936656569 HTTP/1.1" 200 -
58.152.215.40 - - [17/Dec/2025:09:53:32 +0800] "GET /InternetTrading/longpoll/55136?X-Atmosphere-tracking-id=0&X-Atmosphere-Framework=2.2.3-javascript&X-Atmosphere-Transport=long-polling&X-Atmosphere-TrackMessageSize=true&Content-Type=charset%3Dutf-8&X-atmo-protocol=true&_=1765936655922 HTTP/1.1" 200 -
121.204.201.197 - - [17/Dec/2025:09:53:33 +0800] "GET /InternetTrading/longpoll/55955?X-Atmosphere-tracking-id=0&X-Atmosphere-Framework=2.2.3-javascript&X-Atmosphere-Transport=long-polling&X-Atmosphere-TrackMessageSize=true&Content-Type=charset%3Dutf-8&X-atmo-protocol=true&_=1765936656520 HTTP/1.1" 200 -
61.239.100.147 - - [17/Dec/2025:09:53:34 +0800] "GET /InternetTrading/longpoll/13925?X-Atmosphere-tracking-id=0&X-Atmosphere-Framework=2.2.3-javascript&X-Atmosphere-Transport=long-polling&X-Atmosphere-TrackMessageSize=true&Content-Type=charset%3Dutf-8&X-atmo-protocol=true&_=1765936657456 HTTP/1.1" 200 -
121.204.201.197 - - [17/Dec/2025:09:53:35 +0800] "POST /InternetTrading/SessionErrorLogger HTTP/1.1" 200 117
121.204.201.197 - - [17/Dec/2025:09:53:35 +0800] "POST /InternetTrading/Heartbeat HTTP/1.1" 200 32
119.136.155.219 - - [17/Dec/2025:09:53:35 +0800] "GET /InternetTrading/longpoll/51803?X-Atmosphere-tracking-id=0&X-Atmosphere-Framework=2.2.3-javascript&X-Atmosphere-Transport=long-polling&X-Atmosphere-TrackMessageSize=true&Content-Type=charset%3Dutf-8&X-atmo-protocol=true&_=1765936663230 HTTP/1.1" 200 -
14.0.224.36 - - [17/Dec/2025:09:53:36 +0800] "GET /InternetTrading/longpoll/A8127?X-Atmosphere-tracking-id=0&X-Atmosphere-Framework=2.2.3-javascript&X-Atmosphere-Transport=long-polling&X-Atmosphere-TrackMessageSize=true&Content-Type=charset%3Dutf-8&X-atmo-protocol=true&_=1765936660978 HTTP/1.1" 200 -
119.136.155.219 - - [17/Dec/2025:09:53:36 +0800] "POST /InternetTrading/SessionErrorLogger HTTP/1.1" 200 117
119.136.155.219 - - [17/Dec/2025:09:53:36 +0800] "POST /InternetTrading/Heartbeat HTTP/1.1" 200 32
119.136.155.219 - - [17/Dec/2025:09:53:36 +0800] "POST /InternetTrading/SessionErrorLogger HTTP/1.1" 200 117
119.136.155.219 - - [17/Dec/2025:09:53:36 +0800] "POST /InternetTrading/MarketStatus HTTP/1.1" 200 772
14.0.224.36 - - [17/Dec/2025:09:53:36 +0800] "POST /InternetTrading/SessionErrorLogger HTTP/1.1" 200 117
14.0.224.36 - - [17/Dec/2025:09:53:37 +0800] "POST /InternetTrading/MarketStatus HTTP/1.1" 200 772
119.34.176.224 - - [17/Dec/2025:09:53:37 +0800] "GET /InternetTrading/longpoll/13979?X-Atmosphere-tracking-id=0&X-Atmosphere-Framework=2.2.3-javascript&X-Atmosphere-Transport=long-polling&X-Atmosphere-TrackMessageSize=true&Content-Type=charset%3Dutf-8&X-atmo-protocol=true&_=1765936662065 HTTP/1.1" 200 -
58.152.215.40 - - [17/Dec/2025:09:53:37 +0800] "GET /InternetTrading/longpoll/55136?X-Atmosphere-tracking-id=0&X-Atmosphere-Framework=2.2.3-javascript&X-Atmosphere-Transport=long-polling&X-Atmosphere-TrackMessageSize=true&Content-Type=charset%3Dutf-8&X-atmo-protocol=true&_=1765936660966 HTTP/1.1" 200 -
119.34.176.224 - - [17/Dec/2025:09:53:38 +0800] "POST /InternetTrading/SessionErrorLogger HTTP/1.1" 200 117
119.34.176.224 - - [17/Dec/2025:09:53:38 +0800] "POST /InternetTrading/MarketStatus HTTP/1.1" 200 772
121.204.201.197 - - [17/Dec/2025:09:53:38 +0800] "GET /InternetTrading/longpoll/55955?X-Atmosphere-tracking-id=0&X-Atmosphere-Framework=2.2.3-javascript&X-Atmosphere-Transport=long-polling&X-Atmosphere-TrackMessageSize=true&Content-Type=charset%3Dutf-8&X-atmo-protocol=true&_=1765936661712 HTTP/1.1" 200 -
61.239.100.147 - - [17/Dec/2025:09:53:40 +0800] "GET /InternetTrading/longpoll/13925?X-Atmosphere-tracking-id=0&X-Atmosphere-Framework=2.2.3-javascript&X-Atmosphere-Transport=long-polling&X-Atmosphere-TrackMessageSize=true&Content-Type=charset%3Dutf-8&X-atmo-protocol=true&_=1765936663452 HTTP/1.1" 200 -
119.136.155.219 - - [17/Dec/2025:09:53:40 +0800] "GET /InternetTrading/longpoll/51803?X-Atmosphere-tracking-id=0&X-Atmosphere-Framework=2.2.3-javascript&X-Atmosphere-Transport=long-polling&X-Atmosphere-TrackMessageSize=true&Content-Type=charset%3Dutf-8&X-atmo-protocol=true&_=1765936668298 HTTP/1.1" 200 -
14.0.224.36 - - [17/Dec/2025:09:53:41 +0800] "GET /InternetTrading/longpoll/A8127?X-Atmosphere-tracking-id=0&X-Atmosphere-Framework=2.2.3-javascript&X-Atmosphere-Transport=long-polling&X-Atmosphere-TrackMessageSize=true&Content-Type=charset%3Dutf-8&X-atmo-protocol=true&_=1765936666197 HTTP/1.1" 200 -
119.34.176.224 - - [17/Dec/2025:09:53:42 +0800] "GET /InternetTrading/longpoll/13979?X-Atmosphere-tracking-id=0&X-Atmosphere-Framework=2.2.3-javascript&X-Atmosphere-Transport=long-polling&X-Atmosphere-TrackMessageSize=true&Content-Type=charset%3Dutf-8&X-atmo-protocol=true&_=1765936667190 HTTP/1.1" 200 -
58.152.215.40 - - [17/Dec/2025:09:53:42 +0800] "POST /InternetTrading/SessionErrorLogger HTTP/1.1" 200 117
58.152.215.40 - - [17/Dec/2025:09:53:42 +0800] "POST /InternetTrading/Heartbeat HTTP/1.1" 200 32
58.152.215.40 - - [17/Dec/2025:09:53:42 +0800] "POST /InternetTrading/SessionErrorLogger HTTP/1.1" 200 117
58.152.215.40 - - [17/Dec/2025:09:53:42 +0800] "POST /InternetTrading/MarketStatus HTTP/1.1" 200 772
58.152.215.40 - - [17/Dec/2025:09:53:42 +0800] "GET /InternetTrading/longpoll/55136?X-Atmosphere-tracking-id=0&X-Atmosphere-Framework=2.2.3-javascript&X-Atmosphere-Transport=long-polling&X-Atmosphere-TrackMessageSize=true&Content-Type=charset%3Dutf-8&X-atmo-protocol=true&_=1765936665991 HTTP/1.1" 200 -
121.204.201.197 - - [17/Dec/2025:09:53:43 +0800] "GET /InternetTrading/longpoll/55955?X-Atmosphere-tracking-id=0&X-Atmosphere-Framework=2.2.3-javascript&X-Atmosphere-Transport=long-polling&X-Atmosphere-TrackMessageSize=true&Content-Type=charset%3Dutf-8&X-atmo-protocol=true&_=1765936666790 HTTP/1.1" 200 -
119.34.176.224 - - [17/Dec/2025:09:53:45 +0800] "POST /InternetTrading/SessionErrorLogger HTTP/1.1" 200 117
119.34.176.224 - - [17/Dec/2025:09:53:45 +0800] "POST /InternetTrading/Product HTTP/1.1" 200 309
119.34.176.224 - - [17/Dec/2025:09:53:45 +0800] "POST /InternetTrading/SessionErrorLogger HTTP/1.1" 200 117
119.34.176.224 - - [17/Dec/2025:09:53:45 +0800] "POST /InternetTrading/OrderMaxQuantity HTTP/1.1" 200 9
119.136.155.219 - - [17/Dec/2025:09:53:46 +0800] "GET /InternetTrading/longpoll/51803?X-Atmosphere-tracking-id=0&X-Atmosphere-Framework=2.2.3-javascript&X-Atmosphere-Transport=long-polling&X-Atmosphere-TrackMessageSize=true&Content-Type=charset%3Dutf-8&X-atmo-protocol=true&_=1765936673330 HTTP/1.1" 200 -
14.0.224.36 - - [17/Dec/2025:09:53:46 +0800] "GET /InternetTrading/longpoll/A8127?X-Atmosphere-tracking-id=0&X-Atmosphere-Framework=2.2.3-javascript&X-Atmosphere-Transport=long-polling&X-Atmosphere-TrackMessageSize=true&Content-Type=charset%3Dutf-8&X-atmo-protocol=true&_=1765936671302 HTTP/1.1" 200 -
61.239.100.147 - - [17/Dec/2025:09:53:46 +0800] "GET /InternetTrading/longpoll/13925?X-Atmosphere-tracking-id=0&X-Atmosphere-Framework=2.2.3-javascript&X-Atmosphere-Transport=long-polling&X-Atmosphere-TrackMessageSize=true&Content-Type=charset%3Dutf-8&X-atmo-protocol=true&_=1765936669442 HTTP/1.1" 200 -
119.34.176.224 - - [17/Dec/2025:09:53:47 +0800] "GET /InternetTrading/longpoll/13979?X-Atmosphere-tracking-id=0&X-Atmosphere-Framework=2.2.3-javascript&X-Atmosphere-Transport=long-polling&X-Atmosphere-TrackMessageSize=true&Content-Type=charset%3Dutf-8&X-atmo-protocol=true&_=1765936672306 HTTP/1.1" 200 -
119.34.176.224 - - [17/Dec/2025:09:53:47 +0800] "POST /InternetTrading/SessionErrorLogger HTTP/1.1" 200 117
119.34.176.224 - - [17/Dec/2025:09:53:47 +0800] "POST /InternetTrading/Heartbeat HTTP/1.1" 200 32
58.152.215.40 - - [17/Dec/2025:09:53:47 +0800] "GET /InternetTrading/longpoll/55136?X-Atmosphere-tracking-id=0&X-Atmosphere-Framework=2.2.3-javascript&X-Atmosphere-Transport=long-polling&X-Atmosphere-TrackMessageSize=true&Content-Type=charset%3Dutf-8&X-atmo-protocol=true&_=1765936671006 HTTP/1.1" 200 -
121.204.201.197 - - [17/Dec/2025:09:53:48 +0800] "POST /InternetTrading/SessionErrorLogger HTTP/1.1" 200 117
121.204.201.197 - - [17/Dec/2025:09:53:48 +0800] "POST /InternetTrading/MarketStatus HTTP/1.1" 200 772
121.204.201.197 - - [17/Dec/2025:09:53:48 +0800] "GET /InternetTrading/longpoll/55955?X-Atmosphere-tracking-id=0&X-Atmosphere-Framework=2.2.3-javascript&X-Atmosphere-Transport=long-polling&X-Atmosphere-TrackMessageSize=true&Content-Type=charset%3Dutf-8&X-atmo-protocol=true&_=1765936672013 HTTP/1.1" 200 -
61.239.100.147 - - [17/Dec/2025:09:53:49 +0800] "POST /InternetTrading/SessionErrorLogger HTTP/1.1" 200 117
61.239.100.147 - - [17/Dec/2025:09:53:49 +0800] "POST /InternetTrading/MarketStatus HTTP/1.1" 200 772
61.239.100.147 - - [17/Dec/2025:09:53:49 +0800] "POST /InternetTrading/SessionErrorLogger HTTP/1.1" 200 117
61.239.100.147 - - [17/Dec/2025:09:53:49 +0800] "POST /InternetTrading/Heartbeat HTTP/1.1" 200 32
119.136.155.219 - - [17/Dec/2025:09:53:51 +0800] "GET /InternetTrading/longpoll/51803?X-Atmosphere-tracking-id=0&X-Atmosphere-Framework=2.2.3-javascript&X-Atmosphere-Transport=long-polling&X-Atmosphere-TrackMessageSize=true&Content-Type=charset%3Dutf-8&X-atmo-protocol=true&_=1765936678365 HTTP/1.1" 200 -
14.0.224.36 - - [17/Dec/2025:09:53:51 +0800] "POST /InternetTrading/SessionErrorLogger HTTP/1.1" 200 117
14.0.224.36 - - [17/Dec/2025:09:53:51 +0800] "POST /InternetTrading/Heartbeat HTTP/1.1" 200 32
14.0.224.36 - - [17/Dec/2025:09:53:51 +0800] "GET /InternetTrading/longpoll/A8127?X-Atmosphere-tracking-id=0&X-Atmosphere-Framework=2.2.3-javascript&X-Atmosphere-Transport=long-polling&X-Atmosphere-TrackMessageSize=true&Content-Type=charset%3Dutf-8&X-atmo-protocol=true&_=1765936676520 HTTP/1.1" 200 -
119.34.176.224 - - [17/Dec/2025:09:53:52 +0800] "GET /InternetTrading/longpoll/13979?X-Atmosphere-tracking-id=0&X-Atmosphere-Framework=2.2.3-javascript&X-Atmosphere-Transport=long-polling&X-Atmosphere-TrackMessageSize=true&Content-Type=charset%3Dutf-8&X-atmo-protocol=true&_=1765936677352 HTTP/1.1" 200 -
61.239.100.147 - - [17/Dec/2025:09:53:52 +0800] "GET /InternetTrading/longpoll/13925?X-Atmosphere-tracking-id=0&X-Atmosphere-Framework=2.2.3-javascript&X-Atmosphere-Transport=long-polling&X-Atmosphere-TrackMessageSize=true&Content-Type=charset%3Dutf-8&X-atmo-protocol=true&_=1765936675445 HTTP/1.1" 200 -
58.152.215.40 - - [17/Dec/2025:09:53:53 +0800] "GET /InternetTrading/longpoll/55136?X-Atmosphere-tracking-id=0&X-Atmosphere-Framework=2.2.3-javascript&X-Atmosphere-Transport=long-polling&X-Atmosphere-TrackMessageSize=true&Content-Type=charset%3Dutf-8&X-atmo-protocol=true&_=1765936676060 HTTP/1.1" 200 -
121.204.201.197 - - [17/Dec/2025:09:53:54 +0800] "GET /InternetTrading/longpoll/55955?X-Atmosphere-tracking-id=0&X-Atmosphere-Framework=2.2.3-javascript&X-Atmosphere-Transport=long-polling&X-Atmosphere-TrackMessageSize=true&Content-Type=charset%3Dutf-8&X-atmo-protocol=true&_=1765936677103 HTTP/1.1" 200 -
119.136.155.219 - - [17/Dec/2025:09:53:56 +0800] "GET /InternetTrading/longpoll/51803?X-Atmosphere-tracking-id=0&X-Atmosphere-Framework=2.2.3-javascript&X-Atmosphere-Transport=long-polling&X-Atmosphere-TrackMessageSize=true&Content-Type=charset%3Dutf-8&X-atmo-protocol=true&_=1765936683442 HTTP/1.1" 200 -
14.0.224.36 - - [17/Dec/2025:09:53:56 +0800] "GET /InternetTrading/longpoll/A8127?X-Atmosphere-tracking-id=0&X-Atmosphere-Framework=2.2.3-javascript&X-Atmosphere-Transport=long-polling&X-Atmosphere-TrackMessageSize=true&Content-Type=charset%3Dutf-8&X-atmo-protocol=true&_=1765936681576 HTTP/1.1" 200 -
119.34.176.224 - - [17/Dec/2025:09:53:57 +0800] "GET /InternetTrading/longpoll/13979?X-Atmosphere-tracking-id=0&X-Atmosphere-Framework=2.2.3-javascript&X-Atmosphere-Transport=long-polling&X-Atmosphere-TrackMessageSize=true&Content-Type=charset%3Dutf-8&X-atmo-protocol=true&_=1765936682441 HTTP/1.1" 200 -
58.152.215.40 - - [17/Dec/2025:09:53:58 +0800] "GET /InternetTrading/longpoll/55136?X-Atmosphere-tracking-id=0&X-Atmosphere-Framework=2.2.3-javascript&X-Atmosphere-Transport=long-polling&X-Atmosphere-TrackMessageSize=true&Content-Type=charset%3Dutf-8&X-atmo-protocol=true&_=1765936681096 HTTP/1.1" 200 -
61.239.100.147 - - [17/Dec/2025:09:53:58 +0800] "GET /InternetTrading/longpoll/13925?X-Atmosphere-tracking-id=0&X-Atmosphere-Framework=2.2.3-javascript&X-Atmosphere-Transport=long-polling&X-Atmosphere-TrackMessageSize=true&Content-Type=charset%3Dutf-8&X-atmo-protocol=true&_=1765936681448 HTTP/1.1" 200 -
121.204.201.197 - - [17/Dec/2025:09:53:59 +0800] "GET /InternetTrading/longpoll/55955?X-Atmosphere-tracking-id=0&X-Atmosphere-Framework=2.2.3-javascript&X-Atmosphere-Transport=long-polling&X-Atmosphere-TrackMessageSize=true&Content-Type=charset%3Dutf-8&X-atmo-protocol=true&_=1765936682323 HTTP/1.1" 200 -
119.136.155.219 - - [17/Dec/2025:09:54:01 +0800] "GET /InternetTrading/longpoll/51803?X-Atmosphere-tracking-id=0&X-Atmosphere-Framework=2.2.3-javascript&X-Atmosphere-Transport=long-polling&X-Atmosphere-TrackMessageSize=true&Content-Type=charset%3Dutf-8&X-atmo-protocol=true&_=1765936688504 HTTP/1.1" 200 -
14.0.224.36 - - [17/Dec/2025:09:54:02 +0800] "GET /InternetTrading/longpoll/A8127?X-Atmosphere-tracking-id=0&X-Atmosphere-Framework=2.2.3-javascript&X-Atmosphere-Transport=long-polling&X-Atmosphere-TrackMessageSize=true&Content-Type=charset%3Dutf-8&X-atmo-protocol=true&_=1765936686893 HTTP/1.1" 200 -
119.34.176.224 - - [17/Dec/2025:09:54:02 +0800] "GET /InternetTrading/longpoll/13979?X-Atmosphere-tracking-id=0&X-Atmosphere-Framework=2.2.3-javascript&X-Atmosphere-Transport=long-polling&X-Atmosphere-TrackMessageSize=true&Content-Type=charset%3Dutf-8&X-atmo-protocol=true&_=1765936687547 HTTP/1.1" 200 -
119.34.176.224 - - [17/Dec/2025:09:54:02 +0800] "POST /InternetTrading/SessionErrorLogger HTTP/1.1" 200 117
119.34.176.224 - - [17/Dec/2025:09:54:02 +0800] "POST /InternetTrading/LoginKey HTTP/1.1" 200 -
119.34.176.224 - - [17/Dec/2025:09:54:02 +0800] "GET /InternetTrading/jquery/wait.gif HTTP/1.1" 200 432
58.152.215.40 - - [17/Dec/2025:09:54:03 +0800] "GET /InternetTrading/longpoll/55136?X-Atmosphere-tracking-id=0&X-Atmosphere-Framework=2.2.3-javascript&X-Atmosphere-Transport=long-polling&X-Atmosphere-TrackMessageSize=true&Content-Type=charset%3Dutf-8&X-atmo-protocol=true&_=1765936686142 HTTP/1.1" 200 -
119.34.176.224 - - [17/Dec/2025:09:54:03 +0800] "POST /InternetTrading/PreOrder HTTP/1.1" 200 1208
61.239.100.147 - - [17/Dec/2025:09:54:04 +0800] "GET /InternetTrading/longpoll/13925?X-Atmosphere-tracking-id=0&X-Atmosphere-Framework=2.2.3-javascript&X-Atmosphere-Transport=long-polling&X-Atmosphere-TrackMessageSize=true&Content-Type=charset%3Dutf-8&X-atmo-protocol=true&_=1765936687443 HTTP/1.1" 200 -
121.204.201.197 - - [17/Dec/2025:09:54:04 +0800] "GET /InternetTrading/longpoll/55955?X-Atmosphere-tracking-id=0&X-Atmosphere-Framework=2.2.3-javascript&X-Atmosphere-Transport=long-polling&X-Atmosphere-TrackMessageSize=true&Content-Type=charset%3Dutf-8&X-atmo-protocol=true&_=1765936687525 HTTP/1.1" 200 -
119.34.176.224 - - [17/Dec/2025:09:54:04 +0800] "POST /InternetTrading/SessionErrorLogger HTTP/1.1" 200 117
119.34.176.224 - - [17/Dec/2025:09:54:04 +0800] "GET /InternetTrading/Csrf?url=/Order HTTP/1.1" 200 126
119.34.176.224 - - [17/Dec/2025:09:54:04 +0800] "POST /InternetTrading/SessionErrorLogger HTTP/1.1" 200 117
119.34.176.224 - - [17/Dec/2025:09:54:04 +0800] "POST /InternetTrading/LoginKey HTTP/1.1" 200 -
119.34.176.224 - - [17/Dec/2025:09:54:04 +0800] "POST /InternetTrading/SessionErrorLogger HTTP/1.1" 200 117
119.34.176.224 - - [17/Dec/2025:09:54:04 +0800] "POST /InternetTrading/Order?csrf_nonce=8A67CBB03399428DC6C73A35F499D723 HTTP/1.1" 200 1021
119.34.176.224 - - [17/Dec/2025:09:54:04 +0800] "POST /InternetTrading/SessionErrorLogger HTTP/1.1" 200 117
119.34.176.224 - - [17/Dec/2025:09:54:05 +0800] "GET /InternetTrading/tc/sell_ticket.html? HTTP/1.1" 200 2261
119.34.176.224 - - [17/Dec/2025:09:54:05 +0800] "POST /InternetTrading/SessionErrorLogger HTTP/1.1" 200 117
119.34.176.224 - - [17/Dec/2025:09:54:05 +0800] "POST /InternetTrading/MarketStatus HTTP/1.1" 200 772
119.34.176.224 - - [17/Dec/2025:09:54:05 +0800] "POST /InternetTrading/SessionErrorLogger HTTP/1.1" 200 117
119.34.176.224 - - [17/Dec/2025:09:54:05 +0800] "POST /InternetTrading/MarketStatus HTTP/1.1" 200 772
121.204.201.197 - - [17/Dec/2025:09:54:05 +0800] "POST /InternetTrading/SessionErrorLogger HTTP/1.1" 200 117
121.204.201.197 - - [17/Dec/2025:09:54:05 +0800] "POST /InternetTrading/Heartbeat HTTP/1.1" 200 32
119.136.155.219 - - [17/Dec/2025:09:54:06 +0800] "GET /InternetTrading/longpoll/51803?X-Atmosphere-tracking-id=0&X-Atmosphere-Framework=2.2.3-javascript&X-Atmosphere-Transport=long-polling&X-Atmosphere-TrackMessageSize=true&Content-Type=charset%3Dutf-8&X-atmo-protocol=true&_=1765936693584 HTTP/1.1" 200 -
119.136.155.219 - - [17/Dec/2025:09:54:06 +0800] "POST /InternetTrading/SessionErrorLogger HTTP/1.1" 200 117
119.136.155.219 - - [17/Dec/2025:09:54:06 +0800] "POST /InternetTrading/Heartbeat HTTP/1.1" 200 32
119.136.155.219 - - [17/Dec/2025:09:54:06 +0800] "POST /InternetTrading/SessionErrorLogger HTTP/1.1" 200 117
119.136.155.219 - - [17/Dec/2025:09:54:06 +0800] "POST /InternetTrading/MarketStatus HTTP/1.1" 200 772
14.0.224.36 - - [17/Dec/2025:09:54:06 +0800] "POST /InternetTrading/SessionErrorLogger HTTP/1.1" 200 117
14.0.224.36 - - [17/Dec/2025:09:54:06 +0800] "POST /InternetTrading/MarketStatus HTTP/1.1" 200 772
119.34.176.224 - - [17/Dec/2025:09:54:07 +0800] "POST /InternetTrading/SessionErrorLogger HTTP/1.1" 200 117
119.34.176.224 - - [17/Dec/2025:09:54:07 +0800] "GET /InternetTrading/jquery/wait.gif HTTP/1.1" 200 432
119.34.176.224 - - [17/Dec/2025:09:54:07 +0800] "POST /InternetTrading/Orderbook HTTP/1.1" 200 1303
14.0.224.36 - - [17/Dec/2025:09:54:07 +0800] "GET /InternetTrading/longpoll/A8127?X-Atmosphere-tracking-id=0&X-Atmosphere-Framework=2.2.3-javascript&X-Atmosphere-Transport=long-polling&X-Atmosphere-TrackMessageSize=true&Content-Type=charset%3Dutf-8&X-atmo-protocol=true&_=1765936692286 HTTP/1.1" 200 -
119.34.176.224 - - [17/Dec/2025:09:54:07 +0800] "GET /InternetTrading/longpoll/13979?X-Atmosphere-tracking-id=0&X-Atmosphere-Framework=2.2.3-javascript&X-Atmosphere-Transport=long-polling&X-Atmosphere-TrackMessageSize=true&Content-Type=charset%3Dutf-8&X-atmo-protocol=true&_=1765936692639 HTTP/1.1" 200 -
58.152.215.40 - - [17/Dec/2025:09:54:08 +0800] "GET /InternetTrading/longpoll/55136?X-Atmosphere-tracking-id=0&X-Atmosphere-Framework=2.2.3-javascript&X-Atmosphere-Transport=long-polling&X-Atmosphere-TrackMessageSize=true&Content-Type=charset%3Dutf-8&X-atmo-protocol=true&_=1765936691182 HTTP/1.1" 200 -
119.34.176.224 - - [17/Dec/2025:09:54:08 +0800] "GET /InternetTrading/jquery/wait.gif HTTP/1.1" 200 432
119.34.176.224 - - [17/Dec/2025:09:54:08 +0800] "POST /InternetTrading/SessionErrorLogger HTTP/1.1" 200 117
14.0.224.36 - - [17/Dec/2025:09:54:08 +0800] "GET /InternetTrading/tc/images/refresh.gif HTTP/1.1" 200 1145
119.34.176.224 - - [17/Dec/2025:09:54:08 +0800] "POST /InternetTrading/Orderbook HTTP/1.1" 200 1492
14.0.224.36 - - [17/Dec/2025:09:54:08 +0800] "POST /InternetTrading/SessionErrorLogger HTTP/1.1" 200 117
14.0.224.36 - - [17/Dec/2025:09:54:09 +0800] "POST /InternetTrading/Orderbook HTTP/1.1" 200 1735
14.0.224.36 - - [17/Dec/2025:09:54:09 +0800] "GET /InternetTrading/jquery/wait.gif HTTP/1.1" 200 432
14.0.224.36 - - [17/Dec/2025:09:54:09 +0800] "GET /InternetTrading/tc/images/refresh.gif HTTP/1.1" 200 1145
121.204.201.197 - - [17/Dec/2025:09:54:09 +0800] "GET /InternetTrading/longpoll/55955?X-Atmosphere-tracking-id=0&X-Atmosphere-Framework=2.2.3-javascript&X-Atmosphere-Transport=long-polling&X-Atmosphere-TrackMessageSize=true&Content-Type=charset%3Dutf-8&X-atmo-protocol=true&_=1765936692718 HTTP/1.1" 200 -
61.239.100.147 - - [17/Dec/2025:09:54:10 +0800] "GET /InternetTrading/longpoll/13925?X-Atmosphere-tracking-id=0&X-Atmosphere-Framework=2.2.3-javascript&X-Atmosphere-Transport=long-polling&X-Atmosphere-TrackMessageSize=true&Content-Type=charset%3Dutf-8&X-atmo-protocol=true&_=1765936693443 HTTP/1.1" 200 -
14.0.224.36 - - [17/Dec/2025:09:54:10 +0800] "GET /InternetTrading/jquery/wait.gif HTTP/1.1" 200 432
14.0.224.36 - - [17/Dec/2025:09:54:10 +0800] "POST /InternetTrading/SessionErrorLogger HTTP/1.1" 200 117
14.0.224.36 - - [17/Dec/2025:09:54:10 +0800] "POST /InternetTrading/OrderDetail HTTP/1.1" 200 1334
119.136.155.219 - - [17/Dec/2025:09:54:11 +0800] "GET /InternetTrading/longpoll/51803?X-Atmosphere-tracking-id=0&X-Atmosphere-Framework=2.2.3-javascript&X-Atmosphere-Transport=long-polling&X-Atmosphere-TrackMessageSize=true&Content-Type=charset%3Dutf-8&X-atmo-protocol=true&_=1765936698649 HTTP/1.1" 200 -
14.0.224.36 - - [17/Dec/2025:09:54:12 +0800] "GET /InternetTrading/longpoll/A8127?X-Atmosphere-tracking-id=0&X-Atmosphere-Framework=2.2.3-javascript&X-Atmosphere-Transport=long-polling&X-Atmosphere-TrackMessageSize=true&Content-Type=charset%3Dutf-8&X-atmo-protocol=true&_=1765936697344 HTTP/1.1" 200 -
58.152.215.40 - - [17/Dec/2025:09:54:12 +0800] "POST /InternetTrading/SessionErrorLogger HTTP/1.1" 200 117
58.152.215.40 - - [17/Dec/2025:09:54:12 +0800] "POST /InternetTrading/Heartbeat HTTP/1.1" 200 32
58.152.215.40 - - [17/Dec/2025:09:54:12 +0800] "POST /InternetTrading/SessionErrorLogger HTTP/1.1" 200 117
58.152.215.40 - - [17/Dec/2025:09:54:12 +0800] "POST /InternetTrading/MarketStatus HTTP/1.1" 200 772
119.34.176.224 - - [17/Dec/2025:09:54:12 +0800] "GET /InternetTrading/longpoll/13979?X-Atmosphere-tracking-id=0&X-Atmosphere-Framework=2.2.3-javascript&X-Atmosphere-Transport=long-polling&X-Atmosphere-TrackMessageSize=true&Content-Type=charset%3Dutf-8&X-atmo-protocol=true&_=1765936697673 HTTP/1.1" 200 -
58.152.215.40 - - [17/Dec/2025:09:54:13 +0800] "GET /InternetTrading/longpoll/55136?X-Atmosphere-tracking-id=0&X-Atmosphere-Framework=2.2.3-javascript&X-Atmosphere-Transport=long-polling&X-Atmosphere-TrackMessageSize=true&Content-Type=charset%3Dutf-8&X-atmo-protocol=true&_=1765936696225 HTTP/1.1" 200 -
121.204.201.197 - - [17/Dec/2025:09:54:15 +0800] "GET /InternetTrading/longpoll/55955?X-Atmosphere-tracking-id=0&X-Atmosphere-Framework=2.2.3-javascript&X-Atmosphere-Transport=long-polling&X-Atmosphere-TrackMessageSize=true&Content-Type=charset%3Dutf-8&X-atmo-protocol=true&_=1765936697788 HTTP/1.1" 200 -
14.0.224.36 - - [17/Dec/2025:09:54:15 +0800] "GET /InternetTrading/jquery/wait.gif HTTP/1.1" 200 432
14.0.224.36 - - [17/Dec/2025:09:54:15 +0800] "POST /InternetTrading/SessionErrorLogger HTTP/1.1" 200 117
14.0.224.36 - - [17/Dec/2025:09:54:15 +0800] "POST /InternetTrading/Portfolio HTTP/1.1" 200 1812
119.136.155.219 - - [17/Dec/2025:09:54:16 +0800] "GET /InternetTrading/longpoll/51803?X-Atmosphere-tracking-id=0&X-Atmosphere-Framework=2.2.3-javascript&X-Atmosphere-Transport=long-polling&X-Atmosphere-TrackMessageSize=true&Content-Type=charset%3Dutf-8&X-atmo-protocol=true&_=1765936703680 HTTP/1.1" 200 -
61.239.100.147 - - [17/Dec/2025:09:54:16 +0800] "GET /InternetTrading/longpoll/13925?X-Atmosphere-tracking-id=0&X-Atmosphere-Framework=2.2.3-javascript&X-Atmosphere-Transport=long-polling&X-Atmosphere-TrackMessageSize=true&Content-Type=charset%3Dutf-8&X-atmo-protocol=true&_=1765936699448 HTTP/1.1" 200 -
14.0.224.36 - - [17/Dec/2025:09:54:17 +0800] "GET /InternetTrading/longpoll/A8127?X-Atmosphere-tracking-id=0&X-Atmosphere-Framework=2.2.3-javascript&X-Atmosphere-Transport=long-polling&X-Atmosphere-TrackMessageSize=true&Content-Type=charset%3Dutf-8&X-atmo-protocol=true&_=1765936702388 HTTP/1.1" 200 -
119.34.176.224 - - [17/Dec/2025:09:54:18 +0800] "POST /InternetTrading/SessionErrorLogger HTTP/1.1" 200 117
119.34.176.224 - - [17/Dec/2025:09:54:18 +0800] "GET /InternetTrading/longpoll/13979?X-Atmosphere-tracking-id=0&X-Atmosphere-Framework=2.2.3-javascript&X-Atmosphere-Transport=long-polling&X-Atmosphere-TrackMessageSize=true&Content-Type=charset%3Dutf-8&X-atmo-protocol=true&_=1765936702776 HTTP/1.1" 200 -
119.34.176.224 - - [17/Dec/2025:09:54:18 +0800] "POST /InternetTrading/Heartbeat HTTP/1.1" 200 32
58.152.215.40 - - [17/Dec/2025:09:54:18 +0800] "GET /InternetTrading/longpoll/55136?X-Atmosphere-tracking-id=0&X-Atmosphere-Framework=2.2.3-javascript&X-Atmosphere-Transport=long-polling&X-Atmosphere-TrackMessageSize=true&Content-Type=charset%3Dutf-8&X-atmo-protocol=true&_=1765936701245 HTTP/1.1" 200 -
121.204.201.197 - - [17/Dec/2025:09:54:18 +0800] "POST /InternetTrading/SessionErrorLogger HTTP/1.1" 200 117
121.204.201.197 - - [17/Dec/2025:09:54:18 +0800] "POST /InternetTrading/MarketStatus HTTP/1.1" 200 772
121.204.201.197 - - [17/Dec/2025:09:54:20 +0800] "GET /InternetTrading/longpoll/55955?X-Atmosphere-tracking-id=0&X-Atmosphere-Framework=2.2.3-javascript&X-Atmosphere-Transport=long-polling&X-Atmosphere-TrackMessageSize=true&Content-Type=charset%3Dutf-8&X-atmo-protocol=true&_=1765936703124 HTTP/1.1" 200 -
14.0.224.36 - - [17/Dec/2025:09:54:21 +0800] "POST /InternetTrading/SessionErrorLogger HTTP/1.1" 200 117
14.0.224.36 - - [17/Dec/2025:09:54:21 +0800] "POST /InternetTrading/Heartbeat HTTP/1.1" 200 32
119.136.155.219 - - [17/Dec/2025:09:54:21 +0800] "GET /InternetTrading/longpoll/51803?X-Atmosphere-tracking-id=0&X-Atmosphere-Framework=2.2.3-javascript&X-Atmosphere-Transport=long-polling&X-Atmosphere-TrackMessageSize=true&Content-Type=charset%3Dutf-8&X-atmo-protocol=true&_=1765936708715 HTTP/1.1" 200 -
14.0.224.36 - - [17/Dec/2025:09:54:22 +0800] "GET /InternetTrading/longpoll/A8127?X-Atmosphere-tracking-id=0&X-Atmosphere-Framework=2.2.3-javascript&X-Atmosphere-Transport=long-polling&X-Atmosphere-TrackMessageSize=true&Content-Type=charset%3Dutf-8&X-atmo-protocol=true&_=1765936707491 HTTP/1.1" 200 -
61.239.100.147 - - [17/Dec/2025:09:54:22 +0800] "GET /InternetTrading/longpoll/13925?X-Atmosphere-tracking-id=0&X-Atmosphere-Framework=2.2.3-javascript&X-Atmosphere-Transport=long-polling&X-Atmosphere-TrackMessageSize=true&Content-Type=charset%3Dutf-8&X-atmo-protocol=true&_=1765936705441 HTTP/1.1" 200 -
58.152.215.40 - - [17/Dec/2025:09:54:23 +0800] "GET /InternetTrading/longpoll/55136?X-Atmosphere-tracking-id=0&X-Atmosphere-Framework=2.2.3-javascript&X-Atmosphere-Transport=long-polling&X-Atmosphere-TrackMessageSize=true&Content-Type=charset%3Dutf-8&X-atmo-protocol=true&_=1765936706301 HTTP/1.1" 200 -
119.34.176.224 - - [17/Dec/2025:09:54:23 +0800] "GET /InternetTrading/longpoll/13979?X-Atmosphere-tracking-id=0&X-Atmosphere-Framework=2.2.3-javascript&X-Atmosphere-Transport=long-polling&X-Atmosphere-TrackMessageSize=true&Content-Type=charset%3Dutf-8&X-atmo-protocol=true&_=1765936708234 HTTP/1.1" 200 -
121.204.201.197 - - [17/Dec/2025:09:54:25 +0800] "GET /InternetTrading/longpoll/55955?X-Atmosphere-tracking-id=0&X-Atmosphere-Framework=2.2.3-javascript&X-Atmosphere-Transport=long-polling&X-Atmosphere-TrackMessageSize=true&Content-Type=charset%3Dutf-8&X-atmo-protocol=true&_=1765936708195 HTTP/1.1" 200 -
119.136.155.219 - - [17/Dec/2025:09:54:26 +0800] "GET /InternetTrading/longpoll/51803?X-Atmosphere-tracking-id=0&X-Atmosphere-Framework=2.2.3-javascript&X-Atmosphere-Transport=long-polling&X-Atmosphere-TrackMessageSize=true&Content-Type=charset%3Dutf-8&X-atmo-protocol=true&_=1765936713790 HTTP/1.1" 200 -
14.0.224.36 - - [17/Dec/2025:09:54:27 +0800] "GET /InternetTrading/longpoll/A8127?X-Atmosphere-tracking-id=0&X-Atmosphere-Framework=2.2.3-javascript&X-Atmosphere-Transport=long-polling&X-Atmosphere-TrackMessageSize=true&Content-Type=charset%3Dutf-8&X-atmo-protocol=true&_=1765936712579 HTTP/1.1" 200 -
58.152.215.40 - - [17/Dec/2025:09:54:28 +0800] "GET /InternetTrading/longpoll/55136?X-Atmosphere-tracking-id=0&X-Atmosphere-Framework=2.2.3-javascript&X-Atmosphere-Transport=long-polling&X-Atmosphere-TrackMessageSize=true&Content-Type=charset%3Dutf-8&X-atmo-protocol=true&_=1765936711341 HTTP/1.1" 200 -
61.239.100.147 - - [17/Dec/2025:09:54:28 +0800] "GET /InternetTrading/longpoll/13925?X-Atmosphere-tracking-id=0&X-Atmosphere-Framework=2.2.3-javascript&X-Atmosphere-Transport=long-polling&X-Atmosphere-TrackMessageSize=true&Content-Type=charset%3Dutf-8&X-atmo-protocol=true&_=1765936711454 HTTP/1.1" 200 -
119.34.176.224 - - [17/Dec/2025:09:54:28 +0800] "GET /InternetTrading/longpoll/13979?X-Atmosphere-tracking-id=0&X-Atmosphere-Framework=2.2.3-javascript&X-Atmosphere-Transport=long-polling&X-Atmosphere-TrackMessageSize=true&Content-Type=charset%3Dutf-8&X-atmo-protocol=true&_=1765936713621 HTTP/1.1" 200 -
121.204.201.197 - - [17/Dec/2025:09:54:30 +0800] "GET /InternetTrading/longpoll/55955?X-Atmosphere-tracking-id=0&X-Atmosphere-Framework=2.2.3-javascript&X-Atmosphere-Transport=long-polling&X-Atmosphere-TrackMessageSize=true&Content-Type=charset%3Dutf-8&X-atmo-protocol=true&_=1765936713387 HTTP/1.1" 200 -
119.136.155.219 - - [17/Dec/2025:09:54:31 +0800] "GET /InternetTrading/longpoll/51803?X-Atmosphere-tracking-id=0&X-Atmosphere-Framework=2.2.3-javascript&X-Atmosphere-Transport=long-polling&X-Atmosphere-TrackMessageSize=true&Content-Type=charset%3Dutf-8&X-atmo-protocol=true&_=1765936718854 HTTP/1.1" 200 -
14.0.224.36 - - [17/Dec/2025:09:54:32 +0800] "GET /InternetTrading/longpoll/A8127?X-Atmosphere-tracking-id=0&X-Atmosphere-Framework=2.2.3-javascript&X-Atmosphere-Transport=long-polling&X-Atmosphere-TrackMessageSize=true&Content-Type=charset%3Dutf-8&X-atmo-protocol=true&_=1765936717636 HTTP/1.1" 200 -
58.152.215.40 - - [17/Dec/2025:09:54:33 +0800] "GET /InternetTrading/longpoll/55136?X-Atmosphere-tracking-id=0&X-Atmosphere-Framework=2.2.3-javascript&X-Atmosphere-Transport=long-polling&X-Atmosphere-TrackMessageSize=true&Content-Type=charset%3Dutf-8&X-atmo-protocol=true&_=1765936716384 HTTP/1.1" 200 -
119.34.176.224 - - [17/Dec/2025:09:54:33 +0800] "GET /InternetTrading/longpoll/13979?X-Atmosphere-tracking-id=0&X-Atmosphere-Framework=2.2.3-javascript&X-Atmosphere-Transport=long-polling&X-Atmosphere-TrackMessageSize=true&Content-Type=charset%3Dutf-8&X-atmo-protocol=true&_=1765936718724 HTTP/1.1" 200 -
61.239.100.147 - - [17/Dec/2025:09:54:34 +0800] "GET /InternetTrading/longpoll/13925?X-Atmosphere-tracking-id=0&X-Atmosphere-Framework=2.2.3-javascript&X-Atmosphere-Transport=long-polling&X-Atmosphere-TrackMessageSize=true&Content-Type=charset%3Dutf-8&X-atmo-protocol=true&_=1765936717444 HTTP/1.1" 200 -
119.34.176.224 - - [17/Dec/2025:09:54:35 +0800] "POST /InternetTrading/SessionErrorLogger HTTP/1.1" 200 117
119.34.176.224 - - [17/Dec/2025:09:54:35 +0800] "POST /InternetTrading/MarketStatus HTTP/1.1" 200 772
121.204.201.197 - - [17/Dec/2025:09:54:35 +0800] "GET /InternetTrading/longpoll/55955?X-Atmosphere-tracking-id=0&X-Atmosphere-Framework=2.2.3-javascript&X-Atmosphere-Transport=long-polling&X-Atmosphere-TrackMessageSize=true&Content-Type=charset%3Dutf-8&X-atmo-protocol=true&_=1765936718632 HTTP/1.1" 200 -
121.204.201.197 - - [17/Dec/2025:09:54:35 +0800] "POST /InternetTrading/SessionErrorLogger HTTP/1.1" 200 117
121.204.201.197 - - [17/Dec/2025:09:54:35 +0800] "POST /InternetTrading/Heartbeat HTTP/1.1" 200 32
119.136.155.219 - - [17/Dec/2025:09:54:36 +0800] "POST /InternetTrading/SessionErrorLogger HTTP/1.1" 200 117
119.136.155.219 - - [17/Dec/2025:09:54:36 +0800] "POST /InternetTrading/Heartbeat HTTP/1.1" 200 32
119.136.155.219 - - [17/Dec/2025:09:54:36 +0800] "POST /InternetTrading/SessionErrorLogger HTTP/1.1" 200 117
119.136.155.219 - - [17/Dec/2025:09:54:36 +0800] "GET /InternetTrading/longpoll/51803?X-Atmosphere-tracking-id=0&X-Atmosphere-Framework=2.2.3-javascript&X-Atmosphere-Transport=long-polling&X-Atmosphere-TrackMessageSize=true&Content-Type=charset%3Dutf-8&X-atmo-protocol=true&_=1765936723919 HTTP/1.1" 200 -
119.136.155.219 - - [17/Dec/2025:09:54:36 +0800] "POST /InternetTrading/MarketStatus HTTP/1.1" 200 772
14.0.224.36 - - [17/Dec/2025:09:54:36 +0800] "POST /InternetTrading/SessionErrorLogger HTTP/1.1" 200 117
14.0.224.36 - - [17/Dec/2025:09:54:36 +0800] "POST /InternetTrading/MarketStatus HTTP/1.1" 200 772
14.0.224.36 - - [17/Dec/2025:09:54:37 +0800] "GET /InternetTrading/longpoll/A8127?X-Atmosphere-tracking-id=0&X-Atmosphere-Framework=2.2.3-javascript&X-Atmosphere-Transport=long-polling&X-Atmosphere-TrackMessageSize=true&Content-Type=charset%3Dutf-8&X-atmo-protocol=true&_=1765936722783 HTTP/1.1" 200 -
58.152.215.40 - - [17/Dec/2025:09:54:38 +0800] "GET /InternetTrading/longpoll/55136?X-Atmosphere-tracking-id=0&X-Atmosphere-Framework=2.2.3-javascript&X-Atmosphere-Transport=long-polling&X-Atmosphere-TrackMessageSize=true&Content-Type=charset%3Dutf-8&X-atmo-protocol=true&_=1765936721410 HTTP/1.1" 200 -
119.34.176.224 - - [17/Dec/2025:09:54:39 +0800] "GET /InternetTrading/longpoll/13979?X-Atmosphere-tracking-id=0&X-Atmosphere-Framework=2.2.3-javascript&X-Atmosphere-Transport=long-polling&X-Atmosphere-TrackMessageSize=true&Content-Type=charset%3Dutf-8&X-atmo-protocol=true&_=1765936724145 HTTP/1.1" 200 -
61.239.100.147 - - [17/Dec/2025:09:54:40 +0800] "GET /InternetTrading/longpoll/13925?X-Atmosphere-tracking-id=0&X-Atmosphere-Framework=2.2.3-javascript&X-Atmosphere-Transport=long-polling&X-Atmosphere-TrackMessageSize=true&Content-Type=charset%3Dutf-8&X-atmo-protocol=true&_=1765936723455 HTTP/1.1" 200 -
121.204.201.197 - - [17/Dec/2025:09:54:40 +0800] "GET /InternetTrading/longpoll/55955?X-Atmosphere-tracking-id=0&X-Atmosphere-Framework=2.2.3-javascript&X-Atmosphere-Transport=long-polling&X-Atmosphere-TrackMessageSize=true&Content-Type=charset%3Dutf-8&X-atmo-protocol=true&_=1765936723945 HTTP/1.1" 200 -
119.136.155.219 - - [17/Dec/2025:09:54:41 +0800] "GET /InternetTrading/longpoll/51803?X-Atmosphere-tracking-id=0&X-Atmosphere-Framework=2.2.3-javascript&X-Atmosphere-Transport=long-polling&X-Atmosphere-TrackMessageSize=true&Content-Type=charset%3Dutf-8&X-atmo-protocol=true&_=1765936728974 HTTP/1.1" 200 -
58.152.215.40 - - [17/Dec/2025:09:54:42 +0800] "POST /InternetTrading/SessionErrorLogger HTTP/1.1" 200 117
58.152.215.40 - - [17/Dec/2025:09:54:42 +0800] "POST /InternetTrading/Heartbeat HTTP/1.1" 200 32
58.152.215.40 - - [17/Dec/2025:09:54:42 +0800] "POST /InternetTrading/SessionErrorLogger HTTP/1.1" 200 117
58.152.215.40 - - [17/Dec/2025:09:54:42 +0800] "POST /InternetTrading/MarketStatus HTTP/1.1" 200 772
14.0.224.36 - - [17/Dec/2025:09:54:43 +0800] "GET /InternetTrading/longpoll/A8127?X-Atmosphere-tracking-id=0&X-Atmosphere-Framework=2.2.3-javascript&X-Atmosphere-Transport=long-polling&X-Atmosphere-TrackMessageSize=true&Content-Type=charset%3Dutf-8&X-atmo-protocol=true&_=1765936727839 HTTP/1.1" 200 -
58.152.215.40 - - [17/Dec/2025:09:54:43 +0800] "GET /InternetTrading/longpoll/55136?X-Atmosphere-tracking-id=0&X-Atmosphere-Framework=2.2.3-javascript&X-Atmosphere-Transport=long-polling&X-Atmosphere-TrackMessageSize=true&Content-Type=charset%3Dutf-8&X-atmo-protocol=true&_=1765936726441 HTTP/1.1" 200 -
119.34.176.224 - - [17/Dec/2025:09:54:44 +0800] "GET /InternetTrading/longpoll/13979?X-Atmosphere-tracking-id=0&X-Atmosphere-Framework=2.2.3-javascript&X-Atmosphere-Transport=long-polling&X-Atmosphere-TrackMessageSize=true&Content-Type=charset%3Dutf-8&X-atmo-protocol=true&_=1765936729197 HTTP/1.1" 200 -
121.204.201.197 - - [17/Dec/2025:09:54:46 +0800] "GET /InternetTrading/longpoll/55955?X-Atmosphere-tracking-id=0&X-Atmosphere-Framework=2.2.3-javascript&X-Atmosphere-Transport=long-polling&X-Atmosphere-TrackMessageSize=true&Content-Type=charset%3Dutf-8&X-atmo-protocol=true&_=1765936729035 HTTP/1.1" 200 -
61.239.100.147 - - [17/Dec/2025:09:54:46 +0800] "GET /InternetTrading/longpoll/13925?X-Atmosphere-tracking-id=0&X-Atmosphere-Framework=2.2.3-javascript&X-Atmosphere-Transport=long-polling&X-Atmosphere-TrackMessageSize=true&Content-Type=charset%3Dutf-8&X-atmo-protocol=true&_=1765936729443 HTTP/1.1" 200 -
119.136.155.219 - - [17/Dec/2025:09:54:46 +0800] "GET /InternetTrading/longpoll/51803?X-Atmosphere-tracking-id=0&X-Atmosphere-Framework=2.2.3-javascript&X-Atmosphere-Transport=long-polling&X-Atmosphere-TrackMessageSize=true&Content-Type=charset%3Dutf-8&X-atmo-protocol=true&_=1765936734014 HTTP/1.1" 200 -
119.34.176.224 - - [17/Dec/2025:09:54:48 +0800] "POST /InternetTrading/SessionErrorLogger HTTP/1.1" 200 117
119.34.176.224 - - [17/Dec/2025:09:54:48 +0800] "POST /InternetTrading/Heartbeat HTTP/1.1" 200 32
14.0.224.36 - - [17/Dec/2025:09:54:48 +0800] "GET /InternetTrading/longpoll/A8127?X-Atmosphere-tracking-id=0&X-Atmosphere-Framework=2.2.3-javascript&X-Atmosphere-Transport=long-polling&X-Atmosphere-TrackMessageSize=true&Content-Type=charset%3Dutf-8&X-atmo-protocol=true&_=1765936733275 HTTP/1.1" 200 -
58.152.215.40 - - [17/Dec/2025:09:54:48 +0800] "GET /InternetTrading/longpoll/55136?X-Atmosphere-tracking-id=0&X-Atmosphere-Framework=2.2.3-javascript&X-Atmosphere-Transport=long-polling&X-Atmosphere-TrackMessageSize=true&Content-Type=charset%3Dutf-8&X-atmo-protocol=true&_=1765936731477 HTTP/1.1" 200 -
121.204.201.197 - - [17/Dec/2025:09:54:48 +0800] "POST /InternetTrading/SessionErrorLogger HTTP/1.1" 200 117
121.204.201.197 - - [17/Dec/2025:09:54:48 +0800] "POST /InternetTrading/MarketStatus HTTP/1.1" 200 772
119.34.176.224 - - [17/Dec/2025:09:54:49 +0800] "GET /InternetTrading/longpoll/13979?X-Atmosphere-tracking-id=0&X-Atmosphere-Framework=2.2.3-javascript&X-Atmosphere-Transport=long-polling&X-Atmosphere-TrackMessageSize=true&Content-Type=charset%3Dutf-8&X-atmo-protocol=true&_=1765936734329 HTTP/1.1" 200 -
61.239.100.147 - - [17/Dec/2025:09:54:49 +0800] "POST /InternetTrading/SessionErrorLogger HTTP/1.1" 200 117
61.239.100.147 - - [17/Dec/2025:09:54:49 +0800] "POST /InternetTrading/MarketStatus HTTP/1.1" 200 772
61.239.100.147 - - [17/Dec/2025:09:54:49 +0800] "POST /InternetTrading/SessionErrorLogger HTTP/1.1" 200 117
61.239.100.147 - - [17/Dec/2025:09:54:49 +0800] "POST /InternetTrading/Heartbeat HTTP/1.1" 200 32
121.204.201.197 - - [17/Dec/2025:09:54:51 +0800] "GET /InternetTrading/longpoll/55955?X-Atmosphere-tracking-id=0&X-Atmosphere-Framework=2.2.3-javascript&X-Atmosphere-Transport=long-polling&X-Atmosphere-TrackMessageSize=true&Content-Type=charset%3Dutf-8&X-atmo-protocol=true&_=1765936734105 HTTP/1.1" 200 -
14.0.224.36 - - [17/Dec/2025:09:54:51 +0800] "POST /InternetTrading/SessionErrorLogger HTTP/1.1" 200 117
14.0.224.36 - - [17/Dec/2025:09:54:51 +0800] "POST /InternetTrading/Heartbeat HTTP/1.1" 200 32
119.136.155.219 - - [17/Dec/2025:09:54:51 +0800] "GET /InternetTrading/longpoll/51803?X-Atmosphere-tracking-id=0&X-Atmosphere-Framework=2.2.3-javascript&X-Atmosphere-Transport=long-polling&X-Atmosphere-TrackMessageSize=true&Content-Type=charset%3Dutf-8&X-atmo-protocol=true&_=1765936739082 HTTP/1.1" 200 -
61.239.100.147 - - [17/Dec/2025:09:54:52 +0800] "GET /InternetTrading/longpoll/13925?X-Atmosphere-tracking-id=0&X-Atmosphere-Framework=2.2.3-javascript&X-Atmosphere-Transport=long-polling&X-Atmosphere-TrackMessageSize=true&Content-Type=charset%3Dutf-8&X-atmo-protocol=true&_=1765936735442 HTTP/1.1" 200 -
14.0.224.36 - - [17/Dec/2025:09:54:53 +0800] "GET /InternetTrading/longpoll/A8127?X-Atmosphere-tracking-id=0&X-Atmosphere-Framework=2.2.3-javascript&X-Atmosphere-Transport=long-polling&X-Atmosphere-TrackMessageSize=true&Content-Type=charset%3Dutf-8&X-atmo-protocol=true&_=1765936738505 HTTP/1.1" 200 -
58.152.215.40 - - [17/Dec/2025:09:54:53 +0800] "GET /InternetTrading/longpoll/55136?X-Atmosphere-tracking-id=0&X-Atmosphere-Framework=2.2.3-javascript&X-Atmosphere-Transport=long-polling&X-Atmosphere-TrackMessageSize=true&Content-Type=charset%3Dutf-8&X-atmo-protocol=true&_=1765936736516 HTTP/1.1" 200 -
119.34.176.224 - - [17/Dec/2025:09:54:54 +0800] "GET /InternetTrading/longpoll/13979?X-Atmosphere-tracking-id=0&X-Atmosphere-Framework=2.2.3-javascript&X-Atmosphere-Transport=long-polling&X-Atmosphere-TrackMessageSize=true&Content-Type=charset%3Dutf-8&X-atmo-protocol=true&_=1765936739360 HTTP/1.1" 200 -
121.204.201.197 - - [17/Dec/2025:09:54:56 +0800] "GET /InternetTrading/longpoll/55955?X-Atmosphere-tracking-id=0&X-Atmosphere-Framework=2.2.3-javascript&X-Atmosphere-Transport=long-polling&X-Atmosphere-TrackMessageSize=true&Content-Type=charset%3Dutf-8&X-atmo-protocol=true&_=1765936739190 HTTP/1.1" 200 -
119.136.155.219 - - [17/Dec/2025:09:54:56 +0800] "GET /InternetTrading/longpoll/51803?X-Atmosphere-tracking-id=0&X-Atmosphere-Framework=2.2.3-javascript&X-Atmosphere-Transport=long-polling&X-Atmosphere-TrackMessageSize=true&Content-Type=charset%3Dutf-8&X-atmo-protocol=true&_=1765936744141 HTTP/1.1" 200 -
61.239.100.147 - - [17/Dec/2025:09:54:58 +0800] "GET /InternetTrading/longpoll/13925?X-Atmosphere-tracking-id=0&X-Atmosphere-Framework=2.2.3-javascript&X-Atmosphere-Transport=long-polling&X-Atmosphere-TrackMessageSize=true&Content-Type=charset%3Dutf-8&X-atmo-protocol=true&_=1765936741455 HTTP/1.1" 200 -
58.152.215.40 - - [17/Dec/2025:09:54:58 +0800] "GET /InternetTrading/longpoll/55136?X-Atmosphere-tracking-id=0&X-Atmosphere-Framework=2.2.3-javascript&X-Atmosphere-Transport=long-polling&X-Atmosphere-TrackMessageSize=true&Content-Type=charset%3Dutf-8&X-atmo-protocol=true&_=1765936741543 HTTP/1.1" 200 -
14.0.224.36 - - [17/Dec/2025:09:54:58 +0800] "GET /InternetTrading/longpoll/A8127?X-Atmosphere-tracking-id=0&X-Atmosphere-Framework=2.2.3-javascript&X-Atmosphere-Transport=long-polling&X-Atmosphere-TrackMessageSize=true&Content-Type=charset%3Dutf-8&X-atmo-protocol=true&_=1765936743566 HTTP/1.1" 200 -
119.34.176.224 - - [17/Dec/2025:09:54:59 +0800] "GET /InternetTrading/longpoll/13979?X-Atmosphere-tracking-id=0&X-Atmosphere-Framework=2.2.3-javascript&X-Atmosphere-Transport=long-polling&X-Atmosphere-TrackMessageSize=true&Content-Type=charset%3Dutf-8&X-atmo-protocol=true&_=1765936744449 HTTP/1.1" 200 -
121.204.201.197 - - [17/Dec/2025:09:55:01 +0800] "GET /InternetTrading/longpoll/55955?X-Atmosphere-tracking-id=0&X-Atmosphere-Framework=2.2.3-javascript&X-Atmosphere-Transport=long-polling&X-Atmosphere-TrackMessageSize=true&Content-Type=charset%3Dutf-8&X-atmo-protocol=true&_=1765936744392 HTTP/1.1" 200 -
119.136.155.219 - - [17/Dec/2025:09:55:01 +0800] "GET /InternetTrading/longpoll/51803?X-Atmosphere-tracking-id=0&X-Atmosphere-Framework=2.2.3-javascript&X-Atmosphere-Transport=long-polling&X-Atmosphere-TrackMessageSize=true&Content-Type=charset%3Dutf-8&X-atmo-protocol=true&_=1765936749204 HTTP/1.1" 200 -
58.152.215.40 - - [17/Dec/2025:09:55:03 +0800] "GET /InternetTrading/longpoll/55136?X-Atmosphere-tracking-id=0&X-Atmosphere-Framework=2.2.3-javascript&X-Atmosphere-Transport=long-polling&X-Atmosphere-TrackMessageSize=true&Content-Type=charset%3Dutf-8&X-atmo-protocol=true&_=1765936746581 HTTP/1.1" 200 -
14.0.224.36 - - [17/Dec/2025:09:55:03 +0800] "GET /InternetTrading/longpoll/A8127?X-Atmosphere-tracking-id=0&X-Atmosphere-Framework=2.2.3-javascript&X-Atmosphere-Transport=long-polling&X-Atmosphere-TrackMessageSize=true&Content-Type=charset%3Dutf-8&X-atmo-protocol=true&_=1765936748769 HTTP/1.1" 200 -
61.239.100.147 - - [17/Dec/2025:09:55:04 +0800] "GET /InternetTrading/longpoll/13925?X-Atmosphere-tracking-id=0&X-Atmosphere-Framework=2.2.3-javascript&X-Atmosphere-Transport=long-polling&X-Atmosphere-TrackMessageSize=true&Content-Type=charset%3Dutf-8&X-atmo-protocol=true&_=1765936747443 HTTP/1.1" 200 -
119.34.176.224 - - [17/Dec/2025:09:55:04 +0800] "GET /InternetTrading/longpoll/13979?X-Atmosphere-tracking-id=0&X-Atmosphere-Framework=2.2.3-javascript&X-Atmosphere-Transport=long-polling&X-Atmosphere-TrackMessageSize=true&Content-Type=charset%3Dutf-8&X-atmo-protocol=true&_=1765936749535 HTTP/1.1" 200 -
119.34.176.224 - - [17/Dec/2025:09:55:05 +0800] "POST /InternetTrading/SessionErrorLogger HTTP/1.1" 200 117
119.34.176.224 - - [17/Dec/2025:09:55:05 +0800] "POST /InternetTrading/MarketStatus HTTP/1.1" 200 772
121.204.201.197 - - [17/Dec/2025:09:55:05 +0800] "POST /InternetTrading/SessionErrorLogger HTTP/1.1" 200 117
121.204.201.197 - - [17/Dec/2025:09:55:05 +0800] "POST /InternetTrading/Heartbeat HTTP/1.1" 200 32
121.204.201.197 - - [17/Dec/2025:09:55:06 +0800] "GET /InternetTrading/longpoll/55955?X-Atmosphere-tracking-id=0&X-Atmosphere-Framework=2.2.3-javascript&X-Atmosphere-Transport=long-polling&X-Atmosphere-TrackMessageSize=true&Content-Type=charset%3Dutf-8&X-atmo-protocol=true&_=1765936749573 HTTP/1.1" 200 -
119.136.155.219 - - [17/Dec/2025:09:55:06 +0800] "POST /InternetTrading/SessionErrorLogger HTTP/1.1" 200 117
119.136.155.219 - - [17/Dec/2025:09:55:06 +0800] "POST /InternetTrading/Heartbeat HTTP/1.1" 200 32
119.136.155.219 - - [17/Dec/2025:09:55:06 +0800] "POST /InternetTrading/SessionErrorLogger HTTP/1.1" 200 117
119.136.155.219 - - [17/Dec/2025:09:55:06 +0800] "POST /InternetTrading/MarketStatus HTTP/1.1" 200 772
119.136.155.219 - - [17/Dec/2025:09:55:06 +0800] "GET /InternetTrading/longpoll/51803?X-Atmosphere-tracking-id=0&X-Atmosphere-Framework=2.2.3-javascript&X-Atmosphere-Transport=long-polling&X-Atmosphere-TrackMessageSize=true&Content-Type=charset%3Dutf-8&X-atmo-protocol=true&_=1765936754275 HTTP/1.1" 200 -
14.0.224.36 - - [17/Dec/2025:09:55:07 +0800] "POST /InternetTrading/SessionErrorLogger HTTP/1.1" 200 117
14.0.224.36 - - [17/Dec/2025:09:55:07 +0800] "POST /InternetTrading/MarketStatus HTTP/1.1" 200 772
58.152.215.40 - - [17/Dec/2025:09:55:08 +0800] "GET /InternetTrading/longpoll/55136?X-Atmosphere-tracking-id=0&X-Atmosphere-Framework=2.2.3-javascript&X-Atmosphere-Transport=long-polling&X-Atmosphere-TrackMessageSize=true&Content-Type=charset%3Dutf-8&X-atmo-protocol=true&_=1765936751621 HTTP/1.1" 200 -
14.0.224.36 - - [17/Dec/2025:09:55:08 +0800] "GET /InternetTrading/longpoll/A8127?X-Atmosphere-tracking-id=0&X-Atmosphere-Framework=2.2.3-javascript&X-Atmosphere-Transport=long-polling&X-Atmosphere-TrackMessageSize=true&Content-Type=charset%3Dutf-8&X-atmo-protocol=true&_=1765936753917 HTTP/1.1" 200 -
119.34.176.224 - - [17/Dec/2025:09:55:09 +0800] "GET /InternetTrading/longpoll/13979?X-Atmosphere-tracking-id=0&X-Atmosphere-Framework=2.2.3-javascript&X-Atmosphere-Transport=long-polling&X-Atmosphere-TrackMessageSize=true&Content-Type=charset%3Dutf-8&X-atmo-protocol=true&_=1765936754620 HTTP/1.1" 200 -
61.239.100.147 - - [17/Dec/2025:09:55:10 +0800] "GET /InternetTrading/longpoll/13925?X-Atmosphere-tracking-id=0&X-Atmosphere-Framework=2.2.3-javascript&X-Atmosphere-Transport=long-polling&X-Atmosphere-TrackMessageSize=true&Content-Type=charset%3Dutf-8&X-atmo-protocol=true&_=1765936753451 HTTP/1.1" 200 -
121.204.201.197 - - [17/Dec/2025:09:55:11 +0800] "GET /InternetTrading/longpoll/55955?X-Atmosphere-tracking-id=0&X-Atmosphere-Framework=2.2.3-javascript&X-Atmosphere-Transport=long-polling&X-Atmosphere-TrackMessageSize=true&Content-Type=charset%3Dutf-8&X-atmo-protocol=true&_=1765936754640 HTTP/1.1" 200 -
119.136.155.219 - - [17/Dec/2025:09:55:11 +0800] "GET /InternetTrading/longpoll/51803?X-Atmosphere-tracking-id=0&X-Atmosphere-Framework=2.2.3-javascript&X-Atmosphere-Transport=long-polling&X-Atmosphere-TrackMessageSize=true&Content-Type=charset%3Dutf-8&X-atmo-protocol=true&_=1765936759297 HTTP/1.1" 200 -
58.152.215.40 - - [17/Dec/2025:09:55:12 +0800] "POST /InternetTrading/SessionErrorLogger HTTP/1.1" 200 117
58.152.215.40 - - [17/Dec/2025:09:55:12 +0800] "POST /InternetTrading/Heartbeat HTTP/1.1" 200 32
58.152.215.40 - - [17/Dec/2025:09:55:12 +0800] "POST /InternetTrading/SessionErrorLogger HTTP/1.1" 200 117
58.152.215.40 - - [17/Dec/2025:09:55:12 +0800] "POST /InternetTrading/MarketStatus HTTP/1.1" 200 772
58.152.215.40 - - [17/Dec/2025:09:55:13 +0800] "GET /InternetTrading/longpoll/55136?X-Atmosphere-tracking-id=0&X-Atmosphere-Framework=2.2.3-javascript&X-Atmosphere-Transport=long-polling&X-Atmosphere-TrackMessageSize=true&Content-Type=charset%3Dutf-8&X-atmo-protocol=true&_=1765936756655 HTTP/1.1" 200 -
14.0.224.36 - - [17/Dec/2025:09:55:14 +0800] "GET /InternetTrading/longpoll/A8127?X-Atmosphere-tracking-id=0&X-Atmosphere-Framework=2.2.3-javascript&X-Atmosphere-Transport=long-polling&X-Atmosphere-TrackMessageSize=true&Content-Type=charset%3Dutf-8&X-atmo-protocol=true&_=1765936759008 HTTP/1.1" 200 -
119.34.176.224 - - [17/Dec/2025:09:55:14 +0800] "GET /InternetTrading/longpoll/13979?X-Atmosphere-tracking-id=0&X-Atmosphere-Framework=2.2.3-javascript&X-Atmosphere-Transport=long-polling&X-Atmosphere-TrackMessageSize=true&Content-Type=charset%3Dutf-8&X-atmo-protocol=true&_=1765936759721 HTTP/1.1" 200 -
61.239.100.147 - - [17/Dec/2025:09:55:16 +0800] "GET /InternetTrading/longpoll/13925?X-Atmosphere-tracking-id=0&X-Atmosphere-Framework=2.2.3-javascript&X-Atmosphere-Transport=long-polling&X-Atmosphere-TrackMessageSize=true&Content-Type=charset%3Dutf-8&X-atmo-protocol=true&_=1765936759441 HTTP/1.1" 200 -
119.136.155.219 - - [17/Dec/2025:09:55:16 +0800] "GET /InternetTrading/longpoll/51803?X-Atmosphere-tracking-id=0&X-Atmosphere-Framework=2.2.3-javascript&X-Atmosphere-Transport=long-polling&X-Atmosphere-TrackMessageSize=true&Content-Type=charset%3Dutf-8&X-atmo-protocol=true&_=1765936764322 HTTP/1.1" 200 -
121.204.201.197 - - [17/Dec/2025:09:55:17 +0800] "GET /InternetTrading/longpoll/55955?X-Atmosphere-tracking-id=0&X-Atmosphere-Framework=2.2.3-javascript&X-Atmosphere-Transport=long-polling&X-Atmosphere-TrackMessageSize=true&Content-Type=charset%3Dutf-8&X-atmo-protocol=true&_=1765936759813 HTTP/1.1" 200 -
119.34.176.224 - - [17/Dec/2025:09:55:18 +0800] "POST /InternetTrading/SessionErrorLogger HTTP/1.1" 200 117
119.34.176.224 - - [17/Dec/2025:09:55:18 +0800] "POST /InternetTrading/Heartbeat HTTP/1.1" 200 32
58.152.215.40 - - [17/Dec/2025:09:55:18 +0800] "GET /InternetTrading/longpoll/55136?X-Atmosphere-tracking-id=0&X-Atmosphere-Framework=2.2.3-javascript&X-Atmosphere-Transport=long-polling&X-Atmosphere-TrackMessageSize=true&Content-Type=charset%3Dutf-8&X-atmo-protocol=true&_=1765936761677 HTTP/1.1" 200 -
121.204.201.197 - - [17/Dec/2025:09:55:18 +0800] "POST /InternetTrading/SessionErrorLogger HTTP/1.1" 200 117
