61.239.100.147 - - [17/Dec/2025:09:23:31 +0800] "GET /InternetTrading/longpoll/13925?X-Atmosphere-tracking-id=0&X-Atmosphere-Framework=2.2.3-javascript&X-Atmosphere-Transport=long-polling&X-Atmosphere-TrackMessageSize=true&Content-Type=charset%3Dutf-8&X-atmo-protocol=true&_=1765934854447 HTTP/1.1" 200 -
14.0.224.36 - - [17/Dec/2025:09:23:35 +0800] "GET /InternetTrading/longpoll/A8127?X-Atmosphere-tracking-id=0&X-Atmosphere-Framework=2.2.3-javascript&X-Atmosphere-Transport=long-polling&X-Atmosphere-TrackMessageSize=true&Content-Type=charset%3Dutf-8&X-atmo-protocol=true&_=1765934860410 HTTP/1.1" 200 -
119.34.176.224 - - [17/Dec/2025:09:23:35 +0800] "GET /InternetTrading/longpoll/13979?X-Atmosphere-tracking-id=0&X-Atmosphere-Framework=2.2.3-javascript&X-Atmosphere-Transport=long-polling&X-Atmosphere-TrackMessageSize=true&Content-Type=charset%3Dutf-8&X-atmo-protocol=true&_=1765934860189 HTTP/1.1" 200 -
61.239.100.147 - - [17/Dec/2025:09:23:37 +0800] "GET /InternetTrading/longpoll/13925?X-Atmosphere-tracking-id=0&X-Atmosphere-Framework=2.2.3-javascript&X-Atmosphere-Transport=long-polling&X-Atmosphere-TrackMessageSize=true&Content-Type=charset%3Dutf-8&X-atmo-protocol=true&_=1765934860447 HTTP/1.1" 200 -
119.34.176.224 - - [17/Dec/2025:09:23:40 +0800] "GET /InternetTrading/longpoll/13979?X-Atmosphere-tracking-id=0&X-Atmosphere-Framework=2.2.3-javascript&X-Atmosphere-Transport=long-polling&X-Atmosphere-TrackMessageSize=true&Content-Type=charset%3Dutf-8&X-atmo-protocol=true&_=1765934865592 HTTP/1.1" 200 -
14.0.224.36 - - [17/Dec/2025:09:23:40 +0800] "GET /InternetTrading/longpoll/A8127?X-Atmosphere-tracking-id=0&X-Atmosphere-Framework=2.2.3-javascript&X-Atmosphere-Transport=long-polling&X-Atmosphere-TrackMessageSize=true&Content-Type=charset%3Dutf-8&X-atmo-protocol=true&_=1765934865550 HTTP/1.1" 200 -
121.204.201.197 - - [17/Dec/2025:09:23:41 +0800] "POST /InternetTrading/Heartbeat2FAService HTTP/1.1" 200 1
14.0.224.36 - - [17/Dec/2025:09:23:43 +0800] "POST /InternetTrading/SessionErrorLogger HTTP/1.1" 200 117
14.0.224.36 - - [17/Dec/2025:09:23:43 +0800] "POST /InternetTrading/Heartbeat HTTP/1.1" 200 32
14.0.224.36 - - [17/Dec/2025:09:23:43 +0800] "POST /InternetTrading/SessionErrorLogger HTTP/1.1" 200 117
61.239.100.147 - - [17/Dec/2025:09:23:43 +0800] "GET /InternetTrading/longpoll/13925?X-Atmosphere-tracking-id=0&X-Atmosphere-Framework=2.2.3-javascript&X-Atmosphere-Transport=long-polling&X-Atmosphere-TrackMessageSize=true&Content-Type=charset%3Dutf-8&X-atmo-protocol=true&_=1765934866445 HTTP/1.1" 200 -
14.0.224.36 - - [17/Dec/2025:09:23:43 +0800] "POST /InternetTrading/MarketStatus HTTP/1.1" 200 772
119.34.176.224 - - [17/Dec/2025:09:23:43 +0800] "POST /InternetTrading/SessionErrorLogger HTTP/1.1" 200 117
119.34.176.224 - - [17/Dec/2025:09:23:43 +0800] "POST /InternetTrading/Heartbeat HTTP/1.1" 200 32
119.34.176.224 - - [17/Dec/2025:09:23:44 +0800] "POST /InternetTrading/SessionErrorLogger HTTP/1.1" 200 117
119.34.176.224 - - [17/Dec/2025:09:23:44 +0800] "POST /InternetTrading/MarketStatus HTTP/1.1" 200 772
119.34.176.224 - - [17/Dec/2025:09:23:45 +0800] "GET /InternetTrading/longpoll/13979?X-Atmosphere-tracking-id=0&X-Atmosphere-Framework=2.2.3-javascript&X-Atmosphere-Transport=long-polling&X-Atmosphere-TrackMessageSize=true&Content-Type=charset%3Dutf-8&X-atmo-protocol=true&_=1765934870676 HTTP/1.1" 200 -
14.0.224.36 - - [17/Dec/2025:09:23:45 +0800] "GET /InternetTrading/longpoll/A8127?X-Atmosphere-tracking-id=0&X-Atmosphere-Framework=2.2.3-javascript&X-Atmosphere-Transport=long-polling&X-Atmosphere-TrackMessageSize=true&Content-Type=charset%3Dutf-8&X-atmo-protocol=true&_=1765934870794 HTTP/1.1" 200 -
61.239.100.147 - - [17/Dec/2025:09:23:49 +0800] "POST /InternetTrading/SessionErrorLogger HTTP/1.1" 200 117
61.239.100.147 - - [17/Dec/2025:09:23:49 +0800] "POST /InternetTrading/MarketStatus HTTP/1.1" 200 772
61.239.100.147 - - [17/Dec/2025:09:23:49 +0800] "POST /InternetTrading/SessionErrorLogger HTTP/1.1" 200 117
61.239.100.147 - - [17/Dec/2025:09:23:49 +0800] "GET /InternetTrading/longpoll/13925?X-Atmosphere-tracking-id=0&X-Atmosphere-Framework=2.2.3-javascript&X-Atmosphere-Transport=long-polling&X-Atmosphere-TrackMessageSize=true&Content-Type=charset%3Dutf-8&X-atmo-protocol=true&_=1765934872499 HTTP/1.1" 200 -
61.239.100.147 - - [17/Dec/2025:09:23:49 +0800] "POST /InternetTrading/Heartbeat HTTP/1.1" 200 32
119.34.176.224 - - [17/Dec/2025:09:23:50 +0800] "GET /InternetTrading/longpoll/13979?X-Atmosphere-tracking-id=0&X-Atmosphere-Framework=2.2.3-javascript&X-Atmosphere-Transport=long-polling&X-Atmosphere-TrackMessageSize=true&Content-Type=charset%3Dutf-8&X-atmo-protocol=true&_=1765934875709 HTTP/1.1" 200 -
14.0.224.36 - - [17/Dec/2025:09:23:50 +0800] "GET /InternetTrading/longpoll/A8127?X-Atmosphere-tracking-id=0&X-Atmosphere-Framework=2.2.3-javascript&X-Atmosphere-Transport=long-polling&X-Atmosphere-TrackMessageSize=true&Content-Type=charset%3Dutf-8&X-atmo-protocol=true&_=1765934875976 HTTP/1.1" 200 -
58.152.215.40 - - [17/Dec/2025:09:23:52 +0800] "GET /InternetTrading/sc/login.html HTTP/1.1" 200 1752
58.152.215.40 - - [17/Dec/2025:09:23:53 +0800] "GET /InternetTrading/sc/style_common.css?v=20200819161913 HTTP/1.1" 200 2540
58.152.215.40 - - [17/Dec/2025:09:23:53 +0800] "GET /InternetTrading/sc/style.css?v=20200819161913 HTTP/1.1" 200 1435
58.152.215.40 - - [17/Dec/2025:09:23:53 +0800] "GET /InternetTrading/jquery/jquery-migrate-3.0.0.js HTTP/1.1" 200 4963
58.152.215.40 - - [17/Dec/2025:09:23:53 +0800] "GET /InternetTrading/jquery/jquery.form-3.46.0.js HTTP/1.1" 200 5673
58.152.215.40 - - [17/Dec/2025:09:23:53 +0800] "GET /InternetTrading/jquery/jquery.validate-1.11.1.js HTTP/1.1" 200 7041
58.152.215.40 - - [17/Dec/2025:09:23:53 +0800] "GET /InternetTrading/jquery/additional-methods.js HTTP/1.1" 200 2238
58.152.215.40 - - [17/Dec/2025:09:23:53 +0800] "GET /InternetTrading/jquery/jquery.blockUI-2.66.0.js HTTP/1.1" 200 6651
58.152.215.40 - - [17/Dec/2025:09:23:53 +0800] "GET /InternetTrading/jquery/jquery-ui-personalized-1.6rc2.min.js HTTP/1.1" 200 55543
58.152.215.40 - - [17/Dec/2025:09:23:53 +0800] "GET /InternetTrading/jquery/jquery.timer-0.9.16.js HTTP/1.1" 200 542
58.152.215.40 - - [17/Dec/2025:09:23:53 +0800] "GET /InternetTrading/jquery/jquery.getParams.js HTTP/1.1" 200 587
58.152.215.40 - - [17/Dec/2025:09:23:53 +0800] "GET /InternetTrading/js/constants.js?jsv=20200819161913 HTTP/1.1" 200 400
58.152.215.40 - - [17/Dec/2025:09:23:53 +0800] "GET /InternetTrading/jquery/jquery-3.3.1.js HTTP/1.1" 200 80650
58.152.215.40 - - [17/Dec/2025:09:23:53 +0800] "GET /InternetTrading/sc/user/translation.js?jsv=20200819161913 HTTP/1.1" 200 12866
58.152.215.40 - - [17/Dec/2025:09:23:53 +0800] "GET /InternetTrading/js/haitong.js?jsv=20200819161913 HTTP/1.1" 200 3881
58.152.215.40 - - [17/Dec/2025:09:23:53 +0800] "GET /InternetTrading/js/rsautil.js?jsv=20200819161913 HTTP/1.1" 200 1017
58.152.215.40 - - [17/Dec/2025:09:23:53 +0800] "GET /InternetTrading/js/util.js?jsv=20200819161913 HTTP/1.1" 200 6636
58.152.215.40 - - [17/Dec/2025:09:23:53 +0800] "GET /InternetTrading/js/init.js?jsv=20200819161913 HTTP/1.1" 200 886
58.152.215.40 - - [17/Dec/2025:09:23:53 +0800] "GET /InternetTrading/js/login.js?jsv=20200819161913 HTTP/1.1" 200 1684
58.152.215.40 - - [17/Dec/2025:09:23:53 +0800] "GET /InternetTrading/js/version.js?jsv=20200819161913 HTTP/1.1" 200 85
58.152.215.40 - - [17/Dec/2025:09:23:53 +0800] "GET /InternetTrading/js/string_extend.js?jsv=20200819161913 HTTP/1.1" 200 272
58.152.215.40 - - [17/Dec/2025:09:23:53 +0800] "GET /InternetTrading/sc/user/custom_variables.js?jsv=20200819161913 HTTP/1.1" 200 275
58.152.215.40 - - [17/Dec/2025:09:23:53 +0800] "GET /InternetTrading/js/pidcrypt.js?jsv=20200819161913 HTTP/1.1" 200 982
58.152.215.40 - - [17/Dec/2025:09:23:53 +0800] "GET /InternetTrading/js/aes_cbc.js?jsv=20200819161913 HTTP/1.1" 200 2043
58.152.215.40 - - [17/Dec/2025:09:23:53 +0800] "GET /InternetTrading/js/pidcrypt_util.js?jsv=20200819161913 HTTP/1.1" 200 1206
58.152.215.40 - - [17/Dec/2025:09:23:53 +0800] "GET /InternetTrading/js/aes_core.js?jsv=20200819161913 HTTP/1.1" 200 2106
58.152.215.40 - - [17/Dec/2025:09:23:53 +0800] "GET /InternetTrading/js/asn1.js?jsv=20200819161913 HTTP/1.1" 200 3099
58.152.215.40 - - [17/Dec/2025:09:23:53 +0800] "GET /InternetTrading/js/md5.js?jsv=20200819161913 HTTP/1.1" 200 1730
58.152.215.40 - - [17/Dec/2025:09:23:53 +0800] "GET /InternetTrading/js/sha256.js?jsv=20200819161913 HTTP/1.1" 200 1362
58.152.215.40 - - [17/Dec/2025:09:23:53 +0800] "GET /InternetTrading/js/prng4.js?jsv=20200819161913 HTTP/1.1" 200 303
58.152.215.40 - - [17/Dec/2025:09:23:53 +0800] "GET /InternetTrading/js/jsbn.js?jsv=20200819161913 HTTP/1.1" 200 6736
58.152.215.40 - - [17/Dec/2025:09:23:53 +0800] "GET /InternetTrading/js/rng.js?jsv=20200819161913 HTTP/1.1" 200 481
58.152.215.40 - - [17/Dec/2025:09:23:53 +0800] "GET /InternetTrading/js/rsa.js?jsv=20200819161913 HTTP/1.1" 200 1658
58.152.215.40 - - [17/Dec/2025:09:23:53 +0800] "GET /InternetTrading/sc/images/bg_login.jpg HTTP/1.1" 200 29296
58.152.215.40 - - [17/Dec/2025:09:23:54 +0800] "POST /InternetTrading/SystemMaintenanceCheck HTTP/1.1" 200 119
58.152.215.40 - - [17/Dec/2025:09:23:54 +0800] "GET /InternetTrading/sc/dialog.html?1765934879269 HTTP/1.1" 200 3179
58.152.215.40 - - [17/Dec/2025:09:23:54 +0800] "GET /InternetTrading/sc/images/favicon.ico HTTP/1.1" 404 682
61.239.100.147 - - [17/Dec/2025:09:23:55 +0800] "GET /InternetTrading/longpoll/13925?X-Atmosphere-tracking-id=0&X-Atmosphere-Framework=2.2.3-javascript&X-Atmosphere-Transport=long-polling&X-Atmosphere-TrackMessageSize=true&Content-Type=charset%3Dutf-8&X-atmo-protocol=true&_=1765934878453 HTTP/1.1" 200 -
119.34.176.224 - - [17/Dec/2025:09:23:55 +0800] "GET /InternetTrading/longpoll/13979?X-Atmosphere-tracking-id=0&X-Atmosphere-Framework=2.2.3-javascript&X-Atmosphere-Transport=long-polling&X-Atmosphere-TrackMessageSize=true&Content-Type=charset%3Dutf-8&X-atmo-protocol=true&_=1765934880814 HTTP/1.1" 200 -
14.0.224.36 - - [17/Dec/2025:09:23:56 +0800] "GET /InternetTrading/longpoll/A8127?X-Atmosphere-tracking-id=0&X-Atmosphere-Framework=2.2.3-javascript&X-Atmosphere-Transport=long-polling&X-Atmosphere-TrackMessageSize=true&Content-Type=charset%3Dutf-8&X-atmo-protocol=true&_=1765934881181 HTTP/1.1" 200 -
121.204.201.197 - - [17/Dec/2025:09:23:59 +0800] "GET /InternetTrading/jquery/wait.gif HTTP/1.1" 200 432
121.204.201.197 - - [17/Dec/2025:09:23:59 +0800] "POST /InternetTrading/Verify2FAService HTTP/1.1" 200 419
121.204.201.197 - - [17/Dec/2025:09:23:59 +0800] "GET /InternetTrading/tc/main.html?language=tc&version=HTML HTTP/1.1" 200 3578
121.204.201.197 - - [17/Dec/2025:09:23:59 +0800] "GET /InternetTrading/jquery/ui.datepicker.css HTTP/1.1" 200 1145
121.204.201.197 - - [17/Dec/2025:09:23:59 +0800] "GET /InternetTrading/jquery/jquery.tablesorter-theme.blue.css HTTP/1.1" 200 2083
121.204.201.197 - - [17/Dec/2025:09:23:59 +0800] "GET /InternetTrading/jquery/jquery-ui-1.10.3.css HTTP/1.1" 200 5283
121.204.201.197 - - [17/Dec/2025:09:23:59 +0800] "GET /InternetTrading/jquery/dragtable-2.0.9.css HTTP/1.1" 200 316
121.204.201.197 - - [17/Dec/2025:09:23:59 +0800] "GET /InternetTrading/tc/style.css?v=20200819161914 HTTP/1.1" 200 1435
121.204.201.197 - - [17/Dec/2025:09:23:59 +0800] "GET /InternetTrading/tc/css/jquery.jscrollpane.css HTTP/1.1" 404 690
121.204.201.197 - - [17/Dec/2025:09:23:59 +0800] "GET /InternetTrading/tc/style_common.css?v=20200819161914 HTTP/1.1" 200 2540
121.204.201.197 - - [17/Dec/2025:09:24:00 +0800] "GET /InternetTrading/jquery/jquery.ba-postmessage.js HTTP/1.1" 200 2990
121.204.201.197 - - [17/Dec/2025:09:24:00 +0800] "GET /InternetTrading/js/aastock.js HTTP/1.1" 200 553
121.204.201.197 - - [17/Dec/2025:09:24:00 +0800] "GET /InternetTrading/jquery/jquery-1.6.3.min.js HTTP/1.1" 200 32057
121.204.201.197 - - [17/Dec/2025:09:24:00 +0800] "GET /InternetTrading/jquery/jquery-migrate-3.0.0.js HTTP/1.1" 200 4963
121.204.201.197 - - [17/Dec/2025:09:24:00 +0800] "GET /InternetTrading/jquery/jquery-3.3.1.js HTTP/1.1" 200 80650
121.204.201.197 - - [17/Dec/2025:09:24:00 +0800] "GET /InternetTrading/js/cache.js?jsv=20200819161914 HTTP/1.1" 200 940
121.204.201.197 - - [17/Dec/2025:09:24:00 +0800] "GET /InternetTrading/js/atmosphere.js HTTP/1.1" 200 13461
121.204.201.197 - - [17/Dec/2025:09:24:00 +0800] "GET /InternetTrading/jquery/jquery-ui-1.10.3.js HTTP/1.1" 200 69642
121.204.201.197 - - [17/Dec/2025:09:24:00 +0800] "GET /InternetTrading/jquery/jquery.form-3.46.0.js HTTP/1.1" 200 5673
121.204.201.197 - - [17/Dec/2025:09:24:00 +0800] "GET /InternetTrading/jquery/jquery.blockUI-2.66.0.js HTTP/1.1" 200 6651
121.204.201.197 - - [17/Dec/2025:09:24:00 +0800] "GET /InternetTrading/jquery/additional-methods.js HTTP/1.1" 200 2238
121.204.201.197 - - [17/Dec/2025:09:24:00 +0800] "GET /InternetTrading/jquery/jquery.validate-1.11.1.js HTTP/1.1" 200 7041
121.204.201.197 - - [17/Dec/2025:09:24:00 +0800] "GET /InternetTrading/jquery/jquery.mousewheel-3.1.4.js HTTP/1.1" 200 822
121.204.201.197 - - [17/Dec/2025:09:24:00 +0800] "GET /InternetTrading/jquery/jquery.tablesorter-2.14.5.js HTTP/1.1" 200 8901
121.204.201.197 - - [17/Dec/2025:09:24:00 +0800] "GET /InternetTrading/jquery/jquery.combobox.packed.js HTTP/1.1" 200 3387
121.204.201.197 - - [17/Dec/2025:09:24:00 +0800] "GET /InternetTrading/jquery/jquery.timer-0.9.16.js HTTP/1.1" 200 542
121.204.201.197 - - [17/Dec/2025:09:24:00 +0800] "GET /InternetTrading/jquery/jquery.tablesorter.widgets-2.14.5.js HTTP/1.1" 200 8611
121.204.201.197 - - [17/Dec/2025:09:24:00 +0800] "GET /InternetTrading/jquery/jquery.getParams.js HTTP/1.1" 200 587
121.204.201.197 - - [17/Dec/2025:09:24:00 +0800] "GET /InternetTrading/jquery/jquery.selectboxes.pack.js HTTP/1.1" 200 1640
121.204.201.197 - - [17/Dec/2025:09:24:00 +0800] "GET /InternetTrading/jquery/date.js HTTP/1.1" 200 2807
121.204.201.197 - - [17/Dec/2025:09:24:00 +0800] "GET /InternetTrading/jquery/globalize-0.1.0a1.js HTTP/1.1" 200 6984
121.204.201.197 - - [17/Dec/2025:09:24:00 +0800] "GET /InternetTrading/json/json2.js?jsv=20200819161914 HTTP/1.1" 200 1372
121.204.201.197 - - [17/Dec/2025:09:24:00 +0800] "GET /InternetTrading/settings/crm_display_settings.js?jsv=20200819161914 HTTP/1.1" 200 1781
121.204.201.197 - - [17/Dec/2025:09:24:00 +0800] "GET /InternetTrading/tc/user/translation.js?jsv=20200819161914 HTTP/1.1" 200 12818
121.204.201.197 - - [17/Dec/2025:09:24:00 +0800] "GET /InternetTrading/js/constants.js?jsv=20200819161914 HTTP/1.1" 200 400
121.204.201.197 - - [17/Dec/2025:09:24:00 +0800] "GET /InternetTrading/tc/user/custom_variables.js?jsv=20200819161914 HTTP/1.1" 200 275
121.204.201.197 - - [17/Dec/2025:09:24:00 +0800] "GET /InternetTrading/js/haitong.js?jsv=20200819161914 HTTP/1.1" 200 3881
121.204.201.197 - - [17/Dec/2025:09:24:00 +0800] "GET /InternetTrading/js/util.js?jsv=20200819161914 HTTP/1.1" 200 6636
121.204.201.197 - - [17/Dec/2025:09:24:00 +0800] "GET /InternetTrading/js/init.js?jsv=20200819161914 HTTP/1.1" 200 886
121.204.201.197 - - [17/Dec/2025:09:24:00 +0800] "GET /InternetTrading/js/rsautil.js?jsv=20200819161914 HTTP/1.1" 200 1017
121.204.201.197 - - [17/Dec/2025:09:24:00 +0800] "GET /InternetTrading/js/corporate.js?jsv=20200819161914 HTTP/1.1" 200 1575
121.204.201.197 - - [17/Dec/2025:09:24:00 +0800] "GET /InternetTrading/js/update_mdf.js?jsv=20200819161914 HTTP/1.1" 200 856
121.204.201.197 - - [17/Dec/2025:09:24:00 +0800] "GET /InternetTrading/js/main.js?jsv=20200819161914 HTTP/1.1" 200 30725
121.204.201.197 - - [17/Dec/2025:09:24:00 +0800] "GET /InternetTrading/js/validation_hkex.js?jsv=20200819161914 HTTP/1.1" 200 2300
121.204.201.197 - - [17/Dec/2025:09:24:00 +0800] "GET /InternetTrading/js/validation_bshare.js?jsv=20200819161914 HTTP/1.1" 200 1567
121.204.201.197 - - [17/Dec/2025:09:24:00 +0800] "GET /InternetTrading/js/validation_ashare.js?jsv=20200819161914 HTTP/1.1" 200 2482
121.204.201.197 - - [17/Dec/2025:09:24:00 +0800] "GET /InternetTrading/js/validation_global.js?jsv=20200819161914 HTTP/1.1" 200 1564
121.204.201.197 - - [17/Dec/2025:09:24:00 +0800] "GET /InternetTrading/js/account.js?jsv=20200819161914 HTTP/1.1" 200 2656
121.204.201.197 - - [17/Dec/2025:09:24:00 +0800] "GET /InternetTrading/js/ipo.js?jsv=20200819161914 HTTP/1.1" 200 5726
121.204.201.197 - - [17/Dec/2025:09:24:00 +0800] "GET /InternetTrading/js/cash_transfer.js?jsv=20200819161914 HTTP/1.1" 200 2712
121.204.201.197 - - [17/Dec/2025:09:24:00 +0800] "GET /InternetTrading/js/spread_cache.js?jsv=20200819161914 HTTP/1.1" 200 908
121.204.201.197 - - [17/Dec/2025:09:24:00 +0800] "GET /InternetTrading/js/mm.js?jsv=20200819161914 HTTP/1.1" 200 487
121.204.201.197 - - [17/Dec/2025:09:24:00 +0800] "GET /InternetTrading/js/isec_calculator.js?jsv=20200819161914 HTTP/1.1" 200 1364
121.204.201.197 - - [17/Dec/2025:09:24:00 +0800] "GET /InternetTrading/js/payment_instruction.js?jsv=20200819161914 HTTP/1.1" 200 2178
121.204.201.197 - - [17/Dec/2025:09:24:00 +0800] "GET /InternetTrading/js/payment_instruction_IMOS.js?jsv=20200819161914 HTTP/1.1" 200 6874
121.204.201.197 - - [17/Dec/2025:09:24:00 +0800] "GET /InternetTrading/js/eStatement.js?jsv=20200819161914 HTTP/1.1" 200 562
121.204.201.197 - - [17/Dec/2025:09:24:00 +0800] "GET /InternetTrading/ExchangeList?fmt=js&jsv=20200819161914 HTTP/1.1" 200 146
121.204.201.197 - - [17/Dec/2025:09:24:00 +0800] "GET /InternetTrading/js/string_extend.js?jsv=20200819161914 HTTP/1.1" 200 272
121.204.201.197 - - [17/Dec/2025:09:24:00 +0800] "GET /InternetTrading/js/pidcrypt.js?jsv=20200819161914 HTTP/1.1" 200 982
121.204.201.197 - - [17/Dec/2025:09:24:00 +0800] "GET /InternetTrading/GoodTillDateValidExch?fmt=js&jsv=20200819161914 HTTP/1.1" 200 29
121.204.201.197 - - [17/Dec/2025:09:24:00 +0800] "GET /InternetTrading/js/pidcrypt_util.js?jsv=20200819161914 HTTP/1.1" 200 1206
121.204.201.197 - - [17/Dec/2025:09:24:00 +0800] "GET /InternetTrading/js/aes_cbc.js?jsv=20200819161914 HTTP/1.1" 200 2043
121.204.201.197 - - [17/Dec/2025:09:24:00 +0800] "GET /InternetTrading/js/aes_core.js?jsv=20200819161914 HTTP/1.1" 200 2106
121.204.201.197 - - [17/Dec/2025:09:24:00 +0800] "GET /InternetTrading/js/asn1.js?jsv=20200819161914 HTTP/1.1" 200 3099
121.204.201.197 - - [17/Dec/2025:09:24:00 +0800] "GET /InternetTrading/js/md5.js?jsv=20200819161914 HTTP/1.1" 200 1730
121.204.201.197 - - [17/Dec/2025:09:24:00 +0800] "GET /InternetTrading/js/sha256.js?jsv=20200819161914 HTTP/1.1" 200 1362
121.204.201.197 - - [17/Dec/2025:09:24:00 +0800] "GET /InternetTrading/js/prng4.js?jsv=20200819161914 HTTP/1.1" 200 303
121.204.201.197 - - [17/Dec/2025:09:24:00 +0800] "GET /InternetTrading/js/jsbn.js?jsv=20200819161914 HTTP/1.1" 200 6736
121.204.201.197 - - [17/Dec/2025:09:24:00 +0800] "GET /InternetTrading/js/rng.js?jsv=20200819161914 HTTP/1.1" 200 481
121.204.201.197 - - [17/Dec/2025:09:24:00 +0800] "GET /InternetTrading/js/rsa.js?jsv=20200819161914 HTTP/1.1" 200 1658
121.204.201.197 - - [17/Dec/2025:09:24:00 +0800] "GET /InternetTrading/js/aes.js?jsv=20200819161914 HTTP/1.1" 200 4816
121.204.201.197 - - [17/Dec/2025:09:24:00 +0800] "GET /InternetTrading/js/mode-ecb.js?jsv=20200819161914 HTTP/1.1" 200 199
121.204.201.197 - - [17/Dec/2025:09:24:00 +0800] "GET /InternetTrading/js/utilSpec.js?jsv=20200819161914 HTTP/1.1" 200 27
121.204.201.197 - - [17/Dec/2025:09:24:00 +0800] "GET /InternetTrading/js/update_lastlogin.js?jsv=20200819161914 HTTP/1.1" 200 980
121.204.201.197 - - [17/Dec/2025:09:24:00 +0800] "GET /InternetTrading/js/pw_alert.js?jsv=20200819161914 HTTP/1.1" 200 418
121.204.201.197 - - [17/Dec/2025:09:24:00 +0800] "GET /InternetTrading/js/jquery.jscrollpane.js HTTP/1.1" 404 685
121.204.201.197 - - [17/Dec/2025:09:24:00 +0800] "GET /InternetTrading/js/jquery.mousewheel.js HTTP/1.1" 404 684
121.204.201.197 - - [17/Dec/2025:09:24:00 +0800] "GET /InternetTrading/js/jquery.cookie.js HTTP/1.1" 200 834
121.204.201.197 - - [17/Dec/2025:09:24:00 +0800] "GET /InternetTrading/tc/images/logo.png HTTP/1.1" 200 7042
121.204.201.197 - - [17/Dec/2025:09:24:00 +0800] "GET /InternetTrading/tc/images/top_menu01.jpg HTTP/1.1" 200 3466
121.204.201.197 - - [17/Dec/2025:09:24:00 +0800] "GET /InternetTrading/js/decimal.js HTTP/1.1" 200 13492
121.204.201.197 - - [17/Dec/2025:09:24:00 +0800] "GET /InternetTrading/tc/images/top_menu04.jpg HTTP/1.1" 200 3430
121.204.201.197 - - [17/Dec/2025:09:24:00 +0800] "GET /InternetTrading/tc/images/top_menu_logout.jpg HTTP/1.1" 200 1016
121.204.201.197 - - [17/Dec/2025:09:24:00 +0800] "GET /InternetTrading/images/top_bg3.jpg HTTP/1.1" 200 878
121.204.201.197 - - [17/Dec/2025:09:24:00 +0800] "GET /InternetTrading/images/top_bg2.jpg HTTP/1.1" 200 330
121.204.201.197 - - [17/Dec/2025:09:24:00 +0800] "GET /InternetTrading/images/top_bg1.jpg HTTP/1.1" 200 329
121.204.201.197 - - [17/Dec/2025:09:24:00 +0800] "GET /InternetTrading/tc/dialog.html?1765934883804 HTTP/1.1" 200 3188
121.204.201.197 - - [17/Dec/2025:09:24:00 +0800] "POST /InternetTrading/PopUpConfig HTTP/1.1" 200 2
121.204.201.197 - - [17/Dec/2025:09:24:00 +0800] "POST /InternetTrading/Heartbeat HTTP/1.1" 200 32
121.204.201.197 - - [17/Dec/2025:09:24:00 +0800] "POST /InternetTrading/CustomerInfoLite HTTP/1.1" 200 118
121.204.201.197 - - [17/Dec/2025:09:24:00 +0800] "GET /InternetTrading/jquery/wait.gif HTTP/1.1" 200 432
121.204.201.197 - - [17/Dec/2025:09:24:00 +0800] "GET /InternetTrading/tc/trade.html HTTP/1.1" 200 2113
121.204.201.197 - - [17/Dec/2025:09:24:00 +0800] "POST /InternetTrading/SpreadPriceCache HTTP/1.1" 200 1947
121.204.201.197 - - [17/Dec/2025:09:24:01 +0800] "GET /InternetTrading/tc/images/top_menu01_o.jpg HTTP/1.1" 200 3339
121.204.201.197 - - [17/Dec/2025:09:24:01 +0800] "POST /InternetTrading/SessionErrorLogger HTTP/1.1" 200 117
121.204.201.197 - - [17/Dec/2025:09:24:01 +0800] "POST /InternetTrading/GetLastLoginDate HTTP/1.1" 200 31
121.204.201.197 - - [17/Dec/2025:09:24:01 +0800] "POST /InternetTrading/SessionErrorLogger HTTP/1.1" 200 117
121.204.201.197 - - [17/Dec/2025:09:24:01 +0800] "GET /InternetTrading/tc/getpopupMsgName.jsp HTTP/1.1" 200 -
121.204.201.197 - - [17/Dec/2025:09:24:01 +0800] "GET /InternetTrading/tc/applet_dummy.html HTTP/1.1" 200 330
121.204.201.197 - - [17/Dec/2025:09:24:01 +0800] "POST /InternetTrading/SessionErrorLogger HTTP/1.1" 200 117
119.34.176.224 - - [17/Dec/2025:09:24:01 +0800] "GET /InternetTrading/longpoll/13979?X-Atmosphere-tracking-id=0&X-Atmosphere-Framework=2.2.3-javascript&X-Atmosphere-Transport=long-polling&X-Atmosphere-TrackMessageSize=true&Content-Type=charset%3Dutf-8&X-atmo-protocol=true&_=1765934885937 HTTP/1.1" 200 -
121.204.201.197 - - [17/Dec/2025:09:24:01 +0800] "POST /InternetTrading/SessionErrorLogger HTTP/1.1" 200 117
121.204.201.197 - - [17/Dec/2025:09:24:01 +0800] "GET /InternetTrading/tc/buy_ticket.html? HTTP/1.1" 200 1995
121.204.201.197 - - [17/Dec/2025:09:24:01 +0800] "POST /InternetTrading/MarketStatus HTTP/1.1" 200 772
121.204.201.197 - - [17/Dec/2025:09:24:01 +0800] "POST /InternetTrading/SessionErrorLogger HTTP/1.1" 200 117
121.204.201.197 - - [17/Dec/2025:09:24:01 +0800] "GET /InternetTrading/jquery/wait.gif HTTP/1.1" 200 432
121.204.201.197 - - [17/Dec/2025:09:24:01 +0800] "GET /InternetTrading/tc/multi_currency_balance.html HTTP/1.1" 200 295
121.204.201.197 - - [17/Dec/2025:09:24:01 +0800] "GET /InternetTrading/tc/images/trade_point01.jpg HTTP/1.1" 200 358
121.204.201.197 - - [17/Dec/2025:09:24:01 +0800] "GET /InternetTrading/Home/PostToAA.jsp?hl=tc HTTP/1.1" 200 287
121.204.201.197 - - [17/Dec/2025:09:24:01 +0800] "GET /InternetTrading/tc/images/refresh.gif HTTP/1.1" 200 1145
121.204.201.197 - - [17/Dec/2025:09:24:01 +0800] "GET /InternetTrading/jquery/images/ui-icons_222222_256x240.png HTTP/1.1" 200 6922
121.204.201.197 - - [17/Dec/2025:09:24:01 +0800] "GET /InternetTrading/jquery/images/ui-bg_flat_75_ffffff_40x100.png HTTP/1.1" 200 208
121.204.201.197 - - [17/Dec/2025:09:24:01 +0800] "POST /InternetTrading/SessionErrorLogger HTTP/1.1" 200 117
121.204.201.197 - - [17/Dec/2025:09:24:01 +0800] "POST /InternetTrading/SessionErrorLogger HTTP/1.1" 200 117
121.204.201.197 - - [17/Dec/2025:09:24:01 +0800] "POST /InternetTrading/MarketStatus HTTP/1.1" 200 772
61.239.100.147 - - [17/Dec/2025:09:24:01 +0800] "GET /InternetTrading/longpoll/13925?X-Atmosphere-tracking-id=0&X-Atmosphere-Framework=2.2.3-javascript&X-Atmosphere-Transport=long-polling&X-Atmosphere-TrackMessageSize=true&Content-Type=charset%3Dutf-8&X-atmo-protocol=true&_=1765934884448 HTTP/1.1" 200 -
14.0.224.36 - - [17/Dec/2025:09:24:01 +0800] "GET /InternetTrading/longpoll/A8127?X-Atmosphere-tracking-id=0&X-Atmosphere-Framework=2.2.3-javascript&X-Atmosphere-Transport=long-polling&X-Atmosphere-TrackMessageSize=true&Content-Type=charset%3Dutf-8&X-atmo-protocol=true&_=1765934886569 HTTP/1.1" 200 -
121.204.201.197 - - [17/Dec/2025:09:24:01 +0800] "POST /InternetTrading/MarketStatus HTTP/1.1" 200 772
121.204.201.197 - - [17/Dec/2025:09:24:03 +0800] "POST /InternetTrading/SessionErrorLogger HTTP/1.1" 200 117
121.204.201.197 - - [17/Dec/2025:09:24:03 +0800] "POST /InternetTrading/CustomerInfo HTTP/1.1" 200 223
121.204.201.197 - - [17/Dec/2025:09:24:03 +0800] "POST /InternetTrading/SessionErrorLogger HTTP/1.1" 200 117
121.204.201.197 - - [17/Dec/2025:09:24:03 +0800] "GET /InternetTrading/tc/account_status.html HTTP/1.1" 200 426
121.204.201.197 - - [17/Dec/2025:09:24:03 +0800] "POST /InternetTrading/SessionErrorLogger HTTP/1.1" 200 117
121.204.201.197 - - [17/Dec/2025:09:24:03 +0800] "POST /InternetTrading/SessionErrorLogger HTTP/1.1" 200 117
121.204.201.197 - - [17/Dec/2025:09:24:03 +0800] "POST /InternetTrading/MarketStatus HTTP/1.1" 200 772
121.204.201.197 - - [17/Dec/2025:09:24:03 +0800] "GET /InternetTrading/jquery/wait.gif HTTP/1.1" 200 432
121.204.201.197 - - [17/Dec/2025:09:24:03 +0800] "POST /InternetTrading/SessionErrorLogger HTTP/1.1" 200 117
121.204.201.197 - - [17/Dec/2025:09:24:03 +0800] "POST /InternetTrading/LongPollingConfig HTTP/1.1" 200 4
121.204.201.197 - - [17/Dec/2025:09:24:03 +0800] "GET /InternetTrading/jquery/wait.gif HTTP/1.1" 200 432
121.204.201.197 - - [17/Dec/2025:09:24:03 +0800] "POST /InternetTrading/SessionErrorLogger HTTP/1.1" 200 117
121.204.201.197 - - [17/Dec/2025:09:24:03 +0800] "GET /InternetTrading/longpoll/55955?X-Atmosphere-tracking-id=0&X-Atmosphere-Framework=2.2.3-javascript&X-Atmosphere-Transport=long-polling&X-Atmosphere-TrackMessageSize=true&Content-Type=charset%3Dutf-8&X-atmo-protocol=true&_=1765934886673 HTTP/1.1" 200 -
121.204.201.197 - - [17/Dec/2025:09:24:03 +0800] "POST /InternetTrading/Portfolio HTTP/1.1" 200 1594
119.34.176.224 - - [17/Dec/2025:09:24:06 +0800] "GET /InternetTrading/longpoll/13979?X-Atmosphere-tracking-id=0&X-Atmosphere-Framework=2.2.3-javascript&X-Atmosphere-Transport=long-polling&X-Atmosphere-TrackMessageSize=true&Content-Type=charset%3Dutf-8&X-atmo-protocol=true&_=1765934891323 HTTP/1.1" 200 -
14.0.224.36 - - [17/Dec/2025:09:24:06 +0800] "GET /InternetTrading/longpoll/A8127?X-Atmosphere-tracking-id=0&X-Atmosphere-Framework=2.2.3-javascript&X-Atmosphere-Transport=long-polling&X-Atmosphere-TrackMessageSize=true&Content-Type=charset%3Dutf-8&X-atmo-protocol=true&_=1765934891716 HTTP/1.1" 200 -
61.239.100.147 - - [17/Dec/2025:09:24:07 +0800] "GET /InternetTrading/longpoll/13925?X-Atmosphere-tracking-id=0&X-Atmosphere-Framework=2.2.3-javascript&X-Atmosphere-Transport=long-polling&X-Atmosphere-TrackMessageSize=true&Content-Type=charset%3Dutf-8&X-atmo-protocol=true&_=1765934890444 HTTP/1.1" 200 -
58.152.215.40 - - [17/Dec/2025:09:24:08 +0800] "POST /InternetTrading/CheckIsEnableRSA HTTP/1.1" 200 1
58.152.215.40 - - [17/Dec/2025:09:24:08 +0800] "POST /InternetTrading/CheckPwEncryptType HTTP/1.1" 200 -
58.152.215.40 - - [17/Dec/2025:09:24:08 +0800] "POST /InternetTrading/LoginKey HTTP/1.1" 200 -
121.204.201.197 - - [17/Dec/2025:09:24:08 +0800] "GET /InternetTrading/longpoll/55955?X-Atmosphere-tracking-id=0&X-Atmosphere-Framework=2.2.3-javascript&X-Atmosphere-Transport=long-polling&X-Atmosphere-TrackMessageSize=true&Content-Type=charset%3Dutf-8&X-atmo-protocol=true&_=1765934891752 HTTP/1.1" 200 -
58.152.215.40 - - [17/Dec/2025:09:24:08 +0800] "GET /InternetTrading/jquery/wait.gif HTTP/1.1" 200 432
58.152.215.40 - - [17/Dec/2025:09:24:08 +0800] "POST /InternetTrading/Login HTTP/1.1" 200 449
58.152.215.40 - - [17/Dec/2025:09:24:10 +0800] "GET /InternetTrading/sc/2FA_authentication.html?language=sc&version=HTML HTTP/1.1" 200 1468
58.152.215.40 - - [17/Dec/2025:09:24:10 +0800] "GET /InternetTrading/sc/style.css?v=20200819161913 HTTP/1.1" 200 1435
58.152.215.40 - - [17/Dec/2025:09:24:10 +0800] "GET /InternetTrading/sc/style_common.css?v=20200819161913 HTTP/1.1" 200 2540
58.152.215.40 - - [17/Dec/2025:09:24:10 +0800] "GET /InternetTrading/jquery/jquery-migrate-3.0.0.js HTTP/1.1" 200 4963
58.152.215.40 - - [17/Dec/2025:09:24:10 +0800] "GET /InternetTrading/jquery/jquery.form-3.46.0.js HTTP/1.1" 200 5673
58.152.215.40 - - [17/Dec/2025:09:24:10 +0800] "GET /InternetTrading/jquery/jquery.validate-1.11.1.js HTTP/1.1" 200 7041
58.152.215.40 - - [17/Dec/2025:09:24:10 +0800] "GET /InternetTrading/jquery/additional-methods.js HTTP/1.1" 200 2238
58.152.215.40 - - [17/Dec/2025:09:24:10 +0800] "GET /InternetTrading/jquery/jquery-ui-1.10.3.js HTTP/1.1" 200 69642
58.152.215.40 - - [17/Dec/2025:09:24:10 +0800] "GET /InternetTrading/jquery/jquery-3.3.1.js HTTP/1.1" 200 80650
58.152.215.40 - - [17/Dec/2025:09:24:10 +0800] "GET /InternetTrading/jquery/jquery.timer-0.9.16.js HTTP/1.1" 200 542
58.152.215.40 - - [17/Dec/2025:09:24:10 +0800] "GET /InternetTrading/jquery/jquery.getParams.js HTTP/1.1" 200 587
58.152.215.40 - - [17/Dec/2025:09:24:10 +0800] "GET /InternetTrading/jquery/jquery.blockUI-2.66.0-iAsiaEdition.js HTTP/1.1" 200 6651
58.152.215.40 - - [17/Dec/2025:09:24:10 +0800] "GET /InternetTrading/sc/user/translation.js?jsv=20200819161913 HTTP/1.1" 200 12866
58.152.215.40 - - [17/Dec/2025:09:24:10 +0800] "GET /InternetTrading/js/constants.js?jsv=20200819161913 HTTP/1.1" 200 400
58.152.215.40 - - [17/Dec/2025:09:24:10 +0800] "GET /InternetTrading/js/haitong.js?jsv=20200819161913 HTTP/1.1" 200 3881
58.152.215.40 - - [17/Dec/2025:09:24:10 +0800] "GET /InternetTrading/js/util.js?jsv=20200819161913 HTTP/1.1" 200 6636
58.152.215.40 - - [17/Dec/2025:09:24:10 +0800] "GET /InternetTrading/js/init.js?jsv=20200819161913 HTTP/1.1" 200 886
58.152.215.40 - - [17/Dec/2025:09:24:10 +0800] "GET /InternetTrading/sc/user/custom_variables.js?jsv=20200819161913 HTTP/1.1" 200 275
58.152.215.40 - - [17/Dec/2025:09:24:10 +0800] "GET /InternetTrading/js/2fa.js?jsv=20200819161913 HTTP/1.1" 200 1953
58.152.215.40 - - [17/Dec/2025:09:24:10 +0800] "GET /InternetTrading/js/login.js?jsv=20200819161913 HTTP/1.1" 200 1684
58.152.215.40 - - [17/Dec/2025:09:24:10 +0800] "GET /InternetTrading/settings/webpage_settings.js?jsv=20200819161913 HTTP/1.1" 200 33
58.152.215.40 - - [17/Dec/2025:09:24:10 +0800] "GET /InternetTrading/sc/images/logo.png HTTP/1.1" 200 7042
58.152.215.40 - - [17/Dec/2025:09:24:10 +0800] "GET /InternetTrading/js/login.js?jsv=20200819161913 HTTP/1.1" 200 1684
58.152.215.40 - - [17/Dec/2025:09:24:10 +0800] "GET /InternetTrading/sc/dialog.html?1765934895641 HTTP/1.1" 200 3179
58.152.215.40 - - [17/Dec/2025:09:24:10 +0800] "GET /InternetTrading/jquery/wait.gif HTTP/1.1" 200 432
58.152.215.40 - - [17/Dec/2025:09:24:10 +0800] "POST /InternetTrading/Get2FAInfoService HTTP/1.1" 200 109
58.152.215.40 - - [17/Dec/2025:09:24:10 +0800] "POST /InternetTrading/SystemMaintenanceCheck HTTP/1.1" 200 119
58.152.215.40 - - [17/Dec/2025:09:24:10 +0800] "POST /InternetTrading/SystemMaintenanceCheck HTTP/1.1" 200 119
58.152.215.40 - - [17/Dec/2025:09:24:10 +0800] "GET /favicon.ico HTTP/1.1" 404 196
119.34.176.224 - - [17/Dec/2025:09:24:11 +0800] "GET /InternetTrading/longpoll/13979?X-Atmosphere-tracking-id=0&X-Atmosphere-Framework=2.2.3-javascript&X-Atmosphere-Transport=long-polling&X-Atmosphere-TrackMessageSize=true&Content-Type=charset%3Dutf-8&X-atmo-protocol=true&_=1765934896465 HTTP/1.1" 200 -
14.0.224.36 - - [17/Dec/2025:09:24:11 +0800] "GET /InternetTrading/longpoll/A8127?X-Atmosphere-tracking-id=0&X-Atmosphere-Framework=2.2.3-javascript&X-Atmosphere-Transport=long-polling&X-Atmosphere-TrackMessageSize=true&Content-Type=charset%3Dutf-8&X-atmo-protocol=true&_=1765934896880 HTTP/1.1" 200 -
14.0.224.36 - - [17/Dec/2025:09:24:13 +0800] "POST /InternetTrading/SessionErrorLogger HTTP/1.1" 200 117
14.0.224.36 - - [17/Dec/2025:09:24:13 +0800] "POST /InternetTrading/Heartbeat HTTP/1.1" 200 32
61.239.100.147 - - [17/Dec/2025:09:24:13 +0800] "GET /InternetTrading/longpoll/13925?X-Atmosphere-tracking-id=0&X-Atmosphere-Framework=2.2.3-javascript&X-Atmosphere-Transport=long-polling&X-Atmosphere-TrackMessageSize=true&Content-Type=charset%3Dutf-8&X-atmo-protocol=true&_=1765934896447 HTTP/1.1" 200 -
14.0.224.36 - - [17/Dec/2025:09:24:13 +0800] "POST /InternetTrading/SessionErrorLogger HTTP/1.1" 200 117
14.0.224.36 - - [17/Dec/2025:09:24:13 +0800] "POST /InternetTrading/MarketStatus HTTP/1.1" 200 772
119.34.176.224 - - [17/Dec/2025:09:24:13 +0800] "POST /InternetTrading/SessionErrorLogger HTTP/1.1" 200 117
119.34.176.224 - - [17/Dec/2025:09:24:13 +0800] "POST /InternetTrading/Heartbeat HTTP/1.1" 200 32
121.204.201.197 - - [17/Dec/2025:09:24:13 +0800] "GET /InternetTrading/longpoll/55955?X-Atmosphere-tracking-id=0&X-Atmosphere-Framework=2.2.3-javascript&X-Atmosphere-Transport=long-polling&X-Atmosphere-TrackMessageSize=true&Content-Type=charset%3Dutf-8&X-atmo-protocol=true&_=1765934896836 HTTP/1.1" 200 -
119.34.176.224 - - [17/Dec/2025:09:24:15 +0800] "POST /InternetTrading/SessionErrorLogger HTTP/1.1" 200 117
119.34.176.224 - - [17/Dec/2025:09:24:15 +0800] "POST /InternetTrading/MarketStatus HTTP/1.1" 200 772
119.34.176.224 - - [17/Dec/2025:09:24:16 +0800] "GET /InternetTrading/longpoll/13979?X-Atmosphere-tracking-id=0&X-Atmosphere-Framework=2.2.3-javascript&X-Atmosphere-Transport=long-polling&X-Atmosphere-TrackMessageSize=true&Content-Type=charset%3Dutf-8&X-atmo-protocol=true&_=1765934901553 HTTP/1.1" 200 -
14.0.224.36 - - [17/Dec/2025:09:24:16 +0800] "GET /InternetTrading/longpoll/A8127?X-Atmosphere-tracking-id=0&X-Atmosphere-Framework=2.2.3-javascript&X-Atmosphere-Transport=long-polling&X-Atmosphere-TrackMessageSize=true&Content-Type=charset%3Dutf-8&X-atmo-protocol=true&_=1765934902020 HTTP/1.1" 200 -
121.204.201.197 - - [17/Dec/2025:09:24:19 +0800] "GET /InternetTrading/longpoll/55955?X-Atmosphere-tracking-id=0&X-Atmosphere-Framework=2.2.3-javascript&X-Atmosphere-Transport=long-polling&X-Atmosphere-TrackMessageSize=true&Content-Type=charset%3Dutf-8&X-atmo-protocol=true&_=1765934902026 HTTP/1.1" 200 -
61.239.100.147 - - [17/Dec/2025:09:24:19 +0800] "GET /InternetTrading/longpoll/13925?X-Atmosphere-tracking-id=0&X-Atmosphere-Framework=2.2.3-javascript&X-Atmosphere-Transport=long-polling&X-Atmosphere-TrackMessageSize=true&Content-Type=charset%3Dutf-8&X-atmo-protocol=true&_=1765934902452 HTTP/1.1" 200 -
119.34.176.224 - - [17/Dec/2025:09:24:21 +0800] "GET /InternetTrading/longpoll/13979?X-Atmosphere-tracking-id=0&X-Atmosphere-Framework=2.2.3-javascript&X-Atmosphere-Transport=long-polling&X-Atmosphere-TrackMessageSize=true&Content-Type=charset%3Dutf-8&X-atmo-protocol=true&_=1765934906884 HTTP/1.1" 200 -
14.0.224.36 - - [17/Dec/2025:09:24:22 +0800] "GET /InternetTrading/longpoll/A8127?X-Atmosphere-tracking-id=0&X-Atmosphere-Framework=2.2.3-javascript&X-Atmosphere-Transport=long-polling&X-Atmosphere-TrackMessageSize=true&Content-Type=charset%3Dutf-8&X-atmo-protocol=true&_=1765934907081 HTTP/1.1" 200 -
172.210.9.231 - - [17/Dec/2025:09:24:23 +0800] "GET / HTTP/1.0" 400 362
121.204.201.197 - - [17/Dec/2025:09:24:24 +0800] "GET /InternetTrading/longpoll/55955?X-Atmosphere-tracking-id=0&X-Atmosphere-Framework=2.2.3-javascript&X-Atmosphere-Transport=long-polling&X-Atmosphere-TrackMessageSize=true&Content-Type=charset%3Dutf-8&X-atmo-protocol=true&_=1765934907181 HTTP/1.1" 200 -
61.239.100.147 - - [17/Dec/2025:09:24:25 +0800] "GET /InternetTrading/longpoll/13925?X-Atmosphere-tracking-id=0&X-Atmosphere-Framework=2.2.3-javascript&X-Atmosphere-Transport=long-polling&X-Atmosphere-TrackMessageSize=true&Content-Type=charset%3Dutf-8&X-atmo-protocol=true&_=1765934908453 HTTP/1.1" 200 -
119.34.176.224 - - [17/Dec/2025:09:24:26 +0800] "GET /InternetTrading/longpoll/13979?X-Atmosphere-tracking-id=0&X-Atmosphere-Framework=2.2.3-javascript&X-Atmosphere-Transport=long-polling&X-Atmosphere-TrackMessageSize=true&Content-Type=charset%3Dutf-8&X-atmo-protocol=true&_=1765934911977 HTTP/1.1" 200 -
14.0.224.36 - - [17/Dec/2025:09:24:27 +0800] "GET /InternetTrading/longpoll/A8127?X-Atmosphere-tracking-id=0&X-Atmosphere-Framework=2.2.3-javascript&X-Atmosphere-Transport=long-polling&X-Atmosphere-TrackMessageSize=true&Content-Type=charset%3Dutf-8&X-atmo-protocol=true&_=1765934912280 HTTP/1.1" 200 -
121.204.201.197 - - [17/Dec/2025:09:24:29 +0800] "GET /InternetTrading/longpoll/55955?X-Atmosphere-tracking-id=0&X-Atmosphere-Framework=2.2.3-javascript&X-Atmosphere-Transport=long-polling&X-Atmosphere-TrackMessageSize=true&Content-Type=charset%3Dutf-8&X-atmo-protocol=true&_=1765934912424 HTTP/1.1" 200 -
121.204.201.197 - - [17/Dec/2025:09:24:31 +0800] "POST /InternetTrading/SessionErrorLogger HTTP/1.1" 200 117
121.204.201.197 - - [17/Dec/2025:09:24:31 +0800] "POST /InternetTrading/Heartbeat HTTP/1.1" 200 32
61.239.100.147 - - [17/Dec/2025:09:24:31 +0800] "GET /InternetTrading/longpoll/13925?X-Atmosphere-tracking-id=0&X-Atmosphere-Framework=2.2.3-javascript&X-Atmosphere-Transport=long-polling&X-Atmosphere-TrackMessageSize=true&Content-Type=charset%3Dutf-8&X-atmo-protocol=true&_=1765934914453 HTTP/1.1" 200 -
121.204.201.197 - - [17/Dec/2025:09:24:31 +0800] "POST /InternetTrading/SessionErrorLogger HTTP/1.1" 200 117
121.204.201.197 - - [17/Dec/2025:09:24:31 +0800] "POST /InternetTrading/MarketStatus HTTP/1.1" 200 772
119.34.176.224 - - [17/Dec/2025:09:24:32 +0800] "GET /InternetTrading/longpoll/13979?X-Atmosphere-tracking-id=0&X-Atmosphere-Framework=2.2.3-javascript&X-Atmosphere-Transport=long-polling&X-Atmosphere-TrackMessageSize=true&Content-Type=charset%3Dutf-8&X-atmo-protocol=true&_=1765934917064 HTTP/1.1" 200 -
14.0.224.36 - - [17/Dec/2025:09:24:32 +0800] "GET /InternetTrading/longpoll/A8127?X-Atmosphere-tracking-id=0&X-Atmosphere-Framework=2.2.3-javascript&X-Atmosphere-Transport=long-polling&X-Atmosphere-TrackMessageSize=true&Content-Type=charset%3Dutf-8&X-atmo-protocol=true&_=1765934917511 HTTP/1.1" 200 -
121.204.201.197 - - [17/Dec/2025:09:24:34 +0800] "GET /InternetTrading/longpoll/55955?X-Atmosphere-tracking-id=0&X-Atmosphere-Framework=2.2.3-javascript&X-Atmosphere-Transport=long-polling&X-Atmosphere-TrackMessageSize=true&Content-Type=charset%3Dutf-8&X-atmo-protocol=true&_=1765934917653 HTTP/1.1" 200 -
119.34.176.224 - - [17/Dec/2025:09:24:37 +0800] "GET /InternetTrading/longpoll/13979?X-Atmosphere-tracking-id=0&X-Atmosphere-Framework=2.2.3-javascript&X-Atmosphere-Transport=long-polling&X-Atmosphere-TrackMessageSize=true&Content-Type=charset%3Dutf-8&X-atmo-protocol=true&_=1765934922151 HTTP/1.1" 200 -
61.239.100.147 - - [17/Dec/2025:09:24:37 +0800] "GET /InternetTrading/longpoll/13925?X-Atmosphere-tracking-id=0&X-Atmosphere-Framework=2.2.3-javascript&X-Atmosphere-Transport=long-polling&X-Atmosphere-TrackMessageSize=true&Content-Type=charset%3Dutf-8&X-atmo-protocol=true&_=1765934920447 HTTP/1.1" 200 -
14.0.224.36 - - [17/Dec/2025:09:24:37 +0800] "GET /InternetTrading/longpoll/A8127?X-Atmosphere-tracking-id=0&X-Atmosphere-Framework=2.2.3-javascript&X-Atmosphere-Transport=long-polling&X-Atmosphere-TrackMessageSize=true&Content-Type=charset%3Dutf-8&X-atmo-protocol=true&_=1765934922680 HTTP/1.1" 200 -
119.136.155.219 - - [17/Dec/2025:09:24:39 +0800] "GET /InternetTrading/tc/login.html HTTP/1.1" 200 1755
119.136.155.219 - - [17/Dec/2025:09:24:39 +0800] "GET /InternetTrading/tc/style_common.css?v=20200819161914 HTTP/1.1" 200 2540
119.136.155.219 - - [17/Dec/2025:09:24:39 +0800] "GET /InternetTrading/tc/style.css?v=20200819161914 HTTP/1.1" 200 1435
119.136.155.219 - - [17/Dec/2025:09:24:39 +0800] "GET /InternetTrading/jquery/jquery-migrate-3.0.0.js HTTP/1.1" 200 4963
119.136.155.219 - - [17/Dec/2025:09:24:39 +0800] "GET /InternetTrading/jquery/jquery.form-3.46.0.js HTTP/1.1" 200 5673
119.136.155.219 - - [17/Dec/2025:09:24:39 +0800] "GET /InternetTrading/jquery/jquery.validate-1.11.1.js HTTP/1.1" 200 7041
119.136.155.219 - - [17/Dec/2025:09:24:39 +0800] "GET /InternetTrading/jquery/additional-methods.js HTTP/1.1" 200 2238
119.136.155.219 - - [17/Dec/2025:09:24:39 +0800] "GET /InternetTrading/jquery/jquery.blockUI-2.66.0.js HTTP/1.1" 200 6651
121.204.201.197 - - [17/Dec/2025:09:24:39 +0800] "GET /InternetTrading/longpoll/55955?X-Atmosphere-tracking-id=0&X-Atmosphere-Framework=2.2.3-javascript&X-Atmosphere-Transport=long-polling&X-Atmosphere-TrackMessageSize=true&Content-Type=charset%3Dutf-8&X-atmo-protocol=true&_=1765934922738 HTTP/1.1" 200 -
119.136.155.219 - - [17/Dec/2025:09:24:39 +0800] "GET /InternetTrading/jquery/jquery-3.3.1.js HTTP/1.1" 200 80650
119.136.155.219 - - [17/Dec/2025:09:24:39 +0800] "GET /InternetTrading/jquery/jquery.timer-0.9.16.js HTTP/1.1" 200 542
119.136.155.219 - - [17/Dec/2025:09:24:39 +0800] "GET /InternetTrading/jquery/jquery.getParams.js HTTP/1.1" 200 587
119.136.155.219 - - [17/Dec/2025:09:24:39 +0800] "GET /InternetTrading/tc/user/translation.js?jsv=20200819161914 HTTP/1.1" 200 12818
119.136.155.219 - - [17/Dec/2025:09:24:39 +0800] "GET /InternetTrading/js/constants.js?jsv=20200819161914 HTTP/1.1" 200 400
119.136.155.219 - - [17/Dec/2025:09:24:39 +0800] "GET /InternetTrading/js/haitong.js?jsv=20200819161914 HTTP/1.1" 200 3881
119.136.155.219 - - [17/Dec/2025:09:24:39 +0800] "GET /InternetTrading/js/util.js?jsv=20200819161914 HTTP/1.1" 200 6636
119.136.155.219 - - [17/Dec/2025:09:24:39 +0800] "GET /InternetTrading/js/rsautil.js?jsv=20200819161914 HTTP/1.1" 200 1017
119.136.155.219 - - [17/Dec/2025:09:24:39 +0800] "GET /InternetTrading/js/init.js?jsv=20200819161914 HTTP/1.1" 200 886
119.136.155.219 - - [17/Dec/2025:09:24:39 +0800] "GET /InternetTrading/jquery/jquery-ui-personalized-1.6rc2.min.js HTTP/1.1" 200 55543
119.136.155.219 - - [17/Dec/2025:09:24:39 +0800] "GET /InternetTrading/js/version.js?jsv=20200819161914 HTTP/1.1" 200 85
119.136.155.219 - - [17/Dec/2025:09:24:39 +0800] "GET /InternetTrading/js/login.js?jsv=20200819161914 HTTP/1.1" 200 1684
119.136.155.219 - - [17/Dec/2025:09:24:39 +0800] "GET /InternetTrading/tc/user/custom_variables.js?jsv=20200819161914 HTTP/1.1" 200 275
119.136.155.219 - - [17/Dec/2025:09:24:39 +0800] "GET /InternetTrading/js/string_extend.js?jsv=20200819161914 HTTP/1.1" 200 272
119.136.155.219 - - [17/Dec/2025:09:24:39 +0800] "GET /InternetTrading/js/pidcrypt.js?jsv=20200819161914 HTTP/1.1" 200 982
119.136.155.219 - - [17/Dec/2025:09:24:39 +0800] "GET /InternetTrading/js/aes_cbc.js?jsv=20200819161914 HTTP/1.1" 200 2043
119.136.155.219 - - [17/Dec/2025:09:24:39 +0800] "GET /InternetTrading/js/pidcrypt_util.js?jsv=20200819161914 HTTP/1.1" 200 1206
119.136.155.219 - - [17/Dec/2025:09:24:39 +0800] "GET /InternetTrading/js/aes_core.js?jsv=20200819161914 HTTP/1.1" 200 2106
119.136.155.219 - - [17/Dec/2025:09:24:39 +0800] "GET /InternetTrading/js/md5.js?jsv=20200819161914 HTTP/1.1" 200 1730
119.136.155.219 - - [17/Dec/2025:09:24:39 +0800] "GET /InternetTrading/js/asn1.js?jsv=20200819161914 HTTP/1.1" 200 3099
119.136.155.219 - - [17/Dec/2025:09:24:39 +0800] "GET /InternetTrading/js/sha256.js?jsv=20200819161914 HTTP/1.1" 200 1362
119.136.155.219 - - [17/Dec/2025:09:24:39 +0800] "GET /InternetTrading/js/jsbn.js?jsv=20200819161914 HTTP/1.1" 200 6736
119.136.155.219 - - [17/Dec/2025:09:24:39 +0800] "GET /InternetTrading/js/prng4.js?jsv=20200819161914 HTTP/1.1" 200 303
119.136.155.219 - - [17/Dec/2025:09:24:39 +0800] "GET /InternetTrading/js/rng.js?jsv=20200819161914 HTTP/1.1" 200 481
119.136.155.219 - - [17/Dec/2025:09:24:39 +0800] "GET /InternetTrading/js/rsa.js?jsv=20200819161914 HTTP/1.1" 200 1658
119.136.155.219 - - [17/Dec/2025:09:24:39 +0800] "GET /InternetTrading/tc/images/bg_login.jpg HTTP/1.1" 200 29296
119.136.155.219 - - [17/Dec/2025:09:24:40 +0800] "GET /InternetTrading/tc/dialog.html?1765934927319 HTTP/1.1" 200 3188
119.136.155.219 - - [17/Dec/2025:09:24:40 +0800] "POST /InternetTrading/SystemMaintenanceCheck HTTP/1.1" 200 119
119.136.155.219 - - [17/Dec/2025:09:24:40 +0800] "GET /InternetTrading/tc/images/favicon.ico HTTP/1.1" 404 682
58.152.215.40 - - [17/Dec/2025:09:24:40 +0800] "POST /InternetTrading/Heartbeat2FAService HTTP/1.1" 200 1
119.34.176.224 - - [17/Dec/2025:09:24:42 +0800] "GET /InternetTrading/longpoll/13979?X-Atmosphere-tracking-id=0&X-Atmosphere-Framework=2.2.3-javascript&X-Atmosphere-Transport=long-polling&X-Atmosphere-TrackMessageSize=true&Content-Type=charset%3Dutf-8&X-atmo-protocol=true&_=1765934927240 HTTP/1.1" 200 -
14.0.224.36 - - [17/Dec/2025:09:24:42 +0800] "GET /InternetTrading/longpoll/A8127?X-Atmosphere-tracking-id=0&X-Atmosphere-Framework=2.2.3-javascript&X-Atmosphere-Transport=long-polling&X-Atmosphere-TrackMessageSize=true&Content-Type=charset%3Dutf-8&X-atmo-protocol=true&_=1765934927823 HTTP/1.1" 200 -
14.0.224.36 - - [17/Dec/2025:09:24:43 +0800] "POST /InternetTrading/SessionErrorLogger HTTP/1.1" 200 117
14.0.224.36 - - [17/Dec/2025:09:24:43 +0800] "POST /InternetTrading/Heartbeat HTTP/1.1" 200 32
61.239.100.147 - - [17/Dec/2025:09:24:43 +0800] "GET /InternetTrading/longpoll/13925?X-Atmosphere-tracking-id=0&X-Atmosphere-Framework=2.2.3-javascript&X-Atmosphere-Transport=long-polling&X-Atmosphere-TrackMessageSize=true&Content-Type=charset%3Dutf-8&X-atmo-protocol=true&_=1765934926453 HTTP/1.1" 200 -
14.0.224.36 - - [17/Dec/2025:09:24:43 +0800] "POST /InternetTrading/SessionErrorLogger HTTP/1.1" 200 117
119.34.176.224 - - [17/Dec/2025:09:24:43 +0800] "POST /InternetTrading/SessionErrorLogger HTTP/1.1" 200 117
14.0.224.36 - - [17/Dec/2025:09:24:43 +0800] "POST /InternetTrading/MarketStatus HTTP/1.1" 200 772
119.34.176.224 - - [17/Dec/2025:09:24:43 +0800] "POST /InternetTrading/Heartbeat HTTP/1.1" 200 32
121.204.201.197 - - [17/Dec/2025:09:24:45 +0800] "GET /InternetTrading/longpoll/55955?X-Atmosphere-tracking-id=0&X-Atmosphere-Framework=2.2.3-javascript&X-Atmosphere-Transport=long-polling&X-Atmosphere-TrackMessageSize=true&Content-Type=charset%3Dutf-8&X-atmo-protocol=true&_=1765934927950 HTTP/1.1" 200 -
119.34.176.224 - - [17/Dec/2025:09:24:45 +0800] "POST /InternetTrading/SessionErrorLogger HTTP/1.1" 200 117
119.34.176.224 - - [17/Dec/2025:09:24:45 +0800] "POST /InternetTrading/MarketStatus HTTP/1.1" 200 772
119.34.176.224 - - [17/Dec/2025:09:24:47 +0800] "GET /InternetTrading/longpoll/13979?X-Atmosphere-tracking-id=0&X-Atmosphere-Framework=2.2.3-javascript&X-Atmosphere-Transport=long-polling&X-Atmosphere-TrackMessageSize=true&Content-Type=charset%3Dutf-8&X-atmo-protocol=true&_=1765934932687 HTTP/1.1" 200 -
14.0.224.36 - - [17/Dec/2025:09:24:47 +0800] "GET /InternetTrading/longpoll/A8127?X-Atmosphere-tracking-id=0&X-Atmosphere-Framework=2.2.3-javascript&X-Atmosphere-Transport=long-polling&X-Atmosphere-TrackMessageSize=true&Content-Type=charset%3Dutf-8&X-atmo-protocol=true&_=1765934933032 HTTP/1.1" 200 -
119.136.155.219 - - [17/Dec/2025:09:24:49 +0800] "POST /InternetTrading/CheckIsEnableRSA HTTP/1.1" 200 1
119.136.155.219 - - [17/Dec/2025:09:24:49 +0800] "POST /InternetTrading/CheckPwEncryptType HTTP/1.1" 200 -
119.136.155.219 - - [17/Dec/2025:09:24:49 +0800] "POST /InternetTrading/LoginKey HTTP/1.1" 200 -
119.136.155.219 - - [17/Dec/2025:09:24:49 +0800] "GET /InternetTrading/jquery/wait.gif HTTP/1.1" 200 432
61.239.100.147 - - [17/Dec/2025:09:24:49 +0800] "POST /InternetTrading/SessionErrorLogger HTTP/1.1" 200 117
61.239.100.147 - - [17/Dec/2025:09:24:49 +0800] "POST /InternetTrading/MarketStatus HTTP/1.1" 200 772
61.239.100.147 - - [17/Dec/2025:09:24:49 +0800] "POST /InternetTrading/SessionErrorLogger HTTP/1.1" 200 117
61.239.100.147 - - [17/Dec/2025:09:24:49 +0800] "GET /InternetTrading/longpoll/13925?X-Atmosphere-tracking-id=0&X-Atmosphere-Framework=2.2.3-javascript&X-Atmosphere-Transport=long-polling&X-Atmosphere-TrackMessageSize=true&Content-Type=charset%3Dutf-8&X-atmo-protocol=true&_=1765934932499 HTTP/1.1" 200 -
61.239.100.147 - - [17/Dec/2025:09:24:49 +0800] "POST /InternetTrading/Heartbeat HTTP/1.1" 200 32
121.204.201.197 - - [17/Dec/2025:09:24:50 +0800] "GET /InternetTrading/longpoll/55955?X-Atmosphere-tracking-id=0&X-Atmosphere-Framework=2.2.3-javascript&X-Atmosphere-Transport=long-polling&X-Atmosphere-TrackMessageSize=true&Content-Type=charset%3Dutf-8&X-atmo-protocol=true&_=1765934933174 HTTP/1.1" 200 -
119.136.155.219 - - [17/Dec/2025:09:24:49 +0800] "POST /InternetTrading/Login HTTP/1.1" 200 465
119.136.155.219 - - [17/Dec/2025:09:24:50 +0800] "GET /InternetTrading/tc/2FA_authentication.html?language=tc&version=HTML HTTP/1.1" 200 1468
119.136.155.219 - - [17/Dec/2025:09:24:50 +0800] "GET /InternetTrading/tc/style_common.css?v=20200819161914 HTTP/1.1" 200 2540
119.136.155.219 - - [17/Dec/2025:09:24:50 +0800] "GET /InternetTrading/tc/style.css?v=20200819161914 HTTP/1.1" 200 1435
119.136.155.219 - - [17/Dec/2025:09:24:50 +0800] "GET /InternetTrading/jquery/jquery-migrate-3.0.0.js HTTP/1.1" 200 4963
119.136.155.219 - - [17/Dec/2025:09:24:50 +0800] "GET /InternetTrading/jquery/jquery-ui-1.10.3.js HTTP/1.1" 200 69642
119.136.155.219 - - [17/Dec/2025:09:24:50 +0800] "GET /InternetTrading/jquery/jquery-3.3.1.js HTTP/1.1" 200 80650
119.136.155.219 - - [17/Dec/2025:09:24:50 +0800] "GET /InternetTrading/jquery/jquery.form-3.46.0.js HTTP/1.1" 200 5673
119.136.155.219 - - [17/Dec/2025:09:24:51 +0800] "GET /InternetTrading/jquery/additional-methods.js HTTP/1.1" 200 2238
119.136.155.219 - - [17/Dec/2025:09:24:51 +0800] "GET /InternetTrading/jquery/jquery.blockUI-2.66.0-iAsiaEdition.js HTTP/1.1" 200 6651
