220.246.38.37 - - [17/Dec/2025:10:06:14 +0800] "GET /InternetTrading/tc/images/favicon.ico HTTP/1.1" 404 682
220.246.38.37 - - [17/Dec/2025:10:06:14 +0800] "GET /InternetTrading/tc/dialog.html?1765937417840 HTTP/1.1" 200 3188
220.246.38.37 - - [17/Dec/2025:10:06:14 +0800] "POST /InternetTrading/SystemMaintenanceCheck HTTP/1.1" 200 119
220.246.38.37 - - [17/Dec/2025:10:06:16 +0800] "POST /InternetTrading/CheckIsEnableRSA HTTP/1.1" 200 1
220.246.38.37 - - [17/Dec/2025:10:06:16 +0800] "POST /InternetTrading/CheckPwEncryptType HTTP/1.1" 200 -
220.246.38.37 - - [17/Dec/2025:10:06:16 +0800] "POST /InternetTrading/LoginKey HTTP/1.1" 200 -
220.246.38.37 - - [17/Dec/2025:10:06:16 +0800] "GET /InternetTrading/jquery/wait.gif HTTP/1.1" 200 432
119.136.155.219 - - [17/Dec/2025:10:06:17 +0800] "GET /InternetTrading/longpoll/51803?X-Atmosphere-tracking-id=0&X-Atmosphere-Framework=2.2.3-javascript&X-Atmosphere-Transport=long-polling&X-Atmosphere-TrackMessageSize=true&Content-Type=charset%3Dutf-8&X-atmo-protocol=true&_=1765937425236 HTTP/1.1" 200 -
220.246.38.37 - - [17/Dec/2025:10:06:16 +0800] "POST /InternetTrading/Login HTTP/1.1" 200 458
220.246.38.37 - - [17/Dec/2025:10:06:18 +0800] "GET /InternetTrading/tc/2FA_authentication.html?language=tc&version=HTML HTTP/1.1" 200 1468
220.246.38.37 - - [17/Dec/2025:10:06:18 +0800] "GET /InternetTrading/tc/style.css?v=20200819161914 HTTP/1.1" 200 1435
220.246.38.37 - - [17/Dec/2025:10:06:18 +0800] "GET /InternetTrading/tc/style_common.css?v=20200819161914 HTTP/1.1" 200 2540
220.246.38.37 - - [17/Dec/2025:10:06:18 +0800] "GET /InternetTrading/jquery/additional-methods.js HTTP/1.1" 200 2238
220.246.38.37 - - [17/Dec/2025:10:06:18 +0800] "GET /InternetTrading/jquery/jquery.validate-1.11.1.js HTTP/1.1" 200 7041
220.246.38.37 - - [17/Dec/2025:10:06:18 +0800] "GET /InternetTrading/jquery/jquery-ui-1.10.3.js HTTP/1.1" 200 69642
220.246.38.37 - - [17/Dec/2025:10:06:18 +0800] "GET /InternetTrading/jquery/jquery-migrate-3.0.0.js HTTP/1.1" 200 4963
220.246.38.37 - - [17/Dec/2025:10:06:18 +0800] "GET /InternetTrading/jquery/jquery.form-3.46.0.js HTTP/1.1" 200 5673
220.246.38.37 - - [17/Dec/2025:10:06:18 +0800] "GET /InternetTrading/jquery/jquery-3.3.1.js HTTP/1.1" 200 80650
220.246.38.37 - - [17/Dec/2025:10:06:18 +0800] "GET /InternetTrading/jquery/jquery.timer-0.9.16.js HTTP/1.1" 200 542
220.246.38.37 - - [17/Dec/2025:10:06:18 +0800] "GET /InternetTrading/jquery/jquery.blockUI-2.66.0-iAsiaEdition.js HTTP/1.1" 200 6651
220.246.38.37 - - [17/Dec/2025:10:06:18 +0800] "GET /InternetTrading/jquery/jquery.getParams.js HTTP/1.1" 200 587
220.246.38.37 - - [17/Dec/2025:10:06:18 +0800] "GET /InternetTrading/tc/user/translation.js?jsv=20200819161914 HTTP/1.1" 200 12818
220.246.38.37 - - [17/Dec/2025:10:06:18 +0800] "GET /InternetTrading/js/constants.js?jsv=20200819161914 HTTP/1.1" 200 400
220.246.38.37 - - [17/Dec/2025:10:06:18 +0800] "GET /InternetTrading/js/haitong.js?jsv=20200819161914 HTTP/1.1" 200 3881
220.246.38.37 - - [17/Dec/2025:10:06:18 +0800] "GET /InternetTrading/js/init.js?jsv=20200819161914 HTTP/1.1" 200 886
220.246.38.37 - - [17/Dec/2025:10:06:18 +0800] "GET /InternetTrading/js/util.js?jsv=20200819161914 HTTP/1.1" 200 6636
58.152.215.40 - - [17/Dec/2025:10:06:18 +0800] "GET /InternetTrading/longpoll/55136?X-Atmosphere-tracking-id=0&X-Atmosphere-Framework=2.2.3-javascript&X-Atmosphere-Transport=long-polling&X-Atmosphere-TrackMessageSize=true&Content-Type=charset%3Dutf-8&X-atmo-protocol=true&_=1765937421168 HTTP/1.1" 200 -
220.246.38.37 - - [17/Dec/2025:10:06:18 +0800] "GET /InternetTrading/tc/user/custom_variables.js?jsv=20200819161914 HTTP/1.1" 200 275
220.246.38.37 - - [17/Dec/2025:10:06:18 +0800] "GET /InternetTrading/js/2fa.js?jsv=20200819161914 HTTP/1.1" 200 1953
220.246.38.37 - - [17/Dec/2025:10:06:18 +0800] "GET /InternetTrading/js/login.js?jsv=20200819161914 HTTP/1.1" 200 1684
220.246.38.37 - - [17/Dec/2025:10:06:18 +0800] "GET /InternetTrading/settings/webpage_settings.js?jsv=20200819161914 HTTP/1.1" 200 33
220.246.38.37 - - [17/Dec/2025:10:06:18 +0800] "GET /InternetTrading/tc/images/logo.png HTTP/1.1" 200 7042
220.246.38.37 - - [17/Dec/2025:10:06:18 +0800] "GET /InternetTrading/js/login.js?jsv=20200819161914 HTTP/1.1" 200 1684
220.246.38.37 - - [17/Dec/2025:10:06:18 +0800] "GET /InternetTrading/tc/dialog.html?1765937421219 HTTP/1.1" 200 3188
220.246.38.37 - - [17/Dec/2025:10:06:18 +0800] "GET /InternetTrading/jquery/wait.gif HTTP/1.1" 200 432
220.246.38.37 - - [17/Dec/2025:10:06:18 +0800] "POST /InternetTrading/Get2FAInfoService HTTP/1.1" 200 109
220.246.38.37 - - [17/Dec/2025:10:06:18 +0800] "GET /favicon.ico HTTP/1.1" 404 196
220.246.38.37 - - [17/Dec/2025:10:06:18 +0800] "POST /InternetTrading/SystemMaintenanceCheck HTTP/1.1" 200 119
220.246.38.37 - - [17/Dec/2025:10:06:18 +0800] "POST /InternetTrading/SystemMaintenanceCheck HTTP/1.1" 200 119
119.34.176.224 - - [17/Dec/2025:10:06:19 +0800] "GET /InternetTrading/longpoll/13979?X-Atmosphere-tracking-id=0&X-Atmosphere-Framework=2.2.3-javascript&X-Atmosphere-Transport=long-polling&X-Atmosphere-TrackMessageSize=true&Content-Type=charset%3Dutf-8&X-atmo-protocol=true&_=1765937424699 HTTP/1.1" 200 -
14.0.224.36 - - [17/Dec/2025:10:06:19 +0800] "GET /InternetTrading/longpoll/A8127?X-Atmosphere-tracking-id=0&X-Atmosphere-Framework=2.2.3-javascript&X-Atmosphere-Transport=long-polling&X-Atmosphere-TrackMessageSize=true&Content-Type=charset%3Dutf-8&X-atmo-protocol=true&_=1765937424858 HTTP/1.1" 200 -
58.152.215.40 - - [17/Dec/2025:10:06:23 +0800] "GET /InternetTrading/longpoll/55136?X-Atmosphere-tracking-id=0&X-Atmosphere-Framework=2.2.3-javascript&X-Atmosphere-Transport=long-polling&X-Atmosphere-TrackMessageSize=true&Content-Type=charset%3Dutf-8&X-atmo-protocol=true&_=1765937426187 HTTP/1.1" 200 -
14.0.224.36 - - [17/Dec/2025:10:06:23 +0800] "POST /InternetTrading/SessionErrorLogger HTTP/1.1" 200 117
14.0.224.36 - - [17/Dec/2025:10:06:23 +0800] "POST /InternetTrading/Heartbeat HTTP/1.1" 200 32
14.0.224.36 - - [17/Dec/2025:10:06:23 +0800] "POST /InternetTrading/SessionErrorLogger HTTP/1.1" 200 117
14.0.224.36 - - [17/Dec/2025:10:06:23 +0800] "POST /InternetTrading/MarketStatus HTTP/1.1" 200 772
119.136.155.219 - - [17/Dec/2025:10:06:23 +0800] "GET /InternetTrading/longpoll/51803?X-Atmosphere-tracking-id=0&X-Atmosphere-Framework=2.2.3-javascript&X-Atmosphere-Transport=long-polling&X-Atmosphere-TrackMessageSize=true&Content-Type=charset%3Dutf-8&X-atmo-protocol=true&_=1765937431236 HTTP/1.1" 200 -
119.34.176.224 - - [17/Dec/2025:10:06:24 +0800] "GET /InternetTrading/longpoll/13979?X-Atmosphere-tracking-id=0&X-Atmosphere-Framework=2.2.3-javascript&X-Atmosphere-Transport=long-polling&X-Atmosphere-TrackMessageSize=true&Content-Type=charset%3Dutf-8&X-atmo-protocol=true&_=1765937429747 HTTP/1.1" 200 -
14.0.224.36 - - [17/Dec/2025:10:06:24 +0800] "GET /InternetTrading/longpoll/A8127?X-Atmosphere-tracking-id=0&X-Atmosphere-Framework=2.2.3-javascript&X-Atmosphere-Transport=long-polling&X-Atmosphere-TrackMessageSize=true&Content-Type=charset%3Dutf-8&X-atmo-protocol=true&_=1765937430029 HTTP/1.1" 200 -
58.152.215.40 - - [17/Dec/2025:10:06:28 +0800] "GET /InternetTrading/longpoll/55136?X-Atmosphere-tracking-id=0&X-Atmosphere-Framework=2.2.3-javascript&X-Atmosphere-Transport=long-polling&X-Atmosphere-TrackMessageSize=true&Content-Type=charset%3Dutf-8&X-atmo-protocol=true&_=1765937431211 HTTP/1.1" 200 -
119.34.176.224 - - [17/Dec/2025:10:06:28 +0800] "POST /InternetTrading/SessionErrorLogger HTTP/1.1" 200 117
119.34.176.224 - - [17/Dec/2025:10:06:28 +0800] "POST /InternetTrading/Heartbeat HTTP/1.1" 200 32
119.34.176.224 - - [17/Dec/2025:10:06:29 +0800] "GET /InternetTrading/longpoll/13979?X-Atmosphere-tracking-id=0&X-Atmosphere-Framework=2.2.3-javascript&X-Atmosphere-Transport=long-polling&X-Atmosphere-TrackMessageSize=true&Content-Type=charset%3Dutf-8&X-atmo-protocol=true&_=1765937434829 HTTP/1.1" 200 -
119.136.155.219 - - [17/Dec/2025:10:06:29 +0800] "GET /InternetTrading/longpoll/51803?X-Atmosphere-tracking-id=0&X-Atmosphere-Framework=2.2.3-javascript&X-Atmosphere-Transport=long-polling&X-Atmosphere-TrackMessageSize=true&Content-Type=charset%3Dutf-8&X-atmo-protocol=true&_=1765937437237 HTTP/1.1" 200 -
14.0.224.36 - - [17/Dec/2025:10:06:30 +0800] "GET /InternetTrading/longpoll/A8127?X-Atmosphere-tracking-id=0&X-Atmosphere-Framework=2.2.3-javascript&X-Atmosphere-Transport=long-polling&X-Atmosphere-TrackMessageSize=true&Content-Type=charset%3Dutf-8&X-atmo-protocol=true&_=1765937435117 HTTP/1.1" 200 -
58.152.215.40 - - [17/Dec/2025:10:06:33 +0800] "GET /InternetTrading/longpoll/55136?X-Atmosphere-tracking-id=0&X-Atmosphere-Framework=2.2.3-javascript&X-Atmosphere-Transport=long-polling&X-Atmosphere-TrackMessageSize=true&Content-Type=charset%3Dutf-8&X-atmo-protocol=true&_=1765937436256 HTTP/1.1" 200 -
119.34.176.224 - - [17/Dec/2025:10:06:34 +0800] "GET /InternetTrading/longpoll/13979?X-Atmosphere-tracking-id=0&X-Atmosphere-Framework=2.2.3-javascript&X-Atmosphere-Transport=long-polling&X-Atmosphere-TrackMessageSize=true&Content-Type=charset%3Dutf-8&X-atmo-protocol=true&_=1765937439860 HTTP/1.1" 200 -
14.0.224.36 - - [17/Dec/2025:10:06:35 +0800] "GET /InternetTrading/longpoll/A8127?X-Atmosphere-tracking-id=0&X-Atmosphere-Framework=2.2.3-javascript&X-Atmosphere-Transport=long-polling&X-Atmosphere-TrackMessageSize=true&Content-Type=charset%3Dutf-8&X-atmo-protocol=true&_=1765937440335 HTTP/1.1" 200 -
119.136.155.219 - - [17/Dec/2025:10:06:35 +0800] "GET /InternetTrading/longpoll/51803?X-Atmosphere-tracking-id=0&X-Atmosphere-Framework=2.2.3-javascript&X-Atmosphere-Transport=long-polling&X-Atmosphere-TrackMessageSize=true&Content-Type=charset%3Dutf-8&X-atmo-protocol=true&_=1765937443233 HTTP/1.1" 200 -
119.34.176.224 - - [17/Dec/2025:10:06:37 +0800] "POST /InternetTrading/SessionErrorLogger HTTP/1.1" 200 117
119.34.176.224 - - [17/Dec/2025:10:06:37 +0800] "POST /InternetTrading/MarketStatus HTTP/1.1" 200 772
58.152.215.40 - - [17/Dec/2025:10:06:38 +0800] "GET /InternetTrading/longpoll/55136?X-Atmosphere-tracking-id=0&X-Atmosphere-Framework=2.2.3-javascript&X-Atmosphere-Transport=long-polling&X-Atmosphere-TrackMessageSize=true&Content-Type=charset%3Dutf-8&X-atmo-protocol=true&_=1765937441284 HTTP/1.1" 200 -
119.34.176.224 - - [17/Dec/2025:10:06:39 +0800] "GET /InternetTrading/longpoll/13979?X-Atmosphere-tracking-id=0&X-Atmosphere-Framework=2.2.3-javascript&X-Atmosphere-Transport=long-polling&X-Atmosphere-TrackMessageSize=true&Content-Type=charset%3Dutf-8&X-atmo-protocol=true&_=1765937444997 HTTP/1.1" 200 -
14.0.224.36 - - [17/Dec/2025:10:06:40 +0800] "GET /InternetTrading/longpoll/A8127?X-Atmosphere-tracking-id=0&X-Atmosphere-Framework=2.2.3-javascript&X-Atmosphere-Transport=long-polling&X-Atmosphere-TrackMessageSize=true&Content-Type=charset%3Dutf-8&X-atmo-protocol=true&_=1765937445638 HTTP/1.1" 200 -
119.136.155.219 - - [17/Dec/2025:10:06:41 +0800] "GET /InternetTrading/longpoll/51803?X-Atmosphere-tracking-id=0&X-Atmosphere-Framework=2.2.3-javascript&X-Atmosphere-Transport=long-polling&X-Atmosphere-TrackMessageSize=true&Content-Type=charset%3Dutf-8&X-atmo-protocol=true&_=1765937449237 HTTP/1.1" 200 -
58.152.215.40 - - [17/Dec/2025:10:06:42 +0800] "POST /InternetTrading/SessionErrorLogger HTTP/1.1" 200 117
58.152.215.40 - - [17/Dec/2025:10:06:42 +0800] "POST /InternetTrading/Heartbeat HTTP/1.1" 200 32
58.152.215.40 - - [17/Dec/2025:10:06:42 +0800] "POST /InternetTrading/SessionErrorLogger HTTP/1.1" 200 117
58.152.215.40 - - [17/Dec/2025:10:06:42 +0800] "POST /InternetTrading/MarketStatus HTTP/1.1" 200 772
58.152.215.40 - - [17/Dec/2025:10:06:43 +0800] "GET /InternetTrading/longpoll/55136?X-Atmosphere-tracking-id=0&X-Atmosphere-Framework=2.2.3-javascript&X-Atmosphere-Transport=long-polling&X-Atmosphere-TrackMessageSize=true&Content-Type=charset%3Dutf-8&X-atmo-protocol=true&_=1765937446330 HTTP/1.1" 200 -
119.34.176.224 - - [17/Dec/2025:10:06:44 +0800] "GET /InternetTrading/longpoll/13979?X-Atmosphere-tracking-id=0&X-Atmosphere-Framework=2.2.3-javascript&X-Atmosphere-Transport=long-polling&X-Atmosphere-TrackMessageSize=true&Content-Type=charset%3Dutf-8&X-atmo-protocol=true&_=1765937450029 HTTP/1.1" 200 -
14.0.224.36 - - [17/Dec/2025:10:06:46 +0800] "GET /InternetTrading/longpoll/A8127?X-Atmosphere-tracking-id=0&X-Atmosphere-Framework=2.2.3-javascript&X-Atmosphere-Transport=long-polling&X-Atmosphere-TrackMessageSize=true&Content-Type=charset%3Dutf-8&X-atmo-protocol=true&_=1765937450839 HTTP/1.1" 200 -
119.136.155.219 - - [17/Dec/2025:10:06:46 +0800] "POST /InternetTrading/SessionErrorLogger HTTP/1.1" 200 117
119.136.155.219 - - [17/Dec/2025:10:06:46 +0800] "POST /InternetTrading/Heartbeat HTTP/1.1" 200 32
119.136.155.219 - - [17/Dec/2025:10:06:46 +0800] "POST /InternetTrading/SessionErrorLogger HTTP/1.1" 200 117
119.136.155.219 - - [17/Dec/2025:10:06:46 +0800] "POST /InternetTrading/MarketStatus HTTP/1.1" 200 772
119.136.155.219 - - [17/Dec/2025:10:06:47 +0800] "GET /InternetTrading/longpoll/51803?X-Atmosphere-tracking-id=0&X-Atmosphere-Framework=2.2.3-javascript&X-Atmosphere-Transport=long-polling&X-Atmosphere-TrackMessageSize=true&Content-Type=charset%3Dutf-8&X-atmo-protocol=true&_=1765937455237 HTTP/1.1" 200 -
220.246.38.37 - - [17/Dec/2025:10:06:48 +0800] "POST /InternetTrading/Heartbeat2FAService HTTP/1.1" 200 1
58.152.215.40 - - [17/Dec/2025:10:06:48 +0800] "GET /InternetTrading/longpoll/55136?X-Atmosphere-tracking-id=0&X-Atmosphere-Framework=2.2.3-javascript&X-Atmosphere-Transport=long-polling&X-Atmosphere-TrackMessageSize=true&Content-Type=charset%3Dutf-8&X-atmo-protocol=true&_=1765937451353 HTTP/1.1" 200 -
119.34.176.224 - - [17/Dec/2025:10:06:50 +0800] "GET /InternetTrading/longpoll/13979?X-Atmosphere-tracking-id=0&X-Atmosphere-Framework=2.2.3-javascript&X-Atmosphere-Transport=long-polling&X-Atmosphere-TrackMessageSize=true&Content-Type=charset%3Dutf-8&X-atmo-protocol=true&_=1765937455131 HTTP/1.1" 200 -
14.0.224.36 - - [17/Dec/2025:10:06:51 +0800] "GET /InternetTrading/longpoll/A8127?X-Atmosphere-tracking-id=0&X-Atmosphere-Framework=2.2.3-javascript&X-Atmosphere-Transport=long-polling&X-Atmosphere-TrackMessageSize=true&Content-Type=charset%3Dutf-8&X-atmo-protocol=true&_=1765937456387 HTTP/1.1" 200 -
58.152.215.40 - - [17/Dec/2025:10:06:53 +0800] "GET /InternetTrading/longpoll/55136?X-Atmosphere-tracking-id=0&X-Atmosphere-Framework=2.2.3-javascript&X-Atmosphere-Transport=long-polling&X-Atmosphere-TrackMessageSize=true&Content-Type=charset%3Dutf-8&X-atmo-protocol=true&_=1765937456373 HTTP/1.1" 200 -
14.0.224.36 - - [17/Dec/2025:10:06:53 +0800] "POST /InternetTrading/SessionErrorLogger HTTP/1.1" 200 117
14.0.224.36 - - [17/Dec/2025:10:06:53 +0800] "POST /InternetTrading/Heartbeat HTTP/1.1" 200 32
119.136.155.219 - - [17/Dec/2025:10:06:53 +0800] "GET /InternetTrading/longpoll/51803?X-Atmosphere-tracking-id=0&X-Atmosphere-Framework=2.2.3-javascript&X-Atmosphere-Transport=long-polling&X-Atmosphere-TrackMessageSize=true&Content-Type=charset%3Dutf-8&X-atmo-protocol=true&_=1765937461233 HTTP/1.1" 200 -
14.0.224.36 - - [17/Dec/2025:10:06:53 +0800] "POST /InternetTrading/SessionErrorLogger HTTP/1.1" 200 117
14.0.224.36 - - [17/Dec/2025:10:06:53 +0800] "POST /InternetTrading/MarketStatus HTTP/1.1" 200 772
119.34.176.224 - - [17/Dec/2025:10:06:55 +0800] "GET /InternetTrading/longpoll/13979?X-Atmosphere-tracking-id=0&X-Atmosphere-Framework=2.2.3-javascript&X-Atmosphere-Transport=long-polling&X-Atmosphere-TrackMessageSize=true&Content-Type=charset%3Dutf-8&X-atmo-protocol=true&_=1765937460239 HTTP/1.1" 200 -
14.0.224.36 - - [17/Dec/2025:10:06:56 +0800] "GET /InternetTrading/longpoll/A8127?X-Atmosphere-tracking-id=0&X-Atmosphere-Framework=2.2.3-javascript&X-Atmosphere-Transport=long-polling&X-Atmosphere-TrackMessageSize=true&Content-Type=charset%3Dutf-8&X-atmo-protocol=true&_=1765937461490 HTTP/1.1" 200 -
58.152.215.40 - - [17/Dec/2025:10:06:58 +0800] "GET /InternetTrading/longpoll/55136?X-Atmosphere-tracking-id=0&X-Atmosphere-Framework=2.2.3-javascript&X-Atmosphere-Transport=long-polling&X-Atmosphere-TrackMessageSize=true&Content-Type=charset%3Dutf-8&X-atmo-protocol=true&_=1765937461414 HTTP/1.1" 200 -
119.34.176.224 - - [17/Dec/2025:10:06:58 +0800] "POST /InternetTrading/SessionErrorLogger HTTP/1.1" 200 117
119.34.176.224 - - [17/Dec/2025:10:06:58 +0800] "POST /InternetTrading/Heartbeat HTTP/1.1" 200 32
119.136.155.219 - - [17/Dec/2025:10:06:59 +0800] "GET /InternetTrading/longpoll/51803?X-Atmosphere-tracking-id=0&X-Atmosphere-Framework=2.2.3-javascript&X-Atmosphere-Transport=long-polling&X-Atmosphere-TrackMessageSize=true&Content-Type=charset%3Dutf-8&X-atmo-protocol=true&_=1765937467234 HTTP/1.1" 200 -
119.34.176.224 - - [17/Dec/2025:10:07:00 +0800] "GET /InternetTrading/longpoll/13979?X-Atmosphere-tracking-id=0&X-Atmosphere-Framework=2.2.3-javascript&X-Atmosphere-Transport=long-polling&X-Atmosphere-TrackMessageSize=true&Content-Type=charset%3Dutf-8&X-atmo-protocol=true&_=1765937465314 HTTP/1.1" 200 -
14.0.224.36 - - [17/Dec/2025:10:07:01 +0800] "GET /InternetTrading/longpoll/A8127?X-Atmosphere-tracking-id=0&X-Atmosphere-Framework=2.2.3-javascript&X-Atmosphere-Transport=long-polling&X-Atmosphere-TrackMessageSize=true&Content-Type=charset%3Dutf-8&X-atmo-protocol=true&_=1765937466608 HTTP/1.1" 200 -
58.152.215.40 - - [17/Dec/2025:10:07:03 +0800] "GET /InternetTrading/longpoll/55136?X-Atmosphere-tracking-id=0&X-Atmosphere-Framework=2.2.3-javascript&X-Atmosphere-Transport=long-polling&X-Atmosphere-TrackMessageSize=true&Content-Type=charset%3Dutf-8&X-atmo-protocol=true&_=1765937466443 HTTP/1.1" 200 -
119.34.176.224 - - [17/Dec/2025:10:07:05 +0800] "GET /InternetTrading/longpoll/13979?X-Atmosphere-tracking-id=0&X-Atmosphere-Framework=2.2.3-javascript&X-Atmosphere-Transport=long-polling&X-Atmosphere-TrackMessageSize=true&Content-Type=charset%3Dutf-8&X-atmo-protocol=true&_=1765937470345 HTTP/1.1" 200 -
119.136.155.219 - - [17/Dec/2025:10:07:05 +0800] "GET /InternetTrading/longpoll/51803?X-Atmosphere-tracking-id=0&X-Atmosphere-Framework=2.2.3-javascript&X-Atmosphere-Transport=long-polling&X-Atmosphere-TrackMessageSize=true&Content-Type=charset%3Dutf-8&X-atmo-protocol=true&_=1765937473233 HTTP/1.1" 200 -
14.0.224.36 - - [17/Dec/2025:10:07:06 +0800] "GET /InternetTrading/longpoll/A8127?X-Atmosphere-tracking-id=0&X-Atmosphere-Framework=2.2.3-javascript&X-Atmosphere-Transport=long-polling&X-Atmosphere-TrackMessageSize=true&Content-Type=charset%3Dutf-8&X-atmo-protocol=true&_=1765937471807 HTTP/1.1" 200 -
119.34.176.224 - - [17/Dec/2025:10:07:07 +0800] "POST /InternetTrading/SessionErrorLogger HTTP/1.1" 200 117
119.34.176.224 - - [17/Dec/2025:10:07:07 +0800] "POST /InternetTrading/MarketStatus HTTP/1.1" 200 772
58.152.215.40 - - [17/Dec/2025:10:07:08 +0800] "GET /InternetTrading/longpoll/55136?X-Atmosphere-tracking-id=0&X-Atmosphere-Framework=2.2.3-javascript&X-Atmosphere-Transport=long-polling&X-Atmosphere-TrackMessageSize=true&Content-Type=charset%3Dutf-8&X-atmo-protocol=true&_=1765937471472 HTTP/1.1" 200 -
119.34.176.224 - - [17/Dec/2025:10:07:10 +0800] "GET /InternetTrading/longpoll/13979?X-Atmosphere-tracking-id=0&X-Atmosphere-Framework=2.2.3-javascript&X-Atmosphere-Transport=long-polling&X-Atmosphere-TrackMessageSize=true&Content-Type=charset%3Dutf-8&X-atmo-protocol=true&_=1765937475762 HTTP/1.1" 200 -
119.136.155.219 - - [17/Dec/2025:10:07:11 +0800] "GET /InternetTrading/longpoll/51803?X-Atmosphere-tracking-id=0&X-Atmosphere-Framework=2.2.3-javascript&X-Atmosphere-Transport=long-polling&X-Atmosphere-TrackMessageSize=true&Content-Type=charset%3Dutf-8&X-atmo-protocol=true&_=1765937479224 HTTP/1.1" 200 -
14.0.224.36 - - [17/Dec/2025:10:07:12 +0800] "GET /InternetTrading/longpoll/A8127?X-Atmosphere-tracking-id=0&X-Atmosphere-Framework=2.2.3-javascript&X-Atmosphere-Transport=long-polling&X-Atmosphere-TrackMessageSize=true&Content-Type=charset%3Dutf-8&X-atmo-protocol=true&_=1765937477115 HTTP/1.1" 200 -
58.152.215.40 - - [17/Dec/2025:10:07:12 +0800] "POST /InternetTrading/SessionErrorLogger HTTP/1.1" 200 117
58.152.215.40 - - [17/Dec/2025:10:07:12 +0800] "POST /InternetTrading/Heartbeat HTTP/1.1" 200 32
58.152.215.40 - - [17/Dec/2025:10:07:13 +0800] "POST /InternetTrading/SessionErrorLogger HTTP/1.1" 200 117
58.152.215.40 - - [17/Dec/2025:10:07:13 +0800] "POST /InternetTrading/MarketStatus HTTP/1.1" 200 772
58.152.215.40 - - [17/Dec/2025:10:07:13 +0800] "GET /InternetTrading/longpoll/55136?X-Atmosphere-tracking-id=0&X-Atmosphere-Framework=2.2.3-javascript&X-Atmosphere-Transport=long-polling&X-Atmosphere-TrackMessageSize=true&Content-Type=charset%3Dutf-8&X-atmo-protocol=true&_=1765937476492 HTTP/1.1" 200 -
119.34.176.224 - - [17/Dec/2025:10:07:15 +0800] "GET /InternetTrading/longpoll/13979?X-Atmosphere-tracking-id=0&X-Atmosphere-Framework=2.2.3-javascript&X-Atmosphere-Transport=long-polling&X-Atmosphere-TrackMessageSize=true&Content-Type=charset%3Dutf-8&X-atmo-protocol=true&_=1765937480791 HTTP/1.1" 200 -
14.0.224.36 - - [17/Dec/2025:10:07:17 +0800] "GET /InternetTrading/longpoll/A8127?X-Atmosphere-tracking-id=0&X-Atmosphere-Framework=2.2.3-javascript&X-Atmosphere-Transport=long-polling&X-Atmosphere-TrackMessageSize=true&Content-Type=charset%3Dutf-8&X-atmo-protocol=true&_=1765937482399 HTTP/1.1" 200 -
119.136.155.219 - - [17/Dec/2025:10:07:17 +0800] "GET /InternetTrading/longpoll/51803?X-Atmosphere-tracking-id=0&X-Atmosphere-Framework=2.2.3-javascript&X-Atmosphere-Transport=long-polling&X-Atmosphere-TrackMessageSize=true&Content-Type=charset%3Dutf-8&X-atmo-protocol=true&_=1765937485224 HTTP/1.1" 200 -
220.246.38.37 - - [17/Dec/2025:10:07:18 +0800] "POST /InternetTrading/Heartbeat2FAService HTTP/1.1" 200 1
58.152.215.40 - - [17/Dec/2025:10:07:18 +0800] "GET /InternetTrading/longpoll/55136?X-Atmosphere-tracking-id=0&X-Atmosphere-Framework=2.2.3-javascript&X-Atmosphere-Transport=long-polling&X-Atmosphere-TrackMessageSize=true&Content-Type=charset%3Dutf-8&X-atmo-protocol=true&_=1765937481508 HTTP/1.1" 200 -
119.34.176.224 - - [17/Dec/2025:10:07:20 +0800] "GET /InternetTrading/longpoll/13979?X-Atmosphere-tracking-id=0&X-Atmosphere-Framework=2.2.3-javascript&X-Atmosphere-Transport=long-polling&X-Atmosphere-TrackMessageSize=true&Content-Type=charset%3Dutf-8&X-atmo-protocol=true&_=1765937485875 HTTP/1.1" 200 -
14.0.224.36 - - [17/Dec/2025:10:07:22 +0800] "GET /InternetTrading/longpoll/A8127?X-Atmosphere-tracking-id=0&X-Atmosphere-Framework=2.2.3-javascript&X-Atmosphere-Transport=long-polling&X-Atmosphere-TrackMessageSize=true&Content-Type=charset%3Dutf-8&X-atmo-protocol=true&_=1765937487626 HTTP/1.1" 200 -
58.152.215.40 - - [17/Dec/2025:10:07:23 +0800] "GET /InternetTrading/longpoll/55136?X-Atmosphere-tracking-id=0&X-Atmosphere-Framework=2.2.3-javascript&X-Atmosphere-Transport=long-polling&X-Atmosphere-TrackMessageSize=true&Content-Type=charset%3Dutf-8&X-atmo-protocol=true&_=1765937486535 HTTP/1.1" 200 -
14.0.224.36 - - [17/Dec/2025:10:07:23 +0800] "POST /InternetTrading/SessionErrorLogger HTTP/1.1" 200 117
119.136.155.219 - - [17/Dec/2025:10:07:23 +0800] "GET /InternetTrading/longpoll/51803?X-Atmosphere-tracking-id=0&X-Atmosphere-Framework=2.2.3-javascript&X-Atmosphere-Transport=long-polling&X-Atmosphere-TrackMessageSize=true&Content-Type=charset%3Dutf-8&X-atmo-protocol=true&_=1765937491236 HTTP/1.1" 200 -
14.0.224.36 - - [17/Dec/2025:10:07:24 +0800] "POST /InternetTrading/Heartbeat HTTP/1.1" 200 32
14.0.224.36 - - [17/Dec/2025:10:07:24 +0800] "POST /InternetTrading/SessionErrorLogger HTTP/1.1" 200 117
14.0.224.36 - - [17/Dec/2025:10:07:24 +0800] "POST /InternetTrading/MarketStatus HTTP/1.1" 200 772
119.34.176.224 - - [17/Dec/2025:10:07:26 +0800] "GET /InternetTrading/longpoll/13979?X-Atmosphere-tracking-id=0&X-Atmosphere-Framework=2.2.3-javascript&X-Atmosphere-Transport=long-polling&X-Atmosphere-TrackMessageSize=true&Content-Type=charset%3Dutf-8&X-atmo-protocol=true&_=1765937490955 HTTP/1.1" 200 -
14.0.224.36 - - [17/Dec/2025:10:07:27 +0800] "GET /InternetTrading/longpoll/A8127?X-Atmosphere-tracking-id=0&X-Atmosphere-Framework=2.2.3-javascript&X-Atmosphere-Transport=long-polling&X-Atmosphere-TrackMessageSize=true&Content-Type=charset%3Dutf-8&X-atmo-protocol=true&_=1765937493070 HTTP/1.1" 200 -
119.34.176.224 - - [17/Dec/2025:10:07:28 +0800] "POST /InternetTrading/SessionErrorLogger HTTP/1.1" 200 117
119.34.176.224 - - [17/Dec/2025:10:07:28 +0800] "POST /InternetTrading/Heartbeat HTTP/1.1" 200 32
58.152.215.40 - - [17/Dec/2025:10:07:28 +0800] "GET /InternetTrading/longpoll/55136?X-Atmosphere-tracking-id=0&X-Atmosphere-Framework=2.2.3-javascript&X-Atmosphere-Transport=long-polling&X-Atmosphere-TrackMessageSize=true&Content-Type=charset%3Dutf-8&X-atmo-protocol=true&_=1765937491569 HTTP/1.1" 200 -
119.136.155.219 - - [17/Dec/2025:10:07:29 +0800] "GET /InternetTrading/longpoll/51803?X-Atmosphere-tracking-id=0&X-Atmosphere-Framework=2.2.3-javascript&X-Atmosphere-Transport=long-polling&X-Atmosphere-TrackMessageSize=true&Content-Type=charset%3Dutf-8&X-atmo-protocol=true&_=1765937497232 HTTP/1.1" 200 -
119.34.176.224 - - [17/Dec/2025:10:07:31 +0800] "GET /InternetTrading/longpoll/13979?X-Atmosphere-tracking-id=0&X-Atmosphere-Framework=2.2.3-javascript&X-Atmosphere-Transport=long-polling&X-Atmosphere-TrackMessageSize=true&Content-Type=charset%3Dutf-8&X-atmo-protocol=true&_=1765937496330 HTTP/1.1" 200 -
14.0.224.36 - - [17/Dec/2025:10:07:33 +0800] "GET /InternetTrading/longpoll/A8127?X-Atmosphere-tracking-id=0&X-Atmosphere-Framework=2.2.3-javascript&X-Atmosphere-Transport=long-polling&X-Atmosphere-TrackMessageSize=true&Content-Type=charset%3Dutf-8&X-atmo-protocol=true&_=1765937498131 HTTP/1.1" 200 -
58.152.215.40 - - [17/Dec/2025:10:07:33 +0800] "GET /InternetTrading/longpoll/55136?X-Atmosphere-tracking-id=0&X-Atmosphere-Framework=2.2.3-javascript&X-Atmosphere-Transport=long-polling&X-Atmosphere-TrackMessageSize=true&Content-Type=charset%3Dutf-8&X-atmo-protocol=true&_=1765937496609 HTTP/1.1" 200 -
119.136.155.219 - - [17/Dec/2025:10:07:35 +0800] "GET /InternetTrading/longpoll/51803?X-Atmosphere-tracking-id=0&X-Atmosphere-Framework=2.2.3-javascript&X-Atmosphere-Transport=long-polling&X-Atmosphere-TrackMessageSize=true&Content-Type=charset%3Dutf-8&X-atmo-protocol=true&_=1765937503223 HTTP/1.1" 200 -
119.34.176.224 - - [17/Dec/2025:10:07:36 +0800] "GET /InternetTrading/longpoll/13979?X-Atmosphere-tracking-id=0&X-Atmosphere-Framework=2.2.3-javascript&X-Atmosphere-Transport=long-polling&X-Atmosphere-TrackMessageSize=true&Content-Type=charset%3Dutf-8&X-atmo-protocol=true&_=1765937501361 HTTP/1.1" 200 -
119.34.176.224 - - [17/Dec/2025:10:07:37 +0800] "POST /InternetTrading/SessionErrorLogger HTTP/1.1" 200 117
119.34.176.224 - - [17/Dec/2025:10:07:37 +0800] "POST /InternetTrading/MarketStatus HTTP/1.1" 200 772
14.0.224.36 - - [17/Dec/2025:10:07:38 +0800] "GET /InternetTrading/longpoll/A8127?X-Atmosphere-tracking-id=0&X-Atmosphere-Framework=2.2.3-javascript&X-Atmosphere-Transport=long-polling&X-Atmosphere-TrackMessageSize=true&Content-Type=charset%3Dutf-8&X-atmo-protocol=true&_=1765937503286 HTTP/1.1" 200 -
58.152.215.40 - - [17/Dec/2025:10:07:38 +0800] "GET /InternetTrading/longpoll/55136?X-Atmosphere-tracking-id=0&X-Atmosphere-Framework=2.2.3-javascript&X-Atmosphere-Transport=long-polling&X-Atmosphere-TrackMessageSize=true&Content-Type=charset%3Dutf-8&X-atmo-protocol=true&_=1765937501649 HTTP/1.1" 200 -
119.34.176.224 - - [17/Dec/2025:10:07:41 +0800] "GET /InternetTrading/longpoll/13979?X-Atmosphere-tracking-id=0&X-Atmosphere-Framework=2.2.3-javascript&X-Atmosphere-Transport=long-polling&X-Atmosphere-TrackMessageSize=true&Content-Type=charset%3Dutf-8&X-atmo-protocol=true&_=1765937506450 HTTP/1.1" 200 -
119.136.155.219 - - [17/Dec/2025:10:07:41 +0800] "GET /InternetTrading/longpoll/51803?X-Atmosphere-tracking-id=0&X-Atmosphere-Framework=2.2.3-javascript&X-Atmosphere-Transport=long-polling&X-Atmosphere-TrackMessageSize=true&Content-Type=charset%3Dutf-8&X-atmo-protocol=true&_=1765937509230 HTTP/1.1" 200 -
58.152.215.40 - - [17/Dec/2025:10:07:43 +0800] "POST /InternetTrading/SessionErrorLogger HTTP/1.1" 200 117
58.152.215.40 - - [17/Dec/2025:10:07:43 +0800] "POST /InternetTrading/Heartbeat HTTP/1.1" 200 32
58.152.215.40 - - [17/Dec/2025:10:07:43 +0800] "POST /InternetTrading/SessionErrorLogger HTTP/1.1" 200 117
58.152.215.40 - - [17/Dec/2025:10:07:43 +0800] "POST /InternetTrading/MarketStatus HTTP/1.1" 200 772
14.0.224.36 - - [17/Dec/2025:10:07:43 +0800] "GET /InternetTrading/longpoll/A8127?X-Atmosphere-tracking-id=0&X-Atmosphere-Framework=2.2.3-javascript&X-Atmosphere-Transport=long-polling&X-Atmosphere-TrackMessageSize=true&Content-Type=charset%3Dutf-8&X-atmo-protocol=true&_=1765937508470 HTTP/1.1" 200 -
58.152.215.40 - - [17/Dec/2025:10:07:43 +0800] "GET /InternetTrading/longpoll/55136?X-Atmosphere-tracking-id=0&X-Atmosphere-Framework=2.2.3-javascript&X-Atmosphere-Transport=long-polling&X-Atmosphere-TrackMessageSize=true&Content-Type=charset%3Dutf-8&X-atmo-protocol=true&_=1765937506695 HTTP/1.1" 200 -
220.246.38.37 - - [17/Dec/2025:10:07:44 +0800] "GET /InternetTrading/jquery/wait.gif HTTP/1.1" 200 432
220.246.38.37 - - [17/Dec/2025:10:07:44 +0800] "POST /InternetTrading/Verify2FAService HTTP/1.1" 200 422
220.246.38.37 - - [17/Dec/2025:10:07:44 +0800] "GET /InternetTrading/tc/main.html?language=tc&version=HTML HTTP/1.1" 200 3578
220.246.38.37 - - [17/Dec/2025:10:07:44 +0800] "GET /InternetTrading/jquery/ui.datepicker.css HTTP/1.1" 200 1145
220.246.38.37 - - [17/Dec/2025:10:07:44 +0800] "GET /InternetTrading/jquery/jquery.tablesorter-theme.blue.css HTTP/1.1" 200 2083
220.246.38.37 - - [17/Dec/2025:10:07:44 +0800] "GET /InternetTrading/jquery/jquery-ui-1.10.3.css HTTP/1.1" 200 5283
220.246.38.37 - - [17/Dec/2025:10:07:44 +0800] "GET /InternetTrading/jquery/dragtable-2.0.9.css HTTP/1.1" 200 316
220.246.38.37 - - [17/Dec/2025:10:07:44 +0800] "GET /InternetTrading/tc/style_common.css?v=20200819161914 HTTP/1.1" 200 2540
220.246.38.37 - - [17/Dec/2025:10:07:44 +0800] "GET /InternetTrading/tc/style.css?v=20200819161914 HTTP/1.1" 200 1435
220.246.38.37 - - [17/Dec/2025:10:07:44 +0800] "GET /InternetTrading/tc/css/jquery.jscrollpane.css HTTP/1.1" 404 690
220.246.38.37 - - [17/Dec/2025:10:07:44 +0800] "GET /InternetTrading/jquery/jquery.ba-postmessage.js HTTP/1.1" 200 2990
220.246.38.37 - - [17/Dec/2025:10:07:44 +0800] "GET /InternetTrading/jquery/jquery-1.6.3.min.js HTTP/1.1" 200 32057
220.246.38.37 - - [17/Dec/2025:10:07:44 +0800] "GET /InternetTrading/js/aastock.js HTTP/1.1" 200 553
220.246.38.37 - - [17/Dec/2025:10:07:44 +0800] "GET /InternetTrading/jquery/jquery-migrate-3.0.0.js HTTP/1.1" 200 4963
220.246.38.37 - - [17/Dec/2025:10:07:44 +0800] "GET /InternetTrading/jquery/jquery-ui-1.10.3.js HTTP/1.1" 200 69642
220.246.38.37 - - [17/Dec/2025:10:07:44 +0800] "GET /InternetTrading/jquery/jquery-3.3.1.js HTTP/1.1" 200 80650
220.246.38.37 - - [17/Dec/2025:10:07:44 +0800] "GET /InternetTrading/js/cache.js?jsv=20200819161914 HTTP/1.1" 200 940
220.246.38.37 - - [17/Dec/2025:10:07:44 +0800] "GET /InternetTrading/jquery/jquery.form-3.46.0.js HTTP/1.1" 200 5673
220.246.38.37 - - [17/Dec/2025:10:07:44 +0800] "GET /InternetTrading/jquery/jquery.blockUI-2.66.0.js HTTP/1.1" 200 6651
220.246.38.37 - - [17/Dec/2025:10:07:44 +0800] "GET /InternetTrading/js/atmosphere.js HTTP/1.1" 200 13461
220.246.38.37 - - [17/Dec/2025:10:07:44 +0800] "GET /InternetTrading/jquery/additional-methods.js HTTP/1.1" 200 2238
220.246.38.37 - - [17/Dec/2025:10:07:44 +0800] "GET /InternetTrading/jquery/jquery.validate-1.11.1.js HTTP/1.1" 200 7041
220.246.38.37 - - [17/Dec/2025:10:07:44 +0800] "GET /InternetTrading/jquery/jquery.mousewheel-3.1.4.js HTTP/1.1" 200 822
220.246.38.37 - - [17/Dec/2025:10:07:44 +0800] "GET /InternetTrading/jquery/jquery.tablesorter-2.14.5.js HTTP/1.1" 200 8901
220.246.38.37 - - [17/Dec/2025:10:07:44 +0800] "GET /InternetTrading/jquery/jquery.tablesorter.widgets-2.14.5.js HTTP/1.1" 200 8611
220.246.38.37 - - [17/Dec/2025:10:07:44 +0800] "GET /InternetTrading/jquery/jquery.timer-0.9.16.js HTTP/1.1" 200 542
220.246.38.37 - - [17/Dec/2025:10:07:44 +0800] "GET /InternetTrading/jquery/jquery.combobox.packed.js HTTP/1.1" 200 3387
220.246.38.37 - - [17/Dec/2025:10:07:44 +0800] "GET /InternetTrading/jquery/jquery.getParams.js HTTP/1.1" 200 587
220.246.38.37 - - [17/Dec/2025:10:07:44 +0800] "GET /InternetTrading/jquery/jquery.selectboxes.pack.js HTTP/1.1" 200 1640
220.246.38.37 - - [17/Dec/2025:10:07:44 +0800] "GET /InternetTrading/jquery/date.js HTTP/1.1" 200 2807
220.246.38.37 - - [17/Dec/2025:10:07:44 +0800] "GET /InternetTrading/json/json2.js?jsv=20200819161914 HTTP/1.1" 200 1372
220.246.38.37 - - [17/Dec/2025:10:07:44 +0800] "GET /InternetTrading/settings/crm_display_settings.js?jsv=20200819161914 HTTP/1.1" 200 1781
220.246.38.37 - - [17/Dec/2025:10:07:44 +0800] "GET /InternetTrading/jquery/globalize-0.1.0a1.js HTTP/1.1" 200 6984
220.246.38.37 - - [17/Dec/2025:10:07:44 +0800] "GET /InternetTrading/js/constants.js?jsv=20200819161914 HTTP/1.1" 200 400
220.246.38.37 - - [17/Dec/2025:10:07:44 +0800] "GET /InternetTrading/tc/user/custom_variables.js?jsv=20200819161914 HTTP/1.1" 200 275
220.246.38.37 - - [17/Dec/2025:10:07:44 +0800] "GET /InternetTrading/tc/user/translation.js?jsv=20200819161914 HTTP/1.1" 200 12818
220.246.38.37 - - [17/Dec/2025:10:07:44 +0800] "GET /InternetTrading/js/haitong.js?jsv=20200819161914 HTTP/1.1" 200 3881
220.246.38.37 - - [17/Dec/2025:10:07:44 +0800] "GET /InternetTrading/js/util.js?jsv=20200819161914 HTTP/1.1" 200 6636
220.246.38.37 - - [17/Dec/2025:10:07:44 +0800] "GET /InternetTrading/js/init.js?jsv=20200819161914 HTTP/1.1" 200 886
220.246.38.37 - - [17/Dec/2025:10:07:44 +0800] "GET /InternetTrading/js/rsautil.js?jsv=20200819161914 HTTP/1.1" 200 1017
220.246.38.37 - - [17/Dec/2025:10:07:44 +0800] "GET /InternetTrading/js/corporate.js?jsv=20200819161914 HTTP/1.1" 200 1575
220.246.38.37 - - [17/Dec/2025:10:07:44 +0800] "GET /InternetTrading/js/update_mdf.js?jsv=20200819161914 HTTP/1.1" 200 856
220.246.38.37 - - [17/Dec/2025:10:07:44 +0800] "GET /InternetTrading/js/validation_hkex.js?jsv=20200819161914 HTTP/1.1" 200 2300
220.246.38.37 - - [17/Dec/2025:10:07:44 +0800] "GET /InternetTrading/js/validation_bshare.js?jsv=20200819161914 HTTP/1.1" 200 1567
220.246.38.37 - - [17/Dec/2025:10:07:44 +0800] "GET /InternetTrading/js/validation_ashare.js?jsv=20200819161914 HTTP/1.1" 200 2482
220.246.38.37 - - [17/Dec/2025:10:07:44 +0800] "GET /InternetTrading/js/main.js?jsv=20200819161914 HTTP/1.1" 200 30725
220.246.38.37 - - [17/Dec/2025:10:07:44 +0800] "GET /InternetTrading/js/validation_global.js?jsv=20200819161914 HTTP/1.1" 200 1564
220.246.38.37 - - [17/Dec/2025:10:07:44 +0800] "GET /InternetTrading/js/account.js?jsv=20200819161914 HTTP/1.1" 200 2656
220.246.38.37 - - [17/Dec/2025:10:07:44 +0800] "GET /InternetTrading/js/cash_transfer.js?jsv=20200819161914 HTTP/1.1" 200 2712
220.246.38.37 - - [17/Dec/2025:10:07:44 +0800] "GET /InternetTrading/js/spread_cache.js?jsv=20200819161914 HTTP/1.1" 200 908
220.246.38.37 - - [17/Dec/2025:10:07:44 +0800] "GET /InternetTrading/js/ipo.js?jsv=20200819161914 HTTP/1.1" 200 5726
220.246.38.37 - - [17/Dec/2025:10:07:44 +0800] "GET /InternetTrading/js/mm.js?jsv=20200819161914 HTTP/1.1" 200 487
220.246.38.37 - - [17/Dec/2025:10:07:44 +0800] "GET /InternetTrading/js/isec_calculator.js?jsv=20200819161914 HTTP/1.1" 200 1364
220.246.38.37 - - [17/Dec/2025:10:07:44 +0800] "GET /InternetTrading/js/eStatement.js?jsv=20200819161914 HTTP/1.1" 200 562
220.246.38.37 - - [17/Dec/2025:10:07:44 +0800] "GET /InternetTrading/js/payment_instruction.js?jsv=20200819161914 HTTP/1.1" 200 2178
220.246.38.37 - - [17/Dec/2025:10:07:44 +0800] "GET /InternetTrading/js/payment_instruction_IMOS.js?jsv=20200819161914 HTTP/1.1" 200 6874
220.246.38.37 - - [17/Dec/2025:10:07:44 +0800] "GET /InternetTrading/ExchangeList?fmt=js&jsv=20200819161914 HTTP/1.1" 200 146
220.246.38.37 - - [17/Dec/2025:10:07:44 +0800] "GET /InternetTrading/js/string_extend.js?jsv=20200819161914 HTTP/1.1" 200 272
220.246.38.37 - - [17/Dec/2025:10:07:44 +0800] "GET /InternetTrading/js/pidcrypt.js?jsv=20200819161914 HTTP/1.1" 200 982
220.246.38.37 - - [17/Dec/2025:10:07:44 +0800] "GET /InternetTrading/js/pidcrypt_util.js?jsv=20200819161914 HTTP/1.1" 200 1206
220.246.38.37 - - [17/Dec/2025:10:07:44 +0800] "GET /InternetTrading/js/aes_cbc.js?jsv=20200819161914 HTTP/1.1" 200 2043
220.246.38.37 - - [17/Dec/2025:10:07:44 +0800] "GET /InternetTrading/js/aes_core.js?jsv=20200819161914 HTTP/1.1" 200 2106
220.246.38.37 - - [17/Dec/2025:10:07:44 +0800] "GET /InternetTrading/js/asn1.js?jsv=20200819161914 HTTP/1.1" 200 3099
220.246.38.37 - - [17/Dec/2025:10:07:44 +0800] "GET /InternetTrading/GoodTillDateValidExch?fmt=js&jsv=20200819161914 HTTP/1.1" 200 29
220.246.38.37 - - [17/Dec/2025:10:07:44 +0800] "GET /InternetTrading/js/md5.js?jsv=20200819161914 HTTP/1.1" 200 1730
220.246.38.37 - - [17/Dec/2025:10:07:44 +0800] "GET /InternetTrading/js/sha256.js?jsv=20200819161914 HTTP/1.1" 200 1362
220.246.38.37 - - [17/Dec/2025:10:07:44 +0800] "GET /InternetTrading/js/jsbn.js?jsv=20200819161914 HTTP/1.1" 200 6736
220.246.38.37 - - [17/Dec/2025:10:07:44 +0800] "GET /InternetTrading/js/prng4.js?jsv=20200819161914 HTTP/1.1" 200 303
220.246.38.37 - - [17/Dec/2025:10:07:44 +0800] "GET /InternetTrading/js/rng.js?jsv=20200819161914 HTTP/1.1" 200 481
220.246.38.37 - - [17/Dec/2025:10:07:44 +0800] "GET /InternetTrading/js/mode-ecb.js?jsv=20200819161914 HTTP/1.1" 200 199
220.246.38.37 - - [17/Dec/2025:10:07:44 +0800] "GET /InternetTrading/js/aes.js?jsv=20200819161914 HTTP/1.1" 200 4816
220.246.38.37 - - [17/Dec/2025:10:07:44 +0800] "GET /InternetTrading/js/rsa.js?jsv=20200819161914 HTTP/1.1" 200 1658
220.246.38.37 - - [17/Dec/2025:10:07:44 +0800] "GET /InternetTrading/js/utilSpec.js?jsv=20200819161914 HTTP/1.1" 200 27
220.246.38.37 - - [17/Dec/2025:10:07:44 +0800] "GET /InternetTrading/js/update_lastlogin.js?jsv=20200819161914 HTTP/1.1" 200 980
220.246.38.37 - - [17/Dec/2025:10:07:44 +0800] "GET /InternetTrading/js/pw_alert.js?jsv=20200819161914 HTTP/1.1" 200 418
220.246.38.37 - - [17/Dec/2025:10:07:44 +0800] "GET /InternetTrading/js/jquery.jscrollpane.js HTTP/1.1" 404 685
220.246.38.37 - - [17/Dec/2025:10:07:44 +0800] "GET /InternetTrading/js/jquery.mousewheel.js HTTP/1.1" 404 684
220.246.38.37 - - [17/Dec/2025:10:07:44 +0800] "GET /InternetTrading/js/jquery.cookie.js HTTP/1.1" 200 834
220.246.38.37 - - [17/Dec/2025:10:07:44 +0800] "GET /InternetTrading/tc/images/top_menu01.jpg HTTP/1.1" 200 3466
220.246.38.37 - - [17/Dec/2025:10:07:44 +0800] "GET /InternetTrading/tc/images/logo.png HTTP/1.1" 200 7042
220.246.38.37 - - [17/Dec/2025:10:07:44 +0800] "GET /InternetTrading/js/decimal.js HTTP/1.1" 200 13492
220.246.38.37 - - [17/Dec/2025:10:07:44 +0800] "GET /InternetTrading/tc/images/top_menu04.jpg HTTP/1.1" 200 3430
220.246.38.37 - - [17/Dec/2025:10:07:44 +0800] "GET /InternetTrading/tc/images/top_menu_logout.jpg HTTP/1.1" 200 1016
220.246.38.37 - - [17/Dec/2025:10:07:44 +0800] "GET /InternetTrading/images/top_bg1.jpg HTTP/1.1" 200 329
220.246.38.37 - - [17/Dec/2025:10:07:44 +0800] "GET /InternetTrading/images/top_bg3.jpg HTTP/1.1" 200 878
220.246.38.37 - - [17/Dec/2025:10:07:44 +0800] "GET /InternetTrading/images/top_bg2.jpg HTTP/1.1" 200 330
220.246.38.37 - - [17/Dec/2025:10:07:44 +0800] "POST /InternetTrading/PopUpConfig HTTP/1.1" 200 2
220.246.38.37 - - [17/Dec/2025:10:07:44 +0800] "POST /InternetTrading/Heartbeat HTTP/1.1" 200 32
220.246.38.37 - - [17/Dec/2025:10:07:44 +0800] "GET /InternetTrading/tc/dialog.html?1765937507880 HTTP/1.1" 200 3188
220.246.38.37 - - [17/Dec/2025:10:07:44 +0800] "POST /InternetTrading/CustomerInfoLite HTTP/1.1" 200 125
220.246.38.37 - - [17/Dec/2025:10:07:44 +0800] "GET /InternetTrading/tc/images/top_menu04.jpg HTTP/1.1" 200 3430
220.246.38.37 - - [17/Dec/2025:10:07:44 +0800] "GET /InternetTrading/jquery/wait.gif HTTP/1.1" 200 432
220.246.38.37 - - [17/Dec/2025:10:07:44 +0800] "GET /InternetTrading/tc/trade.html HTTP/1.1" 200 2113
220.246.38.37 - - [17/Dec/2025:10:07:44 +0800] "POST /InternetTrading/SpreadPriceCache HTTP/1.1" 200 1947
220.246.38.37 - - [17/Dec/2025:10:07:44 +0800] "GET /InternetTrading/tc/images/top_menu01_o.jpg HTTP/1.1" 200 3339
220.246.38.37 - - [17/Dec/2025:10:07:44 +0800] "POST /InternetTrading/SessionErrorLogger HTTP/1.1" 200 117
220.246.38.37 - - [17/Dec/2025:10:07:44 +0800] "POST /InternetTrading/GetLastLoginDate HTTP/1.1" 200 31
220.246.38.37 - - [17/Dec/2025:10:07:44 +0800] "POST /InternetTrading/SessionErrorLogger HTTP/1.1" 200 117
220.246.38.37 - - [17/Dec/2025:10:07:44 +0800] "GET /InternetTrading/tc/getpopupMsgName.jsp HTTP/1.1" 200 -
220.246.38.37 - - [17/Dec/2025:10:07:44 +0800] "GET /InternetTrading/tc/applet_dummy.html HTTP/1.1" 200 330
220.246.38.37 - - [17/Dec/2025:10:07:44 +0800] "POST /InternetTrading/SessionErrorLogger HTTP/1.1" 200 117
220.246.38.37 - - [17/Dec/2025:10:07:44 +0800] "GET /InternetTrading/tc/buy_ticket.html? HTTP/1.1" 200 1995
220.246.38.37 - - [17/Dec/2025:10:07:44 +0800] "POST /InternetTrading/SessionErrorLogger HTTP/1.1" 200 117
220.246.38.37 - - [17/Dec/2025:10:07:44 +0800] "POST /InternetTrading/MarketStatus HTTP/1.1" 200 772
220.246.38.37 - - [17/Dec/2025:10:07:44 +0800] "POST /InternetTrading/SessionErrorLogger HTTP/1.1" 200 117
220.246.38.37 - - [17/Dec/2025:10:07:44 +0800] "GET /InternetTrading/jquery/wait.gif HTTP/1.1" 200 432
220.246.38.37 - - [17/Dec/2025:10:07:44 +0800] "GET /InternetTrading/tc/multi_currency_balance.html HTTP/1.1" 200 295
220.246.38.37 - - [17/Dec/2025:10:07:44 +0800] "GET /InternetTrading/Home/PostToAA.jsp?hl=tc HTTP/1.1" 200 293
220.246.38.37 - - [17/Dec/2025:10:07:44 +0800] "GET /InternetTrading/tc/images/refresh.gif HTTP/1.1" 200 1145
220.246.38.37 - - [17/Dec/2025:10:07:44 +0800] "GET /InternetTrading/tc/images/trade_point01.jpg HTTP/1.1" 200 358
220.246.38.37 - - [17/Dec/2025:10:07:44 +0800] "GET /InternetTrading/jquery/images/ui-icons_222222_256x240.png HTTP/1.1" 200 6922
220.246.38.37 - - [17/Dec/2025:10:07:44 +0800] "GET /InternetTrading/jquery/images/ui-bg_flat_75_ffffff_40x100.png HTTP/1.1" 200 208
220.246.38.37 - - [17/Dec/2025:10:07:44 +0800] "POST /InternetTrading/SessionErrorLogger HTTP/1.1" 200 117
220.246.38.37 - - [17/Dec/2025:10:07:44 +0800] "POST /InternetTrading/SessionErrorLogger HTTP/1.1" 200 117
220.246.38.37 - - [17/Dec/2025:10:07:44 +0800] "POST /InternetTrading/MarketStatus HTTP/1.1" 200 772
220.246.38.37 - - [17/Dec/2025:10:07:45 +0800] "POST /InternetTrading/MarketStatus HTTP/1.1" 200 772
119.34.176.224 - - [17/Dec/2025:10:07:46 +0800] "GET /InternetTrading/longpoll/13979?X-Atmosphere-tracking-id=0&X-Atmosphere-Framework=2.2.3-javascript&X-Atmosphere-Transport=long-polling&X-Atmosphere-TrackMessageSize=true&Content-Type=charset%3Dutf-8&X-atmo-protocol=true&_=1765937511481 HTTP/1.1" 200 -
119.136.155.219 - - [17/Dec/2025:10:07:46 +0800] "POST /InternetTrading/SessionErrorLogger HTTP/1.1" 200 117
119.136.155.219 - - [17/Dec/2025:10:07:46 +0800] "POST /InternetTrading/Heartbeat HTTP/1.1" 200 32
119.136.155.219 - - [17/Dec/2025:10:07:46 +0800] "POST /InternetTrading/SessionErrorLogger HTTP/1.1" 200 117
220.246.38.37 - - [17/Dec/2025:10:07:46 +0800] "POST /InternetTrading/SessionErrorLogger HTTP/1.1" 200 117
220.246.38.37 - - [17/Dec/2025:10:07:46 +0800] "POST /InternetTrading/CustomerInfo HTTP/1.1" 200 220
119.136.155.219 - - [17/Dec/2025:10:07:46 +0800] "POST /InternetTrading/MarketStatus HTTP/1.1" 200 772
220.246.38.37 - - [17/Dec/2025:10:07:46 +0800] "POST /InternetTrading/SessionErrorLogger HTTP/1.1" 200 117
220.246.38.37 - - [17/Dec/2025:10:07:46 +0800] "GET /InternetTrading/tc/account_status.html HTTP/1.1" 200 426
220.246.38.37 - - [17/Dec/2025:10:07:46 +0800] "POST /InternetTrading/SessionErrorLogger HTTP/1.1" 200 117
220.246.38.37 - - [17/Dec/2025:10:07:46 +0800] "POST /InternetTrading/SessionErrorLogger HTTP/1.1" 200 117
220.246.38.37 - - [17/Dec/2025:10:07:46 +0800] "POST /InternetTrading/MarketStatus HTTP/1.1" 200 772
220.246.38.37 - - [17/Dec/2025:10:07:46 +0800] "GET /InternetTrading/jquery/wait.gif HTTP/1.1" 200 432
220.246.38.37 - - [17/Dec/2025:10:07:46 +0800] "POST /InternetTrading/SessionErrorLogger HTTP/1.1" 200 117
220.246.38.37 - - [17/Dec/2025:10:07:47 +0800] "POST /InternetTrading/LongPollingConfig HTTP/1.1" 200 4
220.246.38.37 - - [17/Dec/2025:10:07:47 +0800] "GET /InternetTrading/jquery/wait.gif HTTP/1.1" 200 432
220.246.38.37 - - [17/Dec/2025:10:07:47 +0800] "POST /InternetTrading/SessionErrorLogger HTTP/1.1" 200 117
220.246.38.37 - - [17/Dec/2025:10:07:47 +0800] "GET /InternetTrading/longpoll/56162?X-Atmosphere-tracking-id=0&X-Atmosphere-Framework=2.2.3-javascript&X-Atmosphere-Transport=long-polling&X-Atmosphere-TrackMessageSize=true&Content-Type=charset%3Dutf-8&X-atmo-protocol=true&_=1765937510099 HTTP/1.1" 200 -
220.246.38.37 - - [17/Dec/2025:10:07:47 +0800] "POST /InternetTrading/Portfolio HTTP/1.1" 200 757
119.136.155.219 - - [17/Dec/2025:10:07:47 +0800] "GET /InternetTrading/longpoll/51803?X-Atmosphere-tracking-id=0&X-Atmosphere-Framework=2.2.3-javascript&X-Atmosphere-Transport=long-polling&X-Atmosphere-TrackMessageSize=true&Content-Type=charset%3Dutf-8&X-atmo-protocol=true&_=1765937515236 HTTP/1.1" 200 -
58.152.215.40 - - [17/Dec/2025:10:07:48 +0800] "GET /InternetTrading/longpoll/55136?X-Atmosphere-tracking-id=0&X-Atmosphere-Framework=2.2.3-javascript&X-Atmosphere-Transport=long-polling&X-Atmosphere-TrackMessageSize=true&Content-Type=charset%3Dutf-8&X-atmo-protocol=true&_=1765937511712 HTTP/1.1" 200 -
14.0.224.36 - - [17/Dec/2025:10:07:48 +0800] "GET /InternetTrading/longpoll/A8127?X-Atmosphere-tracking-id=0&X-Atmosphere-Framework=2.2.3-javascript&X-Atmosphere-Transport=long-polling&X-Atmosphere-TrackMessageSize=true&Content-Type=charset%3Dutf-8&X-atmo-protocol=true&_=1765937513680 HTTP/1.1" 200 -
119.34.176.224 - - [17/Dec/2025:10:07:51 +0800] "GET /InternetTrading/longpoll/13979?X-Atmosphere-tracking-id=0&X-Atmosphere-Framework=2.2.3-javascript&X-Atmosphere-Transport=long-polling&X-Atmosphere-TrackMessageSize=true&Content-Type=charset%3Dutf-8&X-atmo-protocol=true&_=1765937516562 HTTP/1.1" 200 -
220.246.38.37 - - [17/Dec/2025:10:07:52 +0800] "GET /InternetTrading/longpoll/56162?X-Atmosphere-tracking-id=0&X-Atmosphere-Framework=2.2.3-javascript&X-Atmosphere-Transport=long-polling&X-Atmosphere-TrackMessageSize=true&Content-Type=charset%3Dutf-8&X-atmo-protocol=true&_=1765937515110 HTTP/1.1" 200 -
58.152.215.40 - - [17/Dec/2025:10:07:53 +0800] "GET /InternetTrading/longpoll/55136?X-Atmosphere-tracking-id=0&X-Atmosphere-Framework=2.2.3-javascript&X-Atmosphere-Transport=long-polling&X-Atmosphere-TrackMessageSize=true&Content-Type=charset%3Dutf-8&X-atmo-protocol=true&_=1765937516732 HTTP/1.1" 200 -
119.136.155.219 - - [17/Dec/2025:10:07:53 +0800] "GET /InternetTrading/longpoll/51803?X-Atmosphere-tracking-id=0&X-Atmosphere-Framework=2.2.3-javascript&X-Atmosphere-Transport=long-polling&X-Atmosphere-TrackMessageSize=true&Content-Type=charset%3Dutf-8&X-atmo-protocol=true&_=1765937521228 HTTP/1.1" 200 -
14.0.224.36 - - [17/Dec/2025:10:07:53 +0800] "GET /InternetTrading/longpoll/A8127?X-Atmosphere-tracking-id=0&X-Atmosphere-Framework=2.2.3-javascript&X-Atmosphere-Transport=long-polling&X-Atmosphere-TrackMessageSize=true&Content-Type=charset%3Dutf-8&X-atmo-protocol=true&_=1765937518898 HTTP/1.1" 200 -
14.0.224.36 - - [17/Dec/2025:10:07:53 +0800] "POST /InternetTrading/SessionErrorLogger HTTP/1.1" 200 117
14.0.224.36 - - [17/Dec/2025:10:07:53 +0800] "POST /InternetTrading/Heartbeat HTTP/1.1" 200 32
14.0.224.36 - - [17/Dec/2025:10:07:54 +0800] "POST /InternetTrading/SessionErrorLogger HTTP/1.1" 200 117
14.0.224.36 - - [17/Dec/2025:10:07:54 +0800] "POST /InternetTrading/MarketStatus HTTP/1.1" 200 772
119.34.176.224 - - [17/Dec/2025:10:07:56 +0800] "GET /InternetTrading/longpoll/13979?X-Atmosphere-tracking-id=0&X-Atmosphere-Framework=2.2.3-javascript&X-Atmosphere-Transport=long-polling&X-Atmosphere-TrackMessageSize=true&Content-Type=charset%3Dutf-8&X-atmo-protocol=true&_=1765937521663 HTTP/1.1" 200 -
119.34.176.224 - - [17/Dec/2025:10:07:58 +0800] "POST /InternetTrading/SessionErrorLogger HTTP/1.1" 200 117
58.152.215.40 - - [17/Dec/2025:10:07:58 +0800] "GET /InternetTrading/longpoll/55136?X-Atmosphere-tracking-id=0&X-Atmosphere-Framework=2.2.3-javascript&X-Atmosphere-Transport=long-polling&X-Atmosphere-TrackMessageSize=true&Content-Type=charset%3Dutf-8&X-atmo-protocol=true&_=1765937521764 HTTP/1.1" 200 -
119.34.176.224 - - [17/Dec/2025:10:07:58 +0800] "POST /InternetTrading/Heartbeat HTTP/1.1" 200 32
119.136.155.219 - - [17/Dec/2025:10:07:58 +0800] "GET /InternetTrading/longpoll/51803?X-Atmosphere-tracking-id=0&X-Atmosphere-Framework=2.2.3-javascript&X-Atmosphere-Transport=long-polling&X-Atmosphere-TrackMessageSize=true&Content-Type=charset%3Dutf-8&X-atmo-protocol=true&_=1765937526254 HTTP/1.1" 200 -
14.0.224.36 - - [17/Dec/2025:10:07:59 +0800] "GET /InternetTrading/longpoll/A8127?X-Atmosphere-tracking-id=0&X-Atmosphere-Framework=2.2.3-javascript&X-Atmosphere-Transport=long-polling&X-Atmosphere-TrackMessageSize=true&Content-Type=charset%3Dutf-8&X-atmo-protocol=true&_=1765937524145 HTTP/1.1" 200 -
119.136.155.219 - - [17/Dec/2025:10:07:59 +0800] "GET /InternetTrading/tc/main.html?language=tc&version=HTML HTTP/1.1" 200 3578
119.136.155.219 - - [17/Dec/2025:10:08:00 +0800] "GET /InternetTrading/jquery/ui.datepicker.css HTTP/1.1" 200 1145
119.136.155.219 - - [17/Dec/2025:10:08:00 +0800] "GET /InternetTrading/jquery/jquery.tablesorter-theme.blue.css HTTP/1.1" 200 2083
119.136.155.219 - - [17/Dec/2025:10:08:00 +0800] "GET /InternetTrading/jquery/jquery-ui-1.10.3.css HTTP/1.1" 200 5283
119.136.155.219 - - [17/Dec/2025:10:08:00 +0800] "GET /InternetTrading/jquery/dragtable-2.0.9.css HTTP/1.1" 200 316
119.136.155.219 - - [17/Dec/2025:10:08:00 +0800] "GET /InternetTrading/tc/style.css?v=20200819161914 HTTP/1.1" 200 1435
119.136.155.219 - - [17/Dec/2025:10:08:00 +0800] "GET /InternetTrading/tc/css/jquery.jscrollpane.css HTTP/1.1" 404 690
