113.196.56.150 - - [17/Dec/2025:09:26:58 +0800] "GET /logs/secure_access_log.20240721 HTTP/1.1" 200 1946766
113.196.56.150 - - [17/Dec/2025:09:26:59 +0800] "GET /logs/secure_access_log.20250107 HTTP/1.1" 200 4306325
61.239.100.147 - - [17/Dec/2025:09:27:01 +0800] "GET /InternetTrading/longpoll/13925?X-Atmosphere-tracking-id=0&X-Atmosphere-Framework=2.2.3-javascript&X-Atmosphere-Transport=long-polling&X-Atmosphere-TrackMessageSize=true&Content-Type=charset%3Dutf-8&X-atmo-protocol=true&_=1765935064451 HTTP/1.1" 200 -
121.204.201.197 - - [17/Dec/2025:09:27:01 +0800] "POST /InternetTrading/SessionErrorLogger HTTP/1.1" 200 117
121.204.201.197 - - [17/Dec/2025:09:27:01 +0800] "POST /InternetTrading/Heartbeat HTTP/1.1" 200 32
119.34.176.224 - - [17/Dec/2025:09:27:01 +0800] "GET /InternetTrading/longpoll/13979?X-Atmosphere-tracking-id=0&X-Atmosphere-Framework=2.2.3-javascript&X-Atmosphere-Transport=long-polling&X-Atmosphere-TrackMessageSize=true&Content-Type=charset%3Dutf-8&X-atmo-protocol=true&_=1765935066840 HTTP/1.1" 200 -
121.204.201.197 - - [17/Dec/2025:09:27:01 +0800] "POST /InternetTrading/SessionErrorLogger HTTP/1.1" 200 117
121.204.201.197 - - [17/Dec/2025:09:27:01 +0800] "POST /InternetTrading/MarketStatus HTTP/1.1" 200 772
113.196.56.150 - - [17/Dec/2025:09:26:57 +0800] "GET /logs/secure_ssl_request_log.20251210 HTTP/1.1" 200 9849665
14.0.224.36 - - [17/Dec/2025:09:27:02 +0800] "GET /InternetTrading/longpoll/A8127?X-Atmosphere-tracking-id=0&X-Atmosphere-Framework=2.2.3-javascript&X-Atmosphere-Transport=long-polling&X-Atmosphere-TrackMessageSize=true&Content-Type=charset%3Dutf-8&X-atmo-protocol=true&_=1765935067094 HTTP/1.1" 200 -
58.152.215.40 - - [17/Dec/2025:09:27:03 +0800] "GET /InternetTrading/longpoll/55136?X-Atmosphere-tracking-id=0&X-Atmosphere-Framework=2.2.3-javascript&X-Atmosphere-Transport=long-polling&X-Atmosphere-TrackMessageSize=true&Content-Type=charset%3Dutf-8&X-atmo-protocol=true&_=1765935066138 HTTP/1.1" 200 -
119.136.155.219 - - [17/Dec/2025:09:27:03 +0800] "GET /InternetTrading/longpoll/51803?X-Atmosphere-tracking-id=0&X-Atmosphere-Framework=2.2.3-javascript&X-Atmosphere-Transport=long-polling&X-Atmosphere-TrackMessageSize=true&Content-Type=charset%3Dutf-8&X-atmo-protocol=true&_=1765935070556 HTTP/1.1" 200 -
113.196.56.150 - - [17/Dec/2025:09:26:59 +0800] "GET /logs/secure_access_log.20251125 HTTP/1.1" 200 9158142
113.196.56.150 - - [17/Dec/2025:09:27:02 +0800] "GET /logs/secure_ssl_request_log.20240723 HTTP/1.1" 200 6100649
113.196.56.150 - - [17/Dec/2025:09:27:03 +0800] "GET /logs/secure_ssl_request_log.20250802 HTTP/1.1" 200 164800
113.196.56.150 - - [17/Dec/2025:09:27:03 +0800] "GET /logs/secure_ssl_request_log.20240827 HTTP/1.1" 200 4976558
121.204.201.197 - - [17/Dec/2025:09:27:05 +0800] "GET /InternetTrading/longpoll/55955?X-Atmosphere-tracking-id=0&X-Atmosphere-Framework=2.2.3-javascript&X-Atmosphere-Transport=long-polling&X-Atmosphere-TrackMessageSize=true&Content-Type=charset%3Dutf-8&X-atmo-protocol=true&_=1765935068025 HTTP/1.1" 200 -
113.196.56.150 - - [17/Dec/2025:09:27:06 +0800] "GET /logs/secure_ssl_request_log.20250404 HTTP/1.1" 200 57265
113.196.56.150 - - [17/Dec/2025:09:27:06 +0800] "GET /logs/secure_access_log.20250816 HTTP/1.1" 200 70485
119.34.176.224 - - [17/Dec/2025:09:27:06 +0800] "GET /InternetTrading/longpoll/13979?X-Atmosphere-tracking-id=0&X-Atmosphere-Framework=2.2.3-javascript&X-Atmosphere-Transport=long-polling&X-Atmosphere-TrackMessageSize=true&Content-Type=charset%3Dutf-8&X-atmo-protocol=true&_=1765935071927 HTTP/1.1" 200 -
14.0.224.36 - - [17/Dec/2025:09:27:07 +0800] "GET /InternetTrading/longpoll/A8127?X-Atmosphere-tracking-id=0&X-Atmosphere-Framework=2.2.3-javascript&X-Atmosphere-Transport=long-polling&X-Atmosphere-TrackMessageSize=true&Content-Type=charset%3Dutf-8&X-atmo-protocol=true&_=1765935072274 HTTP/1.1" 200 -
61.239.100.147 - - [17/Dec/2025:09:27:07 +0800] "GET /InternetTrading/longpoll/13925?X-Atmosphere-tracking-id=0&X-Atmosphere-Framework=2.2.3-javascript&X-Atmosphere-Transport=long-polling&X-Atmosphere-TrackMessageSize=true&Content-Type=charset%3Dutf-8&X-atmo-protocol=true&_=1765935070441 HTTP/1.1" 200 -
113.196.56.150 - - [17/Dec/2025:09:27:06 +0800] "GET /logs/secure_access_log.20250702 HTTP/1.1" 200 13238314
113.196.56.150 - - [17/Dec/2025:09:27:07 +0800] "GET /logs/secure_ssl_request_log.20240828 HTTP/1.1" 200 5932964
113.196.56.150 - - [17/Dec/2025:09:27:05 +0800] "GET /logs/secure_access_log.20250521 HTTP/1.1" 200 8001849
113.196.56.150 - - [17/Dec/2025:09:27:07 +0800] "GET /logs/secure_ssl_request_log.20250616 HTTP/1.1" 200 9549482
58.152.215.40 - - [17/Dec/2025:09:27:08 +0800] "GET /InternetTrading/longpoll/55136?X-Atmosphere-tracking-id=0&X-Atmosphere-Framework=2.2.3-javascript&X-Atmosphere-Transport=long-polling&X-Atmosphere-TrackMessageSize=true&Content-Type=charset%3Dutf-8&X-atmo-protocol=true&_=1765935071183 HTTP/1.1" 200 -
119.136.155.219 - - [17/Dec/2025:09:27:08 +0800] "GET /InternetTrading/longpoll/51803?X-Atmosphere-tracking-id=0&X-Atmosphere-Framework=2.2.3-javascript&X-Atmosphere-Transport=long-polling&X-Atmosphere-TrackMessageSize=true&Content-Type=charset%3Dutf-8&X-atmo-protocol=true&_=1765935075627 HTTP/1.1" 200 -
113.196.56.150 - - [17/Dec/2025:09:27:07 +0800] "GET /logs/secure_ssl_request_log.20250912 HTTP/1.1" 200 14230710
113.196.56.150 - - [17/Dec/2025:09:27:07 +0800] "GET /logs/secure_ssl_request_log.20250502 HTTP/1.1" 200 4238721
113.196.56.150 - - [17/Dec/2025:09:27:08 +0800] "GET /logs/secure_ssl_request_log.20250405 HTTP/1.1" 200 116422
113.196.56.150 - - [17/Dec/2025:09:27:08 +0800] "GET /logs/secure_access_log.20250331 HTTP/1.1" 200 6244219
113.196.56.150 - - [17/Dec/2025:09:27:08 +0800] "GET /logs/secure_ssl_request_log.20250722 HTTP/1.1" 200 11903266
113.196.56.150 - - [17/Dec/2025:09:27:06 +0800] "GET /logs/secure_ssl_request_log.20251028 HTTP/1.1" 200 14507451
113.196.56.150 - - [17/Dec/2025:09:27:09 +0800] "GET /logs/access.log.1726272000 HTTP/1.1" 200 -
113.196.56.150 - - [17/Dec/2025:09:27:09 +0800] "GET /logs/secure_ssl_request_log.20241001 HTTP/1.1" 200 183498
113.196.56.150 - - [17/Dec/2025:09:27:08 +0800] "GET /logs/secure_ssl_request_log.20241127 HTTP/1.1" 200 5293086
113.196.56.150 - - [17/Dec/2025:09:27:07 +0800] "GET /logs/secure_access_log.20240805 HTTP/1.1" 200 4838513
113.196.56.150 - - [17/Dec/2025:09:27:09 +0800] "GET /logs/secure_access_log.20250825 HTTP/1.1" 200 10910461
113.196.56.150 - - [17/Dec/2025:09:27:07 +0800] "GET /logs/secure_ssl_request_log.20250407 HTTP/1.1" 200 7951821
119.136.155.219 - - [17/Dec/2025:09:27:10 +0800] "POST /InternetTrading/SessionErrorLogger HTTP/1.1" 200 117
119.136.155.219 - - [17/Dec/2025:09:27:10 +0800] "POST /InternetTrading/Heartbeat HTTP/1.1" 200 32
119.136.155.219 - - [17/Dec/2025:09:27:10 +0800] "POST /InternetTrading/SessionErrorLogger HTTP/1.1" 200 117
121.204.201.197 - - [17/Dec/2025:09:27:10 +0800] "GET /InternetTrading/longpoll/55955?X-Atmosphere-tracking-id=0&X-Atmosphere-Framework=2.2.3-javascript&X-Atmosphere-Transport=long-polling&X-Atmosphere-TrackMessageSize=true&Content-Type=charset%3Dutf-8&X-atmo-protocol=true&_=1765935073096 HTTP/1.1" 200 -
119.136.155.219 - - [17/Dec/2025:09:27:10 +0800] "POST /InternetTrading/MarketStatus HTTP/1.1" 200 772
113.196.56.150 - - [17/Dec/2025:09:27:09 +0800] "GET /logs/secure_access_log.20241215 HTTP/1.1" 200 567273
113.196.56.150 - - [17/Dec/2025:09:27:08 +0800] "GET /logs/secure_ssl_request_log.20250905 HTTP/1.1" 200 10595474
58.152.215.40 - - [17/Dec/2025:09:27:10 +0800] "POST /InternetTrading/SessionErrorLogger HTTP/1.1" 200 117
58.152.215.40 - - [17/Dec/2025:09:27:10 +0800] "POST /InternetTrading/Heartbeat HTTP/1.1" 200 32
58.152.215.40 - - [17/Dec/2025:09:27:10 +0800] "POST /InternetTrading/SessionErrorLogger HTTP/1.1" 200 117
58.152.215.40 - - [17/Dec/2025:09:27:10 +0800] "POST /InternetTrading/MarketStatus HTTP/1.1" 200 772
113.196.56.150 - - [17/Dec/2025:09:27:11 +0800] "GET /logs/secure_access_log.20250614 HTTP/1.1" 200 72382
113.196.56.150 - - [17/Dec/2025:09:27:09 +0800] "GET /logs/secure_ssl_request_log.20251203 HTTP/1.1" 200 10779980
113.196.56.150 - - [17/Dec/2025:09:27:11 +0800] "GET /logs/secure_ssl_request_log.20250821 HTTP/1.1" 200 13764846
119.34.176.224 - - [17/Dec/2025:09:27:11 +0800] "GET /InternetTrading/longpoll/13979?X-Atmosphere-tracking-id=0&X-Atmosphere-Framework=2.2.3-javascript&X-Atmosphere-Transport=long-polling&X-Atmosphere-TrackMessageSize=true&Content-Type=charset%3Dutf-8&X-atmo-protocol=true&_=1765935077015 HTTP/1.1" 200 -
113.196.56.150 - - [17/Dec/2025:09:27:07 +0800] "GET /logs/secure_access_log.20251126 HTTP/1.1" 200 7153420
113.196.56.150 - - [17/Dec/2025:09:27:12 +0800] "GET /logs/secure_access_log.20240923 HTTP/1.1" 200 5537453
14.0.224.36 - - [17/Dec/2025:09:27:12 +0800] "GET /InternetTrading/longpoll/A8127?X-Atmosphere-tracking-id=0&X-Atmosphere-Framework=2.2.3-javascript&X-Atmosphere-Transport=long-polling&X-Atmosphere-TrackMessageSize=true&Content-Type=charset%3Dutf-8&X-atmo-protocol=true&_=1765935077491 HTTP/1.1" 200 -
113.196.56.150 - - [17/Dec/2025:09:27:12 +0800] "GET /logs/secure_access_log.20240825 HTTP/1.1" 200 15881
113.196.56.150 - - [17/Dec/2025:09:27:12 +0800] "GET /logs/secure_ssl_request_log.20250704 HTTP/1.1" 200 8584430
58.152.215.40 - - [17/Dec/2025:09:27:13 +0800] "GET /InternetTrading/longpoll/55136?X-Atmosphere-tracking-id=0&X-Atmosphere-Framework=2.2.3-javascript&X-Atmosphere-Transport=long-polling&X-Atmosphere-TrackMessageSize=true&Content-Type=charset%3Dutf-8&X-atmo-protocol=true&_=1765935076222 HTTP/1.1" 200 -
113.196.56.150 - - [17/Dec/2025:09:27:12 +0800] "GET /logs/secure_ssl_request_log.20250216 HTTP/1.1" 200 596503
119.136.155.219 - - [17/Dec/2025:09:27:13 +0800] "GET /InternetTrading/longpoll/51803?X-Atmosphere-tracking-id=0&X-Atmosphere-Framework=2.2.3-javascript&X-Atmosphere-Transport=long-polling&X-Atmosphere-TrackMessageSize=true&Content-Type=charset%3Dutf-8&X-atmo-protocol=true&_=1765935080695 HTTP/1.1" 200 -
61.239.100.147 - - [17/Dec/2025:09:27:13 +0800] "GET /InternetTrading/longpoll/13925?X-Atmosphere-tracking-id=0&X-Atmosphere-Framework=2.2.3-javascript&X-Atmosphere-Transport=long-polling&X-Atmosphere-TrackMessageSize=true&Content-Type=charset%3Dutf-8&X-atmo-protocol=true&_=1765935076453 HTTP/1.1" 200 -
113.196.56.150 - - [17/Dec/2025:09:27:10 +0800] "GET /logs/secure_ssl_request_log.20250618 HTTP/1.1" 200 5378081
113.196.56.150 - - [17/Dec/2025:09:27:11 +0800] "GET /logs/secure_access_log.20250714 HTTP/1.1" 200 13471871
119.34.176.224 - - [17/Dec/2025:09:27:13 +0800] "POST /InternetTrading/SessionErrorLogger HTTP/1.1" 200 117
119.34.176.224 - - [17/Dec/2025:09:27:13 +0800] "POST /InternetTrading/Heartbeat HTTP/1.1" 200 32
113.196.56.150 - - [17/Dec/2025:09:27:13 +0800] "GET /logs/secure_access_log.20241220 HTTP/1.1" 200 6892780
14.0.224.36 - - [17/Dec/2025:09:27:14 +0800] "POST /InternetTrading/SessionErrorLogger HTTP/1.1" 200 117
14.0.224.36 - - [17/Dec/2025:09:27:14 +0800] "POST /InternetTrading/Heartbeat HTTP/1.1" 200 32
14.0.224.36 - - [17/Dec/2025:09:27:14 +0800] "POST /InternetTrading/SessionErrorLogger HTTP/1.1" 200 117
14.0.224.36 - - [17/Dec/2025:09:27:14 +0800] "POST /InternetTrading/MarketStatus HTTP/1.1" 200 772
113.196.56.150 - - [17/Dec/2025:09:27:13 +0800] "GET /logs/secure_ssl_request_log.20241104 HTTP/1.1" 200 9931700
113.196.56.150 - - [17/Dec/2025:09:27:14 +0800] "GET /logs/secure_ssl_request_log.20251004 HTTP/1.1" 200 77302
113.196.56.150 - - [17/Dec/2025:09:27:14 +0800] "GET /logs/secure_access_log.20250119 HTTP/1.1" 200 39136
113.196.56.150 - - [17/Dec/2025:09:27:13 +0800] "GET /logs/secure_ssl_request_log.20240809 HTTP/1.1" 200 4016560
121.204.201.197 - - [17/Dec/2025:09:27:15 +0800] "GET /InternetTrading/longpoll/55955?X-Atmosphere-tracking-id=0&X-Atmosphere-Framework=2.2.3-javascript&X-Atmosphere-Transport=long-polling&X-Atmosphere-TrackMessageSize=true&Content-Type=charset%3Dutf-8&X-atmo-protocol=true&_=1765935078254 HTTP/1.1" 200 -
113.196.56.150 - - [17/Dec/2025:09:27:14 +0800] "GET /logs/secure_ssl_request_log.20251118 HTTP/1.1" 200 9086857
113.196.56.150 - - [17/Dec/2025:09:27:15 +0800] "GET /logs/secure_access_log.20250908 HTTP/1.1" 200 9014896
113.196.56.150 - - [17/Dec/2025:09:27:14 +0800] "GET /logs/secure_access_log.20250612 HTTP/1.1" 200 8976272
113.196.56.150 - - [17/Dec/2025:09:27:16 +0800] "GET /logs/secure_ssl_request_log.20241214 HTTP/1.1" 200 45224
119.34.176.224 - - [17/Dec/2025:09:27:16 +0800] "POST /InternetTrading/SessionErrorLogger HTTP/1.1" 200 117
119.34.176.224 - - [17/Dec/2025:09:27:16 +0800] "POST /InternetTrading/MarketStatus HTTP/1.1" 200 772
119.34.176.224 - - [17/Dec/2025:09:27:16 +0800] "GET /InternetTrading/longpoll/13979?X-Atmosphere-tracking-id=0&X-Atmosphere-Framework=2.2.3-javascript&X-Atmosphere-Transport=long-polling&X-Atmosphere-TrackMessageSize=true&Content-Type=charset%3Dutf-8&X-atmo-protocol=true&_=1765935082107 HTTP/1.1" 200 -
113.196.56.150 - - [17/Dec/2025:09:27:16 +0800] "GET /logs/secure_access_log.20241022 HTTP/1.1" 200 11234261
14.0.224.36 - - [17/Dec/2025:09:27:17 +0800] "GET /InternetTrading/longpoll/A8127?X-Atmosphere-tracking-id=0&X-Atmosphere-Framework=2.2.3-javascript&X-Atmosphere-Transport=long-polling&X-Atmosphere-TrackMessageSize=true&Content-Type=charset%3Dutf-8&X-atmo-protocol=true&_=1765935082688 HTTP/1.1" 200 -
113.196.56.150 - - [17/Dec/2025:09:27:16 +0800] "GET /logs/secure_ssl_request_log.20250509 HTTP/1.1" 200 4844613
113.196.56.150 - - [17/Dec/2025:09:27:17 +0800] "GET /logs/secure_ssl_request_log.20241008 HTTP/1.1" 200 15780330
58.152.215.40 - - [17/Dec/2025:09:27:18 +0800] "GET /InternetTrading/longpoll/55136?X-Atmosphere-tracking-id=0&X-Atmosphere-Framework=2.2.3-javascript&X-Atmosphere-Transport=long-polling&X-Atmosphere-TrackMessageSize=true&Content-Type=charset%3Dutf-8&X-atmo-protocol=true&_=1765935081246 HTTP/1.1" 200 -
119.136.155.219 - - [17/Dec/2025:09:27:18 +0800] "GET /InternetTrading/longpoll/51803?X-Atmosphere-tracking-id=0&X-Atmosphere-Framework=2.2.3-javascript&X-Atmosphere-Transport=long-polling&X-Atmosphere-TrackMessageSize=true&Content-Type=charset%3Dutf-8&X-atmo-protocol=true&_=1765935085728 HTTP/1.1" 200 -
113.196.56.150 - - [17/Dec/2025:09:27:16 +0800] "GET /logs/secure_ssl_request_log.20241029 HTTP/1.1" 200 8326276
113.196.56.150 - - [17/Dec/2025:09:27:18 +0800] "GET /logs/secure_ssl_request_log.20250820 HTTP/1.1" 200 11133930
113.196.56.150 - - [17/Dec/2025:09:27:15 +0800] "GET /logs/secure_access_log.20250609 HTTP/1.1" 200 4973401
113.196.56.150 - - [17/Dec/2025:09:27:16 +0800] "GET /logs/secure_access_log.20250410 HTTP/1.1" 200 9169309
61.239.100.147 - - [17/Dec/2025:09:27:19 +0800] "GET /InternetTrading/longpoll/13925?X-Atmosphere-tracking-id=0&X-Atmosphere-Framework=2.2.3-javascript&X-Atmosphere-Transport=long-polling&X-Atmosphere-TrackMessageSize=true&Content-Type=charset%3Dutf-8&X-atmo-protocol=true&_=1765935082454 HTTP/1.1" 200 -
113.196.56.150 - - [17/Dec/2025:09:27:19 +0800] "GET /logs/secure_access_log.20250128 HTTP/1.1" 200 1375688
113.196.56.150 - - [17/Dec/2025:09:27:20 +0800] "GET /logs/secure_ssl_request_log.20250928 HTTP/1.1" 200 66871
121.204.201.197 - - [17/Dec/2025:09:27:20 +0800] "GET /InternetTrading/longpoll/55955?X-Atmosphere-tracking-id=0&X-Atmosphere-Framework=2.2.3-javascript&X-Atmosphere-Transport=long-polling&X-Atmosphere-TrackMessageSize=true&Content-Type=charset%3Dutf-8&X-atmo-protocol=true&_=1765935083451 HTTP/1.1" 200 -
113.196.56.150 - - [17/Dec/2025:09:27:18 +0800] "GET /logs/secure_ssl_request_log.20241223 HTTP/1.1" 200 7743294
113.196.56.150 - - [17/Dec/2025:09:27:21 +0800] "GET /logs/secure_access_log.20250628 HTTP/1.1" 200 45773
113.196.56.150 - - [17/Dec/2025:09:27:21 +0800] "GET /logs/secure_ssl_request_log.20240906 HTTP/1.1" 200 188129
119.34.176.224 - - [17/Dec/2025:09:27:22 +0800] "GET /InternetTrading/longpoll/13979?X-Atmosphere-tracking-id=0&X-Atmosphere-Framework=2.2.3-javascript&X-Atmosphere-Transport=long-polling&X-Atmosphere-TrackMessageSize=true&Content-Type=charset%3Dutf-8&X-atmo-protocol=true&_=1765935087137 HTTP/1.1" 200 -
14.0.224.36 - - [17/Dec/2025:09:27:22 +0800] "GET /InternetTrading/longpoll/A8127?X-Atmosphere-tracking-id=0&X-Atmosphere-Framework=2.2.3-javascript&X-Atmosphere-Transport=long-polling&X-Atmosphere-TrackMessageSize=true&Content-Type=charset%3Dutf-8&X-atmo-protocol=true&_=1765935087791 HTTP/1.1" 200 -
113.196.56.150 - - [17/Dec/2025:09:27:22 +0800] "GET /logs/secure_access_log.20250528 HTTP/1.1" 200 7012470
58.152.215.40 - - [17/Dec/2025:09:27:23 +0800] "GET /InternetTrading/longpoll/55136?X-Atmosphere-tracking-id=0&X-Atmosphere-Framework=2.2.3-javascript&X-Atmosphere-Transport=long-polling&X-Atmosphere-TrackMessageSize=true&Content-Type=charset%3Dutf-8&X-atmo-protocol=true&_=1765935086284 HTTP/1.1" 200 -
113.196.56.150 - - [17/Dec/2025:09:27:22 +0800] "GET /logs/secure_access_log.20251210 HTTP/1.1" 200 8594709
119.136.155.219 - - [17/Dec/2025:09:27:23 +0800] "GET /InternetTrading/longpoll/51803?X-Atmosphere-tracking-id=0&X-Atmosphere-Framework=2.2.3-javascript&X-Atmosphere-Transport=long-polling&X-Atmosphere-TrackMessageSize=true&Content-Type=charset%3Dutf-8&X-atmo-protocol=true&_=1765935090786 HTTP/1.1" 200 -
113.196.56.150 - - [17/Dec/2025:09:27:24 +0800] "GET /logs/secure_ssl_request_log.20241222 HTTP/1.1" 200 49574
113.196.56.150 - - [17/Dec/2025:09:27:24 +0800] "GET /logs/secure_ssl_request_log.20250105 HTTP/1.1" 200 29724
113.196.56.150 - - [17/Dec/2025:09:27:22 +0800] "GET /logs/secure_ssl_request_log.20250218 HTTP/1.1" 200 8673508
113.196.56.150 - - [17/Dec/2025:09:27:24 +0800] "GET /logs/secure_ssl_request_log.20240822 HTTP/1.1" 200 6378519
61.239.100.147 - - [17/Dec/2025:09:27:25 +0800] "GET /InternetTrading/longpoll/13925?X-Atmosphere-tracking-id=0&X-Atmosphere-Framework=2.2.3-javascript&X-Atmosphere-Transport=long-polling&X-Atmosphere-TrackMessageSize=true&Content-Type=charset%3Dutf-8&X-atmo-protocol=true&_=1765935088451 HTTP/1.1" 200 -
121.204.201.197 - - [17/Dec/2025:09:27:25 +0800] "GET /InternetTrading/longpoll/55955?X-Atmosphere-tracking-id=0&X-Atmosphere-Framework=2.2.3-javascript&X-Atmosphere-Transport=long-polling&X-Atmosphere-TrackMessageSize=true&Content-Type=charset%3Dutf-8&X-atmo-protocol=true&_=1765935088644 HTTP/1.1" 200 -
113.196.56.150 - - [17/Dec/2025:09:27:25 +0800] "GET /logs/secure_access_log.20251213 HTTP/1.1" 200 219502
113.196.56.150 - - [17/Dec/2025:09:27:25 +0800] "GET /logs/secure_ssl_request_log.20250323 HTTP/1.1" 200 262476
119.34.176.224 - - [17/Dec/2025:09:27:27 +0800] "GET /InternetTrading/longpoll/13979?X-Atmosphere-tracking-id=0&X-Atmosphere-Framework=2.2.3-javascript&X-Atmosphere-Transport=long-polling&X-Atmosphere-TrackMessageSize=true&Content-Type=charset%3Dutf-8&X-atmo-protocol=true&_=1765935092215 HTTP/1.1" 200 -
14.0.224.36 - - [17/Dec/2025:09:27:27 +0800] "GET /InternetTrading/longpoll/A8127?X-Atmosphere-tracking-id=0&X-Atmosphere-Framework=2.2.3-javascript&X-Atmosphere-Transport=long-polling&X-Atmosphere-TrackMessageSize=true&Content-Type=charset%3Dutf-8&X-atmo-protocol=true&_=1765935092920 HTTP/1.1" 200 -
58.152.215.40 - - [17/Dec/2025:09:27:28 +0800] "GET /InternetTrading/longpoll/55136?X-Atmosphere-tracking-id=0&X-Atmosphere-Framework=2.2.3-javascript&X-Atmosphere-Transport=long-polling&X-Atmosphere-TrackMessageSize=true&Content-Type=charset%3Dutf-8&X-atmo-protocol=true&_=1765935091320 HTTP/1.1" 200 -
113.196.56.150 - - [17/Dec/2025:09:27:28 +0800] "GET /logs/secure_access_log.20251113 HTTP/1.1" 200 6484757
119.136.155.219 - - [17/Dec/2025:09:27:28 +0800] "GET /InternetTrading/longpoll/51803?X-Atmosphere-tracking-id=0&X-Atmosphere-Framework=2.2.3-javascript&X-Atmosphere-Transport=long-polling&X-Atmosphere-TrackMessageSize=true&Content-Type=charset%3Dutf-8&X-atmo-protocol=true&_=1765935095860 HTTP/1.1" 200 -
113.196.56.150 - - [17/Dec/2025:09:27:28 +0800] "GET /logs/secure_access_log.20250920 HTTP/1.1" 200 135497
113.196.56.150 - - [17/Dec/2025:09:27:28 +0800] "GET /logs/secure_ssl_request_log.20251116 HTTP/1.1" 200 428477
113.196.56.150 - - [17/Dec/2025:09:27:29 +0800] "GET /logs/secure_access_log.20240818 HTTP/1.1" 200 16567
113.196.56.150 - - [17/Dec/2025:09:27:28 +0800] "GET /logs/secure_access_log.20250304 HTTP/1.1" 200 5574670
113.196.56.150 - - [17/Dec/2025:09:27:30 +0800] "GET /logs/secure_ssl_request_log.20250518 HTTP/1.1" 200 92754
121.204.201.197 - - [17/Dec/2025:09:27:30 +0800] "GET /InternetTrading/longpoll/55955?X-Atmosphere-tracking-id=0&X-Atmosphere-Framework=2.2.3-javascript&X-Atmosphere-Transport=long-polling&X-Atmosphere-TrackMessageSize=true&Content-Type=charset%3Dutf-8&X-atmo-protocol=true&_=1765935093811 HTTP/1.1" 200 -
61.239.100.147 - - [17/Dec/2025:09:27:31 +0800] "GET /InternetTrading/longpoll/13925?X-Atmosphere-tracking-id=0&X-Atmosphere-Framework=2.2.3-javascript&X-Atmosphere-Transport=long-polling&X-Atmosphere-TrackMessageSize=true&Content-Type=charset%3Dutf-8&X-atmo-protocol=true&_=1765935094444 HTTP/1.1" 200 -
121.204.201.197 - - [17/Dec/2025:09:27:31 +0800] "POST /InternetTrading/SessionErrorLogger HTTP/1.1" 200 117
121.204.201.197 - - [17/Dec/2025:09:27:31 +0800] "POST /InternetTrading/Heartbeat HTTP/1.1" 200 32
121.204.201.197 - - [17/Dec/2025:09:27:31 +0800] "POST /InternetTrading/SessionErrorLogger HTTP/1.1" 200 117
121.204.201.197 - - [17/Dec/2025:09:27:31 +0800] "POST /InternetTrading/MarketStatus HTTP/1.1" 200 772
113.196.56.150 - - [17/Dec/2025:09:27:32 +0800] "GET /logs/secure_access_log.20240718 HTTP/1.1" 200 130348
113.196.56.150 - - [17/Dec/2025:09:27:29 +0800] "GET /logs/secure_access_log.20250514 HTTP/1.1" 200 7025149
113.196.56.150 - - [17/Dec/2025:09:27:29 +0800] "GET /logs/secure_ssl_request_log.20241111 HTTP/1.1" 200 5562200
119.34.176.224 - - [17/Dec/2025:09:27:32 +0800] "GET /InternetTrading/longpoll/13979?X-Atmosphere-tracking-id=0&X-Atmosphere-Framework=2.2.3-javascript&X-Atmosphere-Transport=long-polling&X-Atmosphere-TrackMessageSize=true&Content-Type=charset%3Dutf-8&X-atmo-protocol=true&_=1765935097301 HTTP/1.1" 200 -
14.0.224.36 - - [17/Dec/2025:09:27:33 +0800] "GET /InternetTrading/longpoll/A8127?X-Atmosphere-tracking-id=0&X-Atmosphere-Framework=2.2.3-javascript&X-Atmosphere-Transport=long-polling&X-Atmosphere-TrackMessageSize=true&Content-Type=charset%3Dutf-8&X-atmo-protocol=true&_=1765935098072 HTTP/1.1" 200 -
113.196.56.150 - - [17/Dec/2025:09:27:33 +0800] "GET /logs/secure_ssl_request_log.20250621 HTTP/1.1" 200 347
58.152.215.40 - - [17/Dec/2025:09:27:33 +0800] "GET /InternetTrading/longpoll/55136?X-Atmosphere-tracking-id=0&X-Atmosphere-Framework=2.2.3-javascript&X-Atmosphere-Transport=long-polling&X-Atmosphere-TrackMessageSize=true&Content-Type=charset%3Dutf-8&X-atmo-protocol=true&_=1765935096333 HTTP/1.1" 200 -
119.136.155.219 - - [17/Dec/2025:09:27:33 +0800] "GET /InternetTrading/longpoll/51803?X-Atmosphere-tracking-id=0&X-Atmosphere-Framework=2.2.3-javascript&X-Atmosphere-Transport=long-polling&X-Atmosphere-TrackMessageSize=true&Content-Type=charset%3Dutf-8&X-atmo-protocol=true&_=1765935100939 HTTP/1.1" 200 -
121.204.201.197 - - [17/Dec/2025:09:27:36 +0800] "GET /InternetTrading/longpoll/55955?X-Atmosphere-tracking-id=0&X-Atmosphere-Framework=2.2.3-javascript&X-Atmosphere-Transport=long-polling&X-Atmosphere-TrackMessageSize=true&Content-Type=charset%3Dutf-8&X-atmo-protocol=true&_=1765935099022 HTTP/1.1" 200 -
113.196.56.150 - - [17/Dec/2025:09:27:30 +0800] "GET /logs/secure_ssl_request_log.20240815 HTTP/1.1" 200 5706809
113.196.56.150 - - [17/Dec/2025:09:27:34 +0800] "GET /logs/secure_ssl_request_log.20250626 HTTP/1.1" 200 8419627
113.196.56.150 - - [17/Dec/2025:09:27:36 +0800] "GET /logs/secure_access_log.20241214 HTTP/1.1" 200 35400
14.0.224.36 - - [17/Dec/2025:09:27:37 +0800] "POST /InternetTrading/SessionErrorLogger HTTP/1.1" 200 117
14.0.224.36 - - [17/Dec/2025:09:27:37 +0800] "GET /InternetTrading/tc/sell_ticket.html? HTTP/1.1" 200 2261
14.0.224.36 - - [17/Dec/2025:09:27:37 +0800] "POST /InternetTrading/SessionErrorLogger HTTP/1.1" 200 117
14.0.224.36 - - [17/Dec/2025:09:27:37 +0800] "POST /InternetTrading/MarketStatus HTTP/1.1" 200 772
14.0.224.36 - - [17/Dec/2025:09:27:37 +0800] "POST /InternetTrading/SessionErrorLogger HTTP/1.1" 200 117
14.0.224.36 - - [17/Dec/2025:09:27:37 +0800] "POST /InternetTrading/MarketStatus HTTP/1.1" 200 772
14.0.224.36 - - [17/Dec/2025:09:27:37 +0800] "POST /InternetTrading/SessionErrorLogger HTTP/1.1" 200 117
14.0.224.36 - - [17/Dec/2025:09:27:37 +0800] "POST /InternetTrading/SessionErrorLogger HTTP/1.1" 200 117
14.0.224.36 - - [17/Dec/2025:09:27:37 +0800] "POST /InternetTrading/Product HTTP/1.1" 200 307
14.0.224.36 - - [17/Dec/2025:09:27:37 +0800] "POST /InternetTrading/OrderMaxQuantity HTTP/1.1" 200 7
61.239.100.147 - - [17/Dec/2025:09:27:37 +0800] "GET /InternetTrading/longpoll/13925?X-Atmosphere-tracking-id=0&X-Atmosphere-Framework=2.2.3-javascript&X-Atmosphere-Transport=long-polling&X-Atmosphere-TrackMessageSize=true&Content-Type=charset%3Dutf-8&X-atmo-protocol=true&_=1765935100450 HTTP/1.1" 200 -
119.34.176.224 - - [17/Dec/2025:09:27:37 +0800] "GET /InternetTrading/longpoll/13979?X-Atmosphere-tracking-id=0&X-Atmosphere-Framework=2.2.3-javascript&X-Atmosphere-Transport=long-polling&X-Atmosphere-TrackMessageSize=true&Content-Type=charset%3Dutf-8&X-atmo-protocol=true&_=1765935102765 HTTP/1.1" 200 -
113.196.56.150 - - [17/Dec/2025:09:27:37 +0800] "GET /logs/secure_ssl_request_log.20241109 HTTP/1.1" 200 130597
14.0.224.36 - - [17/Dec/2025:09:27:38 +0800] "GET /InternetTrading/longpoll/A8127?X-Atmosphere-tracking-id=0&X-Atmosphere-Framework=2.2.3-javascript&X-Atmosphere-Transport=long-polling&X-Atmosphere-TrackMessageSize=true&Content-Type=charset%3Dutf-8&X-atmo-protocol=true&_=1765935103302 HTTP/1.1" 200 -
113.196.56.150 - - [17/Dec/2025:09:27:38 +0800] "GET /logs/secure_ssl_request_log.20250426 HTTP/1.1" 200 33366
113.196.56.150 - - [17/Dec/2025:09:27:36 +0800] "GET /logs/secure_access_log.20250509 HTTP/1.1" 200 4232749
113.196.56.150 - - [17/Dec/2025:09:27:38 +0800] "GET /logs/access.log.1741996800 HTTP/1.1" 200 -
58.152.215.40 - - [17/Dec/2025:09:27:38 +0800] "GET /InternetTrading/longpoll/55136?X-Atmosphere-tracking-id=0&X-Atmosphere-Framework=2.2.3-javascript&X-Atmosphere-Transport=long-polling&X-Atmosphere-TrackMessageSize=true&Content-Type=charset%3Dutf-8&X-atmo-protocol=true&_=1765935101366 HTTP/1.1" 200 -
119.136.155.219 - - [17/Dec/2025:09:27:38 +0800] "GET /InternetTrading/longpoll/51803?X-Atmosphere-tracking-id=0&X-Atmosphere-Framework=2.2.3-javascript&X-Atmosphere-Transport=long-polling&X-Atmosphere-TrackMessageSize=true&Content-Type=charset%3Dutf-8&X-atmo-protocol=true&_=1765935106008 HTTP/1.1" 200 -
113.196.56.150 - - [17/Dec/2025:09:27:38 +0800] "GET /logs/secure_access_log.20250118 HTTP/1.1" 200 52811
113.196.56.150 - - [17/Dec/2025:09:27:33 +0800] "GET /logs/secure_ssl_request_log.20250409 HTTP/1.1" 200 5885246
113.196.56.150 - - [17/Dec/2025:09:27:39 +0800] "GET /logs/secure_ssl_request_log.20240904 HTTP/1.1" 200 5497770
113.196.56.150 - - [17/Dec/2025:09:27:38 +0800] "GET /logs/secure_ssl_request_log.20250417 HTTP/1.1" 200 7929370
113.196.56.150 - - [17/Dec/2025:09:27:38 +0800] "GET /logs/secure_access_log.20250527 HTTP/1.1" 200 6119307
119.136.155.219 - - [17/Dec/2025:09:27:40 +0800] "POST /InternetTrading/SessionErrorLogger HTTP/1.1" 200 117
119.136.155.219 - - [17/Dec/2025:09:27:40 +0800] "POST /InternetTrading/Heartbeat HTTP/1.1" 200 32
119.136.155.219 - - [17/Dec/2025:09:27:40 +0800] "POST /InternetTrading/SessionErrorLogger HTTP/1.1" 200 117
119.136.155.219 - - [17/Dec/2025:09:27:40 +0800] "POST /InternetTrading/MarketStatus HTTP/1.1" 200 772
113.196.56.150 - - [17/Dec/2025:09:27:39 +0800] "GET /logs/secure_access_log.20241029 HTTP/1.1" 200 7292880
113.196.56.150 - - [17/Dec/2025:09:27:40 +0800] "GET /logs/secure_access_log.20251102 HTTP/1.1" 200 38806
58.152.215.40 - - [17/Dec/2025:09:27:40 +0800] "POST /InternetTrading/SessionErrorLogger HTTP/1.1" 200 117
58.152.215.40 - - [17/Dec/2025:09:27:40 +0800] "POST /InternetTrading/Heartbeat HTTP/1.1" 200 32
58.152.215.40 - - [17/Dec/2025:09:27:40 +0800] "POST /InternetTrading/SessionErrorLogger HTTP/1.1" 200 117
58.152.215.40 - - [17/Dec/2025:09:27:40 +0800] "POST /InternetTrading/MarketStatus HTTP/1.1" 200 772
113.196.56.150 - - [17/Dec/2025:09:27:38 +0800] "GET /logs/secure_ssl_request_log.20250307 HTTP/1.1" 200 9788447
113.196.56.150 - - [17/Dec/2025:09:27:40 +0800] "GET /logs/secure_access_log.20250728 HTTP/1.1" 200 9383290
121.204.201.197 - - [17/Dec/2025:09:27:41 +0800] "GET /InternetTrading/longpoll/55955?X-Atmosphere-tracking-id=0&X-Atmosphere-Framework=2.2.3-javascript&X-Atmosphere-Transport=long-polling&X-Atmosphere-TrackMessageSize=true&Content-Type=charset%3Dutf-8&X-atmo-protocol=true&_=1765935104107 HTTP/1.1" 200 -
113.196.56.150 - - [17/Dec/2025:09:27:39 +0800] "GET /logs/secure_access_log.20250206 HTTP/1.1" 200 7013387
113.196.56.150 - - [17/Dec/2025:09:27:41 +0800] "GET /logs/secure_ssl_request_log.20240818 HTTP/1.1" 200 20430
113.196.56.150 - - [17/Dec/2025:09:27:40 +0800] "GET /logs/secure_ssl_request_log.20250715 HTTP/1.1" 200 15564761
113.196.56.150 - - [17/Dec/2025:09:27:41 +0800] "GET /logs/secure_ssl_request_log.20251105 HTTP/1.1" 200 8255742
113.196.56.150 - - [17/Dec/2025:09:27:41 +0800] "GET /logs/secure_ssl_request_log.20250619 HTTP/1.1" 200 3681353
113.196.56.150 - - [17/Dec/2025:09:27:41 +0800] "GET /logs/secure_ssl_request_log.20250910 HTTP/1.1" 200 11283705
113.196.56.150 - - [17/Dec/2025:09:27:42 +0800] "GET /logs/secure_access_log.20250715 HTTP/1.1" 200 13679873
113.196.56.150 - - [17/Dec/2025:09:27:41 +0800] "GET /logs/secure_ssl_request_log.20241101 HTTP/1.1" 200 8031460
119.34.176.224 - - [17/Dec/2025:09:27:42 +0800] "GET /InternetTrading/longpoll/13979?X-Atmosphere-tracking-id=0&X-Atmosphere-Framework=2.2.3-javascript&X-Atmosphere-Transport=long-polling&X-Atmosphere-TrackMessageSize=true&Content-Type=charset%3Dutf-8&X-atmo-protocol=true&_=1765935107850 HTTP/1.1" 200 -
14.0.224.36 - - [17/Dec/2025:09:27:42 +0800] "POST /InternetTrading/SessionErrorLogger HTTP/1.1" 200 117
14.0.224.36 - - [17/Dec/2025:09:27:42 +0800] "POST /InternetTrading/LoginKey HTTP/1.1" 200 -
14.0.224.36 - - [17/Dec/2025:09:27:42 +0800] "GET /InternetTrading/jquery/wait.gif HTTP/1.1" 200 432
14.0.224.36 - - [17/Dec/2025:09:27:42 +0800] "POST /InternetTrading/PreOrder HTTP/1.1" 200 1210
113.196.56.150 - - [17/Dec/2025:09:27:41 +0800] "GET /logs/secure_ssl_request_log.20251101 HTTP/1.1" 200 1003383
113.196.56.150 - - [17/Dec/2025:09:27:41 +0800] "GET /logs/secure_ssl_request_log.20250807 HTTP/1.1" 200 11392017
14.0.224.36 - - [17/Dec/2025:09:27:43 +0800] "GET /InternetTrading/longpoll/A8127?X-Atmosphere-tracking-id=0&X-Atmosphere-Framework=2.2.3-javascript&X-Atmosphere-Transport=long-polling&X-Atmosphere-TrackMessageSize=true&Content-Type=charset%3Dutf-8&X-atmo-protocol=true&_=1765935108387 HTTP/1.1" 200 -
113.196.56.150 - - [17/Dec/2025:09:27:43 +0800] "GET /logs/secure_access_log.20241130 HTTP/1.1" 200 89051
58.152.215.40 - - [17/Dec/2025:09:27:43 +0800] "GET /InternetTrading/longpoll/55136?X-Atmosphere-tracking-id=0&X-Atmosphere-Framework=2.2.3-javascript&X-Atmosphere-Transport=long-polling&X-Atmosphere-TrackMessageSize=true&Content-Type=charset%3Dutf-8&X-atmo-protocol=true&_=1765935106414 HTTP/1.1" 200 -
61.239.100.147 - - [17/Dec/2025:09:27:43 +0800] "GET /InternetTrading/longpoll/13925?X-Atmosphere-tracking-id=0&X-Atmosphere-Framework=2.2.3-javascript&X-Atmosphere-Transport=long-polling&X-Atmosphere-TrackMessageSize=true&Content-Type=charset%3Dutf-8&X-atmo-protocol=true&_=1765935106447 HTTP/1.1" 200 -
113.196.56.150 - - [17/Dec/2025:09:27:43 +0800] "GET /logs/secure_ssl_request_log.20250322 HTTP/1.1" 200 43484
113.196.56.150 - - [17/Dec/2025:09:27:43 +0800] "GET /logs/secure_ssl_request_log.20251120 HTTP/1.1" 200 8280984
113.196.56.150 - - [17/Dec/2025:09:27:41 +0800] "GET /logs/secure_access_log.20241014 HTTP/1.1" 200 10537628
14.0.224.36 - - [17/Dec/2025:09:27:43 +0800] "POST /InternetTrading/SessionErrorLogger HTTP/1.1" 200 117
14.0.224.36 - - [17/Dec/2025:09:27:43 +0800] "GET /InternetTrading/Csrf?url=/Order HTTP/1.1" 200 126
119.136.155.219 - - [17/Dec/2025:09:27:43 +0800] "GET /InternetTrading/longpoll/51803?X-Atmosphere-tracking-id=0&X-Atmosphere-Framework=2.2.3-javascript&X-Atmosphere-Transport=long-polling&X-Atmosphere-TrackMessageSize=true&Content-Type=charset%3Dutf-8&X-atmo-protocol=true&_=1765935111076 HTTP/1.1" 200 -
14.0.224.36 - - [17/Dec/2025:09:27:43 +0800] "POST /InternetTrading/SessionErrorLogger HTTP/1.1" 200 117
14.0.224.36 - - [17/Dec/2025:09:27:43 +0800] "POST /InternetTrading/LoginKey HTTP/1.1" 200 -
14.0.224.36 - - [17/Dec/2025:09:27:43 +0800] "POST /InternetTrading/SessionErrorLogger HTTP/1.1" 200 117
119.34.176.224 - - [17/Dec/2025:09:27:43 +0800] "POST /InternetTrading/SessionErrorLogger HTTP/1.1" 200 117
14.0.224.36 - - [17/Dec/2025:09:27:43 +0800] "POST /InternetTrading/Order?csrf_nonce=49AEAD017144F25A460DD65CBBCEE8E5 HTTP/1.1" 200 1019
119.34.176.224 - - [17/Dec/2025:09:27:43 +0800] "POST /InternetTrading/Heartbeat HTTP/1.1" 200 32
113.196.56.150 - - [17/Dec/2025:09:27:42 +0800] "GET /logs/secure_access_log.20240729 HTTP/1.1" 200 6463164
14.0.224.36 - - [17/Dec/2025:09:27:43 +0800] "POST /InternetTrading/SessionErrorLogger HTTP/1.1" 200 117
14.0.224.36 - - [17/Dec/2025:09:27:44 +0800] "GET /InternetTrading/tc/sell_ticket.html? HTTP/1.1" 200 2261
113.196.56.150 - - [17/Dec/2025:09:27:39 +0800] "GET /logs/secure_ssl_request_log.20240926 HTTP/1.1" 200 10292211
14.0.224.36 - - [17/Dec/2025:09:27:44 +0800] "POST /InternetTrading/SessionErrorLogger HTTP/1.1" 200 117
14.0.224.36 - - [17/Dec/2025:09:27:44 +0800] "POST /InternetTrading/MarketStatus HTTP/1.1" 200 772
14.0.224.36 - - [17/Dec/2025:09:27:44 +0800] "POST /InternetTrading/SessionErrorLogger HTTP/1.1" 200 117
14.0.224.36 - - [17/Dec/2025:09:27:44 +0800] "POST /InternetTrading/SessionErrorLogger HTTP/1.1" 200 117
14.0.224.36 - - [17/Dec/2025:09:27:44 +0800] "POST /InternetTrading/MarketStatus HTTP/1.1" 200 772
14.0.224.36 - - [17/Dec/2025:09:27:44 +0800] "POST /InternetTrading/Heartbeat HTTP/1.1" 200 32
113.196.56.150 - - [17/Dec/2025:09:27:42 +0800] "GET /logs/secure_access_log.20250116 HTTP/1.1" 200 3529014
113.196.56.150 - - [17/Dec/2025:09:27:44 +0800] "GET /logs/secure_ssl_request_log.20240802 HTTP/1.1" 200 5670954
113.196.56.150 - - [17/Dec/2025:09:27:44 +0800] "GET /logs/secure_access_log.20250810 HTTP/1.1" 200 53804
113.196.56.150 - - [17/Dec/2025:09:27:43 +0800] "GET /logs/secure_ssl_request_log.20240919 HTTP/1.1" 200 7005312
113.196.56.150 - - [17/Dec/2025:09:27:44 +0800] "GET /logs/secure_access_log.20241019 HTTP/1.1" 200 156070
113.196.56.150 - - [17/Dec/2025:09:27:43 +0800] "GET /logs/secure_ssl_request_log.20250210 HTTP/1.1" 200 9179477
113.196.56.150 - - [17/Dec/2025:09:27:42 +0800] "GET /logs/secure_access_log.20240820 HTTP/1.1" 200 6174731
113.196.56.150 - - [17/Dec/2025:09:27:43 +0800] "GET /logs/secure_ssl_request_log.20251030 HTTP/1.1" 200 12485070
113.196.56.150 - - [17/Dec/2025:09:27:45 +0800] "GET /logs/secure_access_log.20250520 HTTP/1.1" 200 7836262
14.0.224.36 - - [17/Dec/2025:09:27:46 +0800] "GET /InternetTrading/jquery/wait.gif HTTP/1.1" 200 432
14.0.224.36 - - [17/Dec/2025:09:27:46 +0800] "POST /InternetTrading/SessionErrorLogger HTTP/1.1" 200 117
14.0.224.36 - - [17/Dec/2025:09:27:46 +0800] "POST /InternetTrading/Orderbook HTTP/1.1" 200 1647
121.204.201.197 - - [17/Dec/2025:09:27:46 +0800] "GET /InternetTrading/longpoll/55955?X-Atmosphere-tracking-id=0&X-Atmosphere-Framework=2.2.3-javascript&X-Atmosphere-Transport=long-polling&X-Atmosphere-TrackMessageSize=true&Content-Type=charset%3Dutf-8&X-atmo-protocol=true&_=1765935109334 HTTP/1.1" 200 -
113.196.56.150 - - [17/Dec/2025:09:27:45 +0800] "GET /logs/secure_ssl_request_log.20250808 HTTP/1.1" 200 11818657
119.34.176.224 - - [17/Dec/2025:09:27:46 +0800] "POST /InternetTrading/SessionErrorLogger HTTP/1.1" 200 117
119.34.176.224 - - [17/Dec/2025:09:27:46 +0800] "POST /InternetTrading/MarketStatus HTTP/1.1" 200 772
113.196.56.150 - - [17/Dec/2025:09:27:47 +0800] "GET /logs/secure_ssl_request_log.20250615 HTTP/1.1" 200 47705
119.34.176.224 - - [17/Dec/2025:09:27:47 +0800] "GET /InternetTrading/longpoll/13979?X-Atmosphere-tracking-id=0&X-Atmosphere-Framework=2.2.3-javascript&X-Atmosphere-Transport=long-polling&X-Atmosphere-TrackMessageSize=true&Content-Type=charset%3Dutf-8&X-atmo-protocol=true&_=1765935112939 HTTP/1.1" 200 -
113.196.56.150 - - [17/Dec/2025:09:27:47 +0800] "GET /logs/secure_access_log.20240924 HTTP/1.1" 200 5358737
14.0.224.36 - - [17/Dec/2025:09:27:48 +0800] "GET /InternetTrading/longpoll/A8127?X-Atmosphere-tracking-id=0&X-Atmosphere-Framework=2.2.3-javascript&X-Atmosphere-Transport=long-polling&X-Atmosphere-TrackMessageSize=true&Content-Type=charset%3Dutf-8&X-atmo-protocol=true&_=1765935113500 HTTP/1.1" 200 -
58.152.215.40 - - [17/Dec/2025:09:27:48 +0800] "GET /InternetTrading/longpoll/55136?X-Atmosphere-tracking-id=0&X-Atmosphere-Framework=2.2.3-javascript&X-Atmosphere-Transport=long-polling&X-Atmosphere-TrackMessageSize=true&Content-Type=charset%3Dutf-8&X-atmo-protocol=true&_=1765935111428 HTTP/1.1" 200 -
113.196.56.150 - - [17/Dec/2025:09:27:47 +0800] "GET /logs/secure_ssl_request_log.20240830 HTTP/1.1" 200 4719001
119.136.155.219 - - [17/Dec/2025:09:27:48 +0800] "GET /InternetTrading/longpoll/51803?X-Atmosphere-tracking-id=0&X-Atmosphere-Framework=2.2.3-javascript&X-Atmosphere-Transport=long-polling&X-Atmosphere-TrackMessageSize=true&Content-Type=charset%3Dutf-8&X-atmo-protocol=true&_=1765935116101 HTTP/1.1" 200 -
113.196.56.150 - - [17/Dec/2025:09:27:47 +0800] "GET /logs/secure_access_log.20251101 HTTP/1.1" 200 813723
113.196.56.150 - - [17/Dec/2025:09:27:47 +0800] "GET /logs/secure_access_log.20250123 HTTP/1.1" 200 4157574
61.239.100.147 - - [17/Dec/2025:09:27:49 +0800] "POST /InternetTrading/SessionErrorLogger HTTP/1.1" 200 117
61.239.100.147 - - [17/Dec/2025:09:27:49 +0800] "POST /InternetTrading/MarketStatus HTTP/1.1" 200 772
61.239.100.147 - - [17/Dec/2025:09:27:49 +0800] "POST /InternetTrading/SessionErrorLogger HTTP/1.1" 200 117
61.239.100.147 - - [17/Dec/2025:09:27:49 +0800] "GET /InternetTrading/longpoll/13925?X-Atmosphere-tracking-id=0&X-Atmosphere-Framework=2.2.3-javascript&X-Atmosphere-Transport=long-polling&X-Atmosphere-TrackMessageSize=true&Content-Type=charset%3Dutf-8&X-atmo-protocol=true&_=1765935112503 HTTP/1.1" 200 -
61.239.100.147 - - [17/Dec/2025:09:27:49 +0800] "POST /InternetTrading/Heartbeat HTTP/1.1" 200 32
113.196.56.150 - - [17/Dec/2025:09:27:49 +0800] "GET /logs/secure_ssl_request_log.20251204 HTTP/1.1" 200 9665089
113.196.56.150 - - [17/Dec/2025:09:27:48 +0800] "GET /logs/secure_ssl_request_log.20250120 HTTP/1.1" 200 5827410
113.196.56.150 - - [17/Dec/2025:09:27:48 +0800] "GET /logs/secure_ssl_request_log.20240910 HTTP/1.1" 200 6565176
113.196.56.150 - - [17/Dec/2025:09:27:50 +0800] "GET /logs/secure_access_log.20251018 HTTP/1.1" 200 163140
113.196.56.150 - - [17/Dec/2025:09:27:46 +0800] "GET /logs/secure_access_log.20241218 HTTP/1.1" 200 6728242
121.204.201.197 - - [17/Dec/2025:09:27:51 +0800] "GET /InternetTrading/longpoll/55955?X-Atmosphere-tracking-id=0&X-Atmosphere-Framework=2.2.3-javascript&X-Atmosphere-Transport=long-polling&X-Atmosphere-TrackMessageSize=true&Content-Type=charset%3Dutf-8&X-atmo-protocol=true&_=1765935114502 HTTP/1.1" 200 -
113.196.56.150 - - [17/Dec/2025:09:27:52 +0800] "GET /logs/secure_access_log.20241231 HTTP/1.1" 200 3638760
119.34.176.224 - - [17/Dec/2025:09:27:52 +0800] "GET /InternetTrading/longpoll/13979?X-Atmosphere-tracking-id=0&X-Atmosphere-Framework=2.2.3-javascript&X-Atmosphere-Transport=long-polling&X-Atmosphere-TrackMessageSize=true&Content-Type=charset%3Dutf-8&X-atmo-protocol=true&_=1765935117971 HTTP/1.1" 200 -
58.152.215.40 - - [17/Dec/2025:09:27:53 +0800] "GET /InternetTrading/longpoll/55136?X-Atmosphere-tracking-id=0&X-Atmosphere-Framework=2.2.3-javascript&X-Atmosphere-Transport=long-polling&X-Atmosphere-TrackMessageSize=true&Content-Type=charset%3Dutf-8&X-atmo-protocol=true&_=1765935116442 HTTP/1.1" 200 -
14.0.224.36 - - [17/Dec/2025:09:27:53 +0800] "GET /InternetTrading/longpoll/A8127?X-Atmosphere-tracking-id=0&X-Atmosphere-Framework=2.2.3-javascript&X-Atmosphere-Transport=long-polling&X-Atmosphere-TrackMessageSize=true&Content-Type=charset%3Dutf-8&X-atmo-protocol=true&_=1765935118585 HTTP/1.1" 200 -
113.196.56.150 - - [17/Dec/2025:09:27:53 +0800] "GET /logs/secure_ssl_request_log.20240716 HTTP/1.1" 200 7339
113.196.56.150 - - [17/Dec/2025:09:27:53 +0800] "GET /logs/secure_access_log.20250510 HTTP/1.1" 200 39183
119.136.155.219 - - [17/Dec/2025:09:27:53 +0800] "GET /InternetTrading/longpoll/51803?X-Atmosphere-tracking-id=0&X-Atmosphere-Framework=2.2.3-javascript&X-Atmosphere-Transport=long-polling&X-Atmosphere-TrackMessageSize=true&Content-Type=charset%3Dutf-8&X-atmo-protocol=true&_=1765935121168 HTTP/1.1" 200 -
113.196.56.150 - - [17/Dec/2025:09:27:54 +0800] "GET /logs/access.log.1742601600 HTTP/1.1" 200 -
113.196.56.150 - - [17/Dec/2025:09:27:53 +0800] "GET /logs/secure_access_log.20251014 HTTP/1.1" 200 11775349
113.196.56.150 - - [17/Dec/2025:09:27:54 +0800] "GET /logs/secure_access_log.20250223 HTTP/1.1" 200 55516
113.196.56.150 - - [17/Dec/2025:09:27:53 +0800] "GET /logs/secure_access_log.20240809 HTTP/1.1" 200 3562445
61.239.100.147 - - [17/Dec/2025:09:27:55 +0800] "GET /InternetTrading/longpoll/13925?X-Atmosphere-tracking-id=0&X-Atmosphere-Framework=2.2.3-javascript&X-Atmosphere-Transport=long-polling&X-Atmosphere-TrackMessageSize=true&Content-Type=charset%3Dutf-8&X-atmo-protocol=true&_=1765935118441 HTTP/1.1" 200 -
113.196.56.150 - - [17/Dec/2025:09:27:53 +0800] "GET /logs/secure_access_log.20250807 HTTP/1.1" 200 9996501
113.196.56.150 - - [17/Dec/2025:09:27:56 +0800] "GET /logs/secure_access_log.20250302 HTTP/1.1" 200 32909
113.196.56.150 - - [17/Dec/2025:09:27:54 +0800] "GET /logs/secure_access_log.20240913 HTTP/1.1" 200 4575233
121.204.201.197 - - [17/Dec/2025:09:27:56 +0800] "GET /InternetTrading/longpoll/55955?X-Atmosphere-tracking-id=0&X-Atmosphere-Framework=2.2.3-javascript&X-Atmosphere-Transport=long-polling&X-Atmosphere-TrackMessageSize=true&Content-Type=charset%3Dutf-8&X-atmo-protocol=true&_=1765935119662 HTTP/1.1" 200 -
113.196.56.150 - - [17/Dec/2025:09:27:56 +0800] "GET /logs/secure_access_log.20251023 HTTP/1.1" 200 7617123
113.196.56.150 - - [17/Dec/2025:09:27:58 +0800] "GET /logs/secure_ssl_request_log.20241026 HTTP/1.1" 200 100356
113.196.56.150 - - [17/Dec/2025:09:27:58 +0800] "GET /logs/secure_access_log.20241225 HTTP/1.1" 200 41782
119.34.176.224 - - [17/Dec/2025:09:27:58 +0800] "GET /InternetTrading/longpoll/13979?X-Atmosphere-tracking-id=0&X-Atmosphere-Framework=2.2.3-javascript&X-Atmosphere-Transport=long-polling&X-Atmosphere-TrackMessageSize=true&Content-Type=charset%3Dutf-8&X-atmo-protocol=true&_=1765935123080 HTTP/1.1" 200 -
58.152.215.40 - - [17/Dec/2025:09:27:58 +0800] "GET /InternetTrading/longpoll/55136?X-Atmosphere-tracking-id=0&X-Atmosphere-Framework=2.2.3-javascript&X-Atmosphere-Transport=long-polling&X-Atmosphere-TrackMessageSize=true&Content-Type=charset%3Dutf-8&X-atmo-protocol=true&_=1765935121469 HTTP/1.1" 200 -
14.0.224.36 - - [17/Dec/2025:09:27:58 +0800] "GET /InternetTrading/longpoll/A8127?X-Atmosphere-tracking-id=0&X-Atmosphere-Framework=2.2.3-javascript&X-Atmosphere-Transport=long-polling&X-Atmosphere-TrackMessageSize=true&Content-Type=charset%3Dutf-8&X-atmo-protocol=true&_=1765935123742 HTTP/1.1" 200 -
113.196.56.150 - - [17/Dec/2025:09:27:58 +0800] "GET /logs/secure_access_log.20250218 HTTP/1.1" 200 7535332
113.196.56.150 - - [17/Dec/2025:09:27:57 +0800] "GET /logs/secure_access_log.20241002 HTTP/1.1" 200 11196072
119.136.155.219 - - [17/Dec/2025:09:27:58 +0800] "GET /InternetTrading/longpoll/51803?X-Atmosphere-tracking-id=0&X-Atmosphere-Framework=2.2.3-javascript&X-Atmosphere-Transport=long-polling&X-Atmosphere-TrackMessageSize=true&Content-Type=charset%3Dutf-8&X-atmo-protocol=true&_=1765935126238 HTTP/1.1" 200 -
113.196.56.150 - - [17/Dec/2025:09:27:58 +0800] "GET /logs/secure_access_log.20250319 HTTP/1.1" 200 9214554
113.196.56.150 - - [17/Dec/2025:09:28:00 +0800] "GET /logs/secure_access_log.20240720 HTTP/1.1" 200 51706
113.196.56.150 - - [17/Dec/2025:09:27:59 +0800] "GET /logs/secure_ssl_request_log.20240902 HTTP/1.1" 200 4762245
113.196.56.150 - - [17/Dec/2025:09:28:00 +0800] "GET /logs/secure_access_log.20241005 HTTP/1.1" 200 167442
113.196.56.150 - - [17/Dec/2025:09:27:59 +0800] "GET /logs/secure_ssl_request_log.20250211 HTTP/1.1" 200 6705695
113.196.56.150 - - [17/Dec/2025:09:27:59 +0800] "GET /logs/secure_access_log.20251031 HTTP/1.1" 200 8646495
113.196.56.150 - - [17/Dec/2025:09:28:00 +0800] "GET /logs/secure_ssl_request_log.20241013 HTTP/1.1" 200 114382
113.196.56.150 - - [17/Dec/2025:09:27:58 +0800] "GET /logs/secure_ssl_request_log.20250311 HTTP/1.1" 200 9744293
61.239.100.147 - - [17/Dec/2025:09:28:01 +0800] "GET /InternetTrading/longpoll/13925?X-Atmosphere-tracking-id=0&X-Atmosphere-Framework=2.2.3-javascript&X-Atmosphere-Transport=long-polling&X-Atmosphere-TrackMessageSize=true&Content-Type=charset%3Dutf-8&X-atmo-protocol=true&_=1765935124446 HTTP/1.1" 200 -
121.204.201.197 - - [17/Dec/2025:09:28:01 +0800] "POST /InternetTrading/SessionErrorLogger HTTP/1.1" 200 117
121.204.201.197 - - [17/Dec/2025:09:28:01 +0800] "POST /InternetTrading/Heartbeat HTTP/1.1" 200 32
121.204.201.197 - - [17/Dec/2025:09:28:01 +0800] "GET /InternetTrading/longpoll/55955?X-Atmosphere-tracking-id=0&X-Atmosphere-Framework=2.2.3-javascript&X-Atmosphere-Transport=long-polling&X-Atmosphere-TrackMessageSize=true&Content-Type=charset%3Dutf-8&X-atmo-protocol=true&_=1765935124872 HTTP/1.1" 200 -
121.204.201.197 - - [17/Dec/2025:09:28:01 +0800] "POST /InternetTrading/SessionErrorLogger HTTP/1.1" 200 117
113.196.56.150 - - [17/Dec/2025:09:28:01 +0800] "GET /logs/secure_ssl_request_log.20240804 HTTP/1.1" 200 21137
121.204.201.197 - - [17/Dec/2025:09:28:02 +0800] "POST /InternetTrading/MarketStatus HTTP/1.1" 200 772
113.196.56.150 - - [17/Dec/2025:09:28:00 +0800] "GET /logs/secure_access_log.20250804 HTTP/1.1" 200 8345738
113.196.56.150 - - [17/Dec/2025:09:28:02 +0800] "GET /logs/secure_ssl_request_log.20251213 HTTP/1.1" 200 282270
119.34.176.224 - - [17/Dec/2025:09:28:03 +0800] "GET /InternetTrading/longpoll/13979?X-Atmosphere-tracking-id=0&X-Atmosphere-Framework=2.2.3-javascript&X-Atmosphere-Transport=long-polling&X-Atmosphere-TrackMessageSize=true&Content-Type=charset%3Dutf-8&X-atmo-protocol=true&_=1765935128464 HTTP/1.1" 200 -
58.152.215.40 - - [17/Dec/2025:09:28:03 +0800] "GET /InternetTrading/longpoll/55136?X-Atmosphere-tracking-id=0&X-Atmosphere-Framework=2.2.3-javascript&X-Atmosphere-Transport=long-polling&X-Atmosphere-TrackMessageSize=true&Content-Type=charset%3Dutf-8&X-atmo-protocol=true&_=1765935126487 HTTP/1.1" 200 -
113.196.56.150 - - [17/Dec/2025:09:27:59 +0800] "GET /logs/secure_ssl_request_log.20241015 HTTP/1.1" 200 15556208
14.0.224.36 - - [17/Dec/2025:09:28:03 +0800] "GET /InternetTrading/longpoll/A8127?X-Atmosphere-tracking-id=0&X-Atmosphere-Framework=2.2.3-javascript&X-Atmosphere-Transport=long-polling&X-Atmosphere-TrackMessageSize=true&Content-Type=charset%3Dutf-8&X-atmo-protocol=true&_=1765935128888 HTTP/1.1" 200 -
119.136.155.219 - - [17/Dec/2025:09:28:04 +0800] "GET /InternetTrading/longpoll/51803?X-Atmosphere-tracking-id=0&X-Atmosphere-Framework=2.2.3-javascript&X-Atmosphere-Transport=long-polling&X-Atmosphere-TrackMessageSize=true&Content-Type=charset%3Dutf-8&X-atmo-protocol=true&_=1765935131303 HTTP/1.1" 200 -
113.196.56.150 - - [17/Dec/2025:09:28:03 +0800] "GET /logs/secure_access_log.20251106 HTTP/1.1" 200 8835809
113.196.56.150 - - [17/Dec/2025:09:28:04 +0800] "GET /logs/secure_ssl_request_log.20250402 HTTP/1.1" 200 8422972
113.196.56.150 - - [17/Dec/2025:09:28:04 +0800] "GET /logs/secure_access_log.20240907 HTTP/1.1" 200 6437695
113.196.56.150 - - [17/Dec/2025:09:28:01 +0800] "GET /logs/secure_ssl_request_log.20240820 HTTP/1.1" 200 6931977
113.196.56.150 - - [17/Dec/2025:09:28:04 +0800] "GET /logs/secure_ssl_request_log.20240920 HTTP/1.1" 200 8394279
113.196.56.150 - - [17/Dec/2025:09:28:06 +0800] "GET /logs/secure_ssl_request_log.20241028 HTTP/1.1" 200 11596400
121.204.201.197 - - [17/Dec/2025:09:28:07 +0800] "GET /InternetTrading/longpoll/55955?X-Atmosphere-tracking-id=0&X-Atmosphere-Framework=2.2.3-javascript&X-Atmosphere-Transport=long-polling&X-Atmosphere-TrackMessageSize=true&Content-Type=charset%3Dutf-8&X-atmo-protocol=true&_=1765935130063 HTTP/1.1" 200 -
113.196.56.150 - - [17/Dec/2025:09:28:07 +0800] "GET /logs/secure_ssl_request_log.20250111 HTTP/1.1" 200 18718
113.196.56.150 - - [17/Dec/2025:09:28:07 +0800] "GET /logs/secure_access_log.20250416 HTTP/1.1" 200 6272536
113.196.56.150 - - [17/Dec/2025:09:28:07 +0800] "GET /logs/secure_access_log.20241229 HTTP/1.1" 200 30589
61.239.100.147 - - [17/Dec/2025:09:28:07 +0800] "GET /InternetTrading/longpoll/13925?X-Atmosphere-tracking-id=0&X-Atmosphere-Framework=2.2.3-javascript&X-Atmosphere-Transport=long-polling&X-Atmosphere-TrackMessageSize=true&Content-Type=charset%3Dutf-8&X-atmo-protocol=true&_=1765935130442 HTTP/1.1" 200 -
113.196.56.150 - - [17/Dec/2025:09:28:06 +0800] "GET /logs/secure_ssl_request_log.20250325 HTTP/1.1" 200 10058615
113.196.56.150 - - [17/Dec/2025:09:28:06 +0800] "GET /logs/secure_ssl_request_log.20251106 HTTP/1.1" 200 10049965
58.152.215.40 - - [17/Dec/2025:09:28:08 +0800] "GET /InternetTrading/longpoll/55136?X-Atmosphere-tracking-id=0&X-Atmosphere-Framework=2.2.3-javascript&X-Atmosphere-Transport=long-polling&X-Atmosphere-TrackMessageSize=true&Content-Type=charset%3Dutf-8&X-atmo-protocol=true&_=1765935131523 HTTP/1.1" 200 -
