14.0.224.36 - - [17/Dec/2025:09:26:04 +0800] "GET /InternetTrading/tc/images/top_menu04.jpg HTTP/1.1" 200 3430
14.0.224.36 - - [17/Dec/2025:09:26:04 +0800] "POST /InternetTrading/SessionErrorLogger HTTP/1.1" 200 117
14.0.224.36 - - [17/Dec/2025:09:26:04 +0800] "POST /InternetTrading/Orderbook HTTP/1.1" 200 1569
14.0.224.36 - - [17/Dec/2025:09:26:04 +0800] "GET /InternetTrading/jquery/wait.gif HTTP/1.1" 200 432
14.0.224.36 - - [17/Dec/2025:09:26:05 +0800] "GET /InternetTrading/longpoll/A8127?X-Atmosphere-tracking-id=0&X-Atmosphere-Framework=2.2.3-javascript&X-Atmosphere-Transport=long-polling&X-Atmosphere-TrackMessageSize=true&Content-Type=charset%3Dutf-8&X-atmo-protocol=true&_=1765935010508 HTTP/1.1" 200 -
113.196.56.150 - - [17/Dec/2025:09:26:01 +0800] "GET /modules/mod_md.so HTTP/1.1" 200 272896
113.196.56.150 - - [17/Dec/2025:09:26:05 +0800] "GET /modules/mod_auth_basic.so HTTP/1.1" 200 18432
119.34.176.224 - - [17/Dec/2025:09:26:05 +0800] "GET /InternetTrading/longpoll/13979?X-Atmosphere-tracking-id=0&X-Atmosphere-Framework=2.2.3-javascript&X-Atmosphere-Transport=long-polling&X-Atmosphere-TrackMessageSize=true&Content-Type=charset%3Dutf-8&X-atmo-protocol=true&_=1765935010462 HTTP/1.1" 200 -
113.196.56.150 - - [17/Dec/2025:09:26:05 +0800] "GET /modules/mod_isapi.so HTTP/1.1" 200 30720
113.196.56.150 - - [17/Dec/2025:09:26:05 +0800] "GET /modules/mod_env.so HTTP/1.1" 200 14336
113.196.56.150 - - [17/Dec/2025:09:26:05 +0800] "GET /modules/mod_dumpio.so HTTP/1.1" 200 15360
113.196.56.150 - - [17/Dec/2025:09:26:05 +0800] "GET /modules/mod_session.so HTTP/1.1" 200 22528
113.196.56.150 - - [17/Dec/2025:09:26:06 +0800] "GET /modules/mod_buffer.so HTTP/1.1" 200 16384
113.196.56.150 - - [17/Dec/2025:09:26:06 +0800] "GET /modules/mod_mime_magic.so HTTP/1.1" 200 29696
113.196.56.150 - - [17/Dec/2025:09:26:06 +0800] "GET /modules/mod_heartbeat.so HTTP/1.1" 200 16384
113.196.56.150 - - [17/Dec/2025:09:26:06 +0800] "GET /modules/mod_expires.so HTTP/1.1" 200 17408
14.0.224.36 - - [17/Dec/2025:09:26:06 +0800] "GET /InternetTrading/jquery/wait.gif HTTP/1.1" 200 432
14.0.224.36 - - [17/Dec/2025:09:26:06 +0800] "POST /InternetTrading/SessionErrorLogger HTTP/1.1" 200 117
113.196.56.150 - - [17/Dec/2025:09:26:06 +0800] "GET /modules/mod_proxy_hcheck.so HTTP/1.1" 200 34816
113.196.56.150 - - [17/Dec/2025:09:26:06 +0800] "GET /modules/mod_session_cookie.so HTTP/1.1" 200 15360
113.196.56.150 - - [17/Dec/2025:09:26:06 +0800] "GET /modules/mod_auth_form.so HTTP/1.1" 200 30208
113.196.56.150 - - [17/Dec/2025:09:26:06 +0800] "GET /modules/mod_http2.so HTTP/1.1" 200 197632
14.0.224.36 - - [17/Dec/2025:09:26:06 +0800] "POST /InternetTrading/OrderDetail HTTP/1.1" 200 1338
113.196.56.150 - - [17/Dec/2025:09:26:06 +0800] "GET /modules/mod_watchdog.so HTTP/1.1" 200 22528
113.196.56.150 - - [17/Dec/2025:09:26:06 +0800] "GET /modules/mod_socache_dbm.so HTTP/1.1" 200 19456
113.196.56.150 - - [17/Dec/2025:09:26:06 +0800] "GET /modules/mod_jk.so HTTP/1.1" 200 386560
113.196.56.150 - - [17/Dec/2025:09:26:06 +0800] "GET /modules/mod_dbd.so HTTP/1.1" 200 23040
113.196.56.150 - - [17/Dec/2025:09:26:06 +0800] "GET /modules/mod_lua.so HTTP/1.1" 200 100352
14.0.224.36 - - [17/Dec/2025:09:26:06 +0800] "GET /InternetTrading/jquery/images/ui-bg_glass_75_e6e6e6_1x400.png HTTP/1.1" 200 262
113.196.56.150 - - [17/Dec/2025:09:26:06 +0800] "GET /modules/mod_headers.so HTTP/1.1" 200 23552
113.196.56.150 - - [17/Dec/2025:09:26:06 +0800] "GET /modules/mod_authn_anon.so HTTP/1.1" 200 13824
113.196.56.150 - - [17/Dec/2025:09:26:06 +0800] "GET /modules/mod_socache_shmcb.so HTTP/1.1" 200 25600
14.0.224.36 - - [17/Dec/2025:09:26:06 +0800] "GET /InternetTrading/jquery/images/ui-bg_glass_75_dadada_1x400.png HTTP/1.1" 200 262
14.0.224.36 - - [17/Dec/2025:09:26:06 +0800] "GET /InternetTrading/jquery/images/ui-icons_888888_256x240.png HTTP/1.1" 200 6999
113.196.56.150 - - [17/Dec/2025:09:26:06 +0800] "GET /modules/mod_log_rotate.so HTTP/1.1" 200 20480
113.196.56.150 - - [17/Dec/2025:09:26:06 +0800] "GET /modules/mod_dav_lock.so HTTP/1.1" 200 24064
113.196.56.150 - - [17/Dec/2025:09:26:06 +0800] "GET /modules/mod_proxy_http2.so HTTP/1.1" 200 52736
113.196.56.150 - - [17/Dec/2025:09:26:06 +0800] "GET /modules/mod_info.so HTTP/1.1" 200 31232
113.196.56.150 - - [17/Dec/2025:09:26:06 +0800] "GET /modules/mod_proxy_uwsgi.so HTTP/1.1" 200 21504
113.196.56.150 - - [17/Dec/2025:09:26:06 +0800] "GET /modules/mod_charset_lite.so HTTP/1.1" 200 24064
113.196.56.150 - - [17/Dec/2025:09:26:06 +0800] "GET /modules/mod_authz_core.so HTTP/1.1" 200 24576
113.196.56.150 - - [17/Dec/2025:09:26:06 +0800] "GET /modules/mod_reflector.so HTTP/1.1" 200 15360
113.196.56.150 - - [17/Dec/2025:09:26:06 +0800] "GET /modules/mod_authn_socache.so HTTP/1.1" 200 20992
113.196.56.150 - - [17/Dec/2025:09:26:06 +0800] "GET /modules/mod_unique_id.so HTTP/1.1" 200 14848
113.196.56.150 - - [17/Dec/2025:09:26:06 +0800] "GET /modules/mod_autoindex.so HTTP/1.1" 200 38912
113.196.56.150 - - [17/Dec/2025:09:26:06 +0800] "GET /modules/mod_socache_redis.so HTTP/1.1" 200 19968
61.239.100.147 - - [17/Dec/2025:09:26:07 +0800] "GET /InternetTrading/longpoll/13925?X-Atmosphere-tracking-id=0&X-Atmosphere-Framework=2.2.3-javascript&X-Atmosphere-Transport=long-polling&X-Atmosphere-TrackMessageSize=true&Content-Type=charset%3Dutf-8&X-atmo-protocol=true&_=1765935010443 HTTP/1.1" 200 -
119.136.155.219 - - [17/Dec/2025:09:26:07 +0800] "GET /InternetTrading/longpoll/51803?X-Atmosphere-tracking-id=0&X-Atmosphere-Framework=2.2.3-javascript&X-Atmosphere-Transport=long-polling&X-Atmosphere-TrackMessageSize=true&Content-Type=charset%3Dutf-8&X-atmo-protocol=true&_=1765935015076 HTTP/1.1" 200 -
121.204.201.197 - - [17/Dec/2025:09:26:08 +0800] "GET /InternetTrading/longpoll/55955?X-Atmosphere-tracking-id=0&X-Atmosphere-Framework=2.2.3-javascript&X-Atmosphere-Transport=long-polling&X-Atmosphere-TrackMessageSize=true&Content-Type=charset%3Dutf-8&X-atmo-protocol=true&_=1765935011082 HTTP/1.1" 200 -
14.0.224.36 - - [17/Dec/2025:09:26:09 +0800] "GET /InternetTrading/jquery/images/ui-bg_glass_65_ffffff_1x400.png HTTP/1.1" 200 207
14.0.224.36 - - [17/Dec/2025:09:26:09 +0800] "GET /InternetTrading/jquery/images/ui-icons_454545_256x240.png HTTP/1.1" 200 6992
14.0.224.36 - - [17/Dec/2025:09:26:09 +0800] "POST /InternetTrading/SessionErrorLogger HTTP/1.1" 200 117
119.136.155.219 - - [17/Dec/2025:09:26:10 +0800] "POST /InternetTrading/SessionErrorLogger HTTP/1.1" 200 117
14.0.224.36 - - [17/Dec/2025:09:26:10 +0800] "GET /InternetTrading/jquery/wait.gif HTTP/1.1" 200 432
119.136.155.219 - - [17/Dec/2025:09:26:10 +0800] "POST /InternetTrading/Heartbeat HTTP/1.1" 200 32
14.0.224.36 - - [17/Dec/2025:09:26:10 +0800] "POST /InternetTrading/Portfolio HTTP/1.1" 200 1822
119.136.155.219 - - [17/Dec/2025:09:26:10 +0800] "POST /InternetTrading/SessionErrorLogger HTTP/1.1" 200 117
119.136.155.219 - - [17/Dec/2025:09:26:10 +0800] "POST /InternetTrading/MarketStatus HTTP/1.1" 200 772
14.0.224.36 - - [17/Dec/2025:09:26:10 +0800] "GET /InternetTrading/longpoll/A8127?X-Atmosphere-tracking-id=0&X-Atmosphere-Framework=2.2.3-javascript&X-Atmosphere-Transport=long-polling&X-Atmosphere-TrackMessageSize=true&Content-Type=charset%3Dutf-8&X-atmo-protocol=true&_=1765935015629 HTTP/1.1" 200 -
58.152.215.40 - - [17/Dec/2025:09:26:10 +0800] "POST /InternetTrading/Heartbeat2FAService HTTP/1.1" 200 1
119.34.176.224 - - [17/Dec/2025:09:26:10 +0800] "GET /InternetTrading/longpoll/13979?X-Atmosphere-tracking-id=0&X-Atmosphere-Framework=2.2.3-javascript&X-Atmosphere-Transport=long-polling&X-Atmosphere-TrackMessageSize=true&Content-Type=charset%3Dutf-8&X-atmo-protocol=true&_=1765935015921 HTTP/1.1" 200 -
113.196.56.150 - - [17/Dec/2025:09:26:11 +0800] "GET /logs/ HTTP/1.1" 200 249072
113.196.56.150 - - [17/Dec/2025:09:26:12 +0800] "GET /logs/secure_ssl_request_log.20250707 HTTP/1.1" 200 10426578
119.136.155.219 - - [17/Dec/2025:09:26:12 +0800] "GET /InternetTrading/longpoll/51803?X-Atmosphere-tracking-id=0&X-Atmosphere-Framework=2.2.3-javascript&X-Atmosphere-Transport=long-polling&X-Atmosphere-TrackMessageSize=true&Content-Type=charset%3Dutf-8&X-atmo-protocol=true&_=1765935020098 HTTP/1.1" 200 -
121.204.201.197 - - [17/Dec/2025:09:26:13 +0800] "GET /InternetTrading/longpoll/55955?X-Atmosphere-tracking-id=0&X-Atmosphere-Framework=2.2.3-javascript&X-Atmosphere-Transport=long-polling&X-Atmosphere-TrackMessageSize=true&Content-Type=charset%3Dutf-8&X-atmo-protocol=true&_=1765935016277 HTTP/1.1" 200 -
61.239.100.147 - - [17/Dec/2025:09:26:13 +0800] "GET /InternetTrading/longpoll/13925?X-Atmosphere-tracking-id=0&X-Atmosphere-Framework=2.2.3-javascript&X-Atmosphere-Transport=long-polling&X-Atmosphere-TrackMessageSize=true&Content-Type=charset%3Dutf-8&X-atmo-protocol=true&_=1765935016448 HTTP/1.1" 200 -
119.34.176.224 - - [17/Dec/2025:09:26:13 +0800] "POST /InternetTrading/SessionErrorLogger HTTP/1.1" 200 117
119.34.176.224 - - [17/Dec/2025:09:26:13 +0800] "POST /InternetTrading/Heartbeat HTTP/1.1" 200 32
14.0.224.36 - - [17/Dec/2025:09:26:13 +0800] "POST /InternetTrading/SessionErrorLogger HTTP/1.1" 200 117
14.0.224.36 - - [17/Dec/2025:09:26:13 +0800] "POST /InternetTrading/Heartbeat HTTP/1.1" 200 32
14.0.224.36 - - [17/Dec/2025:09:26:13 +0800] "POST /InternetTrading/SessionErrorLogger HTTP/1.1" 200 117
14.0.224.36 - - [17/Dec/2025:09:26:13 +0800] "POST /InternetTrading/MarketStatus HTTP/1.1" 200 772
14.0.224.36 - - [17/Dec/2025:09:26:15 +0800] "GET /InternetTrading/longpoll/A8127?X-Atmosphere-tracking-id=0&X-Atmosphere-Framework=2.2.3-javascript&X-Atmosphere-Transport=long-polling&X-Atmosphere-TrackMessageSize=true&Content-Type=charset%3Dutf-8&X-atmo-protocol=true&_=1765935020841 HTTP/1.1" 200 -
119.34.176.224 - - [17/Dec/2025:09:26:15 +0800] "GET /InternetTrading/longpoll/13979?X-Atmosphere-tracking-id=0&X-Atmosphere-Framework=2.2.3-javascript&X-Atmosphere-Transport=long-polling&X-Atmosphere-TrackMessageSize=true&Content-Type=charset%3Dutf-8&X-atmo-protocol=true&_=1765935021009 HTTP/1.1" 200 -
119.34.176.224 - - [17/Dec/2025:09:26:16 +0800] "POST /InternetTrading/SessionErrorLogger HTTP/1.1" 200 117
119.34.176.224 - - [17/Dec/2025:09:26:16 +0800] "POST /InternetTrading/MarketStatus HTTP/1.1" 200 772
119.136.155.219 - - [17/Dec/2025:09:26:17 +0800] "GET /InternetTrading/longpoll/51803?X-Atmosphere-tracking-id=0&X-Atmosphere-Framework=2.2.3-javascript&X-Atmosphere-Transport=long-polling&X-Atmosphere-TrackMessageSize=true&Content-Type=charset%3Dutf-8&X-atmo-protocol=true&_=1765935025129 HTTP/1.1" 200 -
121.204.201.197 - - [17/Dec/2025:09:26:18 +0800] "GET /InternetTrading/longpoll/55955?X-Atmosphere-tracking-id=0&X-Atmosphere-Framework=2.2.3-javascript&X-Atmosphere-Transport=long-polling&X-Atmosphere-TrackMessageSize=true&Content-Type=charset%3Dutf-8&X-atmo-protocol=true&_=1765935021440 HTTP/1.1" 200 -
61.239.100.147 - - [17/Dec/2025:09:26:19 +0800] "GET /InternetTrading/longpoll/13925?X-Atmosphere-tracking-id=0&X-Atmosphere-Framework=2.2.3-javascript&X-Atmosphere-Transport=long-polling&X-Atmosphere-TrackMessageSize=true&Content-Type=charset%3Dutf-8&X-atmo-protocol=true&_=1765935022447 HTTP/1.1" 200 -
14.0.224.36 - - [17/Dec/2025:09:26:20 +0800] "GET /InternetTrading/longpoll/A8127?X-Atmosphere-tracking-id=0&X-Atmosphere-Framework=2.2.3-javascript&X-Atmosphere-Transport=long-polling&X-Atmosphere-TrackMessageSize=true&Content-Type=charset%3Dutf-8&X-atmo-protocol=true&_=1765935025956 HTTP/1.1" 200 -
119.34.176.224 - - [17/Dec/2025:09:26:21 +0800] "GET /InternetTrading/longpoll/13979?X-Atmosphere-tracking-id=0&X-Atmosphere-Framework=2.2.3-javascript&X-Atmosphere-Transport=long-polling&X-Atmosphere-TrackMessageSize=true&Content-Type=charset%3Dutf-8&X-atmo-protocol=true&_=1765935026095 HTTP/1.1" 200 -
119.136.155.219 - - [17/Dec/2025:09:26:22 +0800] "GET /InternetTrading/longpoll/51803?X-Atmosphere-tracking-id=0&X-Atmosphere-Framework=2.2.3-javascript&X-Atmosphere-Transport=long-polling&X-Atmosphere-TrackMessageSize=true&Content-Type=charset%3Dutf-8&X-atmo-protocol=true&_=1765935030197 HTTP/1.1" 200 -
121.204.201.197 - - [17/Dec/2025:09:26:23 +0800] "GET /InternetTrading/longpoll/55955?X-Atmosphere-tracking-id=0&X-Atmosphere-Framework=2.2.3-javascript&X-Atmosphere-Transport=long-polling&X-Atmosphere-TrackMessageSize=true&Content-Type=charset%3Dutf-8&X-atmo-protocol=true&_=1765935026639 HTTP/1.1" 200 -
113.196.56.150 - - [17/Dec/2025:09:26:25 +0800] "GET /logs/secure_access_log.20241123 HTTP/1.1" 200 16391
61.239.100.147 - - [17/Dec/2025:09:26:25 +0800] "GET /InternetTrading/longpoll/13925?X-Atmosphere-tracking-id=0&X-Atmosphere-Framework=2.2.3-javascript&X-Atmosphere-Transport=long-polling&X-Atmosphere-TrackMessageSize=true&Content-Type=charset%3Dutf-8&X-atmo-protocol=true&_=1765935028443 HTTP/1.1" 200 -
14.0.224.36 - - [17/Dec/2025:09:26:26 +0800] "GET /InternetTrading/longpoll/A8127?X-Atmosphere-tracking-id=0&X-Atmosphere-Framework=2.2.3-javascript&X-Atmosphere-Transport=long-polling&X-Atmosphere-TrackMessageSize=true&Content-Type=charset%3Dutf-8&X-atmo-protocol=true&_=1765935031085 HTTP/1.1" 200 -
119.34.176.224 - - [17/Dec/2025:09:26:26 +0800] "GET /InternetTrading/longpoll/13979?X-Atmosphere-tracking-id=0&X-Atmosphere-Framework=2.2.3-javascript&X-Atmosphere-Transport=long-polling&X-Atmosphere-TrackMessageSize=true&Content-Type=charset%3Dutf-8&X-atmo-protocol=true&_=1765935031177 HTTP/1.1" 200 -
113.196.56.150 - - [17/Dec/2025:09:26:26 +0800] "GET /logs/secure_ssl_request_log.20241014 HTTP/1.1" 200 12034556
119.136.155.219 - - [17/Dec/2025:09:26:27 +0800] "GET /InternetTrading/longpoll/51803?X-Atmosphere-tracking-id=0&X-Atmosphere-Framework=2.2.3-javascript&X-Atmosphere-Transport=long-polling&X-Atmosphere-TrackMessageSize=true&Content-Type=charset%3Dutf-8&X-atmo-protocol=true&_=1765935035219 HTTP/1.1" 200 -
121.204.201.197 - - [17/Dec/2025:09:26:28 +0800] "GET /InternetTrading/longpoll/55955?X-Atmosphere-tracking-id=0&X-Atmosphere-Framework=2.2.3-javascript&X-Atmosphere-Transport=long-polling&X-Atmosphere-TrackMessageSize=true&Content-Type=charset%3Dutf-8&X-atmo-protocol=true&_=1765935031866 HTTP/1.1" 200 -
113.196.56.150 - - [17/Dec/2025:09:26:29 +0800] "GET /logs/secure_access_log.20240917 HTTP/1.1" 200 4936321
14.0.224.36 - - [17/Dec/2025:09:26:31 +0800] "GET /InternetTrading/longpoll/A8127?X-Atmosphere-tracking-id=0&X-Atmosphere-Framework=2.2.3-javascript&X-Atmosphere-Transport=long-polling&X-Atmosphere-TrackMessageSize=true&Content-Type=charset%3Dutf-8&X-atmo-protocol=true&_=1765935036263 HTTP/1.1" 200 -
119.34.176.224 - - [17/Dec/2025:09:26:31 +0800] "GET /InternetTrading/longpoll/13979?X-Atmosphere-tracking-id=0&X-Atmosphere-Framework=2.2.3-javascript&X-Atmosphere-Transport=long-polling&X-Atmosphere-TrackMessageSize=true&Content-Type=charset%3Dutf-8&X-atmo-protocol=true&_=1765935036266 HTTP/1.1" 200 -
61.239.100.147 - - [17/Dec/2025:09:26:31 +0800] "GET /InternetTrading/longpoll/13925?X-Atmosphere-tracking-id=0&X-Atmosphere-Framework=2.2.3-javascript&X-Atmosphere-Transport=long-polling&X-Atmosphere-TrackMessageSize=true&Content-Type=charset%3Dutf-8&X-atmo-protocol=true&_=1765935034443 HTTP/1.1" 200 -
121.204.201.197 - - [17/Dec/2025:09:26:31 +0800] "POST /InternetTrading/SessionErrorLogger HTTP/1.1" 200 117
121.204.201.197 - - [17/Dec/2025:09:26:31 +0800] "POST /InternetTrading/Heartbeat HTTP/1.1" 200 32
121.204.201.197 - - [17/Dec/2025:09:26:31 +0800] "POST /InternetTrading/SessionErrorLogger HTTP/1.1" 200 117
121.204.201.197 - - [17/Dec/2025:09:26:31 +0800] "POST /InternetTrading/MarketStatus HTTP/1.1" 200 772
113.196.56.150 - - [17/Dec/2025:09:26:31 +0800] "GET /logs/secure_ssl_request_log.20240916 HTTP/1.1" 200 6212038
119.136.155.219 - - [17/Dec/2025:09:26:32 +0800] "GET /InternetTrading/longpoll/51803?X-Atmosphere-tracking-id=0&X-Atmosphere-Framework=2.2.3-javascript&X-Atmosphere-Transport=long-polling&X-Atmosphere-TrackMessageSize=true&Content-Type=charset%3Dutf-8&X-atmo-protocol=true&_=1765935040245 HTTP/1.1" 200 -
121.204.201.197 - - [17/Dec/2025:09:26:34 +0800] "GET /InternetTrading/longpoll/55955?X-Atmosphere-tracking-id=0&X-Atmosphere-Framework=2.2.3-javascript&X-Atmosphere-Transport=long-polling&X-Atmosphere-TrackMessageSize=true&Content-Type=charset%3Dutf-8&X-atmo-protocol=true&_=1765935037033 HTTP/1.1" 200 -
113.196.56.150 - - [17/Dec/2025:09:26:31 +0800] "GET /logs/secure_access_log.20241224 HTTP/1.1" 200 3545723
113.196.56.150 - - [17/Dec/2025:09:26:34 +0800] "GET /logs/secure_access_log.20250525 HTTP/1.1" 200 111817
119.34.176.224 - - [17/Dec/2025:09:26:36 +0800] "GET /InternetTrading/longpoll/13979?X-Atmosphere-tracking-id=0&X-Atmosphere-Framework=2.2.3-javascript&X-Atmosphere-Transport=long-polling&X-Atmosphere-TrackMessageSize=true&Content-Type=charset%3Dutf-8&X-atmo-protocol=true&_=1765935041436 HTTP/1.1" 200 -
14.0.224.36 - - [17/Dec/2025:09:26:36 +0800] "GET /InternetTrading/longpoll/A8127?X-Atmosphere-tracking-id=0&X-Atmosphere-Framework=2.2.3-javascript&X-Atmosphere-Transport=long-polling&X-Atmosphere-TrackMessageSize=true&Content-Type=charset%3Dutf-8&X-atmo-protocol=true&_=1765935041481 HTTP/1.1" 200 -
113.196.56.150 - - [17/Dec/2025:09:26:34 +0800] "GET /logs/secure_access_log.20250311 HTTP/1.1" 200 8548901
113.196.56.150 - - [17/Dec/2025:09:26:32 +0800] "GET /logs/secure_access_log.20251212 HTTP/1.1" 200 10051539
113.196.56.150 - - [17/Dec/2025:09:26:37 +0800] "GET /logs/secure_ssl_request_log.20250126 HTTP/1.1" 200 24682
113.196.56.150 - - [17/Dec/2025:09:26:37 +0800] "GET /logs/secure_ssl_request_log.20250318 HTTP/1.1" 200 10811760
113.196.56.150 - - [17/Dec/2025:09:26:37 +0800] "GET /logs/secure_access_log.20240902 HTTP/1.1" 200 4220021
113.196.56.150 - - [17/Dec/2025:09:26:37 +0800] "GET /logs/secure_ssl_request_log.20250406 HTTP/1.1" 200 83254
113.196.56.150 - - [17/Dec/2025:09:26:36 +0800] "GET /logs/secure_access_log.20241202 HTTP/1.1" 200 6222772
113.196.56.150 - - [17/Dec/2025:09:26:37 +0800] "GET /logs/secure_access_log.20250131 HTTP/1.1" 200 92041
61.239.100.147 - - [17/Dec/2025:09:26:37 +0800] "GET /InternetTrading/longpoll/13925?X-Atmosphere-tracking-id=0&X-Atmosphere-Framework=2.2.3-javascript&X-Atmosphere-Transport=long-polling&X-Atmosphere-TrackMessageSize=true&Content-Type=charset%3Dutf-8&X-atmo-protocol=true&_=1765935040450 HTTP/1.1" 200 -
113.196.56.150 - - [17/Dec/2025:09:26:37 +0800] "GET /logs/secure_access_log.20250404 HTTP/1.1" 200 46201
113.196.56.150 - - [17/Dec/2025:09:26:37 +0800] "GET /logs/secure_ssl_request_log.20250328 HTTP/1.1" 200 7047862
113.196.56.150 - - [17/Dec/2025:09:26:37 +0800] "GET /logs/secure_access_log.20250212 HTTP/1.1" 200 7045144
119.136.155.219 - - [17/Dec/2025:09:26:38 +0800] "GET /InternetTrading/longpoll/51803?X-Atmosphere-tracking-id=0&X-Atmosphere-Framework=2.2.3-javascript&X-Atmosphere-Transport=long-polling&X-Atmosphere-TrackMessageSize=true&Content-Type=charset%3Dutf-8&X-atmo-protocol=true&_=1765935045303 HTTP/1.1" 200 -
113.196.56.150 - - [17/Dec/2025:09:26:36 +0800] "GET /logs/secure_ssl_request_log.20250205 HTTP/1.1" 200 6785497
113.196.56.150 - - [17/Dec/2025:09:26:37 +0800] "GET /logs/secure_ssl_request_log.20250127 HTTP/1.1" 200 4315236
113.196.56.150 - - [17/Dec/2025:09:26:37 +0800] "GET /logs/secure_ssl_request_log.20240721 HTTP/1.1" 200 2450748
113.196.56.150 - - [17/Dec/2025:09:26:37 +0800] "GET /logs/secure_access_log.20250205 HTTP/1.1" 200 5944501
113.196.56.150 - - [17/Dec/2025:09:26:38 +0800] "GET /logs/secure_ssl_request_log.20250714 HTTP/1.1" 200 15326771
113.196.56.150 - - [17/Dec/2025:09:26:37 +0800] "GET /logs/secure_ssl_request_log.20250411 HTTP/1.1" 200 7321731
113.196.56.150 - - [17/Dec/2025:09:26:37 +0800] "GET /logs/secure_access_log.20240919 HTTP/1.1" 200 6207506
113.196.56.150 - - [17/Dec/2025:09:26:38 +0800] "GET /logs/access.log.1750636800 HTTP/1.1" 200 -
113.196.56.150 - - [17/Dec/2025:09:26:38 +0800] "GET /logs/secure_ssl_request_log.20241216 HTTP/1.1" 200 9455805
113.196.56.150 - - [17/Dec/2025:09:26:37 +0800] "GET /logs/secure_access_log.20250216 HTTP/1.1" 200 495427
113.196.56.150 - - [17/Dec/2025:09:26:37 +0800] "GET /logs/secure_access_log.20250325 HTTP/1.1" 200 8817287
113.196.56.150 - - [17/Dec/2025:09:26:37 +0800] "GET /logs/secure_access_log.20251105 HTTP/1.1" 200 7225630
113.196.56.150 - - [17/Dec/2025:09:26:38 +0800] "GET /logs/secure_access_log.20250417 HTTP/1.1" 200 6955942
113.196.56.150 - - [17/Dec/2025:09:26:39 +0800] "GET /logs/secure_access_log.20241228 HTTP/1.1" 200 10814
113.196.56.150 - - [17/Dec/2025:09:26:37 +0800] "GET /logs/secure_access_log.20241003 HTTP/1.1" 200 11782781
113.196.56.150 - - [17/Dec/2025:09:26:38 +0800] "GET /logs/secure_ssl_request_log.20250825 HTTP/1.1" 200 12545161
113.196.56.150 - - [17/Dec/2025:09:26:37 +0800] "GET /logs/secure_access_log.20250718 HTTP/1.1" 200 7822272
121.204.201.197 - - [17/Dec/2025:09:26:39 +0800] "GET /InternetTrading/longpoll/55955?X-Atmosphere-tracking-id=0&X-Atmosphere-Framework=2.2.3-javascript&X-Atmosphere-Transport=long-polling&X-Atmosphere-TrackMessageSize=true&Content-Type=charset%3Dutf-8&X-atmo-protocol=true&_=1765935042090 HTTP/1.1" 200 -
113.196.56.150 - - [17/Dec/2025:09:26:38 +0800] "GET /logs/secure_ssl_request_log.20250822 HTTP/1.1" 200 12977242
113.196.56.150 - - [17/Dec/2025:09:26:39 +0800] "GET /logs/secure_access_log.20250215 HTTP/1.1" 200 306399
113.196.56.150 - - [17/Dec/2025:09:26:38 +0800] "GET /logs/secure_ssl_request_log.20250811 HTTP/1.1" 200 10641341
113.196.56.150 - - [17/Dec/2025:09:26:38 +0800] "GET /logs/secure_ssl_request_log.20240924 HTTP/1.1" 200 6140045
113.196.56.150 - - [17/Dec/2025:09:26:39 +0800] "GET /logs/secure_access_log.20250704 HTTP/1.1" 200 7564096
113.196.56.150 - - [17/Dec/2025:09:26:37 +0800] "GET /logs/secure_access_log.20250102 HTTP/1.1" 200 6406279
113.196.56.150 - - [17/Dec/2025:09:26:39 +0800] "GET /logs/secure_access_log.20241010 HTTP/1.1" 200 11931682
113.196.56.150 - - [17/Dec/2025:09:26:39 +0800] "GET /logs/secure_access_log.20250312 HTTP/1.1" 200 9437623
113.196.56.150 - - [17/Dec/2025:09:26:38 +0800] "GET /logs/secure_access_log.20251006 HTTP/1.1" 200 5985476
113.196.56.150 - - [17/Dec/2025:09:26:37 +0800] "GET /logs/secure_access_log.20241129 HTTP/1.1" 200 7382847
113.196.56.150 - - [17/Dec/2025:09:26:39 +0800] "GET /logs/secure_access_log.20250928 HTTP/1.1" 200 52739
113.196.56.150 - - [17/Dec/2025:09:26:39 +0800] "GET /logs/secure_access_log.20240828 HTTP/1.1" 200 5290634
113.196.56.150 - - [17/Dec/2025:09:26:39 +0800] "GET /logs/secure_ssl_request_log.20240921 HTTP/1.1" 200 36240
113.196.56.150 - - [17/Dec/2025:09:26:39 +0800] "GET /logs/secure_access_log.20241013 HTTP/1.1" 200 92974
113.196.56.150 - - [17/Dec/2025:09:26:39 +0800] "GET /logs/secure_access_log.20250727 HTTP/1.1" 200 80651
58.152.215.40 - - [17/Dec/2025:09:26:39 +0800] "GET /InternetTrading/jquery/wait.gif HTTP/1.1" 200 432
113.196.56.150 - - [17/Dec/2025:09:26:39 +0800] "GET /logs/secure_access_log.20250324 HTTP/1.1" 200 6528622
113.196.56.150 - - [17/Dec/2025:09:26:39 +0800] "GET /logs/secure_access_log.20250502 HTTP/1.1" 200 3662801
119.136.155.219 - - [17/Dec/2025:09:26:40 +0800] "POST /InternetTrading/SessionErrorLogger HTTP/1.1" 200 117
119.136.155.219 - - [17/Dec/2025:09:26:40 +0800] "POST /InternetTrading/Heartbeat HTTP/1.1" 200 32
119.136.155.219 - - [17/Dec/2025:09:26:40 +0800] "POST /InternetTrading/SessionErrorLogger HTTP/1.1" 200 117
119.136.155.219 - - [17/Dec/2025:09:26:40 +0800] "POST /InternetTrading/MarketStatus HTTP/1.1" 200 772
58.152.215.40 - - [17/Dec/2025:09:26:39 +0800] "POST /InternetTrading/Verify2FAService HTTP/1.1" 200 415
58.152.215.40 - - [17/Dec/2025:09:26:40 +0800] "GET /InternetTrading/sc/main.html?language=sc&version=HTML HTTP/1.1" 200 3570
58.152.215.40 - - [17/Dec/2025:09:26:40 +0800] "GET /InternetTrading/jquery/ui.datepicker.css HTTP/1.1" 200 1145
58.152.215.40 - - [17/Dec/2025:09:26:40 +0800] "GET /InternetTrading/jquery/jquery.tablesorter-theme.blue.css HTTP/1.1" 200 2083
58.152.215.40 - - [17/Dec/2025:09:26:40 +0800] "GET /InternetTrading/jquery/dragtable-2.0.9.css HTTP/1.1" 200 316
58.152.215.40 - - [17/Dec/2025:09:26:40 +0800] "GET /InternetTrading/sc/style_common.css?v=20200819161913 HTTP/1.1" 200 2540
58.152.215.40 - - [17/Dec/2025:09:26:40 +0800] "GET /InternetTrading/jquery/jquery-ui-1.10.3.css HTTP/1.1" 200 5283
58.152.215.40 - - [17/Dec/2025:09:26:40 +0800] "GET /InternetTrading/sc/style.css?v=20200819161913 HTTP/1.1" 200 1435
58.152.215.40 - - [17/Dec/2025:09:26:40 +0800] "GET /InternetTrading/sc/css/jquery.jscrollpane.css HTTP/1.1" 404 690
58.152.215.40 - - [17/Dec/2025:09:26:40 +0800] "GET /InternetTrading/jquery/jquery.ba-postmessage.js HTTP/1.1" 200 2990
58.152.215.40 - - [17/Dec/2025:09:26:40 +0800] "GET /InternetTrading/js/aastock.js HTTP/1.1" 200 553
58.152.215.40 - - [17/Dec/2025:09:26:40 +0800] "GET /InternetTrading/jquery/jquery-1.6.3.min.js HTTP/1.1" 200 32057
58.152.215.40 - - [17/Dec/2025:09:26:40 +0800] "GET /InternetTrading/jquery/jquery-migrate-3.0.0.js HTTP/1.1" 200 4963
58.152.215.40 - - [17/Dec/2025:09:26:40 +0800] "GET /InternetTrading/jquery/jquery-ui-1.10.3.js HTTP/1.1" 200 69642
58.152.215.40 - - [17/Dec/2025:09:26:40 +0800] "GET /InternetTrading/js/cache.js?jsv=20200819161913 HTTP/1.1" 200 940
58.152.215.40 - - [17/Dec/2025:09:26:40 +0800] "GET /InternetTrading/jquery/jquery.blockUI-2.66.0.js HTTP/1.1" 200 6651
58.152.215.40 - - [17/Dec/2025:09:26:40 +0800] "GET /InternetTrading/jquery/jquery.form-3.46.0.js HTTP/1.1" 200 5673
58.152.215.40 - - [17/Dec/2025:09:26:40 +0800] "GET /InternetTrading/jquery/jquery-3.3.1.js HTTP/1.1" 200 80650
58.152.215.40 - - [17/Dec/2025:09:26:40 +0800] "GET /InternetTrading/jquery/jquery.validate-1.11.1.js HTTP/1.1" 200 7041
58.152.215.40 - - [17/Dec/2025:09:26:40 +0800] "GET /InternetTrading/jquery/additional-methods.js HTTP/1.1" 200 2238
58.152.215.40 - - [17/Dec/2025:09:26:40 +0800] "GET /InternetTrading/jquery/jquery.mousewheel-3.1.4.js HTTP/1.1" 200 822
58.152.215.40 - - [17/Dec/2025:09:26:40 +0800] "GET /InternetTrading/js/atmosphere.js HTTP/1.1" 200 13461
58.152.215.40 - - [17/Dec/2025:09:26:40 +0800] "GET /InternetTrading/jquery/jquery.tablesorter-2.14.5.js HTTP/1.1" 200 8901
58.152.215.40 - - [17/Dec/2025:09:26:40 +0800] "GET /InternetTrading/jquery/jquery.combobox.packed.js HTTP/1.1" 200 3387
58.152.215.40 - - [17/Dec/2025:09:26:40 +0800] "GET /InternetTrading/jquery/jquery.tablesorter.widgets-2.14.5.js HTTP/1.1" 200 8611
58.152.215.40 - - [17/Dec/2025:09:26:40 +0800] "GET /InternetTrading/jquery/jquery.timer-0.9.16.js HTTP/1.1" 200 542
58.152.215.40 - - [17/Dec/2025:09:26:40 +0800] "GET /InternetTrading/jquery/jquery.getParams.js HTTP/1.1" 200 587
58.152.215.40 - - [17/Dec/2025:09:26:40 +0800] "GET /InternetTrading/jquery/jquery.selectboxes.pack.js HTTP/1.1" 200 1640
58.152.215.40 - - [17/Dec/2025:09:26:40 +0800] "GET /InternetTrading/jquery/date.js HTTP/1.1" 200 2807
58.152.215.40 - - [17/Dec/2025:09:26:40 +0800] "GET /InternetTrading/json/json2.js?jsv=20200819161913 HTTP/1.1" 200 1372
58.152.215.40 - - [17/Dec/2025:09:26:40 +0800] "GET /InternetTrading/jquery/globalize-0.1.0a1.js HTTP/1.1" 200 6984
58.152.215.40 - - [17/Dec/2025:09:26:40 +0800] "GET /InternetTrading/settings/crm_display_settings.js?jsv=20200819161913 HTTP/1.1" 200 1781
58.152.215.40 - - [17/Dec/2025:09:26:40 +0800] "GET /InternetTrading/js/constants.js?jsv=20200819161913 HTTP/1.1" 200 400
58.152.215.40 - - [17/Dec/2025:09:26:40 +0800] "GET /InternetTrading/sc/user/custom_variables.js?jsv=20200819161913 HTTP/1.1" 200 275
58.152.215.40 - - [17/Dec/2025:09:26:40 +0800] "GET /InternetTrading/js/haitong.js?jsv=20200819161913 HTTP/1.1" 200 3881
58.152.215.40 - - [17/Dec/2025:09:26:40 +0800] "GET /InternetTrading/js/util.js?jsv=20200819161913 HTTP/1.1" 200 6636
58.152.215.40 - - [17/Dec/2025:09:26:40 +0800] "GET /InternetTrading/js/rsautil.js?jsv=20200819161913 HTTP/1.1" 200 1017
58.152.215.40 - - [17/Dec/2025:09:26:40 +0800] "GET /InternetTrading/js/init.js?jsv=20200819161913 HTTP/1.1" 200 886
58.152.215.40 - - [17/Dec/2025:09:26:40 +0800] "GET /InternetTrading/js/corporate.js?jsv=20200819161913 HTTP/1.1" 200 1575
58.152.215.40 - - [17/Dec/2025:09:26:40 +0800] "GET /InternetTrading/js/update_mdf.js?jsv=20200819161913 HTTP/1.1" 200 856
58.152.215.40 - - [17/Dec/2025:09:26:40 +0800] "GET /InternetTrading/js/validation_hkex.js?jsv=20200819161913 HTTP/1.1" 200 2300
58.152.215.40 - - [17/Dec/2025:09:26:40 +0800] "GET /InternetTrading/js/validation_bshare.js?jsv=20200819161913 HTTP/1.1" 200 1567
58.152.215.40 - - [17/Dec/2025:09:26:40 +0800] "GET /InternetTrading/js/main.js?jsv=20200819161913 HTTP/1.1" 200 30725
58.152.215.40 - - [17/Dec/2025:09:26:40 +0800] "GET /InternetTrading/js/validation_ashare.js?jsv=20200819161913 HTTP/1.1" 200 2482
58.152.215.40 - - [17/Dec/2025:09:26:40 +0800] "GET /InternetTrading/sc/user/translation.js?jsv=20200819161913 HTTP/1.1" 200 12866
58.152.215.40 - - [17/Dec/2025:09:26:40 +0800] "GET /InternetTrading/js/validation_global.js?jsv=20200819161913 HTTP/1.1" 200 1564
58.152.215.40 - - [17/Dec/2025:09:26:40 +0800] "GET /InternetTrading/js/account.js?jsv=20200819161913 HTTP/1.1" 200 2656
58.152.215.40 - - [17/Dec/2025:09:26:40 +0800] "GET /InternetTrading/js/ipo.js?jsv=20200819161913 HTTP/1.1" 200 5726
58.152.215.40 - - [17/Dec/2025:09:26:40 +0800] "GET /InternetTrading/js/cash_transfer.js?jsv=20200819161913 HTTP/1.1" 200 2712
58.152.215.40 - - [17/Dec/2025:09:26:40 +0800] "GET /InternetTrading/js/spread_cache.js?jsv=20200819161913 HTTP/1.1" 200 908
58.152.215.40 - - [17/Dec/2025:09:26:40 +0800] "GET /InternetTrading/js/mm.js?jsv=20200819161913 HTTP/1.1" 200 487
58.152.215.40 - - [17/Dec/2025:09:26:40 +0800] "GET /InternetTrading/js/isec_calculator.js?jsv=20200819161913 HTTP/1.1" 200 1364
58.152.215.40 - - [17/Dec/2025:09:26:40 +0800] "GET /InternetTrading/js/payment_instruction.js?jsv=20200819161913 HTTP/1.1" 200 2178
58.152.215.40 - - [17/Dec/2025:09:26:40 +0800] "GET /InternetTrading/js/eStatement.js?jsv=20200819161913 HTTP/1.1" 200 562
58.152.215.40 - - [17/Dec/2025:09:26:40 +0800] "GET /InternetTrading/js/payment_instruction_IMOS.js?jsv=20200819161913 HTTP/1.1" 200 6874
58.152.215.40 - - [17/Dec/2025:09:26:40 +0800] "GET /InternetTrading/js/string_extend.js?jsv=20200819161913 HTTP/1.1" 200 272
58.152.215.40 - - [17/Dec/2025:09:26:40 +0800] "GET /InternetTrading/ExchangeList?fmt=js&jsv=20200819161913 HTTP/1.1" 200 146
58.152.215.40 - - [17/Dec/2025:09:26:40 +0800] "GET /InternetTrading/js/pidcrypt.js?jsv=20200819161913 HTTP/1.1" 200 982
58.152.215.40 - - [17/Dec/2025:09:26:40 +0800] "GET /InternetTrading/js/pidcrypt_util.js?jsv=20200819161913 HTTP/1.1" 200 1206
58.152.215.40 - - [17/Dec/2025:09:26:40 +0800] "GET /InternetTrading/js/aes_cbc.js?jsv=20200819161913 HTTP/1.1" 200 2043
58.152.215.40 - - [17/Dec/2025:09:26:40 +0800] "GET /InternetTrading/js/aes_core.js?jsv=20200819161913 HTTP/1.1" 200 2106
58.152.215.40 - - [17/Dec/2025:09:26:40 +0800] "GET /InternetTrading/js/asn1.js?jsv=20200819161913 HTTP/1.1" 200 3099
58.152.215.40 - - [17/Dec/2025:09:26:40 +0800] "GET /InternetTrading/js/md5.js?jsv=20200819161913 HTTP/1.1" 200 1730
58.152.215.40 - - [17/Dec/2025:09:26:40 +0800] "GET /InternetTrading/js/sha256.js?jsv=20200819161913 HTTP/1.1" 200 1362
58.152.215.40 - - [17/Dec/2025:09:26:40 +0800] "GET /InternetTrading/js/jsbn.js?jsv=20200819161913 HTTP/1.1" 200 6736
58.152.215.40 - - [17/Dec/2025:09:26:40 +0800] "GET /InternetTrading/js/prng4.js?jsv=20200819161913 HTTP/1.1" 200 303
58.152.215.40 - - [17/Dec/2025:09:26:40 +0800] "GET /InternetTrading/GoodTillDateValidExch?fmt=js&jsv=20200819161913 HTTP/1.1" 200 29
58.152.215.40 - - [17/Dec/2025:09:26:40 +0800] "GET /InternetTrading/js/rng.js?jsv=20200819161913 HTTP/1.1" 200 481
58.152.215.40 - - [17/Dec/2025:09:26:40 +0800] "GET /InternetTrading/js/rsa.js?jsv=20200819161913 HTTP/1.1" 200 1658
58.152.215.40 - - [17/Dec/2025:09:26:40 +0800] "GET /InternetTrading/js/aes.js?jsv=20200819161913 HTTP/1.1" 200 4816
58.152.215.40 - - [17/Dec/2025:09:26:40 +0800] "GET /InternetTrading/js/mode-ecb.js?jsv=20200819161913 HTTP/1.1" 200 199
58.152.215.40 - - [17/Dec/2025:09:26:40 +0800] "GET /InternetTrading/js/utilSpec.js?jsv=20200819161913 HTTP/1.1" 200 27
58.152.215.40 - - [17/Dec/2025:09:26:40 +0800] "GET /InternetTrading/js/update_lastlogin.js?jsv=20200819161913 HTTP/1.1" 200 980
58.152.215.40 - - [17/Dec/2025:09:26:40 +0800] "GET /InternetTrading/js/pw_alert.js?jsv=20200819161913 HTTP/1.1" 200 418
58.152.215.40 - - [17/Dec/2025:09:26:40 +0800] "GET /InternetTrading/js/jquery.jscrollpane.js HTTP/1.1" 404 685
58.152.215.40 - - [17/Dec/2025:09:26:40 +0800] "GET /InternetTrading/js/jquery.mousewheel.js HTTP/1.1" 404 684
58.152.215.40 - - [17/Dec/2025:09:26:40 +0800] "GET /InternetTrading/js/jquery.cookie.js HTTP/1.1" 200 834
58.152.215.40 - - [17/Dec/2025:09:26:40 +0800] "GET /InternetTrading/sc/images/logo.png HTTP/1.1" 200 7042
58.152.215.40 - - [17/Dec/2025:09:26:40 +0800] "GET /InternetTrading/sc/images/top_menu01.jpg HTTP/1.1" 200 3582
58.152.215.40 - - [17/Dec/2025:09:26:40 +0800] "GET /InternetTrading/js/decimal.js HTTP/1.1" 200 13492
58.152.215.40 - - [17/Dec/2025:09:26:40 +0800] "GET /InternetTrading/sc/images/top_menu04.jpg HTTP/1.1" 200 3470
58.152.215.40 - - [17/Dec/2025:09:26:40 +0800] "GET /InternetTrading/sc/images/top_menu_logout.jpg HTTP/1.1" 200 2595
58.152.215.40 - - [17/Dec/2025:09:26:40 +0800] "GET /InternetTrading/images/top_bg3.jpg HTTP/1.1" 200 878
58.152.215.40 - - [17/Dec/2025:09:26:40 +0800] "GET /InternetTrading/images/top_bg2.jpg HTTP/1.1" 200 330
58.152.215.40 - - [17/Dec/2025:09:26:40 +0800] "GET /InternetTrading/images/top_bg1.jpg HTTP/1.1" 200 329
58.152.215.40 - - [17/Dec/2025:09:26:40 +0800] "GET /InternetTrading/sc/dialog.html?1765935043630 HTTP/1.1" 200 3179
58.152.215.40 - - [17/Dec/2025:09:26:40 +0800] "POST /InternetTrading/PopUpConfig HTTP/1.1" 200 2
58.152.215.40 - - [17/Dec/2025:09:26:40 +0800] "POST /InternetTrading/Heartbeat HTTP/1.1" 200 32
58.152.215.40 - - [17/Dec/2025:09:26:40 +0800] "POST /InternetTrading/CustomerInfoLite HTTP/1.1" 200 125
58.152.215.40 - - [17/Dec/2025:09:26:40 +0800] "GET /InternetTrading/sc/images/top_menu04.jpg HTTP/1.1" 200 3470
58.152.215.40 - - [17/Dec/2025:09:26:40 +0800] "GET /InternetTrading/jquery/wait.gif HTTP/1.1" 200 432
58.152.215.40 - - [17/Dec/2025:09:26:40 +0800] "GET /InternetTrading/sc/trade.html HTTP/1.1" 200 2115
58.152.215.40 - - [17/Dec/2025:09:26:40 +0800] "POST /InternetTrading/SpreadPriceCache HTTP/1.1" 200 1947
58.152.215.40 - - [17/Dec/2025:09:26:40 +0800] "GET /InternetTrading/sc/images/top_menu01_o.jpg HTTP/1.1" 200 3474
58.152.215.40 - - [17/Dec/2025:09:26:40 +0800] "POST /InternetTrading/SessionErrorLogger HTTP/1.1" 200 117
58.152.215.40 - - [17/Dec/2025:09:26:40 +0800] "POST /InternetTrading/GetLastLoginDate HTTP/1.1" 200 31
58.152.215.40 - - [17/Dec/2025:09:26:40 +0800] "POST /InternetTrading/SessionErrorLogger HTTP/1.1" 200 117
58.152.215.40 - - [17/Dec/2025:09:26:40 +0800] "GET /InternetTrading/sc/getpopupMsgName.jsp HTTP/1.1" 200 -
58.152.215.40 - - [17/Dec/2025:09:26:40 +0800] "GET /InternetTrading/sc/applet_dummy.html HTTP/1.1" 200 330
58.152.215.40 - - [17/Dec/2025:09:26:40 +0800] "POST /InternetTrading/SessionErrorLogger HTTP/1.1" 200 117
58.152.215.40 - - [17/Dec/2025:09:26:40 +0800] "GET /InternetTrading/sc/buy_ticket.html? HTTP/1.1" 200 1996
58.152.215.40 - - [17/Dec/2025:09:26:40 +0800] "POST /InternetTrading/SessionErrorLogger HTTP/1.1" 200 117
58.152.215.40 - - [17/Dec/2025:09:26:40 +0800] "POST /InternetTrading/MarketStatus HTTP/1.1" 200 772
58.152.215.40 - - [17/Dec/2025:09:26:40 +0800] "POST /InternetTrading/SessionErrorLogger HTTP/1.1" 200 117
58.152.215.40 - - [17/Dec/2025:09:26:40 +0800] "GET /InternetTrading/jquery/wait.gif HTTP/1.1" 200 432
58.152.215.40 - - [17/Dec/2025:09:26:40 +0800] "GET /InternetTrading/sc/multi_currency_balance.html HTTP/1.1" 200 295
58.152.215.40 - - [17/Dec/2025:09:26:40 +0800] "GET /InternetTrading/Home/PostToAA.jsp?hl=sc HTTP/1.1" 200 293
58.152.215.40 - - [17/Dec/2025:09:26:40 +0800] "GET /InternetTrading/sc/images/trade_point01.jpg HTTP/1.1" 200 358
58.152.215.40 - - [17/Dec/2025:09:26:40 +0800] "GET /InternetTrading/sc/images/refresh.gif HTTP/1.1" 200 1145
58.152.215.40 - - [17/Dec/2025:09:26:40 +0800] "GET /InternetTrading/jquery/images/ui-icons_222222_256x240.png HTTP/1.1" 200 6922
58.152.215.40 - - [17/Dec/2025:09:26:40 +0800] "GET /InternetTrading/jquery/images/ui-bg_flat_75_ffffff_40x100.png HTTP/1.1" 200 208
58.152.215.40 - - [17/Dec/2025:09:26:40 +0800] "POST /InternetTrading/SessionErrorLogger HTTP/1.1" 200 117
58.152.215.40 - - [17/Dec/2025:09:26:40 +0800] "POST /InternetTrading/SessionErrorLogger HTTP/1.1" 200 117
58.152.215.40 - - [17/Dec/2025:09:26:40 +0800] "POST /InternetTrading/MarketStatus HTTP/1.1" 200 772
58.152.215.40 - - [17/Dec/2025:09:26:40 +0800] "POST /InternetTrading/MarketStatus HTTP/1.1" 200 772
113.196.56.150 - - [17/Dec/2025:09:26:39 +0800] "GET /logs/secure_access_log.20241206 HTTP/1.1" 200 8945145
113.196.56.150 - - [17/Dec/2025:09:26:40 +0800] "GET /logs/secure_ssl_request_log.20251211 HTTP/1.1" 200 10539088
119.34.176.224 - - [17/Dec/2025:09:26:41 +0800] "GET /InternetTrading/longpoll/13979?X-Atmosphere-tracking-id=0&X-Atmosphere-Framework=2.2.3-javascript&X-Atmosphere-Transport=long-polling&X-Atmosphere-TrackMessageSize=true&Content-Type=charset%3Dutf-8&X-atmo-protocol=true&_=1765935046533 HTTP/1.1" 200 -
14.0.224.36 - - [17/Dec/2025:09:26:41 +0800] "GET /InternetTrading/longpoll/A8127?X-Atmosphere-tracking-id=0&X-Atmosphere-Framework=2.2.3-javascript&X-Atmosphere-Transport=long-polling&X-Atmosphere-TrackMessageSize=true&Content-Type=charset%3Dutf-8&X-atmo-protocol=true&_=1765935046633 HTTP/1.1" 200 -
113.196.56.150 - - [17/Dec/2025:09:26:39 +0800] "GET /logs/secure_ssl_request_log.20251021 HTTP/1.1" 200 9458443
58.152.215.40 - - [17/Dec/2025:09:26:42 +0800] "POST /InternetTrading/SessionErrorLogger HTTP/1.1" 200 117
58.152.215.40 - - [17/Dec/2025:09:26:42 +0800] "POST /InternetTrading/CustomerInfo HTTP/1.1" 200 231
58.152.215.40 - - [17/Dec/2025:09:26:42 +0800] "POST /InternetTrading/SessionErrorLogger HTTP/1.1" 200 117
58.152.215.40 - - [17/Dec/2025:09:26:42 +0800] "POST /InternetTrading/SessionErrorLogger HTTP/1.1" 200 117
58.152.215.40 - - [17/Dec/2025:09:26:42 +0800] "POST /InternetTrading/MarketStatus HTTP/1.1" 200 772
58.152.215.40 - - [17/Dec/2025:09:26:42 +0800] "GET /InternetTrading/jquery/wait.gif HTTP/1.1" 200 432
58.152.215.40 - - [17/Dec/2025:09:26:42 +0800] "POST /InternetTrading/SessionErrorLogger HTTP/1.1" 200 117
58.152.215.40 - - [17/Dec/2025:09:26:42 +0800] "POST /InternetTrading/LongPollingConfig HTTP/1.1" 200 4
58.152.215.40 - - [17/Dec/2025:09:26:42 +0800] "POST /InternetTrading/SessionErrorLogger HTTP/1.1" 200 117
58.152.215.40 - - [17/Dec/2025:09:26:42 +0800] "GET /InternetTrading/sc/account_status.html HTTP/1.1" 200 426
58.152.215.40 - - [17/Dec/2025:09:26:42 +0800] "GET /InternetTrading/longpoll/55136?X-Atmosphere-tracking-id=0&X-Atmosphere-Framework=2.2.3-javascript&X-Atmosphere-Transport=long-polling&X-Atmosphere-TrackMessageSize=true&Content-Type=charset%3Dutf-8&X-atmo-protocol=true&_=1765935046000 HTTP/1.1" 200 -
58.152.215.40 - - [17/Dec/2025:09:26:42 +0800] "GET /InternetTrading/jquery/wait.gif HTTP/1.1" 200 432
58.152.215.40 - - [17/Dec/2025:09:26:42 +0800] "POST /InternetTrading/SessionErrorLogger HTTP/1.1" 200 117
58.152.215.40 - - [17/Dec/2025:09:26:43 +0800] "POST /InternetTrading/Portfolio HTTP/1.1" 200 1912
119.136.155.219 - - [17/Dec/2025:09:26:43 +0800] "GET /InternetTrading/longpoll/51803?X-Atmosphere-tracking-id=0&X-Atmosphere-Framework=2.2.3-javascript&X-Atmosphere-Transport=long-polling&X-Atmosphere-TrackMessageSize=true&Content-Type=charset%3Dutf-8&X-atmo-protocol=true&_=1765935050380 HTTP/1.1" 200 -
113.196.56.150 - - [17/Dec/2025:09:26:40 +0800] "GET /logs/secure_access_log.20250617 HTTP/1.1" 200 8031455
61.239.100.147 - - [17/Dec/2025:09:26:43 +0800] "GET /InternetTrading/longpoll/13925?X-Atmosphere-tracking-id=0&X-Atmosphere-Framework=2.2.3-javascript&X-Atmosphere-Transport=long-polling&X-Atmosphere-TrackMessageSize=true&Content-Type=charset%3Dutf-8&X-atmo-protocol=true&_=1765935046451 HTTP/1.1" 200 -
119.34.176.224 - - [17/Dec/2025:09:26:43 +0800] "POST /InternetTrading/SessionErrorLogger HTTP/1.1" 200 117
119.34.176.224 - - [17/Dec/2025:09:26:43 +0800] "POST /InternetTrading/Heartbeat HTTP/1.1" 200 32
113.196.56.150 - - [17/Dec/2025:09:26:40 +0800] "GET /logs/secure_access_log.20241223 HTTP/1.1" 200 6752678
113.196.56.150 - - [17/Dec/2025:09:26:43 +0800] "GET /logs/secure_access_log.20251019 HTTP/1.1" 200 153189
14.0.224.36 - - [17/Dec/2025:09:26:43 +0800] "POST /InternetTrading/SessionErrorLogger HTTP/1.1" 200 117
14.0.224.36 - - [17/Dec/2025:09:26:44 +0800] "POST /InternetTrading/Heartbeat HTTP/1.1" 200 32
14.0.224.36 - - [17/Dec/2025:09:26:44 +0800] "POST /InternetTrading/SessionErrorLogger HTTP/1.1" 200 117
14.0.224.36 - - [17/Dec/2025:09:26:44 +0800] "POST /InternetTrading/MarketStatus HTTP/1.1" 200 772
113.196.56.150 - - [17/Dec/2025:09:26:44 +0800] "GET /logs/secure_ssl_request_log.20250717 HTTP/1.1" 200 14141904
121.204.201.197 - - [17/Dec/2025:09:26:44 +0800] "GET /InternetTrading/longpoll/55955?X-Atmosphere-tracking-id=0&X-Atmosphere-Framework=2.2.3-javascript&X-Atmosphere-Transport=long-polling&X-Atmosphere-TrackMessageSize=true&Content-Type=charset%3Dutf-8&X-atmo-protocol=true&_=1765935047260 HTTP/1.1" 200 -
113.196.56.150 - - [17/Dec/2025:09:26:39 +0800] "GET /logs/secure_access_log.20250103 HTTP/1.1" 200 5766459
119.34.176.224 - - [17/Dec/2025:09:26:46 +0800] "POST /InternetTrading/SessionErrorLogger HTTP/1.1" 200 117
119.34.176.224 - - [17/Dec/2025:09:26:46 +0800] "POST /InternetTrading/MarketStatus HTTP/1.1" 200 772
113.196.56.150 - - [17/Dec/2025:09:26:46 +0800] "GET /logs/secure_access_log.20240722 HTTP/1.1" 200 6376082
119.34.176.224 - - [17/Dec/2025:09:26:46 +0800] "GET /InternetTrading/longpoll/13979?X-Atmosphere-tracking-id=0&X-Atmosphere-Framework=2.2.3-javascript&X-Atmosphere-Transport=long-polling&X-Atmosphere-TrackMessageSize=true&Content-Type=charset%3Dutf-8&X-atmo-protocol=true&_=1765935051619 HTTP/1.1" 200 -
14.0.224.36 - - [17/Dec/2025:09:26:46 +0800] "GET /InternetTrading/longpoll/A8127?X-Atmosphere-tracking-id=0&X-Atmosphere-Framework=2.2.3-javascript&X-Atmosphere-Transport=long-polling&X-Atmosphere-TrackMessageSize=true&Content-Type=charset%3Dutf-8&X-atmo-protocol=true&_=1765935051777 HTTP/1.1" 200 -
58.152.215.40 - - [17/Dec/2025:09:26:48 +0800] "GET /InternetTrading/longpoll/55136?X-Atmosphere-tracking-id=0&X-Atmosphere-Framework=2.2.3-javascript&X-Atmosphere-Transport=long-polling&X-Atmosphere-TrackMessageSize=true&Content-Type=charset%3Dutf-8&X-atmo-protocol=true&_=1765935051048 HTTP/1.1" 200 -
119.136.155.219 - - [17/Dec/2025:09:26:48 +0800] "GET /InternetTrading/longpoll/51803?X-Atmosphere-tracking-id=0&X-Atmosphere-Framework=2.2.3-javascript&X-Atmosphere-Transport=long-polling&X-Atmosphere-TrackMessageSize=true&Content-Type=charset%3Dutf-8&X-atmo-protocol=true&_=1765935055407 HTTP/1.1" 200 -
113.196.56.150 - - [17/Dec/2025:09:26:48 +0800] "GET /logs/secure_ssl_request_log.20250209 HTTP/1.1" 200 162957
113.196.56.150 - - [17/Dec/2025:09:26:48 +0800] "GET /logs/secure_ssl_request_log.20250501 HTTP/1.1" 200 132284
113.196.56.150 - - [17/Dec/2025:09:26:48 +0800] "GET /logs/secure_access_log.20250930 HTTP/1.1" 200 10782098
61.239.100.147 - - [17/Dec/2025:09:26:49 +0800] "POST /InternetTrading/SessionErrorLogger HTTP/1.1" 200 117
61.239.100.147 - - [17/Dec/2025:09:26:49 +0800] "POST /InternetTrading/MarketStatus HTTP/1.1" 200 772
61.239.100.147 - - [17/Dec/2025:09:26:49 +0800] "POST /InternetTrading/SessionErrorLogger HTTP/1.1" 200 117
61.239.100.147 - - [17/Dec/2025:09:26:49 +0800] "GET /InternetTrading/longpoll/13925?X-Atmosphere-tracking-id=0&X-Atmosphere-Framework=2.2.3-javascript&X-Atmosphere-Transport=long-polling&X-Atmosphere-TrackMessageSize=true&Content-Type=charset%3Dutf-8&X-atmo-protocol=true&_=1765935052517 HTTP/1.1" 200 -
61.239.100.147 - - [17/Dec/2025:09:26:49 +0800] "POST /InternetTrading/Heartbeat HTTP/1.1" 200 32
121.204.201.197 - - [17/Dec/2025:09:26:49 +0800] "GET /InternetTrading/longpoll/55955?X-Atmosphere-tracking-id=0&X-Atmosphere-Framework=2.2.3-javascript&X-Atmosphere-Transport=long-polling&X-Atmosphere-TrackMessageSize=true&Content-Type=charset%3Dutf-8&X-atmo-protocol=true&_=1765935052434 HTTP/1.1" 200 -
113.196.56.150 - - [17/Dec/2025:09:26:49 +0800] "GET /logs/secure_access_log.20241016 HTTP/1.1" 200 12442379
113.196.56.150 - - [17/Dec/2025:09:26:50 +0800] "GET /logs/secure_ssl_request_log.20250101 HTTP/1.1" 200 150655
113.196.56.150 - - [17/Dec/2025:09:26:50 +0800] "GET /logs/secure_access_log.20250226 HTTP/1.1" 200 7841630
119.34.176.224 - - [17/Dec/2025:09:26:51 +0800] "GET /InternetTrading/longpoll/13979?X-Atmosphere-tracking-id=0&X-Atmosphere-Framework=2.2.3-javascript&X-Atmosphere-Transport=long-polling&X-Atmosphere-TrackMessageSize=true&Content-Type=charset%3Dutf-8&X-atmo-protocol=true&_=1765935056648 HTTP/1.1" 200 -
113.196.56.150 - - [17/Dec/2025:09:26:51 +0800] "GET /logs/secure_access_log.20250329 HTTP/1.1" 200 127093
14.0.224.36 - - [17/Dec/2025:09:26:51 +0800] "GET /InternetTrading/longpoll/A8127?X-Atmosphere-tracking-id=0&X-Atmosphere-Framework=2.2.3-javascript&X-Atmosphere-Transport=long-polling&X-Atmosphere-TrackMessageSize=true&Content-Type=charset%3Dutf-8&X-atmo-protocol=true&_=1765935056828 HTTP/1.1" 200 -
113.196.56.150 - - [17/Dec/2025:09:26:51 +0800] "GET /logs/secure_ssl_request_log.20240813 HTTP/1.1" 200 6698314
58.152.215.40 - - [17/Dec/2025:09:26:53 +0800] "GET /InternetTrading/longpoll/55136?X-Atmosphere-tracking-id=0&X-Atmosphere-Framework=2.2.3-javascript&X-Atmosphere-Transport=long-polling&X-Atmosphere-TrackMessageSize=true&Content-Type=charset%3Dutf-8&X-atmo-protocol=true&_=1765935056083 HTTP/1.1" 200 -
119.136.155.219 - - [17/Dec/2025:09:26:53 +0800] "GET /InternetTrading/longpoll/51803?X-Atmosphere-tracking-id=0&X-Atmosphere-Framework=2.2.3-javascript&X-Atmosphere-Transport=long-polling&X-Atmosphere-TrackMessageSize=true&Content-Type=charset%3Dutf-8&X-atmo-protocol=true&_=1765935060432 HTTP/1.1" 200 -
113.196.56.150 - - [17/Dec/2025:09:26:51 +0800] "GET /logs/secure_ssl_request_log.20250319 HTTP/1.1" 200 10527938
113.196.56.150 - - [17/Dec/2025:09:26:53 +0800] "GET /logs/secure_access_log.20251120 HTTP/1.1" 200 7247968
113.196.56.150 - - [17/Dec/2025:09:26:53 +0800] "GET /logs/secure_access_log.20250511 HTTP/1.1" 200 101082
113.196.56.150 - - [17/Dec/2025:09:26:54 +0800] "GET /logs/secure_access_log.20250330 HTTP/1.1" 200 92105
113.196.56.150 - - [17/Dec/2025:09:26:53 +0800] "GET /logs/secure_access_log.20250610 HTTP/1.1" 200 4160756
121.204.201.197 - - [17/Dec/2025:09:26:54 +0800] "GET /InternetTrading/longpoll/55955?X-Atmosphere-tracking-id=0&X-Atmosphere-Framework=2.2.3-javascript&X-Atmosphere-Transport=long-polling&X-Atmosphere-TrackMessageSize=true&Content-Type=charset%3Dutf-8&X-atmo-protocol=true&_=1765935057644 HTTP/1.1" 200 -
113.196.56.150 - - [17/Dec/2025:09:26:54 +0800] "GET /logs/secure_access_log.20251027 HTTP/1.1" 200 12285661
61.239.100.147 - - [17/Dec/2025:09:26:55 +0800] "GET /InternetTrading/longpoll/13925?X-Atmosphere-tracking-id=0&X-Atmosphere-Framework=2.2.3-javascript&X-Atmosphere-Transport=long-polling&X-Atmosphere-TrackMessageSize=true&Content-Type=charset%3Dutf-8&X-atmo-protocol=true&_=1765935058447 HTTP/1.1" 200 -
113.196.56.150 - - [17/Dec/2025:09:26:55 +0800] "GET /logs/secure_access_log.20250504 HTTP/1.1" 200 57484
113.196.56.150 - - [17/Dec/2025:09:26:55 +0800] "GET /logs/secure_ssl_request_log.20251129 HTTP/1.1" 200 64250
113.196.56.150 - - [17/Dec/2025:09:26:55 +0800] "GET /logs/secure_ssl_request_log.20251017 HTTP/1.1" 200 10836701
119.34.176.224 - - [17/Dec/2025:09:26:56 +0800] "GET /InternetTrading/longpoll/13979?X-Atmosphere-tracking-id=0&X-Atmosphere-Framework=2.2.3-javascript&X-Atmosphere-Transport=long-polling&X-Atmosphere-TrackMessageSize=true&Content-Type=charset%3Dutf-8&X-atmo-protocol=true&_=1765935061745 HTTP/1.1" 200 -
14.0.224.36 - - [17/Dec/2025:09:26:56 +0800] "GET /InternetTrading/longpoll/A8127?X-Atmosphere-tracking-id=0&X-Atmosphere-Framework=2.2.3-javascript&X-Atmosphere-Transport=long-polling&X-Atmosphere-TrackMessageSize=true&Content-Type=charset%3Dutf-8&X-atmo-protocol=true&_=1765935061889 HTTP/1.1" 200 -
113.196.56.150 - - [17/Dec/2025:09:26:55 +0800] "GET /logs/secure_access_log.20250812 HTTP/1.1" 200 6042028
58.152.215.40 - - [17/Dec/2025:09:26:58 +0800] "GET /InternetTrading/longpoll/55136?X-Atmosphere-tracking-id=0&X-Atmosphere-Framework=2.2.3-javascript&X-Atmosphere-Transport=long-polling&X-Atmosphere-TrackMessageSize=true&Content-Type=charset%3Dutf-8&X-atmo-protocol=true&_=1765935061114 HTTP/1.1" 200 -
119.136.155.219 - - [17/Dec/2025:09:26:58 +0800] "GET /InternetTrading/longpoll/51803?X-Atmosphere-tracking-id=0&X-Atmosphere-Framework=2.2.3-javascript&X-Atmosphere-Transport=long-polling&X-Atmosphere-TrackMessageSize=true&Content-Type=charset%3Dutf-8&X-atmo-protocol=true&_=1765935065491 HTTP/1.1" 200 -
113.196.56.150 - - [17/Dec/2025:09:26:57 +0800] "GET /logs/secure_access_log.20250214 HTTP/1.1" 200 6605067
113.196.56.150 - - [17/Dec/2025:09:26:57 +0800] "GET /logs/secure_access_log.20241230 HTTP/1.1" 200 7332170
113.196.56.150 - - [17/Dec/2025:09:26:59 +0800] "GET /logs/secure_access_log.20251025 HTTP/1.1" 200 110910
113.196.56.150 - - [17/Dec/2025:09:26:59 +0800] "GET /logs/secure_access_log.20251007 HTTP/1.1" 200 266121
113.196.56.150 - - [17/Dec/2025:09:26:59 +0800] "GET /logs/secure_access_log.20250303 HTTP/1.1" 200 6315277
121.204.201.197 - - [17/Dec/2025:09:26:59 +0800] "GET /InternetTrading/longpoll/55955?X-Atmosphere-tracking-id=0&X-Atmosphere-Framework=2.2.3-javascript&X-Atmosphere-Transport=long-polling&X-Atmosphere-TrackMessageSize=true&Content-Type=charset%3Dutf-8&X-atmo-protocol=true&_=1765935062825 HTTP/1.1" 200 -
