119.34.176.224 - - [17/Dec/2025:09:28:08 +0800] "GET /InternetTrading/longpoll/13979?X-Atmosphere-tracking-id=0&X-Atmosphere-Framework=2.2.3-javascript&X-Atmosphere-Transport=long-polling&X-Atmosphere-TrackMessageSize=true&Content-Type=charset%3Dutf-8&X-atmo-protocol=true&_=1765935133571 HTTP/1.1" 200 -
119.136.155.219 - - [17/Dec/2025:09:28:09 +0800] "GET /InternetTrading/longpoll/51803?X-Atmosphere-tracking-id=0&X-Atmosphere-Framework=2.2.3-javascript&X-Atmosphere-Transport=long-polling&X-Atmosphere-TrackMessageSize=true&Content-Type=charset%3Dutf-8&X-atmo-protocol=true&_=1765935136371 HTTP/1.1" 200 -
113.196.56.150 - - [17/Dec/2025:09:28:09 +0800] "GET /logs/secure_ssl_request_log.20241221 HTTP/1.1" 200 62073
14.0.224.36 - - [17/Dec/2025:09:28:09 +0800] "GET /InternetTrading/longpoll/A8127?X-Atmosphere-tracking-id=0&X-Atmosphere-Framework=2.2.3-javascript&X-Atmosphere-Transport=long-polling&X-Atmosphere-TrackMessageSize=true&Content-Type=charset%3Dutf-8&X-atmo-protocol=true&_=1765935134085 HTTP/1.1" 200 -
113.196.56.150 - - [17/Dec/2025:09:28:08 +0800] "GET /logs/secure_ssl_request_log.20250819 HTTP/1.1" 200 11711743
113.196.56.150 - - [17/Dec/2025:09:28:09 +0800] "GET /logs/secure_access_log.20241201 HTTP/1.1" 200 33266
113.196.56.150 - - [17/Dec/2025:09:28:07 +0800] "GET /logs/secure_access_log.20240806 HTTP/1.1" 200 5596369
119.136.155.219 - - [17/Dec/2025:09:28:10 +0800] "POST /InternetTrading/SessionErrorLogger HTTP/1.1" 200 117
119.136.155.219 - - [17/Dec/2025:09:28:10 +0800] "POST /InternetTrading/Heartbeat HTTP/1.1" 200 32
119.136.155.219 - - [17/Dec/2025:09:28:10 +0800] "POST /InternetTrading/SessionErrorLogger HTTP/1.1" 200 117
119.136.155.219 - - [17/Dec/2025:09:28:10 +0800] "POST /InternetTrading/MarketStatus HTTP/1.1" 200 772
113.196.56.150 - - [17/Dec/2025:09:28:10 +0800] "GET /logs/secure_ssl_request_log.20250330 HTTP/1.1" 200 117089
113.196.56.150 - - [17/Dec/2025:09:28:10 +0800] "GET /logs/secure_ssl_request_log.20250326 HTTP/1.1" 200 7654004
58.152.215.40 - - [17/Dec/2025:09:28:10 +0800] "POST /InternetTrading/SessionErrorLogger HTTP/1.1" 200 117
58.152.215.40 - - [17/Dec/2025:09:28:10 +0800] "POST /InternetTrading/Heartbeat HTTP/1.1" 200 32
58.152.215.40 - - [17/Dec/2025:09:28:10 +0800] "POST /InternetTrading/SessionErrorLogger HTTP/1.1" 200 117
58.152.215.40 - - [17/Dec/2025:09:28:11 +0800] "POST /InternetTrading/MarketStatus HTTP/1.1" 200 772
113.196.56.150 - - [17/Dec/2025:09:28:10 +0800] "GET /logs/secure_access_log.20241204 HTTP/1.1" 200 9322662
113.196.56.150 - - [17/Dec/2025:09:28:11 +0800] "GET /logs/access.log.1727136000 HTTP/1.1" 200 -
113.196.56.150 - - [17/Dec/2025:09:28:11 +0800] "GET /logs/secure_access_log.20240731 HTTP/1.1" 200 6155631
121.204.201.197 - - [17/Dec/2025:09:28:12 +0800] "GET /InternetTrading/longpoll/55955?X-Atmosphere-tracking-id=0&X-Atmosphere-Framework=2.2.3-javascript&X-Atmosphere-Transport=long-polling&X-Atmosphere-TrackMessageSize=true&Content-Type=charset%3Dutf-8&X-atmo-protocol=true&_=1765935135150 HTTP/1.1" 200 -
113.196.56.150 - - [17/Dec/2025:09:28:12 +0800] "GET /logs/secure_ssl_request_log.20251206 HTTP/1.1" 200 36006
113.196.56.150 - - [17/Dec/2025:09:28:12 +0800] "GET /logs/secure_access_log.20240830 HTTP/1.1" 200 4187796
113.196.56.150 - - [17/Dec/2025:09:28:10 +0800] "GET /logs/secure_ssl_request_log.20241030 HTTP/1.1" 200 7981745
113.196.56.150 - - [17/Dec/2025:09:28:11 +0800] "GET /logs/secure_access_log.20241119 HTTP/1.1" 200 3212285
113.196.56.150 - - [17/Dec/2025:09:28:13 +0800] "GET /logs/error.log HTTP/1.1" 200 31646
113.196.56.150 - - [17/Dec/2025:09:28:13 +0800] "GET /logs/secure_access_log.20241208 HTTP/1.1" 200 86712
113.196.56.150 - - [17/Dec/2025:09:28:11 +0800] "GET /logs/secure_access_log.20241216 HTTP/1.1" 200 8293873
61.239.100.147 - - [17/Dec/2025:09:28:13 +0800] "GET /InternetTrading/longpoll/13925?X-Atmosphere-tracking-id=0&X-Atmosphere-Framework=2.2.3-javascript&X-Atmosphere-Transport=long-polling&X-Atmosphere-TrackMessageSize=true&Content-Type=charset%3Dutf-8&X-atmo-protocol=true&_=1765935136450 HTTP/1.1" 200 -
58.152.215.40 - - [17/Dec/2025:09:28:13 +0800] "GET /InternetTrading/longpoll/55136?X-Atmosphere-tracking-id=0&X-Atmosphere-Framework=2.2.3-javascript&X-Atmosphere-Transport=long-polling&X-Atmosphere-TrackMessageSize=true&Content-Type=charset%3Dutf-8&X-atmo-protocol=true&_=1765935136558 HTTP/1.1" 200 -
113.196.56.150 - - [17/Dec/2025:09:28:13 +0800] "GET /logs/secure_access_log.20250210 HTTP/1.1" 200 8040501
119.34.176.224 - - [17/Dec/2025:09:28:13 +0800] "POST /InternetTrading/SessionErrorLogger HTTP/1.1" 200 117
119.34.176.224 - - [17/Dec/2025:09:28:13 +0800] "GET /InternetTrading/longpoll/13979?X-Atmosphere-tracking-id=0&X-Atmosphere-Framework=2.2.3-javascript&X-Atmosphere-Transport=long-polling&X-Atmosphere-TrackMessageSize=true&Content-Type=charset%3Dutf-8&X-atmo-protocol=true&_=1765935138979 HTTP/1.1" 200 -
119.34.176.224 - - [17/Dec/2025:09:28:13 +0800] "POST /InternetTrading/Heartbeat HTTP/1.1" 200 32
119.136.155.219 - - [17/Dec/2025:09:28:14 +0800] "GET /InternetTrading/longpoll/51803?X-Atmosphere-tracking-id=0&X-Atmosphere-Framework=2.2.3-javascript&X-Atmosphere-Transport=long-polling&X-Atmosphere-TrackMessageSize=true&Content-Type=charset%3Dutf-8&X-atmo-protocol=true&_=1765935141400 HTTP/1.1" 200 -
14.0.224.36 - - [17/Dec/2025:09:28:14 +0800] "POST /InternetTrading/SessionErrorLogger HTTP/1.1" 200 117
14.0.224.36 - - [17/Dec/2025:09:28:14 +0800] "POST /InternetTrading/MarketStatus HTTP/1.1" 200 772
14.0.224.36 - - [17/Dec/2025:09:28:14 +0800] "POST /InternetTrading/SessionErrorLogger HTTP/1.1" 200 117
14.0.224.36 - - [17/Dec/2025:09:28:14 +0800] "POST /InternetTrading/Heartbeat HTTP/1.1" 200 32
14.0.224.36 - - [17/Dec/2025:09:28:14 +0800] "GET /InternetTrading/longpoll/A8127?X-Atmosphere-tracking-id=0&X-Atmosphere-Framework=2.2.3-javascript&X-Atmosphere-Transport=long-polling&X-Atmosphere-TrackMessageSize=true&Content-Type=charset%3Dutf-8&X-atmo-protocol=true&_=1765935139513 HTTP/1.1" 200 -
113.196.56.150 - - [17/Dec/2025:09:28:13 +0800] "GET /logs/secure_access_log.20251002 HTTP/1.1" 200 10071360
113.196.56.150 - - [17/Dec/2025:09:28:15 +0800] "GET /logs/secure_ssl_request_log.20240917 HTTP/1.1" 200 5534443
113.196.56.150 - - [17/Dec/2025:09:28:15 +0800] "GET /logs/secure_ssl_request_log.20240823 HTTP/1.1" 200 6079272
113.196.56.150 - - [17/Dec/2025:09:28:16 +0800] "GET /logs/secure_access_log.20250719 HTTP/1.1" 200 72768
113.196.56.150 - - [17/Dec/2025:09:28:15 +0800] "GET /logs/secure_access_log.20241006 HTTP/1.1" 200 214240
113.196.56.150 - - [17/Dec/2025:09:28:15 +0800] "GET /logs/secure_ssl_request_log.20250815 HTTP/1.1" 200 9304133
113.196.56.150 - - [17/Dec/2025:09:28:15 +0800] "GET /logs/secure_access_log.20250530 HTTP/1.1" 200 5877197
113.196.56.150 - - [17/Dec/2025:09:28:16 +0800] "GET /logs/secure_ssl_request_log.20250204 HTTP/1.1" 200 6071351
119.34.176.224 - - [17/Dec/2025:09:28:16 +0800] "POST /InternetTrading/SessionErrorLogger HTTP/1.1" 200 117
119.34.176.224 - - [17/Dec/2025:09:28:16 +0800] "POST /InternetTrading/MarketStatus HTTP/1.1" 200 772
113.196.56.150 - - [17/Dec/2025:09:28:16 +0800] "GET /logs/secure_access_log.20250310 HTTP/1.1" 200 8896785
113.196.56.150 - - [17/Dec/2025:09:28:16 +0800] "GET /logs/access.log.1729728000 HTTP/1.1" 200 -
113.196.56.150 - - [17/Dec/2025:09:28:16 +0800] "GET /logs/secure_access_log.20240826 HTTP/1.1" 200 4367671
113.196.56.150 - - [17/Dec/2025:09:28:17 +0800] "GET /logs/secure_ssl_request_log.20240727 HTTP/1.1" 200 18866
121.204.201.197 - - [17/Dec/2025:09:28:17 +0800] "GET /InternetTrading/longpoll/55955?X-Atmosphere-tracking-id=0&X-Atmosphere-Framework=2.2.3-javascript&X-Atmosphere-Transport=long-polling&X-Atmosphere-TrackMessageSize=true&Content-Type=charset%3Dutf-8&X-atmo-protocol=true&_=1765935140226 HTTP/1.1" 200 -
113.196.56.150 - - [17/Dec/2025:09:28:17 +0800] "GET /logs/secure_access_log.20250831 HTTP/1.1" 200 162115
113.196.56.150 - - [17/Dec/2025:09:28:17 +0800] "GET /logs/secure_ssl_request_log.20250929 HTTP/1.1" 200 12661966
113.196.56.150 - - [17/Dec/2025:09:28:17 +0800] "GET /logs/secure_access_log.20251108 HTTP/1.1" 200 84811
113.196.56.150 - - [17/Dec/2025:09:28:17 +0800] "GET /logs/secure_access_log.20240730 HTTP/1.1" 200 5874287
113.196.56.150 - - [17/Dec/2025:09:28:18 +0800] "GET /logs/secure_ssl_request_log.20241005 HTTP/1.1" 200 196786
113.196.56.150 - - [17/Dec/2025:09:28:18 +0800] "GET /logs/secure_ssl_request_log.20241227 HTTP/1.1" 200 8343001
58.152.215.40 - - [17/Dec/2025:09:28:18 +0800] "GET /InternetTrading/longpoll/55136?X-Atmosphere-tracking-id=0&X-Atmosphere-Framework=2.2.3-javascript&X-Atmosphere-Transport=long-polling&X-Atmosphere-TrackMessageSize=true&Content-Type=charset%3Dutf-8&X-atmo-protocol=true&_=1765935141588 HTTP/1.1" 200 -
113.196.56.150 - - [17/Dec/2025:09:28:18 +0800] "GET /logs/secure_access_log.20241117 HTTP/1.1" 200 47604
113.196.56.150 - - [17/Dec/2025:09:28:18 +0800] "GET /logs/secure_access_log.20240910 HTTP/1.1" 200 5851531
119.34.176.224 - - [17/Dec/2025:09:28:19 +0800] "GET /InternetTrading/longpoll/13979?X-Atmosphere-tracking-id=0&X-Atmosphere-Framework=2.2.3-javascript&X-Atmosphere-Transport=long-polling&X-Atmosphere-TrackMessageSize=true&Content-Type=charset%3Dutf-8&X-atmo-protocol=true&_=1765935144100 HTTP/1.1" 200 -
119.136.155.219 - - [17/Dec/2025:09:28:19 +0800] "GET /InternetTrading/longpoll/51803?X-Atmosphere-tracking-id=0&X-Atmosphere-Framework=2.2.3-javascript&X-Atmosphere-Transport=long-polling&X-Atmosphere-TrackMessageSize=true&Content-Type=charset%3Dutf-8&X-atmo-protocol=true&_=1765935146431 HTTP/1.1" 200 -
113.196.56.150 - - [17/Dec/2025:09:28:19 +0800] "GET /logs/secure_access_log.20250209 HTTP/1.1" 200 133061
14.0.224.36 - - [17/Dec/2025:09:28:19 +0800] "GET /InternetTrading/longpoll/A8127?X-Atmosphere-tracking-id=0&X-Atmosphere-Framework=2.2.3-javascript&X-Atmosphere-Transport=long-polling&X-Atmosphere-TrackMessageSize=true&Content-Type=charset%3Dutf-8&X-atmo-protocol=true&_=1765935144582 HTTP/1.1" 200 -
61.239.100.147 - - [17/Dec/2025:09:28:19 +0800] "GET /InternetTrading/longpoll/13925?X-Atmosphere-tracking-id=0&X-Atmosphere-Framework=2.2.3-javascript&X-Atmosphere-Transport=long-polling&X-Atmosphere-TrackMessageSize=true&Content-Type=charset%3Dutf-8&X-atmo-protocol=true&_=1765935142452 HTTP/1.1" 200 -
113.196.56.150 - - [17/Dec/2025:09:28:19 +0800] "GET /logs/secure_access_log.20241118 HTTP/1.1" 200 4274224
113.196.56.150 - - [17/Dec/2025:09:28:19 +0800] "GET /logs/secure_access_log.20240817 HTTP/1.1" 200 60993
113.196.56.150 - - [17/Dec/2025:09:28:19 +0800] "GET /logs/secure_access_log.20250708 HTTP/1.1" 200 8454068
113.196.56.150 - - [17/Dec/2025:09:28:20 +0800] "GET /logs/secure_access_log.20241226 HTTP/1.1" 200 64316
113.196.56.150 - - [17/Dec/2025:09:28:19 +0800] "GET /logs/secure_access_log.20241227 HTTP/1.1" 200 7266861
113.196.56.150 - - [17/Dec/2025:09:28:20 +0800] "GET /logs/secure_access_log.20240823 HTTP/1.1" 200 5414747
113.196.56.150 - - [17/Dec/2025:09:28:21 +0800] "GET /logs/secure_access_log.20250208 HTTP/1.1" 200 113580
113.196.56.150 - - [17/Dec/2025:09:28:20 +0800] "GET /logs/secure_ssl_request_log.20251007 HTTP/1.1" 200 335425
113.196.56.150 - - [17/Dec/2025:09:28:20 +0800] "GET /logs/secure_ssl_request_log.20251005 HTTP/1.1" 200 154043
113.196.56.150 - - [17/Dec/2025:09:28:21 +0800] "GET /logs/secure_access_log.20240717 HTTP/1.1" 200 113033
113.196.56.150 - - [17/Dec/2025:09:28:21 +0800] "GET /logs/secure_ssl_request_log.20241203 HTTP/1.1" 200 9349522
121.204.201.197 - - [17/Dec/2025:09:28:22 +0800] "GET /InternetTrading/longpoll/55955?X-Atmosphere-tracking-id=0&X-Atmosphere-Framework=2.2.3-javascript&X-Atmosphere-Transport=long-polling&X-Atmosphere-TrackMessageSize=true&Content-Type=charset%3Dutf-8&X-atmo-protocol=true&_=1765935145293 HTTP/1.1" 200 -
113.196.56.150 - - [17/Dec/2025:09:28:22 +0800] "GET /logs/secure_access_log.20250705 HTTP/1.1" 200 49308
113.196.56.150 - - [17/Dec/2025:09:28:22 +0800] "GET /logs/secure_access_log.20250615 HTTP/1.1" 200 37249
113.196.56.150 - - [17/Dec/2025:09:28:23 +0800] "GET /logs/secure_ssl_request_log.20251104 HTTP/1.1" 200 8536254
58.152.215.40 - - [17/Dec/2025:09:28:23 +0800] "GET /InternetTrading/longpoll/55136?X-Atmosphere-tracking-id=0&X-Atmosphere-Framework=2.2.3-javascript&X-Atmosphere-Transport=long-polling&X-Atmosphere-TrackMessageSize=true&Content-Type=charset%3Dutf-8&X-atmo-protocol=true&_=1765935146636 HTTP/1.1" 200 -
113.196.56.150 - - [17/Dec/2025:09:28:23 +0800] "GET /logs/secure_access_log.20250429 HTTP/1.1" 200 5343647
119.34.176.224 - - [17/Dec/2025:09:28:24 +0800] "GET /InternetTrading/longpoll/13979?X-Atmosphere-tracking-id=0&X-Atmosphere-Framework=2.2.3-javascript&X-Atmosphere-Transport=long-polling&X-Atmosphere-TrackMessageSize=true&Content-Type=charset%3Dutf-8&X-atmo-protocol=true&_=1765935149177 HTTP/1.1" 200 -
119.136.155.219 - - [17/Dec/2025:09:28:24 +0800] "GET /InternetTrading/longpoll/51803?X-Atmosphere-tracking-id=0&X-Atmosphere-Framework=2.2.3-javascript&X-Atmosphere-Transport=long-polling&X-Atmosphere-TrackMessageSize=true&Content-Type=charset%3Dutf-8&X-atmo-protocol=true&_=1765935151491 HTTP/1.1" 200 -
14.0.224.36 - - [17/Dec/2025:09:28:24 +0800] "GET /InternetTrading/longpoll/A8127?X-Atmosphere-tracking-id=0&X-Atmosphere-Framework=2.2.3-javascript&X-Atmosphere-Transport=long-polling&X-Atmosphere-TrackMessageSize=true&Content-Type=charset%3Dutf-8&X-atmo-protocol=true&_=1765935149642 HTTP/1.1" 200 -
113.196.56.150 - - [17/Dec/2025:09:28:24 +0800] "GET /logs/secure_access_log.20241210 HTTP/1.1" 200 7109182
113.196.56.150 - - [17/Dec/2025:09:28:25 +0800] "GET /logs/secure_ssl_request_log.20250119 HTTP/1.1" 200 48780
113.196.56.150 - - [17/Dec/2025:09:28:24 +0800] "GET /logs/secure_access_log.20250204 HTTP/1.1" 200 5294839
61.239.100.147 - - [17/Dec/2025:09:28:25 +0800] "GET /InternetTrading/longpoll/13925?X-Atmosphere-tracking-id=0&X-Atmosphere-Framework=2.2.3-javascript&X-Atmosphere-Transport=long-polling&X-Atmosphere-TrackMessageSize=true&Content-Type=charset%3Dutf-8&X-atmo-protocol=true&_=1765935148451 HTTP/1.1" 200 -
113.196.56.150 - - [17/Dec/2025:09:28:24 +0800] "GET /logs/secure_access_log.20240911 HTTP/1.1" 200 4501461
113.196.56.150 - - [17/Dec/2025:09:28:26 +0800] "GET /logs/secure_ssl_request_log.20250227 HTTP/1.1" 200 7483627
113.196.56.150 - - [17/Dec/2025:09:28:26 +0800] "GET /logs/secure_ssl_request_log.20251209 HTTP/1.1" 200 7588696
121.204.201.197 - - [17/Dec/2025:09:28:27 +0800] "GET /InternetTrading/longpoll/55955?X-Atmosphere-tracking-id=0&X-Atmosphere-Framework=2.2.3-javascript&X-Atmosphere-Transport=long-polling&X-Atmosphere-TrackMessageSize=true&Content-Type=charset%3Dutf-8&X-atmo-protocol=true&_=1765935150519 HTTP/1.1" 200 -
113.196.56.150 - - [17/Dec/2025:09:28:28 +0800] "GET /logs/secure_ssl_request_log.20250222 HTTP/1.1" 200 84046
58.152.215.40 - - [17/Dec/2025:09:28:28 +0800] "GET /InternetTrading/longpoll/55136?X-Atmosphere-tracking-id=0&X-Atmosphere-Framework=2.2.3-javascript&X-Atmosphere-Transport=long-polling&X-Atmosphere-TrackMessageSize=true&Content-Type=charset%3Dutf-8&X-atmo-protocol=true&_=1765935151674 HTTP/1.1" 200 -
113.196.56.150 - - [17/Dec/2025:09:28:29 +0800] "GET /logs/secure_ssl_request_log.20240908 HTTP/1.1" 200 44787
119.136.155.219 - - [17/Dec/2025:09:28:29 +0800] "GET /InternetTrading/longpoll/51803?X-Atmosphere-tracking-id=0&X-Atmosphere-Framework=2.2.3-javascript&X-Atmosphere-Transport=long-polling&X-Atmosphere-TrackMessageSize=true&Content-Type=charset%3Dutf-8&X-atmo-protocol=true&_=1765935156523 HTTP/1.1" 200 -
113.196.56.150 - - [17/Dec/2025:09:28:28 +0800] "GET /logs/secure_access_log.20250403 HTTP/1.1" 200 6460174
113.196.56.150 - - [17/Dec/2025:09:28:27 +0800] "GET /logs/secure_ssl_request_log.20250424 HTTP/1.1" 200 6475109
119.34.176.224 - - [17/Dec/2025:09:28:29 +0800] "GET /InternetTrading/longpoll/13979?X-Atmosphere-tracking-id=0&X-Atmosphere-Framework=2.2.3-javascript&X-Atmosphere-Transport=long-polling&X-Atmosphere-TrackMessageSize=true&Content-Type=charset%3Dutf-8&X-atmo-protocol=true&_=1765935154767 HTTP/1.1" 200 -
14.0.224.36 - - [17/Dec/2025:09:28:29 +0800] "GET /InternetTrading/longpoll/A8127?X-Atmosphere-tracking-id=0&X-Atmosphere-Framework=2.2.3-javascript&X-Atmosphere-Transport=long-polling&X-Atmosphere-TrackMessageSize=true&Content-Type=charset%3Dutf-8&X-atmo-protocol=true&_=1765935154851 HTTP/1.1" 200 -
113.196.56.150 - - [17/Dec/2025:09:28:29 +0800] "GET /logs/secure_ssl_request_log.20250528 HTTP/1.1" 200 8074742
113.196.56.150 - - [17/Dec/2025:09:28:30 +0800] "GET /logs/secure_ssl_request_log.20241027 HTTP/1.1" 200 33081
61.239.100.147 - - [17/Dec/2025:09:28:31 +0800] "GET /InternetTrading/longpoll/13925?X-Atmosphere-tracking-id=0&X-Atmosphere-Framework=2.2.3-javascript&X-Atmosphere-Transport=long-polling&X-Atmosphere-TrackMessageSize=true&Content-Type=charset%3Dutf-8&X-atmo-protocol=true&_=1765935154445 HTTP/1.1" 200 -
113.196.56.150 - - [17/Dec/2025:09:28:31 +0800] "GET /logs/secure_ssl_request_log.20250824 HTTP/1.1" 200 27660
113.196.56.150 - - [17/Dec/2025:09:28:31 +0800] "GET /logs/secure_access_log.20250629 HTTP/1.1" 200 80205
113.196.56.150 - - [17/Dec/2025:09:28:31 +0800] "GET /logs/secure_ssl_request_log.20251207 HTTP/1.1" 200 70744
121.204.201.197 - - [17/Dec/2025:09:28:31 +0800] "POST /InternetTrading/SessionErrorLogger HTTP/1.1" 200 117
121.204.201.197 - - [17/Dec/2025:09:28:31 +0800] "POST /InternetTrading/Heartbeat HTTP/1.1" 200 32
113.196.56.150 - - [17/Dec/2025:09:28:31 +0800] "GET /logs/secure_access_log.20251015 HTTP/1.1" 200 10748156
121.204.201.197 - - [17/Dec/2025:09:28:32 +0800] "POST /InternetTrading/SessionErrorLogger HTTP/1.1" 200 117
121.204.201.197 - - [17/Dec/2025:09:28:32 +0800] "POST /InternetTrading/MarketStatus HTTP/1.1" 200 772
113.196.56.150 - - [17/Dec/2025:09:28:31 +0800] "GET /logs/secure_access_log.20250616 HTTP/1.1" 200 8362450
121.204.201.197 - - [17/Dec/2025:09:28:32 +0800] "GET /InternetTrading/longpoll/55955?X-Atmosphere-tracking-id=0&X-Atmosphere-Framework=2.2.3-javascript&X-Atmosphere-Transport=long-polling&X-Atmosphere-TrackMessageSize=true&Content-Type=charset%3Dutf-8&X-atmo-protocol=true&_=1765935155975 HTTP/1.1" 200 -
113.196.56.150 - - [17/Dec/2025:09:28:31 +0800] "GET /logs/secure_access_log.20250221 HTTP/1.1" 200 9366368
58.152.215.40 - - [17/Dec/2025:09:28:33 +0800] "GET /InternetTrading/longpoll/55136?X-Atmosphere-tracking-id=0&X-Atmosphere-Framework=2.2.3-javascript&X-Atmosphere-Transport=long-polling&X-Atmosphere-TrackMessageSize=true&Content-Type=charset%3Dutf-8&X-atmo-protocol=true&_=1765935156700 HTTP/1.1" 200 -
119.136.155.219 - - [17/Dec/2025:09:28:34 +0800] "GET /InternetTrading/longpoll/51803?X-Atmosphere-tracking-id=0&X-Atmosphere-Framework=2.2.3-javascript&X-Atmosphere-Transport=long-polling&X-Atmosphere-TrackMessageSize=true&Content-Type=charset%3Dutf-8&X-atmo-protocol=true&_=1765935161581 HTTP/1.1" 200 -
113.196.56.150 - - [17/Dec/2025:09:28:34 +0800] "GET /logs/access.log.1738627200 HTTP/1.1" 200 -
14.0.224.36 - - [17/Dec/2025:09:28:34 +0800] "GET /InternetTrading/longpoll/A8127?X-Atmosphere-tracking-id=0&X-Atmosphere-Framework=2.2.3-javascript&X-Atmosphere-Transport=long-polling&X-Atmosphere-TrackMessageSize=true&Content-Type=charset%3Dutf-8&X-atmo-protocol=true&_=1765935160013 HTTP/1.1" 200 -
119.34.176.224 - - [17/Dec/2025:09:28:35 +0800] "GET /InternetTrading/longpoll/13979?X-Atmosphere-tracking-id=0&X-Atmosphere-Framework=2.2.3-javascript&X-Atmosphere-Transport=long-polling&X-Atmosphere-TrackMessageSize=true&Content-Type=charset%3Dutf-8&X-atmo-protocol=true&_=1765935159852 HTTP/1.1" 200 -
113.196.56.150 - - [17/Dec/2025:09:28:35 +0800] "GET /logs/secure_access_log.20250106 HTTP/1.1" 200 6089098
113.196.56.150 - - [17/Dec/2025:09:28:35 +0800] "GET /logs/secure_access_log.20250723 HTTP/1.1" 200 11379435
113.196.56.150 - - [17/Dec/2025:09:28:36 +0800] "GET /logs/secure_ssl_request_log.20251121 HTTP/1.1" 200 17333394
61.239.100.147 - - [17/Dec/2025:09:28:37 +0800] "GET /InternetTrading/longpoll/13925?X-Atmosphere-tracking-id=0&X-Atmosphere-Framework=2.2.3-javascript&X-Atmosphere-Transport=long-polling&X-Atmosphere-TrackMessageSize=true&Content-Type=charset%3Dutf-8&X-atmo-protocol=true&_=1765935160447 HTTP/1.1" 200 -
121.204.201.197 - - [17/Dec/2025:09:28:38 +0800] "GET /InternetTrading/longpoll/55955?X-Atmosphere-tracking-id=0&X-Atmosphere-Framework=2.2.3-javascript&X-Atmosphere-Transport=long-polling&X-Atmosphere-TrackMessageSize=true&Content-Type=charset%3Dutf-8&X-atmo-protocol=true&_=1765935161038 HTTP/1.1" 200 -
113.196.56.150 - - [17/Dec/2025:09:28:38 +0800] "GET /logs/secure_ssl_request_log.20250613 HTTP/1.1" 200 6892038
58.152.215.40 - - [17/Dec/2025:09:28:38 +0800] "GET /InternetTrading/longpoll/55136?X-Atmosphere-tracking-id=0&X-Atmosphere-Framework=2.2.3-javascript&X-Atmosphere-Transport=long-polling&X-Atmosphere-TrackMessageSize=true&Content-Type=charset%3Dutf-8&X-atmo-protocol=true&_=1765935161727 HTTP/1.1" 200 -
113.196.56.150 - - [17/Dec/2025:09:28:34 +0800] "GET /logs/secure_access_log.20250428 HTTP/1.1" 200 6229042
113.196.56.150 - - [17/Dec/2025:09:28:39 +0800] "GET /logs/secure_ssl_request_log.20250202 HTTP/1.1" 200 117383
119.136.155.219 - - [17/Dec/2025:09:28:39 +0800] "GET /InternetTrading/longpoll/51803?X-Atmosphere-tracking-id=0&X-Atmosphere-Framework=2.2.3-javascript&X-Atmosphere-Transport=long-polling&X-Atmosphere-TrackMessageSize=true&Content-Type=charset%3Dutf-8&X-atmo-protocol=true&_=1765935166646 HTTP/1.1" 200 -
113.196.56.150 - - [17/Dec/2025:09:28:39 +0800] "GET /logs/secure_access_log.20250125 HTTP/1.1" 200 102883
113.196.56.150 - - [17/Dec/2025:09:28:39 +0800] "GET /logs/secure_access_log.20251121 HTTP/1.1" 200 14671594
113.196.56.150 - - [17/Dec/2025:09:28:39 +0800] "GET /logs/secure_ssl_request_log.20250421 HTTP/1.1" 200 205469
14.0.224.36 - - [17/Dec/2025:09:28:40 +0800] "GET /InternetTrading/longpoll/A8127?X-Atmosphere-tracking-id=0&X-Atmosphere-Framework=2.2.3-javascript&X-Atmosphere-Transport=long-polling&X-Atmosphere-TrackMessageSize=true&Content-Type=charset%3Dutf-8&X-atmo-protocol=true&_=1765935165171 HTTP/1.1" 200 -
119.136.155.219 - - [17/Dec/2025:09:28:40 +0800] "POST /InternetTrading/SessionErrorLogger HTTP/1.1" 200 117
119.136.155.219 - - [17/Dec/2025:09:28:40 +0800] "POST /InternetTrading/Heartbeat HTTP/1.1" 200 32
119.136.155.219 - - [17/Dec/2025:09:28:40 +0800] "POST /InternetTrading/SessionErrorLogger HTTP/1.1" 200 117
119.136.155.219 - - [17/Dec/2025:09:28:40 +0800] "POST /InternetTrading/MarketStatus HTTP/1.1" 200 772
119.34.176.224 - - [17/Dec/2025:09:28:40 +0800] "GET /InternetTrading/longpoll/13979?X-Atmosphere-tracking-id=0&X-Atmosphere-Framework=2.2.3-javascript&X-Atmosphere-Transport=long-polling&X-Atmosphere-TrackMessageSize=true&Content-Type=charset%3Dutf-8&X-atmo-protocol=true&_=1765935165700 HTTP/1.1" 200 -
113.196.56.150 - - [17/Dec/2025:09:28:39 +0800] "GET /logs/secure_ssl_request_log.20251215 HTTP/1.1" 200 10210811
58.152.215.40 - - [17/Dec/2025:09:28:40 +0800] "POST /InternetTrading/SessionErrorLogger HTTP/1.1" 200 117
58.152.215.40 - - [17/Dec/2025:09:28:40 +0800] "POST /InternetTrading/Heartbeat HTTP/1.1" 200 32
58.152.215.40 - - [17/Dec/2025:09:28:41 +0800] "POST /InternetTrading/SessionErrorLogger HTTP/1.1" 200 117
58.152.215.40 - - [17/Dec/2025:09:28:41 +0800] "POST /InternetTrading/MarketStatus HTTP/1.1" 200 772
113.196.56.150 - - [17/Dec/2025:09:28:41 +0800] "GET /logs/secure_ssl_request_log.20250123 HTTP/1.1" 200 4741550
113.196.56.150 - - [17/Dec/2025:09:28:39 +0800] "GET /logs/secure_access_log.20251202 HTTP/1.1" 200 9193982
113.196.56.150 - - [17/Dec/2025:09:28:39 +0800] "GET /logs/secure_ssl_request_log.20251023 HTTP/1.1" 200 8725823
113.196.56.150 - - [17/Dec/2025:09:28:42 +0800] "GET /logs/secure_ssl_request_log.20241102 HTTP/1.1" 200 51129
121.204.201.197 - - [17/Dec/2025:09:28:43 +0800] "GET /InternetTrading/longpoll/55955?X-Atmosphere-tracking-id=0&X-Atmosphere-Framework=2.2.3-javascript&X-Atmosphere-Transport=long-polling&X-Atmosphere-TrackMessageSize=true&Content-Type=charset%3Dutf-8&X-atmo-protocol=true&_=1765935166222 HTTP/1.1" 200 -
113.196.56.150 - - [17/Dec/2025:09:28:42 +0800] "GET /logs/secure_access_log.20240903 HTTP/1.1" 200 4344497
61.239.100.147 - - [17/Dec/2025:09:28:43 +0800] "GET /InternetTrading/longpoll/13925?X-Atmosphere-tracking-id=0&X-Atmosphere-Framework=2.2.3-javascript&X-Atmosphere-Transport=long-polling&X-Atmosphere-TrackMessageSize=true&Content-Type=charset%3Dutf-8&X-atmo-protocol=true&_=1765935166454 HTTP/1.1" 200 -
58.152.215.40 - - [17/Dec/2025:09:28:43 +0800] "GET /InternetTrading/longpoll/55136?X-Atmosphere-tracking-id=0&X-Atmosphere-Framework=2.2.3-javascript&X-Atmosphere-Transport=long-polling&X-Atmosphere-TrackMessageSize=true&Content-Type=charset%3Dutf-8&X-atmo-protocol=true&_=1765935166742 HTTP/1.1" 200 -
119.34.176.224 - - [17/Dec/2025:09:28:43 +0800] "POST /InternetTrading/SessionErrorLogger HTTP/1.1" 200 117
113.196.56.150 - - [17/Dec/2025:09:28:43 +0800] "GET /logs/secure_ssl_request_log.20250305 HTTP/1.1" 200 7462032
119.34.176.224 - - [17/Dec/2025:09:28:44 +0800] "POST /InternetTrading/Heartbeat HTTP/1.1" 200 32
14.0.224.36 - - [17/Dec/2025:09:28:44 +0800] "POST /InternetTrading/SessionErrorLogger HTTP/1.1" 200 117
14.0.224.36 - - [17/Dec/2025:09:28:44 +0800] "POST /InternetTrading/MarketStatus HTTP/1.1" 200 772
14.0.224.36 - - [17/Dec/2025:09:28:44 +0800] "POST /InternetTrading/SessionErrorLogger HTTP/1.1" 200 117
119.136.155.219 - - [17/Dec/2025:09:28:44 +0800] "GET /InternetTrading/longpoll/51803?X-Atmosphere-tracking-id=0&X-Atmosphere-Framework=2.2.3-javascript&X-Atmosphere-Transport=long-polling&X-Atmosphere-TrackMessageSize=true&Content-Type=charset%3Dutf-8&X-atmo-protocol=true&_=1765935171704 HTTP/1.1" 200 -
14.0.224.36 - - [17/Dec/2025:09:28:44 +0800] "POST /InternetTrading/Heartbeat HTTP/1.1" 200 32
113.196.56.150 - - [17/Dec/2025:09:28:44 +0800] "GET /logs/secure_ssl_request_log.20241228 HTTP/1.1" 200 14048
14.0.224.36 - - [17/Dec/2025:09:28:45 +0800] "GET /InternetTrading/longpoll/A8127?X-Atmosphere-tracking-id=0&X-Atmosphere-Framework=2.2.3-javascript&X-Atmosphere-Transport=long-polling&X-Atmosphere-TrackMessageSize=true&Content-Type=charset%3Dutf-8&X-atmo-protocol=true&_=1765935170366 HTTP/1.1" 200 -
113.196.56.150 - - [17/Dec/2025:09:28:43 +0800] "GET /logs/secure_ssl_request_log.20240810 HTTP/1.1" 200 326991
113.196.56.150 - - [17/Dec/2025:09:28:41 +0800] "GET /logs/secure_ssl_request_log.20241023 HTTP/1.1" 200 9555931
113.196.56.150 - - [17/Dec/2025:09:28:45 +0800] "GET /logs/secure_access_log.20250316 HTTP/1.1" 200 110581
119.34.176.224 - - [17/Dec/2025:09:28:45 +0800] "GET /InternetTrading/longpoll/13979?X-Atmosphere-tracking-id=0&X-Atmosphere-Framework=2.2.3-javascript&X-Atmosphere-Transport=long-polling&X-Atmosphere-TrackMessageSize=true&Content-Type=charset%3Dutf-8&X-atmo-protocol=true&_=1765935170793 HTTP/1.1" 200 -
113.196.56.150 - - [17/Dec/2025:09:28:43 +0800] "GET /logs/secure_access_log.20250602 HTTP/1.1" 200 5996094
113.196.56.150 - - [17/Dec/2025:09:28:46 +0800] "GET /logs/secure_access_log.20250817 HTTP/1.1" 200 125408
113.196.56.150 - - [17/Dec/2025:09:28:43 +0800] "GET /logs/secure_ssl_request_log.20250728 HTTP/1.1" 200 10762710
113.196.56.150 - - [17/Dec/2025:09:28:45 +0800] "GET /logs/secure_access_log.20240802 HTTP/1.1" 200 5058579
113.196.56.150 - - [17/Dec/2025:09:28:44 +0800] "GET /logs/secure_access_log.20250317 HTTP/1.1" 200 9556170
119.34.176.224 - - [17/Dec/2025:09:28:46 +0800] "POST /InternetTrading/SessionErrorLogger HTTP/1.1" 200 117
119.34.176.224 - - [17/Dec/2025:09:28:46 +0800] "POST /InternetTrading/MarketStatus HTTP/1.1" 200 772
113.196.56.150 - - [17/Dec/2025:09:28:47 +0800] "GET /logs/access.log.1726704000 HTTP/1.1" 200 -
113.196.56.150 - - [17/Dec/2025:09:28:47 +0800] "GET /logs/secure_ssl_request_log.20251031 HTTP/1.1" 200 9863247
113.196.56.150 - - [17/Dec/2025:09:28:47 +0800] "GET /logs/secure_ssl_request_log.20250703 HTTP/1.1" 200 14714131
113.196.56.150 - - [17/Dec/2025:09:28:47 +0800] "GET /logs/secure_ssl_request_log.20250102 HTTP/1.1" 200 7308167
113.196.56.150 - - [17/Dec/2025:09:28:47 +0800] "GET /logs/secure_access_log.20240803 HTTP/1.1" 200 147792
113.196.56.150 - - [17/Dec/2025:09:28:47 +0800] "GET /logs/secure_access_log.20250117 HTTP/1.1" 200 4864298
113.196.56.150 - - [17/Dec/2025:09:28:47 +0800] "GET /logs/secure_ssl_request_log.20240814 HTTP/1.1" 200 5287484
113.196.56.150 - - [17/Dec/2025:09:28:47 +0800] "GET /logs/secure_ssl_request_log.20250624 HTTP/1.1" 200 10302546
113.196.56.150 - - [17/Dec/2025:09:28:47 +0800] "GET /logs/secure_ssl_request_log.20240816 HTTP/1.1" 200 5551298
113.196.56.150 - - [17/Dec/2025:09:28:47 +0800] "GET /logs/secure_access_log.20250203 HTTP/1.1" 200 4951054
113.196.56.150 - - [17/Dec/2025:09:28:47 +0800] "GET /logs/secure_access_log.20250411 HTTP/1.1" 200 6381175
113.196.56.150 - - [17/Dec/2025:09:28:47 +0800] "GET /logs/secure_ssl_request_log.20250524 HTTP/1.1" 200 17975
113.196.56.150 - - [17/Dec/2025:09:28:47 +0800] "GET /logs/secure_ssl_request_log.20251002 HTTP/1.1" 200 11533536
113.196.56.150 - - [17/Dec/2025:09:28:48 +0800] "GET /logs/secure_ssl_request_log.20251019 HTTP/1.1" 200 187633
113.196.56.150 - - [17/Dec/2025:09:28:48 +0800] "GET /logs/secure_access_log.20241124 HTTP/1.1" 200 21439
113.196.56.150 - - [17/Dec/2025:09:28:45 +0800] "GET /logs/secure_ssl_request_log.20241025 HTTP/1.1" 200 12743245
113.196.56.150 - - [17/Dec/2025:09:28:47 +0800] "GET /logs/secure_access_log.20250731 HTTP/1.1" 200 4558135
121.204.201.197 - - [17/Dec/2025:09:28:48 +0800] "GET /InternetTrading/longpoll/55955?X-Atmosphere-tracking-id=0&X-Atmosphere-Framework=2.2.3-javascript&X-Atmosphere-Transport=long-polling&X-Atmosphere-TrackMessageSize=true&Content-Type=charset%3Dutf-8&X-atmo-protocol=true&_=1765935171423 HTTP/1.1" 200 -
113.196.56.150 - - [17/Dec/2025:09:28:48 +0800] "GET /logs/secure_access_log.20250605 HTTP/1.1" 200 7884696
58.152.215.40 - - [17/Dec/2025:09:28:48 +0800] "GET /InternetTrading/longpoll/55136?X-Atmosphere-tracking-id=0&X-Atmosphere-Framework=2.2.3-javascript&X-Atmosphere-Transport=long-polling&X-Atmosphere-TrackMessageSize=true&Content-Type=charset%3Dutf-8&X-atmo-protocol=true&_=1765935171758 HTTP/1.1" 200 -
113.196.56.150 - - [17/Dec/2025:09:28:48 +0800] "GET /logs/secure_ssl_request_log.20250617 HTTP/1.1" 200 9174247
113.196.56.150 - - [17/Dec/2025:09:28:48 +0800] "GET /logs/secure_ssl_request_log.20250812 HTTP/1.1" 200 6913998
113.196.56.150 - - [17/Dec/2025:09:28:48 +0800] "GET /logs/secure_ssl_request_log.20250710 HTTP/1.1" 200 16652330
113.196.56.150 - - [17/Dec/2025:09:28:48 +0800] "GET /logs/secure_access_log.20241011 HTTP/1.1" 200 224701
113.196.56.150 - - [17/Dec/2025:09:28:48 +0800] "GET /logs/secure_access_log.20241106 HTTP/1.1" 200 9647557
113.196.56.150 - - [17/Dec/2025:09:28:49 +0800] "GET /logs/secure_access_log.20251024 HTTP/1.1" 200 8405408
113.196.56.150 - - [17/Dec/2025:09:28:49 +0800] "GET /logs/secure_ssl_request_log.20251025 HTTP/1.1" 200 139842
61.239.100.147 - - [17/Dec/2025:09:28:49 +0800] "POST /InternetTrading/SessionErrorLogger HTTP/1.1" 200 117
61.239.100.147 - - [17/Dec/2025:09:28:49 +0800] "POST /InternetTrading/MarketStatus HTTP/1.1" 200 772
119.136.155.219 - - [17/Dec/2025:09:28:49 +0800] "GET /InternetTrading/longpoll/51803?X-Atmosphere-tracking-id=0&X-Atmosphere-Framework=2.2.3-javascript&X-Atmosphere-Transport=long-polling&X-Atmosphere-TrackMessageSize=true&Content-Type=charset%3Dutf-8&X-atmo-protocol=true&_=1765935176735 HTTP/1.1" 200 -
61.239.100.147 - - [17/Dec/2025:09:28:49 +0800] "POST /InternetTrading/SessionErrorLogger HTTP/1.1" 200 117
61.239.100.147 - - [17/Dec/2025:09:28:49 +0800] "POST /InternetTrading/Heartbeat HTTP/1.1" 200 32
61.239.100.147 - - [17/Dec/2025:09:28:49 +0800] "GET /InternetTrading/longpoll/13925?X-Atmosphere-tracking-id=0&X-Atmosphere-Framework=2.2.3-javascript&X-Atmosphere-Transport=long-polling&X-Atmosphere-TrackMessageSize=true&Content-Type=charset%3Dutf-8&X-atmo-protocol=true&_=1765935172514 HTTP/1.1" 200 -
113.196.56.150 - - [17/Dec/2025:09:28:49 +0800] "GET /logs/secure_ssl_request_log.20251010 HTTP/1.1" 200 11626430
113.196.56.150 - - [17/Dec/2025:09:28:49 +0800] "GET /logs/secure_access_log.20250924 HTTP/1.1" 200 3456132
113.196.56.150 - - [17/Dec/2025:09:28:49 +0800] "GET /logs/secure_access_log.20250213 HTTP/1.1" 200 6904315
113.196.56.150 - - [17/Dec/2025:09:28:49 +0800] "GET /logs/secure_ssl_request_log.20250601 HTTP/1.1" 200 131484
14.0.224.36 - - [17/Dec/2025:09:28:50 +0800] "GET /InternetTrading/longpoll/A8127?X-Atmosphere-tracking-id=0&X-Atmosphere-Framework=2.2.3-javascript&X-Atmosphere-Transport=long-polling&X-Atmosphere-TrackMessageSize=true&Content-Type=charset%3Dutf-8&X-atmo-protocol=true&_=1765935175439 HTTP/1.1" 200 -
113.196.56.150 - - [17/Dec/2025:09:28:50 +0800] "GET /logs/secure_access_log.20240904 HTTP/1.1" 200 4905046
119.34.176.224 - - [17/Dec/2025:09:28:50 +0800] "GET /InternetTrading/longpoll/13979?X-Atmosphere-tracking-id=0&X-Atmosphere-Framework=2.2.3-javascript&X-Atmosphere-Transport=long-polling&X-Atmosphere-TrackMessageSize=true&Content-Type=charset%3Dutf-8&X-atmo-protocol=true&_=1765935175906 HTTP/1.1" 200 -
113.196.56.150 - - [17/Dec/2025:09:28:51 +0800] "GET /logs/secure_access_log.20240921 HTTP/1.1" 200 28800
113.196.56.150 - - [17/Dec/2025:09:28:51 +0800] "GET /logs/secure_ssl_request_log.20250724 HTTP/1.1" 200 14757956
113.196.56.150 - - [17/Dec/2025:09:28:51 +0800] "GET /logs/secure_ssl_request_log.20250226 HTTP/1.1" 200 8974234
113.196.56.150 - - [17/Dec/2025:09:28:51 +0800] "GET /logs/secure_access_log.20241205 HTTP/1.1" 200 8505598
113.196.56.150 - - [17/Dec/2025:09:28:52 +0800] "GET /logs/secure_access_log.20250823 HTTP/1.1" 200 310907
113.196.56.150 - - [17/Dec/2025:09:28:52 +0800] "GET /logs/secure_ssl_request_log.20250709 HTTP/1.1" 200 11753933
121.204.201.197 - - [17/Dec/2025:09:28:53 +0800] "GET /InternetTrading/longpoll/55955?X-Atmosphere-tracking-id=0&X-Atmosphere-Framework=2.2.3-javascript&X-Atmosphere-Transport=long-polling&X-Atmosphere-TrackMessageSize=true&Content-Type=charset%3Dutf-8&X-atmo-protocol=true&_=1765935176578 HTTP/1.1" 200 -
113.196.56.150 - - [17/Dec/2025:09:28:53 +0800] "GET /logs/secure_ssl_request_log.20241129 HTTP/1.1" 200 8418371
58.152.215.40 - - [17/Dec/2025:09:28:53 +0800] "GET /InternetTrading/longpoll/55136?X-Atmosphere-tracking-id=0&X-Atmosphere-Framework=2.2.3-javascript&X-Atmosphere-Transport=long-polling&X-Atmosphere-TrackMessageSize=true&Content-Type=charset%3Dutf-8&X-atmo-protocol=true&_=1765935176784 HTTP/1.1" 200 -
119.136.155.219 - - [17/Dec/2025:09:28:54 +0800] "GET /InternetTrading/longpoll/51803?X-Atmosphere-tracking-id=0&X-Atmosphere-Framework=2.2.3-javascript&X-Atmosphere-Transport=long-polling&X-Atmosphere-TrackMessageSize=true&Content-Type=charset%3Dutf-8&X-atmo-protocol=true&_=1765935181808 HTTP/1.1" 200 -
61.239.100.147 - - [17/Dec/2025:09:28:55 +0800] "GET /InternetTrading/longpoll/13925?X-Atmosphere-tracking-id=0&X-Atmosphere-Framework=2.2.3-javascript&X-Atmosphere-Transport=long-polling&X-Atmosphere-TrackMessageSize=true&Content-Type=charset%3Dutf-8&X-atmo-protocol=true&_=1765935178455 HTTP/1.1" 200 -
14.0.224.36 - - [17/Dec/2025:09:28:55 +0800] "GET /InternetTrading/longpoll/A8127?X-Atmosphere-tracking-id=0&X-Atmosphere-Framework=2.2.3-javascript&X-Atmosphere-Transport=long-polling&X-Atmosphere-TrackMessageSize=true&Content-Type=charset%3Dutf-8&X-atmo-protocol=true&_=1765935180625 HTTP/1.1" 200 -
119.34.176.224 - - [17/Dec/2025:09:28:55 +0800] "GET /InternetTrading/longpoll/13979?X-Atmosphere-tracking-id=0&X-Atmosphere-Framework=2.2.3-javascript&X-Atmosphere-Transport=long-polling&X-Atmosphere-TrackMessageSize=true&Content-Type=charset%3Dutf-8&X-atmo-protocol=true&_=1765935180990 HTTP/1.1" 200 -
113.196.56.150 - - [17/Dec/2025:09:28:55 +0800] "GET /logs/secure_ssl_request_log.20250316 HTTP/1.1" 200 135153
113.196.56.150 - - [17/Dec/2025:09:28:57 +0800] "GET /logs/secure_access_log.20250426 HTTP/1.1" 200 26302
113.196.56.150 - - [17/Dec/2025:09:28:58 +0800] "GET /logs/secure_ssl_request_log.20250705 HTTP/1.1" 200 63126
58.152.215.40 - - [17/Dec/2025:09:28:58 +0800] "GET /InternetTrading/longpoll/55136?X-Atmosphere-tracking-id=0&X-Atmosphere-Framework=2.2.3-javascript&X-Atmosphere-Transport=long-polling&X-Atmosphere-TrackMessageSize=true&Content-Type=charset%3Dutf-8&X-atmo-protocol=true&_=1765935181830 HTTP/1.1" 200 -
113.196.56.150 - - [17/Dec/2025:09:28:58 +0800] "GET /logs/secure_access_log.20250505 HTTP/1.1" 200 75115
121.204.201.197 - - [17/Dec/2025:09:28:58 +0800] "GET /InternetTrading/longpoll/55955?X-Atmosphere-tracking-id=0&X-Atmosphere-Framework=2.2.3-javascript&X-Atmosphere-Transport=long-polling&X-Atmosphere-TrackMessageSize=true&Content-Type=charset%3Dutf-8&X-atmo-protocol=true&_=1765935181800 HTTP/1.1" 200 -
119.136.155.219 - - [17/Dec/2025:09:28:59 +0800] "GET /InternetTrading/longpoll/51803?X-Atmosphere-tracking-id=0&X-Atmosphere-Framework=2.2.3-javascript&X-Atmosphere-Transport=long-polling&X-Atmosphere-TrackMessageSize=true&Content-Type=charset%3Dutf-8&X-atmo-protocol=true&_=1765935186877 HTTP/1.1" 200 -
113.196.56.150 - - [17/Dec/2025:09:28:59 +0800] "GET /logs/secure_ssl_request_log.20250129 HTTP/1.1" 200 56575
14.0.224.36 - - [17/Dec/2025:09:29:00 +0800] "GET /InternetTrading/longpoll/A8127?X-Atmosphere-tracking-id=0&X-Atmosphere-Framework=2.2.3-javascript&X-Atmosphere-Transport=long-polling&X-Atmosphere-TrackMessageSize=true&Content-Type=charset%3Dutf-8&X-atmo-protocol=true&_=1765935185839 HTTP/1.1" 200 -
119.34.176.224 - - [17/Dec/2025:09:29:01 +0800] "GET /InternetTrading/longpoll/13979?X-Atmosphere-tracking-id=0&X-Atmosphere-Framework=2.2.3-javascript&X-Atmosphere-Transport=long-polling&X-Atmosphere-TrackMessageSize=true&Content-Type=charset%3Dutf-8&X-atmo-protocol=true&_=1765935186090 HTTP/1.1" 200 -
61.239.100.147 - - [17/Dec/2025:09:29:01 +0800] "GET /InternetTrading/longpoll/13925?X-Atmosphere-tracking-id=0&X-Atmosphere-Framework=2.2.3-javascript&X-Atmosphere-Transport=long-polling&X-Atmosphere-TrackMessageSize=true&Content-Type=charset%3Dutf-8&X-atmo-protocol=true&_=1765935184446 HTTP/1.1" 200 -
113.196.56.150 - - [17/Dec/2025:09:29:01 +0800] "GET /logs/secure_ssl_request_log.20240731 HTTP/1.1" 200 6870938
121.204.201.197 - - [17/Dec/2025:09:29:01 +0800] "POST /InternetTrading/SessionErrorLogger HTTP/1.1" 200 117
121.204.201.197 - - [17/Dec/2025:09:29:02 +0800] "POST /InternetTrading/Heartbeat HTTP/1.1" 200 32
121.204.201.197 - - [17/Dec/2025:09:29:02 +0800] "POST /InternetTrading/SessionErrorLogger HTTP/1.1" 200 117
121.204.201.197 - - [17/Dec/2025:09:29:02 +0800] "POST /InternetTrading/MarketStatus HTTP/1.1" 200 772
113.196.56.150 - - [17/Dec/2025:09:29:03 +0800] "GET /logs/secure_ssl_request_log.20241004 HTTP/1.1" 200 12483866
58.152.215.40 - - [17/Dec/2025:09:29:03 +0800] "GET /InternetTrading/longpoll/55136?X-Atmosphere-tracking-id=0&X-Atmosphere-Framework=2.2.3-javascript&X-Atmosphere-Transport=long-polling&X-Atmosphere-TrackMessageSize=true&Content-Type=charset%3Dutf-8&X-atmo-protocol=true&_=1765935186885 HTTP/1.1" 200 -
121.204.201.197 - - [17/Dec/2025:09:29:04 +0800] "GET /InternetTrading/longpoll/55955?X-Atmosphere-tracking-id=0&X-Atmosphere-Framework=2.2.3-javascript&X-Atmosphere-Transport=long-polling&X-Atmosphere-TrackMessageSize=true&Content-Type=charset%3Dutf-8&X-atmo-protocol=true&_=1765935187035 HTTP/1.1" 200 -
119.136.155.219 - - [17/Dec/2025:09:29:04 +0800] "GET /InternetTrading/longpoll/51803?X-Atmosphere-tracking-id=0&X-Atmosphere-Framework=2.2.3-javascript&X-Atmosphere-Transport=long-polling&X-Atmosphere-TrackMessageSize=true&Content-Type=charset%3Dutf-8&X-atmo-protocol=true&_=1765935191950 HTTP/1.1" 200 -
14.0.224.36 - - [17/Dec/2025:09:29:05 +0800] "GET /InternetTrading/longpoll/A8127?X-Atmosphere-tracking-id=0&X-Atmosphere-Framework=2.2.3-javascript&X-Atmosphere-Transport=long-polling&X-Atmosphere-TrackMessageSize=true&Content-Type=charset%3Dutf-8&X-atmo-protocol=true&_=1765935190980 HTTP/1.1" 200 -
119.34.176.224 - - [17/Dec/2025:09:29:06 +0800] "GET /InternetTrading/longpoll/13979?X-Atmosphere-tracking-id=0&X-Atmosphere-Framework=2.2.3-javascript&X-Atmosphere-Transport=long-polling&X-Atmosphere-TrackMessageSize=true&Content-Type=charset%3Dutf-8&X-atmo-protocol=true&_=1765935191176 HTTP/1.1" 200 -
113.196.56.150 - - [17/Dec/2025:09:29:03 +0800] "GET /logs/secure_access_log.20251010 HTTP/1.1" 200 10142686
113.196.56.150 - - [17/Dec/2025:09:29:03 +0800] "GET /logs/secure_ssl_request_log.20241231 HTTP/1.1" 200 4149224
113.196.56.150 - - [17/Dec/2025:09:29:06 +0800] "GET /logs/secure_access_log.20250802 HTTP/1.1" 200 133852
113.196.56.150 - - [17/Dec/2025:09:29:06 +0800] "GET /logs/secure_ssl_request_log.20250614 HTTP/1.1" 200 91834
61.239.100.147 - - [17/Dec/2025:09:29:07 +0800] "GET /InternetTrading/longpoll/13925?X-Atmosphere-tracking-id=0&X-Atmosphere-Framework=2.2.3-javascript&X-Atmosphere-Transport=long-polling&X-Atmosphere-TrackMessageSize=true&Content-Type=charset%3Dutf-8&X-atmo-protocol=true&_=1765935190441 HTTP/1.1" 200 -
113.196.56.150 - - [17/Dec/2025:09:29:08 +0800] "GET /logs/secure_access_log.20250421 HTTP/1.1" 200 174141
58.152.215.40 - - [17/Dec/2025:09:29:08 +0800] "GET /InternetTrading/longpoll/55136?X-Atmosphere-tracking-id=0&X-Atmosphere-Framework=2.2.3-javascript&X-Atmosphere-Transport=long-polling&X-Atmosphere-TrackMessageSize=true&Content-Type=charset%3Dutf-8&X-atmo-protocol=true&_=1765935191915 HTTP/1.1" 200 -
121.204.201.197 - - [17/Dec/2025:09:29:09 +0800] "GET /InternetTrading/longpoll/55955?X-Atmosphere-tracking-id=0&X-Atmosphere-Framework=2.2.3-javascript&X-Atmosphere-Transport=long-polling&X-Atmosphere-TrackMessageSize=true&Content-Type=charset%3Dutf-8&X-atmo-protocol=true&_=1765935192108 HTTP/1.1" 200 -
119.136.155.219 - - [17/Dec/2025:09:29:09 +0800] "GET /InternetTrading/longpoll/51803?X-Atmosphere-tracking-id=0&X-Atmosphere-Framework=2.2.3-javascript&X-Atmosphere-Transport=long-polling&X-Atmosphere-TrackMessageSize=true&Content-Type=charset%3Dutf-8&X-atmo-protocol=true&_=1765935197023 HTTP/1.1" 200 -
119.136.155.219 - - [17/Dec/2025:09:29:10 +0800] "POST /InternetTrading/SessionErrorLogger HTTP/1.1" 200 117
119.136.155.219 - - [17/Dec/2025:09:29:10 +0800] "POST /InternetTrading/Heartbeat HTTP/1.1" 200 32
119.136.155.219 - - [17/Dec/2025:09:29:10 +0800] "POST /InternetTrading/SessionErrorLogger HTTP/1.1" 200 117
119.136.155.219 - - [17/Dec/2025:09:29:10 +0800] "POST /InternetTrading/MarketStatus HTTP/1.1" 200 772
58.152.215.40 - - [17/Dec/2025:09:29:10 +0800] "POST /InternetTrading/SessionErrorLogger HTTP/1.1" 200 117
58.152.215.40 - - [17/Dec/2025:09:29:10 +0800] "POST /InternetTrading/Heartbeat HTTP/1.1" 200 32
58.152.215.40 - - [17/Dec/2025:09:29:11 +0800] "POST /InternetTrading/SessionErrorLogger HTTP/1.1" 200 117
58.152.215.40 - - [17/Dec/2025:09:29:11 +0800] "POST /InternetTrading/MarketStatus HTTP/1.1" 200 772
14.0.224.36 - - [17/Dec/2025:09:29:11 +0800] "GET /InternetTrading/longpoll/A8127?X-Atmosphere-tracking-id=0&X-Atmosphere-Framework=2.2.3-javascript&X-Atmosphere-Transport=long-polling&X-Atmosphere-TrackMessageSize=true&Content-Type=charset%3Dutf-8&X-atmo-protocol=true&_=1765935196162 HTTP/1.1" 200 -
119.34.176.224 - - [17/Dec/2025:09:29:11 +0800] "GET /InternetTrading/longpoll/13979?X-Atmosphere-tracking-id=0&X-Atmosphere-Framework=2.2.3-javascript&X-Atmosphere-Transport=long-polling&X-Atmosphere-TrackMessageSize=true&Content-Type=charset%3Dutf-8&X-atmo-protocol=true&_=1765935196278 HTTP/1.1" 200 -
113.196.56.150 - - [17/Dec/2025:09:29:11 +0800] "GET /logs/secure_access_log.20241103 HTTP/1.1" 200 131206
61.239.100.147 - - [17/Dec/2025:09:29:13 +0800] "GET /InternetTrading/longpoll/13925?X-Atmosphere-tracking-id=0&X-Atmosphere-Framework=2.2.3-javascript&X-Atmosphere-Transport=long-polling&X-Atmosphere-TrackMessageSize=true&Content-Type=charset%3Dutf-8&X-atmo-protocol=true&_=1765935196445 HTTP/1.1" 200 -
58.152.215.40 - - [17/Dec/2025:09:29:13 +0800] "GET /InternetTrading/longpoll/55136?X-Atmosphere-tracking-id=0&X-Atmosphere-Framework=2.2.3-javascript&X-Atmosphere-Transport=long-polling&X-Atmosphere-TrackMessageSize=true&Content-Type=charset%3Dutf-8&X-atmo-protocol=true&_=1765935196943 HTTP/1.1" 200 -
119.34.176.224 - - [17/Dec/2025:09:29:14 +0800] "POST /InternetTrading/SessionErrorLogger HTTP/1.1" 200 117
119.34.176.224 - - [17/Dec/2025:09:29:14 +0800] "POST /InternetTrading/Heartbeat HTTP/1.1" 200 32
14.0.224.36 - - [17/Dec/2025:09:29:14 +0800] "GET /InternetTrading/tc/images/refresh.gif HTTP/1.1" 200 1145
121.204.201.197 - - [17/Dec/2025:09:29:14 +0800] "GET /InternetTrading/longpoll/55955?X-Atmosphere-tracking-id=0&X-Atmosphere-Framework=2.2.3-javascript&X-Atmosphere-Transport=long-polling&X-Atmosphere-TrackMessageSize=true&Content-Type=charset%3Dutf-8&X-atmo-protocol=true&_=1765935197263 HTTP/1.1" 200 -
14.0.224.36 - - [17/Dec/2025:09:29:14 +0800] "POST /InternetTrading/SessionErrorLogger HTTP/1.1" 200 117
14.0.224.36 - - [17/Dec/2025:09:29:14 +0800] "POST /InternetTrading/MarketStatus HTTP/1.1" 200 772
14.0.224.36 - - [17/Dec/2025:09:29:14 +0800] "POST /InternetTrading/SessionErrorLogger HTTP/1.1" 200 117
14.0.224.36 - - [17/Dec/2025:09:29:14 +0800] "GET /InternetTrading/tc/images/refresh.gif HTTP/1.1" 200 1145
14.0.224.36 - - [17/Dec/2025:09:29:14 +0800] "POST /InternetTrading/Heartbeat HTTP/1.1" 200 32
14.0.224.36 - - [17/Dec/2025:09:29:14 +0800] "POST /InternetTrading/SessionErrorLogger HTTP/1.1" 200 117
14.0.224.36 - - [17/Dec/2025:09:29:14 +0800] "GET /InternetTrading/jquery/wait.gif HTTP/1.1" 200 432
14.0.224.36 - - [17/Dec/2025:09:29:14 +0800] "POST /InternetTrading/Orderbook HTTP/1.1" 200 1677
119.136.155.219 - - [17/Dec/2025:09:29:14 +0800] "GET /InternetTrading/longpoll/51803?X-Atmosphere-tracking-id=0&X-Atmosphere-Framework=2.2.3-javascript&X-Atmosphere-Transport=long-polling&X-Atmosphere-TrackMessageSize=true&Content-Type=charset%3Dutf-8&X-atmo-protocol=true&_=1765935202076 HTTP/1.1" 200 -
14.0.224.36 - - [17/Dec/2025:09:29:14 +0800] "GET /InternetTrading/tc/images/refresh.gif HTTP/1.1" 200 1145
14.0.224.36 - - [17/Dec/2025:09:29:15 +0800] "POST /InternetTrading/SessionErrorLogger HTTP/1.1" 200 117
14.0.224.36 - - [17/Dec/2025:09:29:15 +0800] "GET /InternetTrading/jquery/wait.gif HTTP/1.1" 200 432
14.0.224.36 - - [17/Dec/2025:09:29:15 +0800] "POST /InternetTrading/OrderDetail HTTP/1.1" 200 1340
119.34.176.224 - - [17/Dec/2025:09:29:16 +0800] "GET /InternetTrading/longpoll/13979?X-Atmosphere-tracking-id=0&X-Atmosphere-Framework=2.2.3-javascript&X-Atmosphere-Transport=long-polling&X-Atmosphere-TrackMessageSize=true&Content-Type=charset%3Dutf-8&X-atmo-protocol=true&_=1765935201367 HTTP/1.1" 200 -
14.0.224.36 - - [17/Dec/2025:09:29:16 +0800] "GET /InternetTrading/longpoll/A8127?X-Atmosphere-tracking-id=0&X-Atmosphere-Framework=2.2.3-javascript&X-Atmosphere-Transport=long-polling&X-Atmosphere-TrackMessageSize=true&Content-Type=charset%3Dutf-8&X-atmo-protocol=true&_=1765935201383 HTTP/1.1" 200 -
113.196.56.150 - - [17/Dec/2025:09:29:16 +0800] "GET /logs/secure_ssl_request_log.20251109 HTTP/1.1" 200 183041
119.34.176.224 - - [17/Dec/2025:09:29:16 +0800] "POST /InternetTrading/SessionErrorLogger HTTP/1.1" 200 117
113.196.56.150 - - [17/Dec/2025:09:29:13 +0800] "GET /logs/secure_ssl_request_log.20250522 HTTP/1.1" 200 6896242
113.196.56.150 - - [17/Dec/2025:09:29:08 +0800] "GET /logs/secure_access_log.20250211 HTTP/1.1" 200 5859631
119.34.176.224 - - [17/Dec/2025:09:29:16 +0800] "POST /InternetTrading/MarketStatus HTTP/1.1" 200 772
113.196.56.150 - - [17/Dec/2025:09:29:17 +0800] "GET /logs/secure_access_log.20250413 HTTP/1.1" 200 113702
113.196.56.150 - - [17/Dec/2025:09:29:16 +0800] "GET /logs/secure_access_log.20251022 HTTP/1.1" 200 11223321
113.196.56.150 - - [17/Dec/2025:09:29:17 +0800] "GET /logs/secure_ssl_request_log.20251016 HTTP/1.1" 200 10545154
113.196.56.150 - - [17/Dec/2025:09:29:17 +0800] "GET /logs/secure_ssl_request_log.20250708 HTTP/1.1" 200 9674810
113.196.56.150 - - [17/Dec/2025:09:29:17 +0800] "GET /logs/secure_access_log.20241115 HTTP/1.1" 200 4952723
113.196.56.150 - - [17/Dec/2025:09:29:17 +0800] "GET /logs/secure_ssl_request_log.20250103 HTTP/1.1" 200 6564879
113.196.56.150 - - [17/Dec/2025:09:29:17 +0800] "GET /logs/secure_access_log.20250717 HTTP/1.1" 200 12408484
113.196.56.150 - - [17/Dec/2025:09:29:18 +0800] "GET /logs/secure_access_log.20250703 HTTP/1.1" 200 13032511
113.196.56.150 - - [17/Dec/2025:09:29:18 +0800] "GET /logs/secure_access_log.20250301 HTTP/1.1" 200 137762
113.196.56.150 - - [17/Dec/2025:09:29:18 +0800] "GET /logs/secure_ssl_request_log.20241012 HTTP/1.1" 200 173625
113.196.56.150 - - [17/Dec/2025:09:29:18 +0800] "GET /logs/secure_access_log.20250406 HTTP/1.1" 200 66574
113.196.56.150 - - [17/Dec/2025:09:29:18 +0800] "GET /logs/secure_ssl_request_log.20240725 HTTP/1.1" 200 7253401
113.196.56.150 - - [17/Dec/2025:09:29:18 +0800] "GET /logs/secure_ssl_request_log.20250520 HTTP/1.1" 200 9028670
58.152.215.40 - - [17/Dec/2025:09:29:18 +0800] "GET /InternetTrading/longpoll/55136?X-Atmosphere-tracking-id=0&X-Atmosphere-Framework=2.2.3-javascript&X-Atmosphere-Transport=long-polling&X-Atmosphere-TrackMessageSize=true&Content-Type=charset%3Dutf-8&X-atmo-protocol=true&_=1765935201970 HTTP/1.1" 200 -
14.0.224.36 - - [17/Dec/2025:09:29:19 +0800] "GET /InternetTrading/jquery/wait.gif HTTP/1.1" 200 432
14.0.224.36 - - [17/Dec/2025:09:29:19 +0800] "POST /InternetTrading/SessionErrorLogger HTTP/1.1" 200 117
14.0.224.36 - - [17/Dec/2025:09:29:19 +0800] "POST /InternetTrading/Portfolio HTTP/1.1" 200 1833
113.196.56.150 - - [17/Dec/2025:09:29:18 +0800] "GET /logs/secure_ssl_request_log.20240805 HTTP/1.1" 200 5432618
113.196.56.150 - - [17/Dec/2025:09:29:18 +0800] "GET /logs/secure_access_log.20251028 HTTP/1.1" 200 12750347
