58.152.215.40 - - [17/Dec/2025:10:04:02 +0800] "GET /InternetTrading/longpoll/55136?X-Atmosphere-tracking-id=0&X-Atmosphere-Framework=2.2.3-javascript&X-Atmosphere-Transport=long-polling&X-Atmosphere-TrackMessageSize=true&Content-Type=charset%3Dutf-8&X-atmo-protocol=true&_=1765937285188 HTTP/1.1" 200 -
61.239.100.147 - - [17/Dec/2025:10:04:04 +0800] "GET /InternetTrading/longpoll/13925?X-Atmosphere-tracking-id=0&X-Atmosphere-Framework=2.2.3-javascript&X-Atmosphere-Transport=long-polling&X-Atmosphere-TrackMessageSize=true&Content-Type=charset%3Dutf-8&X-atmo-protocol=true&_=1765937287442 HTTP/1.1" 200 -
14.0.224.36 - - [17/Dec/2025:10:04:05 +0800] "GET /InternetTrading/longpoll/A8127?X-Atmosphere-tracking-id=0&X-Atmosphere-Framework=2.2.3-javascript&X-Atmosphere-Transport=long-polling&X-Atmosphere-TrackMessageSize=true&Content-Type=charset%3Dutf-8&X-atmo-protocol=true&_=1765937290221 HTTP/1.1" 200 -
119.136.155.219 - - [17/Dec/2025:10:04:06 +0800] "GET /InternetTrading/longpoll/51803?X-Atmosphere-tracking-id=0&X-Atmosphere-Framework=2.2.3-javascript&X-Atmosphere-Transport=long-polling&X-Atmosphere-TrackMessageSize=true&Content-Type=charset%3Dutf-8&X-atmo-protocol=true&_=1765937293519 HTTP/1.1" 200 -
119.34.176.224 - - [17/Dec/2025:10:04:06 +0800] "GET /InternetTrading/longpoll/13979?X-Atmosphere-tracking-id=0&X-Atmosphere-Framework=2.2.3-javascript&X-Atmosphere-Transport=long-polling&X-Atmosphere-TrackMessageSize=true&Content-Type=charset%3Dutf-8&X-atmo-protocol=true&_=1765937291751 HTTP/1.1" 200 -
58.152.215.40 - - [17/Dec/2025:10:04:07 +0800] "GET /InternetTrading/longpoll/55136?X-Atmosphere-tracking-id=0&X-Atmosphere-Framework=2.2.3-javascript&X-Atmosphere-Transport=long-polling&X-Atmosphere-TrackMessageSize=true&Content-Type=charset%3Dutf-8&X-atmo-protocol=true&_=1765937290225 HTTP/1.1" 200 -
119.34.176.224 - - [17/Dec/2025:10:04:07 +0800] "POST /InternetTrading/SessionErrorLogger HTTP/1.1" 200 117
119.34.176.224 - - [17/Dec/2025:10:04:07 +0800] "POST /InternetTrading/MarketStatus HTTP/1.1" 200 772
119.136.155.219 - - [17/Dec/2025:10:04:07 +0800] "POST /InternetTrading/SessionErrorLogger HTTP/1.1" 200 117
119.136.155.219 - - [17/Dec/2025:10:04:07 +0800] "POST /InternetTrading/Heartbeat HTTP/1.1" 200 32
119.136.155.219 - - [17/Dec/2025:10:04:07 +0800] "POST /InternetTrading/SessionErrorLogger HTTP/1.1" 200 117
119.136.155.219 - - [17/Dec/2025:10:04:07 +0800] "POST /InternetTrading/MarketStatus HTTP/1.1" 200 772
61.239.100.147 - - [17/Dec/2025:10:04:10 +0800] "GET /InternetTrading/longpoll/13925?X-Atmosphere-tracking-id=0&X-Atmosphere-Framework=2.2.3-javascript&X-Atmosphere-Transport=long-polling&X-Atmosphere-TrackMessageSize=true&Content-Type=charset%3Dutf-8&X-atmo-protocol=true&_=1765937293441 HTTP/1.1" 200 -
14.0.224.36 - - [17/Dec/2025:10:04:10 +0800] "GET /InternetTrading/longpoll/A8127?X-Atmosphere-tracking-id=0&X-Atmosphere-Framework=2.2.3-javascript&X-Atmosphere-Transport=long-polling&X-Atmosphere-TrackMessageSize=true&Content-Type=charset%3Dutf-8&X-atmo-protocol=true&_=1765937295436 HTTP/1.1" 200 -
119.34.176.224 - - [17/Dec/2025:10:04:11 +0800] "GET /InternetTrading/longpoll/13979?X-Atmosphere-tracking-id=0&X-Atmosphere-Framework=2.2.3-javascript&X-Atmosphere-Transport=long-polling&X-Atmosphere-TrackMessageSize=true&Content-Type=charset%3Dutf-8&X-atmo-protocol=true&_=1765937296852 HTTP/1.1" 200 -
119.136.155.219 - - [17/Dec/2025:10:04:11 +0800] "GET /InternetTrading/longpoll/51803?X-Atmosphere-tracking-id=0&X-Atmosphere-Framework=2.2.3-javascript&X-Atmosphere-Transport=long-polling&X-Atmosphere-TrackMessageSize=true&Content-Type=charset%3Dutf-8&X-atmo-protocol=true&_=1765937299226 HTTP/1.1" 200 -
58.152.215.40 - - [17/Dec/2025:10:04:12 +0800] "GET /InternetTrading/longpoll/55136?X-Atmosphere-tracking-id=0&X-Atmosphere-Framework=2.2.3-javascript&X-Atmosphere-Transport=long-polling&X-Atmosphere-TrackMessageSize=true&Content-Type=charset%3Dutf-8&X-atmo-protocol=true&_=1765937295277 HTTP/1.1" 200 -
58.152.215.40 - - [17/Dec/2025:10:04:12 +0800] "POST /InternetTrading/SessionErrorLogger HTTP/1.1" 200 117
58.152.215.40 - - [17/Dec/2025:10:04:12 +0800] "POST /InternetTrading/Heartbeat HTTP/1.1" 200 32
58.152.215.40 - - [17/Dec/2025:10:04:12 +0800] "POST /InternetTrading/SessionErrorLogger HTTP/1.1" 200 117
58.152.215.40 - - [17/Dec/2025:10:04:12 +0800] "POST /InternetTrading/MarketStatus HTTP/1.1" 200 772
14.0.224.36 - - [17/Dec/2025:10:04:15 +0800] "GET /InternetTrading/longpoll/A8127?X-Atmosphere-tracking-id=0&X-Atmosphere-Framework=2.2.3-javascript&X-Atmosphere-Transport=long-polling&X-Atmosphere-TrackMessageSize=true&Content-Type=charset%3Dutf-8&X-atmo-protocol=true&_=1765937300670 HTTP/1.1" 200 -
61.239.100.147 - - [17/Dec/2025:10:04:16 +0800] "GET /InternetTrading/longpoll/13925?X-Atmosphere-tracking-id=0&X-Atmosphere-Framework=2.2.3-javascript&X-Atmosphere-Transport=long-polling&X-Atmosphere-TrackMessageSize=true&Content-Type=charset%3Dutf-8&X-atmo-protocol=true&_=1765937299453 HTTP/1.1" 200 -
119.34.176.224 - - [17/Dec/2025:10:04:16 +0800] "GET /InternetTrading/longpoll/13979?X-Atmosphere-tracking-id=0&X-Atmosphere-Framework=2.2.3-javascript&X-Atmosphere-Transport=long-polling&X-Atmosphere-TrackMessageSize=true&Content-Type=charset%3Dutf-8&X-atmo-protocol=true&_=1765937301959 HTTP/1.1" 200 -
58.152.215.40 - - [17/Dec/2025:10:04:17 +0800] "GET /InternetTrading/longpoll/55136?X-Atmosphere-tracking-id=0&X-Atmosphere-Framework=2.2.3-javascript&X-Atmosphere-Transport=long-polling&X-Atmosphere-TrackMessageSize=true&Content-Type=charset%3Dutf-8&X-atmo-protocol=true&_=1765937300324 HTTP/1.1" 200 -
119.136.155.219 - - [17/Dec/2025:10:04:17 +0800] "GET /InternetTrading/longpoll/51803?X-Atmosphere-tracking-id=0&X-Atmosphere-Framework=2.2.3-javascript&X-Atmosphere-Transport=long-polling&X-Atmosphere-TrackMessageSize=true&Content-Type=charset%3Dutf-8&X-atmo-protocol=true&_=1765937305232 HTTP/1.1" 200 -
14.0.224.36 - - [17/Dec/2025:10:04:20 +0800] "GET /InternetTrading/longpoll/A8127?X-Atmosphere-tracking-id=0&X-Atmosphere-Framework=2.2.3-javascript&X-Atmosphere-Transport=long-polling&X-Atmosphere-TrackMessageSize=true&Content-Type=charset%3Dutf-8&X-atmo-protocol=true&_=1765937305840 HTTP/1.1" 200 -
119.34.176.224 - - [17/Dec/2025:10:04:22 +0800] "GET /InternetTrading/longpoll/13979?X-Atmosphere-tracking-id=0&X-Atmosphere-Framework=2.2.3-javascript&X-Atmosphere-Transport=long-polling&X-Atmosphere-TrackMessageSize=true&Content-Type=charset%3Dutf-8&X-atmo-protocol=true&_=1765937307099 HTTP/1.1" 200 -
58.152.215.40 - - [17/Dec/2025:10:04:22 +0800] "GET /InternetTrading/longpoll/55136?X-Atmosphere-tracking-id=0&X-Atmosphere-Framework=2.2.3-javascript&X-Atmosphere-Transport=long-polling&X-Atmosphere-TrackMessageSize=true&Content-Type=charset%3Dutf-8&X-atmo-protocol=true&_=1765937305361 HTTP/1.1" 200 -
61.239.100.147 - - [17/Dec/2025:10:04:22 +0800] "GET /InternetTrading/longpoll/13925?X-Atmosphere-tracking-id=0&X-Atmosphere-Framework=2.2.3-javascript&X-Atmosphere-Transport=long-polling&X-Atmosphere-TrackMessageSize=true&Content-Type=charset%3Dutf-8&X-atmo-protocol=true&_=1765937305448 HTTP/1.1" 200 -
14.0.224.36 - - [17/Dec/2025:10:04:23 +0800] "POST /InternetTrading/SessionErrorLogger HTTP/1.1" 200 117
14.0.224.36 - - [17/Dec/2025:10:04:23 +0800] "POST /InternetTrading/Heartbeat HTTP/1.1" 200 32
14.0.224.36 - - [17/Dec/2025:10:04:23 +0800] "POST /InternetTrading/SessionErrorLogger HTTP/1.1" 200 117
14.0.224.36 - - [17/Dec/2025:10:04:23 +0800] "POST /InternetTrading/MarketStatus HTTP/1.1" 200 772
119.136.155.219 - - [17/Dec/2025:10:04:23 +0800] "GET /InternetTrading/longpoll/51803?X-Atmosphere-tracking-id=0&X-Atmosphere-Framework=2.2.3-javascript&X-Atmosphere-Transport=long-polling&X-Atmosphere-TrackMessageSize=true&Content-Type=charset%3Dutf-8&X-atmo-protocol=true&_=1765937311223 HTTP/1.1" 200 -
14.0.224.36 - - [17/Dec/2025:10:04:26 +0800] "GET /InternetTrading/longpoll/A8127?X-Atmosphere-tracking-id=0&X-Atmosphere-Framework=2.2.3-javascript&X-Atmosphere-Transport=long-polling&X-Atmosphere-TrackMessageSize=true&Content-Type=charset%3Dutf-8&X-atmo-protocol=true&_=1765937311144 HTTP/1.1" 200 -
119.34.176.224 - - [17/Dec/2025:10:04:27 +0800] "GET /InternetTrading/longpoll/13979?X-Atmosphere-tracking-id=0&X-Atmosphere-Framework=2.2.3-javascript&X-Atmosphere-Transport=long-polling&X-Atmosphere-TrackMessageSize=true&Content-Type=charset%3Dutf-8&X-atmo-protocol=true&_=1765937312193 HTTP/1.1" 200 -
58.152.215.40 - - [17/Dec/2025:10:04:27 +0800] "GET /InternetTrading/longpoll/55136?X-Atmosphere-tracking-id=0&X-Atmosphere-Framework=2.2.3-javascript&X-Atmosphere-Transport=long-polling&X-Atmosphere-TrackMessageSize=true&Content-Type=charset%3Dutf-8&X-atmo-protocol=true&_=1765937310381 HTTP/1.1" 200 -
119.34.176.224 - - [17/Dec/2025:10:04:27 +0800] "POST /InternetTrading/SessionErrorLogger HTTP/1.1" 200 117
119.34.176.224 - - [17/Dec/2025:10:04:27 +0800] "POST /InternetTrading/Heartbeat HTTP/1.1" 200 32
61.239.100.147 - - [17/Dec/2025:10:04:28 +0800] "GET /InternetTrading/longpoll/13925?X-Atmosphere-tracking-id=0&X-Atmosphere-Framework=2.2.3-javascript&X-Atmosphere-Transport=long-polling&X-Atmosphere-TrackMessageSize=true&Content-Type=charset%3Dutf-8&X-atmo-protocol=true&_=1765937311446 HTTP/1.1" 200 -
218.1.139.4 - - [17/Dec/2025:10:04:28 +0800] "GET /favicon.ico HTTP/1.1" 404 196
119.136.155.219 - - [17/Dec/2025:10:04:29 +0800] "GET /InternetTrading/longpoll/51803?X-Atmosphere-tracking-id=0&X-Atmosphere-Framework=2.2.3-javascript&X-Atmosphere-Transport=long-polling&X-Atmosphere-TrackMessageSize=true&Content-Type=charset%3Dutf-8&X-atmo-protocol=true&_=1765937317235 HTTP/1.1" 200 -
14.0.224.36 - - [17/Dec/2025:10:04:31 +0800] "GET /InternetTrading/longpoll/A8127?X-Atmosphere-tracking-id=0&X-Atmosphere-Framework=2.2.3-javascript&X-Atmosphere-Transport=long-polling&X-Atmosphere-TrackMessageSize=true&Content-Type=charset%3Dutf-8&X-atmo-protocol=true&_=1765937316241 HTTP/1.1" 200 -
119.34.176.224 - - [17/Dec/2025:10:04:32 +0800] "GET /InternetTrading/longpoll/13979?X-Atmosphere-tracking-id=0&X-Atmosphere-Framework=2.2.3-javascript&X-Atmosphere-Transport=long-polling&X-Atmosphere-TrackMessageSize=true&Content-Type=charset%3Dutf-8&X-atmo-protocol=true&_=1765937317271 HTTP/1.1" 200 -
58.152.215.40 - - [17/Dec/2025:10:04:32 +0800] "GET /InternetTrading/longpoll/55136?X-Atmosphere-tracking-id=0&X-Atmosphere-Framework=2.2.3-javascript&X-Atmosphere-Transport=long-polling&X-Atmosphere-TrackMessageSize=true&Content-Type=charset%3Dutf-8&X-atmo-protocol=true&_=1765937315406 HTTP/1.1" 200 -
61.239.100.147 - - [17/Dec/2025:10:04:34 +0800] "GET /InternetTrading/longpoll/13925?X-Atmosphere-tracking-id=0&X-Atmosphere-Framework=2.2.3-javascript&X-Atmosphere-Transport=long-polling&X-Atmosphere-TrackMessageSize=true&Content-Type=charset%3Dutf-8&X-atmo-protocol=true&_=1765937317445 HTTP/1.1" 200 -
119.136.155.219 - - [17/Dec/2025:10:04:35 +0800] "GET /InternetTrading/longpoll/51803?X-Atmosphere-tracking-id=0&X-Atmosphere-Framework=2.2.3-javascript&X-Atmosphere-Transport=long-polling&X-Atmosphere-TrackMessageSize=true&Content-Type=charset%3Dutf-8&X-atmo-protocol=true&_=1765937323226 HTTP/1.1" 200 -
14.0.224.36 - - [17/Dec/2025:10:04:36 +0800] "GET /InternetTrading/longpoll/A8127?X-Atmosphere-tracking-id=0&X-Atmosphere-Framework=2.2.3-javascript&X-Atmosphere-Transport=long-polling&X-Atmosphere-TrackMessageSize=true&Content-Type=charset%3Dutf-8&X-atmo-protocol=true&_=1765937321327 HTTP/1.1" 200 -
119.34.176.224 - - [17/Dec/2025:10:04:37 +0800] "GET /InternetTrading/longpoll/13979?X-Atmosphere-tracking-id=0&X-Atmosphere-Framework=2.2.3-javascript&X-Atmosphere-Transport=long-polling&X-Atmosphere-TrackMessageSize=true&Content-Type=charset%3Dutf-8&X-atmo-protocol=true&_=1765937322334 HTTP/1.1" 200 -
119.34.176.224 - - [17/Dec/2025:10:04:37 +0800] "POST /InternetTrading/SessionErrorLogger HTTP/1.1" 200 117
58.152.215.40 - - [17/Dec/2025:10:04:37 +0800] "GET /InternetTrading/longpoll/55136?X-Atmosphere-tracking-id=0&X-Atmosphere-Framework=2.2.3-javascript&X-Atmosphere-Transport=long-polling&X-Atmosphere-TrackMessageSize=true&Content-Type=charset%3Dutf-8&X-atmo-protocol=true&_=1765937320442 HTTP/1.1" 200 -
119.34.176.224 - - [17/Dec/2025:10:04:37 +0800] "POST /InternetTrading/MarketStatus HTTP/1.1" 200 772
119.136.155.219 - - [17/Dec/2025:10:04:38 +0800] "POST /InternetTrading/SessionErrorLogger HTTP/1.1" 200 117
119.136.155.219 - - [17/Dec/2025:10:04:38 +0800] "POST /InternetTrading/Heartbeat HTTP/1.1" 200 32
119.136.155.219 - - [17/Dec/2025:10:04:38 +0800] "POST /InternetTrading/SessionErrorLogger HTTP/1.1" 200 117
119.136.155.219 - - [17/Dec/2025:10:04:38 +0800] "POST /InternetTrading/MarketStatus HTTP/1.1" 200 772
61.239.100.147 - - [17/Dec/2025:10:04:40 +0800] "GET /InternetTrading/longpoll/13925?X-Atmosphere-tracking-id=0&X-Atmosphere-Framework=2.2.3-javascript&X-Atmosphere-Transport=long-polling&X-Atmosphere-TrackMessageSize=true&Content-Type=charset%3Dutf-8&X-atmo-protocol=true&_=1765937323453 HTTP/1.1" 200 -
14.0.224.36 - - [17/Dec/2025:10:04:41 +0800] "GET /InternetTrading/longpoll/A8127?X-Atmosphere-tracking-id=0&X-Atmosphere-Framework=2.2.3-javascript&X-Atmosphere-Transport=long-polling&X-Atmosphere-TrackMessageSize=true&Content-Type=charset%3Dutf-8&X-atmo-protocol=true&_=1765937326513 HTTP/1.1" 200 -
119.136.155.219 - - [17/Dec/2025:10:04:41 +0800] "GET /InternetTrading/longpoll/51803?X-Atmosphere-tracking-id=0&X-Atmosphere-Framework=2.2.3-javascript&X-Atmosphere-Transport=long-polling&X-Atmosphere-TrackMessageSize=true&Content-Type=charset%3Dutf-8&X-atmo-protocol=true&_=1765937329234 HTTP/1.1" 200 -
119.34.176.224 - - [17/Dec/2025:10:04:42 +0800] "GET /InternetTrading/longpoll/13979?X-Atmosphere-tracking-id=0&X-Atmosphere-Framework=2.2.3-javascript&X-Atmosphere-Transport=long-polling&X-Atmosphere-TrackMessageSize=true&Content-Type=charset%3Dutf-8&X-atmo-protocol=true&_=1765937327410 HTTP/1.1" 200 -
58.152.215.40 - - [17/Dec/2025:10:04:42 +0800] "GET /InternetTrading/longpoll/55136?X-Atmosphere-tracking-id=0&X-Atmosphere-Framework=2.2.3-javascript&X-Atmosphere-Transport=long-polling&X-Atmosphere-TrackMessageSize=true&Content-Type=charset%3Dutf-8&X-atmo-protocol=true&_=1765937325460 HTTP/1.1" 200 -
58.152.215.40 - - [17/Dec/2025:10:04:42 +0800] "POST /InternetTrading/SessionErrorLogger HTTP/1.1" 200 117
58.152.215.40 - - [17/Dec/2025:10:04:42 +0800] "POST /InternetTrading/Heartbeat HTTP/1.1" 200 32
58.152.215.40 - - [17/Dec/2025:10:04:42 +0800] "POST /InternetTrading/SessionErrorLogger HTTP/1.1" 200 117
58.152.215.40 - - [17/Dec/2025:10:04:42 +0800] "POST /InternetTrading/MarketStatus HTTP/1.1" 200 772
61.239.100.147 - - [17/Dec/2025:10:04:46 +0800] "GET /InternetTrading/longpoll/13925?X-Atmosphere-tracking-id=0&X-Atmosphere-Framework=2.2.3-javascript&X-Atmosphere-Transport=long-polling&X-Atmosphere-TrackMessageSize=true&Content-Type=charset%3Dutf-8&X-atmo-protocol=true&_=1765937329443 HTTP/1.1" 200 -
14.0.224.36 - - [17/Dec/2025:10:04:46 +0800] "GET /InternetTrading/longpoll/A8127?X-Atmosphere-tracking-id=0&X-Atmosphere-Framework=2.2.3-javascript&X-Atmosphere-Transport=long-polling&X-Atmosphere-TrackMessageSize=true&Content-Type=charset%3Dutf-8&X-atmo-protocol=true&_=1765937331735 HTTP/1.1" 200 -
119.34.176.224 - - [17/Dec/2025:10:04:47 +0800] "GET /InternetTrading/longpoll/13979?X-Atmosphere-tracking-id=0&X-Atmosphere-Framework=2.2.3-javascript&X-Atmosphere-Transport=long-polling&X-Atmosphere-TrackMessageSize=true&Content-Type=charset%3Dutf-8&X-atmo-protocol=true&_=1765937332441 HTTP/1.1" 200 -
58.152.215.40 - - [17/Dec/2025:10:04:47 +0800] "GET /InternetTrading/longpoll/55136?X-Atmosphere-tracking-id=0&X-Atmosphere-Framework=2.2.3-javascript&X-Atmosphere-Transport=long-polling&X-Atmosphere-TrackMessageSize=true&Content-Type=charset%3Dutf-8&X-atmo-protocol=true&_=1765937330487 HTTP/1.1" 200 -
119.136.155.219 - - [17/Dec/2025:10:04:47 +0800] "GET /InternetTrading/longpoll/51803?X-Atmosphere-tracking-id=0&X-Atmosphere-Framework=2.2.3-javascript&X-Atmosphere-Transport=long-polling&X-Atmosphere-TrackMessageSize=true&Content-Type=charset%3Dutf-8&X-atmo-protocol=true&_=1765937335236 HTTP/1.1" 200 -
61.239.100.147 - - [17/Dec/2025:10:04:49 +0800] "POST /InternetTrading/SessionErrorLogger HTTP/1.1" 200 117
61.239.100.147 - - [17/Dec/2025:10:04:49 +0800] "POST /InternetTrading/MarketStatus HTTP/1.1" 200 772
61.239.100.147 - - [17/Dec/2025:10:04:49 +0800] "POST /InternetTrading/SessionErrorLogger HTTP/1.1" 200 117
61.239.100.147 - - [17/Dec/2025:10:04:49 +0800] "POST /InternetTrading/Heartbeat HTTP/1.1" 200 15
61.239.100.147 - - [17/Dec/2025:10:04:49 +0800] "GET /InternetTrading/tc/login.html HTTP/1.1" 200 1755
61.239.100.147 - - [17/Dec/2025:10:04:49 +0800] "GET /InternetTrading/tc/style.css?v=20200819161914 HTTP/1.1" 200 1435
61.239.100.147 - - [17/Dec/2025:10:04:49 +0800] "GET /InternetTrading/tc/style_common.css?v=20200819161914 HTTP/1.1" 200 2540
61.239.100.147 - - [17/Dec/2025:10:04:49 +0800] "GET /InternetTrading/jquery/jquery-migrate-3.0.0.js HTTP/1.1" 200 4963
61.239.100.147 - - [17/Dec/2025:10:04:49 +0800] "GET /InternetTrading/jquery/jquery.form-3.46.0.js HTTP/1.1" 200 5673
61.239.100.147 - - [17/Dec/2025:10:04:49 +0800] "GET /InternetTrading/jquery/jquery.validate-1.11.1.js HTTP/1.1" 200 7041
61.239.100.147 - - [17/Dec/2025:10:04:49 +0800] "GET /InternetTrading/jquery/additional-methods.js HTTP/1.1" 200 2238
61.239.100.147 - - [17/Dec/2025:10:04:49 +0800] "GET /InternetTrading/jquery/jquery-3.3.1.js HTTP/1.1" 200 80650
61.239.100.147 - - [17/Dec/2025:10:04:49 +0800] "GET /InternetTrading/jquery/jquery.blockUI-2.66.0.js HTTP/1.1" 200 6651
61.239.100.147 - - [17/Dec/2025:10:04:49 +0800] "GET /InternetTrading/jquery/jquery.timer-0.9.16.js HTTP/1.1" 200 542
61.239.100.147 - - [17/Dec/2025:10:04:49 +0800] "GET /InternetTrading/jquery/jquery.getParams.js HTTP/1.1" 200 587
61.239.100.147 - - [17/Dec/2025:10:04:49 +0800] "GET /InternetTrading/jquery/jquery-ui-personalized-1.6rc2.min.js HTTP/1.1" 200 55543
61.239.100.147 - - [17/Dec/2025:10:04:49 +0800] "GET /InternetTrading/tc/user/translation.js?jsv=20200819161914 HTTP/1.1" 200 12818
61.239.100.147 - - [17/Dec/2025:10:04:49 +0800] "GET /InternetTrading/js/constants.js?jsv=20200819161914 HTTP/1.1" 200 400
61.239.100.147 - - [17/Dec/2025:10:04:49 +0800] "GET /InternetTrading/js/haitong.js?jsv=20200819161914 HTTP/1.1" 200 3881
61.239.100.147 - - [17/Dec/2025:10:04:49 +0800] "GET /InternetTrading/js/rsautil.js?jsv=20200819161914 HTTP/1.1" 200 1017
61.239.100.147 - - [17/Dec/2025:10:04:49 +0800] "GET /InternetTrading/js/util.js?jsv=20200819161914 HTTP/1.1" 200 6636
61.239.100.147 - - [17/Dec/2025:10:04:49 +0800] "GET /InternetTrading/js/init.js?jsv=20200819161914 HTTP/1.1" 200 886
61.239.100.147 - - [17/Dec/2025:10:04:49 +0800] "GET /InternetTrading/js/login.js?jsv=20200819161914 HTTP/1.1" 200 1684
61.239.100.147 - - [17/Dec/2025:10:04:49 +0800] "GET /InternetTrading/js/version.js?jsv=20200819161914 HTTP/1.1" 200 85
61.239.100.147 - - [17/Dec/2025:10:04:49 +0800] "GET /InternetTrading/js/string_extend.js?jsv=20200819161914 HTTP/1.1" 200 272
61.239.100.147 - - [17/Dec/2025:10:04:49 +0800] "GET /InternetTrading/js/pidcrypt.js?jsv=20200819161914 HTTP/1.1" 200 982
61.239.100.147 - - [17/Dec/2025:10:04:49 +0800] "GET /InternetTrading/tc/user/custom_variables.js?jsv=20200819161914 HTTP/1.1" 200 275
61.239.100.147 - - [17/Dec/2025:10:04:49 +0800] "GET /InternetTrading/js/pidcrypt_util.js?jsv=20200819161914 HTTP/1.1" 200 1206
61.239.100.147 - - [17/Dec/2025:10:04:49 +0800] "GET /InternetTrading/js/aes_cbc.js?jsv=20200819161914 HTTP/1.1" 200 2043
61.239.100.147 - - [17/Dec/2025:10:04:49 +0800] "GET /InternetTrading/js/aes_core.js?jsv=20200819161914 HTTP/1.1" 200 2106
61.239.100.147 - - [17/Dec/2025:10:04:49 +0800] "GET /InternetTrading/js/asn1.js?jsv=20200819161914 HTTP/1.1" 200 3099
61.239.100.147 - - [17/Dec/2025:10:04:49 +0800] "GET /InternetTrading/js/md5.js?jsv=20200819161914 HTTP/1.1" 200 1730
61.239.100.147 - - [17/Dec/2025:10:04:49 +0800] "GET /InternetTrading/js/sha256.js?jsv=20200819161914 HTTP/1.1" 200 1362
61.239.100.147 - - [17/Dec/2025:10:04:49 +0800] "GET /InternetTrading/js/jsbn.js?jsv=20200819161914 HTTP/1.1" 200 6736
61.239.100.147 - - [17/Dec/2025:10:04:49 +0800] "GET /InternetTrading/js/prng4.js?jsv=20200819161914 HTTP/1.1" 200 303
61.239.100.147 - - [17/Dec/2025:10:04:49 +0800] "GET /InternetTrading/js/rng.js?jsv=20200819161914 HTTP/1.1" 200 481
61.239.100.147 - - [17/Dec/2025:10:04:49 +0800] "GET /InternetTrading/tc/images/bg_login.jpg HTTP/1.1" 200 29296
61.239.100.147 - - [17/Dec/2025:10:04:49 +0800] "GET /InternetTrading/js/rsa.js?jsv=20200819161914 HTTP/1.1" 200 1658
61.239.100.147 - - [17/Dec/2025:10:04:49 +0800] "GET /InternetTrading/tc/dialog.html?1765937332758 HTTP/1.1" 200 3188
61.239.100.147 - - [17/Dec/2025:10:04:49 +0800] "POST /InternetTrading/SystemMaintenanceCheck HTTP/1.1" 200 119
14.0.224.36 - - [17/Dec/2025:10:04:51 +0800] "GET /InternetTrading/longpoll/A8127?X-Atmosphere-tracking-id=0&X-Atmosphere-Framework=2.2.3-javascript&X-Atmosphere-Transport=long-polling&X-Atmosphere-TrackMessageSize=true&Content-Type=charset%3Dutf-8&X-atmo-protocol=true&_=1765937336915 HTTP/1.1" 200 -
119.34.176.224 - - [17/Dec/2025:10:04:52 +0800] "GET /InternetTrading/longpoll/13979?X-Atmosphere-tracking-id=0&X-Atmosphere-Framework=2.2.3-javascript&X-Atmosphere-Transport=long-polling&X-Atmosphere-TrackMessageSize=true&Content-Type=charset%3Dutf-8&X-atmo-protocol=true&_=1765937337529 HTTP/1.1" 200 -
58.152.215.40 - - [17/Dec/2025:10:04:52 +0800] "GET /InternetTrading/longpoll/55136?X-Atmosphere-tracking-id=0&X-Atmosphere-Framework=2.2.3-javascript&X-Atmosphere-Transport=long-polling&X-Atmosphere-TrackMessageSize=true&Content-Type=charset%3Dutf-8&X-atmo-protocol=true&_=1765937335513 HTTP/1.1" 200 -
14.0.224.36 - - [17/Dec/2025:10:04:53 +0800] "POST /InternetTrading/SessionErrorLogger HTTP/1.1" 200 117
14.0.224.36 - - [17/Dec/2025:10:04:53 +0800] "POST /InternetTrading/Heartbeat HTTP/1.1" 200 32
14.0.224.36 - - [17/Dec/2025:10:04:53 +0800] "POST /InternetTrading/SessionErrorLogger HTTP/1.1" 200 117
14.0.224.36 - - [17/Dec/2025:10:04:53 +0800] "POST /InternetTrading/MarketStatus HTTP/1.1" 200 772
119.136.155.219 - - [17/Dec/2025:10:04:53 +0800] "GET /InternetTrading/longpoll/51803?X-Atmosphere-tracking-id=0&X-Atmosphere-Framework=2.2.3-javascript&X-Atmosphere-Transport=long-polling&X-Atmosphere-TrackMessageSize=true&Content-Type=charset%3Dutf-8&X-atmo-protocol=true&_=1765937341231 HTTP/1.1" 200 -
14.0.224.36 - - [17/Dec/2025:10:04:57 +0800] "GET /InternetTrading/longpoll/A8127?X-Atmosphere-tracking-id=0&X-Atmosphere-Framework=2.2.3-javascript&X-Atmosphere-Transport=long-polling&X-Atmosphere-TrackMessageSize=true&Content-Type=charset%3Dutf-8&X-atmo-protocol=true&_=1765937342155 HTTP/1.1" 200 -
58.152.215.40 - - [17/Dec/2025:10:04:57 +0800] "GET /InternetTrading/longpoll/55136?X-Atmosphere-tracking-id=0&X-Atmosphere-Framework=2.2.3-javascript&X-Atmosphere-Transport=long-polling&X-Atmosphere-TrackMessageSize=true&Content-Type=charset%3Dutf-8&X-atmo-protocol=true&_=1765937340553 HTTP/1.1" 200 -
119.34.176.224 - - [17/Dec/2025:10:04:57 +0800] "GET /InternetTrading/longpoll/13979?X-Atmosphere-tracking-id=0&X-Atmosphere-Framework=2.2.3-javascript&X-Atmosphere-Transport=long-polling&X-Atmosphere-TrackMessageSize=true&Content-Type=charset%3Dutf-8&X-atmo-protocol=true&_=1765937342629 HTTP/1.1" 200 -
119.34.176.224 - - [17/Dec/2025:10:04:57 +0800] "POST /InternetTrading/SessionErrorLogger HTTP/1.1" 200 117
119.34.176.224 - - [17/Dec/2025:10:04:57 +0800] "POST /InternetTrading/Heartbeat HTTP/1.1" 200 32
119.136.155.219 - - [17/Dec/2025:10:04:59 +0800] "GET /InternetTrading/longpoll/51803?X-Atmosphere-tracking-id=0&X-Atmosphere-Framework=2.2.3-javascript&X-Atmosphere-Transport=long-polling&X-Atmosphere-TrackMessageSize=true&Content-Type=charset%3Dutf-8&X-atmo-protocol=true&_=1765937347226 HTTP/1.1" 200 -
14.0.224.36 - - [17/Dec/2025:10:05:02 +0800] "GET /InternetTrading/longpoll/A8127?X-Atmosphere-tracking-id=0&X-Atmosphere-Framework=2.2.3-javascript&X-Atmosphere-Transport=long-polling&X-Atmosphere-TrackMessageSize=true&Content-Type=charset%3Dutf-8&X-atmo-protocol=true&_=1765937347204 HTTP/1.1" 200 -
58.152.215.40 - - [17/Dec/2025:10:05:02 +0800] "GET /InternetTrading/longpoll/55136?X-Atmosphere-tracking-id=0&X-Atmosphere-Framework=2.2.3-javascript&X-Atmosphere-Transport=long-polling&X-Atmosphere-TrackMessageSize=true&Content-Type=charset%3Dutf-8&X-atmo-protocol=true&_=1765937345584 HTTP/1.1" 200 -
119.34.176.224 - - [17/Dec/2025:10:05:02 +0800] "GET /InternetTrading/longpoll/13979?X-Atmosphere-tracking-id=0&X-Atmosphere-Framework=2.2.3-javascript&X-Atmosphere-Transport=long-polling&X-Atmosphere-TrackMessageSize=true&Content-Type=charset%3Dutf-8&X-atmo-protocol=true&_=1765937347707 HTTP/1.1" 200 -
119.136.155.219 - - [17/Dec/2025:10:05:05 +0800] "GET /InternetTrading/longpoll/51803?X-Atmosphere-tracking-id=0&X-Atmosphere-Framework=2.2.3-javascript&X-Atmosphere-Transport=long-polling&X-Atmosphere-TrackMessageSize=true&Content-Type=charset%3Dutf-8&X-atmo-protocol=true&_=1765937353230 HTTP/1.1" 200 -
14.0.224.36 - - [17/Dec/2025:10:05:07 +0800] "GET /InternetTrading/longpoll/A8127?X-Atmosphere-tracking-id=0&X-Atmosphere-Framework=2.2.3-javascript&X-Atmosphere-Transport=long-polling&X-Atmosphere-TrackMessageSize=true&Content-Type=charset%3Dutf-8&X-atmo-protocol=true&_=1765937352429 HTTP/1.1" 200 -
119.34.176.224 - - [17/Dec/2025:10:05:07 +0800] "POST /InternetTrading/SessionErrorLogger HTTP/1.1" 200 117
119.34.176.224 - - [17/Dec/2025:10:05:07 +0800] "POST /InternetTrading/MarketStatus HTTP/1.1" 200 772
58.152.215.40 - - [17/Dec/2025:10:05:07 +0800] "GET /InternetTrading/longpoll/55136?X-Atmosphere-tracking-id=0&X-Atmosphere-Framework=2.2.3-javascript&X-Atmosphere-Transport=long-polling&X-Atmosphere-TrackMessageSize=true&Content-Type=charset%3Dutf-8&X-atmo-protocol=true&_=1765937350609 HTTP/1.1" 200 -
119.34.176.224 - - [17/Dec/2025:10:05:07 +0800] "GET /InternetTrading/longpoll/13979?X-Atmosphere-tracking-id=0&X-Atmosphere-Framework=2.2.3-javascript&X-Atmosphere-Transport=long-polling&X-Atmosphere-TrackMessageSize=true&Content-Type=charset%3Dutf-8&X-atmo-protocol=true&_=1765937352739 HTTP/1.1" 200 -
119.136.155.219 - - [17/Dec/2025:10:05:09 +0800] "POST /InternetTrading/SessionErrorLogger HTTP/1.1" 200 117
119.136.155.219 - - [17/Dec/2025:10:05:09 +0800] "POST /InternetTrading/Heartbeat HTTP/1.1" 200 32
119.136.155.219 - - [17/Dec/2025:10:05:09 +0800] "POST /InternetTrading/SessionErrorLogger HTTP/1.1" 200 117
119.136.155.219 - - [17/Dec/2025:10:05:09 +0800] "POST /InternetTrading/MarketStatus HTTP/1.1" 200 772
119.136.155.219 - - [17/Dec/2025:10:05:11 +0800] "GET /InternetTrading/longpoll/51803?X-Atmosphere-tracking-id=0&X-Atmosphere-Framework=2.2.3-javascript&X-Atmosphere-Transport=long-polling&X-Atmosphere-TrackMessageSize=true&Content-Type=charset%3Dutf-8&X-atmo-protocol=true&_=1765937359222 HTTP/1.1" 200 -
14.0.224.36 - - [17/Dec/2025:10:05:12 +0800] "GET /InternetTrading/longpoll/A8127?X-Atmosphere-tracking-id=0&X-Atmosphere-Framework=2.2.3-javascript&X-Atmosphere-Transport=long-polling&X-Atmosphere-TrackMessageSize=true&Content-Type=charset%3Dutf-8&X-atmo-protocol=true&_=1765937357580 HTTP/1.1" 200 -
58.152.215.40 - - [17/Dec/2025:10:05:12 +0800] "GET /InternetTrading/longpoll/55136?X-Atmosphere-tracking-id=0&X-Atmosphere-Framework=2.2.3-javascript&X-Atmosphere-Transport=long-polling&X-Atmosphere-TrackMessageSize=true&Content-Type=charset%3Dutf-8&X-atmo-protocol=true&_=1765937355652 HTTP/1.1" 200 -
119.34.176.224 - - [17/Dec/2025:10:05:12 +0800] "GET /InternetTrading/longpoll/13979?X-Atmosphere-tracking-id=0&X-Atmosphere-Framework=2.2.3-javascript&X-Atmosphere-Transport=long-polling&X-Atmosphere-TrackMessageSize=true&Content-Type=charset%3Dutf-8&X-atmo-protocol=true&_=1765937357768 HTTP/1.1" 200 -
58.152.215.40 - - [17/Dec/2025:10:05:12 +0800] "POST /InternetTrading/SessionErrorLogger HTTP/1.1" 200 117
58.152.215.40 - - [17/Dec/2025:10:05:12 +0800] "POST /InternetTrading/Heartbeat HTTP/1.1" 200 32
58.152.215.40 - - [17/Dec/2025:10:05:12 +0800] "POST /InternetTrading/SessionErrorLogger HTTP/1.1" 200 117
58.152.215.40 - - [17/Dec/2025:10:05:12 +0800] "POST /InternetTrading/MarketStatus HTTP/1.1" 200 772
58.152.215.40 - - [17/Dec/2025:10:05:17 +0800] "GET /InternetTrading/longpoll/55136?X-Atmosphere-tracking-id=0&X-Atmosphere-Framework=2.2.3-javascript&X-Atmosphere-Transport=long-polling&X-Atmosphere-TrackMessageSize=true&Content-Type=charset%3Dutf-8&X-atmo-protocol=true&_=1765937360693 HTTP/1.1" 200 -
119.34.176.224 - - [17/Dec/2025:10:05:17 +0800] "GET /InternetTrading/longpoll/13979?X-Atmosphere-tracking-id=0&X-Atmosphere-Framework=2.2.3-javascript&X-Atmosphere-Transport=long-polling&X-Atmosphere-TrackMessageSize=true&Content-Type=charset%3Dutf-8&X-atmo-protocol=true&_=1765937362857 HTTP/1.1" 200 -
14.0.224.36 - - [17/Dec/2025:10:05:17 +0800] "GET /InternetTrading/longpoll/A8127?X-Atmosphere-tracking-id=0&X-Atmosphere-Framework=2.2.3-javascript&X-Atmosphere-Transport=long-polling&X-Atmosphere-TrackMessageSize=true&Content-Type=charset%3Dutf-8&X-atmo-protocol=true&_=1765937362813 HTTP/1.1" 200 -
119.136.155.219 - - [17/Dec/2025:10:05:17 +0800] "GET /InternetTrading/longpoll/51803?X-Atmosphere-tracking-id=0&X-Atmosphere-Framework=2.2.3-javascript&X-Atmosphere-Transport=long-polling&X-Atmosphere-TrackMessageSize=true&Content-Type=charset%3Dutf-8&X-atmo-protocol=true&_=1765937365229 HTTP/1.1" 200 -
58.152.215.40 - - [17/Dec/2025:10:05:22 +0800] "GET /InternetTrading/longpoll/55136?X-Atmosphere-tracking-id=0&X-Atmosphere-Framework=2.2.3-javascript&X-Atmosphere-Transport=long-polling&X-Atmosphere-TrackMessageSize=true&Content-Type=charset%3Dutf-8&X-atmo-protocol=true&_=1765937365722 HTTP/1.1" 200 -
14.0.224.36 - - [17/Dec/2025:10:05:23 +0800] "GET /InternetTrading/longpoll/A8127?X-Atmosphere-tracking-id=0&X-Atmosphere-Framework=2.2.3-javascript&X-Atmosphere-Transport=long-polling&X-Atmosphere-TrackMessageSize=true&Content-Type=charset%3Dutf-8&X-atmo-protocol=true&_=1765937368047 HTTP/1.1" 200 -
119.34.176.224 - - [17/Dec/2025:10:05:23 +0800] "GET /InternetTrading/longpoll/13979?X-Atmosphere-tracking-id=0&X-Atmosphere-Framework=2.2.3-javascript&X-Atmosphere-Transport=long-polling&X-Atmosphere-TrackMessageSize=true&Content-Type=charset%3Dutf-8&X-atmo-protocol=true&_=1765937367935 HTTP/1.1" 200 -
14.0.224.36 - - [17/Dec/2025:10:05:23 +0800] "POST /InternetTrading/SessionErrorLogger HTTP/1.1" 200 117
14.0.224.36 - - [17/Dec/2025:10:05:23 +0800] "POST /InternetTrading/Heartbeat HTTP/1.1" 200 32
14.0.224.36 - - [17/Dec/2025:10:05:23 +0800] "POST /InternetTrading/SessionErrorLogger HTTP/1.1" 200 117
14.0.224.36 - - [17/Dec/2025:10:05:23 +0800] "POST /InternetTrading/MarketStatus HTTP/1.1" 200 772
119.136.155.219 - - [17/Dec/2025:10:05:23 +0800] "GET /InternetTrading/longpoll/51803?X-Atmosphere-tracking-id=0&X-Atmosphere-Framework=2.2.3-javascript&X-Atmosphere-Transport=long-polling&X-Atmosphere-TrackMessageSize=true&Content-Type=charset%3Dutf-8&X-atmo-protocol=true&_=1765937371234 HTTP/1.1" 200 -
58.152.215.40 - - [17/Dec/2025:10:05:27 +0800] "GET /InternetTrading/longpoll/55136?X-Atmosphere-tracking-id=0&X-Atmosphere-Framework=2.2.3-javascript&X-Atmosphere-Transport=long-polling&X-Atmosphere-TrackMessageSize=true&Content-Type=charset%3Dutf-8&X-atmo-protocol=true&_=1765937370762 HTTP/1.1" 200 -
119.34.176.224 - - [17/Dec/2025:10:05:27 +0800] "POST /InternetTrading/SessionErrorLogger HTTP/1.1" 200 117
119.34.176.224 - - [17/Dec/2025:10:05:27 +0800] "POST /InternetTrading/Heartbeat HTTP/1.1" 200 32
14.0.224.36 - - [17/Dec/2025:10:05:28 +0800] "GET /InternetTrading/longpoll/A8127?X-Atmosphere-tracking-id=0&X-Atmosphere-Framework=2.2.3-javascript&X-Atmosphere-Transport=long-polling&X-Atmosphere-TrackMessageSize=true&Content-Type=charset%3Dutf-8&X-atmo-protocol=true&_=1765937373317 HTTP/1.1" 200 -
119.34.176.224 - - [17/Dec/2025:10:05:28 +0800] "GET /InternetTrading/longpoll/13979?X-Atmosphere-tracking-id=0&X-Atmosphere-Framework=2.2.3-javascript&X-Atmosphere-Transport=long-polling&X-Atmosphere-TrackMessageSize=true&Content-Type=charset%3Dutf-8&X-atmo-protocol=true&_=1765937373376 HTTP/1.1" 200 -
119.136.155.219 - - [17/Dec/2025:10:05:29 +0800] "GET /InternetTrading/longpoll/51803?X-Atmosphere-tracking-id=0&X-Atmosphere-Framework=2.2.3-javascript&X-Atmosphere-Transport=long-polling&X-Atmosphere-TrackMessageSize=true&Content-Type=charset%3Dutf-8&X-atmo-protocol=true&_=1765937377236 HTTP/1.1" 200 -
58.152.215.40 - - [17/Dec/2025:10:05:32 +0800] "GET /InternetTrading/longpoll/55136?X-Atmosphere-tracking-id=0&X-Atmosphere-Framework=2.2.3-javascript&X-Atmosphere-Transport=long-polling&X-Atmosphere-TrackMessageSize=true&Content-Type=charset%3Dutf-8&X-atmo-protocol=true&_=1765937375801 HTTP/1.1" 200 -
14.0.224.36 - - [17/Dec/2025:10:05:33 +0800] "GET /InternetTrading/longpoll/A8127?X-Atmosphere-tracking-id=0&X-Atmosphere-Framework=2.2.3-javascript&X-Atmosphere-Transport=long-polling&X-Atmosphere-TrackMessageSize=true&Content-Type=charset%3Dutf-8&X-atmo-protocol=true&_=1765937378422 HTTP/1.1" 200 -
119.34.176.224 - - [17/Dec/2025:10:05:33 +0800] "GET /InternetTrading/longpoll/13979?X-Atmosphere-tracking-id=0&X-Atmosphere-Framework=2.2.3-javascript&X-Atmosphere-Transport=long-polling&X-Atmosphere-TrackMessageSize=true&Content-Type=charset%3Dutf-8&X-atmo-protocol=true&_=1765937378414 HTTP/1.1" 200 -
119.136.155.219 - - [17/Dec/2025:10:05:35 +0800] "GET /InternetTrading/longpoll/51803?X-Atmosphere-tracking-id=0&X-Atmosphere-Framework=2.2.3-javascript&X-Atmosphere-Transport=long-polling&X-Atmosphere-TrackMessageSize=true&Content-Type=charset%3Dutf-8&X-atmo-protocol=true&_=1765937383236 HTTP/1.1" 200 -
119.34.176.224 - - [17/Dec/2025:10:05:37 +0800] "POST /InternetTrading/SessionErrorLogger HTTP/1.1" 200 117
119.34.176.224 - - [17/Dec/2025:10:05:37 +0800] "POST /InternetTrading/MarketStatus HTTP/1.1" 200 772
58.152.215.40 - - [17/Dec/2025:10:05:37 +0800] "GET /InternetTrading/longpoll/55136?X-Atmosphere-tracking-id=0&X-Atmosphere-Framework=2.2.3-javascript&X-Atmosphere-Transport=long-polling&X-Atmosphere-TrackMessageSize=true&Content-Type=charset%3Dutf-8&X-atmo-protocol=true&_=1765937380850 HTTP/1.1" 200 -
119.34.176.224 - - [17/Dec/2025:10:05:38 +0800] "GET /InternetTrading/longpoll/13979?X-Atmosphere-tracking-id=0&X-Atmosphere-Framework=2.2.3-javascript&X-Atmosphere-Transport=long-polling&X-Atmosphere-TrackMessageSize=true&Content-Type=charset%3Dutf-8&X-atmo-protocol=true&_=1765937383516 HTTP/1.1" 200 -
14.0.224.36 - - [17/Dec/2025:10:05:38 +0800] "GET /InternetTrading/longpoll/A8127?X-Atmosphere-tracking-id=0&X-Atmosphere-Framework=2.2.3-javascript&X-Atmosphere-Transport=long-polling&X-Atmosphere-TrackMessageSize=true&Content-Type=charset%3Dutf-8&X-atmo-protocol=true&_=1765937383478 HTTP/1.1" 200 -
119.136.155.219 - - [17/Dec/2025:10:05:41 +0800] "GET /InternetTrading/longpoll/51803?X-Atmosphere-tracking-id=0&X-Atmosphere-Framework=2.2.3-javascript&X-Atmosphere-Transport=long-polling&X-Atmosphere-TrackMessageSize=true&Content-Type=charset%3Dutf-8&X-atmo-protocol=true&_=1765937389228 HTTP/1.1" 200 -
58.152.215.40 - - [17/Dec/2025:10:05:42 +0800] "GET /InternetTrading/longpoll/55136?X-Atmosphere-tracking-id=0&X-Atmosphere-Framework=2.2.3-javascript&X-Atmosphere-Transport=long-polling&X-Atmosphere-TrackMessageSize=true&Content-Type=charset%3Dutf-8&X-atmo-protocol=true&_=1765937385896 HTTP/1.1" 200 -
58.152.215.40 - - [17/Dec/2025:10:05:42 +0800] "POST /InternetTrading/SessionErrorLogger HTTP/1.1" 200 117
58.152.215.40 - - [17/Dec/2025:10:05:42 +0800] "POST /InternetTrading/Heartbeat HTTP/1.1" 200 32
58.152.215.40 - - [17/Dec/2025:10:05:42 +0800] "POST /InternetTrading/SessionErrorLogger HTTP/1.1" 200 117
58.152.215.40 - - [17/Dec/2025:10:05:42 +0800] "POST /InternetTrading/MarketStatus HTTP/1.1" 200 772
119.34.176.224 - - [17/Dec/2025:10:05:43 +0800] "GET /InternetTrading/longpoll/13979?X-Atmosphere-tracking-id=0&X-Atmosphere-Framework=2.2.3-javascript&X-Atmosphere-Transport=long-polling&X-Atmosphere-TrackMessageSize=true&Content-Type=charset%3Dutf-8&X-atmo-protocol=true&_=1765937388549 HTTP/1.1" 200 -
14.0.224.36 - - [17/Dec/2025:10:05:43 +0800] "GET /InternetTrading/longpoll/A8127?X-Atmosphere-tracking-id=0&X-Atmosphere-Framework=2.2.3-javascript&X-Atmosphere-Transport=long-polling&X-Atmosphere-TrackMessageSize=true&Content-Type=charset%3Dutf-8&X-atmo-protocol=true&_=1765937388615 HTTP/1.1" 200 -
119.136.155.219 - - [17/Dec/2025:10:05:46 +0800] "POST /InternetTrading/SessionErrorLogger HTTP/1.1" 200 117
119.136.155.219 - - [17/Dec/2025:10:05:46 +0800] "POST /InternetTrading/Heartbeat HTTP/1.1" 200 32
119.136.155.219 - - [17/Dec/2025:10:05:46 +0800] "POST /InternetTrading/SessionErrorLogger HTTP/1.1" 200 117
119.136.155.219 - - [17/Dec/2025:10:05:46 +0800] "POST /InternetTrading/MarketStatus HTTP/1.1" 200 772
119.136.155.219 - - [17/Dec/2025:10:05:47 +0800] "GET /InternetTrading/longpoll/51803?X-Atmosphere-tracking-id=0&X-Atmosphere-Framework=2.2.3-javascript&X-Atmosphere-Transport=long-polling&X-Atmosphere-TrackMessageSize=true&Content-Type=charset%3Dutf-8&X-atmo-protocol=true&_=1765937395229 HTTP/1.1" 200 -
58.152.215.40 - - [17/Dec/2025:10:05:47 +0800] "GET /InternetTrading/longpoll/55136?X-Atmosphere-tracking-id=0&X-Atmosphere-Framework=2.2.3-javascript&X-Atmosphere-Transport=long-polling&X-Atmosphere-TrackMessageSize=true&Content-Type=charset%3Dutf-8&X-atmo-protocol=true&_=1765937390961 HTTP/1.1" 200 -
119.34.176.224 - - [17/Dec/2025:10:05:48 +0800] "GET /InternetTrading/longpoll/13979?X-Atmosphere-tracking-id=0&X-Atmosphere-Framework=2.2.3-javascript&X-Atmosphere-Transport=long-polling&X-Atmosphere-TrackMessageSize=true&Content-Type=charset%3Dutf-8&X-atmo-protocol=true&_=1765937393631 HTTP/1.1" 200 -
14.0.224.36 - - [17/Dec/2025:10:05:48 +0800] "GET /InternetTrading/longpoll/A8127?X-Atmosphere-tracking-id=0&X-Atmosphere-Framework=2.2.3-javascript&X-Atmosphere-Transport=long-polling&X-Atmosphere-TrackMessageSize=true&Content-Type=charset%3Dutf-8&X-atmo-protocol=true&_=1765937393792 HTTP/1.1" 200 -
58.152.215.40 - - [17/Dec/2025:10:05:52 +0800] "GET /InternetTrading/longpoll/55136?X-Atmosphere-tracking-id=0&X-Atmosphere-Framework=2.2.3-javascript&X-Atmosphere-Transport=long-polling&X-Atmosphere-TrackMessageSize=true&Content-Type=charset%3Dutf-8&X-atmo-protocol=true&_=1765937395976 HTTP/1.1" 200 -
119.34.176.224 - - [17/Dec/2025:10:05:53 +0800] "GET /InternetTrading/longpoll/13979?X-Atmosphere-tracking-id=0&X-Atmosphere-Framework=2.2.3-javascript&X-Atmosphere-Transport=long-polling&X-Atmosphere-TrackMessageSize=true&Content-Type=charset%3Dutf-8&X-atmo-protocol=true&_=1765937398715 HTTP/1.1" 200 -
14.0.224.36 - - [17/Dec/2025:10:05:53 +0800] "POST /InternetTrading/SessionErrorLogger HTTP/1.1" 200 117
14.0.224.36 - - [17/Dec/2025:10:05:53 +0800] "POST /InternetTrading/Heartbeat HTTP/1.1" 200 32
14.0.224.36 - - [17/Dec/2025:10:05:53 +0800] "POST /InternetTrading/SessionErrorLogger HTTP/1.1" 200 117
14.0.224.36 - - [17/Dec/2025:10:05:53 +0800] "POST /InternetTrading/MarketStatus HTTP/1.1" 200 772
14.0.224.36 - - [17/Dec/2025:10:05:53 +0800] "GET /InternetTrading/longpoll/A8127?X-Atmosphere-tracking-id=0&X-Atmosphere-Framework=2.2.3-javascript&X-Atmosphere-Transport=long-polling&X-Atmosphere-TrackMessageSize=true&Content-Type=charset%3Dutf-8&X-atmo-protocol=true&_=1765937398964 HTTP/1.1" 200 -
119.136.155.219 - - [17/Dec/2025:10:05:53 +0800] "GET /InternetTrading/longpoll/51803?X-Atmosphere-tracking-id=0&X-Atmosphere-Framework=2.2.3-javascript&X-Atmosphere-Transport=long-polling&X-Atmosphere-TrackMessageSize=true&Content-Type=charset%3Dutf-8&X-atmo-protocol=true&_=1765937401231 HTTP/1.1" 200 -
58.152.215.40 - - [17/Dec/2025:10:05:57 +0800] "GET /InternetTrading/longpoll/55136?X-Atmosphere-tracking-id=0&X-Atmosphere-Framework=2.2.3-javascript&X-Atmosphere-Transport=long-polling&X-Atmosphere-TrackMessageSize=true&Content-Type=charset%3Dutf-8&X-atmo-protocol=true&_=1765937401000 HTTP/1.1" 200 -
119.34.176.224 - - [17/Dec/2025:10:05:58 +0800] "POST /InternetTrading/SessionErrorLogger HTTP/1.1" 200 117
119.34.176.224 - - [17/Dec/2025:10:05:58 +0800] "POST /InternetTrading/Heartbeat HTTP/1.1" 200 32
119.34.176.224 - - [17/Dec/2025:10:05:58 +0800] "GET /InternetTrading/longpoll/13979?X-Atmosphere-tracking-id=0&X-Atmosphere-Framework=2.2.3-javascript&X-Atmosphere-Transport=long-polling&X-Atmosphere-TrackMessageSize=true&Content-Type=charset%3Dutf-8&X-atmo-protocol=true&_=1765937403825 HTTP/1.1" 200 -
14.0.224.36 - - [17/Dec/2025:10:05:58 +0800] "GET /InternetTrading/longpoll/A8127?X-Atmosphere-tracking-id=0&X-Atmosphere-Framework=2.2.3-javascript&X-Atmosphere-Transport=long-polling&X-Atmosphere-TrackMessageSize=true&Content-Type=charset%3Dutf-8&X-atmo-protocol=true&_=1765937404057 HTTP/1.1" 200 -
119.136.155.219 - - [17/Dec/2025:10:05:59 +0800] "GET /InternetTrading/longpoll/51803?X-Atmosphere-tracking-id=0&X-Atmosphere-Framework=2.2.3-javascript&X-Atmosphere-Transport=long-polling&X-Atmosphere-TrackMessageSize=true&Content-Type=charset%3Dutf-8&X-atmo-protocol=true&_=1765937407224 HTTP/1.1" 200 -
58.152.215.40 - - [17/Dec/2025:10:06:03 +0800] "GET /InternetTrading/longpoll/55136?X-Atmosphere-tracking-id=0&X-Atmosphere-Framework=2.2.3-javascript&X-Atmosphere-Transport=long-polling&X-Atmosphere-TrackMessageSize=true&Content-Type=charset%3Dutf-8&X-atmo-protocol=true&_=1765937406041 HTTP/1.1" 200 -
119.34.176.224 - - [17/Dec/2025:10:06:03 +0800] "GET /InternetTrading/longpoll/13979?X-Atmosphere-tracking-id=0&X-Atmosphere-Framework=2.2.3-javascript&X-Atmosphere-Transport=long-polling&X-Atmosphere-TrackMessageSize=true&Content-Type=charset%3Dutf-8&X-atmo-protocol=true&_=1765937408876 HTTP/1.1" 200 -
14.0.224.36 - - [17/Dec/2025:10:06:04 +0800] "GET /InternetTrading/longpoll/A8127?X-Atmosphere-tracking-id=0&X-Atmosphere-Framework=2.2.3-javascript&X-Atmosphere-Transport=long-polling&X-Atmosphere-TrackMessageSize=true&Content-Type=charset%3Dutf-8&X-atmo-protocol=true&_=1765937409113 HTTP/1.1" 200 -
119.136.155.219 - - [17/Dec/2025:10:06:05 +0800] "GET /InternetTrading/longpoll/51803?X-Atmosphere-tracking-id=0&X-Atmosphere-Framework=2.2.3-javascript&X-Atmosphere-Transport=long-polling&X-Atmosphere-TrackMessageSize=true&Content-Type=charset%3Dutf-8&X-atmo-protocol=true&_=1765937413226 HTTP/1.1" 200 -
119.34.176.224 - - [17/Dec/2025:10:06:07 +0800] "POST /InternetTrading/SessionErrorLogger HTTP/1.1" 200 117
119.34.176.224 - - [17/Dec/2025:10:06:07 +0800] "POST /InternetTrading/MarketStatus HTTP/1.1" 200 772
58.152.215.40 - - [17/Dec/2025:10:06:08 +0800] "GET /InternetTrading/longpoll/55136?X-Atmosphere-tracking-id=0&X-Atmosphere-Framework=2.2.3-javascript&X-Atmosphere-Transport=long-polling&X-Atmosphere-TrackMessageSize=true&Content-Type=charset%3Dutf-8&X-atmo-protocol=true&_=1765937411088 HTTP/1.1" 200 -
119.34.176.224 - - [17/Dec/2025:10:06:08 +0800] "GET /InternetTrading/longpoll/13979?X-Atmosphere-tracking-id=0&X-Atmosphere-Framework=2.2.3-javascript&X-Atmosphere-Transport=long-polling&X-Atmosphere-TrackMessageSize=true&Content-Type=charset%3Dutf-8&X-atmo-protocol=true&_=1765937413973 HTTP/1.1" 200 -
14.0.224.36 - - [17/Dec/2025:10:06:09 +0800] "GET /InternetTrading/longpoll/A8127?X-Atmosphere-tracking-id=0&X-Atmosphere-Framework=2.2.3-javascript&X-Atmosphere-Transport=long-polling&X-Atmosphere-TrackMessageSize=true&Content-Type=charset%3Dutf-8&X-atmo-protocol=true&_=1765937414442 HTTP/1.1" 200 -
119.136.155.219 - - [17/Dec/2025:10:06:11 +0800] "GET /InternetTrading/longpoll/51803?X-Atmosphere-tracking-id=0&X-Atmosphere-Framework=2.2.3-javascript&X-Atmosphere-Transport=long-polling&X-Atmosphere-TrackMessageSize=true&Content-Type=charset%3Dutf-8&X-atmo-protocol=true&_=1765937419226 HTTP/1.1" 200 -
58.152.215.40 - - [17/Dec/2025:10:06:12 +0800] "POST /InternetTrading/SessionErrorLogger HTTP/1.1" 200 117
58.152.215.40 - - [17/Dec/2025:10:06:12 +0800] "POST /InternetTrading/Heartbeat HTTP/1.1" 200 32
58.152.215.40 - - [17/Dec/2025:10:06:12 +0800] "POST /InternetTrading/SessionErrorLogger HTTP/1.1" 200 117
58.152.215.40 - - [17/Dec/2025:10:06:12 +0800] "POST /InternetTrading/MarketStatus HTTP/1.1" 200 772
58.152.215.40 - - [17/Dec/2025:10:06:13 +0800] "GET /InternetTrading/longpoll/55136?X-Atmosphere-tracking-id=0&X-Atmosphere-Framework=2.2.3-javascript&X-Atmosphere-Transport=long-polling&X-Atmosphere-TrackMessageSize=true&Content-Type=charset%3Dutf-8&X-atmo-protocol=true&_=1765937416133 HTTP/1.1" 200 -
220.246.38.37 - - [17/Dec/2025:10:06:14 +0800] "GET /InternetTrading HTTP/1.1" 302 -
220.246.38.37 - - [17/Dec/2025:10:06:14 +0800] "GET /InternetTrading/ HTTP/1.1" 200 351
220.246.38.37 - - [17/Dec/2025:10:06:14 +0800] "GET /InternetTrading/tc/user/custom_variables.js?jsv=0001 HTTP/1.1" 200 275
119.34.176.224 - - [17/Dec/2025:10:06:14 +0800] "GET /InternetTrading/longpoll/13979?X-Atmosphere-tracking-id=0&X-Atmosphere-Framework=2.2.3-javascript&X-Atmosphere-Transport=long-polling&X-Atmosphere-TrackMessageSize=true&Content-Type=charset%3Dutf-8&X-atmo-protocol=true&_=1765937419017 HTTP/1.1" 200 -
220.246.38.37 - - [17/Dec/2025:10:06:14 +0800] "GET /InternetTrading/js/util.js?jsv=0001 HTTP/1.1" 200 6636
220.246.38.37 - - [17/Dec/2025:10:06:14 +0800] "GET /InternetTrading/tc/index.html HTTP/1.1" 200 328
220.246.38.37 - - [17/Dec/2025:10:06:14 +0800] "GET /InternetTrading/tc/user/custom_variables.js?jsv=20200819161914 HTTP/1.1" 200 275
220.246.38.37 - - [17/Dec/2025:10:06:14 +0800] "GET /InternetTrading/tc/login.html HTTP/1.1" 200 1755
220.246.38.37 - - [17/Dec/2025:10:06:14 +0800] "GET /InternetTrading/tc/style.css?v=20200819161914 HTTP/1.1" 200 1435
220.246.38.37 - - [17/Dec/2025:10:06:14 +0800] "GET /InternetTrading/tc/style_common.css?v=20200819161914 HTTP/1.1" 200 2540
220.246.38.37 - - [17/Dec/2025:10:06:14 +0800] "GET /InternetTrading/jquery/jquery-migrate-3.0.0.js HTTP/1.1" 200 4963
220.246.38.37 - - [17/Dec/2025:10:06:14 +0800] "GET /InternetTrading/jquery/jquery.form-3.46.0.js HTTP/1.1" 200 5673
220.246.38.37 - - [17/Dec/2025:10:06:14 +0800] "GET /InternetTrading/jquery/jquery.validate-1.11.1.js HTTP/1.1" 200 7041
220.246.38.37 - - [17/Dec/2025:10:06:14 +0800] "GET /InternetTrading/jquery/additional-methods.js HTTP/1.1" 200 2238
220.246.38.37 - - [17/Dec/2025:10:06:14 +0800] "GET /InternetTrading/jquery/jquery.blockUI-2.66.0.js HTTP/1.1" 200 6651
220.246.38.37 - - [17/Dec/2025:10:06:14 +0800] "GET /InternetTrading/jquery/jquery.timer-0.9.16.js HTTP/1.1" 200 542
220.246.38.37 - - [17/Dec/2025:10:06:14 +0800] "GET /InternetTrading/jquery/jquery-3.3.1.js HTTP/1.1" 200 80650
220.246.38.37 - - [17/Dec/2025:10:06:14 +0800] "GET /InternetTrading/jquery/jquery-ui-personalized-1.6rc2.min.js HTTP/1.1" 200 55543
220.246.38.37 - - [17/Dec/2025:10:06:14 +0800] "GET /InternetTrading/jquery/jquery.getParams.js HTTP/1.1" 200 587
220.246.38.37 - - [17/Dec/2025:10:06:14 +0800] "GET /InternetTrading/js/constants.js?jsv=20200819161914 HTTP/1.1" 200 400
220.246.38.37 - - [17/Dec/2025:10:06:14 +0800] "GET /InternetTrading/tc/user/translation.js?jsv=20200819161914 HTTP/1.1" 200 12818
14.0.224.36 - - [17/Dec/2025:10:06:14 +0800] "GET /InternetTrading/longpoll/A8127?X-Atmosphere-tracking-id=0&X-Atmosphere-Framework=2.2.3-javascript&X-Atmosphere-Transport=long-polling&X-Atmosphere-TrackMessageSize=true&Content-Type=charset%3Dutf-8&X-atmo-protocol=true&_=1765937419633 HTTP/1.1" 200 -
220.246.38.37 - - [17/Dec/2025:10:06:14 +0800] "GET /InternetTrading/js/haitong.js?jsv=20200819161914 HTTP/1.1" 200 3881
220.246.38.37 - - [17/Dec/2025:10:06:14 +0800] "GET /InternetTrading/js/util.js?jsv=20200819161914 HTTP/1.1" 200 6636
220.246.38.37 - - [17/Dec/2025:10:06:14 +0800] "GET /InternetTrading/js/init.js?jsv=20200819161914 HTTP/1.1" 200 886
220.246.38.37 - - [17/Dec/2025:10:06:14 +0800] "GET /InternetTrading/js/rsautil.js?jsv=20200819161914 HTTP/1.1" 200 1017
220.246.38.37 - - [17/Dec/2025:10:06:14 +0800] "GET /InternetTrading/js/login.js?jsv=20200819161914 HTTP/1.1" 200 1684
220.246.38.37 - - [17/Dec/2025:10:06:14 +0800] "GET /InternetTrading/js/version.js?jsv=20200819161914 HTTP/1.1" 200 85
220.246.38.37 - - [17/Dec/2025:10:06:14 +0800] "GET /InternetTrading/tc/user/custom_variables.js?jsv=20200819161914 HTTP/1.1" 200 275
220.246.38.37 - - [17/Dec/2025:10:06:14 +0800] "GET /InternetTrading/js/string_extend.js?jsv=20200819161914 HTTP/1.1" 200 272
220.246.38.37 - - [17/Dec/2025:10:06:14 +0800] "GET /InternetTrading/js/pidcrypt.js?jsv=20200819161914 HTTP/1.1" 200 982
220.246.38.37 - - [17/Dec/2025:10:06:14 +0800] "GET /InternetTrading/js/pidcrypt_util.js?jsv=20200819161914 HTTP/1.1" 200 1206
220.246.38.37 - - [17/Dec/2025:10:06:14 +0800] "GET /InternetTrading/js/aes_core.js?jsv=20200819161914 HTTP/1.1" 200 2106
220.246.38.37 - - [17/Dec/2025:10:06:14 +0800] "GET /InternetTrading/js/aes_cbc.js?jsv=20200819161914 HTTP/1.1" 200 2043
220.246.38.37 - - [17/Dec/2025:10:06:14 +0800] "GET /InternetTrading/js/asn1.js?jsv=20200819161914 HTTP/1.1" 200 3099
220.246.38.37 - - [17/Dec/2025:10:06:14 +0800] "GET /InternetTrading/js/md5.js?jsv=20200819161914 HTTP/1.1" 200 1730
220.246.38.37 - - [17/Dec/2025:10:06:14 +0800] "GET /InternetTrading/js/sha256.js?jsv=20200819161914 HTTP/1.1" 200 1362
220.246.38.37 - - [17/Dec/2025:10:06:14 +0800] "GET /InternetTrading/js/prng4.js?jsv=20200819161914 HTTP/1.1" 200 303
220.246.38.37 - - [17/Dec/2025:10:06:14 +0800] "GET /InternetTrading/js/rng.js?jsv=20200819161914 HTTP/1.1" 200 481
220.246.38.37 - - [17/Dec/2025:10:06:14 +0800] "GET /InternetTrading/js/jsbn.js?jsv=20200819161914 HTTP/1.1" 200 6736
220.246.38.37 - - [17/Dec/2025:10:06:14 +0800] "GET /InternetTrading/js/rsa.js?jsv=20200819161914 HTTP/1.1" 200 1658
220.246.38.37 - - [17/Dec/2025:10:06:14 +0800] "GET /InternetTrading/tc/images/bg_login.jpg HTTP/1.1" 200 29296
