14.0.224.36 - - [17/Dec/2025:09:57:20 +0800] "GET /InternetTrading/js/rsautil.js?jsv=20200819161914 HTTP/1.1" 200 1017
14.0.224.36 - - [17/Dec/2025:09:57:20 +0800] "GET /InternetTrading/js/util.js?jsv=20200819161914 HTTP/1.1" 200 6636
14.0.224.36 - - [17/Dec/2025:09:57:20 +0800] "GET /InternetTrading/js/corporate.js?jsv=20200819161914 HTTP/1.1" 200 1575
14.0.224.36 - - [17/Dec/2025:09:57:20 +0800] "GET /InternetTrading/js/main.js?jsv=20200819161914 HTTP/1.1" 200 30725
14.0.224.36 - - [17/Dec/2025:09:57:21 +0800] "GET /InternetTrading/js/update_mdf.js?jsv=20200819161914 HTTP/1.1" 200 856
14.0.224.36 - - [17/Dec/2025:09:57:21 +0800] "GET /InternetTrading/js/validation_bshare.js?jsv=20200819161914 HTTP/1.1" 200 1567
14.0.224.36 - - [17/Dec/2025:09:57:21 +0800] "GET /InternetTrading/js/validation_hkex.js?jsv=20200819161914 HTTP/1.1" 200 2300
14.0.224.36 - - [17/Dec/2025:09:57:21 +0800] "GET /InternetTrading/js/validation_ashare.js?jsv=20200819161914 HTTP/1.1" 200 2482
14.0.224.36 - - [17/Dec/2025:09:57:21 +0800] "GET /InternetTrading/js/validation_global.js?jsv=20200819161914 HTTP/1.1" 200 1564
14.0.224.36 - - [17/Dec/2025:09:57:21 +0800] "GET /InternetTrading/js/account.js?jsv=20200819161914 HTTP/1.1" 200 2656
14.0.224.36 - - [17/Dec/2025:09:57:21 +0800] "GET /InternetTrading/js/ipo.js?jsv=20200819161914 HTTP/1.1" 200 5726
14.0.224.36 - - [17/Dec/2025:09:57:21 +0800] "GET /InternetTrading/js/cash_transfer.js?jsv=20200819161914 HTTP/1.1" 200 2712
14.0.224.36 - - [17/Dec/2025:09:57:21 +0800] "GET /InternetTrading/js/spread_cache.js?jsv=20200819161914 HTTP/1.1" 200 908
14.0.224.36 - - [17/Dec/2025:09:57:21 +0800] "GET /InternetTrading/js/mm.js?jsv=20200819161914 HTTP/1.1" 200 487
14.0.224.36 - - [17/Dec/2025:09:57:21 +0800] "GET /InternetTrading/js/isec_calculator.js?jsv=20200819161914 HTTP/1.1" 200 1364
14.0.224.36 - - [17/Dec/2025:09:57:21 +0800] "GET /InternetTrading/js/payment_instruction.js?jsv=20200819161914 HTTP/1.1" 200 2178
14.0.224.36 - - [17/Dec/2025:09:57:21 +0800] "GET /InternetTrading/js/payment_instruction_IMOS.js?jsv=20200819161914 HTTP/1.1" 200 6874
14.0.224.36 - - [17/Dec/2025:09:57:21 +0800] "GET /InternetTrading/js/eStatement.js?jsv=20200819161914 HTTP/1.1" 200 562
14.0.224.36 - - [17/Dec/2025:09:57:21 +0800] "GET /InternetTrading/js/string_extend.js?jsv=20200819161914 HTTP/1.1" 200 272
14.0.224.36 - - [17/Dec/2025:09:57:21 +0800] "GET /InternetTrading/js/pidcrypt.js?jsv=20200819161914 HTTP/1.1" 200 982
14.0.224.36 - - [17/Dec/2025:09:57:21 +0800] "GET /InternetTrading/ExchangeList?fmt=js&jsv=20200819161914 HTTP/1.1" 200 146
14.0.224.36 - - [17/Dec/2025:09:57:21 +0800] "GET /InternetTrading/js/pidcrypt_util.js?jsv=20200819161914 HTTP/1.1" 200 1206
14.0.224.36 - - [17/Dec/2025:09:57:21 +0800] "GET /InternetTrading/js/aes_cbc.js?jsv=20200819161914 HTTP/1.1" 200 2043
14.0.224.36 - - [17/Dec/2025:09:57:21 +0800] "GET /InternetTrading/js/aes_core.js?jsv=20200819161914 HTTP/1.1" 200 2106
14.0.224.36 - - [17/Dec/2025:09:57:21 +0800] "GET /InternetTrading/js/asn1.js?jsv=20200819161914 HTTP/1.1" 200 3099
14.0.224.36 - - [17/Dec/2025:09:57:21 +0800] "GET /InternetTrading/js/md5.js?jsv=20200819161914 HTTP/1.1" 200 1730
14.0.224.36 - - [17/Dec/2025:09:57:21 +0800] "GET /InternetTrading/js/sha256.js?jsv=20200819161914 HTTP/1.1" 200 1362
14.0.224.36 - - [17/Dec/2025:09:57:21 +0800] "GET /InternetTrading/js/jsbn.js?jsv=20200819161914 HTTP/1.1" 200 6736
14.0.224.36 - - [17/Dec/2025:09:57:21 +0800] "GET /InternetTrading/js/prng4.js?jsv=20200819161914 HTTP/1.1" 200 303
14.0.224.36 - - [17/Dec/2025:09:57:21 +0800] "GET /InternetTrading/js/rng.js?jsv=20200819161914 HTTP/1.1" 200 481
14.0.224.36 - - [17/Dec/2025:09:57:21 +0800] "GET /InternetTrading/js/rsa.js?jsv=20200819161914 HTTP/1.1" 200 1658
14.0.224.36 - - [17/Dec/2025:09:57:21 +0800] "GET /InternetTrading/js/aes.js?jsv=20200819161914 HTTP/1.1" 200 4816
14.0.224.36 - - [17/Dec/2025:09:57:21 +0800] "GET /InternetTrading/js/mode-ecb.js?jsv=20200819161914 HTTP/1.1" 200 199
14.0.224.36 - - [17/Dec/2025:09:57:21 +0800] "GET /InternetTrading/js/utilSpec.js?jsv=20200819161914 HTTP/1.1" 200 27
14.0.224.36 - - [17/Dec/2025:09:57:21 +0800] "GET /InternetTrading/js/update_lastlogin.js?jsv=20200819161914 HTTP/1.1" 200 980
14.0.224.36 - - [17/Dec/2025:09:57:21 +0800] "GET /InternetTrading/js/pw_alert.js?jsv=20200819161914 HTTP/1.1" 200 418
14.0.224.36 - - [17/Dec/2025:09:57:21 +0800] "GET /InternetTrading/js/jquery.jscrollpane.js HTTP/1.1" 404 685
14.0.224.36 - - [17/Dec/2025:09:57:21 +0800] "GET /InternetTrading/js/jquery.mousewheel.js HTTP/1.1" 404 684
14.0.224.36 - - [17/Dec/2025:09:57:21 +0800] "GET /InternetTrading/js/jquery.cookie.js HTTP/1.1" 200 834
14.0.224.36 - - [17/Dec/2025:09:57:21 +0800] "GET /InternetTrading/GoodTillDateValidExch?fmt=js&jsv=20200819161914 HTTP/1.1" 200 29
14.0.224.36 - - [17/Dec/2025:09:57:21 +0800] "GET /InternetTrading/js/decimal.js HTTP/1.1" 200 13492
14.0.224.36 - - [17/Dec/2025:09:57:21 +0800] "GET /InternetTrading/tc/images/logo.png HTTP/1.1" 200 7042
14.0.224.36 - - [17/Dec/2025:09:57:21 +0800] "GET /InternetTrading/tc/images/top_menu01.jpg HTTP/1.1" 200 3466
14.0.224.36 - - [17/Dec/2025:09:57:21 +0800] "GET /InternetTrading/tc/images/top_menu04.jpg HTTP/1.1" 200 3430
14.0.224.36 - - [17/Dec/2025:09:57:21 +0800] "GET /InternetTrading/tc/images/top_menu_logout.jpg HTTP/1.1" 200 1016
14.0.224.36 - - [17/Dec/2025:09:57:21 +0800] "GET /InternetTrading/images/top_bg3.jpg HTTP/1.1" 200 878
14.0.224.36 - - [17/Dec/2025:09:57:21 +0800] "GET /InternetTrading/images/top_bg1.jpg HTTP/1.1" 200 329
14.0.224.36 - - [17/Dec/2025:09:57:21 +0800] "GET /InternetTrading/images/top_bg2.jpg HTTP/1.1" 200 330
14.0.224.36 - - [17/Dec/2025:09:57:21 +0800] "POST /InternetTrading/Heartbeat HTTP/1.1" 200 32
14.0.224.36 - - [17/Dec/2025:09:57:21 +0800] "POST /InternetTrading/PopUpConfig HTTP/1.1" 200 2
14.0.224.36 - - [17/Dec/2025:09:57:21 +0800] "GET /InternetTrading/tc/dialog.html?1765936886584 HTTP/1.1" 200 3188
14.0.224.36 - - [17/Dec/2025:09:57:21 +0800] "POST /InternetTrading/CustomerInfoLite HTTP/1.1" 200 124
14.0.224.36 - - [17/Dec/2025:09:57:21 +0800] "GET /InternetTrading/tc/images/top_menu01_o.jpg HTTP/1.1" 200 3339
14.0.224.36 - - [17/Dec/2025:09:57:21 +0800] "GET /InternetTrading/tc/trade.html HTTP/1.1" 200 2113
14.0.224.36 - - [17/Dec/2025:09:57:21 +0800] "POST /InternetTrading/SpreadPriceCache HTTP/1.1" 200 1947
14.0.224.36 - - [17/Dec/2025:09:57:21 +0800] "GET /InternetTrading/jquery/wait.gif HTTP/1.1" 200 432
14.0.224.36 - - [17/Dec/2025:09:57:21 +0800] "POST /InternetTrading/SessionErrorLogger HTTP/1.1" 200 117
14.0.224.36 - - [17/Dec/2025:09:57:21 +0800] "POST /InternetTrading/GetLastLoginDate HTTP/1.1" 200 31
14.0.224.36 - - [17/Dec/2025:09:57:21 +0800] "POST /InternetTrading/SessionErrorLogger HTTP/1.1" 200 117
14.0.224.36 - - [17/Dec/2025:09:57:21 +0800] "GET /InternetTrading/tc/getpopupMsgName.jsp HTTP/1.1" 200 -
14.0.224.36 - - [17/Dec/2025:09:57:21 +0800] "GET /InternetTrading/tc/images/trade_point01.jpg HTTP/1.1" 200 358
14.0.224.36 - - [17/Dec/2025:09:57:21 +0800] "GET /InternetTrading/tc/images/refresh.gif HTTP/1.1" 200 1145
14.0.224.36 - - [17/Dec/2025:09:57:21 +0800] "GET /InternetTrading/tc/applet_dummy.html HTTP/1.1" 200 330
14.0.224.36 - - [17/Dec/2025:09:57:21 +0800] "POST /InternetTrading/SessionErrorLogger HTTP/1.1" 200 117
14.0.224.36 - - [17/Dec/2025:09:57:21 +0800] "POST /InternetTrading/SessionErrorLogger HTTP/1.1" 200 117
14.0.224.36 - - [17/Dec/2025:09:57:21 +0800] "GET /InternetTrading/tc/buy_ticket.html? HTTP/1.1" 200 1995
14.0.224.36 - - [17/Dec/2025:09:57:21 +0800] "POST /InternetTrading/MarketStatus HTTP/1.1" 200 772
14.0.224.36 - - [17/Dec/2025:09:57:21 +0800] "POST /InternetTrading/SessionErrorLogger HTTP/1.1" 200 117
14.0.224.36 - - [17/Dec/2025:09:57:21 +0800] "GET /InternetTrading/tc/multi_currency_balance.html HTTP/1.1" 200 295
14.0.224.36 - - [17/Dec/2025:09:57:21 +0800] "GET /InternetTrading/jquery/wait.gif HTTP/1.1" 200 432
14.0.224.36 - - [17/Dec/2025:09:57:21 +0800] "GET /InternetTrading/Home/PostToAA.jsp?hl=tc HTTP/1.1" 200 293
14.0.224.36 - - [17/Dec/2025:09:57:21 +0800] "GET /InternetTrading/jquery/images/ui-icons_222222_256x240.png HTTP/1.1" 200 6922
14.0.224.36 - - [17/Dec/2025:09:57:21 +0800] "GET /InternetTrading/jquery/images/ui-bg_flat_75_ffffff_40x100.png HTTP/1.1" 200 208
14.0.224.36 - - [17/Dec/2025:09:57:21 +0800] "POST /InternetTrading/SessionErrorLogger HTTP/1.1" 200 117
14.0.224.36 - - [17/Dec/2025:09:57:22 +0800] "POST /InternetTrading/SessionErrorLogger HTTP/1.1" 200 117
14.0.224.36 - - [17/Dec/2025:09:57:22 +0800] "POST /InternetTrading/MarketStatus HTTP/1.1" 200 772
14.0.224.36 - - [17/Dec/2025:09:57:22 +0800] "POST /InternetTrading/MarketStatus HTTP/1.1" 200 772
119.34.176.224 - - [17/Dec/2025:09:57:22 +0800] "GET /InternetTrading/longpoll/13979?X-Atmosphere-tracking-id=0&X-Atmosphere-Framework=2.2.3-javascript&X-Atmosphere-Transport=long-polling&X-Atmosphere-TrackMessageSize=true&Content-Type=charset%3Dutf-8&X-atmo-protocol=true&_=1765936887399 HTTP/1.1" 200 -
61.239.100.147 - - [17/Dec/2025:09:57:22 +0800] "GET /InternetTrading/longpoll/13925?X-Atmosphere-tracking-id=0&X-Atmosphere-Framework=2.2.3-javascript&X-Atmosphere-Transport=long-polling&X-Atmosphere-TrackMessageSize=true&Content-Type=charset%3Dutf-8&X-atmo-protocol=true&_=1765936885443 HTTP/1.1" 200 -
119.136.155.219 - - [17/Dec/2025:09:57:23 +0800] "GET /InternetTrading/longpoll/51803?X-Atmosphere-tracking-id=0&X-Atmosphere-Framework=2.2.3-javascript&X-Atmosphere-Transport=long-polling&X-Atmosphere-TrackMessageSize=true&Content-Type=charset%3Dutf-8&X-atmo-protocol=true&_=1765936890521 HTTP/1.1" 200 -
14.0.224.36 - - [17/Dec/2025:09:57:23 +0800] "POST /InternetTrading/SessionErrorLogger HTTP/1.1" 200 117
14.0.224.36 - - [17/Dec/2025:09:57:24 +0800] "POST /InternetTrading/CustomerInfo HTTP/1.1" 200 223
14.0.224.36 - - [17/Dec/2025:09:57:24 +0800] "POST /InternetTrading/SessionErrorLogger HTTP/1.1" 200 117
14.0.224.36 - - [17/Dec/2025:09:57:24 +0800] "GET /InternetTrading/tc/account_status.html HTTP/1.1" 200 426
14.0.224.36 - - [17/Dec/2025:09:57:24 +0800] "POST /InternetTrading/SessionErrorLogger HTTP/1.1" 200 117
14.0.224.36 - - [17/Dec/2025:09:57:24 +0800] "POST /InternetTrading/MarketStatus HTTP/1.1" 200 772
14.0.224.36 - - [17/Dec/2025:09:57:24 +0800] "POST /InternetTrading/SessionErrorLogger HTTP/1.1" 200 117
58.152.215.40 - - [17/Dec/2025:09:57:24 +0800] "GET /InternetTrading/longpoll/55136?X-Atmosphere-tracking-id=0&X-Atmosphere-Framework=2.2.3-javascript&X-Atmosphere-Transport=long-polling&X-Atmosphere-TrackMessageSize=true&Content-Type=charset%3Dutf-8&X-atmo-protocol=true&_=1765936887450 HTTP/1.1" 200 -
14.0.224.36 - - [17/Dec/2025:09:57:24 +0800] "GET /InternetTrading/jquery/wait.gif HTTP/1.1" 200 432
14.0.224.36 - - [17/Dec/2025:09:57:24 +0800] "POST /InternetTrading/SessionErrorLogger HTTP/1.1" 200 117
14.0.224.36 - - [17/Dec/2025:09:57:24 +0800] "POST /InternetTrading/LongPollingConfig HTTP/1.1" 200 4
14.0.224.36 - - [17/Dec/2025:09:57:24 +0800] "GET /InternetTrading/jquery/wait.gif HTTP/1.1" 200 432
14.0.224.36 - - [17/Dec/2025:09:57:24 +0800] "POST /InternetTrading/SessionErrorLogger HTTP/1.1" 200 117
14.0.224.36 - - [17/Dec/2025:09:57:24 +0800] "POST /InternetTrading/Portfolio HTTP/1.1" 200 1811
14.0.224.36 - - [17/Dec/2025:09:57:24 +0800] "GET /InternetTrading/longpoll/A8127?X-Atmosphere-tracking-id=0&X-Atmosphere-Framework=2.2.3-javascript&X-Atmosphere-Transport=long-polling&X-Atmosphere-TrackMessageSize=true&Content-Type=charset%3Dutf-8&X-atmo-protocol=true&_=1765936889713 HTTP/1.1" 200 -
119.34.176.224 - - [17/Dec/2025:09:57:27 +0800] "GET /InternetTrading/longpoll/13979?X-Atmosphere-tracking-id=0&X-Atmosphere-Framework=2.2.3-javascript&X-Atmosphere-Transport=long-polling&X-Atmosphere-TrackMessageSize=true&Content-Type=charset%3Dutf-8&X-atmo-protocol=true&_=1765936892440 HTTP/1.1" 200 -
119.136.155.219 - - [17/Dec/2025:09:57:28 +0800] "GET /InternetTrading/longpoll/51803?X-Atmosphere-tracking-id=0&X-Atmosphere-Framework=2.2.3-javascript&X-Atmosphere-Transport=long-polling&X-Atmosphere-TrackMessageSize=true&Content-Type=charset%3Dutf-8&X-atmo-protocol=true&_=1765936895589 HTTP/1.1" 200 -
61.239.100.147 - - [17/Dec/2025:09:57:28 +0800] "GET /InternetTrading/longpoll/13925?X-Atmosphere-tracking-id=0&X-Atmosphere-Framework=2.2.3-javascript&X-Atmosphere-Transport=long-polling&X-Atmosphere-TrackMessageSize=true&Content-Type=charset%3Dutf-8&X-atmo-protocol=true&_=1765936891454 HTTP/1.1" 200 -
58.152.215.40 - - [17/Dec/2025:09:57:29 +0800] "GET /InternetTrading/longpoll/55136?X-Atmosphere-tracking-id=0&X-Atmosphere-Framework=2.2.3-javascript&X-Atmosphere-Transport=long-polling&X-Atmosphere-TrackMessageSize=true&Content-Type=charset%3Dutf-8&X-atmo-protocol=true&_=1765936892469 HTTP/1.1" 200 -
14.0.224.36 - - [17/Dec/2025:09:57:29 +0800] "GET /InternetTrading/longpoll/A8127?X-Atmosphere-tracking-id=0&X-Atmosphere-Framework=2.2.3-javascript&X-Atmosphere-Transport=long-polling&X-Atmosphere-TrackMessageSize=true&Content-Type=charset%3Dutf-8&X-atmo-protocol=true&_=1765936894784 HTTP/1.1" 200 -
119.34.176.224 - - [17/Dec/2025:09:57:32 +0800] "GET /InternetTrading/longpoll/13979?X-Atmosphere-tracking-id=0&X-Atmosphere-Framework=2.2.3-javascript&X-Atmosphere-Transport=long-polling&X-Atmosphere-TrackMessageSize=true&Content-Type=charset%3Dutf-8&X-atmo-protocol=true&_=1765936897789 HTTP/1.1" 200 -
119.136.155.219 - - [17/Dec/2025:09:57:33 +0800] "GET /InternetTrading/longpoll/51803?X-Atmosphere-tracking-id=0&X-Atmosphere-Framework=2.2.3-javascript&X-Atmosphere-Transport=long-polling&X-Atmosphere-TrackMessageSize=true&Content-Type=charset%3Dutf-8&X-atmo-protocol=true&_=1765936900666 HTTP/1.1" 200 -
61.239.100.147 - - [17/Dec/2025:09:57:34 +0800] "GET /InternetTrading/longpoll/13925?X-Atmosphere-tracking-id=0&X-Atmosphere-Framework=2.2.3-javascript&X-Atmosphere-Transport=long-polling&X-Atmosphere-TrackMessageSize=true&Content-Type=charset%3Dutf-8&X-atmo-protocol=true&_=1765936897448 HTTP/1.1" 200 -
58.152.215.40 - - [17/Dec/2025:09:57:34 +0800] "GET /InternetTrading/longpoll/55136?X-Atmosphere-tracking-id=0&X-Atmosphere-Framework=2.2.3-javascript&X-Atmosphere-Transport=long-polling&X-Atmosphere-TrackMessageSize=true&Content-Type=charset%3Dutf-8&X-atmo-protocol=true&_=1765936897510 HTTP/1.1" 200 -
14.0.224.36 - - [17/Dec/2025:09:57:34 +0800] "GET /InternetTrading/longpoll/A8127?X-Atmosphere-tracking-id=0&X-Atmosphere-Framework=2.2.3-javascript&X-Atmosphere-Transport=long-polling&X-Atmosphere-TrackMessageSize=true&Content-Type=charset%3Dutf-8&X-atmo-protocol=true&_=1765936899836 HTTP/1.1" 200 -
119.34.176.224 - - [17/Dec/2025:09:57:35 +0800] "POST /InternetTrading/SessionErrorLogger HTTP/1.1" 200 117
119.34.176.224 - - [17/Dec/2025:09:57:35 +0800] "POST /InternetTrading/MarketStatus HTTP/1.1" 200 772
119.136.155.219 - - [17/Dec/2025:09:57:36 +0800] "POST /InternetTrading/SessionErrorLogger HTTP/1.1" 200 117
119.136.155.219 - - [17/Dec/2025:09:57:36 +0800] "POST /InternetTrading/Heartbeat HTTP/1.1" 200 32
119.136.155.219 - - [17/Dec/2025:09:57:36 +0800] "POST /InternetTrading/SessionErrorLogger HTTP/1.1" 200 117
119.136.155.219 - - [17/Dec/2025:09:57:36 +0800] "POST /InternetTrading/MarketStatus HTTP/1.1" 200 772
119.34.176.224 - - [17/Dec/2025:09:57:37 +0800] "GET /InternetTrading/longpoll/13979?X-Atmosphere-tracking-id=0&X-Atmosphere-Framework=2.2.3-javascript&X-Atmosphere-Transport=long-polling&X-Atmosphere-TrackMessageSize=true&Content-Type=charset%3Dutf-8&X-atmo-protocol=true&_=1765936902852 HTTP/1.1" 200 -
119.136.155.219 - - [17/Dec/2025:09:57:38 +0800] "GET /InternetTrading/longpoll/51803?X-Atmosphere-tracking-id=0&X-Atmosphere-Framework=2.2.3-javascript&X-Atmosphere-Transport=long-polling&X-Atmosphere-TrackMessageSize=true&Content-Type=charset%3Dutf-8&X-atmo-protocol=true&_=1765936905691 HTTP/1.1" 200 -
58.152.215.40 - - [17/Dec/2025:09:57:39 +0800] "GET /InternetTrading/longpoll/55136?X-Atmosphere-tracking-id=0&X-Atmosphere-Framework=2.2.3-javascript&X-Atmosphere-Transport=long-polling&X-Atmosphere-TrackMessageSize=true&Content-Type=charset%3Dutf-8&X-atmo-protocol=true&_=1765936902559 HTTP/1.1" 200 -
14.0.224.36 - - [17/Dec/2025:09:57:40 +0800] "GET /InternetTrading/longpoll/A8127?X-Atmosphere-tracking-id=0&X-Atmosphere-Framework=2.2.3-javascript&X-Atmosphere-Transport=long-polling&X-Atmosphere-TrackMessageSize=true&Content-Type=charset%3Dutf-8&X-atmo-protocol=true&_=1765936905088 HTTP/1.1" 200 -
61.239.100.147 - - [17/Dec/2025:09:57:40 +0800] "GET /InternetTrading/longpoll/13925?X-Atmosphere-tracking-id=0&X-Atmosphere-Framework=2.2.3-javascript&X-Atmosphere-Transport=long-polling&X-Atmosphere-TrackMessageSize=true&Content-Type=charset%3Dutf-8&X-atmo-protocol=true&_=1765936903442 HTTP/1.1" 200 -
58.152.215.40 - - [17/Dec/2025:09:57:42 +0800] "POST /InternetTrading/SessionErrorLogger HTTP/1.1" 200 117
58.152.215.40 - - [17/Dec/2025:09:57:42 +0800] "POST /InternetTrading/Heartbeat HTTP/1.1" 200 32
58.152.215.40 - - [17/Dec/2025:09:57:42 +0800] "POST /InternetTrading/SessionErrorLogger HTTP/1.1" 200 117
58.152.215.40 - - [17/Dec/2025:09:57:42 +0800] "POST /InternetTrading/MarketStatus HTTP/1.1" 200 772
119.34.176.224 - - [17/Dec/2025:09:57:42 +0800] "GET /InternetTrading/longpoll/13979?X-Atmosphere-tracking-id=0&X-Atmosphere-Framework=2.2.3-javascript&X-Atmosphere-Transport=long-polling&X-Atmosphere-TrackMessageSize=true&Content-Type=charset%3Dutf-8&X-atmo-protocol=true&_=1765936907911 HTTP/1.1" 200 -
119.136.155.219 - - [17/Dec/2025:09:57:43 +0800] "GET /InternetTrading/longpoll/51803?X-Atmosphere-tracking-id=0&X-Atmosphere-Framework=2.2.3-javascript&X-Atmosphere-Transport=long-polling&X-Atmosphere-TrackMessageSize=true&Content-Type=charset%3Dutf-8&X-atmo-protocol=true&_=1765936910720 HTTP/1.1" 200 -
58.152.215.40 - - [17/Dec/2025:09:57:44 +0800] "GET /InternetTrading/longpoll/55136?X-Atmosphere-tracking-id=0&X-Atmosphere-Framework=2.2.3-javascript&X-Atmosphere-Transport=long-polling&X-Atmosphere-TrackMessageSize=true&Content-Type=charset%3Dutf-8&X-atmo-protocol=true&_=1765936907608 HTTP/1.1" 200 -
14.0.224.36 - - [17/Dec/2025:09:57:45 +0800] "GET /InternetTrading/longpoll/A8127?X-Atmosphere-tracking-id=0&X-Atmosphere-Framework=2.2.3-javascript&X-Atmosphere-Transport=long-polling&X-Atmosphere-TrackMessageSize=true&Content-Type=charset%3Dutf-8&X-atmo-protocol=true&_=1765936910489 HTTP/1.1" 200 -
61.239.100.147 - - [17/Dec/2025:09:57:46 +0800] "GET /InternetTrading/longpoll/13925?X-Atmosphere-tracking-id=0&X-Atmosphere-Framework=2.2.3-javascript&X-Atmosphere-Transport=long-polling&X-Atmosphere-TrackMessageSize=true&Content-Type=charset%3Dutf-8&X-atmo-protocol=true&_=1765936909454 HTTP/1.1" 200 -
119.136.155.219 - - [17/Dec/2025:09:57:48 +0800] "GET /InternetTrading/longpoll/51803?X-Atmosphere-tracking-id=0&X-Atmosphere-Framework=2.2.3-javascript&X-Atmosphere-Transport=long-polling&X-Atmosphere-TrackMessageSize=true&Content-Type=charset%3Dutf-8&X-atmo-protocol=true&_=1765936915751 HTTP/1.1" 200 -
61.239.100.147 - - [17/Dec/2025:09:57:49 +0800] "POST /InternetTrading/SessionErrorLogger HTTP/1.1" 200 117
61.239.100.147 - - [17/Dec/2025:09:57:49 +0800] "POST /InternetTrading/MarketStatus HTTP/1.1" 200 772
61.239.100.147 - - [17/Dec/2025:09:57:49 +0800] "POST /InternetTrading/SessionErrorLogger HTTP/1.1" 200 117
61.239.100.147 - - [17/Dec/2025:09:57:49 +0800] "POST /InternetTrading/Heartbeat HTTP/1.1" 200 32
58.152.215.40 - - [17/Dec/2025:09:57:49 +0800] "GET /InternetTrading/longpoll/55136?X-Atmosphere-tracking-id=0&X-Atmosphere-Framework=2.2.3-javascript&X-Atmosphere-Transport=long-polling&X-Atmosphere-TrackMessageSize=true&Content-Type=charset%3Dutf-8&X-atmo-protocol=true&_=1765936912635 HTTP/1.1" 200 -
14.0.224.36 - - [17/Dec/2025:09:57:50 +0800] "GET /InternetTrading/longpoll/A8127?X-Atmosphere-tracking-id=0&X-Atmosphere-Framework=2.2.3-javascript&X-Atmosphere-Transport=long-polling&X-Atmosphere-TrackMessageSize=true&Content-Type=charset%3Dutf-8&X-atmo-protocol=true&_=1765936915931 HTTP/1.1" 200 -
14.0.224.36 - - [17/Dec/2025:09:57:51 +0800] "POST /InternetTrading/SessionErrorLogger HTTP/1.1" 200 117
14.0.224.36 - - [17/Dec/2025:09:57:52 +0800] "POST /InternetTrading/Heartbeat HTTP/1.1" 200 32
14.0.224.36 - - [17/Dec/2025:09:57:52 +0800] "POST /InternetTrading/SessionErrorLogger HTTP/1.1" 200 117
14.0.224.36 - - [17/Dec/2025:09:57:52 +0800] "POST /InternetTrading/MarketStatus HTTP/1.1" 200 772
61.239.100.147 - - [17/Dec/2025:09:57:52 +0800] "GET /InternetTrading/longpoll/13925?X-Atmosphere-tracking-id=0&X-Atmosphere-Framework=2.2.3-javascript&X-Atmosphere-Transport=long-polling&X-Atmosphere-TrackMessageSize=true&Content-Type=charset%3Dutf-8&X-atmo-protocol=true&_=1765936915449 HTTP/1.1" 200 -
119.136.155.219 - - [17/Dec/2025:09:57:53 +0800] "GET /InternetTrading/longpoll/51803?X-Atmosphere-tracking-id=0&X-Atmosphere-Framework=2.2.3-javascript&X-Atmosphere-Transport=long-polling&X-Atmosphere-TrackMessageSize=true&Content-Type=charset%3Dutf-8&X-atmo-protocol=true&_=1765936920809 HTTP/1.1" 200 -
58.152.215.40 - - [17/Dec/2025:09:57:54 +0800] "GET /InternetTrading/longpoll/55136?X-Atmosphere-tracking-id=0&X-Atmosphere-Framework=2.2.3-javascript&X-Atmosphere-Transport=long-polling&X-Atmosphere-TrackMessageSize=true&Content-Type=charset%3Dutf-8&X-atmo-protocol=true&_=1765936917654 HTTP/1.1" 200 -
14.0.224.36 - - [17/Dec/2025:09:57:55 +0800] "GET /InternetTrading/longpoll/A8127?X-Atmosphere-tracking-id=0&X-Atmosphere-Framework=2.2.3-javascript&X-Atmosphere-Transport=long-polling&X-Atmosphere-TrackMessageSize=true&Content-Type=charset%3Dutf-8&X-atmo-protocol=true&_=1765936921029 HTTP/1.1" 200 -
119.34.176.224 - - [17/Dec/2025:09:57:56 +0800] "GET /InternetTrading/longpoll/13979?X-Atmosphere-tracking-id=0&X-Atmosphere-Framework=2.2.3-javascript&X-Atmosphere-Transport=long-polling&X-Atmosphere-TrackMessageSize=true&Content-Type=charset%3Dutf-8&X-atmo-protocol=true&_=1765936913019 HTTP/1.1" 200 -
119.34.176.224 - - [17/Dec/2025:09:57:56 +0800] "POST /InternetTrading/Heartbeat HTTP/1.1" 200 32
61.239.100.147 - - [17/Dec/2025:09:57:58 +0800] "GET /InternetTrading/longpoll/13925?X-Atmosphere-tracking-id=0&X-Atmosphere-Framework=2.2.3-javascript&X-Atmosphere-Transport=long-polling&X-Atmosphere-TrackMessageSize=true&Content-Type=charset%3Dutf-8&X-atmo-protocol=true&_=1765936921444 HTTP/1.1" 200 -
119.136.155.219 - - [17/Dec/2025:09:57:58 +0800] "GET /InternetTrading/longpoll/51803?X-Atmosphere-tracking-id=0&X-Atmosphere-Framework=2.2.3-javascript&X-Atmosphere-Transport=long-polling&X-Atmosphere-TrackMessageSize=true&Content-Type=charset%3Dutf-8&X-atmo-protocol=true&_=1765936925875 HTTP/1.1" 200 -
58.152.215.40 - - [17/Dec/2025:09:57:59 +0800] "GET /InternetTrading/longpoll/55136?X-Atmosphere-tracking-id=0&X-Atmosphere-Framework=2.2.3-javascript&X-Atmosphere-Transport=long-polling&X-Atmosphere-TrackMessageSize=true&Content-Type=charset%3Dutf-8&X-atmo-protocol=true&_=1765936922685 HTTP/1.1" 200 -
14.0.224.36 - - [17/Dec/2025:09:58:01 +0800] "GET /InternetTrading/longpoll/A8127?X-Atmosphere-tracking-id=0&X-Atmosphere-Framework=2.2.3-javascript&X-Atmosphere-Transport=long-polling&X-Atmosphere-TrackMessageSize=true&Content-Type=charset%3Dutf-8&X-atmo-protocol=true&_=1765936926094 HTTP/1.1" 200 -
119.34.176.224 - - [17/Dec/2025:09:58:01 +0800] "GET /InternetTrading/longpoll/13979?X-Atmosphere-tracking-id=0&X-Atmosphere-Framework=2.2.3-javascript&X-Atmosphere-Transport=long-polling&X-Atmosphere-TrackMessageSize=true&Content-Type=charset%3Dutf-8&X-atmo-protocol=true&_=1765936926884 HTTP/1.1" 200 -
119.136.155.219 - - [17/Dec/2025:09:58:03 +0800] "GET /InternetTrading/longpoll/51803?X-Atmosphere-tracking-id=0&X-Atmosphere-Framework=2.2.3-javascript&X-Atmosphere-Transport=long-polling&X-Atmosphere-TrackMessageSize=true&Content-Type=charset%3Dutf-8&X-atmo-protocol=true&_=1765936930905 HTTP/1.1" 200 -
61.239.100.147 - - [17/Dec/2025:09:58:04 +0800] "GET /InternetTrading/longpoll/13925?X-Atmosphere-tracking-id=0&X-Atmosphere-Framework=2.2.3-javascript&X-Atmosphere-Transport=long-polling&X-Atmosphere-TrackMessageSize=true&Content-Type=charset%3Dutf-8&X-atmo-protocol=true&_=1765936927455 HTTP/1.1" 200 -
58.152.215.40 - - [17/Dec/2025:09:58:04 +0800] "GET /InternetTrading/longpoll/55136?X-Atmosphere-tracking-id=0&X-Atmosphere-Framework=2.2.3-javascript&X-Atmosphere-Transport=long-polling&X-Atmosphere-TrackMessageSize=true&Content-Type=charset%3Dutf-8&X-atmo-protocol=true&_=1765936927717 HTTP/1.1" 200 -
119.34.176.224 - - [17/Dec/2025:09:58:06 +0800] "POST /InternetTrading/SessionErrorLogger HTTP/1.1" 200 117
119.34.176.224 - - [17/Dec/2025:09:58:06 +0800] "POST /InternetTrading/MarketStatus HTTP/1.1" 200 772
14.0.224.36 - - [17/Dec/2025:09:58:06 +0800] "GET /InternetTrading/longpoll/A8127?X-Atmosphere-tracking-id=0&X-Atmosphere-Framework=2.2.3-javascript&X-Atmosphere-Transport=long-polling&X-Atmosphere-TrackMessageSize=true&Content-Type=charset%3Dutf-8&X-atmo-protocol=true&_=1765936931336 HTTP/1.1" 200 -
119.34.176.224 - - [17/Dec/2025:09:58:06 +0800] "GET /InternetTrading/longpoll/13979?X-Atmosphere-tracking-id=0&X-Atmosphere-Framework=2.2.3-javascript&X-Atmosphere-Transport=long-polling&X-Atmosphere-TrackMessageSize=true&Content-Type=charset%3Dutf-8&X-atmo-protocol=true&_=1765936931912 HTTP/1.1" 200 -
119.136.155.219 - - [17/Dec/2025:09:58:06 +0800] "POST /InternetTrading/SessionErrorLogger HTTP/1.1" 200 117
119.136.155.219 - - [17/Dec/2025:09:58:06 +0800] "POST /InternetTrading/Heartbeat HTTP/1.1" 200 32
119.136.155.219 - - [17/Dec/2025:09:58:06 +0800] "POST /InternetTrading/SessionErrorLogger HTTP/1.1" 200 117
119.136.155.219 - - [17/Dec/2025:09:58:06 +0800] "POST /InternetTrading/MarketStatus HTTP/1.1" 200 772
119.136.155.219 - - [17/Dec/2025:09:58:08 +0800] "GET /InternetTrading/longpoll/51803?X-Atmosphere-tracking-id=0&X-Atmosphere-Framework=2.2.3-javascript&X-Atmosphere-Transport=long-polling&X-Atmosphere-TrackMessageSize=true&Content-Type=charset%3Dutf-8&X-atmo-protocol=true&_=1765936935972 HTTP/1.1" 200 -
58.152.215.40 - - [17/Dec/2025:09:58:09 +0800] "GET /InternetTrading/longpoll/55136?X-Atmosphere-tracking-id=0&X-Atmosphere-Framework=2.2.3-javascript&X-Atmosphere-Transport=long-polling&X-Atmosphere-TrackMessageSize=true&Content-Type=charset%3Dutf-8&X-atmo-protocol=true&_=1765936932765 HTTP/1.1" 200 -
61.239.100.147 - - [17/Dec/2025:09:58:10 +0800] "GET /InternetTrading/longpoll/13925?X-Atmosphere-tracking-id=0&X-Atmosphere-Framework=2.2.3-javascript&X-Atmosphere-Transport=long-polling&X-Atmosphere-TrackMessageSize=true&Content-Type=charset%3Dutf-8&X-atmo-protocol=true&_=1765936933446 HTTP/1.1" 200 -
14.0.224.36 - - [17/Dec/2025:09:58:11 +0800] "GET /InternetTrading/longpoll/A8127?X-Atmosphere-tracking-id=0&X-Atmosphere-Framework=2.2.3-javascript&X-Atmosphere-Transport=long-polling&X-Atmosphere-TrackMessageSize=true&Content-Type=charset%3Dutf-8&X-atmo-protocol=true&_=1765936936613 HTTP/1.1" 200 -
119.34.176.224 - - [17/Dec/2025:09:58:11 +0800] "GET /InternetTrading/longpoll/13979?X-Atmosphere-tracking-id=0&X-Atmosphere-Framework=2.2.3-javascript&X-Atmosphere-Transport=long-polling&X-Atmosphere-TrackMessageSize=true&Content-Type=charset%3Dutf-8&X-atmo-protocol=true&_=1765936936943 HTTP/1.1" 200 -
58.152.215.40 - - [17/Dec/2025:09:58:12 +0800] "POST /InternetTrading/SessionErrorLogger HTTP/1.1" 200 117
58.152.215.40 - - [17/Dec/2025:09:58:12 +0800] "POST /InternetTrading/Heartbeat HTTP/1.1" 200 32
58.152.215.40 - - [17/Dec/2025:09:58:12 +0800] "POST /InternetTrading/SessionErrorLogger HTTP/1.1" 200 117
58.152.215.40 - - [17/Dec/2025:09:58:12 +0800] "POST /InternetTrading/MarketStatus HTTP/1.1" 200 772
119.136.155.219 - - [17/Dec/2025:09:58:13 +0800] "GET /InternetTrading/longpoll/51803?X-Atmosphere-tracking-id=0&X-Atmosphere-Framework=2.2.3-javascript&X-Atmosphere-Transport=long-polling&X-Atmosphere-TrackMessageSize=true&Content-Type=charset%3Dutf-8&X-atmo-protocol=true&_=1765936940991 HTTP/1.1" 200 -
58.152.215.40 - - [17/Dec/2025:09:58:14 +0800] "GET /InternetTrading/longpoll/55136?X-Atmosphere-tracking-id=0&X-Atmosphere-Framework=2.2.3-javascript&X-Atmosphere-Transport=long-polling&X-Atmosphere-TrackMessageSize=true&Content-Type=charset%3Dutf-8&X-atmo-protocol=true&_=1765936937797 HTTP/1.1" 200 -
61.239.100.147 - - [17/Dec/2025:09:58:16 +0800] "GET /InternetTrading/longpoll/13925?X-Atmosphere-tracking-id=0&X-Atmosphere-Framework=2.2.3-javascript&X-Atmosphere-Transport=long-polling&X-Atmosphere-TrackMessageSize=true&Content-Type=charset%3Dutf-8&X-atmo-protocol=true&_=1765936939455 HTTP/1.1" 200 -
119.34.176.224 - - [17/Dec/2025:09:58:16 +0800] "GET /InternetTrading/longpoll/13979?X-Atmosphere-tracking-id=0&X-Atmosphere-Framework=2.2.3-javascript&X-Atmosphere-Transport=long-polling&X-Atmosphere-TrackMessageSize=true&Content-Type=charset%3Dutf-8&X-atmo-protocol=true&_=1765936942039 HTTP/1.1" 200 -
14.0.224.36 - - [17/Dec/2025:09:58:17 +0800] "GET /InternetTrading/longpoll/A8127?X-Atmosphere-tracking-id=0&X-Atmosphere-Framework=2.2.3-javascript&X-Atmosphere-Transport=long-polling&X-Atmosphere-TrackMessageSize=true&Content-Type=charset%3Dutf-8&X-atmo-protocol=true&_=1765936941928 HTTP/1.1" 200 -
119.136.155.219 - - [17/Dec/2025:09:58:18 +0800] "GET /InternetTrading/longpoll/51803?X-Atmosphere-tracking-id=0&X-Atmosphere-Framework=2.2.3-javascript&X-Atmosphere-Transport=long-polling&X-Atmosphere-TrackMessageSize=true&Content-Type=charset%3Dutf-8&X-atmo-protocol=true&_=1765936946024 HTTP/1.1" 200 -
58.152.215.40 - - [17/Dec/2025:09:58:19 +0800] "GET /InternetTrading/longpoll/55136?X-Atmosphere-tracking-id=0&X-Atmosphere-Framework=2.2.3-javascript&X-Atmosphere-Transport=long-polling&X-Atmosphere-TrackMessageSize=true&Content-Type=charset%3Dutf-8&X-atmo-protocol=true&_=1765936942815 HTTP/1.1" 200 -
14.0.224.36 - - [17/Dec/2025:09:58:22 +0800] "POST /InternetTrading/SessionErrorLogger HTTP/1.1" 200 117
119.34.176.224 - - [17/Dec/2025:09:58:22 +0800] "GET /InternetTrading/longpoll/13979?X-Atmosphere-tracking-id=0&X-Atmosphere-Framework=2.2.3-javascript&X-Atmosphere-Transport=long-polling&X-Atmosphere-TrackMessageSize=true&Content-Type=charset%3Dutf-8&X-atmo-protocol=true&_=1765936947123 HTTP/1.1" 200 -
14.0.224.36 - - [17/Dec/2025:09:58:22 +0800] "POST /InternetTrading/Heartbeat HTTP/1.1" 200 32
14.0.224.36 - - [17/Dec/2025:09:58:22 +0800] "GET /InternetTrading/longpoll/A8127?X-Atmosphere-tracking-id=0&X-Atmosphere-Framework=2.2.3-javascript&X-Atmosphere-Transport=long-polling&X-Atmosphere-TrackMessageSize=true&Content-Type=charset%3Dutf-8&X-atmo-protocol=true&_=1765936947285 HTTP/1.1" 200 -
14.0.224.36 - - [17/Dec/2025:09:58:22 +0800] "POST /InternetTrading/SessionErrorLogger HTTP/1.1" 200 117
14.0.224.36 - - [17/Dec/2025:09:58:22 +0800] "POST /InternetTrading/MarketStatus HTTP/1.1" 200 772
61.239.100.147 - - [17/Dec/2025:09:58:22 +0800] "GET /InternetTrading/longpoll/13925?X-Atmosphere-tracking-id=0&X-Atmosphere-Framework=2.2.3-javascript&X-Atmosphere-Transport=long-polling&X-Atmosphere-TrackMessageSize=true&Content-Type=charset%3Dutf-8&X-atmo-protocol=true&_=1765936945444 HTTP/1.1" 200 -
119.136.155.219 - - [17/Dec/2025:09:58:23 +0800] "GET /InternetTrading/longpoll/51803?X-Atmosphere-tracking-id=0&X-Atmosphere-Framework=2.2.3-javascript&X-Atmosphere-Transport=long-polling&X-Atmosphere-TrackMessageSize=true&Content-Type=charset%3Dutf-8&X-atmo-protocol=true&_=1765936951086 HTTP/1.1" 200 -
58.152.215.40 - - [17/Dec/2025:09:58:24 +0800] "GET /InternetTrading/longpoll/55136?X-Atmosphere-tracking-id=0&X-Atmosphere-Framework=2.2.3-javascript&X-Atmosphere-Transport=long-polling&X-Atmosphere-TrackMessageSize=true&Content-Type=charset%3Dutf-8&X-atmo-protocol=true&_=1765936947845 HTTP/1.1" 200 -
119.34.176.224 - - [17/Dec/2025:09:58:26 +0800] "POST /InternetTrading/SessionErrorLogger HTTP/1.1" 200 117
119.34.176.224 - - [17/Dec/2025:09:58:26 +0800] "POST /InternetTrading/Heartbeat HTTP/1.1" 200 32
119.34.176.224 - - [17/Dec/2025:09:58:27 +0800] "GET /InternetTrading/longpoll/13979?X-Atmosphere-tracking-id=0&X-Atmosphere-Framework=2.2.3-javascript&X-Atmosphere-Transport=long-polling&X-Atmosphere-TrackMessageSize=true&Content-Type=charset%3Dutf-8&X-atmo-protocol=true&_=1765936952218 HTTP/1.1" 200 -
14.0.224.36 - - [17/Dec/2025:09:58:27 +0800] "GET /InternetTrading/longpoll/A8127?X-Atmosphere-tracking-id=0&X-Atmosphere-Framework=2.2.3-javascript&X-Atmosphere-Transport=long-polling&X-Atmosphere-TrackMessageSize=true&Content-Type=charset%3Dutf-8&X-atmo-protocol=true&_=1765936952431 HTTP/1.1" 200 -
61.239.100.147 - - [17/Dec/2025:09:58:28 +0800] "GET /InternetTrading/longpoll/13925?X-Atmosphere-tracking-id=0&X-Atmosphere-Framework=2.2.3-javascript&X-Atmosphere-Transport=long-polling&X-Atmosphere-TrackMessageSize=true&Content-Type=charset%3Dutf-8&X-atmo-protocol=true&_=1765936951449 HTTP/1.1" 200 -
119.136.155.219 - - [17/Dec/2025:09:58:28 +0800] "GET /InternetTrading/longpoll/51803?X-Atmosphere-tracking-id=0&X-Atmosphere-Framework=2.2.3-javascript&X-Atmosphere-Transport=long-polling&X-Atmosphere-TrackMessageSize=true&Content-Type=charset%3Dutf-8&X-atmo-protocol=true&_=1765936956115 HTTP/1.1" 200 -
58.152.215.40 - - [17/Dec/2025:09:58:29 +0800] "GET /InternetTrading/longpoll/55136?X-Atmosphere-tracking-id=0&X-Atmosphere-Framework=2.2.3-javascript&X-Atmosphere-Transport=long-polling&X-Atmosphere-TrackMessageSize=true&Content-Type=charset%3Dutf-8&X-atmo-protocol=true&_=1765936952880 HTTP/1.1" 200 -
119.34.176.224 - - [17/Dec/2025:09:58:32 +0800] "GET /InternetTrading/longpoll/13979?X-Atmosphere-tracking-id=0&X-Atmosphere-Framework=2.2.3-javascript&X-Atmosphere-Transport=long-polling&X-Atmosphere-TrackMessageSize=true&Content-Type=charset%3Dutf-8&X-atmo-protocol=true&_=1765936957257 HTTP/1.1" 200 -
14.0.224.36 - - [17/Dec/2025:09:58:32 +0800] "GET /InternetTrading/longpoll/A8127?X-Atmosphere-tracking-id=0&X-Atmosphere-Framework=2.2.3-javascript&X-Atmosphere-Transport=long-polling&X-Atmosphere-TrackMessageSize=true&Content-Type=charset%3Dutf-8&X-atmo-protocol=true&_=1765936957488 HTTP/1.1" 200 -
119.136.155.219 - - [17/Dec/2025:09:58:33 +0800] "GET /InternetTrading/longpoll/51803?X-Atmosphere-tracking-id=0&X-Atmosphere-Framework=2.2.3-javascript&X-Atmosphere-Transport=long-polling&X-Atmosphere-TrackMessageSize=true&Content-Type=charset%3Dutf-8&X-atmo-protocol=true&_=1765936961178 HTTP/1.1" 200 -
61.239.100.147 - - [17/Dec/2025:09:58:34 +0800] "GET /InternetTrading/longpoll/13925?X-Atmosphere-tracking-id=0&X-Atmosphere-Framework=2.2.3-javascript&X-Atmosphere-Transport=long-polling&X-Atmosphere-TrackMessageSize=true&Content-Type=charset%3Dutf-8&X-atmo-protocol=true&_=1765936957453 HTTP/1.1" 200 -
58.152.215.40 - - [17/Dec/2025:09:58:34 +0800] "GET /InternetTrading/longpoll/55136?X-Atmosphere-tracking-id=0&X-Atmosphere-Framework=2.2.3-javascript&X-Atmosphere-Transport=long-polling&X-Atmosphere-TrackMessageSize=true&Content-Type=charset%3Dutf-8&X-atmo-protocol=true&_=1765936957925 HTTP/1.1" 200 -
119.34.176.224 - - [17/Dec/2025:09:58:36 +0800] "POST /InternetTrading/SessionErrorLogger HTTP/1.1" 200 117
119.34.176.224 - - [17/Dec/2025:09:58:36 +0800] "POST /InternetTrading/MarketStatus HTTP/1.1" 200 772
119.136.155.219 - - [17/Dec/2025:09:58:36 +0800] "POST /InternetTrading/SessionErrorLogger HTTP/1.1" 200 117
119.136.155.219 - - [17/Dec/2025:09:58:36 +0800] "POST /InternetTrading/Heartbeat HTTP/1.1" 200 32
119.136.155.219 - - [17/Dec/2025:09:58:36 +0800] "POST /InternetTrading/SessionErrorLogger HTTP/1.1" 200 117
119.136.155.219 - - [17/Dec/2025:09:58:36 +0800] "POST /InternetTrading/MarketStatus HTTP/1.1" 200 772
119.34.176.224 - - [17/Dec/2025:09:58:37 +0800] "GET /InternetTrading/longpoll/13979?X-Atmosphere-tracking-id=0&X-Atmosphere-Framework=2.2.3-javascript&X-Atmosphere-Transport=long-polling&X-Atmosphere-TrackMessageSize=true&Content-Type=charset%3Dutf-8&X-atmo-protocol=true&_=1765936962355 HTTP/1.1" 200 -
14.0.224.36 - - [17/Dec/2025:09:58:37 +0800] "GET /InternetTrading/longpoll/A8127?X-Atmosphere-tracking-id=0&X-Atmosphere-Framework=2.2.3-javascript&X-Atmosphere-Transport=long-polling&X-Atmosphere-TrackMessageSize=true&Content-Type=charset%3Dutf-8&X-atmo-protocol=true&_=1765936962618 HTTP/1.1" 200 -
119.136.155.219 - - [17/Dec/2025:09:58:38 +0800] "GET /InternetTrading/longpoll/51803?X-Atmosphere-tracking-id=0&X-Atmosphere-Framework=2.2.3-javascript&X-Atmosphere-Transport=long-polling&X-Atmosphere-TrackMessageSize=true&Content-Type=charset%3Dutf-8&X-atmo-protocol=true&_=1765936966238 HTTP/1.1" 200 -
58.152.215.40 - - [17/Dec/2025:09:58:39 +0800] "GET /InternetTrading/longpoll/55136?X-Atmosphere-tracking-id=0&X-Atmosphere-Framework=2.2.3-javascript&X-Atmosphere-Transport=long-polling&X-Atmosphere-TrackMessageSize=true&Content-Type=charset%3Dutf-8&X-atmo-protocol=true&_=1765936962973 HTTP/1.1" 200 -
61.239.100.147 - - [17/Dec/2025:09:58:40 +0800] "GET /InternetTrading/longpoll/13925?X-Atmosphere-tracking-id=0&X-Atmosphere-Framework=2.2.3-javascript&X-Atmosphere-Transport=long-polling&X-Atmosphere-TrackMessageSize=true&Content-Type=charset%3Dutf-8&X-atmo-protocol=true&_=1765936963451 HTTP/1.1" 200 -
119.34.176.224 - - [17/Dec/2025:09:58:42 +0800] "GET /InternetTrading/longpoll/13979?X-Atmosphere-tracking-id=0&X-Atmosphere-Framework=2.2.3-javascript&X-Atmosphere-Transport=long-polling&X-Atmosphere-TrackMessageSize=true&Content-Type=charset%3Dutf-8&X-atmo-protocol=true&_=1765936967385 HTTP/1.1" 200 -
58.152.215.40 - - [17/Dec/2025:09:58:42 +0800] "POST /InternetTrading/SessionErrorLogger HTTP/1.1" 200 117
58.152.215.40 - - [17/Dec/2025:09:58:42 +0800] "POST /InternetTrading/Heartbeat HTTP/1.1" 200 32
58.152.215.40 - - [17/Dec/2025:09:58:42 +0800] "POST /InternetTrading/SessionErrorLogger HTTP/1.1" 200 117
58.152.215.40 - - [17/Dec/2025:09:58:42 +0800] "POST /InternetTrading/MarketStatus HTTP/1.1" 200 772
14.0.224.36 - - [17/Dec/2025:09:58:42 +0800] "GET /InternetTrading/longpoll/A8127?X-Atmosphere-tracking-id=0&X-Atmosphere-Framework=2.2.3-javascript&X-Atmosphere-Transport=long-polling&X-Atmosphere-TrackMessageSize=true&Content-Type=charset%3Dutf-8&X-atmo-protocol=true&_=1765936967839 HTTP/1.1" 200 -
119.136.155.219 - - [17/Dec/2025:09:58:43 +0800] "GET /InternetTrading/longpoll/51803?X-Atmosphere-tracking-id=0&X-Atmosphere-Framework=2.2.3-javascript&X-Atmosphere-Transport=long-polling&X-Atmosphere-TrackMessageSize=true&Content-Type=charset%3Dutf-8&X-atmo-protocol=true&_=1765936971264 HTTP/1.1" 200 -
58.152.215.40 - - [17/Dec/2025:09:58:44 +0800] "GET /InternetTrading/longpoll/55136?X-Atmosphere-tracking-id=0&X-Atmosphere-Framework=2.2.3-javascript&X-Atmosphere-Transport=long-polling&X-Atmosphere-TrackMessageSize=true&Content-Type=charset%3Dutf-8&X-atmo-protocol=true&_=1765936968011 HTTP/1.1" 200 -
61.239.100.147 - - [17/Dec/2025:09:58:46 +0800] "GET /InternetTrading/longpoll/13925?X-Atmosphere-tracking-id=0&X-Atmosphere-Framework=2.2.3-javascript&X-Atmosphere-Transport=long-polling&X-Atmosphere-TrackMessageSize=true&Content-Type=charset%3Dutf-8&X-atmo-protocol=true&_=1765936969444 HTTP/1.1" 200 -
119.34.176.224 - - [17/Dec/2025:09:58:47 +0800] "GET /InternetTrading/longpoll/13979?X-Atmosphere-tracking-id=0&X-Atmosphere-Framework=2.2.3-javascript&X-Atmosphere-Transport=long-polling&X-Atmosphere-TrackMessageSize=true&Content-Type=charset%3Dutf-8&X-atmo-protocol=true&_=1765936972477 HTTP/1.1" 200 -
14.0.224.36 - - [17/Dec/2025:09:58:48 +0800] "GET /InternetTrading/longpoll/A8127?X-Atmosphere-tracking-id=0&X-Atmosphere-Framework=2.2.3-javascript&X-Atmosphere-Transport=long-polling&X-Atmosphere-TrackMessageSize=true&Content-Type=charset%3Dutf-8&X-atmo-protocol=true&_=1765936973091 HTTP/1.1" 200 -
119.136.155.219 - - [17/Dec/2025:09:58:49 +0800] "GET /InternetTrading/longpoll/51803?X-Atmosphere-tracking-id=0&X-Atmosphere-Framework=2.2.3-javascript&X-Atmosphere-Transport=long-polling&X-Atmosphere-TrackMessageSize=true&Content-Type=charset%3Dutf-8&X-atmo-protocol=true&_=1765936976296 HTTP/1.1" 200 -
61.239.100.147 - - [17/Dec/2025:09:58:49 +0800] "POST /InternetTrading/SessionErrorLogger HTTP/1.1" 200 117
61.239.100.147 - - [17/Dec/2025:09:58:49 +0800] "POST /InternetTrading/MarketStatus HTTP/1.1" 200 772
61.239.100.147 - - [17/Dec/2025:09:58:49 +0800] "POST /InternetTrading/SessionErrorLogger HTTP/1.1" 200 117
61.239.100.147 - - [17/Dec/2025:09:58:49 +0800] "POST /InternetTrading/Heartbeat HTTP/1.1" 200 32
58.152.215.40 - - [17/Dec/2025:09:58:50 +0800] "GET /InternetTrading/longpoll/55136?X-Atmosphere-tracking-id=0&X-Atmosphere-Framework=2.2.3-javascript&X-Atmosphere-Transport=long-polling&X-Atmosphere-TrackMessageSize=true&Content-Type=charset%3Dutf-8&X-atmo-protocol=true&_=1765936973032 HTTP/1.1" 200 -
14.0.224.36 - - [17/Dec/2025:09:58:52 +0800] "POST /InternetTrading/SessionErrorLogger HTTP/1.1" 200 117
14.0.224.36 - - [17/Dec/2025:09:58:52 +0800] "POST /InternetTrading/Heartbeat HTTP/1.1" 200 32
14.0.224.36 - - [17/Dec/2025:09:58:52 +0800] "POST /InternetTrading/SessionErrorLogger HTTP/1.1" 200 117
14.0.224.36 - - [17/Dec/2025:09:58:52 +0800] "POST /InternetTrading/MarketStatus HTTP/1.1" 200 772
61.239.100.147 - - [17/Dec/2025:09:58:52 +0800] "GET /InternetTrading/longpoll/13925?X-Atmosphere-tracking-id=0&X-Atmosphere-Framework=2.2.3-javascript&X-Atmosphere-Transport=long-polling&X-Atmosphere-TrackMessageSize=true&Content-Type=charset%3Dutf-8&X-atmo-protocol=true&_=1765936975454 HTTP/1.1" 200 -
14.0.224.36 - - [17/Dec/2025:09:58:53 +0800] "GET /InternetTrading/longpoll/A8127?X-Atmosphere-tracking-id=0&X-Atmosphere-Framework=2.2.3-javascript&X-Atmosphere-Transport=long-polling&X-Atmosphere-TrackMessageSize=true&Content-Type=charset%3Dutf-8&X-atmo-protocol=true&_=1765936978345 HTTP/1.1" 200 -
119.136.155.219 - - [17/Dec/2025:09:58:54 +0800] "GET /InternetTrading/longpoll/51803?X-Atmosphere-tracking-id=0&X-Atmosphere-Framework=2.2.3-javascript&X-Atmosphere-Transport=long-polling&X-Atmosphere-TrackMessageSize=true&Content-Type=charset%3Dutf-8&X-atmo-protocol=true&_=1765936981370 HTTP/1.1" 200 -
58.152.215.40 - - [17/Dec/2025:09:58:55 +0800] "GET /InternetTrading/longpoll/55136?X-Atmosphere-tracking-id=0&X-Atmosphere-Framework=2.2.3-javascript&X-Atmosphere-Transport=long-polling&X-Atmosphere-TrackMessageSize=true&Content-Type=charset%3Dutf-8&X-atmo-protocol=true&_=1765936978079 HTTP/1.1" 200 -
119.34.176.224 - - [17/Dec/2025:09:58:55 +0800] "GET /InternetTrading/longpoll/13979?X-Atmosphere-tracking-id=0&X-Atmosphere-Framework=2.2.3-javascript&X-Atmosphere-Transport=long-polling&X-Atmosphere-TrackMessageSize=true&Content-Type=charset%3Dutf-8&X-atmo-protocol=true&_=1765936977558 HTTP/1.1" 200 -
119.34.176.224 - - [17/Dec/2025:09:58:56 +0800] "POST /InternetTrading/SessionErrorLogger HTTP/1.1" 200 117
119.34.176.224 - - [17/Dec/2025:09:58:56 +0800] "POST /InternetTrading/Heartbeat HTTP/1.1" 200 32
61.239.100.147 - - [17/Dec/2025:09:58:58 +0800] "GET /InternetTrading/longpoll/13925?X-Atmosphere-tracking-id=0&X-Atmosphere-Framework=2.2.3-javascript&X-Atmosphere-Transport=long-polling&X-Atmosphere-TrackMessageSize=true&Content-Type=charset%3Dutf-8&X-atmo-protocol=true&_=1765936981447 HTTP/1.1" 200 -
14.0.224.36 - - [17/Dec/2025:09:58:58 +0800] "GET /InternetTrading/longpoll/A8127?X-Atmosphere-tracking-id=0&X-Atmosphere-Framework=2.2.3-javascript&X-Atmosphere-Transport=long-polling&X-Atmosphere-TrackMessageSize=true&Content-Type=charset%3Dutf-8&X-atmo-protocol=true&_=1765936983423 HTTP/1.1" 200 -
119.136.155.219 - - [17/Dec/2025:09:58:59 +0800] "GET /InternetTrading/longpoll/51803?X-Atmosphere-tracking-id=0&X-Atmosphere-Framework=2.2.3-javascript&X-Atmosphere-Transport=long-polling&X-Atmosphere-TrackMessageSize=true&Content-Type=charset%3Dutf-8&X-atmo-protocol=true&_=1765936986437 HTTP/1.1" 200 -
58.152.215.40 - - [17/Dec/2025:09:59:00 +0800] "GET /InternetTrading/longpoll/55136?X-Atmosphere-tracking-id=0&X-Atmosphere-Framework=2.2.3-javascript&X-Atmosphere-Transport=long-polling&X-Atmosphere-TrackMessageSize=true&Content-Type=charset%3Dutf-8&X-atmo-protocol=true&_=1765936983130 HTTP/1.1" 200 -
119.34.176.224 - - [17/Dec/2025:09:59:01 +0800] "GET /InternetTrading/longpoll/13979?X-Atmosphere-tracking-id=0&X-Atmosphere-Framework=2.2.3-javascript&X-Atmosphere-Transport=long-polling&X-Atmosphere-TrackMessageSize=true&Content-Type=charset%3Dutf-8&X-atmo-protocol=true&_=1765936985921 HTTP/1.1" 200 -
14.0.224.36 - - [17/Dec/2025:09:59:03 +0800] "GET /InternetTrading/longpoll/A8127?X-Atmosphere-tracking-id=0&X-Atmosphere-Framework=2.2.3-javascript&X-Atmosphere-Transport=long-polling&X-Atmosphere-TrackMessageSize=true&Content-Type=charset%3Dutf-8&X-atmo-protocol=true&_=1765936988647 HTTP/1.1" 200 -
119.136.155.219 - - [17/Dec/2025:09:59:04 +0800] "GET /InternetTrading/longpoll/51803?X-Atmosphere-tracking-id=0&X-Atmosphere-Framework=2.2.3-javascript&X-Atmosphere-Transport=long-polling&X-Atmosphere-TrackMessageSize=true&Content-Type=charset%3Dutf-8&X-atmo-protocol=true&_=1765936991500 HTTP/1.1" 200 -
61.239.100.147 - - [17/Dec/2025:09:59:04 +0800] "GET /InternetTrading/longpoll/13925?X-Atmosphere-tracking-id=0&X-Atmosphere-Framework=2.2.3-javascript&X-Atmosphere-Transport=long-polling&X-Atmosphere-TrackMessageSize=true&Content-Type=charset%3Dutf-8&X-atmo-protocol=true&_=1765936987451 HTTP/1.1" 200 -
58.152.215.40 - - [17/Dec/2025:09:59:05 +0800] "GET /InternetTrading/longpoll/55136?X-Atmosphere-tracking-id=0&X-Atmosphere-Framework=2.2.3-javascript&X-Atmosphere-Transport=long-polling&X-Atmosphere-TrackMessageSize=true&Content-Type=charset%3Dutf-8&X-atmo-protocol=true&_=1765936988174 HTTP/1.1" 200 -
119.34.176.224 - - [17/Dec/2025:09:59:06 +0800] "POST /InternetTrading/SessionErrorLogger HTTP/1.1" 200 117
119.34.176.224 - - [17/Dec/2025:09:59:06 +0800] "POST /InternetTrading/MarketStatus HTTP/1.1" 200 772
119.34.176.224 - - [17/Dec/2025:09:59:06 +0800] "GET /InternetTrading/longpoll/13979?X-Atmosphere-tracking-id=0&X-Atmosphere-Framework=2.2.3-javascript&X-Atmosphere-Transport=long-polling&X-Atmosphere-TrackMessageSize=true&Content-Type=charset%3Dutf-8&X-atmo-protocol=true&_=1765936991891 HTTP/1.1" 200 -
119.136.155.219 - - [17/Dec/2025:09:59:06 +0800] "POST /InternetTrading/SessionErrorLogger HTTP/1.1" 200 117
119.136.155.219 - - [17/Dec/2025:09:59:06 +0800] "POST /InternetTrading/Heartbeat HTTP/1.1" 200 32
119.136.155.219 - - [17/Dec/2025:09:59:06 +0800] "POST /InternetTrading/SessionErrorLogger HTTP/1.1" 200 117
119.136.155.219 - - [17/Dec/2025:09:59:06 +0800] "POST /InternetTrading/MarketStatus HTTP/1.1" 200 772
14.0.224.36 - - [17/Dec/2025:09:59:08 +0800] "GET /InternetTrading/longpoll/A8127?X-Atmosphere-tracking-id=0&X-Atmosphere-Framework=2.2.3-javascript&X-Atmosphere-Transport=long-polling&X-Atmosphere-TrackMessageSize=true&Content-Type=charset%3Dutf-8&X-atmo-protocol=true&_=1765936993831 HTTP/1.1" 200 -
119.136.155.219 - - [17/Dec/2025:09:59:09 +0800] "GET /InternetTrading/longpoll/51803?X-Atmosphere-tracking-id=0&X-Atmosphere-Framework=2.2.3-javascript&X-Atmosphere-Transport=long-polling&X-Atmosphere-TrackMessageSize=true&Content-Type=charset%3Dutf-8&X-atmo-protocol=true&_=1765936996571 HTTP/1.1" 200 -
58.152.215.40 - - [17/Dec/2025:09:59:10 +0800] "GET /InternetTrading/longpoll/55136?X-Atmosphere-tracking-id=0&X-Atmosphere-Framework=2.2.3-javascript&X-Atmosphere-Transport=long-polling&X-Atmosphere-TrackMessageSize=true&Content-Type=charset%3Dutf-8&X-atmo-protocol=true&_=1765936993209 HTTP/1.1" 200 -
61.239.100.147 - - [17/Dec/2025:09:59:10 +0800] "GET /InternetTrading/longpoll/13925?X-Atmosphere-tracking-id=0&X-Atmosphere-Framework=2.2.3-javascript&X-Atmosphere-Transport=long-polling&X-Atmosphere-TrackMessageSize=true&Content-Type=charset%3Dutf-8&X-atmo-protocol=true&_=1765936993455 HTTP/1.1" 200 -
119.34.176.224 - - [17/Dec/2025:09:59:11 +0800] "GET /InternetTrading/longpoll/13979?X-Atmosphere-tracking-id=0&X-Atmosphere-Framework=2.2.3-javascript&X-Atmosphere-Transport=long-polling&X-Atmosphere-TrackMessageSize=true&Content-Type=charset%3Dutf-8&X-atmo-protocol=true&_=1765936996920 HTTP/1.1" 200 -
58.152.215.40 - - [17/Dec/2025:09:59:12 +0800] "POST /InternetTrading/SessionErrorLogger HTTP/1.1" 200 117
58.152.215.40 - - [17/Dec/2025:09:59:12 +0800] "POST /InternetTrading/Heartbeat HTTP/1.1" 200 32
58.152.215.40 - - [17/Dec/2025:09:59:12 +0800] "POST /InternetTrading/SessionErrorLogger HTTP/1.1" 200 117
58.152.215.40 - - [17/Dec/2025:09:59:12 +0800] "POST /InternetTrading/MarketStatus HTTP/1.1" 200 772
14.0.224.36 - - [17/Dec/2025:09:59:14 +0800] "GET /InternetTrading/longpoll/A8127?X-Atmosphere-tracking-id=0&X-Atmosphere-Framework=2.2.3-javascript&X-Atmosphere-Transport=long-polling&X-Atmosphere-TrackMessageSize=true&Content-Type=charset%3Dutf-8&X-atmo-protocol=true&_=1765936998999 HTTP/1.1" 200 -
119.136.155.219 - - [17/Dec/2025:09:59:14 +0800] "GET /InternetTrading/longpoll/51803?X-Atmosphere-tracking-id=0&X-Atmosphere-Framework=2.2.3-javascript&X-Atmosphere-Transport=long-polling&X-Atmosphere-TrackMessageSize=true&Content-Type=charset%3Dutf-8&X-atmo-protocol=true&_=1765937001598 HTTP/1.1" 200 -
58.152.215.40 - - [17/Dec/2025:09:59:15 +0800] "GET /InternetTrading/longpoll/55136?X-Atmosphere-tracking-id=0&X-Atmosphere-Framework=2.2.3-javascript&X-Atmosphere-Transport=long-polling&X-Atmosphere-TrackMessageSize=true&Content-Type=charset%3Dutf-8&X-atmo-protocol=true&_=1765936998259 HTTP/1.1" 200 -
61.239.100.147 - - [17/Dec/2025:09:59:16 +0800] "GET /InternetTrading/longpoll/13925?X-Atmosphere-tracking-id=0&X-Atmosphere-Framework=2.2.3-javascript&X-Atmosphere-Transport=long-polling&X-Atmosphere-TrackMessageSize=true&Content-Type=charset%3Dutf-8&X-atmo-protocol=true&_=1765936999453 HTTP/1.1" 200 -
119.34.176.224 - - [17/Dec/2025:09:59:16 +0800] "GET /InternetTrading/longpoll/13979?X-Atmosphere-tracking-id=0&X-Atmosphere-Framework=2.2.3-javascript&X-Atmosphere-Transport=long-polling&X-Atmosphere-TrackMessageSize=true&Content-Type=charset%3Dutf-8&X-atmo-protocol=true&_=1765937002020 HTTP/1.1" 200 -
