61.239.100.147 - - [17/Dec/2025:09:30:31 +0800] "GET /InternetTrading/longpoll/13925?X-Atmosphere-tracking-id=0&X-Atmosphere-Framework=2.2.3-javascript&X-Atmosphere-Transport=long-polling&X-Atmosphere-TrackMessageSize=true&Content-Type=charset%3Dutf-8&X-atmo-protocol=true&_=1765935274451 HTTP/1.1" 200 -
113.196.56.150 - - [17/Dec/2025:09:30:31 +0800] "GET /include/os.h HTTP/1.1" 200 4604
113.196.56.150 - - [17/Dec/2025:09:30:31 +0800] "GET /include/apr_ldap_init.h HTTP/1.1" 200 5945
113.196.56.150 - - [17/Dec/2025:09:30:31 +0800] "GET /include/http_vhost.h HTTP/1.1" 200 4725
113.196.56.150 - - [17/Dec/2025:09:30:31 +0800] "GET /include/ap_regex.h HTTP/1.1" 200 11701
113.196.56.150 - - [17/Dec/2025:09:30:31 +0800] "GET /include/apr_signal.h HTTP/1.1" 200 2870
113.196.56.150 - - [17/Dec/2025:09:30:31 +0800] "GET /include/apr_general.h HTTP/1.1" 200 7538
113.196.56.150 - - [17/Dec/2025:09:30:31 +0800] "GET /include/mod_rewrite.h HTTP/1.1" 200 1439
113.196.56.150 - - [17/Dec/2025:09:30:32 +0800] "GET /include/mod_dbd.h HTTP/1.1" 200 4277
113.196.56.150 - - [17/Dec/2025:09:30:32 +0800] "GET /include/apr_perms_set.h HTTP/1.1" 200 1974
121.204.201.197 - - [17/Dec/2025:09:30:32 +0800] "POST /InternetTrading/SessionErrorLogger HTTP/1.1" 200 117
121.204.201.197 - - [17/Dec/2025:09:30:32 +0800] "POST /InternetTrading/Heartbeat HTTP/1.1" 200 32
113.196.56.150 - - [17/Dec/2025:09:30:32 +0800] "GET /include/mod_request.h HTTP/1.1" 200 1692
113.196.56.150 - - [17/Dec/2025:09:30:32 +0800] "GET /include/zconf.h HTTP/1.1" 200 17043
121.204.201.197 - - [17/Dec/2025:09:30:32 +0800] "POST /InternetTrading/SessionErrorLogger HTTP/1.1" 200 117
121.204.201.197 - - [17/Dec/2025:09:30:32 +0800] "POST /InternetTrading/MarketStatus HTTP/1.1" 200 772
121.204.201.197 - - [17/Dec/2025:09:30:32 +0800] "GET /InternetTrading/longpoll/55955?X-Atmosphere-tracking-id=0&X-Atmosphere-Framework=2.2.3-javascript&X-Atmosphere-Transport=long-polling&X-Atmosphere-TrackMessageSize=true&Content-Type=charset%3Dutf-8&X-atmo-protocol=true&_=1765935275623 HTTP/1.1" 200 -
113.196.56.150 - - [17/Dec/2025:09:30:32 +0800] "GET /include/apr_strings.h HTTP/1.1" 200 15277
113.196.56.150 - - [17/Dec/2025:09:30:32 +0800] "GET /include/mod_ssl.h HTTP/1.1" 200 5109
119.136.155.219 - - [17/Dec/2025:09:30:33 +0800] "GET /InternetTrading/longpoll/51803?X-Atmosphere-tracking-id=0&X-Atmosphere-Framework=2.2.3-javascript&X-Atmosphere-Transport=long-polling&X-Atmosphere-TrackMessageSize=true&Content-Type=charset%3Dutf-8&X-atmo-protocol=true&_=1765935280443 HTTP/1.1" 200 -
113.196.56.150 - - [17/Dec/2025:09:30:33 +0800] "GET /include/mod_so.h HTTP/1.1" 200 1264
113.196.56.150 - - [17/Dec/2025:09:30:33 +0800] "GET /include/apr_thread_proc.h HTTP/1.1" 200 36973
113.196.56.150 - - [17/Dec/2025:09:30:33 +0800] "GET /include/apr_thread_rwlock.h HTTP/1.1" 200 4895
113.196.56.150 - - [17/Dec/2025:09:30:33 +0800] "GET /include/http_main.h HTTP/1.1" 200 3333
14.0.224.36 - - [17/Dec/2025:09:30:34 +0800] "GET /InternetTrading/longpoll/A8127?X-Atmosphere-tracking-id=0&X-Atmosphere-Framework=2.2.3-javascript&X-Atmosphere-Transport=long-polling&X-Atmosphere-TrackMessageSize=true&Content-Type=charset%3Dutf-8&X-atmo-protocol=true&_=1765935279038 HTTP/1.1" 200 -
113.196.56.150 - - [17/Dec/2025:09:30:34 +0800] "GET /include/util_time.h HTTP/1.1" 200 4318
113.196.56.150 - - [17/Dec/2025:09:30:34 +0800] "GET /include/apr_buckets.h HTTP/1.1" 200 66261
58.152.215.40 - - [17/Dec/2025:09:30:34 +0800] "GET /InternetTrading/longpoll/55136?X-Atmosphere-tracking-id=0&X-Atmosphere-Framework=2.2.3-javascript&X-Atmosphere-Transport=long-polling&X-Atmosphere-TrackMessageSize=true&Content-Type=charset%3Dutf-8&X-atmo-protocol=true&_=1765935277527 HTTP/1.1" 200 -
113.196.56.150 - - [17/Dec/2025:09:30:34 +0800] "GET /include/apr_dso.h HTTP/1.1" 200 2794
119.34.176.224 - - [17/Dec/2025:09:30:34 +0800] "GET /InternetTrading/longpoll/13979?X-Atmosphere-tracking-id=0&X-Atmosphere-Framework=2.2.3-javascript&X-Atmosphere-Transport=long-polling&X-Atmosphere-TrackMessageSize=true&Content-Type=charset%3Dutf-8&X-atmo-protocol=true&_=1765935279747 HTTP/1.1" 200 -
113.196.56.150 - - [17/Dec/2025:09:30:34 +0800] "GET /include/apr_ldap_url.h HTTP/1.1" 200 3919
113.196.56.150 - - [17/Dec/2025:09:30:34 +0800] "GET /include/apu_want.h HTTP/1.1" 200 1591
113.196.56.150 - - [17/Dec/2025:09:30:34 +0800] "GET /include/apache_noprobes.h HTTP/1.1" 200 16312
113.196.56.150 - - [17/Dec/2025:09:30:35 +0800] "GET /include/util_md5.h HTTP/1.1" 200 2239
113.196.56.150 - - [17/Dec/2025:09:30:35 +0800] "GET /include/apr_strmatch.h HTTP/1.1" 200 2758
113.196.56.150 - - [17/Dec/2025:09:30:35 +0800] "GET /include/apr_proc_mutex.h HTTP/1.1" 200 7204
113.196.56.150 - - [17/Dec/2025:09:30:35 +0800] "GET /include/apr_file_io.h HTTP/1.1" 200 44142
113.196.56.150 - - [17/Dec/2025:09:30:36 +0800] "GET /include/util_varbuf.h HTTP/1.1" 200 8483
113.196.56.150 - - [17/Dec/2025:09:30:36 +0800] "GET /include/apr_anylock.h HTTP/1.1" 200 5178
113.196.56.150 - - [17/Dec/2025:09:30:37 +0800] "GET /include/apr_global_mutex.h HTTP/1.1" 200 7556
113.196.56.150 - - [17/Dec/2025:09:30:37 +0800] "GET /include/apr_random.h HTTP/1.1" 200 5189
113.196.56.150 - - [17/Dec/2025:09:30:37 +0800] "GET /include/zlib.h HTTP/1.1" 200 98767
113.196.56.150 - - [17/Dec/2025:09:30:37 +0800] "GET /include/apr_skiplist.h HTTP/1.1" 200 14914
61.239.100.147 - - [17/Dec/2025:09:30:37 +0800] "GET /InternetTrading/longpoll/13925?X-Atmosphere-tracking-id=0&X-Atmosphere-Framework=2.2.3-javascript&X-Atmosphere-Transport=long-polling&X-Atmosphere-TrackMessageSize=true&Content-Type=charset%3Dutf-8&X-atmo-protocol=true&_=1765935280451 HTTP/1.1" 200 -
113.196.56.150 - - [17/Dec/2025:09:30:37 +0800] "GET /include/http_log.h HTTP/1.1" 200 37707
113.196.56.150 - - [17/Dec/2025:09:30:37 +0800] "GET /include/apr_md5.h HTTP/1.1" 200 6526
113.196.56.150 - - [17/Dec/2025:09:30:37 +0800] "GET /include/apr.h HTTP/1.1" 200 18714
121.204.201.197 - - [17/Dec/2025:09:30:37 +0800] "GET /InternetTrading/longpoll/55955?X-Atmosphere-tracking-id=0&X-Atmosphere-Framework=2.2.3-javascript&X-Atmosphere-Transport=long-polling&X-Atmosphere-TrackMessageSize=true&Content-Type=charset%3Dutf-8&X-atmo-protocol=true&_=1765935280784 HTTP/1.1" 200 -
119.136.155.219 - - [17/Dec/2025:09:30:38 +0800] "GET /InternetTrading/longpoll/51803?X-Atmosphere-tracking-id=0&X-Atmosphere-Framework=2.2.3-javascript&X-Atmosphere-Transport=long-polling&X-Atmosphere-TrackMessageSize=true&Content-Type=charset%3Dutf-8&X-atmo-protocol=true&_=1765935285513 HTTP/1.1" 200 -
113.196.56.150 - - [17/Dec/2025:09:30:38 +0800] "GET /lib/ HTTP/1.1" 200 4338
113.196.56.150 - - [17/Dec/2025:09:30:38 +0800] "GET /lib/libapr-1.exp HTTP/1.1" 200 73135
14.0.224.36 - - [17/Dec/2025:09:30:39 +0800] "GET /InternetTrading/longpoll/A8127?X-Atmosphere-tracking-id=0&X-Atmosphere-Framework=2.2.3-javascript&X-Atmosphere-Transport=long-polling&X-Atmosphere-TrackMessageSize=true&Content-Type=charset%3Dutf-8&X-atmo-protocol=true&_=1765935284270 HTTP/1.1" 200 -
58.152.215.40 - - [17/Dec/2025:09:30:39 +0800] "GET /InternetTrading/longpoll/55136?X-Atmosphere-tracking-id=0&X-Atmosphere-Framework=2.2.3-javascript&X-Atmosphere-Transport=long-polling&X-Atmosphere-TrackMessageSize=true&Content-Type=charset%3Dutf-8&X-atmo-protocol=true&_=1765935282568 HTTP/1.1" 200 -
119.34.176.224 - - [17/Dec/2025:09:30:39 +0800] "GET /InternetTrading/longpoll/13979?X-Atmosphere-tracking-id=0&X-Atmosphere-Framework=2.2.3-javascript&X-Atmosphere-Transport=long-polling&X-Atmosphere-TrackMessageSize=true&Content-Type=charset%3Dutf-8&X-atmo-protocol=true&_=1765935284837 HTTP/1.1" 200 -
119.136.155.219 - - [17/Dec/2025:09:30:40 +0800] "POST /InternetTrading/SessionErrorLogger HTTP/1.1" 200 117
119.136.155.219 - - [17/Dec/2025:09:30:40 +0800] "POST /InternetTrading/Heartbeat HTTP/1.1" 200 32
119.136.155.219 - - [17/Dec/2025:09:30:40 +0800] "POST /InternetTrading/SessionErrorLogger HTTP/1.1" 200 117
119.136.155.219 - - [17/Dec/2025:09:30:41 +0800] "POST /InternetTrading/MarketStatus HTTP/1.1" 200 772
58.152.215.40 - - [17/Dec/2025:09:30:41 +0800] "POST /InternetTrading/SessionErrorLogger HTTP/1.1" 200 117
58.152.215.40 - - [17/Dec/2025:09:30:41 +0800] "POST /InternetTrading/Heartbeat HTTP/1.1" 200 32
58.152.215.40 - - [17/Dec/2025:09:30:41 +0800] "POST /InternetTrading/SessionErrorLogger HTTP/1.1" 200 117
58.152.215.40 - - [17/Dec/2025:09:30:41 +0800] "POST /InternetTrading/MarketStatus HTTP/1.1" 200 772
113.196.56.150 - - [17/Dec/2025:09:30:42 +0800] "GET /lib/libaprutil-1.exp HTTP/1.1" 200 45666
121.204.201.197 - - [17/Dec/2025:09:30:43 +0800] "GET /InternetTrading/longpoll/55955?X-Atmosphere-tracking-id=0&X-Atmosphere-Framework=2.2.3-javascript&X-Atmosphere-Transport=long-polling&X-Atmosphere-TrackMessageSize=true&Content-Type=charset%3Dutf-8&X-atmo-protocol=true&_=1765935285864 HTTP/1.1" 200 -
119.136.155.219 - - [17/Dec/2025:09:30:43 +0800] "GET /InternetTrading/longpoll/51803?X-Atmosphere-tracking-id=0&X-Atmosphere-Framework=2.2.3-javascript&X-Atmosphere-Transport=long-polling&X-Atmosphere-TrackMessageSize=true&Content-Type=charset%3Dutf-8&X-atmo-protocol=true&_=1765935290592 HTTP/1.1" 200 -
61.239.100.147 - - [17/Dec/2025:09:30:43 +0800] "GET /InternetTrading/longpoll/13925?X-Atmosphere-tracking-id=0&X-Atmosphere-Framework=2.2.3-javascript&X-Atmosphere-Transport=long-polling&X-Atmosphere-TrackMessageSize=true&Content-Type=charset%3Dutf-8&X-atmo-protocol=true&_=1765935286443 HTTP/1.1" 200 -
119.34.176.224 - - [17/Dec/2025:09:30:44 +0800] "POST /InternetTrading/SessionErrorLogger HTTP/1.1" 200 117
119.34.176.224 - - [17/Dec/2025:09:30:44 +0800] "POST /InternetTrading/Heartbeat HTTP/1.1" 200 32
14.0.224.36 - - [17/Dec/2025:09:30:44 +0800] "GET /InternetTrading/longpoll/A8127?X-Atmosphere-tracking-id=0&X-Atmosphere-Framework=2.2.3-javascript&X-Atmosphere-Transport=long-polling&X-Atmosphere-TrackMessageSize=true&Content-Type=charset%3Dutf-8&X-atmo-protocol=true&_=1765935289532 HTTP/1.1" 200 -
58.152.215.40 - - [17/Dec/2025:09:30:44 +0800] "GET /InternetTrading/longpoll/55136?X-Atmosphere-tracking-id=0&X-Atmosphere-Framework=2.2.3-javascript&X-Atmosphere-Transport=long-polling&X-Atmosphere-TrackMessageSize=true&Content-Type=charset%3Dutf-8&X-atmo-protocol=true&_=1765935287616 HTTP/1.1" 200 -
119.34.176.224 - - [17/Dec/2025:09:30:44 +0800] "GET /InternetTrading/longpoll/13979?X-Atmosphere-tracking-id=0&X-Atmosphere-Framework=2.2.3-javascript&X-Atmosphere-Transport=long-polling&X-Atmosphere-TrackMessageSize=true&Content-Type=charset%3Dutf-8&X-atmo-protocol=true&_=1765935289928 HTTP/1.1" 200 -
113.196.56.150 - - [17/Dec/2025:09:30:44 +0800] "GET /lib/zlib.pdb HTTP/1.1" 200 94208
113.196.56.150 - - [17/Dec/2025:09:30:45 +0800] "GET /lib/libapr-1.lib HTTP/1.1" 200 121362
113.196.56.150 - - [17/Dec/2025:09:30:45 +0800] "GET /lib/libapriconv-1.lib HTTP/1.1" 200 7404
113.196.56.150 - - [17/Dec/2025:09:30:45 +0800] "GET /lib/libhttpd.exp HTTP/1.1" 200 108526
113.196.56.150 - - [17/Dec/2025:09:30:45 +0800] "GET /lib/libaprutil-1.lib HTTP/1.1" 200 76656
113.196.56.150 - - [17/Dec/2025:09:30:45 +0800] "GET /lib/zlib.lib HTTP/1.1" 200 402520
113.196.56.150 - - [17/Dec/2025:09:30:45 +0800] "GET /lib/libhttpd.lib HTTP/1.1" 200 177604
113.196.56.150 - - [17/Dec/2025:09:30:45 +0800] "GET /lib/mod_dav.exp HTTP/1.1" 200 14512
113.196.56.150 - - [17/Dec/2025:09:30:45 +0800] "GET /lib/libapriconv-1.exp HTTP/1.1" 200 3994
113.196.56.150 - - [17/Dec/2025:09:30:45 +0800] "GET /lib/aprutil-1.lib HTTP/1.1" 200 1860826
113.196.56.150 - - [17/Dec/2025:09:30:45 +0800] "GET /lib/xml.lib HTTP/1.1" 200 912688
113.196.56.150 - - [17/Dec/2025:09:30:45 +0800] "GET /lib/mod_dav.lib HTTP/1.1" 200 24318
113.196.56.150 - - [17/Dec/2025:09:30:45 +0800] "GET /lib/xml.pdb HTTP/1.1" 200 126976
113.196.56.150 - - [17/Dec/2025:09:30:45 +0800] "GET /lib/mod_proxy.lib HTTP/1.1" 200 25110
113.196.56.150 - - [17/Dec/2025:09:30:45 +0800] "GET /lib/apr-1.lib HTTP/1.1" 200 3106430
14.0.224.36 - - [17/Dec/2025:09:30:46 +0800] "POST /InternetTrading/SessionErrorLogger HTTP/1.1" 200 117
14.0.224.36 - - [17/Dec/2025:09:30:46 +0800] "POST /InternetTrading/Heartbeat HTTP/1.1" 200 32
119.34.176.224 - - [17/Dec/2025:09:30:46 +0800] "POST /InternetTrading/SessionErrorLogger HTTP/1.1" 200 117
113.196.56.150 - - [17/Dec/2025:09:30:46 +0800] "GET /manual/ HTTP/1.1" 200 884
113.196.56.150 - - [17/Dec/2025:09:30:46 +0800] "GET /manual/docs.txt HTTP/1.1" 200 41
119.34.176.224 - - [17/Dec/2025:09:30:46 +0800] "POST /InternetTrading/MarketStatus HTTP/1.1" 200 772
113.196.56.150 - - [17/Dec/2025:09:30:47 +0800] "GET /bin/ HTTP/1.1" 200 7805
113.196.56.150 - - [17/Dec/2025:09:30:47 +0800] "GET /bin/libcurl.dll HTTP/1.1" 200 600064
121.204.201.197 - - [17/Dec/2025:09:30:48 +0800] "GET /InternetTrading/longpoll/55955?X-Atmosphere-tracking-id=0&X-Atmosphere-Framework=2.2.3-javascript&X-Atmosphere-Transport=long-polling&X-Atmosphere-TrackMessageSize=true&Content-Type=charset%3Dutf-8&X-atmo-protocol=true&_=1765935291087 HTTP/1.1" 200 -
119.136.155.219 - - [17/Dec/2025:09:30:48 +0800] "GET /InternetTrading/longpoll/51803?X-Atmosphere-tracking-id=0&X-Atmosphere-Framework=2.2.3-javascript&X-Atmosphere-Transport=long-polling&X-Atmosphere-TrackMessageSize=true&Content-Type=charset%3Dutf-8&X-atmo-protocol=true&_=1765935295620 HTTP/1.1" 200 -
61.239.100.147 - - [17/Dec/2025:09:30:49 +0800] "POST /InternetTrading/SessionErrorLogger HTTP/1.1" 200 117
61.239.100.147 - - [17/Dec/2025:09:30:49 +0800] "POST /InternetTrading/MarketStatus HTTP/1.1" 200 772
61.239.100.147 - - [17/Dec/2025:09:30:49 +0800] "POST /InternetTrading/SessionErrorLogger HTTP/1.1" 200 117
61.239.100.147 - - [17/Dec/2025:09:30:49 +0800] "GET /InternetTrading/longpoll/13925?X-Atmosphere-tracking-id=0&X-Atmosphere-Framework=2.2.3-javascript&X-Atmosphere-Transport=long-polling&X-Atmosphere-TrackMessageSize=true&Content-Type=charset%3Dutf-8&X-atmo-protocol=true&_=1765935292502 HTTP/1.1" 200 -
61.239.100.147 - - [17/Dec/2025:09:30:49 +0800] "POST /InternetTrading/Heartbeat HTTP/1.1" 200 32
58.152.215.40 - - [17/Dec/2025:09:30:49 +0800] "GET /InternetTrading/longpoll/55136?X-Atmosphere-tracking-id=0&X-Atmosphere-Framework=2.2.3-javascript&X-Atmosphere-Transport=long-polling&X-Atmosphere-TrackMessageSize=true&Content-Type=charset%3Dutf-8&X-atmo-protocol=true&_=1765935292640 HTTP/1.1" 200 -
14.0.224.36 - - [17/Dec/2025:09:30:49 +0800] "GET /InternetTrading/longpoll/A8127?X-Atmosphere-tracking-id=0&X-Atmosphere-Framework=2.2.3-javascript&X-Atmosphere-Transport=long-polling&X-Atmosphere-TrackMessageSize=true&Content-Type=charset%3Dutf-8&X-atmo-protocol=true&_=1765935294734 HTTP/1.1" 200 -
119.34.176.224 - - [17/Dec/2025:09:30:50 +0800] "GET /InternetTrading/longpoll/13979?X-Atmosphere-tracking-id=0&X-Atmosphere-Framework=2.2.3-javascript&X-Atmosphere-Transport=long-polling&X-Atmosphere-TrackMessageSize=true&Content-Type=charset%3Dutf-8&X-atmo-protocol=true&_=1765935294960 HTTP/1.1" 200 -
14.0.224.36 - - [17/Dec/2025:09:30:51 +0800] "POST /InternetTrading/SessionErrorLogger HTTP/1.1" 200 117
14.0.224.36 - - [17/Dec/2025:09:30:51 +0800] "POST /InternetTrading/MarketStatus HTTP/1.1" 200 772
121.204.201.197 - - [17/Dec/2025:09:30:53 +0800] "GET /InternetTrading/longpoll/55955?X-Atmosphere-tracking-id=0&X-Atmosphere-Framework=2.2.3-javascript&X-Atmosphere-Transport=long-polling&X-Atmosphere-TrackMessageSize=true&Content-Type=charset%3Dutf-8&X-atmo-protocol=true&_=1765935296268 HTTP/1.1" 200 -
119.136.155.219 - - [17/Dec/2025:09:30:53 +0800] "GET /InternetTrading/longpoll/51803?X-Atmosphere-tracking-id=0&X-Atmosphere-Framework=2.2.3-javascript&X-Atmosphere-Transport=long-polling&X-Atmosphere-TrackMessageSize=true&Content-Type=charset%3Dutf-8&X-atmo-protocol=true&_=1765935300680 HTTP/1.1" 200 -
58.152.215.40 - - [17/Dec/2025:09:30:54 +0800] "GET /InternetTrading/longpoll/55136?X-Atmosphere-tracking-id=0&X-Atmosphere-Framework=2.2.3-javascript&X-Atmosphere-Transport=long-polling&X-Atmosphere-TrackMessageSize=true&Content-Type=charset%3Dutf-8&X-atmo-protocol=true&_=1765935297685 HTTP/1.1" 200 -
14.0.224.36 - - [17/Dec/2025:09:30:54 +0800] "GET /InternetTrading/longpoll/A8127?X-Atmosphere-tracking-id=0&X-Atmosphere-Framework=2.2.3-javascript&X-Atmosphere-Transport=long-polling&X-Atmosphere-TrackMessageSize=true&Content-Type=charset%3Dutf-8&X-atmo-protocol=true&_=1765935299865 HTTP/1.1" 200 -
119.34.176.224 - - [17/Dec/2025:09:30:55 +0800] "GET /InternetTrading/longpoll/13979?X-Atmosphere-tracking-id=0&X-Atmosphere-Framework=2.2.3-javascript&X-Atmosphere-Transport=long-polling&X-Atmosphere-TrackMessageSize=true&Content-Type=charset%3Dutf-8&X-atmo-protocol=true&_=1765935300348 HTTP/1.1" 200 -
61.239.100.147 - - [17/Dec/2025:09:30:55 +0800] "GET /InternetTrading/longpoll/13925?X-Atmosphere-tracking-id=0&X-Atmosphere-Framework=2.2.3-javascript&X-Atmosphere-Transport=long-polling&X-Atmosphere-TrackMessageSize=true&Content-Type=charset%3Dutf-8&X-atmo-protocol=true&_=1765935298446 HTTP/1.1" 200 -
113.196.56.150 - - [17/Dec/2025:09:30:56 +0800] "GET /bin/libhttpd.dll HTTP/1.1" 200 466944
119.136.155.219 - - [17/Dec/2025:09:30:58 +0800] "GET /InternetTrading/longpoll/51803?X-Atmosphere-tracking-id=0&X-Atmosphere-Framework=2.2.3-javascript&X-Atmosphere-Transport=long-polling&X-Atmosphere-TrackMessageSize=true&Content-Type=charset%3Dutf-8&X-atmo-protocol=true&_=1765935305732 HTTP/1.1" 200 -
121.204.201.197 - - [17/Dec/2025:09:30:58 +0800] "GET /InternetTrading/longpoll/55955?X-Atmosphere-tracking-id=0&X-Atmosphere-Framework=2.2.3-javascript&X-Atmosphere-Transport=long-polling&X-Atmosphere-TrackMessageSize=true&Content-Type=charset%3Dutf-8&X-atmo-protocol=true&_=1765935301477 HTTP/1.1" 200 -
58.152.215.40 - - [17/Dec/2025:09:30:59 +0800] "GET /InternetTrading/longpoll/55136?X-Atmosphere-tracking-id=0&X-Atmosphere-Framework=2.2.3-javascript&X-Atmosphere-Transport=long-polling&X-Atmosphere-TrackMessageSize=true&Content-Type=charset%3Dutf-8&X-atmo-protocol=true&_=1765935302738 HTTP/1.1" 200 -
14.0.224.36 - - [17/Dec/2025:09:30:59 +0800] "GET /InternetTrading/longpoll/A8127?X-Atmosphere-tracking-id=0&X-Atmosphere-Framework=2.2.3-javascript&X-Atmosphere-Transport=long-polling&X-Atmosphere-TrackMessageSize=true&Content-Type=charset%3Dutf-8&X-atmo-protocol=true&_=1765935304942 HTTP/1.1" 200 -
119.34.176.224 - - [17/Dec/2025:09:31:00 +0800] "GET /InternetTrading/longpoll/13979?X-Atmosphere-tracking-id=0&X-Atmosphere-Framework=2.2.3-javascript&X-Atmosphere-Transport=long-polling&X-Atmosphere-TrackMessageSize=true&Content-Type=charset%3Dutf-8&X-atmo-protocol=true&_=1765935305441 HTTP/1.1" 200 -
61.239.100.147 - - [17/Dec/2025:09:31:01 +0800] "GET /InternetTrading/longpoll/13925?X-Atmosphere-tracking-id=0&X-Atmosphere-Framework=2.2.3-javascript&X-Atmosphere-Transport=long-polling&X-Atmosphere-TrackMessageSize=true&Content-Type=charset%3Dutf-8&X-atmo-protocol=true&_=1765935304455 HTTP/1.1" 200 -
113.196.56.150 - - [17/Dec/2025:09:31:01 +0800] "GET /bin/ab.exe HTTP/1.1" 200 99840
121.204.201.197 - - [17/Dec/2025:09:31:02 +0800] "POST /InternetTrading/SessionErrorLogger HTTP/1.1" 200 117
121.204.201.197 - - [17/Dec/2025:09:31:02 +0800] "POST /InternetTrading/Heartbeat HTTP/1.1" 200 32
121.204.201.197 - - [17/Dec/2025:09:31:02 +0800] "POST /InternetTrading/SessionErrorLogger HTTP/1.1" 200 117
121.204.201.197 - - [17/Dec/2025:09:31:02 +0800] "POST /InternetTrading/MarketStatus HTTP/1.1" 200 772
119.136.155.219 - - [17/Dec/2025:09:31:03 +0800] "GET /InternetTrading/longpoll/51803?X-Atmosphere-tracking-id=0&X-Atmosphere-Framework=2.2.3-javascript&X-Atmosphere-Transport=long-polling&X-Atmosphere-TrackMessageSize=true&Content-Type=charset%3Dutf-8&X-atmo-protocol=true&_=1765935310794 HTTP/1.1" 200 -
121.204.201.197 - - [17/Dec/2025:09:31:03 +0800] "GET /InternetTrading/longpoll/55955?X-Atmosphere-tracking-id=0&X-Atmosphere-Framework=2.2.3-javascript&X-Atmosphere-Transport=long-polling&X-Atmosphere-TrackMessageSize=true&Content-Type=charset%3Dutf-8&X-atmo-protocol=true&_=1765935306622 HTTP/1.1" 200 -
113.196.56.150 - - [17/Dec/2025:09:31:04 +0800] "GET /bin/apr_crypto_openssl-1.dll HTTP/1.1" 200 19456
58.152.215.40 - - [17/Dec/2025:09:31:04 +0800] "GET /InternetTrading/longpoll/55136?X-Atmosphere-tracking-id=0&X-Atmosphere-Framework=2.2.3-javascript&X-Atmosphere-Transport=long-polling&X-Atmosphere-TrackMessageSize=true&Content-Type=charset%3Dutf-8&X-atmo-protocol=true&_=1765935307776 HTTP/1.1" 200 -
14.0.224.36 - - [17/Dec/2025:09:31:05 +0800] "GET /InternetTrading/longpoll/A8127?X-Atmosphere-tracking-id=0&X-Atmosphere-Framework=2.2.3-javascript&X-Atmosphere-Transport=long-polling&X-Atmosphere-TrackMessageSize=true&Content-Type=charset%3Dutf-8&X-atmo-protocol=true&_=1765935310131 HTTP/1.1" 200 -
119.34.176.224 - - [17/Dec/2025:09:31:05 +0800] "GET /InternetTrading/longpoll/13979?X-Atmosphere-tracking-id=0&X-Atmosphere-Framework=2.2.3-javascript&X-Atmosphere-Transport=long-polling&X-Atmosphere-TrackMessageSize=true&Content-Type=charset%3Dutf-8&X-atmo-protocol=true&_=1765935310533 HTTP/1.1" 200 -
113.196.56.150 - - [17/Dec/2025:09:31:05 +0800] "GET /bin/zlib1.dll HTTP/1.1" 200 90624
113.196.56.150 - - [17/Dec/2025:09:31:05 +0800] "GET /bin/dbmmanage.pl HTTP/1.1" 200 9141
113.196.56.150 - - [17/Dec/2025:09:31:05 +0800] "GET /bin/openssl.exe HTTP/1.1" 200 724992
113.196.56.150 - - [17/Dec/2025:09:31:05 +0800] "GET /bin/apr_dbd_odbc-1.dll HTTP/1.1" 200 31744
113.196.56.150 - - [17/Dec/2025:09:31:05 +0800] "GET /bin/pcre2-8.dll HTTP/1.1" 200 562688
113.196.56.150 - - [17/Dec/2025:09:31:05 +0800] "GET /bin/libcrypto-3-x64.dll HTTP/1.1" 200 6163968
113.196.56.150 - - [17/Dec/2025:09:31:06 +0800] "GET /bin/apr_ldap-1.dll HTTP/1.1" 200 14848
113.196.56.150 - - [17/Dec/2025:09:31:06 +0800] "GET /bin/htdbm.exe HTTP/1.1" 200 125952
113.196.56.150 - - [17/Dec/2025:09:31:06 +0800] "GET /bin/htpasswd.exe HTTP/1.1" 200 121344
113.196.56.150 - - [17/Dec/2025:09:31:06 +0800] "GET /bin/jansson.dll HTTP/1.1" 200 55296
113.196.56.150 - - [17/Dec/2025:09:31:06 +0800] "GET /bin/ApacheMonitor.exe HTTP/1.1" 200 43008
113.196.56.150 - - [17/Dec/2025:09:31:06 +0800] "GET /bin/pcre.dll HTTP/1.1" 200 401920
113.196.56.150 - - [17/Dec/2025:09:31:06 +0800] "GET /bin/libapr-1.dll HTTP/1.1" 200 216576
113.196.56.150 - - [17/Dec/2025:09:31:06 +0800] "GET /bin/httpd.exe HTTP/1.1" 200 31232
113.196.56.150 - - [17/Dec/2025:09:31:06 +0800] "GET /bin/lua54.dll HTTP/1.1" 200 239104
113.196.56.150 - - [17/Dec/2025:09:31:06 +0800] "GET /bin/htdigest.exe HTTP/1.1" 200 86528
113.196.56.150 - - [17/Dec/2025:09:31:06 +0800] "GET /bin/libxml2.dll HTTP/1.1" 200 1260544
113.196.56.150 - - [17/Dec/2025:09:31:06 +0800] "GET /bin/libapriconv-1.dll HTTP/1.1" 200 36864
113.196.56.150 - - [17/Dec/2025:09:31:06 +0800] "GET /bin/abs.exe HTTP/1.1" 200 111104
113.196.56.150 - - [17/Dec/2025:09:31:06 +0800] "GET /bin/httxt2dbm.exe HTTP/1.1" 200 66560
113.196.56.150 - - [17/Dec/2025:09:31:06 +0800] "GET /bin/brotlienc.dll HTTP/1.1" 200 3344384
113.196.56.150 - - [17/Dec/2025:09:31:06 +0800] "GET /bin/nghttp2.dll HTTP/1.1" 200 161280
113.196.56.150 - - [17/Dec/2025:09:31:06 +0800] "GET /bin/htcacheclean.exe HTTP/1.1" 200 102400
113.196.56.150 - - [17/Dec/2025:09:31:06 +0800] "GET /bin/logresolve.exe HTTP/1.1" 200 59392
113.196.56.150 - - [17/Dec/2025:09:31:06 +0800] "GET /bin/rotatelogs.exe HTTP/1.1" 200 79360
113.196.56.150 - - [17/Dec/2025:09:31:06 +0800] "GET /bin/wintty.exe HTTP/1.1" 200 18944
113.196.56.150 - - [17/Dec/2025:09:31:06 +0800] "GET /bin/brotlicommon.dll HTTP/1.1" 200 137216
113.196.56.150 - - [17/Dec/2025:09:31:06 +0800] "GET /bin/libaprutil-1.dll HTTP/1.1" 200 301056
113.196.56.150 - - [17/Dec/2025:09:31:06 +0800] "GET /bin/libssl-3-x64.dll HTTP/1.1" 200 779264
61.239.100.147 - - [17/Dec/2025:09:31:07 +0800] "GET /InternetTrading/longpoll/13925?X-Atmosphere-tracking-id=0&X-Atmosphere-Framework=2.2.3-javascript&X-Atmosphere-Transport=long-polling&X-Atmosphere-TrackMessageSize=true&Content-Type=charset%3Dutf-8&X-atmo-protocol=true&_=1765935310443 HTTP/1.1" 200 -
113.196.56.150 - - [17/Dec/2025:09:31:07 +0800] "GET /error/ HTTP/1.1" 200 5063
113.196.56.150 - - [17/Dec/2025:09:31:07 +0800] "GET /error/HTTP_NOT_FOUND.html.var HTTP/1.1" 200 17404
119.136.155.219 - - [17/Dec/2025:09:31:08 +0800] "GET /InternetTrading/longpoll/51803?X-Atmosphere-tracking-id=0&X-Atmosphere-Framework=2.2.3-javascript&X-Atmosphere-Transport=long-polling&X-Atmosphere-TrackMessageSize=true&Content-Type=charset%3Dutf-8&X-atmo-protocol=true&_=1765935315818 HTTP/1.1" 200 -
121.204.201.197 - - [17/Dec/2025:09:31:08 +0800] "GET /InternetTrading/longpoll/55955?X-Atmosphere-tracking-id=0&X-Atmosphere-Framework=2.2.3-javascript&X-Atmosphere-Transport=long-polling&X-Atmosphere-TrackMessageSize=true&Content-Type=charset%3Dutf-8&X-atmo-protocol=true&_=1765935311697 HTTP/1.1" 200 -
58.152.215.40 - - [17/Dec/2025:09:31:09 +0800] "GET /InternetTrading/longpoll/55136?X-Atmosphere-tracking-id=0&X-Atmosphere-Framework=2.2.3-javascript&X-Atmosphere-Transport=long-polling&X-Atmosphere-TrackMessageSize=true&Content-Type=charset%3Dutf-8&X-atmo-protocol=true&_=1765935312814 HTTP/1.1" 200 -
14.0.224.36 - - [17/Dec/2025:09:31:10 +0800] "GET /InternetTrading/longpoll/A8127?X-Atmosphere-tracking-id=0&X-Atmosphere-Framework=2.2.3-javascript&X-Atmosphere-Transport=long-polling&X-Atmosphere-TrackMessageSize=true&Content-Type=charset%3Dutf-8&X-atmo-protocol=true&_=1765935315378 HTTP/1.1" 200 -
119.34.176.224 - - [17/Dec/2025:09:31:10 +0800] "GET /InternetTrading/longpoll/13979?X-Atmosphere-tracking-id=0&X-Atmosphere-Framework=2.2.3-javascript&X-Atmosphere-Transport=long-polling&X-Atmosphere-TrackMessageSize=true&Content-Type=charset%3Dutf-8&X-atmo-protocol=true&_=1765935315619 HTTP/1.1" 200 -
119.136.155.219 - - [17/Dec/2025:09:31:10 +0800] "POST /InternetTrading/SessionErrorLogger HTTP/1.1" 200 117
119.136.155.219 - - [17/Dec/2025:09:31:10 +0800] "POST /InternetTrading/Heartbeat HTTP/1.1" 200 32
119.136.155.219 - - [17/Dec/2025:09:31:11 +0800] "POST /InternetTrading/SessionErrorLogger HTTP/1.1" 200 117
119.136.155.219 - - [17/Dec/2025:09:31:11 +0800] "POST /InternetTrading/MarketStatus HTTP/1.1" 200 772
58.152.215.40 - - [17/Dec/2025:09:31:11 +0800] "POST /InternetTrading/SessionErrorLogger HTTP/1.1" 200 117
58.152.215.40 - - [17/Dec/2025:09:31:11 +0800] "POST /InternetTrading/Heartbeat HTTP/1.1" 200 32
113.196.56.150 - - [17/Dec/2025:09:31:11 +0800] "GET /error/HTTP_REQUEST_ENTITY_TOO_LARGE.html.var HTTP/1.1" 200 9963
58.152.215.40 - - [17/Dec/2025:09:31:11 +0800] "POST /InternetTrading/SessionErrorLogger HTTP/1.1" 200 117
58.152.215.40 - - [17/Dec/2025:09:31:11 +0800] "POST /InternetTrading/MarketStatus HTTP/1.1" 200 772
61.239.100.147 - - [17/Dec/2025:09:31:13 +0800] "GET /InternetTrading/longpoll/13925?X-Atmosphere-tracking-id=0&X-Atmosphere-Framework=2.2.3-javascript&X-Atmosphere-Transport=long-polling&X-Atmosphere-TrackMessageSize=true&Content-Type=charset%3Dutf-8&X-atmo-protocol=true&_=1765935316451 HTTP/1.1" 200 -
119.136.155.219 - - [17/Dec/2025:09:31:13 +0800] "GET /InternetTrading/longpoll/51803?X-Atmosphere-tracking-id=0&X-Atmosphere-Framework=2.2.3-javascript&X-Atmosphere-Transport=long-polling&X-Atmosphere-TrackMessageSize=true&Content-Type=charset%3Dutf-8&X-atmo-protocol=true&_=1765935320873 HTTP/1.1" 200 -
121.204.201.197 - - [17/Dec/2025:09:31:14 +0800] "GET /InternetTrading/longpoll/55955?X-Atmosphere-tracking-id=0&X-Atmosphere-Framework=2.2.3-javascript&X-Atmosphere-Transport=long-polling&X-Atmosphere-TrackMessageSize=true&Content-Type=charset%3Dutf-8&X-atmo-protocol=true&_=1765935316885 HTTP/1.1" 200 -
119.34.176.224 - - [17/Dec/2025:09:31:14 +0800] "POST /InternetTrading/SessionErrorLogger HTTP/1.1" 200 117
119.34.176.224 - - [17/Dec/2025:09:31:14 +0800] "POST /InternetTrading/Heartbeat HTTP/1.1" 200 32
58.152.215.40 - - [17/Dec/2025:09:31:14 +0800] "GET /InternetTrading/longpoll/55136?X-Atmosphere-tracking-id=0&X-Atmosphere-Framework=2.2.3-javascript&X-Atmosphere-Transport=long-polling&X-Atmosphere-TrackMessageSize=true&Content-Type=charset%3Dutf-8&X-atmo-protocol=true&_=1765935317848 HTTP/1.1" 200 -
113.196.56.150 - - [17/Dec/2025:09:31:14 +0800] "GET /error/HTTP_LENGTH_REQUIRED.html.var HTTP/1.1" 200 9702
14.0.224.36 - - [17/Dec/2025:09:31:15 +0800] "GET /InternetTrading/longpoll/A8127?X-Atmosphere-tracking-id=0&X-Atmosphere-Framework=2.2.3-javascript&X-Atmosphere-Transport=long-polling&X-Atmosphere-TrackMessageSize=true&Content-Type=charset%3Dutf-8&X-atmo-protocol=true&_=1765935320516 HTTP/1.1" 200 -
119.34.176.224 - - [17/Dec/2025:09:31:15 +0800] "GET /InternetTrading/longpoll/13979?X-Atmosphere-tracking-id=0&X-Atmosphere-Framework=2.2.3-javascript&X-Atmosphere-Transport=long-polling&X-Atmosphere-TrackMessageSize=true&Content-Type=charset%3Dutf-8&X-atmo-protocol=true&_=1765935320703 HTTP/1.1" 200 -
113.196.56.150 - - [17/Dec/2025:09:31:15 +0800] "GET /error/contact.html.var HTTP/1.1" 200 5752
113.196.56.150 - - [17/Dec/2025:09:31:15 +0800] "GET /error/HTTP_BAD_GATEWAY.html.var HTTP/1.1" 200 11965
113.196.56.150 - - [17/Dec/2025:09:31:16 +0800] "GET /error/HTTP_UNAUTHORIZED.html.var HTTP/1.1" 200 17237
113.196.56.150 - - [17/Dec/2025:09:31:16 +0800] "GET /error/HTTP_VARIANT_ALSO_VARIES.html.var HTTP/1.1" 200 9050
113.196.56.150 - - [17/Dec/2025:09:31:16 +0800] "GET /error/HTTP_METHOD_NOT_ALLOWED.html.var HTTP/1.1" 200 8641
113.196.56.150 - - [17/Dec/2025:09:31:16 +0800] "GET /error/HTTP_SERVICE_UNAVAILABLE.html.var HTTP/1.1" 200 10121
113.196.56.150 - - [17/Dec/2025:09:31:16 +0800] "GET /error/HTTP_GONE.html.var HTTP/1.1" 200 17105
113.196.56.150 - - [17/Dec/2025:09:31:16 +0800] "GET /error/HTTP_UNSUPPORTED_MEDIA_TYPE.html.var HTTP/1.1" 200 8085
113.196.56.150 - - [17/Dec/2025:09:31:16 +0800] "GET /error/HTTP_REQUEST_URI_TOO_LARGE.html.var HTTP/1.1" 200 9129
113.196.56.150 - - [17/Dec/2025:09:31:16 +0800] "GET /error/HTTP_NOT_IMPLEMENTED.html.var HTTP/1.1" 200 8115
113.196.56.150 - - [17/Dec/2025:09:31:16 +0800] "GET /error/HTTP_PRECONDITION_FAILED.html.var HTTP/1.1" 200 8298
113.196.56.150 - - [17/Dec/2025:09:31:16 +0800] "GET /error/HTTP_BAD_REQUEST.html.var HTTP/1.1" 200 8575
113.196.56.150 - - [17/Dec/2025:09:31:16 +0800] "GET /error/HTTP_INTERNAL_SERVER_ERROR.html.var HTTP/1.1" 200 17468
113.196.56.150 - - [17/Dec/2025:09:31:16 +0800] "GET /error/HTTP_FORBIDDEN.html.var HTTP/1.1" 200 14979
14.0.224.36 - - [17/Dec/2025:09:31:16 +0800] "POST /InternetTrading/SessionErrorLogger HTTP/1.1" 200 117
113.196.56.150 - - [17/Dec/2025:09:31:16 +0800] "GET /error/HTTP_REQUEST_TIME_OUT.html.var HTTP/1.1" 200 9058
14.0.224.36 - - [17/Dec/2025:09:31:16 +0800] "POST /InternetTrading/Heartbeat HTTP/1.1" 200 32
119.34.176.224 - - [17/Dec/2025:09:31:16 +0800] "POST /InternetTrading/SessionErrorLogger HTTP/1.1" 200 117
119.34.176.224 - - [17/Dec/2025:09:31:17 +0800] "POST /InternetTrading/MarketStatus HTTP/1.1" 200 772
113.196.56.150 - - [17/Dec/2025:09:31:17 +0800] "GET /conf/ HTTP/1.1" 200 3003
113.196.56.150 - - [17/Dec/2025:09:31:17 +0800] "GET /conf/workers.properties HTTP/1.1" 200 344
113.196.56.150 - - [17/Dec/2025:09:31:18 +0800] "GET /conf/httpd.conf HTTP/1.1" 200 21092
113.196.56.150 - - [17/Dec/2025:09:31:18 +0800] "GET /conf/charset.conv HTTP/1.1" 200 1820
113.196.56.150 - - [17/Dec/2025:09:31:18 +0800] "GET /conf/openssl.cnf HTTP/1.1" 200 12714
113.196.56.150 - - [17/Dec/2025:09:31:18 +0800] "GET /conf/magic HTTP/1.1" 200 13449
113.196.56.150 - - [17/Dec/2025:09:31:18 +0800] "GET /conf/mime.types HTTP/1.1" 200 62810
119.136.155.219 - - [17/Dec/2025:09:31:18 +0800] "GET /InternetTrading/longpoll/51803?X-Atmosphere-tracking-id=0&X-Atmosphere-Framework=2.2.3-javascript&X-Atmosphere-Transport=long-polling&X-Atmosphere-TrackMessageSize=true&Content-Type=charset%3Dutf-8&X-atmo-protocol=true&_=1765935325907 HTTP/1.1" 200 -
121.204.201.197 - - [17/Dec/2025:09:31:19 +0800] "GET /InternetTrading/longpoll/55955?X-Atmosphere-tracking-id=0&X-Atmosphere-Framework=2.2.3-javascript&X-Atmosphere-Transport=long-polling&X-Atmosphere-TrackMessageSize=true&Content-Type=charset%3Dutf-8&X-atmo-protocol=true&_=1765935322092 HTTP/1.1" 200 -
61.239.100.147 - - [17/Dec/2025:09:31:19 +0800] "GET /InternetTrading/longpoll/13925?X-Atmosphere-tracking-id=0&X-Atmosphere-Framework=2.2.3-javascript&X-Atmosphere-Transport=long-polling&X-Atmosphere-TrackMessageSize=true&Content-Type=charset%3Dutf-8&X-atmo-protocol=true&_=1765935322445 HTTP/1.1" 200 -
113.196.56.150 - - [17/Dec/2025:09:31:19 +0800] "GET /error/include/ HTTP/1.1" 200 1328
113.196.56.150 - - [17/Dec/2025:09:31:19 +0800] "GET /error/include/spacer.html HTTP/1.1" 200 11
113.196.56.150 - - [17/Dec/2025:09:31:19 +0800] "GET /error/include/bottom.html HTTP/1.1" 200 285
113.196.56.150 - - [17/Dec/2025:09:31:19 +0800] "GET /error/include/top.html HTTP/1.1" 200 852
58.152.215.40 - - [17/Dec/2025:09:31:19 +0800] "GET /InternetTrading/longpoll/55136?X-Atmosphere-tracking-id=0&X-Atmosphere-Framework=2.2.3-javascript&X-Atmosphere-Transport=long-polling&X-Atmosphere-TrackMessageSize=true&Content-Type=charset%3Dutf-8&X-atmo-protocol=true&_=1765935322878 HTTP/1.1" 200 -
14.0.224.36 - - [17/Dec/2025:09:31:20 +0800] "GET /InternetTrading/longpoll/A8127?X-Atmosphere-tracking-id=0&X-Atmosphere-Framework=2.2.3-javascript&X-Atmosphere-Transport=long-polling&X-Atmosphere-TrackMessageSize=true&Content-Type=charset%3Dutf-8&X-atmo-protocol=true&_=1765935325671 HTTP/1.1" 200 -
119.34.176.224 - - [17/Dec/2025:09:31:20 +0800] "GET /InternetTrading/longpoll/13979?X-Atmosphere-tracking-id=0&X-Atmosphere-Framework=2.2.3-javascript&X-Atmosphere-Transport=long-polling&X-Atmosphere-TrackMessageSize=true&Content-Type=charset%3Dutf-8&X-atmo-protocol=true&_=1765935325744 HTTP/1.1" 200 -
113.196.56.150 - - [17/Dec/2025:09:31:20 +0800] "GET /conf/cert/ HTTP/1.1" 200 1541
113.196.56.150 - - [17/Dec/2025:09:31:20 +0800] "GET /conf/cert/server-ca.crt HTTP/1.1" 200 1635
113.196.56.150 - - [17/Dec/2025:09:31:21 +0800] "GET /conf/cert/server.crt HTTP/1.1" 200 2314
113.196.56.150 - - [17/Dec/2025:09:31:21 +0800] "GET /conf/cert/server.key HTTP/1.1" 200 1679
14.0.224.36 - - [17/Dec/2025:09:31:21 +0800] "POST /InternetTrading/SessionErrorLogger HTTP/1.1" 200 117
14.0.224.36 - - [17/Dec/2025:09:31:21 +0800] "POST /InternetTrading/MarketStatus HTTP/1.1" 200 772
113.196.56.150 - - [17/Dec/2025:09:31:22 +0800] "GET /conf/ssl/ HTTP/1.1" 200 1538
113.196.56.150 - - [17/Dec/2025:09:31:22 +0800] "GET /conf/ssl/server-ca.crt HTTP/1.1" 200 1635
113.196.56.150 - - [17/Dec/2025:09:31:23 +0800] "GET /conf/iasia/ HTTP/1.1" 200 1353
113.196.56.150 - - [17/Dec/2025:09:31:23 +0800] "GET /conf/iasia/httpd-2fa.conf HTTP/1.1" 200 1621
113.196.56.150 - - [17/Dec/2025:09:31:23 +0800] "GET /conf/iasia/httpd-2fa_20240924.conf HTTP/1.1" 200 1517
113.196.56.150 - - [17/Dec/2025:09:31:23 +0800] "GET /conf/iasia/httpd-2fa%20-%20Copy.conf HTTP/1.1" 200 1517
119.136.155.219 - - [17/Dec/2025:09:31:23 +0800] "GET /InternetTrading/longpoll/51803?X-Atmosphere-tracking-id=0&X-Atmosphere-Framework=2.2.3-javascript&X-Atmosphere-Transport=long-polling&X-Atmosphere-TrackMessageSize=true&Content-Type=charset%3Dutf-8&X-atmo-protocol=true&_=1765935330971 HTTP/1.1" 200 -
121.204.201.197 - - [17/Dec/2025:09:31:24 +0800] "GET /InternetTrading/longpoll/55955?X-Atmosphere-tracking-id=0&X-Atmosphere-Framework=2.2.3-javascript&X-Atmosphere-Transport=long-polling&X-Atmosphere-TrackMessageSize=true&Content-Type=charset%3Dutf-8&X-atmo-protocol=true&_=1765935327315 HTTP/1.1" 200 -
113.196.56.150 - - [17/Dec/2025:09:31:24 +0800] "GET /conf/extra/ HTTP/1.1" 200 4002
113.196.56.150 - - [17/Dec/2025:09:31:24 +0800] "GET /conf/extra/httpd-dav.conf HTTP/1.1" 200 1827
58.152.215.40 - - [17/Dec/2025:09:31:24 +0800] "GET /InternetTrading/longpoll/55136?X-Atmosphere-tracking-id=0&X-Atmosphere-Framework=2.2.3-javascript&X-Atmosphere-Transport=long-polling&X-Atmosphere-TrackMessageSize=true&Content-Type=charset%3Dutf-8&X-atmo-protocol=true&_=1765935327910 HTTP/1.1" 200 -
61.239.100.147 - - [17/Dec/2025:09:31:25 +0800] "GET /InternetTrading/longpoll/13925?X-Atmosphere-tracking-id=0&X-Atmosphere-Framework=2.2.3-javascript&X-Atmosphere-Transport=long-polling&X-Atmosphere-TrackMessageSize=true&Content-Type=charset%3Dutf-8&X-atmo-protocol=true&_=1765935328452 HTTP/1.1" 200 -
14.0.224.36 - - [17/Dec/2025:09:31:25 +0800] "GET /InternetTrading/longpoll/A8127?X-Atmosphere-tracking-id=0&X-Atmosphere-Framework=2.2.3-javascript&X-Atmosphere-Transport=long-polling&X-Atmosphere-TrackMessageSize=true&Content-Type=charset%3Dutf-8&X-atmo-protocol=true&_=1765935330786 HTTP/1.1" 200 -
119.34.176.224 - - [17/Dec/2025:09:31:26 +0800] "GET /InternetTrading/longpoll/13979?X-Atmosphere-tracking-id=0&X-Atmosphere-Framework=2.2.3-javascript&X-Atmosphere-Transport=long-polling&X-Atmosphere-TrackMessageSize=true&Content-Type=charset%3Dutf-8&X-atmo-protocol=true&_=1765935330838 HTTP/1.1" 200 -
119.136.155.219 - - [17/Dec/2025:09:31:28 +0800] "GET /InternetTrading/longpoll/51803?X-Atmosphere-tracking-id=0&X-Atmosphere-Framework=2.2.3-javascript&X-Atmosphere-Transport=long-polling&X-Atmosphere-TrackMessageSize=true&Content-Type=charset%3Dutf-8&X-atmo-protocol=true&_=1765935336024 HTTP/1.1" 200 -
121.204.201.197 - - [17/Dec/2025:09:31:29 +0800] "POST /InternetTrading/SessionErrorLogger HTTP/1.1" 200 117
121.204.201.197 - - [17/Dec/2025:09:31:29 +0800] "POST /InternetTrading/Orderbook HTTP/1.1" 200 94
121.204.201.197 - - [17/Dec/2025:09:31:29 +0800] "GET /InternetTrading/jquery/wait.gif HTTP/1.1" 200 432
113.196.56.150 - - [17/Dec/2025:09:31:29 +0800] "GET /conf/extra/httpd-manual.conf HTTP/1.1" 200 1417
121.204.201.197 - - [17/Dec/2025:09:31:29 +0800] "GET /InternetTrading/longpoll/55955?X-Atmosphere-tracking-id=0&X-Atmosphere-Framework=2.2.3-javascript&X-Atmosphere-Transport=long-polling&X-Atmosphere-TrackMessageSize=true&Content-Type=charset%3Dutf-8&X-atmo-protocol=true&_=1765935332697 HTTP/1.1" 200 -
58.152.215.40 - - [17/Dec/2025:09:31:29 +0800] "GET /InternetTrading/longpoll/55136?X-Atmosphere-tracking-id=0&X-Atmosphere-Framework=2.2.3-javascript&X-Atmosphere-Transport=long-polling&X-Atmosphere-TrackMessageSize=true&Content-Type=charset%3Dutf-8&X-atmo-protocol=true&_=1765935332942 HTTP/1.1" 200 -
113.196.56.150 - - [17/Dec/2025:09:31:30 +0800] "GET /conf/extra/httpd-languages.conf HTTP/1.1" 200 5219
113.196.56.150 - - [17/Dec/2025:09:31:30 +0800] "GET /conf/extra/httpd-vhosts_20240919.conf HTTP/1.1" 200 8959
121.204.201.197 - - [17/Dec/2025:09:31:30 +0800] "GET /InternetTrading/jquery/wait.gif HTTP/1.1" 200 432
121.204.201.197 - - [17/Dec/2025:09:31:30 +0800] "POST /InternetTrading/SessionErrorLogger HTTP/1.1" 200 117
113.196.56.150 - - [17/Dec/2025:09:31:30 +0800] "GET /conf/extra/httpd-info.conf HTTP/1.1" 200 1155
113.196.56.150 - - [17/Dec/2025:09:31:30 +0800] "GET /conf/extra/httpd-ssl%20-%20Copy.conf HTTP/1.1" 200 10144
113.196.56.150 - - [17/Dec/2025:09:31:30 +0800] "GET /conf/extra/httpd-userdir.conf HTTP/1.1" 200 744
113.196.56.150 - - [17/Dec/2025:09:31:30 +0800] "GET /conf/extra/httpd-multilang-errordoc.conf HTTP/1.1" 200 2250
113.196.56.150 - - [17/Dec/2025:09:31:30 +0800] "GET /conf/extra/httpd-autoindex.conf HTTP/1.1" 200 2958
113.196.56.150 - - [17/Dec/2025:09:31:30 +0800] "GET /conf/extra/httpd-mpm.conf HTTP/1.1" 200 4563
113.196.56.150 - - [17/Dec/2025:09:31:30 +0800] "GET /conf/extra/httpd-ssl.conf HTTP/1.1" 200 10192
113.196.56.150 - - [17/Dec/2025:09:31:30 +0800] "GET /conf/extra/httpd-vhosts.conf HTTP/1.1" 200 8969
121.204.201.197 - - [17/Dec/2025:09:31:30 +0800] "POST /InternetTrading/Portfolio HTTP/1.1" 200 1595
113.196.56.150 - - [17/Dec/2025:09:31:30 +0800] "GET /conf/extra/httpd-default.conf HTTP/1.1" 200 3032
113.196.56.150 - - [17/Dec/2025:09:31:30 +0800] "GET /conf/extra/proxy-html.conf HTTP/1.1" 200 3251
113.196.56.150 - - [17/Dec/2025:09:31:30 +0800] "GET /conf/extra/httpd-vhosts%20-%20Copy.conf HTTP/1.1" 200 8909
14.0.224.36 - - [17/Dec/2025:09:31:30 +0800] "GET /InternetTrading/longpoll/A8127?X-Atmosphere-tracking-id=0&X-Atmosphere-Framework=2.2.3-javascript&X-Atmosphere-Transport=long-polling&X-Atmosphere-TrackMessageSize=true&Content-Type=charset%3Dutf-8&X-atmo-protocol=true&_=1765935335860 HTTP/1.1" 200 -
113.196.56.150 - - [17/Dec/2025:09:31:31 +0800] "GET /conf/original/ HTTP/1.1" 200 1753
113.196.56.150 - - [17/Dec/2025:09:31:31 +0800] "GET /conf/original/mime.types HTTP/1.1" 200 62810
61.239.100.147 - - [17/Dec/2025:09:31:31 +0800] "GET /InternetTrading/longpoll/13925?X-Atmosphere-tracking-id=0&X-Atmosphere-Framework=2.2.3-javascript&X-Atmosphere-Transport=long-polling&X-Atmosphere-TrackMessageSize=true&Content-Type=charset%3Dutf-8&X-atmo-protocol=true&_=1765935334443 HTTP/1.1" 200 -
113.196.56.150 - - [17/Dec/2025:09:31:31 +0800] "GET /conf/original/magic HTTP/1.1" 200 13449
113.196.56.150 - - [17/Dec/2025:09:31:31 +0800] "GET /conf/original/httpd.conf HTTP/1.1" 200 20556
113.196.56.150 - - [17/Dec/2025:09:31:31 +0800] "GET /conf/original/charset.conv HTTP/1.1" 200 1818
119.34.176.224 - - [17/Dec/2025:09:31:31 +0800] "GET /InternetTrading/longpoll/13979?X-Atmosphere-tracking-id=0&X-Atmosphere-Framework=2.2.3-javascript&X-Atmosphere-Transport=long-polling&X-Atmosphere-TrackMessageSize=true&Content-Type=charset%3Dutf-8&X-atmo-protocol=true&_=1765935336823 HTTP/1.1" 200 -
121.204.201.197 - - [17/Dec/2025:09:31:32 +0800] "POST /InternetTrading/SessionErrorLogger HTTP/1.1" 200 117
121.204.201.197 - - [17/Dec/2025:09:31:32 +0800] "POST /InternetTrading/Heartbeat HTTP/1.1" 200 32
121.204.201.197 - - [17/Dec/2025:09:31:32 +0800] "POST /InternetTrading/SessionErrorLogger HTTP/1.1" 200 117
121.204.201.197 - - [17/Dec/2025:09:31:32 +0800] "POST /InternetTrading/MarketStatus HTTP/1.1" 200 772
113.196.56.150 - - [17/Dec/2025:09:31:32 +0800] "GET /conf/cert/backup/ HTTP/1.1" 200 1350
113.196.56.150 - - [17/Dec/2025:09:31:33 +0800] "GET /conf/cert/backup/server.key HTTP/1.1" 200 1679
113.196.56.150 - - [17/Dec/2025:09:31:33 +0800] "GET /conf/cert/backup/server-ca.crt HTTP/1.1" 200 1635
113.196.56.150 - - [17/Dec/2025:09:31:33 +0800] "GET /conf/cert/backup/server.crt HTTP/1.1" 200 2314
119.136.155.219 - - [17/Dec/2025:09:31:33 +0800] "GET /InternetTrading/longpoll/51803?X-Atmosphere-tracking-id=0&X-Atmosphere-Framework=2.2.3-javascript&X-Atmosphere-Transport=long-polling&X-Atmosphere-TrackMessageSize=true&Content-Type=charset%3Dutf-8&X-atmo-protocol=true&_=1765935341054 HTTP/1.1" 200 -
113.196.56.150 - - [17/Dec/2025:09:31:34 +0800] "GET /conf/ssl/backup2024/ HTTP/1.1" 200 1355
113.196.56.150 - - [17/Dec/2025:09:31:34 +0800] "GET /conf/ssl/backup2024/server.crt HTTP/1.1" 200 2314
113.196.56.150 - - [17/Dec/2025:09:31:34 +0800] "GET /conf/ssl/backup2024/server-ca.crt HTTP/1.1" 200 1635
113.196.56.150 - - [17/Dec/2025:09:31:34 +0800] "GET /conf/ssl/backup2024/server.key HTTP/1.1" 200 1679
121.204.201.197 - - [17/Dec/2025:09:31:34 +0800] "GET /InternetTrading/longpoll/55955?X-Atmosphere-tracking-id=0&X-Atmosphere-Framework=2.2.3-javascript&X-Atmosphere-Transport=long-polling&X-Atmosphere-TrackMessageSize=true&Content-Type=charset%3Dutf-8&X-atmo-protocol=true&_=1765935337883 HTTP/1.1" 200 -
58.152.215.40 - - [17/Dec/2025:09:31:34 +0800] "GET /InternetTrading/longpoll/55136?X-Atmosphere-tracking-id=0&X-Atmosphere-Framework=2.2.3-javascript&X-Atmosphere-Transport=long-polling&X-Atmosphere-TrackMessageSize=true&Content-Type=charset%3Dutf-8&X-atmo-protocol=true&_=1765935337956 HTTP/1.1" 200 -
113.196.56.150 - - [17/Dec/2025:09:31:35 +0800] "GET /conf/ssl/kingston2025/ HTTP/1.1" 200 1359
113.196.56.150 - - [17/Dec/2025:09:31:35 +0800] "GET /conf/ssl/kingston2025/server.crt HTTP/1.1" 200 2314
113.196.56.150 - - [17/Dec/2025:09:31:35 +0800] "GET /conf/ssl/kingston2025/server-ca.crt HTTP/1.1" 200 1635
113.196.56.150 - - [17/Dec/2025:09:31:35 +0800] "GET /conf/ssl/kingston2025/server.key HTTP/1.1" 200 1679
14.0.224.36 - - [17/Dec/2025:09:31:35 +0800] "GET /InternetTrading/longpoll/A8127?X-Atmosphere-tracking-id=0&X-Atmosphere-Framework=2.2.3-javascript&X-Atmosphere-Transport=long-polling&X-Atmosphere-TrackMessageSize=true&Content-Type=charset%3Dutf-8&X-atmo-protocol=true&_=1765935341051 HTTP/1.1" 200 -
113.196.56.150 - - [17/Dec/2025:09:31:36 +0800] "GET /conf/ssl/Old/ HTTP/1.1" 200 1124
113.196.56.150 - - [17/Dec/2025:09:31:36 +0800] "GET /conf/ssl/Old/server.crt HTTP/1.1" 200 1842
113.196.56.150 - - [17/Dec/2025:09:31:36 +0800] "GET /conf/ssl/Old/server.key HTTP/1.1" 200 3243
119.34.176.224 - - [17/Dec/2025:09:31:36 +0800] "GET /InternetTrading/longpoll/13979?X-Atmosphere-tracking-id=0&X-Atmosphere-Framework=2.2.3-javascript&X-Atmosphere-Transport=long-polling&X-Atmosphere-TrackMessageSize=true&Content-Type=charset%3Dutf-8&X-atmo-protocol=true&_=1765935341910 HTTP/1.1" 200 -
61.239.100.147 - - [17/Dec/2025:09:31:37 +0800] "GET /InternetTrading/longpoll/13925?X-Atmosphere-tracking-id=0&X-Atmosphere-Framework=2.2.3-javascript&X-Atmosphere-Transport=long-polling&X-Atmosphere-TrackMessageSize=true&Content-Type=charset%3Dutf-8&X-atmo-protocol=true&_=1765935340443 HTTP/1.1" 200 -
113.196.56.150 - - [17/Dec/2025:09:31:37 +0800] "GET /conf/original/extra/ HTTP/1.1" 200 3341
113.196.56.150 - - [17/Dec/2025:09:31:37 +0800] "GET /conf/original/extra/httpd-manual.conf HTTP/1.1" 200 1417
119.136.155.219 - - [17/Dec/2025:09:31:38 +0800] "GET /InternetTrading/longpoll/51803?X-Atmosphere-tracking-id=0&X-Atmosphere-Framework=2.2.3-javascript&X-Atmosphere-Transport=long-polling&X-Atmosphere-TrackMessageSize=true&Content-Type=charset%3Dutf-8&X-atmo-protocol=true&_=1765935346106 HTTP/1.1" 200 -
113.196.56.150 - - [17/Dec/2025:09:31:39 +0800] "GET /conf/original/extra/httpd-autoindex.conf HTTP/1.1" 200 2958
121.204.201.197 - - [17/Dec/2025:09:31:39 +0800] "GET /InternetTrading/longpoll/55955?X-Atmosphere-tracking-id=0&X-Atmosphere-Framework=2.2.3-javascript&X-Atmosphere-Transport=long-polling&X-Atmosphere-TrackMessageSize=true&Content-Type=charset%3Dutf-8&X-atmo-protocol=true&_=1765935342960 HTTP/1.1" 200 -
58.152.215.40 - - [17/Dec/2025:09:31:39 +0800] "GET /InternetTrading/longpoll/55136?X-Atmosphere-tracking-id=0&X-Atmosphere-Framework=2.2.3-javascript&X-Atmosphere-Transport=long-polling&X-Atmosphere-TrackMessageSize=true&Content-Type=charset%3Dutf-8&X-atmo-protocol=true&_=1765935342986 HTTP/1.1" 200 -
113.196.56.150 - - [17/Dec/2025:09:31:40 +0800] "GET /conf/original/extra/httpd-mpm.conf HTTP/1.1" 200 4563
113.196.56.150 - - [17/Dec/2025:09:31:40 +0800] "GET /conf/original/extra/httpd-userdir.conf HTTP/1.1" 200 744
119.136.155.219 - - [17/Dec/2025:09:31:41 +0800] "POST /InternetTrading/SessionErrorLogger HTTP/1.1" 200 117
119.136.155.219 - - [17/Dec/2025:09:31:41 +0800] "POST /InternetTrading/Heartbeat HTTP/1.1" 200 32
119.136.155.219 - - [17/Dec/2025:09:31:41 +0800] "POST /InternetTrading/SessionErrorLogger HTTP/1.1" 200 117
58.152.215.40 - - [17/Dec/2025:09:31:41 +0800] "POST /InternetTrading/SessionErrorLogger HTTP/1.1" 200 117
119.136.155.219 - - [17/Dec/2025:09:31:41 +0800] "POST /InternetTrading/MarketStatus HTTP/1.1" 200 772
58.152.215.40 - - [17/Dec/2025:09:31:41 +0800] "POST /InternetTrading/Heartbeat HTTP/1.1" 200 32
14.0.224.36 - - [17/Dec/2025:09:31:41 +0800] "GET /InternetTrading/longpoll/A8127?X-Atmosphere-tracking-id=0&X-Atmosphere-Framework=2.2.3-javascript&X-Atmosphere-Transport=long-polling&X-Atmosphere-TrackMessageSize=true&Content-Type=charset%3Dutf-8&X-atmo-protocol=true&_=1765935346209 HTTP/1.1" 200 -
58.152.215.40 - - [17/Dec/2025:09:31:41 +0800] "POST /InternetTrading/SessionErrorLogger HTTP/1.1" 200 117
58.152.215.40 - - [17/Dec/2025:09:31:41 +0800] "POST /InternetTrading/MarketStatus HTTP/1.1" 200 772
113.196.56.150 - - [17/Dec/2025:09:31:41 +0800] "GET /conf/original/extra/httpd-languages.conf HTTP/1.1" 200 5219
113.196.56.150 - - [17/Dec/2025:09:31:41 +0800] "GET /conf/original/extra/httpd-info.conf HTTP/1.1" 200 1155
113.196.56.150 - - [17/Dec/2025:09:31:41 +0800] "GET /conf/original/extra/httpd-default.conf HTTP/1.1" 200 3032
113.196.56.150 - - [17/Dec/2025:09:31:41 +0800] "GET /conf/original/extra/httpd-ssl.conf HTTP/1.1" 200 13495
113.196.56.150 - - [17/Dec/2025:09:31:41 +0800] "GET /conf/original/extra/proxy-html.conf HTTP/1.1" 200 3251
113.196.56.150 - - [17/Dec/2025:09:31:41 +0800] "GET /conf/original/extra/httpd-vhosts.conf HTTP/1.1" 200 1492
113.196.56.150 - - [17/Dec/2025:09:31:41 +0800] "GET /conf/original/extra/httpd-dav.conf HTTP/1.1" 200 1827
113.196.56.150 - - [17/Dec/2025:09:31:41 +0800] "GET /conf/original/extra/httpd-multilang-errordoc.conf HTTP/1.1" 200 2250
119.34.176.224 - - [17/Dec/2025:09:31:42 +0800] "GET /InternetTrading/longpoll/13979?X-Atmosphere-tracking-id=0&X-Atmosphere-Framework=2.2.3-javascript&X-Atmosphere-Transport=long-polling&X-Atmosphere-TrackMessageSize=true&Content-Type=charset%3Dutf-8&X-atmo-protocol=true&_=1765935347039 HTTP/1.1" 200 -
61.239.100.147 - - [17/Dec/2025:09:31:43 +0800] "GET /InternetTrading/longpoll/13925?X-Atmosphere-tracking-id=0&X-Atmosphere-Framework=2.2.3-javascript&X-Atmosphere-Transport=long-polling&X-Atmosphere-TrackMessageSize=true&Content-Type=charset%3Dutf-8&X-atmo-protocol=true&_=1765935346441 HTTP/1.1" 200 -
119.136.155.219 - - [17/Dec/2025:09:31:43 +0800] "GET /InternetTrading/longpoll/51803?X-Atmosphere-tracking-id=0&X-Atmosphere-Framework=2.2.3-javascript&X-Atmosphere-Transport=long-polling&X-Atmosphere-TrackMessageSize=true&Content-Type=charset%3Dutf-8&X-atmo-protocol=true&_=1765935351137 HTTP/1.1" 200 -
119.34.176.224 - - [17/Dec/2025:09:31:44 +0800] "POST /InternetTrading/SessionErrorLogger HTTP/1.1" 200 117
119.34.176.224 - - [17/Dec/2025:09:31:44 +0800] "POST /InternetTrading/Heartbeat HTTP/1.1" 200 32
58.152.215.40 - - [17/Dec/2025:09:31:44 +0800] "GET /InternetTrading/longpoll/55136?X-Atmosphere-tracking-id=0&X-Atmosphere-Framework=2.2.3-javascript&X-Atmosphere-Transport=long-polling&X-Atmosphere-TrackMessageSize=true&Content-Type=charset%3Dutf-8&X-atmo-protocol=true&_=1765935348009 HTTP/1.1" 200 -
