14.0.158.118 - - [14/Jan/2026:09:57:33 +0800] "POST /InternetTrading/Heartbeat HTTP/1.1" 200 32
14.0.158.118 - - [14/Jan/2026:09:57:34 +0800] "POST /InternetTrading/SessionErrorLogger HTTP/1.1" 200 117
14.0.158.118 - - [14/Jan/2026:09:57:34 +0800] "POST /InternetTrading/MarketStatus HTTP/1.1" 200 772
119.136.153.148 - - [14/Jan/2026:09:57:34 +0800] "POST /InternetTrading/SessionErrorLogger HTTP/1.1" 200 117
119.136.153.148 - - [14/Jan/2026:09:57:34 +0800] "POST /InternetTrading/Heartbeat HTTP/1.1" 200 32
119.136.153.148 - - [14/Jan/2026:09:57:34 +0800] "POST /InternetTrading/SessionErrorLogger HTTP/1.1" 200 117
119.136.153.148 - - [14/Jan/2026:09:57:34 +0800] "POST /InternetTrading/MarketStatus HTTP/1.1" 200 772
203.160.80.124 - - [14/Jan/2026:09:57:34 +0800] "GET /InternetTrading/longpoll/55136?X-Atmosphere-tracking-id=0&X-Atmosphere-Framework=2.2.3-javascript&X-Atmosphere-Transport=long-polling&X-Atmosphere-TrackMessageSize=true&Content-Type=charset%3Dutf-8&X-atmo-protocol=true&_=1768356127872 HTTP/1.1" 200 -
119.136.153.148 - - [14/Jan/2026:09:57:34 +0800] "GET /InternetTrading/longpoll/51803?X-Atmosphere-tracking-id=0&X-Atmosphere-Framework=2.2.3-javascript&X-Atmosphere-Transport=long-polling&X-Atmosphere-TrackMessageSize=true&Content-Type=charset%3Dutf-8&X-atmo-protocol=true&_=1768356129490 HTTP/1.1" 200 -
203.184.201.173 - - [14/Jan/2026:09:57:34 +0800] "GET /InternetTrading/longpoll/56419?X-Atmosphere-tracking-id=0&X-Atmosphere-Framework=2.2.3-javascript&X-Atmosphere-Transport=long-polling&X-Atmosphere-TrackMessageSize=true&Content-Type=charset%3Dutf-8&X-atmo-protocol=true&_=1768356129246 HTTP/1.1" 200 -
117.24.53.13 - - [14/Jan/2026:09:57:35 +0800] "GET /InternetTrading/longpoll/M8773?X-Atmosphere-tracking-id=0&X-Atmosphere-Framework=2.2.3-javascript&X-Atmosphere-Transport=long-polling&X-Atmosphere-TrackMessageSize=true&Content-Type=charset%3Dutf-8&X-atmo-protocol=true&_=1768356129902 HTTP/1.1" 200 -
14.0.158.118 - - [14/Jan/2026:09:57:36 +0800] "GET /InternetTrading/longpoll/A8127?X-Atmosphere-tracking-id=0&X-Atmosphere-Framework=2.2.3-javascript&X-Atmosphere-Transport=long-polling&X-Atmosphere-TrackMessageSize=true&Content-Type=charset%3Dutf-8&X-atmo-protocol=true&_=1768356131766 HTTP/1.1" 200 -
203.160.80.124 - - [14/Jan/2026:09:57:39 +0800] "GET /InternetTrading/longpoll/55136?X-Atmosphere-tracking-id=0&X-Atmosphere-Framework=2.2.3-javascript&X-Atmosphere-Transport=long-polling&X-Atmosphere-TrackMessageSize=true&Content-Type=charset%3Dutf-8&X-atmo-protocol=true&_=1768356133292 HTTP/1.1" 200 -
119.136.153.148 - - [14/Jan/2026:09:57:39 +0800] "GET /InternetTrading/longpoll/51803?X-Atmosphere-tracking-id=0&X-Atmosphere-Framework=2.2.3-javascript&X-Atmosphere-Transport=long-polling&X-Atmosphere-TrackMessageSize=true&Content-Type=charset%3Dutf-8&X-atmo-protocol=true&_=1768356134555 HTTP/1.1" 200 -
203.184.201.173 - - [14/Jan/2026:09:57:41 +0800] "GET /InternetTrading/longpoll/56419?X-Atmosphere-tracking-id=0&X-Atmosphere-Framework=2.2.3-javascript&X-Atmosphere-Transport=long-polling&X-Atmosphere-TrackMessageSize=true&Content-Type=charset%3Dutf-8&X-atmo-protocol=true&_=1768356134476 HTTP/1.1" 200 -
14.0.158.118 - - [14/Jan/2026:09:57:41 +0800] "GET /InternetTrading/longpoll/A8127?X-Atmosphere-tracking-id=0&X-Atmosphere-Framework=2.2.3-javascript&X-Atmosphere-Transport=long-polling&X-Atmosphere-TrackMessageSize=true&Content-Type=charset%3Dutf-8&X-atmo-protocol=true&_=1768356136846 HTTP/1.1" 200 -
117.24.53.13 - - [14/Jan/2026:09:57:41 +0800] "GET /InternetTrading/longpoll/M8773?X-Atmosphere-tracking-id=0&X-Atmosphere-Framework=2.2.3-javascript&X-Atmosphere-Transport=long-polling&X-Atmosphere-TrackMessageSize=true&Content-Type=charset%3Dutf-8&X-atmo-protocol=true&_=1768356135903 HTTP/1.1" 200 -
203.160.80.124 - - [14/Jan/2026:09:57:42 +0800] "POST /InternetTrading/SessionErrorLogger HTTP/1.1" 200 117
203.160.80.124 - - [14/Jan/2026:09:57:43 +0800] "POST /InternetTrading/Heartbeat HTTP/1.1" 200 32
203.160.80.124 - - [14/Jan/2026:09:57:43 +0800] "POST /InternetTrading/SessionErrorLogger HTTP/1.1" 200 117
203.160.80.124 - - [14/Jan/2026:09:57:43 +0800] "POST /InternetTrading/MarketStatus HTTP/1.1" 200 772
203.160.80.124 - - [14/Jan/2026:09:57:44 +0800] "GET /InternetTrading/longpoll/55136?X-Atmosphere-tracking-id=0&X-Atmosphere-Framework=2.2.3-javascript&X-Atmosphere-Transport=long-polling&X-Atmosphere-TrackMessageSize=true&Content-Type=charset%3Dutf-8&X-atmo-protocol=true&_=1768356138717 HTTP/1.1" 200 -
119.136.153.148 - - [14/Jan/2026:09:57:44 +0800] "GET /InternetTrading/longpoll/51803?X-Atmosphere-tracking-id=0&X-Atmosphere-Framework=2.2.3-javascript&X-Atmosphere-Transport=long-polling&X-Atmosphere-TrackMessageSize=true&Content-Type=charset%3Dutf-8&X-atmo-protocol=true&_=1768356139639 HTTP/1.1" 200 -
203.184.201.173 - - [14/Jan/2026:09:57:46 +0800] "GET /InternetTrading/longpoll/56419?X-Atmosphere-tracking-id=0&X-Atmosphere-Framework=2.2.3-javascript&X-Atmosphere-Transport=long-polling&X-Atmosphere-TrackMessageSize=true&Content-Type=charset%3Dutf-8&X-atmo-protocol=true&_=1768356140532 HTTP/1.1" 200 -
14.0.158.118 - - [14/Jan/2026:09:57:46 +0800] "GET /InternetTrading/longpoll/A8127?X-Atmosphere-tracking-id=0&X-Atmosphere-Framework=2.2.3-javascript&X-Atmosphere-Transport=long-polling&X-Atmosphere-TrackMessageSize=true&Content-Type=charset%3Dutf-8&X-atmo-protocol=true&_=1768356141919 HTTP/1.1" 200 -
117.24.53.13 - - [14/Jan/2026:09:57:47 +0800] "GET /InternetTrading/longpoll/M8773?X-Atmosphere-tracking-id=0&X-Atmosphere-Framework=2.2.3-javascript&X-Atmosphere-Transport=long-polling&X-Atmosphere-TrackMessageSize=true&Content-Type=charset%3Dutf-8&X-atmo-protocol=true&_=1768356141907 HTTP/1.1" 200 -
117.24.53.13 - - [14/Jan/2026:09:57:48 +0800] "POST /InternetTrading/SessionErrorLogger HTTP/1.1" 200 117
117.24.53.13 - - [14/Jan/2026:09:57:48 +0800] "POST /InternetTrading/MarketStatus HTTP/1.1" 200 772
117.24.53.13 - - [14/Jan/2026:09:57:48 +0800] "POST /InternetTrading/SessionErrorLogger HTTP/1.1" 200 117
117.24.53.13 - - [14/Jan/2026:09:57:48 +0800] "POST /InternetTrading/Heartbeat HTTP/1.1" 200 32
119.136.153.148 - - [14/Jan/2026:09:57:50 +0800] "GET /InternetTrading/longpoll/51803?X-Atmosphere-tracking-id=0&X-Atmosphere-Framework=2.2.3-javascript&X-Atmosphere-Transport=long-polling&X-Atmosphere-TrackMessageSize=true&Content-Type=charset%3Dutf-8&X-atmo-protocol=true&_=1768356144698 HTTP/1.1" 200 -
203.160.80.124 - - [14/Jan/2026:09:57:50 +0800] "GET /InternetTrading/longpoll/55136?X-Atmosphere-tracking-id=0&X-Atmosphere-Framework=2.2.3-javascript&X-Atmosphere-Transport=long-polling&X-Atmosphere-TrackMessageSize=true&Content-Type=charset%3Dutf-8&X-atmo-protocol=true&_=1768356143879 HTTP/1.1" 200 -
203.184.201.173 - - [14/Jan/2026:09:57:51 +0800] "POST /InternetTrading/SessionErrorLogger HTTP/1.1" 200 117
203.184.201.173 - - [14/Jan/2026:09:57:51 +0800] "POST /InternetTrading/Heartbeat HTTP/1.1" 200 32
203.184.201.173 - - [14/Jan/2026:09:57:51 +0800] "GET /InternetTrading/longpoll/56419?X-Atmosphere-tracking-id=0&X-Atmosphere-Framework=2.2.3-javascript&X-Atmosphere-Transport=long-polling&X-Atmosphere-TrackMessageSize=true&Content-Type=charset%3Dutf-8&X-atmo-protocol=true&_=1768356145653 HTTP/1.1" 200 -
203.184.201.173 - - [14/Jan/2026:09:57:51 +0800] "POST /InternetTrading/SessionErrorLogger HTTP/1.1" 200 117
14.0.158.118 - - [14/Jan/2026:09:57:51 +0800] "GET /InternetTrading/longpoll/A8127?X-Atmosphere-tracking-id=0&X-Atmosphere-Framework=2.2.3-javascript&X-Atmosphere-Transport=long-polling&X-Atmosphere-TrackMessageSize=true&Content-Type=charset%3Dutf-8&X-atmo-protocol=true&_=1768356147073 HTTP/1.1" 200 -
203.184.201.173 - - [14/Jan/2026:09:57:51 +0800] "POST /InternetTrading/MarketStatus HTTP/1.1" 200 772
117.24.53.13 - - [14/Jan/2026:09:57:53 +0800] "GET /InternetTrading/longpoll/M8773?X-Atmosphere-tracking-id=0&X-Atmosphere-Framework=2.2.3-javascript&X-Atmosphere-Transport=long-polling&X-Atmosphere-TrackMessageSize=true&Content-Type=charset%3Dutf-8&X-atmo-protocol=true&_=1768356147906 HTTP/1.1" 200 -
119.136.153.148 - - [14/Jan/2026:09:57:55 +0800] "GET /InternetTrading/longpoll/51803?X-Atmosphere-tracking-id=0&X-Atmosphere-Framework=2.2.3-javascript&X-Atmosphere-Transport=long-polling&X-Atmosphere-TrackMessageSize=true&Content-Type=charset%3Dutf-8&X-atmo-protocol=true&_=1768356149724 HTTP/1.1" 200 -
203.160.80.124 - - [14/Jan/2026:09:57:55 +0800] "GET /InternetTrading/longpoll/55136?X-Atmosphere-tracking-id=0&X-Atmosphere-Framework=2.2.3-javascript&X-Atmosphere-Transport=long-polling&X-Atmosphere-TrackMessageSize=true&Content-Type=charset%3Dutf-8&X-atmo-protocol=true&_=1768356149034 HTTP/1.1" 200 -
203.184.201.173 - - [14/Jan/2026:09:57:56 +0800] "GET /InternetTrading/longpoll/56419?X-Atmosphere-tracking-id=0&X-Atmosphere-Framework=2.2.3-javascript&X-Atmosphere-Transport=long-polling&X-Atmosphere-TrackMessageSize=true&Content-Type=charset%3Dutf-8&X-atmo-protocol=true&_=1768356150674 HTTP/1.1" 200 -
14.0.158.118 - - [14/Jan/2026:09:57:57 +0800] "GET /InternetTrading/longpoll/A8127?X-Atmosphere-tracking-id=0&X-Atmosphere-Framework=2.2.3-javascript&X-Atmosphere-Transport=long-polling&X-Atmosphere-TrackMessageSize=true&Content-Type=charset%3Dutf-8&X-atmo-protocol=true&_=1768356152295 HTTP/1.1" 200 -
117.24.53.13 - - [14/Jan/2026:09:57:59 +0800] "GET /InternetTrading/longpoll/M8773?X-Atmosphere-tracking-id=0&X-Atmosphere-Framework=2.2.3-javascript&X-Atmosphere-Transport=long-polling&X-Atmosphere-TrackMessageSize=true&Content-Type=charset%3Dutf-8&X-atmo-protocol=true&_=1768356153907 HTTP/1.1" 200 -
119.136.153.148 - - [14/Jan/2026:09:58:00 +0800] "GET /InternetTrading/longpoll/51803?X-Atmosphere-tracking-id=0&X-Atmosphere-Framework=2.2.3-javascript&X-Atmosphere-Transport=long-polling&X-Atmosphere-TrackMessageSize=true&Content-Type=charset%3Dutf-8&X-atmo-protocol=true&_=1768356154753 HTTP/1.1" 200 -
203.160.80.124 - - [14/Jan/2026:09:58:00 +0800] "GET /InternetTrading/longpoll/55136?X-Atmosphere-tracking-id=0&X-Atmosphere-Framework=2.2.3-javascript&X-Atmosphere-Transport=long-polling&X-Atmosphere-TrackMessageSize=true&Content-Type=charset%3Dutf-8&X-atmo-protocol=true&_=1768356154436 HTTP/1.1" 200 -
203.184.201.173 - - [14/Jan/2026:09:58:01 +0800] "GET /InternetTrading/longpoll/56419?X-Atmosphere-tracking-id=0&X-Atmosphere-Framework=2.2.3-javascript&X-Atmosphere-Transport=long-polling&X-Atmosphere-TrackMessageSize=true&Content-Type=charset%3Dutf-8&X-atmo-protocol=true&_=1768356155698 HTTP/1.1" 200 -
14.0.158.118 - - [14/Jan/2026:09:58:02 +0800] "GET /InternetTrading/longpoll/A8127?X-Atmosphere-tracking-id=0&X-Atmosphere-Framework=2.2.3-javascript&X-Atmosphere-Transport=long-polling&X-Atmosphere-TrackMessageSize=true&Content-Type=charset%3Dutf-8&X-atmo-protocol=true&_=1768356157429 HTTP/1.1" 200 -
14.0.158.118 - - [14/Jan/2026:09:58:03 +0800] "POST /InternetTrading/SessionErrorLogger HTTP/1.1" 200 117
14.0.158.118 - - [14/Jan/2026:09:58:03 +0800] "POST /InternetTrading/Heartbeat HTTP/1.1" 200 32
14.0.158.118 - - [14/Jan/2026:09:58:04 +0800] "POST /InternetTrading/SessionErrorLogger HTTP/1.1" 200 117
119.136.153.148 - - [14/Jan/2026:09:58:04 +0800] "POST /InternetTrading/SessionErrorLogger HTTP/1.1" 200 117
119.136.153.148 - - [14/Jan/2026:09:58:04 +0800] "POST /InternetTrading/Heartbeat HTTP/1.1" 200 32
119.136.153.148 - - [14/Jan/2026:09:58:04 +0800] "POST /InternetTrading/SessionErrorLogger HTTP/1.1" 200 117
119.136.153.148 - - [14/Jan/2026:09:58:04 +0800] "POST /InternetTrading/MarketStatus HTTP/1.1" 200 772
14.0.158.118 - - [14/Jan/2026:09:58:04 +0800] "POST /InternetTrading/MarketStatus HTTP/1.1" 200 772
119.136.153.148 - - [14/Jan/2026:09:58:05 +0800] "GET /InternetTrading/longpoll/51803?X-Atmosphere-tracking-id=0&X-Atmosphere-Framework=2.2.3-javascript&X-Atmosphere-Transport=long-polling&X-Atmosphere-TrackMessageSize=true&Content-Type=charset%3Dutf-8&X-atmo-protocol=true&_=1768356159813 HTTP/1.1" 200 -
117.24.53.13 - - [14/Jan/2026:09:58:05 +0800] "GET /InternetTrading/longpoll/M8773?X-Atmosphere-tracking-id=0&X-Atmosphere-Framework=2.2.3-javascript&X-Atmosphere-Transport=long-polling&X-Atmosphere-TrackMessageSize=true&Content-Type=charset%3Dutf-8&X-atmo-protocol=true&_=1768356159907 HTTP/1.1" 200 -
203.184.201.173 - - [14/Jan/2026:09:58:06 +0800] "GET /InternetTrading/longpoll/56419?X-Atmosphere-tracking-id=0&X-Atmosphere-Framework=2.2.3-javascript&X-Atmosphere-Transport=long-polling&X-Atmosphere-TrackMessageSize=true&Content-Type=charset%3Dutf-8&X-atmo-protocol=true&_=1768356160766 HTTP/1.1" 200 -
203.160.80.124 - - [14/Jan/2026:09:58:06 +0800] "GET /InternetTrading/longpoll/55136?X-Atmosphere-tracking-id=0&X-Atmosphere-Framework=2.2.3-javascript&X-Atmosphere-Transport=long-polling&X-Atmosphere-TrackMessageSize=true&Content-Type=charset%3Dutf-8&X-atmo-protocol=true&_=1768356159866 HTTP/1.1" 200 -
14.0.158.118 - - [14/Jan/2026:09:58:07 +0800] "GET /InternetTrading/longpoll/A8127?X-Atmosphere-tracking-id=0&X-Atmosphere-Framework=2.2.3-javascript&X-Atmosphere-Transport=long-polling&X-Atmosphere-TrackMessageSize=true&Content-Type=charset%3Dutf-8&X-atmo-protocol=true&_=1768356162554 HTTP/1.1" 200 -
119.136.153.148 - - [14/Jan/2026:09:58:10 +0800] "GET /InternetTrading/longpoll/51803?X-Atmosphere-tracking-id=0&X-Atmosphere-Framework=2.2.3-javascript&X-Atmosphere-Transport=long-polling&X-Atmosphere-TrackMessageSize=true&Content-Type=charset%3Dutf-8&X-atmo-protocol=true&_=1768356165089 HTTP/1.1" 200 -
203.184.201.173 - - [14/Jan/2026:09:58:11 +0800] "GET /InternetTrading/longpoll/56419?X-Atmosphere-tracking-id=0&X-Atmosphere-Framework=2.2.3-javascript&X-Atmosphere-Transport=long-polling&X-Atmosphere-TrackMessageSize=true&Content-Type=charset%3Dutf-8&X-atmo-protocol=true&_=1768356165789 HTTP/1.1" 200 -
117.24.53.13 - - [14/Jan/2026:09:58:11 +0800] "GET /InternetTrading/longpoll/M8773?X-Atmosphere-tracking-id=0&X-Atmosphere-Framework=2.2.3-javascript&X-Atmosphere-Transport=long-polling&X-Atmosphere-TrackMessageSize=true&Content-Type=charset%3Dutf-8&X-atmo-protocol=true&_=1768356165907 HTTP/1.1" 200 -
203.160.80.124 - - [14/Jan/2026:09:58:11 +0800] "GET /InternetTrading/longpoll/55136?X-Atmosphere-tracking-id=0&X-Atmosphere-Framework=2.2.3-javascript&X-Atmosphere-Transport=long-polling&X-Atmosphere-TrackMessageSize=true&Content-Type=charset%3Dutf-8&X-atmo-protocol=true&_=1768356165366 HTTP/1.1" 200 -
14.0.158.118 - - [14/Jan/2026:09:58:12 +0800] "GET /InternetTrading/longpoll/A8127?X-Atmosphere-tracking-id=0&X-Atmosphere-Framework=2.2.3-javascript&X-Atmosphere-Transport=long-polling&X-Atmosphere-TrackMessageSize=true&Content-Type=charset%3Dutf-8&X-atmo-protocol=true&_=1768356167608 HTTP/1.1" 200 -
203.160.80.124 - - [14/Jan/2026:09:58:13 +0800] "POST /InternetTrading/SessionErrorLogger HTTP/1.1" 200 117
203.160.80.124 - - [14/Jan/2026:09:58:13 +0800] "POST /InternetTrading/Heartbeat HTTP/1.1" 200 32
203.160.80.124 - - [14/Jan/2026:09:58:13 +0800] "POST /InternetTrading/SessionErrorLogger HTTP/1.1" 200 117
203.160.80.124 - - [14/Jan/2026:09:58:14 +0800] "POST /InternetTrading/MarketStatus HTTP/1.1" 200 772
119.136.153.148 - - [14/Jan/2026:09:58:15 +0800] "GET /InternetTrading/longpoll/51803?X-Atmosphere-tracking-id=0&X-Atmosphere-Framework=2.2.3-javascript&X-Atmosphere-Transport=long-polling&X-Atmosphere-TrackMessageSize=true&Content-Type=charset%3Dutf-8&X-atmo-protocol=true&_=1768356170145 HTTP/1.1" 200 -
203.184.201.173 - - [14/Jan/2026:09:58:16 +0800] "GET /InternetTrading/longpoll/56419?X-Atmosphere-tracking-id=0&X-Atmosphere-Framework=2.2.3-javascript&X-Atmosphere-Transport=long-polling&X-Atmosphere-TrackMessageSize=true&Content-Type=charset%3Dutf-8&X-atmo-protocol=true&_=1768356170863 HTTP/1.1" 200 -
203.160.80.124 - - [14/Jan/2026:09:58:17 +0800] "GET /InternetTrading/longpoll/55136?X-Atmosphere-tracking-id=0&X-Atmosphere-Framework=2.2.3-javascript&X-Atmosphere-Transport=long-polling&X-Atmosphere-TrackMessageSize=true&Content-Type=charset%3Dutf-8&X-atmo-protocol=true&_=1768356170836 HTTP/1.1" 200 -
117.24.53.13 - - [14/Jan/2026:09:58:17 +0800] "GET /InternetTrading/longpoll/M8773?X-Atmosphere-tracking-id=0&X-Atmosphere-Framework=2.2.3-javascript&X-Atmosphere-Transport=long-polling&X-Atmosphere-TrackMessageSize=true&Content-Type=charset%3Dutf-8&X-atmo-protocol=true&_=1768356171906 HTTP/1.1" 200 -
14.0.158.118 - - [14/Jan/2026:09:58:17 +0800] "GET /InternetTrading/longpoll/A8127?X-Atmosphere-tracking-id=0&X-Atmosphere-Framework=2.2.3-javascript&X-Atmosphere-Transport=long-polling&X-Atmosphere-TrackMessageSize=true&Content-Type=charset%3Dutf-8&X-atmo-protocol=true&_=1768356172895 HTTP/1.1" 200 -
117.24.53.13 - - [14/Jan/2026:09:58:19 +0800] "POST /InternetTrading/SessionErrorLogger HTTP/1.1" 200 117
117.24.53.13 - - [14/Jan/2026:09:58:19 +0800] "POST /InternetTrading/MarketStatus HTTP/1.1" 200 772
117.24.53.13 - - [14/Jan/2026:09:58:19 +0800] "POST /InternetTrading/SessionErrorLogger HTTP/1.1" 200 117
117.24.53.13 - - [14/Jan/2026:09:58:19 +0800] "POST /InternetTrading/Heartbeat HTTP/1.1" 200 32
119.136.153.148 - - [14/Jan/2026:09:58:20 +0800] "GET /InternetTrading/longpoll/51803?X-Atmosphere-tracking-id=0&X-Atmosphere-Framework=2.2.3-javascript&X-Atmosphere-Transport=long-polling&X-Atmosphere-TrackMessageSize=true&Content-Type=charset%3Dutf-8&X-atmo-protocol=true&_=1768356175553 HTTP/1.1" 200 -
203.184.201.173 - - [14/Jan/2026:09:58:21 +0800] "POST /InternetTrading/SessionErrorLogger HTTP/1.1" 200 117
203.184.201.173 - - [14/Jan/2026:09:58:21 +0800] "POST /InternetTrading/Heartbeat HTTP/1.1" 200 32
203.184.201.173 - - [14/Jan/2026:09:58:21 +0800] "GET /InternetTrading/longpoll/56419?X-Atmosphere-tracking-id=0&X-Atmosphere-Framework=2.2.3-javascript&X-Atmosphere-Transport=long-polling&X-Atmosphere-TrackMessageSize=true&Content-Type=charset%3Dutf-8&X-atmo-protocol=true&_=1768356175896 HTTP/1.1" 200 -
203.184.201.173 - - [14/Jan/2026:09:58:21 +0800] "POST /InternetTrading/SessionErrorLogger HTTP/1.1" 200 117
203.184.201.173 - - [14/Jan/2026:09:58:21 +0800] "POST /InternetTrading/MarketStatus HTTP/1.1" 200 772
203.160.80.124 - - [14/Jan/2026:09:58:22 +0800] "GET /InternetTrading/longpoll/55136?X-Atmosphere-tracking-id=0&X-Atmosphere-Framework=2.2.3-javascript&X-Atmosphere-Transport=long-polling&X-Atmosphere-TrackMessageSize=true&Content-Type=charset%3Dutf-8&X-atmo-protocol=true&_=1768356175980 HTTP/1.1" 200 -
14.0.158.118 - - [14/Jan/2026:09:58:22 +0800] "GET /InternetTrading/longpoll/A8127?X-Atmosphere-tracking-id=0&X-Atmosphere-Framework=2.2.3-javascript&X-Atmosphere-Transport=long-polling&X-Atmosphere-TrackMessageSize=true&Content-Type=charset%3Dutf-8&X-atmo-protocol=true&_=1768356178039 HTTP/1.1" 200 -
117.24.53.13 - - [14/Jan/2026:09:58:23 +0800] "GET /InternetTrading/longpoll/M8773?X-Atmosphere-tracking-id=0&X-Atmosphere-Framework=2.2.3-javascript&X-Atmosphere-Transport=long-polling&X-Atmosphere-TrackMessageSize=true&Content-Type=charset%3Dutf-8&X-atmo-protocol=true&_=1768356177907 HTTP/1.1" 200 -
203.184.201.173 - - [14/Jan/2026:09:58:26 +0800] "GET /InternetTrading/longpoll/56419?X-Atmosphere-tracking-id=0&X-Atmosphere-Framework=2.2.3-javascript&X-Atmosphere-Transport=long-polling&X-Atmosphere-TrackMessageSize=true&Content-Type=charset%3Dutf-8&X-atmo-protocol=true&_=1768356180918 HTTP/1.1" 200 -
119.136.153.148 - - [14/Jan/2026:09:58:26 +0800] "GET /InternetTrading/longpoll/51803?X-Atmosphere-tracking-id=0&X-Atmosphere-Framework=2.2.3-javascript&X-Atmosphere-Transport=long-polling&X-Atmosphere-TrackMessageSize=true&Content-Type=charset%3Dutf-8&X-atmo-protocol=true&_=1768356181552 HTTP/1.1" 200 -
203.160.80.124 - - [14/Jan/2026:09:58:27 +0800] "GET /InternetTrading/longpoll/55136?X-Atmosphere-tracking-id=0&X-Atmosphere-Framework=2.2.3-javascript&X-Atmosphere-Transport=long-polling&X-Atmosphere-TrackMessageSize=true&Content-Type=charset%3Dutf-8&X-atmo-protocol=true&_=1768356181417 HTTP/1.1" 200 -
14.0.158.118 - - [14/Jan/2026:09:58:28 +0800] "GET /InternetTrading/longpoll/A8127?X-Atmosphere-tracking-id=0&X-Atmosphere-Framework=2.2.3-javascript&X-Atmosphere-Transport=long-polling&X-Atmosphere-TrackMessageSize=true&Content-Type=charset%3Dutf-8&X-atmo-protocol=true&_=1768356183256 HTTP/1.1" 200 -
203.160.80.124 - - [14/Jan/2026:09:58:28 +0800] "POST /InternetTrading/SessionErrorLogger HTTP/1.1" 200 117
203.160.80.124 - - [14/Jan/2026:09:58:28 +0800] "POST /InternetTrading/Product HTTP/1.1" 200 308
117.24.53.13 - - [14/Jan/2026:09:58:29 +0800] "GET /InternetTrading/longpoll/M8773?X-Atmosphere-tracking-id=0&X-Atmosphere-Framework=2.2.3-javascript&X-Atmosphere-Transport=long-polling&X-Atmosphere-TrackMessageSize=true&Content-Type=charset%3Dutf-8&X-atmo-protocol=true&_=1768356183907 HTTP/1.1" 200 -
119.136.153.148 - - [14/Jan/2026:09:58:32 +0800] "GET /InternetTrading/longpoll/51803?X-Atmosphere-tracking-id=0&X-Atmosphere-Framework=2.2.3-javascript&X-Atmosphere-Transport=long-polling&X-Atmosphere-TrackMessageSize=true&Content-Type=charset%3Dutf-8&X-atmo-protocol=true&_=1768356187556 HTTP/1.1" 200 -
203.160.80.124 - - [14/Jan/2026:09:58:33 +0800] "GET /InternetTrading/longpoll/55136?X-Atmosphere-tracking-id=0&X-Atmosphere-Framework=2.2.3-javascript&X-Atmosphere-Transport=long-polling&X-Atmosphere-TrackMessageSize=true&Content-Type=charset%3Dutf-8&X-atmo-protocol=true&_=1768356186811 HTTP/1.1" 200 -
14.0.158.118 - - [14/Jan/2026:09:58:33 +0800] "GET /InternetTrading/longpoll/A8127?X-Atmosphere-tracking-id=0&X-Atmosphere-Framework=2.2.3-javascript&X-Atmosphere-Transport=long-polling&X-Atmosphere-TrackMessageSize=true&Content-Type=charset%3Dutf-8&X-atmo-protocol=true&_=1768356188441 HTTP/1.1" 200 -
14.0.158.118 - - [14/Jan/2026:09:58:33 +0800] "POST /InternetTrading/SessionErrorLogger HTTP/1.1" 200 117
14.0.158.118 - - [14/Jan/2026:09:58:33 +0800] "POST /InternetTrading/Heartbeat HTTP/1.1" 200 32
14.0.158.118 - - [14/Jan/2026:09:58:34 +0800] "GET /InternetTrading/tc/main.html?language=tc&version=HTML HTTP/1.1" 200 3578
14.0.158.118 - - [14/Jan/2026:09:58:34 +0800] "GET /InternetTrading/jquery/ui.datepicker.css HTTP/1.1" 200 1145
14.0.158.118 - - [14/Jan/2026:09:58:34 +0800] "GET /InternetTrading/jquery/jquery.tablesorter-theme.blue.css HTTP/1.1" 200 2083
14.0.158.118 - - [14/Jan/2026:09:58:34 +0800] "GET /InternetTrading/jquery/dragtable-2.0.9.css HTTP/1.1" 200 316
14.0.158.118 - - [14/Jan/2026:09:58:34 +0800] "GET /InternetTrading/jquery/jquery-ui-1.10.3.css HTTP/1.1" 200 5283
14.0.158.118 - - [14/Jan/2026:09:58:34 +0800] "GET /InternetTrading/tc/style.css?v=20200819161914 HTTP/1.1" 200 1435
14.0.158.118 - - [14/Jan/2026:09:58:34 +0800] "GET /InternetTrading/tc/style_common.css?v=20200819161914 HTTP/1.1" 200 2540
14.0.158.118 - - [14/Jan/2026:09:58:34 +0800] "GET /InternetTrading/tc/css/jquery.jscrollpane.css HTTP/1.1" 404 690
14.0.158.118 - - [14/Jan/2026:09:58:34 +0800] "GET /InternetTrading/jquery/jquery-1.6.3.min.js HTTP/1.1" 200 32057
14.0.158.118 - - [14/Jan/2026:09:58:34 +0800] "GET /InternetTrading/js/aastock.js HTTP/1.1" 200 553
14.0.158.118 - - [14/Jan/2026:09:58:34 +0800] "GET /InternetTrading/jquery/jquery.ba-postmessage.js HTTP/1.1" 200 2990
14.0.158.118 - - [14/Jan/2026:09:58:34 +0800] "GET /InternetTrading/jquery/jquery-migrate-3.0.0.js HTTP/1.1" 200 4963
14.0.158.118 - - [14/Jan/2026:09:58:34 +0800] "GET /InternetTrading/jquery/jquery-3.3.1.js HTTP/1.1" 200 80650
14.0.158.118 - - [14/Jan/2026:09:58:34 +0800] "GET /InternetTrading/js/cache.js?jsv=20200819161914 HTTP/1.1" 200 940
14.0.158.118 - - [14/Jan/2026:09:58:34 +0800] "GET /InternetTrading/js/atmosphere.js HTTP/1.1" 200 13461
14.0.158.118 - - [14/Jan/2026:09:58:34 +0800] "GET /InternetTrading/jquery/jquery-ui-1.10.3.js HTTP/1.1" 200 69642
14.0.158.118 - - [14/Jan/2026:09:58:34 +0800] "GET /InternetTrading/jquery/jquery.form-3.46.0.js HTTP/1.1" 200 5673
14.0.158.118 - - [14/Jan/2026:09:58:34 +0800] "GET /InternetTrading/jquery/jquery.blockUI-2.66.0.js HTTP/1.1" 200 6651
14.0.158.118 - - [14/Jan/2026:09:58:34 +0800] "GET /InternetTrading/jquery/jquery.validate-1.11.1.js HTTP/1.1" 200 7041
14.0.158.118 - - [14/Jan/2026:09:58:34 +0800] "GET /InternetTrading/jquery/additional-methods.js HTTP/1.1" 200 2238
14.0.158.118 - - [14/Jan/2026:09:58:34 +0800] "GET /InternetTrading/jquery/jquery.mousewheel-3.1.4.js HTTP/1.1" 200 822
14.0.158.118 - - [14/Jan/2026:09:58:34 +0800] "GET /InternetTrading/jquery/jquery.tablesorter-2.14.5.js HTTP/1.1" 200 8901
14.0.158.118 - - [14/Jan/2026:09:58:34 +0800] "GET /InternetTrading/jquery/jquery.tablesorter.widgets-2.14.5.js HTTP/1.1" 200 8611
14.0.158.118 - - [14/Jan/2026:09:58:34 +0800] "GET /InternetTrading/jquery/jquery.combobox.packed.js HTTP/1.1" 200 3387
14.0.158.118 - - [14/Jan/2026:09:58:34 +0800] "GET /InternetTrading/jquery/jquery.getParams.js HTTP/1.1" 200 587
14.0.158.118 - - [14/Jan/2026:09:58:34 +0800] "GET /InternetTrading/jquery/jquery.selectboxes.pack.js HTTP/1.1" 200 1640
14.0.158.118 - - [14/Jan/2026:09:58:34 +0800] "GET /InternetTrading/jquery/jquery.timer-0.9.16.js HTTP/1.1" 200 542
14.0.158.118 - - [14/Jan/2026:09:58:34 +0800] "GET /InternetTrading/jquery/date.js HTTP/1.1" 200 2807
14.0.158.118 - - [14/Jan/2026:09:58:34 +0800] "GET /InternetTrading/json/json2.js?jsv=20200819161914 HTTP/1.1" 200 1372
14.0.158.118 - - [14/Jan/2026:09:58:34 +0800] "GET /InternetTrading/jquery/globalize-0.1.0a1.js HTTP/1.1" 200 6984
14.0.158.118 - - [14/Jan/2026:09:58:34 +0800] "GET /InternetTrading/settings/crm_display_settings.js?jsv=20200819161914 HTTP/1.1" 200 1781
14.0.158.118 - - [14/Jan/2026:09:58:34 +0800] "GET /InternetTrading/js/constants.js?jsv=20200819161914 HTTP/1.1" 200 400
14.0.158.118 - - [14/Jan/2026:09:58:34 +0800] "GET /InternetTrading/tc/user/custom_variables.js?jsv=20200819161914 HTTP/1.1" 200 275
14.0.158.118 - - [14/Jan/2026:09:58:34 +0800] "GET /InternetTrading/tc/user/translation.js?jsv=20200819161914 HTTP/1.1" 200 12818
14.0.158.118 - - [14/Jan/2026:09:58:34 +0800] "GET /InternetTrading/js/haitong.js?jsv=20200819161914 HTTP/1.1" 200 3881
14.0.158.118 - - [14/Jan/2026:09:58:34 +0800] "GET /InternetTrading/js/util.js?jsv=20200819161914 HTTP/1.1" 200 6636
14.0.158.118 - - [14/Jan/2026:09:58:34 +0800] "GET /InternetTrading/js/init.js?jsv=20200819161914 HTTP/1.1" 200 886
14.0.158.118 - - [14/Jan/2026:09:58:34 +0800] "GET /InternetTrading/js/rsautil.js?jsv=20200819161914 HTTP/1.1" 200 1017
14.0.158.118 - - [14/Jan/2026:09:58:34 +0800] "GET /InternetTrading/js/main.js?jsv=20200819161914 HTTP/1.1" 200 30725
14.0.158.118 - - [14/Jan/2026:09:58:34 +0800] "GET /InternetTrading/js/corporate.js?jsv=20200819161914 HTTP/1.1" 200 1575
14.0.158.118 - - [14/Jan/2026:09:58:34 +0800] "GET /InternetTrading/js/update_mdf.js?jsv=20200819161914 HTTP/1.1" 200 856
14.0.158.118 - - [14/Jan/2026:09:58:34 +0800] "GET /InternetTrading/js/validation_hkex.js?jsv=20200819161914 HTTP/1.1" 200 2300
14.0.158.118 - - [14/Jan/2026:09:58:34 +0800] "GET /InternetTrading/js/validation_bshare.js?jsv=20200819161914 HTTP/1.1" 200 1567
14.0.158.118 - - [14/Jan/2026:09:58:34 +0800] "GET /InternetTrading/js/validation_ashare.js?jsv=20200819161914 HTTP/1.1" 200 2482
14.0.158.118 - - [14/Jan/2026:09:58:34 +0800] "GET /InternetTrading/js/validation_global.js?jsv=20200819161914 HTTP/1.1" 200 1564
14.0.158.118 - - [14/Jan/2026:09:58:34 +0800] "GET /InternetTrading/js/account.js?jsv=20200819161914 HTTP/1.1" 200 2656
14.0.158.118 - - [14/Jan/2026:09:58:34 +0800] "GET /InternetTrading/js/ipo.js?jsv=20200819161914 HTTP/1.1" 200 5726
14.0.158.118 - - [14/Jan/2026:09:58:34 +0800] "GET /InternetTrading/js/cash_transfer.js?jsv=20200819161914 HTTP/1.1" 200 2712
14.0.158.118 - - [14/Jan/2026:09:58:34 +0800] "GET /InternetTrading/js/mm.js?jsv=20200819161914 HTTP/1.1" 200 487
14.0.158.118 - - [14/Jan/2026:09:58:34 +0800] "GET /InternetTrading/js/spread_cache.js?jsv=20200819161914 HTTP/1.1" 200 908
119.136.153.148 - - [14/Jan/2026:09:58:34 +0800] "POST /InternetTrading/SessionErrorLogger HTTP/1.1" 200 117
119.136.153.148 - - [14/Jan/2026:09:58:34 +0800] "POST /InternetTrading/Heartbeat HTTP/1.1" 200 32
119.136.153.148 - - [14/Jan/2026:09:58:34 +0800] "POST /InternetTrading/SessionErrorLogger HTTP/1.1" 200 117
14.0.158.118 - - [14/Jan/2026:09:58:34 +0800] "GET /InternetTrading/js/isec_calculator.js?jsv=20200819161914 HTTP/1.1" 200 1364
14.0.158.118 - - [14/Jan/2026:09:58:34 +0800] "GET /InternetTrading/js/payment_instruction.js?jsv=20200819161914 HTTP/1.1" 200 2178
14.0.158.118 - - [14/Jan/2026:09:58:34 +0800] "GET /InternetTrading/js/eStatement.js?jsv=20200819161914 HTTP/1.1" 200 562
14.0.158.118 - - [14/Jan/2026:09:58:34 +0800] "GET /InternetTrading/js/payment_instruction_IMOS.js?jsv=20200819161914 HTTP/1.1" 200 6874
14.0.158.118 - - [14/Jan/2026:09:58:34 +0800] "GET /InternetTrading/js/string_extend.js?jsv=20200819161914 HTTP/1.1" 200 272
14.0.158.118 - - [14/Jan/2026:09:58:34 +0800] "GET /InternetTrading/ExchangeList?fmt=js&jsv=20200819161914 HTTP/1.1" 200 146
119.136.153.148 - - [14/Jan/2026:09:58:34 +0800] "POST /InternetTrading/MarketStatus HTTP/1.1" 200 772
14.0.158.118 - - [14/Jan/2026:09:58:34 +0800] "GET /InternetTrading/js/pidcrypt.js?jsv=20200819161914 HTTP/1.1" 200 982
14.0.158.118 - - [14/Jan/2026:09:58:34 +0800] "GET /InternetTrading/js/pidcrypt_util.js?jsv=20200819161914 HTTP/1.1" 200 1206
14.0.158.118 - - [14/Jan/2026:09:58:34 +0800] "GET /InternetTrading/js/md5.js?jsv=20200819161914 HTTP/1.1" 200 1730
14.0.158.118 - - [14/Jan/2026:09:58:34 +0800] "GET /InternetTrading/js/aes_cbc.js?jsv=20200819161914 HTTP/1.1" 200 2043
14.0.158.118 - - [14/Jan/2026:09:58:34 +0800] "GET /InternetTrading/js/asn1.js?jsv=20200819161914 HTTP/1.1" 200 3099
14.0.158.118 - - [14/Jan/2026:09:58:34 +0800] "GET /InternetTrading/js/aes_core.js?jsv=20200819161914 HTTP/1.1" 200 2106
14.0.158.118 - - [14/Jan/2026:09:58:34 +0800] "GET /InternetTrading/js/sha256.js?jsv=20200819161914 HTTP/1.1" 200 1362
14.0.158.118 - - [14/Jan/2026:09:58:35 +0800] "GET /InternetTrading/js/prng4.js?jsv=20200819161914 HTTP/1.1" 200 303
14.0.158.118 - - [14/Jan/2026:09:58:35 +0800] "GET /InternetTrading/js/jsbn.js?jsv=20200819161914 HTTP/1.1" 200 6736
14.0.158.118 - - [14/Jan/2026:09:58:35 +0800] "GET /InternetTrading/js/rng.js?jsv=20200819161914 HTTP/1.1" 200 481
14.0.158.118 - - [14/Jan/2026:09:58:35 +0800] "GET /InternetTrading/js/rsa.js?jsv=20200819161914 HTTP/1.1" 200 1658
14.0.158.118 - - [14/Jan/2026:09:58:35 +0800] "GET /InternetTrading/js/aes.js?jsv=20200819161914 HTTP/1.1" 200 4816
14.0.158.118 - - [14/Jan/2026:09:58:35 +0800] "GET /InternetTrading/js/mode-ecb.js?jsv=20200819161914 HTTP/1.1" 200 199
14.0.158.118 - - [14/Jan/2026:09:58:35 +0800] "GET /InternetTrading/js/utilSpec.js?jsv=20200819161914 HTTP/1.1" 200 27
14.0.158.118 - - [14/Jan/2026:09:58:35 +0800] "GET /InternetTrading/js/update_lastlogin.js?jsv=20200819161914 HTTP/1.1" 200 980
14.0.158.118 - - [14/Jan/2026:09:58:35 +0800] "GET /InternetTrading/js/pw_alert.js?jsv=20200819161914 HTTP/1.1" 200 418
14.0.158.118 - - [14/Jan/2026:09:58:35 +0800] "GET /InternetTrading/js/jquery.jscrollpane.js HTTP/1.1" 404 685
14.0.158.118 - - [14/Jan/2026:09:58:35 +0800] "GET /InternetTrading/js/jquery.mousewheel.js HTTP/1.1" 404 684
14.0.158.118 - - [14/Jan/2026:09:58:35 +0800] "GET /InternetTrading/js/jquery.cookie.js HTTP/1.1" 200 834
14.0.158.118 - - [14/Jan/2026:09:58:35 +0800] "GET /InternetTrading/js/decimal.js HTTP/1.1" 200 13492
14.0.158.118 - - [14/Jan/2026:09:58:35 +0800] "GET /InternetTrading/GoodTillDateValidExch?fmt=js&jsv=20200819161914 HTTP/1.1" 200 29
14.0.158.118 - - [14/Jan/2026:09:58:35 +0800] "GET /InternetTrading/tc/images/top_menu01.jpg HTTP/1.1" 200 3466
14.0.158.118 - - [14/Jan/2026:09:58:35 +0800] "GET /InternetTrading/tc/images/logo.png HTTP/1.1" 200 7042
14.0.158.118 - - [14/Jan/2026:09:58:35 +0800] "GET /InternetTrading/images/top_bg1.jpg HTTP/1.1" 200 329
14.0.158.118 - - [14/Jan/2026:09:58:35 +0800] "GET /InternetTrading/tc/images/top_menu04.jpg HTTP/1.1" 200 3430
14.0.158.118 - - [14/Jan/2026:09:58:35 +0800] "GET /InternetTrading/tc/images/top_menu_logout.jpg HTTP/1.1" 200 1016
14.0.158.118 - - [14/Jan/2026:09:58:35 +0800] "GET /InternetTrading/images/top_bg3.jpg HTTP/1.1" 200 878
14.0.158.118 - - [14/Jan/2026:09:58:35 +0800] "GET /InternetTrading/images/top_bg2.jpg HTTP/1.1" 200 330
14.0.158.118 - - [14/Jan/2026:09:58:35 +0800] "POST /InternetTrading/PopUpConfig HTTP/1.1" 200 2
14.0.158.118 - - [14/Jan/2026:09:58:35 +0800] "POST /InternetTrading/Heartbeat HTTP/1.1" 200 32
14.0.158.118 - - [14/Jan/2026:09:58:35 +0800] "GET /InternetTrading/tc/dialog.html?1768356190455 HTTP/1.1" 200 3188
14.0.158.118 - - [14/Jan/2026:09:58:35 +0800] "POST /InternetTrading/CustomerInfoLite HTTP/1.1" 200 124
203.184.201.173 - - [14/Jan/2026:09:58:35 +0800] "GET /InternetTrading/longpoll/56419?X-Atmosphere-tracking-id=0&X-Atmosphere-Framework=2.2.3-javascript&X-Atmosphere-Transport=long-polling&X-Atmosphere-TrackMessageSize=true&Content-Type=charset%3Dutf-8&X-atmo-protocol=true&_=1768356186822 HTTP/1.1" 200 -
14.0.158.118 - - [14/Jan/2026:09:58:35 +0800] "GET /InternetTrading/tc/images/top_menu01_o.jpg HTTP/1.1" 200 3339
14.0.158.118 - - [14/Jan/2026:09:58:35 +0800] "POST /InternetTrading/SpreadPriceCache HTTP/1.1" 200 1947
14.0.158.118 - - [14/Jan/2026:09:58:35 +0800] "GET /InternetTrading/tc/trade.html HTTP/1.1" 200 2113
14.0.158.118 - - [14/Jan/2026:09:58:35 +0800] "GET /InternetTrading/jquery/wait.gif HTTP/1.1" 200 432
14.0.158.118 - - [14/Jan/2026:09:58:35 +0800] "POST /InternetTrading/SessionErrorLogger HTTP/1.1" 200 117
14.0.158.118 - - [14/Jan/2026:09:58:35 +0800] "POST /InternetTrading/SessionErrorLogger HTTP/1.1" 200 117
14.0.158.118 - - [14/Jan/2026:09:58:35 +0800] "POST /InternetTrading/GetLastLoginDate HTTP/1.1" 200 31
117.24.53.13 - - [14/Jan/2026:09:58:35 +0800] "GET /InternetTrading/longpoll/M8773?X-Atmosphere-tracking-id=0&X-Atmosphere-Framework=2.2.3-javascript&X-Atmosphere-Transport=long-polling&X-Atmosphere-TrackMessageSize=true&Content-Type=charset%3Dutf-8&X-atmo-protocol=true&_=1768356189906 HTTP/1.1" 200 -
14.0.158.118 - - [14/Jan/2026:09:58:35 +0800] "GET /InternetTrading/tc/images/trade_point01.jpg HTTP/1.1" 200 358
14.0.158.118 - - [14/Jan/2026:09:58:35 +0800] "GET /InternetTrading/tc/applet_dummy.html HTTP/1.1" 200 330
14.0.158.118 - - [14/Jan/2026:09:58:35 +0800] "GET /InternetTrading/tc/images/refresh.gif HTTP/1.1" 200 1145
14.0.158.118 - - [14/Jan/2026:09:58:35 +0800] "GET /InternetTrading/tc/getpopupMsgName.jsp HTTP/1.1" 200 -
14.0.158.118 - - [14/Jan/2026:09:58:35 +0800] "POST /InternetTrading/SessionErrorLogger HTTP/1.1" 200 117
14.0.158.118 - - [14/Jan/2026:09:58:35 +0800] "GET /InternetTrading/tc/buy_ticket.html? HTTP/1.1" 200 1995
14.0.158.118 - - [14/Jan/2026:09:58:35 +0800] "POST /InternetTrading/SessionErrorLogger HTTP/1.1" 200 117
14.0.158.118 - - [14/Jan/2026:09:58:35 +0800] "POST /InternetTrading/MarketStatus HTTP/1.1" 200 772
14.0.158.118 - - [14/Jan/2026:09:58:35 +0800] "POST /InternetTrading/SessionErrorLogger HTTP/1.1" 200 117
14.0.158.118 - - [14/Jan/2026:09:58:36 +0800] "GET /InternetTrading/tc/multi_currency_balance.html HTTP/1.1" 200 295
14.0.158.118 - - [14/Jan/2026:09:58:36 +0800] "GET /InternetTrading/jquery/wait.gif HTTP/1.1" 200 432
14.0.158.118 - - [14/Jan/2026:09:58:36 +0800] "GET /InternetTrading/Home/PostToAA.jsp?hl=tc HTTP/1.1" 200 293
14.0.158.118 - - [14/Jan/2026:09:58:36 +0800] "GET /InternetTrading/jquery/images/ui-icons_222222_256x240.png HTTP/1.1" 200 6922
14.0.158.118 - - [14/Jan/2026:09:58:36 +0800] "GET /InternetTrading/jquery/images/ui-bg_flat_75_ffffff_40x100.png HTTP/1.1" 200 208
14.0.158.118 - - [14/Jan/2026:09:58:36 +0800] "POST /InternetTrading/SessionErrorLogger HTTP/1.1" 200 117
14.0.158.118 - - [14/Jan/2026:09:58:36 +0800] "POST /InternetTrading/SessionErrorLogger HTTP/1.1" 200 117
14.0.158.118 - - [14/Jan/2026:09:58:36 +0800] "POST /InternetTrading/MarketStatus HTTP/1.1" 200 772
14.0.158.118 - - [14/Jan/2026:09:58:36 +0800] "POST /InternetTrading/MarketStatus HTTP/1.1" 200 772
119.136.153.148 - - [14/Jan/2026:09:58:37 +0800] "GET /InternetTrading/longpoll/51803?X-Atmosphere-tracking-id=0&X-Atmosphere-Framework=2.2.3-javascript&X-Atmosphere-Transport=long-polling&X-Atmosphere-TrackMessageSize=true&Content-Type=charset%3Dutf-8&X-atmo-protocol=true&_=1768356192608 HTTP/1.1" 200 -
14.0.158.118 - - [14/Jan/2026:09:58:37 +0800] "POST /InternetTrading/SessionErrorLogger HTTP/1.1" 200 117
203.160.80.124 - - [14/Jan/2026:09:58:38 +0800] "GET /InternetTrading/longpoll/55136?X-Atmosphere-tracking-id=0&X-Atmosphere-Framework=2.2.3-javascript&X-Atmosphere-Transport=long-polling&X-Atmosphere-TrackMessageSize=true&Content-Type=charset%3Dutf-8&X-atmo-protocol=true&_=1768356191972 HTTP/1.1" 200 -
14.0.158.118 - - [14/Jan/2026:09:58:38 +0800] "POST /InternetTrading/SessionErrorLogger HTTP/1.1" 200 117
14.0.158.118 - - [14/Jan/2026:09:58:38 +0800] "POST /InternetTrading/CustomerInfo HTTP/1.1" 200 224
14.0.158.118 - - [14/Jan/2026:09:58:39 +0800] "GET /InternetTrading/tc/account_status.html HTTP/1.1" 200 426
14.0.158.118 - - [14/Jan/2026:09:58:39 +0800] "POST /InternetTrading/SessionErrorLogger HTTP/1.1" 200 117
14.0.158.118 - - [14/Jan/2026:09:58:39 +0800] "POST /InternetTrading/SessionErrorLogger HTTP/1.1" 200 117
14.0.158.118 - - [14/Jan/2026:09:58:39 +0800] "POST /InternetTrading/MarketStatus HTTP/1.1" 200 772
14.0.158.118 - - [14/Jan/2026:09:58:39 +0800] "GET /InternetTrading/jquery/wait.gif HTTP/1.1" 200 432
14.0.158.118 - - [14/Jan/2026:09:58:39 +0800] "POST /InternetTrading/SessionErrorLogger HTTP/1.1" 200 117
14.0.158.118 - - [14/Jan/2026:09:58:39 +0800] "GET /InternetTrading/jquery/wait.gif HTTP/1.1" 200 432
14.0.158.118 - - [14/Jan/2026:09:58:39 +0800] "POST /InternetTrading/LongPollingConfig HTTP/1.1" 200 4
14.0.158.118 - - [14/Jan/2026:09:58:39 +0800] "POST /InternetTrading/SessionErrorLogger HTTP/1.1" 200 117
14.0.158.118 - - [14/Jan/2026:09:58:39 +0800] "GET /InternetTrading/longpoll/A8127?X-Atmosphere-tracking-id=0&X-Atmosphere-Framework=2.2.3-javascript&X-Atmosphere-Transport=long-polling&X-Atmosphere-TrackMessageSize=true&Content-Type=charset%3Dutf-8&X-atmo-protocol=true&_=1768356194702 HTTP/1.1" 200 -
14.0.158.118 - - [14/Jan/2026:09:58:39 +0800] "POST /InternetTrading/Portfolio HTTP/1.1" 200 1661
203.184.201.173 - - [14/Jan/2026:09:58:40 +0800] "GET /InternetTrading/longpoll/56419?X-Atmosphere-tracking-id=0&X-Atmosphere-Framework=2.2.3-javascript&X-Atmosphere-Transport=long-polling&X-Atmosphere-TrackMessageSize=true&Content-Type=charset%3Dutf-8&X-atmo-protocol=true&_=1768356195089 HTTP/1.1" 200 -
117.24.53.13 - - [14/Jan/2026:09:58:41 +0800] "GET /InternetTrading/longpoll/M8773?X-Atmosphere-tracking-id=0&X-Atmosphere-Framework=2.2.3-javascript&X-Atmosphere-Transport=long-polling&X-Atmosphere-TrackMessageSize=true&Content-Type=charset%3Dutf-8&X-atmo-protocol=true&_=1768356195907 HTTP/1.1" 200 -
119.136.153.148 - - [14/Jan/2026:09:58:42 +0800] "GET /InternetTrading/longpoll/51803?X-Atmosphere-tracking-id=0&X-Atmosphere-Framework=2.2.3-javascript&X-Atmosphere-Transport=long-polling&X-Atmosphere-TrackMessageSize=true&Content-Type=charset%3Dutf-8&X-atmo-protocol=true&_=1768356197639 HTTP/1.1" 200 -
203.160.80.124 - - [14/Jan/2026:09:58:43 +0800] "POST /InternetTrading/SessionErrorLogger HTTP/1.1" 200 117
203.160.80.124 - - [14/Jan/2026:09:58:43 +0800] "POST /InternetTrading/Heartbeat HTTP/1.1" 200 32
203.160.80.124 - - [14/Jan/2026:09:58:43 +0800] "GET /InternetTrading/longpoll/55136?X-Atmosphere-tracking-id=0&X-Atmosphere-Framework=2.2.3-javascript&X-Atmosphere-Transport=long-polling&X-Atmosphere-TrackMessageSize=true&Content-Type=charset%3Dutf-8&X-atmo-protocol=true&_=1768356197381 HTTP/1.1" 200 -
203.160.80.124 - - [14/Jan/2026:09:58:44 +0800] "POST /InternetTrading/SessionErrorLogger HTTP/1.1" 200 117
203.160.80.124 - - [14/Jan/2026:09:58:44 +0800] "POST /InternetTrading/MarketStatus HTTP/1.1" 200 772
14.0.158.118 - - [14/Jan/2026:09:58:44 +0800] "GET /InternetTrading/longpoll/A8127?X-Atmosphere-tracking-id=0&X-Atmosphere-Framework=2.2.3-javascript&X-Atmosphere-Transport=long-polling&X-Atmosphere-TrackMessageSize=true&Content-Type=charset%3Dutf-8&X-atmo-protocol=true&_=1768356199757 HTTP/1.1" 200 -
203.184.201.173 - - [14/Jan/2026:09:58:45 +0800] "GET /InternetTrading/longpoll/56419?X-Atmosphere-tracking-id=0&X-Atmosphere-Framework=2.2.3-javascript&X-Atmosphere-Transport=long-polling&X-Atmosphere-TrackMessageSize=true&Content-Type=charset%3Dutf-8&X-atmo-protocol=true&_=1768356200187 HTTP/1.1" 200 -
117.24.53.13 - - [14/Jan/2026:09:58:47 +0800] "GET /InternetTrading/longpoll/M8773?X-Atmosphere-tracking-id=0&X-Atmosphere-Framework=2.2.3-javascript&X-Atmosphere-Transport=long-polling&X-Atmosphere-TrackMessageSize=true&Content-Type=charset%3Dutf-8&X-atmo-protocol=true&_=1768356201913 HTTP/1.1" 200 -
119.136.153.148 - - [14/Jan/2026:09:58:47 +0800] "GET /InternetTrading/longpoll/51803?X-Atmosphere-tracking-id=0&X-Atmosphere-Framework=2.2.3-javascript&X-Atmosphere-Transport=long-polling&X-Atmosphere-TrackMessageSize=true&Content-Type=charset%3Dutf-8&X-atmo-protocol=true&_=1768356202663 HTTP/1.1" 200 -
203.160.80.124 - - [14/Jan/2026:09:58:48 +0800] "GET /InternetTrading/longpoll/55136?X-Atmosphere-tracking-id=0&X-Atmosphere-Framework=2.2.3-javascript&X-Atmosphere-Transport=long-polling&X-Atmosphere-TrackMessageSize=true&Content-Type=charset%3Dutf-8&X-atmo-protocol=true&_=1768356202612 HTTP/1.1" 200 -
14.0.158.118 - - [14/Jan/2026:09:58:49 +0800] "GET /InternetTrading/longpoll/A8127?X-Atmosphere-tracking-id=0&X-Atmosphere-Framework=2.2.3-javascript&X-Atmosphere-Transport=long-polling&X-Atmosphere-TrackMessageSize=true&Content-Type=charset%3Dutf-8&X-atmo-protocol=true&_=1768356204843 HTTP/1.1" 200 -
203.184.201.173 - - [14/Jan/2026:09:58:50 +0800] "GET /InternetTrading/longpoll/56419?X-Atmosphere-tracking-id=0&X-Atmosphere-Framework=2.2.3-javascript&X-Atmosphere-Transport=long-polling&X-Atmosphere-TrackMessageSize=true&Content-Type=charset%3Dutf-8&X-atmo-protocol=true&_=1768356205263 HTTP/1.1" 200 -
203.184.201.173 - - [14/Jan/2026:09:58:51 +0800] "POST /InternetTrading/SessionErrorLogger HTTP/1.1" 200 117
203.184.201.173 - - [14/Jan/2026:09:58:51 +0800] "POST /InternetTrading/Heartbeat HTTP/1.1" 200 32
203.184.201.173 - - [14/Jan/2026:09:58:52 +0800] "POST /InternetTrading/SessionErrorLogger HTTP/1.1" 200 117
203.184.201.173 - - [14/Jan/2026:09:58:52 +0800] "POST /InternetTrading/MarketStatus HTTP/1.1" 200 772
119.136.153.148 - - [14/Jan/2026:09:58:52 +0800] "GET /InternetTrading/longpoll/51803?X-Atmosphere-tracking-id=0&X-Atmosphere-Framework=2.2.3-javascript&X-Atmosphere-Transport=long-polling&X-Atmosphere-TrackMessageSize=true&Content-Type=charset%3Dutf-8&X-atmo-protocol=true&_=1768356207689 HTTP/1.1" 200 -
117.24.53.13 - - [14/Jan/2026:09:58:53 +0800] "GET /InternetTrading/longpoll/M8773?X-Atmosphere-tracking-id=0&X-Atmosphere-Framework=2.2.3-javascript&X-Atmosphere-Transport=long-polling&X-Atmosphere-TrackMessageSize=true&Content-Type=charset%3Dutf-8&X-atmo-protocol=true&_=1768356207913 HTTP/1.1" 200 -
203.160.80.124 - - [14/Jan/2026:09:58:54 +0800] "GET /InternetTrading/longpoll/55136?X-Atmosphere-tracking-id=0&X-Atmosphere-Framework=2.2.3-javascript&X-Atmosphere-Transport=long-polling&X-Atmosphere-TrackMessageSize=true&Content-Type=charset%3Dutf-8&X-atmo-protocol=true&_=1768356207873 HTTP/1.1" 200 -
14.0.158.118 - - [14/Jan/2026:09:58:54 +0800] "GET /InternetTrading/longpoll/A8127?X-Atmosphere-tracking-id=0&X-Atmosphere-Framework=2.2.3-javascript&X-Atmosphere-Transport=long-polling&X-Atmosphere-TrackMessageSize=true&Content-Type=charset%3Dutf-8&X-atmo-protocol=true&_=1768356210004 HTTP/1.1" 200 -
14.0.158.118 - - [14/Jan/2026:09:58:56 +0800] "POST /InternetTrading/SessionErrorLogger HTTP/1.1" 200 117
14.0.158.118 - - [14/Jan/2026:09:58:56 +0800] "POST /InternetTrading/Product HTTP/1.1" 200 306
203.184.201.173 - - [14/Jan/2026:09:58:56 +0800] "GET /InternetTrading/longpoll/56419?X-Atmosphere-tracking-id=0&X-Atmosphere-Framework=2.2.3-javascript&X-Atmosphere-Transport=long-polling&X-Atmosphere-TrackMessageSize=true&Content-Type=charset%3Dutf-8&X-atmo-protocol=true&_=1768356210340 HTTP/1.1" 200 -
203.160.80.124 - - [14/Jan/2026:09:58:57 +0800] "POST /InternetTrading/SessionErrorLogger HTTP/1.1" 200 117
203.160.80.124 - - [14/Jan/2026:09:58:57 +0800] "POST /InternetTrading/OrderMaxQuantity HTTP/1.1" 200 7
119.136.153.148 - - [14/Jan/2026:09:58:58 +0800] "GET /InternetTrading/longpoll/51803?X-Atmosphere-tracking-id=0&X-Atmosphere-Framework=2.2.3-javascript&X-Atmosphere-Transport=long-polling&X-Atmosphere-TrackMessageSize=true&Content-Type=charset%3Dutf-8&X-atmo-protocol=true&_=1768356212714 HTTP/1.1" 200 -
203.160.80.124 - - [14/Jan/2026:09:58:59 +0800] "GET /InternetTrading/longpoll/55136?X-Atmosphere-tracking-id=0&X-Atmosphere-Framework=2.2.3-javascript&X-Atmosphere-Transport=long-polling&X-Atmosphere-TrackMessageSize=true&Content-Type=charset%3Dutf-8&X-atmo-protocol=true&_=1768356213204 HTTP/1.1" 200 -
117.24.53.13 - - [14/Jan/2026:09:58:59 +0800] "GET /InternetTrading/longpoll/M8773?X-Atmosphere-tracking-id=0&X-Atmosphere-Framework=2.2.3-javascript&X-Atmosphere-Transport=long-polling&X-Atmosphere-TrackMessageSize=true&Content-Type=charset%3Dutf-8&X-atmo-protocol=true&_=1768356213912 HTTP/1.1" 200 -
14.0.158.118 - - [14/Jan/2026:09:58:59 +0800] "GET /InternetTrading/longpoll/A8127?X-Atmosphere-tracking-id=0&X-Atmosphere-Framework=2.2.3-javascript&X-Atmosphere-Transport=long-polling&X-Atmosphere-TrackMessageSize=true&Content-Type=charset%3Dutf-8&X-atmo-protocol=true&_=1768356215124 HTTP/1.1" 200 -
203.184.201.173 - - [14/Jan/2026:09:59:02 +0800] "GET /InternetTrading/longpoll/56419?X-Atmosphere-tracking-id=0&X-Atmosphere-Framework=2.2.3-javascript&X-Atmosphere-Transport=long-polling&X-Atmosphere-TrackMessageSize=true&Content-Type=charset%3Dutf-8&X-atmo-protocol=true&_=1768356216106 HTTP/1.1" 200 -
119.136.153.148 - - [14/Jan/2026:09:59:03 +0800] "GET /InternetTrading/longpoll/51803?X-Atmosphere-tracking-id=0&X-Atmosphere-Framework=2.2.3-javascript&X-Atmosphere-Transport=long-polling&X-Atmosphere-TrackMessageSize=true&Content-Type=charset%3Dutf-8&X-atmo-protocol=true&_=1768356217771 HTTP/1.1" 200 -
203.160.80.124 - - [14/Jan/2026:09:59:04 +0800] "GET /InternetTrading/longpoll/55136?X-Atmosphere-tracking-id=0&X-Atmosphere-Framework=2.2.3-javascript&X-Atmosphere-Transport=long-polling&X-Atmosphere-TrackMessageSize=true&Content-Type=charset%3Dutf-8&X-atmo-protocol=true&_=1768356218379 HTTP/1.1" 200 -
119.136.153.148 - - [14/Jan/2026:09:59:04 +0800] "POST /InternetTrading/SessionErrorLogger HTTP/1.1" 200 117
119.136.153.148 - - [14/Jan/2026:09:59:04 +0800] "POST /InternetTrading/Heartbeat HTTP/1.1" 200 32
119.136.153.148 - - [14/Jan/2026:09:59:04 +0800] "POST /InternetTrading/SessionErrorLogger HTTP/1.1" 200 117
119.136.153.148 - - [14/Jan/2026:09:59:04 +0800] "POST /InternetTrading/MarketStatus HTTP/1.1" 200 772
14.0.158.118 - - [14/Jan/2026:09:59:05 +0800] "GET /InternetTrading/longpoll/A8127?X-Atmosphere-tracking-id=0&X-Atmosphere-Framework=2.2.3-javascript&X-Atmosphere-Transport=long-polling&X-Atmosphere-TrackMessageSize=true&Content-Type=charset%3Dutf-8&X-atmo-protocol=true&_=1768356220195 HTTP/1.1" 200 -
117.24.53.13 - - [14/Jan/2026:09:59:05 +0800] "GET /InternetTrading/longpoll/M8773?X-Atmosphere-tracking-id=0&X-Atmosphere-Framework=2.2.3-javascript&X-Atmosphere-Transport=long-polling&X-Atmosphere-TrackMessageSize=true&Content-Type=charset%3Dutf-8&X-atmo-protocol=true&_=1768356219913 HTTP/1.1" 200 -
14.0.158.118 - - [14/Jan/2026:09:59:05 +0800] "POST /InternetTrading/SessionErrorLogger HTTP/1.1" 200 117
14.0.158.118 - - [14/Jan/2026:09:59:06 +0800] "POST /InternetTrading/Heartbeat HTTP/1.1" 200 32
14.0.158.118 - - [14/Jan/2026:09:59:06 +0800] "POST /InternetTrading/SessionErrorLogger HTTP/1.1" 200 117
14.0.158.118 - - [14/Jan/2026:09:59:06 +0800] "POST /InternetTrading/MarketStatus HTTP/1.1" 200 772
119.136.153.148 - - [14/Jan/2026:09:59:08 +0800] "GET /InternetTrading/longpoll/51803?X-Atmosphere-tracking-id=0&X-Atmosphere-Framework=2.2.3-javascript&X-Atmosphere-Transport=long-polling&X-Atmosphere-TrackMessageSize=true&Content-Type=charset%3Dutf-8&X-atmo-protocol=true&_=1768356222825 HTTP/1.1" 200 -
203.160.80.124 - - [14/Jan/2026:09:59:08 +0800] "POST /InternetTrading/SessionErrorLogger HTTP/1.1" 200 117
203.160.80.124 - - [14/Jan/2026:09:59:08 +0800] "POST /InternetTrading/LoginKey HTTP/1.1" 200 -
203.160.80.124 - - [14/Jan/2026:09:59:08 +0800] "POST /InternetTrading/PreOrder HTTP/1.1" 200 1212
203.184.201.173 - - [14/Jan/2026:09:59:08 +0800] "GET /InternetTrading/longpoll/56419?X-Atmosphere-tracking-id=0&X-Atmosphere-Framework=2.2.3-javascript&X-Atmosphere-Transport=long-polling&X-Atmosphere-TrackMessageSize=true&Content-Type=charset%3Dutf-8&X-atmo-protocol=true&_=1768356222224 HTTP/1.1" 200 -
203.160.80.124 - - [14/Jan/2026:09:59:09 +0800] "GET /InternetTrading/jquery/wait.gif HTTP/1.1" 200 432
203.160.80.124 - - [14/Jan/2026:09:59:09 +0800] "GET /InternetTrading/longpoll/55136?X-Atmosphere-tracking-id=0&X-Atmosphere-Framework=2.2.3-javascript&X-Atmosphere-Transport=long-polling&X-Atmosphere-TrackMessageSize=true&Content-Type=charset%3Dutf-8&X-atmo-protocol=true&_=1768356223788 HTTP/1.1" 200 -
14.0.158.118 - - [14/Jan/2026:09:59:10 +0800] "GET /InternetTrading/longpoll/A8127?X-Atmosphere-tracking-id=0&X-Atmosphere-Framework=2.2.3-javascript&X-Atmosphere-Transport=long-polling&X-Atmosphere-TrackMessageSize=true&Content-Type=charset%3Dutf-8&X-atmo-protocol=true&_=1768356225360 HTTP/1.1" 200 -
117.24.53.13 - - [14/Jan/2026:09:59:11 +0800] "GET /InternetTrading/longpoll/M8773?X-Atmosphere-tracking-id=0&X-Atmosphere-Framework=2.2.3-javascript&X-Atmosphere-Transport=long-polling&X-Atmosphere-TrackMessageSize=true&Content-Type=charset%3Dutf-8&X-atmo-protocol=true&_=1768356225912 HTTP/1.1" 200 -
203.160.80.124 - - [14/Jan/2026:09:59:11 +0800] "POST /InternetTrading/SessionErrorLogger HTTP/1.1" 200 117
