112.96.25.132 - - [14/Jan/2026:09:35:57 +0800] "GET /InternetTrading/jquery/jquery-ui-1.10.3.js HTTP/1.1" 200 69642
112.96.25.132 - - [14/Jan/2026:09:35:57 +0800] "GET /InternetTrading/jquery/jquery.timer-0.9.16.js HTTP/1.1" 200 542
112.96.25.132 - - [14/Jan/2026:09:35:57 +0800] "GET /InternetTrading/jquery/jquery.getParams.js HTTP/1.1" 200 587
112.96.25.132 - - [14/Jan/2026:09:35:57 +0800] "GET /InternetTrading/js/constants.js?jsv=20200819161914 HTTP/1.1" 200 400
112.96.25.132 - - [14/Jan/2026:09:35:57 +0800] "GET /InternetTrading/tc/user/translation.js?jsv=20200819161914 HTTP/1.1" 200 12818
112.96.25.132 - - [14/Jan/2026:09:35:57 +0800] "GET /InternetTrading/js/2fa.js?jsv=20200819161914 HTTP/1.1" 200 1953
112.96.25.132 - - [14/Jan/2026:09:35:57 +0800] "GET /InternetTrading/js/haitong.js?jsv=20200819161914 HTTP/1.1" 200 3881
112.96.25.132 - - [14/Jan/2026:09:35:57 +0800] "GET /InternetTrading/js/util.js?jsv=20200819161914 HTTP/1.1" 200 6636
112.96.25.132 - - [14/Jan/2026:09:35:57 +0800] "GET /InternetTrading/settings/webpage_settings.js?jsv=20200819161914 HTTP/1.1" 200 33
112.96.25.132 - - [14/Jan/2026:09:35:57 +0800] "GET /InternetTrading/js/init.js?jsv=20200819161914 HTTP/1.1" 200 886
112.96.25.132 - - [14/Jan/2026:09:35:57 +0800] "GET /InternetTrading/tc/user/custom_variables.js?jsv=20200819161914 HTTP/1.1" 200 275
112.96.25.132 - - [14/Jan/2026:09:35:57 +0800] "GET /InternetTrading/js/login.js?jsv=20200819161914 HTTP/1.1" 200 1684
112.96.25.132 - - [14/Jan/2026:09:35:57 +0800] "GET /InternetTrading/tc/images/logo.png HTTP/1.1" 200 7042
112.96.25.132 - - [14/Jan/2026:09:35:57 +0800] "GET /InternetTrading/js/login.js?jsv=20200819161914 HTTP/1.1" 200 1684
112.96.25.132 - - [14/Jan/2026:09:35:57 +0800] "GET /InternetTrading/jquery/wait.gif HTTP/1.1" 200 432
112.96.25.132 - - [14/Jan/2026:09:35:57 +0800] "GET /InternetTrading/tc/dialog.html?1768354832986 HTTP/1.1" 200 3188
112.96.25.132 - - [14/Jan/2026:09:35:57 +0800] "POST /InternetTrading/SystemMaintenanceCheck HTTP/1.1" 200 119
112.96.25.132 - - [14/Jan/2026:09:35:57 +0800] "POST /InternetTrading/Get2FAInfoService HTTP/1.1" 200 109
112.96.25.132 - - [14/Jan/2026:09:35:57 +0800] "GET /favicon.ico HTTP/1.1" 404 196
112.96.25.132 - - [14/Jan/2026:09:35:57 +0800] "POST /InternetTrading/SystemMaintenanceCheck HTTP/1.1" 200 119
221.124.232.198 - - [14/Jan/2026:09:35:58 +0800] "POST /InternetTrading/SessionErrorLogger HTTP/1.1" 200 117
221.124.232.198 - - [14/Jan/2026:09:35:58 +0800] "POST /InternetTrading/Heartbeat HTTP/1.1" 200 32
221.124.232.198 - - [14/Jan/2026:09:35:58 +0800] "POST /InternetTrading/SessionErrorLogger HTTP/1.1" 200 117
221.124.232.198 - - [14/Jan/2026:09:35:58 +0800] "POST /InternetTrading/MarketStatus HTTP/1.1" 200 772
203.160.80.124 - - [14/Jan/2026:09:35:59 +0800] "GET /InternetTrading/longpoll/55136?X-Atmosphere-tracking-id=0&X-Atmosphere-Framework=2.2.3-javascript&X-Atmosphere-Transport=long-polling&X-Atmosphere-TrackMessageSize=true&Content-Type=charset%3Dutf-8&X-atmo-protocol=true&_=1768354832711 HTTP/1.1" 200 -
14.0.158.118 - - [14/Jan/2026:09:35:59 +0800] "POST /InternetTrading/SessionErrorLogger HTTP/1.1" 200 117
14.0.158.118 - - [14/Jan/2026:09:35:59 +0800] "POST /InternetTrading/Heartbeat HTTP/1.1" 200 32
221.124.232.198 - - [14/Jan/2026:09:35:59 +0800] "GET /InternetTrading/longpoll/13511?X-Atmosphere-tracking-id=0&X-Atmosphere-Framework=2.2.3-javascript&X-Atmosphere-Transport=long-polling&X-Atmosphere-TrackMessageSize=true&Content-Type=charset%3Dutf-8&X-atmo-protocol=true&_=1768354834432 HTTP/1.1" 200 -
14.0.158.118 - - [14/Jan/2026:09:35:59 +0800] "POST /InternetTrading/SessionErrorLogger HTTP/1.1" 200 117
14.0.158.118 - - [14/Jan/2026:09:36:00 +0800] "POST /InternetTrading/MarketStatus HTTP/1.1" 200 772
119.136.153.148 - - [14/Jan/2026:09:36:00 +0800] "GET /InternetTrading/longpoll/51803?X-Atmosphere-tracking-id=0&X-Atmosphere-Framework=2.2.3-javascript&X-Atmosphere-Transport=long-polling&X-Atmosphere-TrackMessageSize=true&Content-Type=charset%3Dutf-8&X-atmo-protocol=true&_=1768354835585 HTTP/1.1" 200 -
14.0.158.118 - - [14/Jan/2026:09:36:01 +0800] "GET /InternetTrading/longpoll/A8127?X-Atmosphere-tracking-id=0&X-Atmosphere-Framework=2.2.3-javascript&X-Atmosphere-Transport=long-polling&X-Atmosphere-TrackMessageSize=true&Content-Type=charset%3Dutf-8&X-atmo-protocol=true&_=1768354837108 HTTP/1.1" 200 -
203.160.80.124 - - [14/Jan/2026:09:36:04 +0800] "GET /InternetTrading/longpoll/55136?X-Atmosphere-tracking-id=0&X-Atmosphere-Framework=2.2.3-javascript&X-Atmosphere-Transport=long-polling&X-Atmosphere-TrackMessageSize=true&Content-Type=charset%3Dutf-8&X-atmo-protocol=true&_=1768354838212 HTTP/1.1" 200 -
119.136.153.148 - - [14/Jan/2026:09:36:05 +0800] "GET /InternetTrading/longpoll/51803?X-Atmosphere-tracking-id=0&X-Atmosphere-Framework=2.2.3-javascript&X-Atmosphere-Transport=long-polling&X-Atmosphere-TrackMessageSize=true&Content-Type=charset%3Dutf-8&X-atmo-protocol=true&_=1768354840617 HTTP/1.1" 200 -
221.124.232.198 - - [14/Jan/2026:09:36:05 +0800] "GET /InternetTrading/longpoll/13511?X-Atmosphere-tracking-id=0&X-Atmosphere-Framework=2.2.3-javascript&X-Atmosphere-Transport=long-polling&X-Atmosphere-TrackMessageSize=true&Content-Type=charset%3Dutf-8&X-atmo-protocol=true&_=1768354840429 HTTP/1.1" 200 -
203.160.80.124 - - [14/Jan/2026:09:36:06 +0800] "POST /InternetTrading/SessionErrorLogger HTTP/1.1" 200 117
14.0.158.118 - - [14/Jan/2026:09:36:07 +0800] "GET /InternetTrading/longpoll/A8127?X-Atmosphere-tracking-id=0&X-Atmosphere-Framework=2.2.3-javascript&X-Atmosphere-Transport=long-polling&X-Atmosphere-TrackMessageSize=true&Content-Type=charset%3Dutf-8&X-atmo-protocol=true&_=1768354842165 HTTP/1.1" 200 -
203.160.80.124 - - [14/Jan/2026:09:36:07 +0800] "POST /InternetTrading/MarketStatus HTTP/1.1" 200 772
203.160.80.124 - - [14/Jan/2026:09:36:09 +0800] "GET /InternetTrading/longpoll/55136?X-Atmosphere-tracking-id=0&X-Atmosphere-Framework=2.2.3-javascript&X-Atmosphere-Transport=long-polling&X-Atmosphere-TrackMessageSize=true&Content-Type=charset%3Dutf-8&X-atmo-protocol=true&_=1768354843672 HTTP/1.1" 200 -
119.136.153.148 - - [14/Jan/2026:09:36:10 +0800] "GET /InternetTrading/longpoll/51803?X-Atmosphere-tracking-id=0&X-Atmosphere-Framework=2.2.3-javascript&X-Atmosphere-Transport=long-polling&X-Atmosphere-TrackMessageSize=true&Content-Type=charset%3Dutf-8&X-atmo-protocol=true&_=1768354845650 HTTP/1.1" 200 -
221.124.232.198 - - [14/Jan/2026:09:36:11 +0800] "GET /InternetTrading/longpoll/13511?X-Atmosphere-tracking-id=0&X-Atmosphere-Framework=2.2.3-javascript&X-Atmosphere-Transport=long-polling&X-Atmosphere-TrackMessageSize=true&Content-Type=charset%3Dutf-8&X-atmo-protocol=true&_=1768354846281 HTTP/1.1" 200 -
14.0.158.118 - - [14/Jan/2026:09:36:12 +0800] "GET /InternetTrading/longpoll/A8127?X-Atmosphere-tracking-id=0&X-Atmosphere-Framework=2.2.3-javascript&X-Atmosphere-Transport=long-polling&X-Atmosphere-TrackMessageSize=true&Content-Type=charset%3Dutf-8&X-atmo-protocol=true&_=1768354847445 HTTP/1.1" 200 -
221.124.232.198 - - [14/Jan/2026:09:36:13 +0800] "POST /InternetTrading/SessionErrorLogger HTTP/1.1" 200 117
221.124.232.198 - - [14/Jan/2026:09:36:13 +0800] "POST /InternetTrading/Orderbook HTTP/1.1" 200 94
221.124.232.198 - - [14/Jan/2026:09:36:13 +0800] "GET /InternetTrading/jquery/wait.gif HTTP/1.1" 200 432
221.124.232.198 - - [14/Jan/2026:09:36:14 +0800] "GET /InternetTrading/jquery/wait.gif HTTP/1.1" 200 432
221.124.232.198 - - [14/Jan/2026:09:36:14 +0800] "POST /InternetTrading/SessionErrorLogger HTTP/1.1" 200 117
221.124.232.198 - - [14/Jan/2026:09:36:14 +0800] "POST /InternetTrading/Portfolio HTTP/1.1" 200 756
203.160.80.124 - - [14/Jan/2026:09:36:15 +0800] "GET /InternetTrading/longpoll/55136?X-Atmosphere-tracking-id=0&X-Atmosphere-Framework=2.2.3-javascript&X-Atmosphere-Transport=long-polling&X-Atmosphere-TrackMessageSize=true&Content-Type=charset%3Dutf-8&X-atmo-protocol=true&_=1768354848851 HTTP/1.1" 200 -
119.136.153.148 - - [14/Jan/2026:09:36:15 +0800] "GET /InternetTrading/longpoll/51803?X-Atmosphere-tracking-id=0&X-Atmosphere-Framework=2.2.3-javascript&X-Atmosphere-Transport=long-polling&X-Atmosphere-TrackMessageSize=true&Content-Type=charset%3Dutf-8&X-atmo-protocol=true&_=1768354850694 HTTP/1.1" 200 -
112.96.25.132 - - [14/Jan/2026:09:36:16 +0800] "GET /InternetTrading/jquery/wait.gif HTTP/1.1" 200 432
112.96.25.132 - - [14/Jan/2026:09:36:15 +0800] "POST /InternetTrading/Verify2FAService HTTP/1.1" 200 424
112.96.25.132 - - [14/Jan/2026:09:36:16 +0800] "GET /InternetTrading/tc/main.html?language=tc&version=HTML HTTP/1.1" 200 3578
221.124.232.198 - - [14/Jan/2026:09:36:16 +0800] "GET /InternetTrading/longpoll/13511?X-Atmosphere-tracking-id=0&X-Atmosphere-Framework=2.2.3-javascript&X-Atmosphere-Transport=long-polling&X-Atmosphere-TrackMessageSize=true&Content-Type=charset%3Dutf-8&X-atmo-protocol=true&_=1768354851310 HTTP/1.1" 200 -
112.96.25.132 - - [14/Jan/2026:09:36:16 +0800] "GET /InternetTrading/jquery/ui.datepicker.css HTTP/1.1" 200 1145
112.96.25.132 - - [14/Jan/2026:09:36:16 +0800] "GET /InternetTrading/jquery/jquery.tablesorter-theme.blue.css HTTP/1.1" 200 2083
112.96.25.132 - - [14/Jan/2026:09:36:17 +0800] "GET /InternetTrading/jquery/dragtable-2.0.9.css HTTP/1.1" 200 316
112.96.25.132 - - [14/Jan/2026:09:36:17 +0800] "GET /InternetTrading/jquery/jquery-ui-1.10.3.css HTTP/1.1" 200 5283
112.96.25.132 - - [14/Jan/2026:09:36:17 +0800] "GET /InternetTrading/tc/style_common.css?v=20200819161914 HTTP/1.1" 200 2540
112.96.25.132 - - [14/Jan/2026:09:36:17 +0800] "GET /InternetTrading/tc/style.css?v=20200819161914 HTTP/1.1" 200 1435
112.96.25.132 - - [14/Jan/2026:09:36:17 +0800] "GET /InternetTrading/js/aastock.js HTTP/1.1" 200 553
112.96.25.132 - - [14/Jan/2026:09:36:17 +0800] "GET /InternetTrading/tc/css/jquery.jscrollpane.css HTTP/1.1" 404 690
112.96.25.132 - - [14/Jan/2026:09:36:17 +0800] "GET /InternetTrading/jquery/jquery-1.6.3.min.js HTTP/1.1" 200 32057
112.96.25.132 - - [14/Jan/2026:09:36:17 +0800] "GET /InternetTrading/jquery/jquery.ba-postmessage.js HTTP/1.1" 200 2990
112.96.25.132 - - [14/Jan/2026:09:36:17 +0800] "GET /InternetTrading/jquery/jquery-migrate-3.0.0.js HTTP/1.1" 200 4963
112.96.25.132 - - [14/Jan/2026:09:36:17 +0800] "GET /InternetTrading/jquery/jquery-3.3.1.js HTTP/1.1" 200 80650
112.96.25.132 - - [14/Jan/2026:09:36:17 +0800] "GET /InternetTrading/jquery/jquery-ui-1.10.3.js HTTP/1.1" 200 69642
112.96.25.132 - - [14/Jan/2026:09:36:17 +0800] "GET /InternetTrading/js/cache.js?jsv=20200819161914 HTTP/1.1" 200 940
112.96.25.132 - - [14/Jan/2026:09:36:17 +0800] "GET /InternetTrading/js/atmosphere.js HTTP/1.1" 200 13461
14.0.158.118 - - [14/Jan/2026:09:36:17 +0800] "GET /InternetTrading/longpoll/A8127?X-Atmosphere-tracking-id=0&X-Atmosphere-Framework=2.2.3-javascript&X-Atmosphere-Transport=long-polling&X-Atmosphere-TrackMessageSize=true&Content-Type=charset%3Dutf-8&X-atmo-protocol=true&_=1768354852588 HTTP/1.1" 200 -
112.96.25.132 - - [14/Jan/2026:09:36:17 +0800] "GET /InternetTrading/jquery/jquery.form-3.46.0.js HTTP/1.1" 200 5673
112.96.25.132 - - [14/Jan/2026:09:36:17 +0800] "GET /InternetTrading/jquery/jquery.blockUI-2.66.0.js HTTP/1.1" 200 6651
112.96.25.132 - - [14/Jan/2026:09:36:17 +0800] "GET /InternetTrading/jquery/additional-methods.js HTTP/1.1" 200 2238
112.96.25.132 - - [14/Jan/2026:09:36:17 +0800] "GET /InternetTrading/jquery/jquery.validate-1.11.1.js HTTP/1.1" 200 7041
112.96.25.132 - - [14/Jan/2026:09:36:17 +0800] "GET /InternetTrading/jquery/jquery.tablesorter-2.14.5.js HTTP/1.1" 200 8901
112.96.25.132 - - [14/Jan/2026:09:36:17 +0800] "GET /InternetTrading/jquery/jquery.mousewheel-3.1.4.js HTTP/1.1" 200 822
112.96.25.132 - - [14/Jan/2026:09:36:17 +0800] "GET /InternetTrading/jquery/jquery.tablesorter.widgets-2.14.5.js HTTP/1.1" 200 8611
112.96.25.132 - - [14/Jan/2026:09:36:17 +0800] "GET /InternetTrading/jquery/jquery.combobox.packed.js HTTP/1.1" 200 3387
112.96.25.132 - - [14/Jan/2026:09:36:17 +0800] "GET /InternetTrading/jquery/jquery.getParams.js HTTP/1.1" 200 587
112.96.25.132 - - [14/Jan/2026:09:36:17 +0800] "GET /InternetTrading/jquery/jquery.timer-0.9.16.js HTTP/1.1" 200 542
112.96.25.132 - - [14/Jan/2026:09:36:17 +0800] "GET /InternetTrading/jquery/globalize-0.1.0a1.js HTTP/1.1" 200 6984
112.96.25.132 - - [14/Jan/2026:09:36:17 +0800] "GET /InternetTrading/jquery/date.js HTTP/1.1" 200 2807
112.96.25.132 - - [14/Jan/2026:09:36:17 +0800] "GET /InternetTrading/jquery/jquery.selectboxes.pack.js HTTP/1.1" 200 1640
112.96.25.132 - - [14/Jan/2026:09:36:17 +0800] "GET /InternetTrading/json/json2.js?jsv=20200819161914 HTTP/1.1" 200 1372
112.96.25.132 - - [14/Jan/2026:09:36:17 +0800] "GET /InternetTrading/tc/user/translation.js?jsv=20200819161914 HTTP/1.1" 200 12818
112.96.25.132 - - [14/Jan/2026:09:36:17 +0800] "GET /InternetTrading/settings/crm_display_settings.js?jsv=20200819161914 HTTP/1.1" 200 1781
112.96.25.132 - - [14/Jan/2026:09:36:18 +0800] "GET /InternetTrading/js/init.js?jsv=20200819161914 HTTP/1.1" 200 886
112.96.25.132 - - [14/Jan/2026:09:36:18 +0800] "GET /InternetTrading/js/rsautil.js?jsv=20200819161914 HTTP/1.1" 200 1017
112.96.25.132 - - [14/Jan/2026:09:36:18 +0800] "GET /InternetTrading/js/constants.js?jsv=20200819161914 HTTP/1.1" 200 400
112.96.25.132 - - [14/Jan/2026:09:36:18 +0800] "GET /InternetTrading/tc/user/custom_variables.js?jsv=20200819161914 HTTP/1.1" 200 275
112.96.25.132 - - [14/Jan/2026:09:36:18 +0800] "GET /InternetTrading/js/haitong.js?jsv=20200819161914 HTTP/1.1" 200 3881
112.96.25.132 - - [14/Jan/2026:09:36:18 +0800] "GET /InternetTrading/js/util.js?jsv=20200819161914 HTTP/1.1" 200 6636
112.96.25.132 - - [14/Jan/2026:09:36:18 +0800] "GET /InternetTrading/js/corporate.js?jsv=20200819161914 HTTP/1.1" 200 1575
112.96.25.132 - - [14/Jan/2026:09:36:18 +0800] "GET /InternetTrading/js/update_mdf.js?jsv=20200819161914 HTTP/1.1" 200 856
112.96.25.132 - - [14/Jan/2026:09:36:18 +0800] "GET /InternetTrading/js/main.js?jsv=20200819161914 HTTP/1.1" 200 30725
112.96.25.132 - - [14/Jan/2026:09:36:18 +0800] "GET /InternetTrading/js/validation_hkex.js?jsv=20200819161914 HTTP/1.1" 200 2300
112.96.25.132 - - [14/Jan/2026:09:36:18 +0800] "GET /InternetTrading/js/validation_bshare.js?jsv=20200819161914 HTTP/1.1" 200 1567
112.96.25.132 - - [14/Jan/2026:09:36:18 +0800] "GET /InternetTrading/js/validation_ashare.js?jsv=20200819161914 HTTP/1.1" 200 2482
112.96.25.132 - - [14/Jan/2026:09:36:18 +0800] "GET /InternetTrading/js/validation_global.js?jsv=20200819161914 HTTP/1.1" 200 1564
112.96.25.132 - - [14/Jan/2026:09:36:18 +0800] "GET /InternetTrading/js/ipo.js?jsv=20200819161914 HTTP/1.1" 200 5726
112.96.25.132 - - [14/Jan/2026:09:36:18 +0800] "GET /InternetTrading/js/account.js?jsv=20200819161914 HTTP/1.1" 200 2656
112.96.25.132 - - [14/Jan/2026:09:36:18 +0800] "GET /InternetTrading/js/cash_transfer.js?jsv=20200819161914 HTTP/1.1" 200 2712
112.96.25.132 - - [14/Jan/2026:09:36:18 +0800] "GET /InternetTrading/js/spread_cache.js?jsv=20200819161914 HTTP/1.1" 200 908
112.96.25.132 - - [14/Jan/2026:09:36:18 +0800] "GET /InternetTrading/js/mm.js?jsv=20200819161914 HTTP/1.1" 200 487
112.96.25.132 - - [14/Jan/2026:09:36:18 +0800] "GET /InternetTrading/js/isec_calculator.js?jsv=20200819161914 HTTP/1.1" 200 1364
112.96.25.132 - - [14/Jan/2026:09:36:19 +0800] "GET /InternetTrading/GoodTillDateValidExch?fmt=js&jsv=20200819161914 HTTP/1.1" 200 29
112.96.25.132 - - [14/Jan/2026:09:36:19 +0800] "GET /InternetTrading/js/eStatement.js?jsv=20200819161914 HTTP/1.1" 200 562
112.96.25.132 - - [14/Jan/2026:09:36:19 +0800] "GET /InternetTrading/js/payment_instruction.js?jsv=20200819161914 HTTP/1.1" 200 2178
112.96.25.132 - - [14/Jan/2026:09:36:19 +0800] "GET /InternetTrading/ExchangeList?fmt=js&jsv=20200819161914 HTTP/1.1" 200 146
112.96.25.132 - - [14/Jan/2026:09:36:19 +0800] "GET /InternetTrading/js/payment_instruction_IMOS.js?jsv=20200819161914 HTTP/1.1" 200 6874
112.96.25.132 - - [14/Jan/2026:09:36:19 +0800] "GET /InternetTrading/js/string_extend.js?jsv=20200819161914 HTTP/1.1" 200 272
112.96.25.132 - - [14/Jan/2026:09:36:19 +0800] "GET /InternetTrading/js/pidcrypt.js?jsv=20200819161914 HTTP/1.1" 200 982
112.96.25.132 - - [14/Jan/2026:09:36:19 +0800] "GET /InternetTrading/js/md5.js?jsv=20200819161914 HTTP/1.1" 200 1730
112.96.25.132 - - [14/Jan/2026:09:36:19 +0800] "GET /InternetTrading/js/pidcrypt_util.js?jsv=20200819161914 HTTP/1.1" 200 1206
112.96.25.132 - - [14/Jan/2026:09:36:19 +0800] "GET /InternetTrading/js/aes_cbc.js?jsv=20200819161914 HTTP/1.1" 200 2043
112.96.25.132 - - [14/Jan/2026:09:36:19 +0800] "GET /InternetTrading/js/aes_core.js?jsv=20200819161914 HTTP/1.1" 200 2106
112.96.25.132 - - [14/Jan/2026:09:36:19 +0800] "GET /InternetTrading/js/asn1.js?jsv=20200819161914 HTTP/1.1" 200 3099
112.96.25.132 - - [14/Jan/2026:09:36:19 +0800] "GET /InternetTrading/js/sha256.js?jsv=20200819161914 HTTP/1.1" 200 1362
112.96.25.132 - - [14/Jan/2026:09:36:19 +0800] "GET /InternetTrading/js/prng4.js?jsv=20200819161914 HTTP/1.1" 200 303
112.96.25.132 - - [14/Jan/2026:09:36:19 +0800] "GET /InternetTrading/js/rng.js?jsv=20200819161914 HTTP/1.1" 200 481
112.96.25.132 - - [14/Jan/2026:09:36:19 +0800] "GET /InternetTrading/js/jsbn.js?jsv=20200819161914 HTTP/1.1" 200 6736
112.96.25.132 - - [14/Jan/2026:09:36:19 +0800] "GET /InternetTrading/js/rsa.js?jsv=20200819161914 HTTP/1.1" 200 1658
112.96.25.132 - - [14/Jan/2026:09:36:19 +0800] "GET /InternetTrading/js/aes.js?jsv=20200819161914 HTTP/1.1" 200 4816
112.96.25.132 - - [14/Jan/2026:09:36:19 +0800] "GET /InternetTrading/js/mode-ecb.js?jsv=20200819161914 HTTP/1.1" 200 199
112.96.25.132 - - [14/Jan/2026:09:36:19 +0800] "GET /InternetTrading/js/utilSpec.js?jsv=20200819161914 HTTP/1.1" 200 27
112.96.25.132 - - [14/Jan/2026:09:36:19 +0800] "GET /InternetTrading/js/update_lastlogin.js?jsv=20200819161914 HTTP/1.1" 200 980
112.96.25.132 - - [14/Jan/2026:09:36:19 +0800] "GET /InternetTrading/js/pw_alert.js?jsv=20200819161914 HTTP/1.1" 200 418
112.96.25.132 - - [14/Jan/2026:09:36:19 +0800] "GET /InternetTrading/js/jquery.jscrollpane.js HTTP/1.1" 404 685
112.96.25.132 - - [14/Jan/2026:09:36:19 +0800] "GET /InternetTrading/js/jquery.mousewheel.js HTTP/1.1" 404 684
112.96.25.132 - - [14/Jan/2026:09:36:19 +0800] "GET /InternetTrading/js/jquery.cookie.js HTTP/1.1" 200 834
112.96.25.132 - - [14/Jan/2026:09:36:19 +0800] "GET /InternetTrading/tc/images/logo.png HTTP/1.1" 200 7042
112.96.25.132 - - [14/Jan/2026:09:36:19 +0800] "GET /InternetTrading/tc/images/top_menu01.jpg HTTP/1.1" 200 3466
112.96.25.132 - - [14/Jan/2026:09:36:19 +0800] "GET /InternetTrading/js/decimal.js HTTP/1.1" 200 13492
112.96.25.132 - - [14/Jan/2026:09:36:19 +0800] "GET /InternetTrading/tc/images/top_menu04.jpg HTTP/1.1" 200 3430
112.96.25.132 - - [14/Jan/2026:09:36:19 +0800] "GET /InternetTrading/tc/images/top_menu_logout.jpg HTTP/1.1" 200 1016
112.96.25.132 - - [14/Jan/2026:09:36:19 +0800] "GET /InternetTrading/images/top_bg2.jpg HTTP/1.1" 200 330
112.96.25.132 - - [14/Jan/2026:09:36:19 +0800] "POST /InternetTrading/PopUpConfig HTTP/1.1" 200 2
112.96.25.132 - - [14/Jan/2026:09:36:19 +0800] "GET /InternetTrading/images/top_bg3.jpg HTTP/1.1" 200 878
112.96.25.132 - - [14/Jan/2026:09:36:19 +0800] "GET /InternetTrading/images/top_bg1.jpg HTTP/1.1" 200 329
112.96.25.132 - - [14/Jan/2026:09:36:19 +0800] "POST /InternetTrading/Heartbeat HTTP/1.1" 200 32
112.96.25.132 - - [14/Jan/2026:09:36:20 +0800] "GET /InternetTrading/tc/dialog.html?1768354855096 HTTP/1.1" 200 3188
112.96.25.132 - - [14/Jan/2026:09:36:20 +0800] "POST /InternetTrading/CustomerInfoLite HTTP/1.1" 200 116
112.96.25.132 - - [14/Jan/2026:09:36:20 +0800] "GET /InternetTrading/jquery/wait.gif HTTP/1.1" 200 432
112.96.25.132 - - [14/Jan/2026:09:36:20 +0800] "POST /InternetTrading/SpreadPriceCache HTTP/1.1" 200 1947
112.96.25.132 - - [14/Jan/2026:09:36:20 +0800] "GET /InternetTrading/tc/trade.html HTTP/1.1" 200 2113
112.96.25.132 - - [14/Jan/2026:09:36:20 +0800] "GET /InternetTrading/tc/images/top_menu01_o.jpg HTTP/1.1" 200 3339
112.96.25.132 - - [14/Jan/2026:09:36:20 +0800] "POST /InternetTrading/SessionErrorLogger HTTP/1.1" 200 117
112.96.25.132 - - [14/Jan/2026:09:36:20 +0800] "POST /InternetTrading/GetLastLoginDate HTTP/1.1" 200 31
203.160.80.124 - - [14/Jan/2026:09:36:20 +0800] "POST /InternetTrading/SessionErrorLogger HTTP/1.1" 200 117
112.96.25.132 - - [14/Jan/2026:09:36:20 +0800] "POST /InternetTrading/SessionErrorLogger HTTP/1.1" 200 117
112.96.25.132 - - [14/Jan/2026:09:36:20 +0800] "GET /InternetTrading/tc/getpopupMsgName.jsp HTTP/1.1" 200 -
203.160.80.124 - - [14/Jan/2026:09:36:20 +0800] "GET /InternetTrading/longpoll/55136?X-Atmosphere-tracking-id=0&X-Atmosphere-Framework=2.2.3-javascript&X-Atmosphere-Transport=long-polling&X-Atmosphere-TrackMessageSize=true&Content-Type=charset%3Dutf-8&X-atmo-protocol=true&_=1768354854294 HTTP/1.1" 200 -
119.136.153.148 - - [14/Jan/2026:09:36:20 +0800] "GET /InternetTrading/longpoll/51803?X-Atmosphere-tracking-id=0&X-Atmosphere-Framework=2.2.3-javascript&X-Atmosphere-Transport=long-polling&X-Atmosphere-TrackMessageSize=true&Content-Type=charset%3Dutf-8&X-atmo-protocol=true&_=1768354855713 HTTP/1.1" 200 -
203.160.80.124 - - [14/Jan/2026:09:36:20 +0800] "POST /InternetTrading/Heartbeat HTTP/1.1" 200 32
112.96.25.132 - - [14/Jan/2026:09:36:21 +0800] "POST /InternetTrading/SessionErrorLogger HTTP/1.1" 200 117
112.96.25.132 - - [14/Jan/2026:09:36:21 +0800] "GET /InternetTrading/tc/applet_dummy.html HTTP/1.1" 200 330
112.96.25.132 - - [14/Jan/2026:09:36:21 +0800] "POST /InternetTrading/SessionErrorLogger HTTP/1.1" 200 117
112.96.25.132 - - [14/Jan/2026:09:36:21 +0800] "GET /InternetTrading/tc/buy_ticket.html? HTTP/1.1" 200 1995
112.96.25.132 - - [14/Jan/2026:09:36:21 +0800] "POST /InternetTrading/MarketStatus HTTP/1.1" 200 772
112.96.25.132 - - [14/Jan/2026:09:36:21 +0800] "POST /InternetTrading/SessionErrorLogger HTTP/1.1" 200 117
112.96.25.132 - - [14/Jan/2026:09:36:21 +0800] "GET /InternetTrading/jquery/wait.gif HTTP/1.1" 200 432
112.96.25.132 - - [14/Jan/2026:09:36:21 +0800] "GET /InternetTrading/tc/multi_currency_balance.html HTTP/1.1" 200 295
112.96.25.132 - - [14/Jan/2026:09:36:21 +0800] "GET /InternetTrading/Home/PostToAA.jsp?hl=tc HTTP/1.1" 200 287
112.96.25.132 - - [14/Jan/2026:09:36:21 +0800] "GET /InternetTrading/tc/images/trade_point01.jpg HTTP/1.1" 200 358
112.96.25.132 - - [14/Jan/2026:09:36:21 +0800] "GET /InternetTrading/tc/images/refresh.gif HTTP/1.1" 200 1145
112.96.25.132 - - [14/Jan/2026:09:36:21 +0800] "GET /InternetTrading/jquery/images/ui-icons_222222_256x240.png HTTP/1.1" 200 6922
112.96.25.132 - - [14/Jan/2026:09:36:21 +0800] "GET /InternetTrading/jquery/images/ui-bg_flat_75_ffffff_40x100.png HTTP/1.1" 200 208
221.124.232.198 - - [14/Jan/2026:09:36:21 +0800] "GET /InternetTrading/longpoll/13511?X-Atmosphere-tracking-id=0&X-Atmosphere-Framework=2.2.3-javascript&X-Atmosphere-Transport=long-polling&X-Atmosphere-TrackMessageSize=true&Content-Type=charset%3Dutf-8&X-atmo-protocol=true&_=1768354856427 HTTP/1.1" 200 -
119.136.153.148 - - [14/Jan/2026:09:36:21 +0800] "POST /InternetTrading/SessionErrorLogger HTTP/1.1" 200 117
112.96.25.132 - - [14/Jan/2026:09:36:21 +0800] "POST /InternetTrading/SessionErrorLogger HTTP/1.1" 200 117
119.136.153.148 - - [14/Jan/2026:09:36:22 +0800] "POST /InternetTrading/Heartbeat HTTP/1.1" 200 32
119.136.153.148 - - [14/Jan/2026:09:36:22 +0800] "POST /InternetTrading/SessionErrorLogger HTTP/1.1" 200 117
119.136.153.148 - - [14/Jan/2026:09:36:22 +0800] "POST /InternetTrading/MarketStatus HTTP/1.1" 200 772
112.96.25.132 - - [14/Jan/2026:09:36:22 +0800] "POST /InternetTrading/MarketStatus HTTP/1.1" 200 772
112.96.25.132 - - [14/Jan/2026:09:36:22 +0800] "POST /InternetTrading/SessionErrorLogger HTTP/1.1" 200 117
112.96.25.132 - - [14/Jan/2026:09:36:22 +0800] "POST /InternetTrading/MarketStatus HTTP/1.1" 200 772
14.0.158.118 - - [14/Jan/2026:09:36:22 +0800] "GET /InternetTrading/longpoll/A8127?X-Atmosphere-tracking-id=0&X-Atmosphere-Framework=2.2.3-javascript&X-Atmosphere-Transport=long-polling&X-Atmosphere-TrackMessageSize=true&Content-Type=charset%3Dutf-8&X-atmo-protocol=true&_=1768354857745 HTTP/1.1" 200 -
112.96.25.132 - - [14/Jan/2026:09:36:25 +0800] "POST /InternetTrading/SessionErrorLogger HTTP/1.1" 200 117
112.96.25.132 - - [14/Jan/2026:09:36:25 +0800] "POST /InternetTrading/SessionErrorLogger HTTP/1.1" 200 117
112.96.25.132 - - [14/Jan/2026:09:36:25 +0800] "POST /InternetTrading/CustomerInfo HTTP/1.1" 200 205
112.96.25.132 - - [14/Jan/2026:09:36:25 +0800] "POST /InternetTrading/SessionErrorLogger HTTP/1.1" 200 117
112.96.25.132 - - [14/Jan/2026:09:36:25 +0800] "GET /InternetTrading/tc/account_status.html HTTP/1.1" 200 426
112.96.25.132 - - [14/Jan/2026:09:36:25 +0800] "POST /InternetTrading/SessionErrorLogger HTTP/1.1" 200 117
112.96.25.132 - - [14/Jan/2026:09:36:25 +0800] "POST /InternetTrading/MarketStatus HTTP/1.1" 200 772
112.96.25.132 - - [14/Jan/2026:09:36:25 +0800] "GET /InternetTrading/jquery/wait.gif HTTP/1.1" 200 432
112.96.25.132 - - [14/Jan/2026:09:36:25 +0800] "POST /InternetTrading/SessionErrorLogger HTTP/1.1" 200 117
119.136.153.148 - - [14/Jan/2026:09:36:25 +0800] "GET /InternetTrading/longpoll/51803?X-Atmosphere-tracking-id=0&X-Atmosphere-Framework=2.2.3-javascript&X-Atmosphere-Transport=long-polling&X-Atmosphere-TrackMessageSize=true&Content-Type=charset%3Dutf-8&X-atmo-protocol=true&_=1768354860779 HTTP/1.1" 200 -
112.96.25.132 - - [14/Jan/2026:09:36:26 +0800] "POST /InternetTrading/LongPollingConfig HTTP/1.1" 200 4
112.96.25.132 - - [14/Jan/2026:09:36:26 +0800] "GET /InternetTrading/jquery/wait.gif HTTP/1.1" 200 432
112.96.25.132 - - [14/Jan/2026:09:36:26 +0800] "POST /InternetTrading/SessionErrorLogger HTTP/1.1" 200 117
203.160.80.124 - - [14/Jan/2026:09:36:26 +0800] "GET /InternetTrading/longpoll/55136?X-Atmosphere-tracking-id=0&X-Atmosphere-Framework=2.2.3-javascript&X-Atmosphere-Transport=long-polling&X-Atmosphere-TrackMessageSize=true&Content-Type=charset%3Dutf-8&X-atmo-protocol=true&_=1768354859900 HTTP/1.1" 200 -
112.96.25.132 - - [14/Jan/2026:09:36:26 +0800] "GET /InternetTrading/longpoll/54083?X-Atmosphere-tracking-id=0&X-Atmosphere-Framework=2.2.3-javascript&X-Atmosphere-Transport=long-polling&X-Atmosphere-TrackMessageSize=true&Content-Type=charset%3Dutf-8&X-atmo-protocol=true&_=1768354861449 HTTP/1.1" 200 -
112.96.25.132 - - [14/Jan/2026:09:36:26 +0800] "POST /InternetTrading/Portfolio HTTP/1.1" 200 1594
14.0.158.118 - - [14/Jan/2026:09:36:27 +0800] "GET /InternetTrading/longpoll/A8127?X-Atmosphere-tracking-id=0&X-Atmosphere-Framework=2.2.3-javascript&X-Atmosphere-Transport=long-polling&X-Atmosphere-TrackMessageSize=true&Content-Type=charset%3Dutf-8&X-atmo-protocol=true&_=1768354863107 HTTP/1.1" 200 -
221.124.232.198 - - [14/Jan/2026:09:36:28 +0800] "GET /InternetTrading/longpoll/13511?X-Atmosphere-tracking-id=0&X-Atmosphere-Framework=2.2.3-javascript&X-Atmosphere-Transport=long-polling&X-Atmosphere-TrackMessageSize=true&Content-Type=charset%3Dutf-8&X-atmo-protocol=true&_=1768354862429 HTTP/1.1" 200 -
14.0.158.118 - - [14/Jan/2026:09:36:29 +0800] "POST /InternetTrading/SessionErrorLogger HTTP/1.1" 200 117
14.0.158.118 - - [14/Jan/2026:09:36:29 +0800] "POST /InternetTrading/Heartbeat HTTP/1.1" 200 32
221.124.232.198 - - [14/Jan/2026:09:36:29 +0800] "POST /InternetTrading/SessionErrorLogger HTTP/1.1" 200 117
221.124.232.198 - - [14/Jan/2026:09:36:29 +0800] "POST /InternetTrading/Heartbeat HTTP/1.1" 200 32
221.124.232.198 - - [14/Jan/2026:09:36:29 +0800] "POST /InternetTrading/SessionErrorLogger HTTP/1.1" 200 117
221.124.232.198 - - [14/Jan/2026:09:36:29 +0800] "POST /InternetTrading/MarketStatus HTTP/1.1" 200 772
14.0.158.118 - - [14/Jan/2026:09:36:30 +0800] "POST /InternetTrading/SessionErrorLogger HTTP/1.1" 200 117
14.0.158.118 - - [14/Jan/2026:09:36:30 +0800] "POST /InternetTrading/MarketStatus HTTP/1.1" 200 772
119.136.153.148 - - [14/Jan/2026:09:36:31 +0800] "GET /InternetTrading/longpoll/51803?X-Atmosphere-tracking-id=0&X-Atmosphere-Framework=2.2.3-javascript&X-Atmosphere-Transport=long-polling&X-Atmosphere-TrackMessageSize=true&Content-Type=charset%3Dutf-8&X-atmo-protocol=true&_=1768354865803 HTTP/1.1" 200 -
112.96.25.132 - - [14/Jan/2026:09:36:31 +0800] "GET /InternetTrading/longpoll/54083?X-Atmosphere-tracking-id=0&X-Atmosphere-Framework=2.2.3-javascript&X-Atmosphere-Transport=long-polling&X-Atmosphere-TrackMessageSize=true&Content-Type=charset%3Dutf-8&X-atmo-protocol=true&_=1768354866547 HTTP/1.1" 200 -
203.160.80.124 - - [14/Jan/2026:09:36:31 +0800] "GET /InternetTrading/longpoll/55136?X-Atmosphere-tracking-id=0&X-Atmosphere-Framework=2.2.3-javascript&X-Atmosphere-Transport=long-polling&X-Atmosphere-TrackMessageSize=true&Content-Type=charset%3Dutf-8&X-atmo-protocol=true&_=1768354865102 HTTP/1.1" 200 -
221.124.232.198 - - [14/Jan/2026:09:36:31 +0800] "GET /InternetTrading/tc/images/top_menu04_o.jpg HTTP/1.1" 200 3289
221.124.232.198 - - [14/Jan/2026:09:36:31 +0800] "GET /InternetTrading/tc/images/top_menu04.jpg HTTP/1.1" 200 3430
14.0.158.118 - - [14/Jan/2026:09:36:32 +0800] "GET /InternetTrading/longpoll/A8127?X-Atmosphere-tracking-id=0&X-Atmosphere-Framework=2.2.3-javascript&X-Atmosphere-Transport=long-polling&X-Atmosphere-TrackMessageSize=true&Content-Type=charset%3Dutf-8&X-atmo-protocol=true&_=1768354868209 HTTP/1.1" 200 -
221.124.232.198 - - [14/Jan/2026:09:36:33 +0800] "GET /InternetTrading/longpoll/13511?X-Atmosphere-tracking-id=0&X-Atmosphere-Framework=2.2.3-javascript&X-Atmosphere-Transport=long-polling&X-Atmosphere-TrackMessageSize=true&Content-Type=charset%3Dutf-8&X-atmo-protocol=true&_=1768354867536 HTTP/1.1" 200 -
119.136.153.148 - - [14/Jan/2026:09:36:36 +0800] "GET /InternetTrading/longpoll/51803?X-Atmosphere-tracking-id=0&X-Atmosphere-Framework=2.2.3-javascript&X-Atmosphere-Transport=long-polling&X-Atmosphere-TrackMessageSize=true&Content-Type=charset%3Dutf-8&X-atmo-protocol=true&_=1768354870824 HTTP/1.1" 200 -
112.96.25.132 - - [14/Jan/2026:09:36:36 +0800] "GET /InternetTrading/longpoll/54083?X-Atmosphere-tracking-id=0&X-Atmosphere-Framework=2.2.3-javascript&X-Atmosphere-Transport=long-polling&X-Atmosphere-TrackMessageSize=true&Content-Type=charset%3Dutf-8&X-atmo-protocol=true&_=1768354871669 HTTP/1.1" 200 -
203.160.80.124 - - [14/Jan/2026:09:36:37 +0800] "GET /InternetTrading/longpoll/55136?X-Atmosphere-tracking-id=0&X-Atmosphere-Framework=2.2.3-javascript&X-Atmosphere-Transport=long-polling&X-Atmosphere-TrackMessageSize=true&Content-Type=charset%3Dutf-8&X-atmo-protocol=true&_=1768354870535 HTTP/1.1" 200 -
203.160.80.124 - - [14/Jan/2026:09:36:37 +0800] "POST /InternetTrading/SessionErrorLogger HTTP/1.1" 200 117
203.160.80.124 - - [14/Jan/2026:09:36:37 +0800] "POST /InternetTrading/MarketStatus HTTP/1.1" 200 772
14.0.158.118 - - [14/Jan/2026:09:36:38 +0800] "GET /InternetTrading/longpoll/A8127?X-Atmosphere-tracking-id=0&X-Atmosphere-Framework=2.2.3-javascript&X-Atmosphere-Transport=long-polling&X-Atmosphere-TrackMessageSize=true&Content-Type=charset%3Dutf-8&X-atmo-protocol=true&_=1768354873303 HTTP/1.1" 200 -
119.136.153.148 - - [14/Jan/2026:09:36:41 +0800] "GET /InternetTrading/longpoll/51803?X-Atmosphere-tracking-id=0&X-Atmosphere-Framework=2.2.3-javascript&X-Atmosphere-Transport=long-polling&X-Atmosphere-TrackMessageSize=true&Content-Type=charset%3Dutf-8&X-atmo-protocol=true&_=1768354875859 HTTP/1.1" 200 -
112.96.25.132 - - [14/Jan/2026:09:36:42 +0800] "GET /InternetTrading/longpoll/54083?X-Atmosphere-tracking-id=0&X-Atmosphere-Framework=2.2.3-javascript&X-Atmosphere-Transport=long-polling&X-Atmosphere-TrackMessageSize=true&Content-Type=charset%3Dutf-8&X-atmo-protocol=true&_=1768354877071 HTTP/1.1" 200 -
203.160.80.124 - - [14/Jan/2026:09:36:42 +0800] "GET /InternetTrading/longpoll/55136?X-Atmosphere-tracking-id=0&X-Atmosphere-Framework=2.2.3-javascript&X-Atmosphere-Transport=long-polling&X-Atmosphere-TrackMessageSize=true&Content-Type=charset%3Dutf-8&X-atmo-protocol=true&_=1768354876123 HTTP/1.1" 200 -
14.0.158.118 - - [14/Jan/2026:09:36:43 +0800] "GET /InternetTrading/longpoll/A8127?X-Atmosphere-tracking-id=0&X-Atmosphere-Framework=2.2.3-javascript&X-Atmosphere-Transport=long-polling&X-Atmosphere-TrackMessageSize=true&Content-Type=charset%3Dutf-8&X-atmo-protocol=true&_=1768354878415 HTTP/1.1" 200 -
119.136.153.148 - - [14/Jan/2026:09:36:46 +0800] "GET /InternetTrading/longpoll/51803?X-Atmosphere-tracking-id=0&X-Atmosphere-Framework=2.2.3-javascript&X-Atmosphere-Transport=long-polling&X-Atmosphere-TrackMessageSize=true&Content-Type=charset%3Dutf-8&X-atmo-protocol=true&_=1768354880894 HTTP/1.1" 200 -
203.160.80.124 - - [14/Jan/2026:09:36:47 +0800] "GET /InternetTrading/longpoll/55136?X-Atmosphere-tracking-id=0&X-Atmosphere-Framework=2.2.3-javascript&X-Atmosphere-Transport=long-polling&X-Atmosphere-TrackMessageSize=true&Content-Type=charset%3Dutf-8&X-atmo-protocol=true&_=1768354881273 HTTP/1.1" 200 -
112.96.25.132 - - [14/Jan/2026:09:36:47 +0800] "GET /InternetTrading/longpoll/54083?X-Atmosphere-tracking-id=0&X-Atmosphere-Framework=2.2.3-javascript&X-Atmosphere-Transport=long-polling&X-Atmosphere-TrackMessageSize=true&Content-Type=charset%3Dutf-8&X-atmo-protocol=true&_=1768354882636 HTTP/1.1" 200 -
14.0.158.118 - - [14/Jan/2026:09:36:48 +0800] "GET /InternetTrading/longpoll/A8127?X-Atmosphere-tracking-id=0&X-Atmosphere-Framework=2.2.3-javascript&X-Atmosphere-Transport=long-polling&X-Atmosphere-TrackMessageSize=true&Content-Type=charset%3Dutf-8&X-atmo-protocol=true&_=1768354883520 HTTP/1.1" 200 -
203.160.80.124 - - [14/Jan/2026:09:36:50 +0800] "POST /InternetTrading/SessionErrorLogger HTTP/1.1" 200 117
119.136.153.148 - - [14/Jan/2026:09:36:51 +0800] "GET /InternetTrading/longpoll/51803?X-Atmosphere-tracking-id=0&X-Atmosphere-Framework=2.2.3-javascript&X-Atmosphere-Transport=long-polling&X-Atmosphere-TrackMessageSize=true&Content-Type=charset%3Dutf-8&X-atmo-protocol=true&_=1768354885917 HTTP/1.1" 200 -
203.160.80.124 - - [14/Jan/2026:09:36:51 +0800] "POST /InternetTrading/Heartbeat HTTP/1.1" 200 32
112.96.25.132 - - [14/Jan/2026:09:36:51 +0800] "POST /InternetTrading/SessionErrorLogger HTTP/1.1" 200 117
112.96.25.132 - - [14/Jan/2026:09:36:51 +0800] "POST /InternetTrading/Heartbeat HTTP/1.1" 200 32
119.136.153.148 - - [14/Jan/2026:09:36:52 +0800] "POST /InternetTrading/SessionErrorLogger HTTP/1.1" 200 117
119.136.153.148 - - [14/Jan/2026:09:36:52 +0800] "POST /InternetTrading/Heartbeat HTTP/1.1" 200 32
119.136.153.148 - - [14/Jan/2026:09:36:52 +0800] "POST /InternetTrading/SessionErrorLogger HTTP/1.1" 200 117
119.136.153.148 - - [14/Jan/2026:09:36:52 +0800] "POST /InternetTrading/MarketStatus HTTP/1.1" 200 772
112.96.25.132 - - [14/Jan/2026:09:36:52 +0800] "POST /InternetTrading/SessionErrorLogger HTTP/1.1" 200 117
112.96.25.132 - - [14/Jan/2026:09:36:52 +0800] "POST /InternetTrading/MarketStatus HTTP/1.1" 200 772
203.160.80.124 - - [14/Jan/2026:09:36:52 +0800] "GET /InternetTrading/longpoll/55136?X-Atmosphere-tracking-id=0&X-Atmosphere-Framework=2.2.3-javascript&X-Atmosphere-Transport=long-polling&X-Atmosphere-TrackMessageSize=true&Content-Type=charset%3Dutf-8&X-atmo-protocol=true&_=1768354886697 HTTP/1.1" 200 -
112.96.25.132 - - [14/Jan/2026:09:36:52 +0800] "GET /InternetTrading/longpoll/54083?X-Atmosphere-tracking-id=0&X-Atmosphere-Framework=2.2.3-javascript&X-Atmosphere-Transport=long-polling&X-Atmosphere-TrackMessageSize=true&Content-Type=charset%3Dutf-8&X-atmo-protocol=true&_=1768354888133 HTTP/1.1" 200 -
14.0.158.118 - - [14/Jan/2026:09:36:53 +0800] "GET /InternetTrading/longpoll/A8127?X-Atmosphere-tracking-id=0&X-Atmosphere-Framework=2.2.3-javascript&X-Atmosphere-Transport=long-polling&X-Atmosphere-TrackMessageSize=true&Content-Type=charset%3Dutf-8&X-atmo-protocol=true&_=1768354888628 HTTP/1.1" 200 -
119.136.153.148 - - [14/Jan/2026:09:36:56 +0800] "GET /InternetTrading/longpoll/51803?X-Atmosphere-tracking-id=0&X-Atmosphere-Framework=2.2.3-javascript&X-Atmosphere-Transport=long-polling&X-Atmosphere-TrackMessageSize=true&Content-Type=charset%3Dutf-8&X-atmo-protocol=true&_=1768354890936 HTTP/1.1" 200 -
203.160.80.124 - - [14/Jan/2026:09:36:58 +0800] "GET /InternetTrading/longpoll/55136?X-Atmosphere-tracking-id=0&X-Atmosphere-Framework=2.2.3-javascript&X-Atmosphere-Transport=long-polling&X-Atmosphere-TrackMessageSize=true&Content-Type=charset%3Dutf-8&X-atmo-protocol=true&_=1768354891865 HTTP/1.1" 200 -
14.0.158.118 - - [14/Jan/2026:09:36:58 +0800] "GET /InternetTrading/longpoll/A8127?X-Atmosphere-tracking-id=0&X-Atmosphere-Framework=2.2.3-javascript&X-Atmosphere-Transport=long-polling&X-Atmosphere-TrackMessageSize=true&Content-Type=charset%3Dutf-8&X-atmo-protocol=true&_=1768354893730 HTTP/1.1" 200 -
14.0.158.118 - - [14/Jan/2026:09:36:59 +0800] "POST /InternetTrading/SessionErrorLogger HTTP/1.1" 200 117
14.0.158.118 - - [14/Jan/2026:09:36:59 +0800] "POST /InternetTrading/Heartbeat HTTP/1.1" 200 32
14.0.158.118 - - [14/Jan/2026:09:37:00 +0800] "POST /InternetTrading/SessionErrorLogger HTTP/1.1" 200 117
14.0.158.118 - - [14/Jan/2026:09:37:00 +0800] "POST /InternetTrading/MarketStatus HTTP/1.1" 200 772
119.136.153.148 - - [14/Jan/2026:09:37:01 +0800] "GET /InternetTrading/longpoll/51803?X-Atmosphere-tracking-id=0&X-Atmosphere-Framework=2.2.3-javascript&X-Atmosphere-Transport=long-polling&X-Atmosphere-TrackMessageSize=true&Content-Type=charset%3Dutf-8&X-atmo-protocol=true&_=1768354895966 HTTP/1.1" 200 -
112.96.25.132 - - [14/Jan/2026:09:37:02 +0800] "GET /InternetTrading/longpoll/54083?X-Atmosphere-tracking-id=0&X-Atmosphere-Framework=2.2.3-javascript&X-Atmosphere-Transport=long-polling&X-Atmosphere-TrackMessageSize=true&Content-Type=charset%3Dutf-8&X-atmo-protocol=true&_=1768354893616 HTTP/1.1" 200 -
14.0.158.118 - - [14/Jan/2026:09:37:03 +0800] "GET /InternetTrading/longpoll/A8127?X-Atmosphere-tracking-id=0&X-Atmosphere-Framework=2.2.3-javascript&X-Atmosphere-Transport=long-polling&X-Atmosphere-TrackMessageSize=true&Content-Type=charset%3Dutf-8&X-atmo-protocol=true&_=1768354898848 HTTP/1.1" 200 -
203.160.80.124 - - [14/Jan/2026:09:37:03 +0800] "GET /InternetTrading/longpoll/55136?X-Atmosphere-tracking-id=0&X-Atmosphere-Framework=2.2.3-javascript&X-Atmosphere-Transport=long-polling&X-Atmosphere-TrackMessageSize=true&Content-Type=charset%3Dutf-8&X-atmo-protocol=true&_=1768354897365 HTTP/1.1" 200 -
119.136.153.148 - - [14/Jan/2026:09:37:06 +0800] "GET /InternetTrading/longpoll/51803?X-Atmosphere-tracking-id=0&X-Atmosphere-Framework=2.2.3-javascript&X-Atmosphere-Transport=long-polling&X-Atmosphere-TrackMessageSize=true&Content-Type=charset%3Dutf-8&X-atmo-protocol=true&_=1768354901022 HTTP/1.1" 200 -
203.160.80.124 - - [14/Jan/2026:09:37:07 +0800] "POST /InternetTrading/SessionErrorLogger HTTP/1.1" 200 117
203.160.80.124 - - [14/Jan/2026:09:37:07 +0800] "POST /InternetTrading/MarketStatus HTTP/1.1" 200 772
14.0.158.118 - - [14/Jan/2026:09:37:08 +0800] "GET /InternetTrading/longpoll/A8127?X-Atmosphere-tracking-id=0&X-Atmosphere-Framework=2.2.3-javascript&X-Atmosphere-Transport=long-polling&X-Atmosphere-TrackMessageSize=true&Content-Type=charset%3Dutf-8&X-atmo-protocol=true&_=1768354903915 HTTP/1.1" 200 -
203.160.80.124 - - [14/Jan/2026:09:37:09 +0800] "GET /InternetTrading/longpoll/55136?X-Atmosphere-tracking-id=0&X-Atmosphere-Framework=2.2.3-javascript&X-Atmosphere-Transport=long-polling&X-Atmosphere-TrackMessageSize=true&Content-Type=charset%3Dutf-8&X-atmo-protocol=true&_=1768354902804 HTTP/1.1" 200 -
119.136.153.148 - - [14/Jan/2026:09:37:11 +0800] "GET /InternetTrading/longpoll/51803?X-Atmosphere-tracking-id=0&X-Atmosphere-Framework=2.2.3-javascript&X-Atmosphere-Transport=long-polling&X-Atmosphere-TrackMessageSize=true&Content-Type=charset%3Dutf-8&X-atmo-protocol=true&_=1768354906084 HTTP/1.1" 200 -
14.0.158.118 - - [14/Jan/2026:09:37:13 +0800] "GET /InternetTrading/longpoll/A8127?X-Atmosphere-tracking-id=0&X-Atmosphere-Framework=2.2.3-javascript&X-Atmosphere-Transport=long-polling&X-Atmosphere-TrackMessageSize=true&Content-Type=charset%3Dutf-8&X-atmo-protocol=true&_=1768354909047 HTTP/1.1" 200 -
203.160.80.124 - - [14/Jan/2026:09:37:14 +0800] "GET /InternetTrading/longpoll/55136?X-Atmosphere-tracking-id=0&X-Atmosphere-Framework=2.2.3-javascript&X-Atmosphere-Transport=long-polling&X-Atmosphere-TrackMessageSize=true&Content-Type=charset%3Dutf-8&X-atmo-protocol=true&_=1768354908003 HTTP/1.1" 200 -
112.96.25.132 - - [14/Jan/2026:09:37:15 +0800] "GET /InternetTrading/longpoll/54083?X-Atmosphere-tracking-id=0&X-Atmosphere-Framework=2.2.3-javascript&X-Atmosphere-Transport=long-polling&X-Atmosphere-TrackMessageSize=true&Content-Type=charset%3Dutf-8&X-atmo-protocol=true&_=1768354903028 HTTP/1.1" 200 -
112.96.25.132 - - [14/Jan/2026:09:37:15 +0800] "POST /InternetTrading/SessionErrorLogger HTTP/1.1" 200 117
112.96.25.132 - - [14/Jan/2026:09:37:15 +0800] "GET /InternetTrading/tc/buy_ticket.html? HTTP/1.1" 200 1995
112.96.25.132 - - [14/Jan/2026:09:37:16 +0800] "POST /InternetTrading/SessionErrorLogger HTTP/1.1" 200 117
112.96.25.132 - - [14/Jan/2026:09:37:16 +0800] "POST /InternetTrading/SessionErrorLogger HTTP/1.1" 200 117
112.96.25.132 - - [14/Jan/2026:09:37:16 +0800] "POST /InternetTrading/MarketStatus HTTP/1.1" 200 772
119.136.153.148 - - [14/Jan/2026:09:37:16 +0800] "GET /InternetTrading/longpoll/51803?X-Atmosphere-tracking-id=0&X-Atmosphere-Framework=2.2.3-javascript&X-Atmosphere-Transport=long-polling&X-Atmosphere-TrackMessageSize=true&Content-Type=charset%3Dutf-8&X-atmo-protocol=true&_=1768354911132 HTTP/1.1" 200 -
112.96.25.132 - - [14/Jan/2026:09:37:16 +0800] "POST /InternetTrading/SessionErrorLogger HTTP/1.1" 200 117
112.96.25.132 - - [14/Jan/2026:09:37:16 +0800] "POST /InternetTrading/MarketStatus HTTP/1.1" 200 772
112.96.25.132 - - [14/Jan/2026:09:37:16 +0800] "POST /InternetTrading/Product HTTP/1.1" 200 310
14.0.158.118 - - [14/Jan/2026:09:37:18 +0800] "GET /InternetTrading/longpoll/A8127?X-Atmosphere-tracking-id=0&X-Atmosphere-Framework=2.2.3-javascript&X-Atmosphere-Transport=long-polling&X-Atmosphere-TrackMessageSize=true&Content-Type=charset%3Dutf-8&X-atmo-protocol=true&_=1768354914154 HTTP/1.1" 200 -
203.160.80.124 - - [14/Jan/2026:09:37:19 +0800] "GET /InternetTrading/longpoll/55136?X-Atmosphere-tracking-id=0&X-Atmosphere-Framework=2.2.3-javascript&X-Atmosphere-Transport=long-polling&X-Atmosphere-TrackMessageSize=true&Content-Type=charset%3Dutf-8&X-atmo-protocol=true&_=1768354913452 HTTP/1.1" 200 -
203.160.80.124 - - [14/Jan/2026:09:37:21 +0800] "POST /InternetTrading/SessionErrorLogger HTTP/1.1" 200 117
203.160.80.124 - - [14/Jan/2026:09:37:21 +0800] "POST /InternetTrading/Heartbeat HTTP/1.1" 200 32
119.136.153.148 - - [14/Jan/2026:09:37:21 +0800] "GET /InternetTrading/longpoll/51803?X-Atmosphere-tracking-id=0&X-Atmosphere-Framework=2.2.3-javascript&X-Atmosphere-Transport=long-polling&X-Atmosphere-TrackMessageSize=true&Content-Type=charset%3Dutf-8&X-atmo-protocol=true&_=1768354916201 HTTP/1.1" 200 -
119.136.153.148 - - [14/Jan/2026:09:37:22 +0800] "POST /InternetTrading/SessionErrorLogger HTTP/1.1" 200 117
119.136.153.148 - - [14/Jan/2026:09:37:22 +0800] "POST /InternetTrading/Heartbeat HTTP/1.1" 200 32
119.136.153.148 - - [14/Jan/2026:09:37:22 +0800] "POST /InternetTrading/SessionErrorLogger HTTP/1.1" 200 117
119.136.153.148 - - [14/Jan/2026:09:37:22 +0800] "POST /InternetTrading/MarketStatus HTTP/1.1" 200 772
14.0.158.118 - - [14/Jan/2026:09:37:24 +0800] "GET /InternetTrading/longpoll/A8127?X-Atmosphere-tracking-id=0&X-Atmosphere-Framework=2.2.3-javascript&X-Atmosphere-Transport=long-polling&X-Atmosphere-TrackMessageSize=true&Content-Type=charset%3Dutf-8&X-atmo-protocol=true&_=1768354919269 HTTP/1.1" 200 -
112.96.25.132 - - [14/Jan/2026:09:37:24 +0800] "POST /InternetTrading/SessionErrorLogger HTTP/1.1" 200 117
112.96.25.132 - - [14/Jan/2026:09:37:24 +0800] "GET /InternetTrading/longpoll/54083?X-Atmosphere-tracking-id=0&X-Atmosphere-Framework=2.2.3-javascript&X-Atmosphere-Transport=long-polling&X-Atmosphere-TrackMessageSize=true&Content-Type=charset%3Dutf-8&X-atmo-protocol=true&_=1768354916902 HTTP/1.1" 200 -
203.160.80.124 - - [14/Jan/2026:09:37:25 +0800] "GET /InternetTrading/longpoll/55136?X-Atmosphere-tracking-id=0&X-Atmosphere-Framework=2.2.3-javascript&X-Atmosphere-Transport=long-polling&X-Atmosphere-TrackMessageSize=true&Content-Type=charset%3Dutf-8&X-atmo-protocol=true&_=1768354918900 HTTP/1.1" 200 -
112.96.25.132 - - [14/Jan/2026:09:37:25 +0800] "POST /InternetTrading/Heartbeat HTTP/1.1" 200 32
119.136.153.148 - - [14/Jan/2026:09:37:26 +0800] "GET /InternetTrading/longpoll/51803?X-Atmosphere-tracking-id=0&X-Atmosphere-Framework=2.2.3-javascript&X-Atmosphere-Transport=long-polling&X-Atmosphere-TrackMessageSize=true&Content-Type=charset%3Dutf-8&X-atmo-protocol=true&_=1768354921253 HTTP/1.1" 200 -
14.0.158.118 - - [14/Jan/2026:09:37:29 +0800] "GET /InternetTrading/longpoll/A8127?X-Atmosphere-tracking-id=0&X-Atmosphere-Framework=2.2.3-javascript&X-Atmosphere-Transport=long-polling&X-Atmosphere-TrackMessageSize=true&Content-Type=charset%3Dutf-8&X-atmo-protocol=true&_=1768354924385 HTTP/1.1" 200 -
14.0.158.118 - - [14/Jan/2026:09:37:29 +0800] "POST /InternetTrading/SessionErrorLogger HTTP/1.1" 200 117
14.0.158.118 - - [14/Jan/2026:09:37:30 +0800] "POST /InternetTrading/Heartbeat HTTP/1.1" 200 32
14.0.158.118 - - [14/Jan/2026:09:37:30 +0800] "POST /InternetTrading/SessionErrorLogger HTTP/1.1" 200 117
14.0.158.118 - - [14/Jan/2026:09:37:30 +0800] "POST /InternetTrading/MarketStatus HTTP/1.1" 200 772
203.160.80.124 - - [14/Jan/2026:09:37:30 +0800] "GET /InternetTrading/longpoll/55136?X-Atmosphere-tracking-id=0&X-Atmosphere-Framework=2.2.3-javascript&X-Atmosphere-Transport=long-polling&X-Atmosphere-TrackMessageSize=true&Content-Type=charset%3Dutf-8&X-atmo-protocol=true&_=1768354924058 HTTP/1.1" 200 -
112.96.25.132 - - [14/Jan/2026:09:37:30 +0800] "GET /InternetTrading/longpoll/54083?X-Atmosphere-tracking-id=0&X-Atmosphere-Framework=2.2.3-javascript&X-Atmosphere-Transport=long-polling&X-Atmosphere-TrackMessageSize=true&Content-Type=charset%3Dutf-8&X-atmo-protocol=true&_=1768354925950 HTTP/1.1" 200 -
119.136.153.148 - - [14/Jan/2026:09:37:31 +0800] "GET /InternetTrading/longpoll/51803?X-Atmosphere-tracking-id=0&X-Atmosphere-Framework=2.2.3-javascript&X-Atmosphere-Transport=long-polling&X-Atmosphere-TrackMessageSize=true&Content-Type=charset%3Dutf-8&X-atmo-protocol=true&_=1768354926283 HTTP/1.1" 200 -
14.0.158.118 - - [14/Jan/2026:09:37:34 +0800] "GET /InternetTrading/longpoll/A8127?X-Atmosphere-tracking-id=0&X-Atmosphere-Framework=2.2.3-javascript&X-Atmosphere-Transport=long-polling&X-Atmosphere-TrackMessageSize=true&Content-Type=charset%3Dutf-8&X-atmo-protocol=true&_=1768354929506 HTTP/1.1" 200 -
203.160.80.124 - - [14/Jan/2026:09:37:35 +0800] "GET /InternetTrading/longpoll/55136?X-Atmosphere-tracking-id=0&X-Atmosphere-Framework=2.2.3-javascript&X-Atmosphere-Transport=long-polling&X-Atmosphere-TrackMessageSize=true&Content-Type=charset%3Dutf-8&X-atmo-protocol=true&_=1768354929509 HTTP/1.1" 200 -
119.136.153.148 - - [14/Jan/2026:09:37:36 +0800] "GET /InternetTrading/longpoll/51803?X-Atmosphere-tracking-id=0&X-Atmosphere-Framework=2.2.3-javascript&X-Atmosphere-Transport=long-polling&X-Atmosphere-TrackMessageSize=true&Content-Type=charset%3Dutf-8&X-atmo-protocol=true&_=1768354931312 HTTP/1.1" 200 -
203.160.80.124 - - [14/Jan/2026:09:37:37 +0800] "POST /InternetTrading/SessionErrorLogger HTTP/1.1" 200 117
203.160.80.124 - - [14/Jan/2026:09:37:37 +0800] "POST /InternetTrading/MarketStatus HTTP/1.1" 200 772
112.96.25.132 - - [14/Jan/2026:09:37:38 +0800] "GET /InternetTrading/longpoll/54083?X-Atmosphere-tracking-id=0&X-Atmosphere-Framework=2.2.3-javascript&X-Atmosphere-Transport=long-polling&X-Atmosphere-TrackMessageSize=true&Content-Type=charset%3Dutf-8&X-atmo-protocol=true&_=1768354933115 HTTP/1.1" 200 -
14.0.158.118 - - [14/Jan/2026:09:37:39 +0800] "GET /InternetTrading/longpoll/A8127?X-Atmosphere-tracking-id=0&X-Atmosphere-Framework=2.2.3-javascript&X-Atmosphere-Transport=long-polling&X-Atmosphere-TrackMessageSize=true&Content-Type=charset%3Dutf-8&X-atmo-protocol=true&_=1768354934578 HTTP/1.1" 200 -
203.160.80.124 - - [14/Jan/2026:09:37:41 +0800] "GET /InternetTrading/longpoll/55136?X-Atmosphere-tracking-id=0&X-Atmosphere-Framework=2.2.3-javascript&X-Atmosphere-Transport=long-polling&X-Atmosphere-TrackMessageSize=true&Content-Type=charset%3Dutf-8&X-atmo-protocol=true&_=1768354934997 HTTP/1.1" 200 -
119.136.153.148 - - [14/Jan/2026:09:37:41 +0800] "GET /InternetTrading/longpoll/51803?X-Atmosphere-tracking-id=0&X-Atmosphere-Framework=2.2.3-javascript&X-Atmosphere-Transport=long-polling&X-Atmosphere-TrackMessageSize=true&Content-Type=charset%3Dutf-8&X-atmo-protocol=true&_=1768354936340 HTTP/1.1" 200 -
14.0.158.118 - - [14/Jan/2026:09:37:44 +0800] "GET /InternetTrading/longpoll/A8127?X-Atmosphere-tracking-id=0&X-Atmosphere-Framework=2.2.3-javascript&X-Atmosphere-Transport=long-polling&X-Atmosphere-TrackMessageSize=true&Content-Type=charset%3Dutf-8&X-atmo-protocol=true&_=1768354939749 HTTP/1.1" 200 -
203.160.80.124 - - [14/Jan/2026:09:37:46 +0800] "GET /InternetTrading/longpoll/55136?X-Atmosphere-tracking-id=0&X-Atmosphere-Framework=2.2.3-javascript&X-Atmosphere-Transport=long-polling&X-Atmosphere-TrackMessageSize=true&Content-Type=charset%3Dutf-8&X-atmo-protocol=true&_=1768354940142 HTTP/1.1" 200 -
119.136.153.148 - - [14/Jan/2026:09:37:46 +0800] "GET /InternetTrading/longpoll/51803?X-Atmosphere-tracking-id=0&X-Atmosphere-Framework=2.2.3-javascript&X-Atmosphere-Transport=long-polling&X-Atmosphere-TrackMessageSize=true&Content-Type=charset%3Dutf-8&X-atmo-protocol=true&_=1768354941412 HTTP/1.1" 200 -
14.0.158.118 - - [14/Jan/2026:09:37:49 +0800] "GET /InternetTrading/longpoll/A8127?X-Atmosphere-tracking-id=0&X-Atmosphere-Framework=2.2.3-javascript&X-Atmosphere-Transport=long-polling&X-Atmosphere-TrackMessageSize=true&Content-Type=charset%3Dutf-8&X-atmo-protocol=true&_=1768354944849 HTTP/1.1" 200 -
203.160.80.124 - - [14/Jan/2026:09:37:51 +0800] "POST /InternetTrading/SessionErrorLogger HTTP/1.1" 200 117
