117.24.53.13 - - [14/Jan/2026:10:07:49 +0800] "GET /InternetTrading/longpoll/M8773?X-Atmosphere-tracking-id=0&X-Atmosphere-Framework=2.2.3-javascript&X-Atmosphere-Transport=long-polling&X-Atmosphere-TrackMessageSize=true&Content-Type=charset%3Dutf-8&X-atmo-protocol=true&_=1768356743954 HTTP/1.1" 200 -
203.184.201.173 - - [14/Jan/2026:10:07:51 +0800] "GET /InternetTrading/longpoll/56419?X-Atmosphere-tracking-id=0&X-Atmosphere-Framework=2.2.3-javascript&X-Atmosphere-Transport=long-polling&X-Atmosphere-TrackMessageSize=true&Content-Type=charset%3Dutf-8&X-atmo-protocol=true&_=1768356746010 HTTP/1.1" 200 -
203.160.80.124 - - [14/Jan/2026:10:07:52 +0800] "GET /InternetTrading/longpoll/55136?X-Atmosphere-tracking-id=0&X-Atmosphere-Framework=2.2.3-javascript&X-Atmosphere-Transport=long-polling&X-Atmosphere-TrackMessageSize=true&Content-Type=charset%3Dutf-8&X-atmo-protocol=true&_=1768356746217 HTTP/1.1" 200 -
14.0.158.118 - - [14/Jan/2026:10:07:52 +0800] "GET /InternetTrading/longpoll/A8127?X-Atmosphere-tracking-id=0&X-Atmosphere-Framework=2.2.3-javascript&X-Atmosphere-Transport=long-polling&X-Atmosphere-TrackMessageSize=true&Content-Type=charset%3Dutf-8&X-atmo-protocol=true&_=1768356747734 HTTP/1.1" 200 -
119.136.153.148 - - [14/Jan/2026:10:07:52 +0800] "GET /InternetTrading/longpoll/51803?X-Atmosphere-tracking-id=0&X-Atmosphere-Framework=2.2.3-javascript&X-Atmosphere-Transport=long-polling&X-Atmosphere-TrackMessageSize=true&Content-Type=charset%3Dutf-8&X-atmo-protocol=true&_=1768356747513 HTTP/1.1" 200 -
117.24.53.13 - - [14/Jan/2026:10:07:55 +0800] "GET /InternetTrading/longpoll/M8773?X-Atmosphere-tracking-id=0&X-Atmosphere-Framework=2.2.3-javascript&X-Atmosphere-Transport=long-polling&X-Atmosphere-TrackMessageSize=true&Content-Type=charset%3Dutf-8&X-atmo-protocol=true&_=1768356749954 HTTP/1.1" 200 -
203.184.201.173 - - [14/Jan/2026:10:07:56 +0800] "GET /InternetTrading/longpoll/56419?X-Atmosphere-tracking-id=0&X-Atmosphere-Framework=2.2.3-javascript&X-Atmosphere-Transport=long-polling&X-Atmosphere-TrackMessageSize=true&Content-Type=charset%3Dutf-8&X-atmo-protocol=true&_=1768356751079 HTTP/1.1" 200 -
203.160.80.124 - - [14/Jan/2026:10:07:57 +0800] "GET /InternetTrading/longpoll/55136?X-Atmosphere-tracking-id=0&X-Atmosphere-Framework=2.2.3-javascript&X-Atmosphere-Transport=long-polling&X-Atmosphere-TrackMessageSize=true&Content-Type=charset%3Dutf-8&X-atmo-protocol=true&_=1768356751392 HTTP/1.1" 200 -
14.0.158.118 - - [14/Jan/2026:10:07:58 +0800] "GET /InternetTrading/longpoll/A8127?X-Atmosphere-tracking-id=0&X-Atmosphere-Framework=2.2.3-javascript&X-Atmosphere-Transport=long-polling&X-Atmosphere-TrackMessageSize=true&Content-Type=charset%3Dutf-8&X-atmo-protocol=true&_=1768356753129 HTTP/1.1" 200 -
119.136.153.148 - - [14/Jan/2026:10:07:58 +0800] "GET /InternetTrading/longpoll/51803?X-Atmosphere-tracking-id=0&X-Atmosphere-Framework=2.2.3-javascript&X-Atmosphere-Transport=long-polling&X-Atmosphere-TrackMessageSize=true&Content-Type=charset%3Dutf-8&X-atmo-protocol=true&_=1768356753526 HTTP/1.1" 200 -
203.184.201.173 - - [14/Jan/2026:10:08:00 +0800] "POST /InternetTrading/SessionErrorLogger HTTP/1.1" 200 117
203.184.201.173 - - [14/Jan/2026:10:08:00 +0800] "POST /InternetTrading/Heartbeat HTTP/1.1" 200 32
203.184.201.173 - - [14/Jan/2026:10:08:01 +0800] "GET /InternetTrading/longpoll/56419?X-Atmosphere-tracking-id=0&X-Atmosphere-Framework=2.2.3-javascript&X-Atmosphere-Transport=long-polling&X-Atmosphere-TrackMessageSize=true&Content-Type=charset%3Dutf-8&X-atmo-protocol=true&_=1768356756116 HTTP/1.1" 200 -
117.24.53.13 - - [14/Jan/2026:10:08:01 +0800] "GET /InternetTrading/longpoll/M8773?X-Atmosphere-tracking-id=0&X-Atmosphere-Framework=2.2.3-javascript&X-Atmosphere-Transport=long-polling&X-Atmosphere-TrackMessageSize=true&Content-Type=charset%3Dutf-8&X-atmo-protocol=true&_=1768356755960 HTTP/1.1" 200 -
203.184.201.173 - - [14/Jan/2026:10:08:03 +0800] "POST /InternetTrading/SessionErrorLogger HTTP/1.1" 200 117
203.184.201.173 - - [14/Jan/2026:10:08:03 +0800] "POST /InternetTrading/MarketStatus HTTP/1.1" 200 772
14.0.158.118 - - [14/Jan/2026:10:08:03 +0800] "GET /InternetTrading/longpoll/A8127?X-Atmosphere-tracking-id=0&X-Atmosphere-Framework=2.2.3-javascript&X-Atmosphere-Transport=long-polling&X-Atmosphere-TrackMessageSize=true&Content-Type=charset%3Dutf-8&X-atmo-protocol=true&_=1768356758393 HTTP/1.1" 200 -
203.160.80.124 - - [14/Jan/2026:10:08:03 +0800] "GET /InternetTrading/longpoll/55136?X-Atmosphere-tracking-id=0&X-Atmosphere-Framework=2.2.3-javascript&X-Atmosphere-Transport=long-polling&X-Atmosphere-TrackMessageSize=true&Content-Type=charset%3Dutf-8&X-atmo-protocol=true&_=1768356756838 HTTP/1.1" 200 -
119.136.153.148 - - [14/Jan/2026:10:08:04 +0800] "GET /InternetTrading/longpoll/51803?X-Atmosphere-tracking-id=0&X-Atmosphere-Framework=2.2.3-javascript&X-Atmosphere-Transport=long-polling&X-Atmosphere-TrackMessageSize=true&Content-Type=charset%3Dutf-8&X-atmo-protocol=true&_=1768356759522 HTTP/1.1" 200 -
203.184.201.173 - - [14/Jan/2026:10:08:06 +0800] "GET /InternetTrading/longpoll/56419?X-Atmosphere-tracking-id=0&X-Atmosphere-Framework=2.2.3-javascript&X-Atmosphere-Transport=long-polling&X-Atmosphere-TrackMessageSize=true&Content-Type=charset%3Dutf-8&X-atmo-protocol=true&_=1768356761148 HTTP/1.1" 200 -
117.24.53.13 - - [14/Jan/2026:10:08:07 +0800] "GET /InternetTrading/longpoll/M8773?X-Atmosphere-tracking-id=0&X-Atmosphere-Framework=2.2.3-javascript&X-Atmosphere-Transport=long-polling&X-Atmosphere-TrackMessageSize=true&Content-Type=charset%3Dutf-8&X-atmo-protocol=true&_=1768356761959 HTTP/1.1" 200 -
14.0.158.118 - - [14/Jan/2026:10:08:08 +0800] "POST /InternetTrading/SessionErrorLogger HTTP/1.1" 200 117
14.0.158.118 - - [14/Jan/2026:10:08:08 +0800] "POST /InternetTrading/Heartbeat HTTP/1.1" 200 32
14.0.158.118 - - [14/Jan/2026:10:08:08 +0800] "POST /InternetTrading/SessionErrorLogger HTTP/1.1" 200 117
14.0.158.118 - - [14/Jan/2026:10:08:08 +0800] "POST /InternetTrading/MarketStatus HTTP/1.1" 200 772
14.0.158.118 - - [14/Jan/2026:10:08:08 +0800] "GET /InternetTrading/longpoll/A8127?X-Atmosphere-tracking-id=0&X-Atmosphere-Framework=2.2.3-javascript&X-Atmosphere-Transport=long-polling&X-Atmosphere-TrackMessageSize=true&Content-Type=charset%3Dutf-8&X-atmo-protocol=true&_=1768356763584 HTTP/1.1" 200 -
203.160.80.124 - - [14/Jan/2026:10:08:08 +0800] "GET /InternetTrading/longpoll/55136?X-Atmosphere-tracking-id=0&X-Atmosphere-Framework=2.2.3-javascript&X-Atmosphere-Transport=long-polling&X-Atmosphere-TrackMessageSize=true&Content-Type=charset%3Dutf-8&X-atmo-protocol=true&_=1768356762338 HTTP/1.1" 200 -
119.136.153.148 - - [14/Jan/2026:10:08:10 +0800] "GET /InternetTrading/longpoll/51803?X-Atmosphere-tracking-id=0&X-Atmosphere-Framework=2.2.3-javascript&X-Atmosphere-Transport=long-polling&X-Atmosphere-TrackMessageSize=true&Content-Type=charset%3Dutf-8&X-atmo-protocol=true&_=1768356765521 HTTP/1.1" 200 -
203.160.80.124 - - [14/Jan/2026:10:08:11 +0800] "POST /InternetTrading/SessionErrorLogger HTTP/1.1" 200 117
203.160.80.124 - - [14/Jan/2026:10:08:11 +0800] "POST /InternetTrading/Heartbeat HTTP/1.1" 200 32
203.160.80.124 - - [14/Jan/2026:10:08:12 +0800] "POST /InternetTrading/SessionErrorLogger HTTP/1.1" 200 117
203.160.80.124 - - [14/Jan/2026:10:08:12 +0800] "POST /InternetTrading/MarketStatus HTTP/1.1" 200 772
14.0.158.118 - - [14/Jan/2026:10:08:13 +0800] "GET /InternetTrading/longpoll/A8127?X-Atmosphere-tracking-id=0&X-Atmosphere-Framework=2.2.3-javascript&X-Atmosphere-Transport=long-polling&X-Atmosphere-TrackMessageSize=true&Content-Type=charset%3Dutf-8&X-atmo-protocol=true&_=1768356768698 HTTP/1.1" 200 -
117.24.53.13 - - [14/Jan/2026:10:08:13 +0800] "GET /InternetTrading/longpoll/M8773?X-Atmosphere-tracking-id=0&X-Atmosphere-Framework=2.2.3-javascript&X-Atmosphere-Transport=long-polling&X-Atmosphere-TrackMessageSize=true&Content-Type=charset%3Dutf-8&X-atmo-protocol=true&_=1768356767960 HTTP/1.1" 200 -
203.184.201.173 - - [14/Jan/2026:10:08:13 +0800] "GET /InternetTrading/longpoll/56419?X-Atmosphere-tracking-id=0&X-Atmosphere-Framework=2.2.3-javascript&X-Atmosphere-Transport=long-polling&X-Atmosphere-TrackMessageSize=true&Content-Type=charset%3Dutf-8&X-atmo-protocol=true&_=1768356766531 HTTP/1.1" 200 -
203.160.80.124 - - [14/Jan/2026:10:08:13 +0800] "GET /InternetTrading/longpoll/55136?X-Atmosphere-tracking-id=0&X-Atmosphere-Framework=2.2.3-javascript&X-Atmosphere-Transport=long-polling&X-Atmosphere-TrackMessageSize=true&Content-Type=charset%3Dutf-8&X-atmo-protocol=true&_=1768356767790 HTTP/1.1" 200 -
117.24.53.13 - - [14/Jan/2026:10:08:15 +0800] "POST /InternetTrading/SessionErrorLogger HTTP/1.1" 200 117
117.24.53.13 - - [14/Jan/2026:10:08:15 +0800] "POST /InternetTrading/MarketStatus HTTP/1.1" 200 772
117.24.53.13 - - [14/Jan/2026:10:08:15 +0800] "POST /InternetTrading/SessionErrorLogger HTTP/1.1" 200 117
117.24.53.13 - - [14/Jan/2026:10:08:15 +0800] "POST /InternetTrading/Heartbeat HTTP/1.1" 200 32
119.136.153.148 - - [14/Jan/2026:10:08:16 +0800] "GET /InternetTrading/longpoll/51803?X-Atmosphere-tracking-id=0&X-Atmosphere-Framework=2.2.3-javascript&X-Atmosphere-Transport=long-polling&X-Atmosphere-TrackMessageSize=true&Content-Type=charset%3Dutf-8&X-atmo-protocol=true&_=1768356771526 HTTP/1.1" 200 -
14.0.158.118 - - [14/Jan/2026:10:08:18 +0800] "GET /InternetTrading/longpoll/A8127?X-Atmosphere-tracking-id=0&X-Atmosphere-Framework=2.2.3-javascript&X-Atmosphere-Transport=long-polling&X-Atmosphere-TrackMessageSize=true&Content-Type=charset%3Dutf-8&X-atmo-protocol=true&_=1768356773807 HTTP/1.1" 200 -
117.24.53.13 - - [14/Jan/2026:10:08:18 +0800] "GET /InternetTrading/longpoll/M8773?X-Atmosphere-tracking-id=0&X-Atmosphere-Framework=2.2.3-javascript&X-Atmosphere-Transport=long-polling&X-Atmosphere-TrackMessageSize=true&Content-Type=charset%3Dutf-8&X-atmo-protocol=true&_=1768356773100 HTTP/1.1" 200 -
203.160.80.124 - - [14/Jan/2026:10:08:19 +0800] "GET /InternetTrading/longpoll/55136?X-Atmosphere-tracking-id=0&X-Atmosphere-Framework=2.2.3-javascript&X-Atmosphere-Transport=long-polling&X-Atmosphere-TrackMessageSize=true&Content-Type=charset%3Dutf-8&X-atmo-protocol=true&_=1768356772948 HTTP/1.1" 200 -
117.24.53.13 - - [14/Jan/2026:10:08:20 +0800] "GET /InternetTrading/jquery/images/ui-icons_888888_256x240.png HTTP/1.1" 200 6999
119.136.153.148 - - [14/Jan/2026:10:08:21 +0800] "POST /InternetTrading/SessionErrorLogger HTTP/1.1" 200 117
119.136.153.148 - - [14/Jan/2026:10:08:21 +0800] "POST /InternetTrading/Heartbeat HTTP/1.1" 200 32
119.136.153.148 - - [14/Jan/2026:10:08:21 +0800] "POST /InternetTrading/SessionErrorLogger HTTP/1.1" 200 117
119.136.153.148 - - [14/Jan/2026:10:08:21 +0800] "POST /InternetTrading/MarketStatus HTTP/1.1" 200 772
117.24.53.13 - - [14/Jan/2026:10:08:21 +0800] "POST /InternetTrading/SessionErrorLogger HTTP/1.1" 200 117
117.24.53.13 - - [14/Jan/2026:10:08:21 +0800] "POST /InternetTrading/Product HTTP/1.1" 200 306
117.24.53.13 - - [14/Jan/2026:10:08:22 +0800] "POST /InternetTrading/SessionErrorLogger HTTP/1.1" 200 117
117.24.53.13 - - [14/Jan/2026:10:08:22 +0800] "POST /InternetTrading/OrderMaxQuantity HTTP/1.1" 200 8
203.184.201.173 - - [14/Jan/2026:10:08:22 +0800] "GET /InternetTrading/longpoll/56419?X-Atmosphere-tracking-id=0&X-Atmosphere-Framework=2.2.3-javascript&X-Atmosphere-Transport=long-polling&X-Atmosphere-TrackMessageSize=true&Content-Type=charset%3Dutf-8&X-atmo-protocol=true&_=1768356773654 HTTP/1.1" 200 -
119.136.153.148 - - [14/Jan/2026:10:08:22 +0800] "GET /InternetTrading/longpoll/51803?X-Atmosphere-tracking-id=0&X-Atmosphere-Framework=2.2.3-javascript&X-Atmosphere-Transport=long-polling&X-Atmosphere-TrackMessageSize=true&Content-Type=charset%3Dutf-8&X-atmo-protocol=true&_=1768356777515 HTTP/1.1" 200 -
117.24.53.13 - - [14/Jan/2026:10:08:23 +0800] "GET /InternetTrading/longpoll/M8773?X-Atmosphere-tracking-id=0&X-Atmosphere-Framework=2.2.3-javascript&X-Atmosphere-Transport=long-polling&X-Atmosphere-TrackMessageSize=true&Content-Type=charset%3Dutf-8&X-atmo-protocol=true&_=1768356778251 HTTP/1.1" 200 -
14.0.158.118 - - [14/Jan/2026:10:08:23 +0800] "GET /InternetTrading/longpoll/A8127?X-Atmosphere-tracking-id=0&X-Atmosphere-Framework=2.2.3-javascript&X-Atmosphere-Transport=long-polling&X-Atmosphere-TrackMessageSize=true&Content-Type=charset%3Dutf-8&X-atmo-protocol=true&_=1768356778987 HTTP/1.1" 200 -
203.160.80.124 - - [14/Jan/2026:10:08:25 +0800] "GET /InternetTrading/longpoll/55136?X-Atmosphere-tracking-id=0&X-Atmosphere-Framework=2.2.3-javascript&X-Atmosphere-Transport=long-polling&X-Atmosphere-TrackMessageSize=true&Content-Type=charset%3Dutf-8&X-atmo-protocol=true&_=1768356778559 HTTP/1.1" 200 -
119.136.153.148 - - [14/Jan/2026:10:08:28 +0800] "GET /InternetTrading/longpoll/51803?X-Atmosphere-tracking-id=0&X-Atmosphere-Framework=2.2.3-javascript&X-Atmosphere-Transport=long-polling&X-Atmosphere-TrackMessageSize=true&Content-Type=charset%3Dutf-8&X-atmo-protocol=true&_=1768356783515 HTTP/1.1" 200 -
117.24.53.13 - - [14/Jan/2026:10:08:28 +0800] "GET /InternetTrading/longpoll/M8773?X-Atmosphere-tracking-id=0&X-Atmosphere-Framework=2.2.3-javascript&X-Atmosphere-Transport=long-polling&X-Atmosphere-TrackMessageSize=true&Content-Type=charset%3Dutf-8&X-atmo-protocol=true&_=1768356783298 HTTP/1.1" 200 -
14.0.158.118 - - [14/Jan/2026:10:08:29 +0800] "GET /InternetTrading/longpoll/A8127?X-Atmosphere-tracking-id=0&X-Atmosphere-Framework=2.2.3-javascript&X-Atmosphere-Transport=long-polling&X-Atmosphere-TrackMessageSize=true&Content-Type=charset%3Dutf-8&X-atmo-protocol=true&_=1768356784264 HTTP/1.1" 200 -
203.160.80.124 - - [14/Jan/2026:10:08:30 +0800] "GET /InternetTrading/longpoll/55136?X-Atmosphere-tracking-id=0&X-Atmosphere-Framework=2.2.3-javascript&X-Atmosphere-Transport=long-polling&X-Atmosphere-TrackMessageSize=true&Content-Type=charset%3Dutf-8&X-atmo-protocol=true&_=1768356784006 HTTP/1.1" 200 -
203.184.201.173 - - [14/Jan/2026:10:08:30 +0800] "POST /InternetTrading/SessionErrorLogger HTTP/1.1" 200 117
203.184.201.173 - - [14/Jan/2026:10:08:31 +0800] "GET /InternetTrading/longpoll/56419?X-Atmosphere-tracking-id=0&X-Atmosphere-Framework=2.2.3-javascript&X-Atmosphere-Transport=long-polling&X-Atmosphere-TrackMessageSize=true&Content-Type=charset%3Dutf-8&X-atmo-protocol=true&_=1768356781849 HTTP/1.1" 200 -
203.184.201.173 - - [14/Jan/2026:10:08:31 +0800] "POST /InternetTrading/Heartbeat HTTP/1.1" 200 32
203.184.201.173 - - [14/Jan/2026:10:08:33 +0800] "POST /InternetTrading/SessionErrorLogger HTTP/1.1" 200 117
203.184.201.173 - - [14/Jan/2026:10:08:33 +0800] "POST /InternetTrading/MarketStatus HTTP/1.1" 200 772
117.24.53.13 - - [14/Jan/2026:10:08:33 +0800] "POST /InternetTrading/SessionErrorLogger HTTP/1.1" 200 117
117.24.53.13 - - [14/Jan/2026:10:08:33 +0800] "POST /InternetTrading/LoginKey HTTP/1.1" 200 -
117.24.53.13 - - [14/Jan/2026:10:08:33 +0800] "GET /InternetTrading/jquery/wait.gif HTTP/1.1" 200 432
117.24.53.13 - - [14/Jan/2026:10:08:33 +0800] "POST /InternetTrading/PreOrder HTTP/1.1" 200 1226
117.24.53.13 - - [14/Jan/2026:10:08:33 +0800] "GET /InternetTrading/longpoll/M8773?X-Atmosphere-tracking-id=0&X-Atmosphere-Framework=2.2.3-javascript&X-Atmosphere-Transport=long-polling&X-Atmosphere-TrackMessageSize=true&Content-Type=charset%3Dutf-8&X-atmo-protocol=true&_=1768356788392 HTTP/1.1" 200 -
14.0.158.118 - - [14/Jan/2026:10:08:34 +0800] "GET /InternetTrading/longpoll/A8127?X-Atmosphere-tracking-id=0&X-Atmosphere-Framework=2.2.3-javascript&X-Atmosphere-Transport=long-polling&X-Atmosphere-TrackMessageSize=true&Content-Type=charset%3Dutf-8&X-atmo-protocol=true&_=1768356789387 HTTP/1.1" 200 -
119.136.153.148 - - [14/Jan/2026:10:08:34 +0800] "GET /InternetTrading/longpoll/51803?X-Atmosphere-tracking-id=0&X-Atmosphere-Framework=2.2.3-javascript&X-Atmosphere-Transport=long-polling&X-Atmosphere-TrackMessageSize=true&Content-Type=charset%3Dutf-8&X-atmo-protocol=true&_=1768356789517 HTTP/1.1" 200 -
203.160.80.124 - - [14/Jan/2026:10:08:35 +0800] "GET /InternetTrading/longpoll/55136?X-Atmosphere-tracking-id=0&X-Atmosphere-Framework=2.2.3-javascript&X-Atmosphere-Transport=long-polling&X-Atmosphere-TrackMessageSize=true&Content-Type=charset%3Dutf-8&X-atmo-protocol=true&_=1768356789446 HTTP/1.1" 200 -
203.184.201.173 - - [14/Jan/2026:10:08:36 +0800] "GET /InternetTrading/longpoll/56419?X-Atmosphere-tracking-id=0&X-Atmosphere-Framework=2.2.3-javascript&X-Atmosphere-Transport=long-polling&X-Atmosphere-TrackMessageSize=true&Content-Type=charset%3Dutf-8&X-atmo-protocol=true&_=1768356791001 HTTP/1.1" 200 -
14.0.158.118 - - [14/Jan/2026:10:08:38 +0800] "POST /InternetTrading/SessionErrorLogger HTTP/1.1" 200 117
14.0.158.118 - - [14/Jan/2026:10:08:38 +0800] "POST /InternetTrading/Heartbeat HTTP/1.1" 200 32
14.0.158.118 - - [14/Jan/2026:10:08:38 +0800] "POST /InternetTrading/SessionErrorLogger HTTP/1.1" 200 117
14.0.158.118 - - [14/Jan/2026:10:08:38 +0800] "POST /InternetTrading/MarketStatus HTTP/1.1" 200 772
14.0.158.118 - - [14/Jan/2026:10:08:39 +0800] "GET /InternetTrading/longpoll/A8127?X-Atmosphere-tracking-id=0&X-Atmosphere-Framework=2.2.3-javascript&X-Atmosphere-Transport=long-polling&X-Atmosphere-TrackMessageSize=true&Content-Type=charset%3Dutf-8&X-atmo-protocol=true&_=1768356794527 HTTP/1.1" 200 -
117.24.53.13 - - [14/Jan/2026:10:08:39 +0800] "GET /InternetTrading/longpoll/M8773?X-Atmosphere-tracking-id=0&X-Atmosphere-Framework=2.2.3-javascript&X-Atmosphere-Transport=long-polling&X-Atmosphere-TrackMessageSize=true&Content-Type=charset%3Dutf-8&X-atmo-protocol=true&_=1768356793960 HTTP/1.1" 200 -
119.136.153.148 - - [14/Jan/2026:10:08:40 +0800] "GET /InternetTrading/longpoll/51803?X-Atmosphere-tracking-id=0&X-Atmosphere-Framework=2.2.3-javascript&X-Atmosphere-Transport=long-polling&X-Atmosphere-TrackMessageSize=true&Content-Type=charset%3Dutf-8&X-atmo-protocol=true&_=1768356795514 HTTP/1.1" 200 -
203.160.80.124 - - [14/Jan/2026:10:08:41 +0800] "GET /InternetTrading/longpoll/55136?X-Atmosphere-tracking-id=0&X-Atmosphere-Framework=2.2.3-javascript&X-Atmosphere-Transport=long-polling&X-Atmosphere-TrackMessageSize=true&Content-Type=charset%3Dutf-8&X-atmo-protocol=true&_=1768356794910 HTTP/1.1" 200 -
203.160.80.124 - - [14/Jan/2026:10:08:41 +0800] "POST /InternetTrading/SessionErrorLogger HTTP/1.1" 200 117
203.184.201.173 - - [14/Jan/2026:10:08:42 +0800] "GET /InternetTrading/longpoll/56419?X-Atmosphere-tracking-id=0&X-Atmosphere-Framework=2.2.3-javascript&X-Atmosphere-Transport=long-polling&X-Atmosphere-TrackMessageSize=true&Content-Type=charset%3Dutf-8&X-atmo-protocol=true&_=1768356796443 HTTP/1.1" 200 -
203.160.80.124 - - [14/Jan/2026:10:08:42 +0800] "POST /InternetTrading/Heartbeat HTTP/1.1" 200 32
203.160.80.124 - - [14/Jan/2026:10:08:42 +0800] "POST /InternetTrading/SessionErrorLogger HTTP/1.1" 200 117
203.160.80.124 - - [14/Jan/2026:10:08:43 +0800] "POST /InternetTrading/MarketStatus HTTP/1.1" 200 772
14.0.158.118 - - [14/Jan/2026:10:08:44 +0800] "GET /InternetTrading/longpoll/A8127?X-Atmosphere-tracking-id=0&X-Atmosphere-Framework=2.2.3-javascript&X-Atmosphere-Transport=long-polling&X-Atmosphere-TrackMessageSize=true&Content-Type=charset%3Dutf-8&X-atmo-protocol=true&_=1768356799642 HTTP/1.1" 200 -
117.24.53.13 - - [14/Jan/2026:10:08:45 +0800] "GET /InternetTrading/longpoll/M8773?X-Atmosphere-tracking-id=0&X-Atmosphere-Framework=2.2.3-javascript&X-Atmosphere-Transport=long-polling&X-Atmosphere-TrackMessageSize=true&Content-Type=charset%3Dutf-8&X-atmo-protocol=true&_=1768356799959 HTTP/1.1" 200 -
117.24.53.13 - - [14/Jan/2026:10:08:45 +0800] "POST /InternetTrading/SessionErrorLogger HTTP/1.1" 200 117
117.24.53.13 - - [14/Jan/2026:10:08:45 +0800] "POST /InternetTrading/SessionErrorLogger HTTP/1.1" 200 117
117.24.53.13 - - [14/Jan/2026:10:08:45 +0800] "POST /InternetTrading/MarketStatus HTTP/1.1" 200 772
117.24.53.13 - - [14/Jan/2026:10:08:45 +0800] "POST /InternetTrading/Heartbeat HTTP/1.1" 200 32
203.160.80.124 - - [14/Jan/2026:10:08:46 +0800] "GET /InternetTrading/longpoll/55136?X-Atmosphere-tracking-id=0&X-Atmosphere-Framework=2.2.3-javascript&X-Atmosphere-Transport=long-polling&X-Atmosphere-TrackMessageSize=true&Content-Type=charset%3Dutf-8&X-atmo-protocol=true&_=1768356800336 HTTP/1.1" 200 -
119.136.153.148 - - [14/Jan/2026:10:08:46 +0800] "GET /InternetTrading/longpoll/51803?X-Atmosphere-tracking-id=0&X-Atmosphere-Framework=2.2.3-javascript&X-Atmosphere-Transport=long-polling&X-Atmosphere-TrackMessageSize=true&Content-Type=charset%3Dutf-8&X-atmo-protocol=true&_=1768356801521 HTTP/1.1" 200 -
203.184.201.173 - - [14/Jan/2026:10:08:48 +0800] "GET /InternetTrading/longpoll/56419?X-Atmosphere-tracking-id=0&X-Atmosphere-Framework=2.2.3-javascript&X-Atmosphere-Transport=long-polling&X-Atmosphere-TrackMessageSize=true&Content-Type=charset%3Dutf-8&X-atmo-protocol=true&_=1768356801815 HTTP/1.1" 200 -
14.0.158.118 - - [14/Jan/2026:10:08:49 +0800] "GET /InternetTrading/longpoll/A8127?X-Atmosphere-tracking-id=0&X-Atmosphere-Framework=2.2.3-javascript&X-Atmosphere-Transport=long-polling&X-Atmosphere-TrackMessageSize=true&Content-Type=charset%3Dutf-8&X-atmo-protocol=true&_=1768356804780 HTTP/1.1" 200 -
117.24.53.13 - - [14/Jan/2026:10:08:51 +0800] "GET /InternetTrading/longpoll/M8773?X-Atmosphere-tracking-id=0&X-Atmosphere-Framework=2.2.3-javascript&X-Atmosphere-Transport=long-polling&X-Atmosphere-TrackMessageSize=true&Content-Type=charset%3Dutf-8&X-atmo-protocol=true&_=1768356805960 HTTP/1.1" 200 -
203.160.80.124 - - [14/Jan/2026:10:08:51 +0800] "GET /InternetTrading/longpoll/55136?X-Atmosphere-tracking-id=0&X-Atmosphere-Framework=2.2.3-javascript&X-Atmosphere-Transport=long-polling&X-Atmosphere-TrackMessageSize=true&Content-Type=charset%3Dutf-8&X-atmo-protocol=true&_=1768356805508 HTTP/1.1" 200 -
119.136.153.148 - - [14/Jan/2026:10:08:52 +0800] "GET /InternetTrading/longpoll/51803?X-Atmosphere-tracking-id=0&X-Atmosphere-Framework=2.2.3-javascript&X-Atmosphere-Transport=long-polling&X-Atmosphere-TrackMessageSize=true&Content-Type=charset%3Dutf-8&X-atmo-protocol=true&_=1768356807513 HTTP/1.1" 200 -
14.0.158.118 - - [14/Jan/2026:10:08:54 +0800] "GET /InternetTrading/longpoll/A8127?X-Atmosphere-tracking-id=0&X-Atmosphere-Framework=2.2.3-javascript&X-Atmosphere-Transport=long-polling&X-Atmosphere-TrackMessageSize=true&Content-Type=charset%3Dutf-8&X-atmo-protocol=true&_=1768356809998 HTTP/1.1" 200 -
203.184.201.173 - - [14/Jan/2026:10:08:54 +0800] "GET /InternetTrading/longpoll/56419?X-Atmosphere-tracking-id=0&X-Atmosphere-Framework=2.2.3-javascript&X-Atmosphere-Transport=long-polling&X-Atmosphere-TrackMessageSize=true&Content-Type=charset%3Dutf-8&X-atmo-protocol=true&_=1768356808911 HTTP/1.1" 200 -
203.160.80.124 - - [14/Jan/2026:10:08:57 +0800] "GET /InternetTrading/longpoll/55136?X-Atmosphere-tracking-id=0&X-Atmosphere-Framework=2.2.3-javascript&X-Atmosphere-Transport=long-polling&X-Atmosphere-TrackMessageSize=true&Content-Type=charset%3Dutf-8&X-atmo-protocol=true&_=1768356810683 HTTP/1.1" 200 -
117.24.53.13 - - [14/Jan/2026:10:08:57 +0800] "GET /InternetTrading/longpoll/M8773?X-Atmosphere-tracking-id=0&X-Atmosphere-Framework=2.2.3-javascript&X-Atmosphere-Transport=long-polling&X-Atmosphere-TrackMessageSize=true&Content-Type=charset%3Dutf-8&X-atmo-protocol=true&_=1768356811965 HTTP/1.1" 200 -
119.136.153.148 - - [14/Jan/2026:10:08:58 +0800] "GET /InternetTrading/longpoll/51803?X-Atmosphere-tracking-id=0&X-Atmosphere-Framework=2.2.3-javascript&X-Atmosphere-Transport=long-polling&X-Atmosphere-TrackMessageSize=true&Content-Type=charset%3Dutf-8&X-atmo-protocol=true&_=1768356813509 HTTP/1.1" 200 -
14.0.158.118 - - [14/Jan/2026:10:09:00 +0800] "GET /InternetTrading/longpoll/A8127?X-Atmosphere-tracking-id=0&X-Atmosphere-Framework=2.2.3-javascript&X-Atmosphere-Transport=long-polling&X-Atmosphere-TrackMessageSize=true&Content-Type=charset%3Dutf-8&X-atmo-protocol=true&_=1768356815149 HTTP/1.1" 200 -
203.184.201.173 - - [14/Jan/2026:10:09:01 +0800] "POST /InternetTrading/SessionErrorLogger HTTP/1.1" 200 117
203.184.201.173 - - [14/Jan/2026:10:09:02 +0800] "GET /InternetTrading/longpoll/56419?X-Atmosphere-tracking-id=0&X-Atmosphere-Framework=2.2.3-javascript&X-Atmosphere-Transport=long-polling&X-Atmosphere-TrackMessageSize=true&Content-Type=charset%3Dutf-8&X-atmo-protocol=true&_=1768356814532 HTTP/1.1" 200 -
203.160.80.124 - - [14/Jan/2026:10:09:02 +0800] "GET /InternetTrading/longpoll/55136?X-Atmosphere-tracking-id=0&X-Atmosphere-Framework=2.2.3-javascript&X-Atmosphere-Transport=long-polling&X-Atmosphere-TrackMessageSize=true&Content-Type=charset%3Dutf-8&X-atmo-protocol=true&_=1768356816135 HTTP/1.1" 200 -
203.184.201.173 - - [14/Jan/2026:10:09:03 +0800] "POST /InternetTrading/Heartbeat HTTP/1.1" 200 32
117.24.53.13 - - [14/Jan/2026:10:09:03 +0800] "GET /InternetTrading/longpoll/M8773?X-Atmosphere-tracking-id=0&X-Atmosphere-Framework=2.2.3-javascript&X-Atmosphere-Transport=long-polling&X-Atmosphere-TrackMessageSize=true&Content-Type=charset%3Dutf-8&X-atmo-protocol=true&_=1768356817965 HTTP/1.1" 200 -
203.184.201.173 - - [14/Jan/2026:10:09:03 +0800] "POST /InternetTrading/SessionErrorLogger HTTP/1.1" 200 117
203.184.201.173 - - [14/Jan/2026:10:09:04 +0800] "POST /InternetTrading/MarketStatus HTTP/1.1" 200 772
203.160.80.124 - - [14/Jan/2026:10:09:04 +0800] "POST /InternetTrading/SessionErrorLogger HTTP/1.1" 200 117
119.136.153.148 - - [14/Jan/2026:10:09:04 +0800] "GET /InternetTrading/longpoll/51803?X-Atmosphere-tracking-id=0&X-Atmosphere-Framework=2.2.3-javascript&X-Atmosphere-Transport=long-polling&X-Atmosphere-TrackMessageSize=true&Content-Type=charset%3Dutf-8&X-atmo-protocol=true&_=1768356819522 HTTP/1.1" 200 -
203.160.80.124 - - [14/Jan/2026:10:09:05 +0800] "POST /InternetTrading/Orderbook HTTP/1.1" 200 1705
203.160.80.124 - - [14/Jan/2026:10:09:05 +0800] "GET /InternetTrading/jquery/wait.gif HTTP/1.1" 200 432
14.0.158.118 - - [14/Jan/2026:10:09:05 +0800] "GET /InternetTrading/longpoll/A8127?X-Atmosphere-tracking-id=0&X-Atmosphere-Framework=2.2.3-javascript&X-Atmosphere-Transport=long-polling&X-Atmosphere-TrackMessageSize=true&Content-Type=charset%3Dutf-8&X-atmo-protocol=true&_=1768356820355 HTTP/1.1" 200 -
203.160.80.124 - - [14/Jan/2026:10:09:07 +0800] "GET /InternetTrading/longpoll/55136?X-Atmosphere-tracking-id=0&X-Atmosphere-Framework=2.2.3-javascript&X-Atmosphere-Transport=long-polling&X-Atmosphere-TrackMessageSize=true&Content-Type=charset%3Dutf-8&X-atmo-protocol=true&_=1768356821581 HTTP/1.1" 200 -
203.184.201.173 - - [14/Jan/2026:10:09:08 +0800] "GET /InternetTrading/longpoll/56419?X-Atmosphere-tracking-id=0&X-Atmosphere-Framework=2.2.3-javascript&X-Atmosphere-Transport=long-polling&X-Atmosphere-TrackMessageSize=true&Content-Type=charset%3Dutf-8&X-atmo-protocol=true&_=1768356822541 HTTP/1.1" 200 -
14.0.158.118 - - [14/Jan/2026:10:09:08 +0800] "POST /InternetTrading/SessionErrorLogger HTTP/1.1" 200 117
14.0.158.118 - - [14/Jan/2026:10:09:08 +0800] "POST /InternetTrading/Heartbeat HTTP/1.1" 200 32
14.0.158.118 - - [14/Jan/2026:10:09:08 +0800] "POST /InternetTrading/SessionErrorLogger HTTP/1.1" 200 117
14.0.158.118 - - [14/Jan/2026:10:09:08 +0800] "POST /InternetTrading/MarketStatus HTTP/1.1" 200 772
117.24.53.13 - - [14/Jan/2026:10:09:09 +0800] "GET /InternetTrading/longpoll/M8773?X-Atmosphere-tracking-id=0&X-Atmosphere-Framework=2.2.3-javascript&X-Atmosphere-Transport=long-polling&X-Atmosphere-TrackMessageSize=true&Content-Type=charset%3Dutf-8&X-atmo-protocol=true&_=1768356823965 HTTP/1.1" 200 -
14.0.158.118 - - [14/Jan/2026:10:09:10 +0800] "GET /InternetTrading/longpoll/A8127?X-Atmosphere-tracking-id=0&X-Atmosphere-Framework=2.2.3-javascript&X-Atmosphere-Transport=long-polling&X-Atmosphere-TrackMessageSize=true&Content-Type=charset%3Dutf-8&X-atmo-protocol=true&_=1768356825632 HTTP/1.1" 200 -
119.136.153.148 - - [14/Jan/2026:10:09:10 +0800] "GET /InternetTrading/longpoll/51803?X-Atmosphere-tracking-id=0&X-Atmosphere-Framework=2.2.3-javascript&X-Atmosphere-Transport=long-polling&X-Atmosphere-TrackMessageSize=true&Content-Type=charset%3Dutf-8&X-atmo-protocol=true&_=1768356825515 HTTP/1.1" 200 -
203.160.80.124 - - [14/Jan/2026:10:09:12 +0800] "POST /InternetTrading/SessionErrorLogger HTTP/1.1" 200 117
203.160.80.124 - - [14/Jan/2026:10:09:12 +0800] "POST /InternetTrading/Heartbeat HTTP/1.1" 200 32
203.160.80.124 - - [14/Jan/2026:10:09:12 +0800] "GET /InternetTrading/longpoll/55136?X-Atmosphere-tracking-id=0&X-Atmosphere-Framework=2.2.3-javascript&X-Atmosphere-Transport=long-polling&X-Atmosphere-TrackMessageSize=true&Content-Type=charset%3Dutf-8&X-atmo-protocol=true&_=1768356826763 HTTP/1.1" 200 -
203.160.80.124 - - [14/Jan/2026:10:09:13 +0800] "POST /InternetTrading/SessionErrorLogger HTTP/1.1" 200 117
203.184.201.173 - - [14/Jan/2026:10:09:13 +0800] "GET /InternetTrading/longpoll/56419?X-Atmosphere-tracking-id=0&X-Atmosphere-Framework=2.2.3-javascript&X-Atmosphere-Transport=long-polling&X-Atmosphere-TrackMessageSize=true&Content-Type=charset%3Dutf-8&X-atmo-protocol=true&_=1768356827675 HTTP/1.1" 200 -
203.160.80.124 - - [14/Jan/2026:10:09:13 +0800] "POST /InternetTrading/MarketStatus HTTP/1.1" 200 772
117.24.53.13 - - [14/Jan/2026:10:09:15 +0800] "GET /InternetTrading/longpoll/M8773?X-Atmosphere-tracking-id=0&X-Atmosphere-Framework=2.2.3-javascript&X-Atmosphere-Transport=long-polling&X-Atmosphere-TrackMessageSize=true&Content-Type=charset%3Dutf-8&X-atmo-protocol=true&_=1768356829966 HTTP/1.1" 200 -
14.0.158.118 - - [14/Jan/2026:10:09:15 +0800] "GET /InternetTrading/longpoll/A8127?X-Atmosphere-tracking-id=0&X-Atmosphere-Framework=2.2.3-javascript&X-Atmosphere-Transport=long-polling&X-Atmosphere-TrackMessageSize=true&Content-Type=charset%3Dutf-8&X-atmo-protocol=true&_=1768356830926 HTTP/1.1" 200 -
117.24.53.13 - - [14/Jan/2026:10:09:16 +0800] "POST /InternetTrading/SessionErrorLogger HTTP/1.1" 200 117
117.24.53.13 - - [14/Jan/2026:10:09:16 +0800] "POST /InternetTrading/MarketStatus HTTP/1.1" 200 772
117.24.53.13 - - [14/Jan/2026:10:09:16 +0800] "POST /InternetTrading/SessionErrorLogger HTTP/1.1" 200 117
117.24.53.13 - - [14/Jan/2026:10:09:16 +0800] "POST /InternetTrading/Heartbeat HTTP/1.1" 200 32
119.136.153.148 - - [14/Jan/2026:10:09:16 +0800] "GET /InternetTrading/longpoll/51803?X-Atmosphere-tracking-id=0&X-Atmosphere-Framework=2.2.3-javascript&X-Atmosphere-Transport=long-polling&X-Atmosphere-TrackMessageSize=true&Content-Type=charset%3Dutf-8&X-atmo-protocol=true&_=1768356831523 HTTP/1.1" 200 -
203.184.201.173 - - [14/Jan/2026:10:09:18 +0800] "GET /InternetTrading/longpoll/56419?X-Atmosphere-tracking-id=0&X-Atmosphere-Framework=2.2.3-javascript&X-Atmosphere-Transport=long-polling&X-Atmosphere-TrackMessageSize=true&Content-Type=charset%3Dutf-8&X-atmo-protocol=true&_=1768356832696 HTTP/1.1" 200 -
203.160.80.124 - - [14/Jan/2026:10:09:18 +0800] "GET /InternetTrading/longpoll/55136?X-Atmosphere-tracking-id=0&X-Atmosphere-Framework=2.2.3-javascript&X-Atmosphere-Transport=long-polling&X-Atmosphere-TrackMessageSize=true&Content-Type=charset%3Dutf-8&X-atmo-protocol=true&_=1768356832089 HTTP/1.1" 200 -
14.0.158.118 - - [14/Jan/2026:10:09:20 +0800] "GET /InternetTrading/longpoll/A8127?X-Atmosphere-tracking-id=0&X-Atmosphere-Framework=2.2.3-javascript&X-Atmosphere-Transport=long-polling&X-Atmosphere-TrackMessageSize=true&Content-Type=charset%3Dutf-8&X-atmo-protocol=true&_=1768356836077 HTTP/1.1" 200 -
117.24.53.13 - - [14/Jan/2026:10:09:21 +0800] "GET /InternetTrading/longpoll/M8773?X-Atmosphere-tracking-id=0&X-Atmosphere-Framework=2.2.3-javascript&X-Atmosphere-Transport=long-polling&X-Atmosphere-TrackMessageSize=true&Content-Type=charset%3Dutf-8&X-atmo-protocol=true&_=1768356835965 HTTP/1.1" 200 -
119.136.153.148 - - [14/Jan/2026:10:09:21 +0800] "POST /InternetTrading/SessionErrorLogger HTTP/1.1" 200 117
119.136.153.148 - - [14/Jan/2026:10:09:21 +0800] "POST /InternetTrading/Heartbeat HTTP/1.1" 200 32
119.136.153.148 - - [14/Jan/2026:10:09:21 +0800] "POST /InternetTrading/SessionErrorLogger HTTP/1.1" 200 117
119.136.153.148 - - [14/Jan/2026:10:09:21 +0800] "POST /InternetTrading/MarketStatus HTTP/1.1" 200 772
119.136.153.148 - - [14/Jan/2026:10:09:22 +0800] "GET /InternetTrading/longpoll/51803?X-Atmosphere-tracking-id=0&X-Atmosphere-Framework=2.2.3-javascript&X-Atmosphere-Transport=long-polling&X-Atmosphere-TrackMessageSize=true&Content-Type=charset%3Dutf-8&X-atmo-protocol=true&_=1768356837509 HTTP/1.1" 200 -
203.184.201.173 - - [14/Jan/2026:10:09:23 +0800] "GET /InternetTrading/longpoll/56419?X-Atmosphere-tracking-id=0&X-Atmosphere-Framework=2.2.3-javascript&X-Atmosphere-Transport=long-polling&X-Atmosphere-TrackMessageSize=true&Content-Type=charset%3Dutf-8&X-atmo-protocol=true&_=1768356837715 HTTP/1.1" 200 -
203.160.80.124 - - [14/Jan/2026:10:09:23 +0800] "GET /InternetTrading/longpoll/55136?X-Atmosphere-tracking-id=0&X-Atmosphere-Framework=2.2.3-javascript&X-Atmosphere-Transport=long-polling&X-Atmosphere-TrackMessageSize=true&Content-Type=charset%3Dutf-8&X-atmo-protocol=true&_=1768356837272 HTTP/1.1" 200 -
14.0.158.118 - - [14/Jan/2026:10:09:26 +0800] "GET /InternetTrading/longpoll/A8127?X-Atmosphere-tracking-id=0&X-Atmosphere-Framework=2.2.3-javascript&X-Atmosphere-Transport=long-polling&X-Atmosphere-TrackMessageSize=true&Content-Type=charset%3Dutf-8&X-atmo-protocol=true&_=1768356841196 HTTP/1.1" 200 -
117.24.53.13 - - [14/Jan/2026:10:09:27 +0800] "GET /InternetTrading/longpoll/M8773?X-Atmosphere-tracking-id=0&X-Atmosphere-Framework=2.2.3-javascript&X-Atmosphere-Transport=long-polling&X-Atmosphere-TrackMessageSize=true&Content-Type=charset%3Dutf-8&X-atmo-protocol=true&_=1768356841965 HTTP/1.1" 200 -
203.184.201.173 - - [14/Jan/2026:10:09:28 +0800] "GET /InternetTrading/longpoll/56419?X-Atmosphere-tracking-id=0&X-Atmosphere-Framework=2.2.3-javascript&X-Atmosphere-Transport=long-polling&X-Atmosphere-TrackMessageSize=true&Content-Type=charset%3Dutf-8&X-atmo-protocol=true&_=1768356842800 HTTP/1.1" 200 -
119.136.153.148 - - [14/Jan/2026:10:09:28 +0800] "GET /InternetTrading/longpoll/51803?X-Atmosphere-tracking-id=0&X-Atmosphere-Framework=2.2.3-javascript&X-Atmosphere-Transport=long-polling&X-Atmosphere-TrackMessageSize=true&Content-Type=charset%3Dutf-8&X-atmo-protocol=true&_=1768356843521 HTTP/1.1" 200 -
203.160.80.124 - - [14/Jan/2026:10:09:28 +0800] "GET /InternetTrading/longpoll/55136?X-Atmosphere-tracking-id=0&X-Atmosphere-Framework=2.2.3-javascript&X-Atmosphere-Transport=long-polling&X-Atmosphere-TrackMessageSize=true&Content-Type=charset%3Dutf-8&X-atmo-protocol=true&_=1768356842419 HTTP/1.1" 200 -
203.160.80.124 - - [14/Jan/2026:10:09:30 +0800] "POST /InternetTrading/SessionErrorLogger HTTP/1.1" 200 117
203.160.80.124 - - [14/Jan/2026:10:09:30 +0800] "POST /InternetTrading/Orderbook HTTP/1.1" 200 1900
203.160.80.124 - - [14/Jan/2026:10:09:30 +0800] "GET /InternetTrading/jquery/wait.gif HTTP/1.1" 200 432
14.0.158.118 - - [14/Jan/2026:10:09:31 +0800] "GET /InternetTrading/longpoll/A8127?X-Atmosphere-tracking-id=0&X-Atmosphere-Framework=2.2.3-javascript&X-Atmosphere-Transport=long-polling&X-Atmosphere-TrackMessageSize=true&Content-Type=charset%3Dutf-8&X-atmo-protocol=true&_=1768356846478 HTTP/1.1" 200 -
203.184.201.173 - - [14/Jan/2026:10:09:32 +0800] "POST /InternetTrading/SessionErrorLogger HTTP/1.1" 200 117
203.184.201.173 - - [14/Jan/2026:10:09:32 +0800] "POST /InternetTrading/Heartbeat HTTP/1.1" 200 32
203.160.80.124 - - [14/Jan/2026:10:09:32 +0800] "POST /InternetTrading/SessionErrorLogger HTTP/1.1" 200 117
203.160.80.124 - - [14/Jan/2026:10:09:32 +0800] "POST /InternetTrading/Product HTTP/1.1" 200 318
203.184.201.173 - - [14/Jan/2026:10:09:33 +0800] "GET /InternetTrading/longpoll/56419?X-Atmosphere-tracking-id=0&X-Atmosphere-Framework=2.2.3-javascript&X-Atmosphere-Transport=long-polling&X-Atmosphere-TrackMessageSize=true&Content-Type=charset%3Dutf-8&X-atmo-protocol=true&_=1768356847876 HTTP/1.1" 200 -
117.24.53.13 - - [14/Jan/2026:10:09:33 +0800] "GET /InternetTrading/longpoll/M8773?X-Atmosphere-tracking-id=0&X-Atmosphere-Framework=2.2.3-javascript&X-Atmosphere-Transport=long-polling&X-Atmosphere-TrackMessageSize=true&Content-Type=charset%3Dutf-8&X-atmo-protocol=true&_=1768356847966 HTTP/1.1" 200 -
203.184.201.173 - - [14/Jan/2026:10:09:33 +0800] "POST /InternetTrading/SessionErrorLogger HTTP/1.1" 200 117
203.184.201.173 - - [14/Jan/2026:10:09:33 +0800] "POST /InternetTrading/MarketStatus HTTP/1.1" 200 772
203.160.80.124 - - [14/Jan/2026:10:09:34 +0800] "GET /InternetTrading/longpoll/55136?X-Atmosphere-tracking-id=0&X-Atmosphere-Framework=2.2.3-javascript&X-Atmosphere-Transport=long-polling&X-Atmosphere-TrackMessageSize=true&Content-Type=charset%3Dutf-8&X-atmo-protocol=true&_=1768356847847 HTTP/1.1" 200 -
119.136.153.148 - - [14/Jan/2026:10:09:34 +0800] "GET /InternetTrading/longpoll/51803?X-Atmosphere-tracking-id=0&X-Atmosphere-Framework=2.2.3-javascript&X-Atmosphere-Transport=long-polling&X-Atmosphere-TrackMessageSize=true&Content-Type=charset%3Dutf-8&X-atmo-protocol=true&_=1768356849518 HTTP/1.1" 200 -
203.160.80.124 - - [14/Jan/2026:10:09:35 +0800] "GET /InternetTrading/jquery/images/ui-icons_454545_256x240.png HTTP/1.1" 200 6992
203.160.80.124 - - [14/Jan/2026:10:09:35 +0800] "GET /InternetTrading/jquery/images/ui-icons_888888_256x240.png HTTP/1.1" 200 6999
14.0.158.118 - - [14/Jan/2026:10:09:36 +0800] "GET /InternetTrading/longpoll/A8127?X-Atmosphere-tracking-id=0&X-Atmosphere-Framework=2.2.3-javascript&X-Atmosphere-Transport=long-polling&X-Atmosphere-TrackMessageSize=true&Content-Type=charset%3Dutf-8&X-atmo-protocol=true&_=1768356851625 HTTP/1.1" 200 -
203.160.80.124 - - [14/Jan/2026:10:09:36 +0800] "POST /InternetTrading/SessionErrorLogger HTTP/1.1" 200 117
203.160.80.124 - - [14/Jan/2026:10:09:36 +0800] "GET /InternetTrading/Csrf?url=/Amend HTTP/1.1" 200 126
203.160.80.124 - - [14/Jan/2026:10:09:37 +0800] "POST /InternetTrading/SessionErrorLogger HTTP/1.1" 200 117
203.160.80.124 - - [14/Jan/2026:10:09:37 +0800] "POST /InternetTrading/LoginKey HTTP/1.1" 200 -
203.160.80.124 - - [14/Jan/2026:10:09:37 +0800] "POST /InternetTrading/SessionErrorLogger HTTP/1.1" 200 117
203.160.80.124 - - [14/Jan/2026:10:09:37 +0800] "POST /InternetTrading/Amend?csrf_nonce=3C124A33666268A926A195DCE536BE93 HTTP/1.1" 200 947
203.160.80.124 - - [14/Jan/2026:10:09:37 +0800] "POST /InternetTrading/SessionErrorLogger HTTP/1.1" 200 117
203.160.80.124 - - [14/Jan/2026:10:09:37 +0800] "POST /InternetTrading/MarketStatus HTTP/1.1" 200 772
14.0.158.118 - - [14/Jan/2026:10:09:38 +0800] "POST /InternetTrading/SessionErrorLogger HTTP/1.1" 200 117
203.184.201.173 - - [14/Jan/2026:10:09:38 +0800] "GET /InternetTrading/longpoll/56419?X-Atmosphere-tracking-id=0&X-Atmosphere-Framework=2.2.3-javascript&X-Atmosphere-Transport=long-polling&X-Atmosphere-TrackMessageSize=true&Content-Type=charset%3Dutf-8&X-atmo-protocol=true&_=1768356852899 HTTP/1.1" 200 -
14.0.158.118 - - [14/Jan/2026:10:09:38 +0800] "POST /InternetTrading/Heartbeat HTTP/1.1" 200 32
14.0.158.118 - - [14/Jan/2026:10:09:38 +0800] "POST /InternetTrading/SessionErrorLogger HTTP/1.1" 200 117
14.0.158.118 - - [14/Jan/2026:10:09:38 +0800] "POST /InternetTrading/MarketStatus HTTP/1.1" 200 772
203.160.80.124 - - [14/Jan/2026:10:09:39 +0800] "GET /InternetTrading/longpoll/55136?X-Atmosphere-tracking-id=0&X-Atmosphere-Framework=2.2.3-javascript&X-Atmosphere-Transport=long-polling&X-Atmosphere-TrackMessageSize=true&Content-Type=charset%3Dutf-8&X-atmo-protocol=true&_=1768356853004 HTTP/1.1" 200 -
117.24.53.13 - - [14/Jan/2026:10:09:39 +0800] "GET /InternetTrading/longpoll/M8773?X-Atmosphere-tracking-id=0&X-Atmosphere-Framework=2.2.3-javascript&X-Atmosphere-Transport=long-polling&X-Atmosphere-TrackMessageSize=true&Content-Type=charset%3Dutf-8&X-atmo-protocol=true&_=1768356853965 HTTP/1.1" 200 -
203.160.80.124 - - [14/Jan/2026:10:09:40 +0800] "POST /InternetTrading/SessionErrorLogger HTTP/1.1" 200 117
203.160.80.124 - - [14/Jan/2026:10:09:40 +0800] "GET /InternetTrading/jquery/wait.gif HTTP/1.1" 200 432
203.160.80.124 - - [14/Jan/2026:10:09:40 +0800] "POST /InternetTrading/Orderbook HTTP/1.1" 200 1797
203.160.80.124 - - [14/Jan/2026:10:09:40 +0800] "GET /InternetTrading/jquery/images/ui-bg_glass_75_e6e6e6_1x400.png HTTP/1.1" 200 262
119.136.153.148 - - [14/Jan/2026:10:09:40 +0800] "GET /InternetTrading/longpoll/51803?X-Atmosphere-tracking-id=0&X-Atmosphere-Framework=2.2.3-javascript&X-Atmosphere-Transport=long-polling&X-Atmosphere-TrackMessageSize=true&Content-Type=charset%3Dutf-8&X-atmo-protocol=true&_=1768356855509 HTTP/1.1" 200 -
203.160.80.124 - - [14/Jan/2026:10:09:41 +0800] "GET /InternetTrading/jquery/wait.gif HTTP/1.1" 200 432
203.160.80.124 - - [14/Jan/2026:10:09:41 +0800] "POST /InternetTrading/SessionErrorLogger HTTP/1.1" 200 117
14.0.158.118 - - [14/Jan/2026:10:09:41 +0800] "GET /InternetTrading/longpoll/A8127?X-Atmosphere-tracking-id=0&X-Atmosphere-Framework=2.2.3-javascript&X-Atmosphere-Transport=long-polling&X-Atmosphere-TrackMessageSize=true&Content-Type=charset%3Dutf-8&X-atmo-protocol=true&_=1768356856876 HTTP/1.1" 200 -
203.160.80.124 - - [14/Jan/2026:10:09:41 +0800] "POST /InternetTrading/Portfolio HTTP/1.1" 200 1931
203.160.80.124 - - [14/Jan/2026:10:09:42 +0800] "POST /InternetTrading/SessionErrorLogger HTTP/1.1" 200 117
203.160.80.124 - - [14/Jan/2026:10:09:42 +0800] "POST /InternetTrading/Heartbeat HTTP/1.1" 200 32
203.160.80.124 - - [14/Jan/2026:10:09:43 +0800] "POST /InternetTrading/SessionErrorLogger HTTP/1.1" 200 117
203.160.80.124 - - [14/Jan/2026:10:09:43 +0800] "POST /InternetTrading/MarketStatus HTTP/1.1" 200 772
203.184.201.173 - - [14/Jan/2026:10:09:43 +0800] "GET /InternetTrading/longpoll/56419?X-Atmosphere-tracking-id=0&X-Atmosphere-Framework=2.2.3-javascript&X-Atmosphere-Transport=long-polling&X-Atmosphere-TrackMessageSize=true&Content-Type=charset%3Dutf-8&X-atmo-protocol=true&_=1768356857921 HTTP/1.1" 200 -
47.128.115.89 - - [14/Jan/2026:10:09:43 +0800] "GET /logs/secure_ssl_request_log.20260110 HTTP/1.1" 200 56391
203.160.80.124 - - [14/Jan/2026:10:09:44 +0800] "GET /InternetTrading/longpoll/55136?X-Atmosphere-tracking-id=0&X-Atmosphere-Framework=2.2.3-javascript&X-Atmosphere-Transport=long-polling&X-Atmosphere-TrackMessageSize=true&Content-Type=charset%3Dutf-8&X-atmo-protocol=true&_=1768356858160 HTTP/1.1" 200 -
117.24.53.13 - - [14/Jan/2026:10:09:45 +0800] "GET /InternetTrading/longpoll/M8773?X-Atmosphere-tracking-id=0&X-Atmosphere-Framework=2.2.3-javascript&X-Atmosphere-Transport=long-polling&X-Atmosphere-TrackMessageSize=true&Content-Type=charset%3Dutf-8&X-atmo-protocol=true&_=1768356859965 HTTP/1.1" 200 -
47.128.57.147 - - [14/Jan/2026:10:09:43 +0800] "GET /logs/secure_access_log.20250912 HTTP/1.1" 200 12166882
14.0.158.118 - - [14/Jan/2026:10:09:46 +0800] "GET /InternetTrading/longpoll/A8127?X-Atmosphere-tracking-id=0&X-Atmosphere-Framework=2.2.3-javascript&X-Atmosphere-Transport=long-polling&X-Atmosphere-TrackMessageSize=true&Content-Type=charset%3Dutf-8&X-atmo-protocol=true&_=1768356861937 HTTP/1.1" 200 -
119.136.153.148 - - [14/Jan/2026:10:09:46 +0800] "GET /InternetTrading/longpoll/51803?X-Atmosphere-tracking-id=0&X-Atmosphere-Framework=2.2.3-javascript&X-Atmosphere-Transport=long-polling&X-Atmosphere-TrackMessageSize=true&Content-Type=charset%3Dutf-8&X-atmo-protocol=true&_=1768356861509 HTTP/1.1" 200 -
203.160.80.124 - - [14/Jan/2026:10:09:49 +0800] "GET /InternetTrading/longpoll/55136?X-Atmosphere-tracking-id=0&X-Atmosphere-Framework=2.2.3-javascript&X-Atmosphere-Transport=long-polling&X-Atmosphere-TrackMessageSize=true&Content-Type=charset%3Dutf-8&X-atmo-protocol=true&_=1768356863343 HTTP/1.1" 200 -
203.184.201.173 - - [14/Jan/2026:10:09:51 +0800] "GET /InternetTrading/longpoll/56419?X-Atmosphere-tracking-id=0&X-Atmosphere-Framework=2.2.3-javascript&X-Atmosphere-Transport=long-polling&X-Atmosphere-TrackMessageSize=true&Content-Type=charset%3Dutf-8&X-atmo-protocol=true&_=1768356863027 HTTP/1.1" 200 -
117.24.53.13 - - [14/Jan/2026:10:09:51 +0800] "GET /InternetTrading/longpoll/M8773?X-Atmosphere-tracking-id=0&X-Atmosphere-Framework=2.2.3-javascript&X-Atmosphere-Transport=long-polling&X-Atmosphere-TrackMessageSize=true&Content-Type=charset%3Dutf-8&X-atmo-protocol=true&_=1768356865965 HTTP/1.1" 200 -
14.0.158.118 - - [14/Jan/2026:10:09:51 +0800] "GET /InternetTrading/longpoll/A8127?X-Atmosphere-tracking-id=0&X-Atmosphere-Framework=2.2.3-javascript&X-Atmosphere-Transport=long-polling&X-Atmosphere-TrackMessageSize=true&Content-Type=charset%3Dutf-8&X-atmo-protocol=true&_=1768356866994 HTTP/1.1" 200 -
119.136.153.148 - - [14/Jan/2026:10:09:52 +0800] "GET /InternetTrading/longpoll/51803?X-Atmosphere-tracking-id=0&X-Atmosphere-Framework=2.2.3-javascript&X-Atmosphere-Transport=long-polling&X-Atmosphere-TrackMessageSize=true&Content-Type=charset%3Dutf-8&X-atmo-protocol=true&_=1768356867513 HTTP/1.1" 200 -
203.160.80.124 - - [14/Jan/2026:10:09:55 +0800] "GET /InternetTrading/longpoll/55136?X-Atmosphere-tracking-id=0&X-Atmosphere-Framework=2.2.3-javascript&X-Atmosphere-Transport=long-polling&X-Atmosphere-TrackMessageSize=true&Content-Type=charset%3Dutf-8&X-atmo-protocol=true&_=1768356868809 HTTP/1.1" 200 -
14.0.158.118 - - [14/Jan/2026:10:09:56 +0800] "GET /InternetTrading/longpoll/A8127?X-Atmosphere-tracking-id=0&X-Atmosphere-Framework=2.2.3-javascript&X-Atmosphere-Transport=long-polling&X-Atmosphere-TrackMessageSize=true&Content-Type=charset%3Dutf-8&X-atmo-protocol=true&_=1768356872095 HTTP/1.1" 200 -
117.24.53.13 - - [14/Jan/2026:10:09:57 +0800] "GET /InternetTrading/longpoll/M8773?X-Atmosphere-tracking-id=0&X-Atmosphere-Framework=2.2.3-javascript&X-Atmosphere-Transport=long-polling&X-Atmosphere-TrackMessageSize=true&Content-Type=charset%3Dutf-8&X-atmo-protocol=true&_=1768356871971 HTTP/1.1" 200 -
119.136.153.148 - - [14/Jan/2026:10:09:58 +0800] "GET /InternetTrading/longpoll/51803?X-Atmosphere-tracking-id=0&X-Atmosphere-Framework=2.2.3-javascript&X-Atmosphere-Transport=long-polling&X-Atmosphere-TrackMessageSize=true&Content-Type=charset%3Dutf-8&X-atmo-protocol=true&_=1768356873516 HTTP/1.1" 200 -
203.184.201.173 - - [14/Jan/2026:10:10:00 +0800] "GET /InternetTrading/longpoll/56419?X-Atmosphere-tracking-id=0&X-Atmosphere-Framework=2.2.3-javascript&X-Atmosphere-Transport=long-polling&X-Atmosphere-TrackMessageSize=true&Content-Type=charset%3Dutf-8&X-atmo-protocol=true&_=1768356870977 HTTP/1.1" 200 -
203.160.80.124 - - [14/Jan/2026:10:10:00 +0800] "GET /InternetTrading/longpoll/55136?X-Atmosphere-tracking-id=0&X-Atmosphere-Framework=2.2.3-javascript&X-Atmosphere-Transport=long-polling&X-Atmosphere-TrackMessageSize=true&Content-Type=charset%3Dutf-8&X-atmo-protocol=true&_=1768356874234 HTTP/1.1" 200 -
14.0.158.118 - - [14/Jan/2026:10:10:02 +0800] "GET /InternetTrading/longpoll/A8127?X-Atmosphere-tracking-id=0&X-Atmosphere-Framework=2.2.3-javascript&X-Atmosphere-Transport=long-polling&X-Atmosphere-TrackMessageSize=true&Content-Type=charset%3Dutf-8&X-atmo-protocol=true&_=1768356877217 HTTP/1.1" 200 -
203.184.201.173 - - [14/Jan/2026:10:10:02 +0800] "POST /InternetTrading/SessionErrorLogger HTTP/1.1" 200 117
203.184.201.173 - - [14/Jan/2026:10:10:02 +0800] "POST /InternetTrading/Heartbeat HTTP/1.1" 200 32
117.24.53.13 - - [14/Jan/2026:10:10:03 +0800] "GET /InternetTrading/longpoll/M8773?X-Atmosphere-tracking-id=0&X-Atmosphere-Framework=2.2.3-javascript&X-Atmosphere-Transport=long-polling&X-Atmosphere-TrackMessageSize=true&Content-Type=charset%3Dutf-8&X-atmo-protocol=true&_=1768356877970 HTTP/1.1" 200 -
203.184.201.173 - - [14/Jan/2026:10:10:04 +0800] "POST /InternetTrading/SessionErrorLogger HTTP/1.1" 200 117
203.184.201.173 - - [14/Jan/2026:10:10:04 +0800] "POST /InternetTrading/MarketStatus HTTP/1.1" 200 772
119.136.153.148 - - [14/Jan/2026:10:10:04 +0800] "GET /InternetTrading/longpoll/51803?X-Atmosphere-tracking-id=0&X-Atmosphere-Framework=2.2.3-javascript&X-Atmosphere-Transport=long-polling&X-Atmosphere-TrackMessageSize=true&Content-Type=charset%3Dutf-8&X-atmo-protocol=true&_=1768356879512 HTTP/1.1" 200 -
203.184.201.173 - - [14/Jan/2026:10:10:05 +0800] "GET /InternetTrading/longpoll/56419?X-Atmosphere-tracking-id=0&X-Atmosphere-Framework=2.2.3-javascript&X-Atmosphere-Transport=long-polling&X-Atmosphere-TrackMessageSize=true&Content-Type=charset%3Dutf-8&X-atmo-protocol=true&_=1768356880238 HTTP/1.1" 200 -
203.160.80.124 - - [14/Jan/2026:10:10:06 +0800] "GET /InternetTrading/longpoll/55136?X-Atmosphere-tracking-id=0&X-Atmosphere-Framework=2.2.3-javascript&X-Atmosphere-Transport=long-polling&X-Atmosphere-TrackMessageSize=true&Content-Type=charset%3Dutf-8&X-atmo-protocol=true&_=1768356879683 HTTP/1.1" 200 -
14.0.158.118 - - [14/Jan/2026:10:10:07 +0800] "GET /InternetTrading/longpoll/A8127?X-Atmosphere-tracking-id=0&X-Atmosphere-Framework=2.2.3-javascript&X-Atmosphere-Transport=long-polling&X-Atmosphere-TrackMessageSize=true&Content-Type=charset%3Dutf-8&X-atmo-protocol=true&_=1768356882341 HTTP/1.1" 200 -
14.0.158.118 - - [14/Jan/2026:10:10:08 +0800] "POST /InternetTrading/SessionErrorLogger HTTP/1.1" 200 117
14.0.158.118 - - [14/Jan/2026:10:10:08 +0800] "POST /InternetTrading/Heartbeat HTTP/1.1" 200 32
14.0.158.118 - - [14/Jan/2026:10:10:08 +0800] "POST /InternetTrading/SessionErrorLogger HTTP/1.1" 200 117
14.0.158.118 - - [14/Jan/2026:10:10:08 +0800] "POST /InternetTrading/MarketStatus HTTP/1.1" 200 772
117.24.53.13 - - [14/Jan/2026:10:10:09 +0800] "GET /InternetTrading/longpoll/M8773?X-Atmosphere-tracking-id=0&X-Atmosphere-Framework=2.2.3-javascript&X-Atmosphere-Transport=long-polling&X-Atmosphere-TrackMessageSize=true&Content-Type=charset%3Dutf-8&X-atmo-protocol=true&_=1768356883971 HTTP/1.1" 200 -
119.136.153.148 - - [14/Jan/2026:10:10:10 +0800] "GET /InternetTrading/longpoll/51803?X-Atmosphere-tracking-id=0&X-Atmosphere-Framework=2.2.3-javascript&X-Atmosphere-Transport=long-polling&X-Atmosphere-TrackMessageSize=true&Content-Type=charset%3Dutf-8&X-atmo-protocol=true&_=1768356885510 HTTP/1.1" 200 -
