203.160.80.124 - - [14/Jan/2026:10:10:11 +0800] "GET /InternetTrading/longpoll/55136?X-Atmosphere-tracking-id=0&X-Atmosphere-Framework=2.2.3-javascript&X-Atmosphere-Transport=long-polling&X-Atmosphere-TrackMessageSize=true&Content-Type=charset%3Dutf-8&X-atmo-protocol=true&_=1768356885167 HTTP/1.1" 200 -
14.0.158.118 - - [14/Jan/2026:10:10:12 +0800] "GET /InternetTrading/longpoll/A8127?X-Atmosphere-tracking-id=0&X-Atmosphere-Framework=2.2.3-javascript&X-Atmosphere-Transport=long-polling&X-Atmosphere-TrackMessageSize=true&Content-Type=charset%3Dutf-8&X-atmo-protocol=true&_=1768356887487 HTTP/1.1" 200 -
203.184.201.173 - - [14/Jan/2026:10:10:12 +0800] "GET /InternetTrading/longpoll/56419?X-Atmosphere-tracking-id=0&X-Atmosphere-Framework=2.2.3-javascript&X-Atmosphere-Transport=long-polling&X-Atmosphere-TrackMessageSize=true&Content-Type=charset%3Dutf-8&X-atmo-protocol=true&_=1768356885771 HTTP/1.1" 200 -
203.160.80.124 - - [14/Jan/2026:10:10:12 +0800] "POST /InternetTrading/SessionErrorLogger HTTP/1.1" 200 117
203.160.80.124 - - [14/Jan/2026:10:10:12 +0800] "POST /InternetTrading/Heartbeat HTTP/1.1" 200 32
203.160.80.124 - - [14/Jan/2026:10:10:13 +0800] "POST /InternetTrading/SessionErrorLogger HTTP/1.1" 200 117
203.160.80.124 - - [14/Jan/2026:10:10:13 +0800] "POST /InternetTrading/MarketStatus HTTP/1.1" 200 772
117.24.53.13 - - [14/Jan/2026:10:10:15 +0800] "GET /InternetTrading/longpoll/M8773?X-Atmosphere-tracking-id=0&X-Atmosphere-Framework=2.2.3-javascript&X-Atmosphere-Transport=long-polling&X-Atmosphere-TrackMessageSize=true&Content-Type=charset%3Dutf-8&X-atmo-protocol=true&_=1768356889970 HTTP/1.1" 200 -
203.160.80.124 - - [14/Jan/2026:10:10:16 +0800] "GET /InternetTrading/longpoll/55136?X-Atmosphere-tracking-id=0&X-Atmosphere-Framework=2.2.3-javascript&X-Atmosphere-Transport=long-polling&X-Atmosphere-TrackMessageSize=true&Content-Type=charset%3Dutf-8&X-atmo-protocol=true&_=1768356890632 HTTP/1.1" 200 -
119.136.153.148 - - [14/Jan/2026:10:10:16 +0800] "GET /InternetTrading/longpoll/51803?X-Atmosphere-tracking-id=0&X-Atmosphere-Framework=2.2.3-javascript&X-Atmosphere-Transport=long-polling&X-Atmosphere-TrackMessageSize=true&Content-Type=charset%3Dutf-8&X-atmo-protocol=true&_=1768356891507 HTTP/1.1" 200 -
14.0.158.118 - - [14/Jan/2026:10:10:17 +0800] "GET /InternetTrading/longpoll/A8127?X-Atmosphere-tracking-id=0&X-Atmosphere-Framework=2.2.3-javascript&X-Atmosphere-Transport=long-polling&X-Atmosphere-TrackMessageSize=true&Content-Type=charset%3Dutf-8&X-atmo-protocol=true&_=1768356892545 HTTP/1.1" 200 -
117.24.53.13 - - [14/Jan/2026:10:10:17 +0800] "POST /InternetTrading/SessionErrorLogger HTTP/1.1" 200 117
117.24.53.13 - - [14/Jan/2026:10:10:17 +0800] "POST /InternetTrading/MarketStatus HTTP/1.1" 200 772
117.24.53.13 - - [14/Jan/2026:10:10:18 +0800] "POST /InternetTrading/SessionErrorLogger HTTP/1.1" 200 117
117.24.53.13 - - [14/Jan/2026:10:10:18 +0800] "POST /InternetTrading/Heartbeat HTTP/1.1" 200 32
203.184.201.173 - - [14/Jan/2026:10:10:18 +0800] "GET /InternetTrading/longpoll/56419?X-Atmosphere-tracking-id=0&X-Atmosphere-Framework=2.2.3-javascript&X-Atmosphere-Transport=long-polling&X-Atmosphere-TrackMessageSize=true&Content-Type=charset%3Dutf-8&X-atmo-protocol=true&_=1768356891993 HTTP/1.1" 200 -
117.24.53.13 - - [14/Jan/2026:10:10:21 +0800] "GET /InternetTrading/longpoll/M8773?X-Atmosphere-tracking-id=0&X-Atmosphere-Framework=2.2.3-javascript&X-Atmosphere-Transport=long-polling&X-Atmosphere-TrackMessageSize=true&Content-Type=charset%3Dutf-8&X-atmo-protocol=true&_=1768356895970 HTTP/1.1" 200 -
119.136.153.148 - - [14/Jan/2026:10:10:21 +0800] "POST /InternetTrading/SessionErrorLogger HTTP/1.1" 200 117
119.136.153.148 - - [14/Jan/2026:10:10:21 +0800] "POST /InternetTrading/Heartbeat HTTP/1.1" 200 32
119.136.153.148 - - [14/Jan/2026:10:10:21 +0800] "POST /InternetTrading/SessionErrorLogger HTTP/1.1" 200 117
119.136.153.148 - - [14/Jan/2026:10:10:21 +0800] "POST /InternetTrading/MarketStatus HTTP/1.1" 200 772
203.160.80.124 - - [14/Jan/2026:10:10:22 +0800] "GET /InternetTrading/longpoll/55136?X-Atmosphere-tracking-id=0&X-Atmosphere-Framework=2.2.3-javascript&X-Atmosphere-Transport=long-polling&X-Atmosphere-TrackMessageSize=true&Content-Type=charset%3Dutf-8&X-atmo-protocol=true&_=1768356895850 HTTP/1.1" 200 -
203.160.80.124 - - [14/Jan/2026:10:10:22 +0800] "GET /InternetTrading/tc/login.html HTTP/1.1" 200 1755
203.160.80.124 - - [14/Jan/2026:10:10:22 +0800] "GET /InternetTrading/tc/style.css?v=20200819161914 HTTP/1.1" 200 1435
203.160.80.124 - - [14/Jan/2026:10:10:22 +0800] "GET /InternetTrading/tc/style_common.css?v=20200819161914 HTTP/1.1" 200 2540
14.0.158.118 - - [14/Jan/2026:10:10:22 +0800] "GET /InternetTrading/longpoll/A8127?X-Atmosphere-tracking-id=0&X-Atmosphere-Framework=2.2.3-javascript&X-Atmosphere-Transport=long-polling&X-Atmosphere-TrackMessageSize=true&Content-Type=charset%3Dutf-8&X-atmo-protocol=true&_=1768356897718 HTTP/1.1" 200 -
203.160.80.124 - - [14/Jan/2026:10:10:22 +0800] "GET /InternetTrading/jquery/jquery-migrate-3.0.0.js HTTP/1.1" 200 4963
203.160.80.124 - - [14/Jan/2026:10:10:22 +0800] "GET /InternetTrading/jquery/jquery-3.3.1.js HTTP/1.1" 200 80650
203.160.80.124 - - [14/Jan/2026:10:10:22 +0800] "GET /InternetTrading/jquery/jquery.form-3.46.0.js HTTP/1.1" 200 5673
119.136.153.148 - - [14/Jan/2026:10:10:22 +0800] "GET /InternetTrading/longpoll/51803?X-Atmosphere-tracking-id=0&X-Atmosphere-Framework=2.2.3-javascript&X-Atmosphere-Transport=long-polling&X-Atmosphere-TrackMessageSize=true&Content-Type=charset%3Dutf-8&X-atmo-protocol=true&_=1768356897517 HTTP/1.1" 200 -
203.160.80.124 - - [14/Jan/2026:10:10:22 +0800] "GET /InternetTrading/jquery/additional-methods.js HTTP/1.1" 200 2238
203.160.80.124 - - [14/Jan/2026:10:10:22 +0800] "GET /InternetTrading/jquery/jquery.validate-1.11.1.js HTTP/1.1" 200 7041
203.160.80.124 - - [14/Jan/2026:10:10:22 +0800] "GET /InternetTrading/jquery/jquery.blockUI-2.66.0.js HTTP/1.1" 200 6651
203.160.80.124 - - [14/Jan/2026:10:10:22 +0800] "GET /InternetTrading/jquery/jquery-ui-personalized-1.6rc2.min.js HTTP/1.1" 200 55543
203.160.80.124 - - [14/Jan/2026:10:10:23 +0800] "GET /InternetTrading/jquery/jquery.timer-0.9.16.js HTTP/1.1" 200 542
203.160.80.124 - - [14/Jan/2026:10:10:23 +0800] "GET /InternetTrading/js/constants.js?jsv=20200819161914 HTTP/1.1" 200 400
203.160.80.124 - - [14/Jan/2026:10:10:23 +0800] "GET /InternetTrading/jquery/jquery.getParams.js HTTP/1.1" 200 587
203.160.80.124 - - [14/Jan/2026:10:10:23 +0800] "GET /InternetTrading/tc/user/translation.js?jsv=20200819161914 HTTP/1.1" 200 12818
203.160.80.124 - - [14/Jan/2026:10:10:23 +0800] "GET /InternetTrading/js/haitong.js?jsv=20200819161914 HTTP/1.1" 200 3881
203.160.80.124 - - [14/Jan/2026:10:10:23 +0800] "GET /InternetTrading/js/rsautil.js?jsv=20200819161914 HTTP/1.1" 200 1017
203.160.80.124 - - [14/Jan/2026:10:10:23 +0800] "GET /InternetTrading/js/util.js?jsv=20200819161914 HTTP/1.1" 200 6636
203.160.80.124 - - [14/Jan/2026:10:10:23 +0800] "GET /InternetTrading/js/init.js?jsv=20200819161914 HTTP/1.1" 200 886
203.160.80.124 - - [14/Jan/2026:10:10:23 +0800] "GET /InternetTrading/js/version.js?jsv=20200819161914 HTTP/1.1" 200 85
203.160.80.124 - - [14/Jan/2026:10:10:23 +0800] "GET /InternetTrading/tc/user/custom_variables.js?jsv=20200819161914 HTTP/1.1" 200 275
203.160.80.124 - - [14/Jan/2026:10:10:23 +0800] "GET /InternetTrading/js/login.js?jsv=20200819161914 HTTP/1.1" 200 1684
203.160.80.124 - - [14/Jan/2026:10:10:23 +0800] "GET /InternetTrading/js/string_extend.js?jsv=20200819161914 HTTP/1.1" 200 272
203.160.80.124 - - [14/Jan/2026:10:10:23 +0800] "GET /InternetTrading/js/pidcrypt.js?jsv=20200819161914 HTTP/1.1" 200 982
203.160.80.124 - - [14/Jan/2026:10:10:23 +0800] "GET /InternetTrading/js/aes_core.js?jsv=20200819161914 HTTP/1.1" 200 2106
203.160.80.124 - - [14/Jan/2026:10:10:23 +0800] "GET /InternetTrading/js/aes_cbc.js?jsv=20200819161914 HTTP/1.1" 200 2043
203.160.80.124 - - [14/Jan/2026:10:10:23 +0800] "GET /InternetTrading/js/asn1.js?jsv=20200819161914 HTTP/1.1" 200 3099
203.160.80.124 - - [14/Jan/2026:10:10:23 +0800] "GET /InternetTrading/js/pidcrypt_util.js?jsv=20200819161914 HTTP/1.1" 200 1206
203.160.80.124 - - [14/Jan/2026:10:10:23 +0800] "GET /InternetTrading/js/md5.js?jsv=20200819161914 HTTP/1.1" 200 1730
203.160.80.124 - - [14/Jan/2026:10:10:23 +0800] "GET /InternetTrading/js/prng4.js?jsv=20200819161914 HTTP/1.1" 200 303
203.160.80.124 - - [14/Jan/2026:10:10:23 +0800] "GET /InternetTrading/js/sha256.js?jsv=20200819161914 HTTP/1.1" 200 1362
203.160.80.124 - - [14/Jan/2026:10:10:23 +0800] "GET /InternetTrading/js/rsa.js?jsv=20200819161914 HTTP/1.1" 200 1658
203.160.80.124 - - [14/Jan/2026:10:10:23 +0800] "GET /InternetTrading/js/rng.js?jsv=20200819161914 HTTP/1.1" 200 481
203.160.80.124 - - [14/Jan/2026:10:10:23 +0800] "GET /InternetTrading/js/jsbn.js?jsv=20200819161914 HTTP/1.1" 200 6736
203.160.80.124 - - [14/Jan/2026:10:10:23 +0800] "GET /InternetTrading/tc/images/bg_login.jpg HTTP/1.1" 200 29296
203.160.80.124 - - [14/Jan/2026:10:10:23 +0800] "GET /InternetTrading/tc/dialog.html?1768356897788 HTTP/1.1" 200 3188
203.160.80.124 - - [14/Jan/2026:10:10:24 +0800] "POST /InternetTrading/SystemMaintenanceCheck HTTP/1.1" 200 119
203.184.201.173 - - [14/Jan/2026:10:10:24 +0800] "GET /InternetTrading/longpoll/56419?X-Atmosphere-tracking-id=0&X-Atmosphere-Framework=2.2.3-javascript&X-Atmosphere-Transport=long-polling&X-Atmosphere-TrackMessageSize=true&Content-Type=charset%3Dutf-8&X-atmo-protocol=true&_=1768356898714 HTTP/1.1" 200 -
117.24.53.13 - - [14/Jan/2026:10:10:27 +0800] "GET /InternetTrading/longpoll/M8773?X-Atmosphere-tracking-id=0&X-Atmosphere-Framework=2.2.3-javascript&X-Atmosphere-Transport=long-polling&X-Atmosphere-TrackMessageSize=true&Content-Type=charset%3Dutf-8&X-atmo-protocol=true&_=1768356901970 HTTP/1.1" 200 -
14.0.158.118 - - [14/Jan/2026:10:10:27 +0800] "GET /InternetTrading/longpoll/A8127?X-Atmosphere-tracking-id=0&X-Atmosphere-Framework=2.2.3-javascript&X-Atmosphere-Transport=long-polling&X-Atmosphere-TrackMessageSize=true&Content-Type=charset%3Dutf-8&X-atmo-protocol=true&_=1768356902914 HTTP/1.1" 200 -
203.160.80.124 - - [14/Jan/2026:10:10:28 +0800] "GET /InternetTrading/longpoll/55136?X-Atmosphere-tracking-id=0&X-Atmosphere-Framework=2.2.3-javascript&X-Atmosphere-Transport=long-polling&X-Atmosphere-TrackMessageSize=true&Content-Type=charset%3Dutf-8&X-atmo-protocol=true&_=1768356901714 HTTP/1.1" 200 -
119.136.153.148 - - [14/Jan/2026:10:10:28 +0800] "GET /InternetTrading/longpoll/51803?X-Atmosphere-tracking-id=0&X-Atmosphere-Framework=2.2.3-javascript&X-Atmosphere-Transport=long-polling&X-Atmosphere-TrackMessageSize=true&Content-Type=charset%3Dutf-8&X-atmo-protocol=true&_=1768356903512 HTTP/1.1" 200 -
203.184.201.173 - - [14/Jan/2026:10:10:31 +0800] "GET /InternetTrading/longpoll/56419?X-Atmosphere-tracking-id=0&X-Atmosphere-Framework=2.2.3-javascript&X-Atmosphere-Transport=long-polling&X-Atmosphere-TrackMessageSize=true&Content-Type=charset%3Dutf-8&X-atmo-protocol=true&_=1768356904084 HTTP/1.1" 200 -
203.184.201.173 - - [14/Jan/2026:10:10:32 +0800] "POST /InternetTrading/SessionErrorLogger HTTP/1.1" 200 117
117.24.53.13 - - [14/Jan/2026:10:10:32 +0800] "GET /InternetTrading/longpoll/M8773?X-Atmosphere-tracking-id=0&X-Atmosphere-Framework=2.2.3-javascript&X-Atmosphere-Transport=long-polling&X-Atmosphere-TrackMessageSize=true&Content-Type=charset%3Dutf-8&X-atmo-protocol=true&_=1768356907056 HTTP/1.1" 200 -
203.184.201.173 - - [14/Jan/2026:10:10:32 +0800] "POST /InternetTrading/Heartbeat HTTP/1.1" 200 32
14.0.158.118 - - [14/Jan/2026:10:10:32 +0800] "GET /InternetTrading/longpoll/A8127?X-Atmosphere-tracking-id=0&X-Atmosphere-Framework=2.2.3-javascript&X-Atmosphere-Transport=long-polling&X-Atmosphere-TrackMessageSize=true&Content-Type=charset%3Dutf-8&X-atmo-protocol=true&_=1768356908108 HTTP/1.1" 200 -
203.160.80.124 - - [14/Jan/2026:10:10:34 +0800] "GET /InternetTrading/longpoll/55136?X-Atmosphere-tracking-id=0&X-Atmosphere-Framework=2.2.3-javascript&X-Atmosphere-Transport=long-polling&X-Atmosphere-TrackMessageSize=true&Content-Type=charset%3Dutf-8&X-atmo-protocol=true&_=1768356907714 HTTP/1.1" 200 -
203.184.201.173 - - [14/Jan/2026:10:10:34 +0800] "POST /InternetTrading/SessionErrorLogger HTTP/1.1" 200 117
117.24.53.13 - - [14/Jan/2026:10:10:34 +0800] "POST /InternetTrading/SessionErrorLogger HTTP/1.1" 200 117
117.24.53.13 - - [14/Jan/2026:10:10:34 +0800] "GET /InternetTrading/Csrf?url=/Order HTTP/1.1" 200 126
119.136.153.148 - - [14/Jan/2026:10:10:34 +0800] "GET /InternetTrading/longpoll/51803?X-Atmosphere-tracking-id=0&X-Atmosphere-Framework=2.2.3-javascript&X-Atmosphere-Transport=long-polling&X-Atmosphere-TrackMessageSize=true&Content-Type=charset%3Dutf-8&X-atmo-protocol=true&_=1768356909505 HTTP/1.1" 200 -
203.184.201.173 - - [14/Jan/2026:10:10:34 +0800] "POST /InternetTrading/MarketStatus HTTP/1.1" 200 772
117.24.53.13 - - [14/Jan/2026:10:10:35 +0800] "POST /InternetTrading/SessionErrorLogger HTTP/1.1" 200 117
117.24.53.13 - - [14/Jan/2026:10:10:35 +0800] "POST /InternetTrading/LoginKey HTTP/1.1" 200 -
117.24.53.13 - - [14/Jan/2026:10:10:35 +0800] "POST /InternetTrading/SessionErrorLogger HTTP/1.1" 200 117
117.24.53.13 - - [14/Jan/2026:10:10:35 +0800] "POST /InternetTrading/Order?csrf_nonce=5E35AFE9A71E1937DFB774BDCA12D9CA HTTP/1.1" 200 1020
117.24.53.13 - - [14/Jan/2026:10:10:35 +0800] "POST /InternetTrading/SessionErrorLogger HTTP/1.1" 200 117
117.24.53.13 - - [14/Jan/2026:10:10:35 +0800] "GET /InternetTrading/tc/sell_ticket.html? HTTP/1.1" 200 2261
117.24.53.13 - - [14/Jan/2026:10:10:35 +0800] "POST /InternetTrading/SessionErrorLogger HTTP/1.1" 200 117
117.24.53.13 - - [14/Jan/2026:10:10:35 +0800] "POST /InternetTrading/MarketStatus HTTP/1.1" 200 772
117.24.53.13 - - [14/Jan/2026:10:10:35 +0800] "POST /InternetTrading/SessionErrorLogger HTTP/1.1" 200 117
117.24.53.13 - - [14/Jan/2026:10:10:35 +0800] "POST /InternetTrading/MarketStatus HTTP/1.1" 200 772
203.184.201.173 - - [14/Jan/2026:10:10:36 +0800] "GET /InternetTrading/longpoll/56419?X-Atmosphere-tracking-id=0&X-Atmosphere-Framework=2.2.3-javascript&X-Atmosphere-Transport=long-polling&X-Atmosphere-TrackMessageSize=true&Content-Type=charset%3Dutf-8&X-atmo-protocol=true&_=1768356910970 HTTP/1.1" 200 -
117.24.53.13 - - [14/Jan/2026:10:10:37 +0800] "POST /InternetTrading/SessionErrorLogger HTTP/1.1" 200 117
117.24.53.13 - - [14/Jan/2026:10:10:37 +0800] "GET /InternetTrading/jquery/wait.gif HTTP/1.1" 200 432
117.24.53.13 - - [14/Jan/2026:10:10:37 +0800] "POST /InternetTrading/Orderbook HTTP/1.1" 200 1313
14.0.158.118 - - [14/Jan/2026:10:10:38 +0800] "GET /InternetTrading/longpoll/A8127?X-Atmosphere-tracking-id=0&X-Atmosphere-Framework=2.2.3-javascript&X-Atmosphere-Transport=long-polling&X-Atmosphere-TrackMessageSize=true&Content-Type=charset%3Dutf-8&X-atmo-protocol=true&_=1768356913243 HTTP/1.1" 200 -
14.0.158.118 - - [14/Jan/2026:10:10:38 +0800] "POST /InternetTrading/SessionErrorLogger HTTP/1.1" 200 117
14.0.158.118 - - [14/Jan/2026:10:10:38 +0800] "POST /InternetTrading/Heartbeat HTTP/1.1" 200 32
117.24.53.13 - - [14/Jan/2026:10:10:38 +0800] "GET /InternetTrading/longpoll/M8773?X-Atmosphere-tracking-id=0&X-Atmosphere-Framework=2.2.3-javascript&X-Atmosphere-Transport=long-polling&X-Atmosphere-TrackMessageSize=true&Content-Type=charset%3Dutf-8&X-atmo-protocol=true&_=1768356912970 HTTP/1.1" 200 -
14.0.158.118 - - [14/Jan/2026:10:10:38 +0800] "POST /InternetTrading/SessionErrorLogger HTTP/1.1" 200 117
14.0.158.118 - - [14/Jan/2026:10:10:38 +0800] "POST /InternetTrading/MarketStatus HTTP/1.1" 200 772
203.160.80.124 - - [14/Jan/2026:10:10:40 +0800] "GET /InternetTrading/longpoll/55136?X-Atmosphere-tracking-id=0&X-Atmosphere-Framework=2.2.3-javascript&X-Atmosphere-Transport=long-polling&X-Atmosphere-TrackMessageSize=true&Content-Type=charset%3Dutf-8&X-atmo-protocol=true&_=1768356913712 HTTP/1.1" 200 -
119.136.153.148 - - [14/Jan/2026:10:10:40 +0800] "GET /InternetTrading/longpoll/51803?X-Atmosphere-tracking-id=0&X-Atmosphere-Framework=2.2.3-javascript&X-Atmosphere-Transport=long-polling&X-Atmosphere-TrackMessageSize=true&Content-Type=charset%3Dutf-8&X-atmo-protocol=true&_=1768356915515 HTTP/1.1" 200 -
203.184.201.173 - - [14/Jan/2026:10:10:42 +0800] "GET /InternetTrading/longpoll/56419?X-Atmosphere-tracking-id=0&X-Atmosphere-Framework=2.2.3-javascript&X-Atmosphere-Transport=long-polling&X-Atmosphere-TrackMessageSize=true&Content-Type=charset%3Dutf-8&X-atmo-protocol=true&_=1768356916431 HTTP/1.1" 200 -
203.160.80.124 - - [14/Jan/2026:10:10:42 +0800] "POST /InternetTrading/SessionErrorLogger HTTP/1.1" 200 117
203.160.80.124 - - [14/Jan/2026:10:10:43 +0800] "POST /InternetTrading/Heartbeat HTTP/1.1" 200 32
14.0.158.118 - - [14/Jan/2026:10:10:43 +0800] "GET /InternetTrading/longpoll/A8127?X-Atmosphere-tracking-id=0&X-Atmosphere-Framework=2.2.3-javascript&X-Atmosphere-Transport=long-polling&X-Atmosphere-TrackMessageSize=true&Content-Type=charset%3Dutf-8&X-atmo-protocol=true&_=1768356918419 HTTP/1.1" 200 -
203.160.80.124 - - [14/Jan/2026:10:10:43 +0800] "POST /InternetTrading/SessionErrorLogger HTTP/1.1" 200 117
203.160.80.124 - - [14/Jan/2026:10:10:44 +0800] "POST /InternetTrading/MarketStatus HTTP/1.1" 200 772
117.24.53.13 - - [14/Jan/2026:10:10:44 +0800] "GET /InternetTrading/longpoll/M8773?X-Atmosphere-tracking-id=0&X-Atmosphere-Framework=2.2.3-javascript&X-Atmosphere-Transport=long-polling&X-Atmosphere-TrackMessageSize=true&Content-Type=charset%3Dutf-8&X-atmo-protocol=true&_=1768356918971 HTTP/1.1" 200 -
203.160.80.124 - - [14/Jan/2026:10:10:45 +0800] "GET /InternetTrading/longpoll/55136?X-Atmosphere-tracking-id=0&X-Atmosphere-Framework=2.2.3-javascript&X-Atmosphere-Transport=long-polling&X-Atmosphere-TrackMessageSize=true&Content-Type=charset%3Dutf-8&X-atmo-protocol=true&_=1768356919722 HTTP/1.1" 200 -
119.136.153.148 - - [14/Jan/2026:10:10:46 +0800] "GET /InternetTrading/longpoll/51803?X-Atmosphere-tracking-id=0&X-Atmosphere-Framework=2.2.3-javascript&X-Atmosphere-Transport=long-polling&X-Atmosphere-TrackMessageSize=true&Content-Type=charset%3Dutf-8&X-atmo-protocol=true&_=1768356921508 HTTP/1.1" 200 -
203.184.201.173 - - [14/Jan/2026:10:10:47 +0800] "GET /InternetTrading/longpoll/56419?X-Atmosphere-tracking-id=0&X-Atmosphere-Framework=2.2.3-javascript&X-Atmosphere-Transport=long-polling&X-Atmosphere-TrackMessageSize=true&Content-Type=charset%3Dutf-8&X-atmo-protocol=true&_=1768356921628 HTTP/1.1" 200 -
14.0.158.118 - - [14/Jan/2026:10:10:48 +0800] "GET /InternetTrading/longpoll/A8127?X-Atmosphere-tracking-id=0&X-Atmosphere-Framework=2.2.3-javascript&X-Atmosphere-Transport=long-polling&X-Atmosphere-TrackMessageSize=true&Content-Type=charset%3Dutf-8&X-atmo-protocol=true&_=1768356923514 HTTP/1.1" 200 -
117.24.53.13 - - [14/Jan/2026:10:10:48 +0800] "POST /InternetTrading/SessionErrorLogger HTTP/1.1" 200 117
117.24.53.13 - - [14/Jan/2026:10:10:48 +0800] "POST /InternetTrading/Heartbeat HTTP/1.1" 200 32
117.24.53.13 - - [14/Jan/2026:10:10:50 +0800] "GET /InternetTrading/longpoll/M8773?X-Atmosphere-tracking-id=0&X-Atmosphere-Framework=2.2.3-javascript&X-Atmosphere-Transport=long-polling&X-Atmosphere-TrackMessageSize=true&Content-Type=charset%3Dutf-8&X-atmo-protocol=true&_=1768356924970 HTTP/1.1" 200 -
203.160.80.124 - - [14/Jan/2026:10:10:52 +0800] "GET /InternetTrading/longpoll/55136?X-Atmosphere-tracking-id=0&X-Atmosphere-Framework=2.2.3-javascript&X-Atmosphere-Transport=long-polling&X-Atmosphere-TrackMessageSize=true&Content-Type=charset%3Dutf-8&X-atmo-protocol=true&_=1768356925709 HTTP/1.1" 200 -
119.136.153.148 - - [14/Jan/2026:10:10:52 +0800] "GET /InternetTrading/longpoll/51803?X-Atmosphere-tracking-id=0&X-Atmosphere-Framework=2.2.3-javascript&X-Atmosphere-Transport=long-polling&X-Atmosphere-TrackMessageSize=true&Content-Type=charset%3Dutf-8&X-atmo-protocol=true&_=1768356927502 HTTP/1.1" 200 -
14.0.158.118 - - [14/Jan/2026:10:10:53 +0800] "GET /InternetTrading/longpoll/A8127?X-Atmosphere-tracking-id=0&X-Atmosphere-Framework=2.2.3-javascript&X-Atmosphere-Transport=long-polling&X-Atmosphere-TrackMessageSize=true&Content-Type=charset%3Dutf-8&X-atmo-protocol=true&_=1768356928710 HTTP/1.1" 200 -
203.184.201.173 - - [14/Jan/2026:10:10:54 +0800] "GET /InternetTrading/longpoll/56419?X-Atmosphere-tracking-id=0&X-Atmosphere-Framework=2.2.3-javascript&X-Atmosphere-Transport=long-polling&X-Atmosphere-TrackMessageSize=true&Content-Type=charset%3Dutf-8&X-atmo-protocol=true&_=1768356926701 HTTP/1.1" 200 -
117.24.53.13 - - [14/Jan/2026:10:10:56 +0800] "GET /InternetTrading/longpoll/M8773?X-Atmosphere-tracking-id=0&X-Atmosphere-Framework=2.2.3-javascript&X-Atmosphere-Transport=long-polling&X-Atmosphere-TrackMessageSize=true&Content-Type=charset%3Dutf-8&X-atmo-protocol=true&_=1768356930971 HTTP/1.1" 200 -
203.160.80.124 - - [14/Jan/2026:10:10:57 +0800] "POST /InternetTrading/CheckIsEnableRSA HTTP/1.1" 200 1
203.160.80.124 - - [14/Jan/2026:10:10:58 +0800] "GET /InternetTrading/longpoll/55136?X-Atmosphere-tracking-id=0&X-Atmosphere-Framework=2.2.3-javascript&X-Atmosphere-Transport=long-polling&X-Atmosphere-TrackMessageSize=true&Content-Type=charset%3Dutf-8&X-atmo-protocol=true&_=1768356931708 HTTP/1.1" 200 -
203.160.80.124 - - [14/Jan/2026:10:10:58 +0800] "POST /InternetTrading/CheckPwEncryptType HTTP/1.1" 200 -
203.160.80.124 - - [14/Jan/2026:10:10:58 +0800] "POST /InternetTrading/LoginKey HTTP/1.1" 200 -
203.160.80.124 - - [14/Jan/2026:10:10:58 +0800] "GET /InternetTrading/jquery/wait.gif HTTP/1.1" 200 432
14.0.158.118 - - [14/Jan/2026:10:10:58 +0800] "GET /InternetTrading/longpoll/A8127?X-Atmosphere-tracking-id=0&X-Atmosphere-Framework=2.2.3-javascript&X-Atmosphere-Transport=long-polling&X-Atmosphere-TrackMessageSize=true&Content-Type=charset%3Dutf-8&X-atmo-protocol=true&_=1768356933831 HTTP/1.1" 200 -
119.136.153.148 - - [14/Jan/2026:10:10:58 +0800] "GET /InternetTrading/longpoll/51803?X-Atmosphere-tracking-id=0&X-Atmosphere-Framework=2.2.3-javascript&X-Atmosphere-Transport=long-polling&X-Atmosphere-TrackMessageSize=true&Content-Type=charset%3Dutf-8&X-atmo-protocol=true&_=1768356933510 HTTP/1.1" 200 -
203.160.80.124 - - [14/Jan/2026:10:10:58 +0800] "POST /InternetTrading/Login HTTP/1.1" 200 458
203.160.80.124 - - [14/Jan/2026:10:11:00 +0800] "GET /InternetTrading/tc/2FA_authentication.html?language=tc&version=HTML HTTP/1.1" 200 1468
203.160.80.124 - - [14/Jan/2026:10:11:00 +0800] "GET /InternetTrading/tc/style.css?v=20200819161914 HTTP/1.1" 200 1435
203.160.80.124 - - [14/Jan/2026:10:11:00 +0800] "GET /InternetTrading/tc/style_common.css?v=20200819161914 HTTP/1.1" 200 2540
203.160.80.124 - - [14/Jan/2026:10:11:00 +0800] "GET /InternetTrading/jquery/jquery-3.3.1.js HTTP/1.1" 200 80650
203.160.80.124 - - [14/Jan/2026:10:11:00 +0800] "GET /InternetTrading/jquery/jquery-migrate-3.0.0.js HTTP/1.1" 200 4963
203.160.80.124 - - [14/Jan/2026:10:11:00 +0800] "GET /InternetTrading/jquery/jquery-ui-1.10.3.js HTTP/1.1" 200 69642
203.160.80.124 - - [14/Jan/2026:10:11:01 +0800] "GET /InternetTrading/jquery/additional-methods.js HTTP/1.1" 200 2238
203.160.80.124 - - [14/Jan/2026:10:11:01 +0800] "GET /InternetTrading/jquery/jquery.validate-1.11.1.js HTTP/1.1" 200 7041
203.160.80.124 - - [14/Jan/2026:10:11:01 +0800] "GET /InternetTrading/jquery/jquery.form-3.46.0.js HTTP/1.1" 200 5673
203.160.80.124 - - [14/Jan/2026:10:11:01 +0800] "GET /InternetTrading/jquery/jquery.blockUI-2.66.0-iAsiaEdition.js HTTP/1.1" 200 6651
203.160.80.124 - - [14/Jan/2026:10:11:01 +0800] "GET /InternetTrading/jquery/jquery.getParams.js HTTP/1.1" 200 587
203.160.80.124 - - [14/Jan/2026:10:11:01 +0800] "GET /InternetTrading/jquery/jquery.timer-0.9.16.js HTTP/1.1" 200 542
203.160.80.124 - - [14/Jan/2026:10:11:01 +0800] "GET /InternetTrading/tc/user/translation.js?jsv=20200819161914 HTTP/1.1" 200 12818
203.160.80.124 - - [14/Jan/2026:10:11:01 +0800] "GET /InternetTrading/js/constants.js?jsv=20200819161914 HTTP/1.1" 200 400
203.160.80.124 - - [14/Jan/2026:10:11:01 +0800] "GET /InternetTrading/js/haitong.js?jsv=20200819161914 HTTP/1.1" 200 3881
203.160.80.124 - - [14/Jan/2026:10:11:01 +0800] "GET /InternetTrading/tc/user/custom_variables.js?jsv=20200819161914 HTTP/1.1" 200 275
203.160.80.124 - - [14/Jan/2026:10:11:01 +0800] "GET /InternetTrading/js/init.js?jsv=20200819161914 HTTP/1.1" 200 886
203.160.80.124 - - [14/Jan/2026:10:11:01 +0800] "GET /InternetTrading/js/util.js?jsv=20200819161914 HTTP/1.1" 200 6636
203.160.80.124 - - [14/Jan/2026:10:11:01 +0800] "GET /InternetTrading/settings/webpage_settings.js?jsv=20200819161914 HTTP/1.1" 200 33
203.160.80.124 - - [14/Jan/2026:10:11:01 +0800] "GET /InternetTrading/js/2fa.js?jsv=20200819161914 HTTP/1.1" 200 1953
203.160.80.124 - - [14/Jan/2026:10:11:01 +0800] "GET /InternetTrading/js/login.js?jsv=20200819161914 HTTP/1.1" 200 1684
203.160.80.124 - - [14/Jan/2026:10:11:01 +0800] "GET /InternetTrading/tc/images/logo.png HTTP/1.1" 200 7042
203.160.80.124 - - [14/Jan/2026:10:11:01 +0800] "GET /InternetTrading/js/login.js?jsv=20200819161914 HTTP/1.1" 200 1684
203.184.201.173 - - [14/Jan/2026:10:11:02 +0800] "GET /InternetTrading/longpoll/56419?X-Atmosphere-tracking-id=0&X-Atmosphere-Framework=2.2.3-javascript&X-Atmosphere-Transport=long-polling&X-Atmosphere-TrackMessageSize=true&Content-Type=charset%3Dutf-8&X-atmo-protocol=true&_=1768356934383 HTTP/1.1" 200 -
203.160.80.124 - - [14/Jan/2026:10:11:02 +0800] "GET /InternetTrading/tc/dialog.html?1768356935904 HTTP/1.1" 200 3188
203.160.80.124 - - [14/Jan/2026:10:11:02 +0800] "GET /InternetTrading/jquery/wait.gif HTTP/1.1" 200 432
203.160.80.124 - - [14/Jan/2026:10:11:02 +0800] "POST /InternetTrading/Get2FAInfoService HTTP/1.1" 200 109
203.160.80.124 - - [14/Jan/2026:10:11:02 +0800] "POST /InternetTrading/SystemMaintenanceCheck HTTP/1.1" 200 119
203.160.80.124 - - [14/Jan/2026:10:11:02 +0800] "POST /InternetTrading/SystemMaintenanceCheck HTTP/1.1" 200 119
117.24.53.13 - - [14/Jan/2026:10:11:02 +0800] "GET /InternetTrading/longpoll/M8773?X-Atmosphere-tracking-id=0&X-Atmosphere-Framework=2.2.3-javascript&X-Atmosphere-Transport=long-polling&X-Atmosphere-TrackMessageSize=true&Content-Type=charset%3Dutf-8&X-atmo-protocol=true&_=1768356936976 HTTP/1.1" 200 -
203.184.201.173 - - [14/Jan/2026:10:11:03 +0800] "POST /InternetTrading/SessionErrorLogger HTTP/1.1" 200 117
203.184.201.173 - - [14/Jan/2026:10:11:03 +0800] "POST /InternetTrading/Heartbeat HTTP/1.1" 200 32
14.0.158.118 - - [14/Jan/2026:10:11:03 +0800] "GET /InternetTrading/longpoll/A8127?X-Atmosphere-tracking-id=0&X-Atmosphere-Framework=2.2.3-javascript&X-Atmosphere-Transport=long-polling&X-Atmosphere-TrackMessageSize=true&Content-Type=charset%3Dutf-8&X-atmo-protocol=true&_=1768356939004 HTTP/1.1" 200 -
203.160.80.124 - - [14/Jan/2026:10:11:03 +0800] "GET /InternetTrading/longpoll/55136?X-Atmosphere-tracking-id=0&X-Atmosphere-Framework=2.2.3-javascript&X-Atmosphere-Transport=long-polling&X-Atmosphere-TrackMessageSize=true&Content-Type=charset%3Dutf-8&X-atmo-protocol=true&_=1768356937716 HTTP/1.1" 200 -
119.136.153.148 - - [14/Jan/2026:10:11:04 +0800] "GET /InternetTrading/longpoll/51803?X-Atmosphere-tracking-id=0&X-Atmosphere-Framework=2.2.3-javascript&X-Atmosphere-Transport=long-polling&X-Atmosphere-TrackMessageSize=true&Content-Type=charset%3Dutf-8&X-atmo-protocol=true&_=1768356939508 HTTP/1.1" 200 -
203.184.201.173 - - [14/Jan/2026:10:11:04 +0800] "POST /InternetTrading/SessionErrorLogger HTTP/1.1" 200 117
203.184.201.173 - - [14/Jan/2026:10:11:05 +0800] "POST /InternetTrading/MarketStatus HTTP/1.1" 200 772
117.24.53.13 - - [14/Jan/2026:10:11:05 +0800] "POST /InternetTrading/SessionErrorLogger HTTP/1.1" 200 117
117.24.53.13 - - [14/Jan/2026:10:11:05 +0800] "POST /InternetTrading/MarketStatus HTTP/1.1" 200 772
203.184.201.173 - - [14/Jan/2026:10:11:07 +0800] "GET /InternetTrading/longpoll/56419?X-Atmosphere-tracking-id=0&X-Atmosphere-Framework=2.2.3-javascript&X-Atmosphere-Transport=long-polling&X-Atmosphere-TrackMessageSize=true&Content-Type=charset%3Dutf-8&X-atmo-protocol=true&_=1768356941705 HTTP/1.1" 200 -
14.0.158.118 - - [14/Jan/2026:10:11:08 +0800] "POST /InternetTrading/SessionErrorLogger HTTP/1.1" 200 117
117.24.53.13 - - [14/Jan/2026:10:11:08 +0800] "GET /InternetTrading/longpoll/M8773?X-Atmosphere-tracking-id=0&X-Atmosphere-Framework=2.2.3-javascript&X-Atmosphere-Transport=long-polling&X-Atmosphere-TrackMessageSize=true&Content-Type=charset%3Dutf-8&X-atmo-protocol=true&_=1768356942976 HTTP/1.1" 200 -
14.0.158.118 - - [14/Jan/2026:10:11:08 +0800] "POST /InternetTrading/Heartbeat HTTP/1.1" 200 32
14.0.158.118 - - [14/Jan/2026:10:11:08 +0800] "GET /InternetTrading/longpoll/A8127?X-Atmosphere-tracking-id=0&X-Atmosphere-Framework=2.2.3-javascript&X-Atmosphere-Transport=long-polling&X-Atmosphere-TrackMessageSize=true&Content-Type=charset%3Dutf-8&X-atmo-protocol=true&_=1768356944137 HTTP/1.1" 200 -
14.0.158.118 - - [14/Jan/2026:10:11:08 +0800] "POST /InternetTrading/SessionErrorLogger HTTP/1.1" 200 117
14.0.158.118 - - [14/Jan/2026:10:11:08 +0800] "POST /InternetTrading/MarketStatus HTTP/1.1" 200 772
203.160.80.124 - - [14/Jan/2026:10:11:10 +0800] "GET /InternetTrading/longpoll/55136?X-Atmosphere-tracking-id=0&X-Atmosphere-Framework=2.2.3-javascript&X-Atmosphere-Transport=long-polling&X-Atmosphere-TrackMessageSize=true&Content-Type=charset%3Dutf-8&X-atmo-protocol=true&_=1768356943720 HTTP/1.1" 200 -
119.136.153.148 - - [14/Jan/2026:10:11:10 +0800] "GET /InternetTrading/longpoll/51803?X-Atmosphere-tracking-id=0&X-Atmosphere-Framework=2.2.3-javascript&X-Atmosphere-Transport=long-polling&X-Atmosphere-TrackMessageSize=true&Content-Type=charset%3Dutf-8&X-atmo-protocol=true&_=1768356945511 HTTP/1.1" 200 -
203.160.80.124 - - [14/Jan/2026:10:11:13 +0800] "POST /InternetTrading/SessionErrorLogger HTTP/1.1" 200 117
203.160.80.124 - - [14/Jan/2026:10:11:14 +0800] "POST /InternetTrading/Heartbeat HTTP/1.1" 200 15
14.0.158.118 - - [14/Jan/2026:10:11:14 +0800] "GET /InternetTrading/longpoll/A8127?X-Atmosphere-tracking-id=0&X-Atmosphere-Framework=2.2.3-javascript&X-Atmosphere-Transport=long-polling&X-Atmosphere-TrackMessageSize=true&Content-Type=charset%3Dutf-8&X-atmo-protocol=true&_=1768356949289 HTTP/1.1" 200 -
203.160.80.124 - - [14/Jan/2026:10:11:14 +0800] "GET /InternetTrading/tc/login.html HTTP/1.1" 200 1755
203.160.80.124 - - [14/Jan/2026:10:11:14 +0800] "GET /InternetTrading/tc/style.css?v=20200819161914 HTTP/1.1" 200 1435
203.160.80.124 - - [14/Jan/2026:10:11:14 +0800] "GET /InternetTrading/tc/style_common.css?v=20200819161914 HTTP/1.1" 200 2540
117.24.53.13 - - [14/Jan/2026:10:11:14 +0800] "GET /InternetTrading/longpoll/M8773?X-Atmosphere-tracking-id=0&X-Atmosphere-Framework=2.2.3-javascript&X-Atmosphere-Transport=long-polling&X-Atmosphere-TrackMessageSize=true&Content-Type=charset%3Dutf-8&X-atmo-protocol=true&_=1768356948975 HTTP/1.1" 200 -
203.160.80.124 - - [14/Jan/2026:10:11:14 +0800] "GET /InternetTrading/jquery/jquery-migrate-3.0.0.js HTTP/1.1" 200 4963
203.160.80.124 - - [14/Jan/2026:10:11:14 +0800] "GET /InternetTrading/jquery/jquery-3.3.1.js HTTP/1.1" 200 80650
203.160.80.124 - - [14/Jan/2026:10:11:14 +0800] "GET /InternetTrading/jquery/jquery.form-3.46.0.js HTTP/1.1" 200 5673
203.160.80.124 - - [14/Jan/2026:10:11:14 +0800] "GET /InternetTrading/jquery/jquery.validate-1.11.1.js HTTP/1.1" 200 7041
203.160.80.124 - - [14/Jan/2026:10:11:15 +0800] "GET /InternetTrading/jquery/additional-methods.js HTTP/1.1" 200 2238
203.160.80.124 - - [14/Jan/2026:10:11:15 +0800] "GET /InternetTrading/jquery/jquery.blockUI-2.66.0.js HTTP/1.1" 200 6651
203.160.80.124 - - [14/Jan/2026:10:11:15 +0800] "GET /InternetTrading/jquery/jquery.timer-0.9.16.js HTTP/1.1" 200 542
203.160.80.124 - - [14/Jan/2026:10:11:15 +0800] "GET /InternetTrading/jquery/jquery-ui-personalized-1.6rc2.min.js HTTP/1.1" 200 55543
203.160.80.124 - - [14/Jan/2026:10:11:15 +0800] "GET /InternetTrading/jquery/jquery.getParams.js HTTP/1.1" 200 587
203.184.201.173 - - [14/Jan/2026:10:11:15 +0800] "GET /InternetTrading/longpoll/56419?X-Atmosphere-tracking-id=0&X-Atmosphere-Framework=2.2.3-javascript&X-Atmosphere-Transport=long-polling&X-Atmosphere-TrackMessageSize=true&Content-Type=charset%3Dutf-8&X-atmo-protocol=true&_=1768356947376 HTTP/1.1" 200 -
203.160.80.124 - - [14/Jan/2026:10:11:15 +0800] "GET /InternetTrading/tc/user/translation.js?jsv=20200819161914 HTTP/1.1" 200 12818
203.160.80.124 - - [14/Jan/2026:10:11:15 +0800] "GET /InternetTrading/js/constants.js?jsv=20200819161914 HTTP/1.1" 200 400
203.160.80.124 - - [14/Jan/2026:10:11:15 +0800] "GET /InternetTrading/js/haitong.js?jsv=20200819161914 HTTP/1.1" 200 3881
203.160.80.124 - - [14/Jan/2026:10:11:15 +0800] "GET /InternetTrading/js/util.js?jsv=20200819161914 HTTP/1.1" 200 6636
203.160.80.124 - - [14/Jan/2026:10:11:15 +0800] "GET /InternetTrading/js/init.js?jsv=20200819161914 HTTP/1.1" 200 886
203.160.80.124 - - [14/Jan/2026:10:11:15 +0800] "GET /InternetTrading/js/rsautil.js?jsv=20200819161914 HTTP/1.1" 200 1017
203.160.80.124 - - [14/Jan/2026:10:11:15 +0800] "GET /InternetTrading/tc/user/custom_variables.js?jsv=20200819161914 HTTP/1.1" 200 275
203.160.80.124 - - [14/Jan/2026:10:11:15 +0800] "GET /InternetTrading/js/version.js?jsv=20200819161914 HTTP/1.1" 200 85
203.160.80.124 - - [14/Jan/2026:10:11:15 +0800] "GET /InternetTrading/js/login.js?jsv=20200819161914 HTTP/1.1" 200 1684
203.160.80.124 - - [14/Jan/2026:10:11:16 +0800] "GET /InternetTrading/js/string_extend.js?jsv=20200819161914 HTTP/1.1" 200 272
203.160.80.124 - - [14/Jan/2026:10:11:16 +0800] "GET /InternetTrading/js/pidcrypt_util.js?jsv=20200819161914 HTTP/1.1" 200 1206
203.160.80.124 - - [14/Jan/2026:10:11:16 +0800] "GET /InternetTrading/js/pidcrypt.js?jsv=20200819161914 HTTP/1.1" 200 982
203.160.80.124 - - [14/Jan/2026:10:11:16 +0800] "GET /InternetTrading/js/aes_cbc.js?jsv=20200819161914 HTTP/1.1" 200 2043
203.160.80.124 - - [14/Jan/2026:10:11:16 +0800] "GET /InternetTrading/js/aes_core.js?jsv=20200819161914 HTTP/1.1" 200 2106
203.160.80.124 - - [14/Jan/2026:10:11:16 +0800] "GET /InternetTrading/js/asn1.js?jsv=20200819161914 HTTP/1.1" 200 3099
203.160.80.124 - - [14/Jan/2026:10:11:16 +0800] "GET /InternetTrading/js/md5.js?jsv=20200819161914 HTTP/1.1" 200 1730
203.160.80.124 - - [14/Jan/2026:10:11:16 +0800] "GET /InternetTrading/js/sha256.js?jsv=20200819161914 HTTP/1.1" 200 1362
203.160.80.124 - - [14/Jan/2026:10:11:16 +0800] "GET /InternetTrading/js/jsbn.js?jsv=20200819161914 HTTP/1.1" 200 6736
203.160.80.124 - - [14/Jan/2026:10:11:16 +0800] "GET /InternetTrading/js/prng4.js?jsv=20200819161914 HTTP/1.1" 200 303
203.160.80.124 - - [14/Jan/2026:10:11:16 +0800] "GET /InternetTrading/js/rng.js?jsv=20200819161914 HTTP/1.1" 200 481
203.160.80.124 - - [14/Jan/2026:10:11:16 +0800] "GET /InternetTrading/js/rsa.js?jsv=20200819161914 HTTP/1.1" 200 1658
203.160.80.124 - - [14/Jan/2026:10:11:16 +0800] "GET /InternetTrading/tc/images/bg_login.jpg HTTP/1.1" 200 29296
119.136.153.148 - - [14/Jan/2026:10:11:16 +0800] "GET /InternetTrading/longpoll/51803?X-Atmosphere-tracking-id=0&X-Atmosphere-Framework=2.2.3-javascript&X-Atmosphere-Transport=long-polling&X-Atmosphere-TrackMessageSize=true&Content-Type=charset%3Dutf-8&X-atmo-protocol=true&_=1768356951506 HTTP/1.1" 200 -
203.160.80.124 - - [14/Jan/2026:10:11:16 +0800] "GET /InternetTrading/tc/dialog.html?1768356950720 HTTP/1.1" 200 3188
203.160.80.124 - - [14/Jan/2026:10:11:16 +0800] "POST /InternetTrading/SystemMaintenanceCheck HTTP/1.1" 200 119
14.0.158.118 - - [14/Jan/2026:10:11:19 +0800] "GET /InternetTrading/longpoll/A8127?X-Atmosphere-tracking-id=0&X-Atmosphere-Framework=2.2.3-javascript&X-Atmosphere-Transport=long-polling&X-Atmosphere-TrackMessageSize=true&Content-Type=charset%3Dutf-8&X-atmo-protocol=true&_=1768356954458 HTTP/1.1" 200 -
117.24.53.13 - - [14/Jan/2026:10:11:19 +0800] "POST /InternetTrading/SessionErrorLogger HTTP/1.1" 200 117
117.24.53.13 - - [14/Jan/2026:10:11:20 +0800] "POST /InternetTrading/Heartbeat HTTP/1.1" 200 32
117.24.53.13 - - [14/Jan/2026:10:11:20 +0800] "GET /InternetTrading/longpoll/M8773?X-Atmosphere-tracking-id=0&X-Atmosphere-Framework=2.2.3-javascript&X-Atmosphere-Transport=long-polling&X-Atmosphere-TrackMessageSize=true&Content-Type=charset%3Dutf-8&X-atmo-protocol=true&_=1768356954978 HTTP/1.1" 200 -
119.136.153.148 - - [14/Jan/2026:10:11:21 +0800] "POST /InternetTrading/SessionErrorLogger HTTP/1.1" 200 117
119.136.153.148 - - [14/Jan/2026:10:11:21 +0800] "POST /InternetTrading/Heartbeat HTTP/1.1" 200 32
119.136.153.148 - - [14/Jan/2026:10:11:21 +0800] "POST /InternetTrading/SessionErrorLogger HTTP/1.1" 200 117
119.136.153.148 - - [14/Jan/2026:10:11:21 +0800] "POST /InternetTrading/MarketStatus HTTP/1.1" 200 772
119.136.153.148 - - [14/Jan/2026:10:11:22 +0800] "GET /InternetTrading/longpoll/51803?X-Atmosphere-tracking-id=0&X-Atmosphere-Framework=2.2.3-javascript&X-Atmosphere-Transport=long-polling&X-Atmosphere-TrackMessageSize=true&Content-Type=charset%3Dutf-8&X-atmo-protocol=true&_=1768356957511 HTTP/1.1" 200 -
203.184.201.173 - - [14/Jan/2026:10:11:23 +0800] "GET /InternetTrading/longpoll/56419?X-Atmosphere-tracking-id=0&X-Atmosphere-Framework=2.2.3-javascript&X-Atmosphere-Transport=long-polling&X-Atmosphere-TrackMessageSize=true&Content-Type=charset%3Dutf-8&X-atmo-protocol=true&_=1768356955064 HTTP/1.1" 200 -
14.0.158.118 - - [14/Jan/2026:10:11:24 +0800] "GET /InternetTrading/longpoll/A8127?X-Atmosphere-tracking-id=0&X-Atmosphere-Framework=2.2.3-javascript&X-Atmosphere-Transport=long-polling&X-Atmosphere-TrackMessageSize=true&Content-Type=charset%3Dutf-8&X-atmo-protocol=true&_=1768356959629 HTTP/1.1" 200 -
117.24.53.13 - - [14/Jan/2026:10:11:26 +0800] "GET /InternetTrading/longpoll/M8773?X-Atmosphere-tracking-id=0&X-Atmosphere-Framework=2.2.3-javascript&X-Atmosphere-Transport=long-polling&X-Atmosphere-TrackMessageSize=true&Content-Type=charset%3Dutf-8&X-atmo-protocol=true&_=1768356960975 HTTP/1.1" 200 -
119.136.153.148 - - [14/Jan/2026:10:11:28 +0800] "GET /InternetTrading/longpoll/51803?X-Atmosphere-tracking-id=0&X-Atmosphere-Framework=2.2.3-javascript&X-Atmosphere-Transport=long-polling&X-Atmosphere-TrackMessageSize=true&Content-Type=charset%3Dutf-8&X-atmo-protocol=true&_=1768356963507 HTTP/1.1" 200 -
203.184.201.173 - - [14/Jan/2026:10:11:28 +0800] "GET /InternetTrading/longpoll/56419?X-Atmosphere-tracking-id=0&X-Atmosphere-Framework=2.2.3-javascript&X-Atmosphere-Transport=long-polling&X-Atmosphere-TrackMessageSize=true&Content-Type=charset%3Dutf-8&X-atmo-protocol=true&_=1768356963203 HTTP/1.1" 200 -
14.0.158.118 - - [14/Jan/2026:10:11:29 +0800] "GET /InternetTrading/longpoll/A8127?X-Atmosphere-tracking-id=0&X-Atmosphere-Framework=2.2.3-javascript&X-Atmosphere-Transport=long-polling&X-Atmosphere-TrackMessageSize=true&Content-Type=charset%3Dutf-8&X-atmo-protocol=true&_=1768356964910 HTTP/1.1" 200 -
203.160.80.124 - - [14/Jan/2026:10:11:32 +0800] "POST /InternetTrading/Heartbeat2FAService HTTP/1.1" 200 1
117.24.53.13 - - [14/Jan/2026:10:11:32 +0800] "GET /InternetTrading/longpoll/M8773?X-Atmosphere-tracking-id=0&X-Atmosphere-Framework=2.2.3-javascript&X-Atmosphere-Transport=long-polling&X-Atmosphere-TrackMessageSize=true&Content-Type=charset%3Dutf-8&X-atmo-protocol=true&_=1768356966976 HTTP/1.1" 200 -
203.184.201.173 - - [14/Jan/2026:10:11:33 +0800] "POST /InternetTrading/SessionErrorLogger HTTP/1.1" 200 117
203.184.201.173 - - [14/Jan/2026:10:11:34 +0800] "POST /InternetTrading/Heartbeat HTTP/1.1" 200 32
14.0.158.118 - - [14/Jan/2026:10:11:34 +0800] "GET /InternetTrading/longpoll/A8127?X-Atmosphere-tracking-id=0&X-Atmosphere-Framework=2.2.3-javascript&X-Atmosphere-Transport=long-polling&X-Atmosphere-TrackMessageSize=true&Content-Type=charset%3Dutf-8&X-atmo-protocol=true&_=1768356970030 HTTP/1.1" 200 -
119.136.153.148 - - [14/Jan/2026:10:11:34 +0800] "GET /InternetTrading/longpoll/51803?X-Atmosphere-tracking-id=0&X-Atmosphere-Framework=2.2.3-javascript&X-Atmosphere-Transport=long-polling&X-Atmosphere-TrackMessageSize=true&Content-Type=charset%3Dutf-8&X-atmo-protocol=true&_=1768356969511 HTTP/1.1" 200 -
203.184.201.173 - - [14/Jan/2026:10:11:35 +0800] "GET /InternetTrading/longpoll/56419?X-Atmosphere-tracking-id=0&X-Atmosphere-Framework=2.2.3-javascript&X-Atmosphere-Transport=long-polling&X-Atmosphere-TrackMessageSize=true&Content-Type=charset%3Dutf-8&X-atmo-protocol=true&_=1768356968561 HTTP/1.1" 200 -
203.184.201.173 - - [14/Jan/2026:10:11:36 +0800] "POST /InternetTrading/SessionErrorLogger HTTP/1.1" 200 117
117.24.53.13 - - [14/Jan/2026:10:11:36 +0800] "POST /InternetTrading/SessionErrorLogger HTTP/1.1" 200 117
117.24.53.13 - - [14/Jan/2026:10:11:36 +0800] "POST /InternetTrading/MarketStatus HTTP/1.1" 200 772
203.184.201.173 - - [14/Jan/2026:10:11:36 +0800] "POST /InternetTrading/MarketStatus HTTP/1.1" 200 772
117.24.53.13 - - [14/Jan/2026:10:11:38 +0800] "GET /InternetTrading/longpoll/M8773?X-Atmosphere-tracking-id=0&X-Atmosphere-Framework=2.2.3-javascript&X-Atmosphere-Transport=long-polling&X-Atmosphere-TrackMessageSize=true&Content-Type=charset%3Dutf-8&X-atmo-protocol=true&_=1768356972975 HTTP/1.1" 200 -
14.0.158.118 - - [14/Jan/2026:10:11:38 +0800] "POST /InternetTrading/SessionErrorLogger HTTP/1.1" 200 117
14.0.158.118 - - [14/Jan/2026:10:11:38 +0800] "POST /InternetTrading/Heartbeat HTTP/1.1" 200 32
14.0.158.118 - - [14/Jan/2026:10:11:39 +0800] "POST /InternetTrading/SessionErrorLogger HTTP/1.1" 200 117
14.0.158.118 - - [14/Jan/2026:10:11:39 +0800] "POST /InternetTrading/MarketStatus HTTP/1.1" 200 772
14.0.158.118 - - [14/Jan/2026:10:11:39 +0800] "GET /InternetTrading/longpoll/A8127?X-Atmosphere-tracking-id=0&X-Atmosphere-Framework=2.2.3-javascript&X-Atmosphere-Transport=long-polling&X-Atmosphere-TrackMessageSize=true&Content-Type=charset%3Dutf-8&X-atmo-protocol=true&_=1768356975181 HTTP/1.1" 200 -
119.136.153.148 - - [14/Jan/2026:10:11:40 +0800] "GET /InternetTrading/longpoll/51803?X-Atmosphere-tracking-id=0&X-Atmosphere-Framework=2.2.3-javascript&X-Atmosphere-Transport=long-polling&X-Atmosphere-TrackMessageSize=true&Content-Type=charset%3Dutf-8&X-atmo-protocol=true&_=1768356975511 HTTP/1.1" 200 -
203.184.201.173 - - [14/Jan/2026:10:11:42 +0800] "GET /InternetTrading/longpoll/56419?X-Atmosphere-tracking-id=0&X-Atmosphere-Framework=2.2.3-javascript&X-Atmosphere-Transport=long-polling&X-Atmosphere-TrackMessageSize=true&Content-Type=charset%3Dutf-8&X-atmo-protocol=true&_=1768356975994 HTTP/1.1" 200 -
117.24.53.13 - - [14/Jan/2026:10:11:44 +0800] "GET /InternetTrading/longpoll/M8773?X-Atmosphere-tracking-id=0&X-Atmosphere-Framework=2.2.3-javascript&X-Atmosphere-Transport=long-polling&X-Atmosphere-TrackMessageSize=true&Content-Type=charset%3Dutf-8&X-atmo-protocol=true&_=1768356978976 HTTP/1.1" 200 -
14.0.158.118 - - [14/Jan/2026:10:11:45 +0800] "GET /InternetTrading/longpoll/A8127?X-Atmosphere-tracking-id=0&X-Atmosphere-Framework=2.2.3-javascript&X-Atmosphere-Transport=long-polling&X-Atmosphere-TrackMessageSize=true&Content-Type=charset%3Dutf-8&X-atmo-protocol=true&_=1768356980225 HTTP/1.1" 200 -
119.136.153.148 - - [14/Jan/2026:10:11:46 +0800] "GET /InternetTrading/longpoll/51803?X-Atmosphere-tracking-id=0&X-Atmosphere-Framework=2.2.3-javascript&X-Atmosphere-Transport=long-polling&X-Atmosphere-TrackMessageSize=true&Content-Type=charset%3Dutf-8&X-atmo-protocol=true&_=1768356981506 HTTP/1.1" 200 -
203.184.201.173 - - [14/Jan/2026:10:11:47 +0800] "GET /InternetTrading/longpoll/56419?X-Atmosphere-tracking-id=0&X-Atmosphere-Framework=2.2.3-javascript&X-Atmosphere-Transport=long-polling&X-Atmosphere-TrackMessageSize=true&Content-Type=charset%3Dutf-8&X-atmo-protocol=true&_=1768356982387 HTTP/1.1" 200 -
14.0.158.118 - - [14/Jan/2026:10:11:50 +0800] "GET /InternetTrading/longpoll/A8127?X-Atmosphere-tracking-id=0&X-Atmosphere-Framework=2.2.3-javascript&X-Atmosphere-Transport=long-polling&X-Atmosphere-TrackMessageSize=true&Content-Type=charset%3Dutf-8&X-atmo-protocol=true&_=1768356985427 HTTP/1.1" 200 -
117.24.53.13 - - [14/Jan/2026:10:11:50 +0800] "GET /InternetTrading/longpoll/M8773?X-Atmosphere-tracking-id=0&X-Atmosphere-Framework=2.2.3-javascript&X-Atmosphere-Transport=long-polling&X-Atmosphere-TrackMessageSize=true&Content-Type=charset%3Dutf-8&X-atmo-protocol=true&_=1768356984975 HTTP/1.1" 200 -
119.136.153.148 - - [14/Jan/2026:10:11:52 +0800] "GET /InternetTrading/longpoll/51803?X-Atmosphere-tracking-id=0&X-Atmosphere-Framework=2.2.3-javascript&X-Atmosphere-Transport=long-polling&X-Atmosphere-TrackMessageSize=true&Content-Type=charset%3Dutf-8&X-atmo-protocol=true&_=1768356987505 HTTP/1.1" 200 -
203.160.80.124 - - [14/Jan/2026:10:11:55 +0800] "GET /InternetTrading/jquery/wait.gif HTTP/1.1" 200 432
14.0.158.118 - - [14/Jan/2026:10:11:55 +0800] "GET /InternetTrading/longpoll/A8127?X-Atmosphere-tracking-id=0&X-Atmosphere-Framework=2.2.3-javascript&X-Atmosphere-Transport=long-polling&X-Atmosphere-TrackMessageSize=true&Content-Type=charset%3Dutf-8&X-atmo-protocol=true&_=1768356990547 HTTP/1.1" 200 -
203.184.201.173 - - [14/Jan/2026:10:11:55 +0800] "GET /InternetTrading/longpoll/56419?X-Atmosphere-tracking-id=0&X-Atmosphere-Framework=2.2.3-javascript&X-Atmosphere-Transport=long-polling&X-Atmosphere-TrackMessageSize=true&Content-Type=charset%3Dutf-8&X-atmo-protocol=true&_=1768356987416 HTTP/1.1" 200 -
203.160.80.124 - - [14/Jan/2026:10:11:54 +0800] "POST /InternetTrading/Verify2FAService HTTP/1.1" 200 424
203.160.80.124 - - [14/Jan/2026:10:11:55 +0800] "GET /InternetTrading/tc/main.html?language=tc&version=HTML HTTP/1.1" 200 3578
203.160.80.124 - - [14/Jan/2026:10:11:55 +0800] "GET /InternetTrading/jquery/ui.datepicker.css HTTP/1.1" 200 1145
203.160.80.124 - - [14/Jan/2026:10:11:55 +0800] "GET /InternetTrading/jquery/jquery.tablesorter-theme.blue.css HTTP/1.1" 200 2083
203.160.80.124 - - [14/Jan/2026:10:11:56 +0800] "GET /InternetTrading/jquery/dragtable-2.0.9.css HTTP/1.1" 200 316
203.160.80.124 - - [14/Jan/2026:10:11:56 +0800] "GET /InternetTrading/jquery/jquery-ui-1.10.3.css HTTP/1.1" 200 5283
203.160.80.124 - - [14/Jan/2026:10:11:56 +0800] "GET /InternetTrading/tc/style.css?v=20200819161914 HTTP/1.1" 200 1435
203.160.80.124 - - [14/Jan/2026:10:11:56 +0800] "GET /InternetTrading/tc/css/jquery.jscrollpane.css HTTP/1.1" 404 690
203.160.80.124 - - [14/Jan/2026:10:11:56 +0800] "GET /InternetTrading/tc/style_common.css?v=20200819161914 HTTP/1.1" 200 2540
203.160.80.124 - - [14/Jan/2026:10:11:56 +0800] "GET /InternetTrading/jquery/jquery-1.6.3.min.js HTTP/1.1" 200 32057
203.160.80.124 - - [14/Jan/2026:10:11:56 +0800] "GET /InternetTrading/jquery/jquery.ba-postmessage.js HTTP/1.1" 200 2990
203.160.80.124 - - [14/Jan/2026:10:11:56 +0800] "GET /InternetTrading/js/aastock.js HTTP/1.1" 200 553
203.160.80.124 - - [14/Jan/2026:10:11:56 +0800] "GET /InternetTrading/jquery/jquery-migrate-3.0.0.js HTTP/1.1" 200 4963
203.160.80.124 - - [14/Jan/2026:10:11:56 +0800] "GET /InternetTrading/jquery/jquery-3.3.1.js HTTP/1.1" 200 80650
203.160.80.124 - - [14/Jan/2026:10:11:56 +0800] "GET /InternetTrading/jquery/jquery-ui-1.10.3.js HTTP/1.1" 200 69642
203.160.80.124 - - [14/Jan/2026:10:11:56 +0800] "GET /InternetTrading/js/atmosphere.js HTTP/1.1" 200 13461
203.160.80.124 - - [14/Jan/2026:10:11:56 +0800] "GET /InternetTrading/js/cache.js?jsv=20200819161914 HTTP/1.1" 200 940
203.160.80.124 - - [14/Jan/2026:10:11:56 +0800] "GET /InternetTrading/jquery/additional-methods.js HTTP/1.1" 200 2238
203.160.80.124 - - [14/Jan/2026:10:11:56 +0800] "GET /InternetTrading/jquery/jquery.blockUI-2.66.0.js HTTP/1.1" 200 6651
203.160.80.124 - - [14/Jan/2026:10:11:56 +0800] "GET /InternetTrading/jquery/jquery.validate-1.11.1.js HTTP/1.1" 200 7041
203.160.80.124 - - [14/Jan/2026:10:11:56 +0800] "GET /InternetTrading/jquery/jquery.form-3.46.0.js HTTP/1.1" 200 5673
117.24.53.13 - - [14/Jan/2026:10:11:56 +0800] "GET /InternetTrading/longpoll/M8773?X-Atmosphere-tracking-id=0&X-Atmosphere-Framework=2.2.3-javascript&X-Atmosphere-Transport=long-polling&X-Atmosphere-TrackMessageSize=true&Content-Type=charset%3Dutf-8&X-atmo-protocol=true&_=1768356990975 HTTP/1.1" 200 -
203.160.80.124 - - [14/Jan/2026:10:11:56 +0800] "GET /InternetTrading/jquery/jquery.mousewheel-3.1.4.js HTTP/1.1" 200 822
203.160.80.124 - - [14/Jan/2026:10:11:56 +0800] "GET /InternetTrading/jquery/jquery.tablesorter.widgets-2.14.5.js HTTP/1.1" 200 8611
203.160.80.124 - - [14/Jan/2026:10:11:56 +0800] "GET /InternetTrading/jquery/jquery.combobox.packed.js HTTP/1.1" 200 3387
203.160.80.124 - - [14/Jan/2026:10:11:56 +0800] "GET /InternetTrading/jquery/jquery.tablesorter-2.14.5.js HTTP/1.1" 200 8901
203.160.80.124 - - [14/Jan/2026:10:11:56 +0800] "GET /InternetTrading/jquery/jquery.getParams.js HTTP/1.1" 200 587
203.160.80.124 - - [14/Jan/2026:10:11:56 +0800] "GET /InternetTrading/jquery/jquery.timer-0.9.16.js HTTP/1.1" 200 542
203.160.80.124 - - [14/Jan/2026:10:11:57 +0800] "GET /InternetTrading/jquery/jquery.selectboxes.pack.js HTTP/1.1" 200 1640
203.160.80.124 - - [14/Jan/2026:10:11:57 +0800] "GET /InternetTrading/jquery/date.js HTTP/1.1" 200 2807
203.160.80.124 - - [14/Jan/2026:10:11:57 +0800] "GET /InternetTrading/jquery/globalize-0.1.0a1.js HTTP/1.1" 200 6984
203.160.80.124 - - [14/Jan/2026:10:11:57 +0800] "GET /InternetTrading/json/json2.js?jsv=20200819161914 HTTP/1.1" 200 1372
203.160.80.124 - - [14/Jan/2026:10:11:57 +0800] "GET /InternetTrading/settings/crm_display_settings.js?jsv=20200819161914 HTTP/1.1" 200 1781
203.160.80.124 - - [14/Jan/2026:10:11:57 +0800] "GET /InternetTrading/tc/user/translation.js?jsv=20200819161914 HTTP/1.1" 200 12818
203.160.80.124 - - [14/Jan/2026:10:11:57 +0800] "GET /InternetTrading/tc/user/custom_variables.js?jsv=20200819161914 HTTP/1.1" 200 275
203.160.80.124 - - [14/Jan/2026:10:11:57 +0800] "GET /InternetTrading/js/rsautil.js?jsv=20200819161914 HTTP/1.1" 200 1017
203.160.80.124 - - [14/Jan/2026:10:11:57 +0800] "GET /InternetTrading/js/init.js?jsv=20200819161914 HTTP/1.1" 200 886
203.160.80.124 - - [14/Jan/2026:10:11:57 +0800] "GET /InternetTrading/js/constants.js?jsv=20200819161914 HTTP/1.1" 200 400
