203.160.80.124 - - [14/Jan/2026:10:11:57 +0800] "GET /InternetTrading/js/haitong.js?jsv=20200819161914 HTTP/1.1" 200 3881
203.160.80.124 - - [14/Jan/2026:10:11:57 +0800] "GET /InternetTrading/js/util.js?jsv=20200819161914 HTTP/1.1" 200 6636
203.160.80.124 - - [14/Jan/2026:10:11:57 +0800] "GET /InternetTrading/js/update_mdf.js?jsv=20200819161914 HTTP/1.1" 200 856
203.160.80.124 - - [14/Jan/2026:10:11:57 +0800] "GET /InternetTrading/js/validation_hkex.js?jsv=20200819161914 HTTP/1.1" 200 2300
203.160.80.124 - - [14/Jan/2026:10:11:57 +0800] "GET /InternetTrading/js/validation_bshare.js?jsv=20200819161914 HTTP/1.1" 200 1567
203.160.80.124 - - [14/Jan/2026:10:11:57 +0800] "GET /InternetTrading/js/corporate.js?jsv=20200819161914 HTTP/1.1" 200 1575
203.160.80.124 - - [14/Jan/2026:10:11:57 +0800] "GET /InternetTrading/js/validation_ashare.js?jsv=20200819161914 HTTP/1.1" 200 2482
203.160.80.124 - - [14/Jan/2026:10:11:57 +0800] "GET /InternetTrading/js/main.js?jsv=20200819161914 HTTP/1.1" 200 30725
203.160.80.124 - - [14/Jan/2026:10:11:57 +0800] "GET /InternetTrading/js/spread_cache.js?jsv=20200819161914 HTTP/1.1" 200 908
203.160.80.124 - - [14/Jan/2026:10:11:57 +0800] "GET /InternetTrading/js/mm.js?jsv=20200819161914 HTTP/1.1" 200 487
203.160.80.124 - - [14/Jan/2026:10:11:57 +0800] "GET /InternetTrading/js/ipo.js?jsv=20200819161914 HTTP/1.1" 200 5726
203.160.80.124 - - [14/Jan/2026:10:11:57 +0800] "GET /InternetTrading/js/account.js?jsv=20200819161914 HTTP/1.1" 200 2656
203.160.80.124 - - [14/Jan/2026:10:11:57 +0800] "GET /InternetTrading/js/validation_global.js?jsv=20200819161914 HTTP/1.1" 200 1564
203.160.80.124 - - [14/Jan/2026:10:11:57 +0800] "GET /InternetTrading/js/cash_transfer.js?jsv=20200819161914 HTTP/1.1" 200 2712
203.160.80.124 - - [14/Jan/2026:10:11:57 +0800] "GET /InternetTrading/js/eStatement.js?jsv=20200819161914 HTTP/1.1" 200 562
203.160.80.124 - - [14/Jan/2026:10:11:57 +0800] "GET /InternetTrading/js/isec_calculator.js?jsv=20200819161914 HTTP/1.1" 200 1364
203.160.80.124 - - [14/Jan/2026:10:11:57 +0800] "GET /InternetTrading/js/payment_instruction.js?jsv=20200819161914 HTTP/1.1" 200 2178
203.160.80.124 - - [14/Jan/2026:10:11:57 +0800] "GET /InternetTrading/ExchangeList?fmt=js&jsv=20200819161914 HTTP/1.1" 200 146
203.160.80.124 - - [14/Jan/2026:10:11:57 +0800] "GET /InternetTrading/js/payment_instruction_IMOS.js?jsv=20200819161914 HTTP/1.1" 200 6874
203.160.80.124 - - [14/Jan/2026:10:11:57 +0800] "GET /InternetTrading/js/string_extend.js?jsv=20200819161914 HTTP/1.1" 200 272
203.160.80.124 - - [14/Jan/2026:10:11:58 +0800] "GET /InternetTrading/js/pidcrypt.js?jsv=20200819161914 HTTP/1.1" 200 982
203.160.80.124 - - [14/Jan/2026:10:11:58 +0800] "GET /InternetTrading/js/pidcrypt_util.js?jsv=20200819161914 HTTP/1.1" 200 1206
203.160.80.124 - - [14/Jan/2026:10:11:58 +0800] "GET /InternetTrading/js/aes_core.js?jsv=20200819161914 HTTP/1.1" 200 2106
203.160.80.124 - - [14/Jan/2026:10:11:58 +0800] "GET /InternetTrading/js/aes_cbc.js?jsv=20200819161914 HTTP/1.1" 200 2043
203.160.80.124 - - [14/Jan/2026:10:11:58 +0800] "GET /InternetTrading/js/asn1.js?jsv=20200819161914 HTTP/1.1" 200 3099
203.160.80.124 - - [14/Jan/2026:10:11:58 +0800] "GET /InternetTrading/js/md5.js?jsv=20200819161914 HTTP/1.1" 200 1730
203.160.80.124 - - [14/Jan/2026:10:11:58 +0800] "GET /InternetTrading/js/prng4.js?jsv=20200819161914 HTTP/1.1" 200 303
203.160.80.124 - - [14/Jan/2026:10:11:58 +0800] "GET /InternetTrading/js/sha256.js?jsv=20200819161914 HTTP/1.1" 200 1362
203.160.80.124 - - [14/Jan/2026:10:11:58 +0800] "GET /InternetTrading/js/rng.js?jsv=20200819161914 HTTP/1.1" 200 481
203.160.80.124 - - [14/Jan/2026:10:11:58 +0800] "GET /InternetTrading/js/rsa.js?jsv=20200819161914 HTTP/1.1" 200 1658
203.160.80.124 - - [14/Jan/2026:10:11:58 +0800] "GET /InternetTrading/js/aes.js?jsv=20200819161914 HTTP/1.1" 200 4816
203.160.80.124 - - [14/Jan/2026:10:11:58 +0800] "GET /InternetTrading/js/jsbn.js?jsv=20200819161914 HTTP/1.1" 200 6736
203.160.80.124 - - [14/Jan/2026:10:11:58 +0800] "GET /InternetTrading/js/mode-ecb.js?jsv=20200819161914 HTTP/1.1" 200 199
203.160.80.124 - - [14/Jan/2026:10:11:58 +0800] "GET /InternetTrading/js/utilSpec.js?jsv=20200819161914 HTTP/1.1" 200 27
203.160.80.124 - - [14/Jan/2026:10:11:58 +0800] "GET /InternetTrading/js/update_lastlogin.js?jsv=20200819161914 HTTP/1.1" 200 980
203.160.80.124 - - [14/Jan/2026:10:11:58 +0800] "GET /InternetTrading/js/pw_alert.js?jsv=20200819161914 HTTP/1.1" 200 418
203.160.80.124 - - [14/Jan/2026:10:11:58 +0800] "GET /InternetTrading/js/jquery.jscrollpane.js HTTP/1.1" 404 685
203.160.80.124 - - [14/Jan/2026:10:11:58 +0800] "GET /InternetTrading/js/jquery.mousewheel.js HTTP/1.1" 404 684
203.160.80.124 - - [14/Jan/2026:10:11:58 +0800] "GET /InternetTrading/js/jquery.cookie.js HTTP/1.1" 200 834
203.160.80.124 - - [14/Jan/2026:10:11:58 +0800] "GET /InternetTrading/GoodTillDateValidExch?fmt=js&jsv=20200819161914 HTTP/1.1" 200 29
203.160.80.124 - - [14/Jan/2026:10:11:58 +0800] "GET /InternetTrading/js/decimal.js HTTP/1.1" 200 13492
119.136.153.148 - - [14/Jan/2026:10:11:58 +0800] "GET /InternetTrading/longpoll/51803?X-Atmosphere-tracking-id=0&X-Atmosphere-Framework=2.2.3-javascript&X-Atmosphere-Transport=long-polling&X-Atmosphere-TrackMessageSize=true&Content-Type=charset%3Dutf-8&X-atmo-protocol=true&_=1768356993507 HTTP/1.1" 200 -
203.160.80.124 - - [14/Jan/2026:10:11:58 +0800] "GET /InternetTrading/tc/images/logo.png HTTP/1.1" 200 7042
203.160.80.124 - - [14/Jan/2026:10:11:58 +0800] "GET /InternetTrading/tc/images/top_menu01.jpg HTTP/1.1" 200 3466
203.160.80.124 - - [14/Jan/2026:10:11:59 +0800] "GET /InternetTrading/tc/images/top_menu04.jpg HTTP/1.1" 200 3430
203.160.80.124 - - [14/Jan/2026:10:11:59 +0800] "GET /InternetTrading/tc/images/top_menu_logout.jpg HTTP/1.1" 200 1016
203.160.80.124 - - [14/Jan/2026:10:11:59 +0800] "GET /InternetTrading/images/top_bg3.jpg HTTP/1.1" 200 878
203.160.80.124 - - [14/Jan/2026:10:11:59 +0800] "GET /InternetTrading/images/top_bg1.jpg HTTP/1.1" 200 329
203.160.80.124 - - [14/Jan/2026:10:11:59 +0800] "GET /InternetTrading/images/top_bg2.jpg HTTP/1.1" 200 330
203.160.80.124 - - [14/Jan/2026:10:11:59 +0800] "POST /InternetTrading/PopUpConfig HTTP/1.1" 200 2
203.160.80.124 - - [14/Jan/2026:10:11:59 +0800] "GET /InternetTrading/tc/dialog.html?1768356992932 HTTP/1.1" 200 3188
203.160.80.124 - - [14/Jan/2026:10:11:59 +0800] "POST /InternetTrading/Heartbeat HTTP/1.1" 200 32
203.160.80.124 - - [14/Jan/2026:10:11:59 +0800] "POST /InternetTrading/CustomerInfoLite HTTP/1.1" 200 118
203.160.80.124 - - [14/Jan/2026:10:11:59 +0800] "GET /InternetTrading/jquery/wait.gif HTTP/1.1" 200 432
203.160.80.124 - - [14/Jan/2026:10:11:59 +0800] "GET /InternetTrading/tc/trade.html HTTP/1.1" 200 2113
203.160.80.124 - - [14/Jan/2026:10:11:59 +0800] "POST /InternetTrading/SpreadPriceCache HTTP/1.1" 200 1947
203.160.80.124 - - [14/Jan/2026:10:11:59 +0800] "GET /InternetTrading/tc/images/top_menu01_o.jpg HTTP/1.1" 200 3339
203.160.80.124 - - [14/Jan/2026:10:11:59 +0800] "POST /InternetTrading/SessionErrorLogger HTTP/1.1" 200 117
203.160.80.124 - - [14/Jan/2026:10:12:00 +0800] "POST /InternetTrading/GetLastLoginDate HTTP/1.1" 200 31
203.160.80.124 - - [14/Jan/2026:10:12:00 +0800] "POST /InternetTrading/SessionErrorLogger HTTP/1.1" 200 117
203.160.80.124 - - [14/Jan/2026:10:12:00 +0800] "GET /InternetTrading/tc/getpopupMsgName.jsp HTTP/1.1" 200 -
203.160.80.124 - - [14/Jan/2026:10:12:00 +0800] "GET /InternetTrading/tc/applet_dummy.html HTTP/1.1" 200 330
203.160.80.124 - - [14/Jan/2026:10:12:00 +0800] "POST /InternetTrading/SessionErrorLogger HTTP/1.1" 200 117
203.160.80.124 - - [14/Jan/2026:10:12:00 +0800] "GET /InternetTrading/tc/buy_ticket.html? HTTP/1.1" 200 1995
203.160.80.124 - - [14/Jan/2026:10:12:00 +0800] "POST /InternetTrading/SessionErrorLogger HTTP/1.1" 200 117
14.0.158.118 - - [14/Jan/2026:10:12:00 +0800] "GET /InternetTrading/longpoll/A8127?X-Atmosphere-tracking-id=0&X-Atmosphere-Framework=2.2.3-javascript&X-Atmosphere-Transport=long-polling&X-Atmosphere-TrackMessageSize=true&Content-Type=charset%3Dutf-8&X-atmo-protocol=true&_=1768356995665 HTTP/1.1" 200 -
203.160.80.124 - - [14/Jan/2026:10:12:00 +0800] "POST /InternetTrading/MarketStatus HTTP/1.1" 200 772
203.160.80.124 - - [14/Jan/2026:10:12:00 +0800] "POST /InternetTrading/SessionErrorLogger HTTP/1.1" 200 117
203.160.80.124 - - [14/Jan/2026:10:12:01 +0800] "GET /InternetTrading/tc/multi_currency_balance.html HTTP/1.1" 200 295
203.160.80.124 - - [14/Jan/2026:10:12:01 +0800] "GET /InternetTrading/jquery/wait.gif HTTP/1.1" 200 432
203.160.80.124 - - [14/Jan/2026:10:12:01 +0800] "GET /InternetTrading/Home/PostToAA.jsp?hl=tc HTTP/1.1" 200 287
203.160.80.124 - - [14/Jan/2026:10:12:01 +0800] "GET /InternetTrading/tc/images/trade_point01.jpg HTTP/1.1" 200 358
203.160.80.124 - - [14/Jan/2026:10:12:01 +0800] "GET /InternetTrading/tc/images/refresh.gif HTTP/1.1" 200 1145
203.184.201.173 - - [14/Jan/2026:10:12:01 +0800] "GET /InternetTrading/longpoll/56419?X-Atmosphere-tracking-id=0&X-Atmosphere-Framework=2.2.3-javascript&X-Atmosphere-Transport=long-polling&X-Atmosphere-TrackMessageSize=true&Content-Type=charset%3Dutf-8&X-atmo-protocol=true&_=1768356995361 HTTP/1.1" 200 -
203.160.80.124 - - [14/Jan/2026:10:12:01 +0800] "GET /InternetTrading/jquery/images/ui-icons_222222_256x240.png HTTP/1.1" 200 6922
203.160.80.124 - - [14/Jan/2026:10:12:01 +0800] "GET /InternetTrading/jquery/images/ui-bg_flat_75_ffffff_40x100.png HTTP/1.1" 200 208
203.160.80.124 - - [14/Jan/2026:10:12:01 +0800] "POST /InternetTrading/SessionErrorLogger HTTP/1.1" 200 117
203.160.80.124 - - [14/Jan/2026:10:12:01 +0800] "POST /InternetTrading/SessionErrorLogger HTTP/1.1" 200 117
203.160.80.124 - - [14/Jan/2026:10:12:01 +0800] "POST /InternetTrading/MarketStatus HTTP/1.1" 200 772
203.160.80.124 - - [14/Jan/2026:10:12:01 +0800] "POST /InternetTrading/MarketStatus HTTP/1.1" 200 772
117.24.53.13 - - [14/Jan/2026:10:12:02 +0800] "GET /InternetTrading/longpoll/M8773?X-Atmosphere-tracking-id=0&X-Atmosphere-Framework=2.2.3-javascript&X-Atmosphere-Transport=long-polling&X-Atmosphere-TrackMessageSize=true&Content-Type=charset%3Dutf-8&X-atmo-protocol=true&_=1768356996975 HTTP/1.1" 200 -
203.160.80.124 - - [14/Jan/2026:10:12:02 +0800] "POST /InternetTrading/SessionErrorLogger HTTP/1.1" 200 117
203.160.80.124 - - [14/Jan/2026:10:12:02 +0800] "POST /InternetTrading/CustomerInfo HTTP/1.1" 200 214
203.160.80.124 - - [14/Jan/2026:10:12:03 +0800] "POST /InternetTrading/SessionErrorLogger HTTP/1.1" 200 117
203.160.80.124 - - [14/Jan/2026:10:12:03 +0800] "POST /InternetTrading/MarketStatus HTTP/1.1" 200 772
203.160.80.124 - - [14/Jan/2026:10:12:03 +0800] "POST /InternetTrading/SessionErrorLogger HTTP/1.1" 200 117
203.160.80.124 - - [14/Jan/2026:10:12:03 +0800] "GET /InternetTrading/jquery/wait.gif HTTP/1.1" 200 432
203.160.80.124 - - [14/Jan/2026:10:12:03 +0800] "POST /InternetTrading/SessionErrorLogger HTTP/1.1" 200 117
203.160.80.124 - - [14/Jan/2026:10:12:03 +0800] "POST /InternetTrading/LongPollingConfig HTTP/1.1" 200 4
203.160.80.124 - - [14/Jan/2026:10:12:03 +0800] "POST /InternetTrading/SessionErrorLogger HTTP/1.1" 200 117
203.160.80.124 - - [14/Jan/2026:10:12:03 +0800] "GET /InternetTrading/tc/account_status.html HTTP/1.1" 200 426
203.160.80.124 - - [14/Jan/2026:10:12:03 +0800] "GET /InternetTrading/longpoll/51776?X-Atmosphere-tracking-id=0&X-Atmosphere-Framework=2.2.3-javascript&X-Atmosphere-Transport=long-polling&X-Atmosphere-TrackMessageSize=true&Content-Type=charset%3Dutf-8&X-atmo-protocol=true&_=1768356997795 HTTP/1.1" 200 -
203.184.201.173 - - [14/Jan/2026:10:12:03 +0800] "POST /InternetTrading/SessionErrorLogger HTTP/1.1" 200 117
203.184.201.173 - - [14/Jan/2026:10:12:04 +0800] "POST /InternetTrading/Heartbeat HTTP/1.1" 200 32
203.160.80.124 - - [14/Jan/2026:10:12:04 +0800] "GET /InternetTrading/jquery/wait.gif HTTP/1.1" 200 432
203.160.80.124 - - [14/Jan/2026:10:12:04 +0800] "POST /InternetTrading/SessionErrorLogger HTTP/1.1" 200 117
203.160.80.124 - - [14/Jan/2026:10:12:04 +0800] "POST /InternetTrading/Portfolio HTTP/1.1" 200 1454
119.136.153.148 - - [14/Jan/2026:10:12:04 +0800] "GET /InternetTrading/longpoll/51803?X-Atmosphere-tracking-id=0&X-Atmosphere-Framework=2.2.3-javascript&X-Atmosphere-Transport=long-polling&X-Atmosphere-TrackMessageSize=true&Content-Type=charset%3Dutf-8&X-atmo-protocol=true&_=1768356999503 HTTP/1.1" 200 -
14.0.158.118 - - [14/Jan/2026:10:12:05 +0800] "GET /InternetTrading/longpoll/A8127?X-Atmosphere-tracking-id=0&X-Atmosphere-Framework=2.2.3-javascript&X-Atmosphere-Transport=long-polling&X-Atmosphere-TrackMessageSize=true&Content-Type=charset%3Dutf-8&X-atmo-protocol=true&_=1768357000974 HTTP/1.1" 200 -
203.184.201.173 - - [14/Jan/2026:10:12:06 +0800] "GET /InternetTrading/longpoll/56419?X-Atmosphere-tracking-id=0&X-Atmosphere-Framework=2.2.3-javascript&X-Atmosphere-Transport=long-polling&X-Atmosphere-TrackMessageSize=true&Content-Type=charset%3Dutf-8&X-atmo-protocol=true&_=1768357000812 HTTP/1.1" 200 -
203.184.201.173 - - [14/Jan/2026:10:12:06 +0800] "POST /InternetTrading/SessionErrorLogger HTTP/1.1" 200 117
203.184.201.173 - - [14/Jan/2026:10:12:07 +0800] "POST /InternetTrading/MarketStatus HTTP/1.1" 200 772
117.24.53.13 - - [14/Jan/2026:10:12:07 +0800] "POST /InternetTrading/SessionErrorLogger HTTP/1.1" 200 117
117.24.53.13 - - [14/Jan/2026:10:12:07 +0800] "POST /InternetTrading/MarketStatus HTTP/1.1" 200 772
117.24.53.13 - - [14/Jan/2026:10:12:08 +0800] "GET /InternetTrading/longpoll/M8773?X-Atmosphere-tracking-id=0&X-Atmosphere-Framework=2.2.3-javascript&X-Atmosphere-Transport=long-polling&X-Atmosphere-TrackMessageSize=true&Content-Type=charset%3Dutf-8&X-atmo-protocol=true&_=1768357002981 HTTP/1.1" 200 -
14.0.158.118 - - [14/Jan/2026:10:12:08 +0800] "POST /InternetTrading/SessionErrorLogger HTTP/1.1" 200 117
14.0.158.118 - - [14/Jan/2026:10:12:08 +0800] "POST /InternetTrading/Heartbeat HTTP/1.1" 200 32
14.0.158.118 - - [14/Jan/2026:10:12:09 +0800] "POST /InternetTrading/SessionErrorLogger HTTP/1.1" 200 117
14.0.158.118 - - [14/Jan/2026:10:12:09 +0800] "POST /InternetTrading/MarketStatus HTTP/1.1" 200 772
203.160.80.124 - - [14/Jan/2026:10:12:09 +0800] "GET /InternetTrading/longpoll/51776?X-Atmosphere-tracking-id=0&X-Atmosphere-Framework=2.2.3-javascript&X-Atmosphere-Transport=long-polling&X-Atmosphere-TrackMessageSize=true&Content-Type=charset%3Dutf-8&X-atmo-protocol=true&_=1768357003201 HTTP/1.1" 200 -
119.136.153.148 - - [14/Jan/2026:10:12:10 +0800] "GET /InternetTrading/longpoll/51803?X-Atmosphere-tracking-id=0&X-Atmosphere-Framework=2.2.3-javascript&X-Atmosphere-Transport=long-polling&X-Atmosphere-TrackMessageSize=true&Content-Type=charset%3Dutf-8&X-atmo-protocol=true&_=1768357005508 HTTP/1.1" 200 -
14.0.158.118 - - [14/Jan/2026:10:12:11 +0800] "GET /InternetTrading/longpoll/A8127?X-Atmosphere-tracking-id=0&X-Atmosphere-Framework=2.2.3-javascript&X-Atmosphere-Transport=long-polling&X-Atmosphere-TrackMessageSize=true&Content-Type=charset%3Dutf-8&X-atmo-protocol=true&_=1768357006167 HTTP/1.1" 200 -
203.184.201.173 - - [14/Jan/2026:10:12:12 +0800] "GET /InternetTrading/longpoll/56419?X-Atmosphere-tracking-id=0&X-Atmosphere-Framework=2.2.3-javascript&X-Atmosphere-Transport=long-polling&X-Atmosphere-TrackMessageSize=true&Content-Type=charset%3Dutf-8&X-atmo-protocol=true&_=1768357006645 HTTP/1.1" 200 -
203.160.80.124 - - [14/Jan/2026:10:12:14 +0800] "GET /InternetTrading/longpoll/51776?X-Atmosphere-tracking-id=0&X-Atmosphere-Framework=2.2.3-javascript&X-Atmosphere-Transport=long-polling&X-Atmosphere-TrackMessageSize=true&Content-Type=charset%3Dutf-8&X-atmo-protocol=true&_=1768357008365 HTTP/1.1" 200 -
117.24.53.13 - - [14/Jan/2026:10:12:14 +0800] "GET /InternetTrading/longpoll/M8773?X-Atmosphere-tracking-id=0&X-Atmosphere-Framework=2.2.3-javascript&X-Atmosphere-Transport=long-polling&X-Atmosphere-TrackMessageSize=true&Content-Type=charset%3Dutf-8&X-atmo-protocol=true&_=1768357008980 HTTP/1.1" 200 -
14.0.158.118 - - [14/Jan/2026:10:12:16 +0800] "GET /InternetTrading/longpoll/A8127?X-Atmosphere-tracking-id=0&X-Atmosphere-Framework=2.2.3-javascript&X-Atmosphere-Transport=long-polling&X-Atmosphere-TrackMessageSize=true&Content-Type=charset%3Dutf-8&X-atmo-protocol=true&_=1768357011548 HTTP/1.1" 200 -
119.136.153.148 - - [14/Jan/2026:10:12:16 +0800] "GET /InternetTrading/longpoll/51803?X-Atmosphere-tracking-id=0&X-Atmosphere-Framework=2.2.3-javascript&X-Atmosphere-Transport=long-polling&X-Atmosphere-TrackMessageSize=true&Content-Type=charset%3Dutf-8&X-atmo-protocol=true&_=1768357011506 HTTP/1.1" 200 -
117.24.53.13 - - [14/Jan/2026:10:12:17 +0800] "POST /InternetTrading/SessionErrorLogger HTTP/1.1" 200 117
117.24.53.13 - - [14/Jan/2026:10:12:17 +0800] "POST /InternetTrading/Heartbeat HTTP/1.1" 200 32
203.184.201.173 - - [14/Jan/2026:10:12:17 +0800] "GET /InternetTrading/longpoll/56419?X-Atmosphere-tracking-id=0&X-Atmosphere-Framework=2.2.3-javascript&X-Atmosphere-Transport=long-polling&X-Atmosphere-TrackMessageSize=true&Content-Type=charset%3Dutf-8&X-atmo-protocol=true&_=1768357012193 HTTP/1.1" 200 -
203.160.80.124 - - [14/Jan/2026:10:12:20 +0800] "GET /InternetTrading/longpoll/51776?X-Atmosphere-tracking-id=0&X-Atmosphere-Framework=2.2.3-javascript&X-Atmosphere-Transport=long-polling&X-Atmosphere-TrackMessageSize=true&Content-Type=charset%3Dutf-8&X-atmo-protocol=true&_=1768357013805 HTTP/1.1" 200 -
117.24.53.13 - - [14/Jan/2026:10:12:20 +0800] "GET /InternetTrading/longpoll/M8773?X-Atmosphere-tracking-id=0&X-Atmosphere-Framework=2.2.3-javascript&X-Atmosphere-Transport=long-polling&X-Atmosphere-TrackMessageSize=true&Content-Type=charset%3Dutf-8&X-atmo-protocol=true&_=1768357014981 HTTP/1.1" 200 -
14.0.158.118 - - [14/Jan/2026:10:12:21 +0800] "GET /InternetTrading/longpoll/A8127?X-Atmosphere-tracking-id=0&X-Atmosphere-Framework=2.2.3-javascript&X-Atmosphere-Transport=long-polling&X-Atmosphere-TrackMessageSize=true&Content-Type=charset%3Dutf-8&X-atmo-protocol=true&_=1768357016701 HTTP/1.1" 200 -
119.136.153.148 - - [14/Jan/2026:10:12:21 +0800] "POST /InternetTrading/SessionErrorLogger HTTP/1.1" 200 117
119.136.153.148 - - [14/Jan/2026:10:12:21 +0800] "POST /InternetTrading/Heartbeat HTTP/1.1" 200 32
119.136.153.148 - - [14/Jan/2026:10:12:21 +0800] "POST /InternetTrading/SessionErrorLogger HTTP/1.1" 200 117
119.136.153.148 - - [14/Jan/2026:10:12:21 +0800] "POST /InternetTrading/MarketStatus HTTP/1.1" 200 772
119.136.153.148 - - [14/Jan/2026:10:12:22 +0800] "GET /InternetTrading/longpoll/51803?X-Atmosphere-tracking-id=0&X-Atmosphere-Framework=2.2.3-javascript&X-Atmosphere-Transport=long-polling&X-Atmosphere-TrackMessageSize=true&Content-Type=charset%3Dutf-8&X-atmo-protocol=true&_=1768357017509 HTTP/1.1" 200 -
203.184.201.173 - - [14/Jan/2026:10:12:22 +0800] "GET /InternetTrading/longpoll/56419?X-Atmosphere-tracking-id=0&X-Atmosphere-Framework=2.2.3-javascript&X-Atmosphere-Transport=long-polling&X-Atmosphere-TrackMessageSize=true&Content-Type=charset%3Dutf-8&X-atmo-protocol=true&_=1768357017306 HTTP/1.1" 200 -
203.160.80.124 - - [14/Jan/2026:10:12:25 +0800] "GET /InternetTrading/longpoll/51776?X-Atmosphere-tracking-id=0&X-Atmosphere-Framework=2.2.3-javascript&X-Atmosphere-Transport=long-polling&X-Atmosphere-TrackMessageSize=true&Content-Type=charset%3Dutf-8&X-atmo-protocol=true&_=1768357019240 HTTP/1.1" 200 -
117.24.53.13 - - [14/Jan/2026:10:12:26 +0800] "GET /InternetTrading/longpoll/M8773?X-Atmosphere-tracking-id=0&X-Atmosphere-Framework=2.2.3-javascript&X-Atmosphere-Transport=long-polling&X-Atmosphere-TrackMessageSize=true&Content-Type=charset%3Dutf-8&X-atmo-protocol=true&_=1768357020980 HTTP/1.1" 200 -
14.0.158.118 - - [14/Jan/2026:10:12:26 +0800] "GET /InternetTrading/longpoll/A8127?X-Atmosphere-tracking-id=0&X-Atmosphere-Framework=2.2.3-javascript&X-Atmosphere-Transport=long-polling&X-Atmosphere-TrackMessageSize=true&Content-Type=charset%3Dutf-8&X-atmo-protocol=true&_=1768357021861 HTTP/1.1" 200 -
119.136.153.148 - - [14/Jan/2026:10:12:28 +0800] "GET /InternetTrading/longpoll/51803?X-Atmosphere-tracking-id=0&X-Atmosphere-Framework=2.2.3-javascript&X-Atmosphere-Transport=long-polling&X-Atmosphere-TrackMessageSize=true&Content-Type=charset%3Dutf-8&X-atmo-protocol=true&_=1768357023505 HTTP/1.1" 200 -
203.184.201.173 - - [14/Jan/2026:10:12:30 +0800] "GET /InternetTrading/longpoll/56419?X-Atmosphere-tracking-id=0&X-Atmosphere-Framework=2.2.3-javascript&X-Atmosphere-Transport=long-polling&X-Atmosphere-TrackMessageSize=true&Content-Type=charset%3Dutf-8&X-atmo-protocol=true&_=1768357022409 HTTP/1.1" 200 -
203.160.80.124 - - [14/Jan/2026:10:12:30 +0800] "POST /InternetTrading/SessionErrorLogger HTTP/1.1" 200 117
203.160.80.124 - - [14/Jan/2026:10:12:30 +0800] "POST /InternetTrading/Heartbeat HTTP/1.1" 200 32
203.160.80.124 - - [14/Jan/2026:10:12:31 +0800] "GET /InternetTrading/longpoll/51776?X-Atmosphere-tracking-id=0&X-Atmosphere-Framework=2.2.3-javascript&X-Atmosphere-Transport=long-polling&X-Atmosphere-TrackMessageSize=true&Content-Type=charset%3Dutf-8&X-atmo-protocol=true&_=1768357024958 HTTP/1.1" 200 -
203.160.80.124 - - [14/Jan/2026:10:12:31 +0800] "POST /InternetTrading/SessionErrorLogger HTTP/1.1" 200 117
203.160.80.124 - - [14/Jan/2026:10:12:31 +0800] "POST /InternetTrading/MarketStatus HTTP/1.1" 200 772
14.0.158.118 - - [14/Jan/2026:10:12:31 +0800] "GET /InternetTrading/longpoll/A8127?X-Atmosphere-tracking-id=0&X-Atmosphere-Framework=2.2.3-javascript&X-Atmosphere-Transport=long-polling&X-Atmosphere-TrackMessageSize=true&Content-Type=charset%3Dutf-8&X-atmo-protocol=true&_=1768357027072 HTTP/1.1" 200 -
117.24.53.13 - - [14/Jan/2026:10:12:32 +0800] "GET /InternetTrading/longpoll/M8773?X-Atmosphere-tracking-id=0&X-Atmosphere-Framework=2.2.3-javascript&X-Atmosphere-Transport=long-polling&X-Atmosphere-TrackMessageSize=true&Content-Type=charset%3Dutf-8&X-atmo-protocol=true&_=1768357026981 HTTP/1.1" 200 -
203.184.201.173 - - [14/Jan/2026:10:12:34 +0800] "POST /InternetTrading/SessionErrorLogger HTTP/1.1" 200 117
203.184.201.173 - - [14/Jan/2026:10:12:34 +0800] "POST /InternetTrading/Heartbeat HTTP/1.1" 200 32
119.136.153.148 - - [14/Jan/2026:10:12:34 +0800] "GET /InternetTrading/longpoll/51803?X-Atmosphere-tracking-id=0&X-Atmosphere-Framework=2.2.3-javascript&X-Atmosphere-Transport=long-polling&X-Atmosphere-TrackMessageSize=true&Content-Type=charset%3Dutf-8&X-atmo-protocol=true&_=1768357029499 HTTP/1.1" 200 -
203.184.201.173 - - [14/Jan/2026:10:12:35 +0800] "GET /InternetTrading/longpoll/56419?X-Atmosphere-tracking-id=0&X-Atmosphere-Framework=2.2.3-javascript&X-Atmosphere-Transport=long-polling&X-Atmosphere-TrackMessageSize=true&Content-Type=charset%3Dutf-8&X-atmo-protocol=true&_=1768357030176 HTTP/1.1" 200 -
203.160.80.124 - - [14/Jan/2026:10:12:36 +0800] "GET /InternetTrading/longpoll/51776?X-Atmosphere-tracking-id=0&X-Atmosphere-Framework=2.2.3-javascript&X-Atmosphere-Transport=long-polling&X-Atmosphere-TrackMessageSize=true&Content-Type=charset%3Dutf-8&X-atmo-protocol=true&_=1768357030123 HTTP/1.1" 200 -
14.0.158.118 - - [14/Jan/2026:10:12:37 +0800] "GET /InternetTrading/longpoll/A8127?X-Atmosphere-tracking-id=0&X-Atmosphere-Framework=2.2.3-javascript&X-Atmosphere-Transport=long-polling&X-Atmosphere-TrackMessageSize=true&Content-Type=charset%3Dutf-8&X-atmo-protocol=true&_=1768357032224 HTTP/1.1" 200 -
203.184.201.173 - - [14/Jan/2026:10:12:37 +0800] "POST /InternetTrading/SessionErrorLogger HTTP/1.1" 200 117
203.184.201.173 - - [14/Jan/2026:10:12:38 +0800] "POST /InternetTrading/MarketStatus HTTP/1.1" 200 772
117.24.53.13 - - [14/Jan/2026:10:12:38 +0800] "POST /InternetTrading/SessionErrorLogger HTTP/1.1" 200 117
117.24.53.13 - - [14/Jan/2026:10:12:38 +0800] "POST /InternetTrading/MarketStatus HTTP/1.1" 200 772
117.24.53.13 - - [14/Jan/2026:10:12:38 +0800] "GET /InternetTrading/longpoll/M8773?X-Atmosphere-tracking-id=0&X-Atmosphere-Framework=2.2.3-javascript&X-Atmosphere-Transport=long-polling&X-Atmosphere-TrackMessageSize=true&Content-Type=charset%3Dutf-8&X-atmo-protocol=true&_=1768357033143 HTTP/1.1" 200 -
14.0.158.118 - - [14/Jan/2026:10:12:38 +0800] "POST /InternetTrading/SessionErrorLogger HTTP/1.1" 200 117
14.0.158.118 - - [14/Jan/2026:10:12:38 +0800] "POST /InternetTrading/Heartbeat HTTP/1.1" 200 32
14.0.158.118 - - [14/Jan/2026:10:12:39 +0800] "POST /InternetTrading/SessionErrorLogger HTTP/1.1" 200 117
14.0.158.118 - - [14/Jan/2026:10:12:39 +0800] "POST /InternetTrading/MarketStatus HTTP/1.1" 200 772
119.136.153.148 - - [14/Jan/2026:10:12:40 +0800] "GET /InternetTrading/longpoll/51803?X-Atmosphere-tracking-id=0&X-Atmosphere-Framework=2.2.3-javascript&X-Atmosphere-Transport=long-polling&X-Atmosphere-TrackMessageSize=true&Content-Type=charset%3Dutf-8&X-atmo-protocol=true&_=1768357035502 HTTP/1.1" 200 -
203.184.201.173 - - [14/Jan/2026:10:12:41 +0800] "GET /InternetTrading/longpoll/56419?X-Atmosphere-tracking-id=0&X-Atmosphere-Framework=2.2.3-javascript&X-Atmosphere-Transport=long-polling&X-Atmosphere-TrackMessageSize=true&Content-Type=charset%3Dutf-8&X-atmo-protocol=true&_=1768357035611 HTTP/1.1" 200 -
203.160.80.124 - - [14/Jan/2026:10:12:41 +0800] "GET /InternetTrading/longpoll/51776?X-Atmosphere-tracking-id=0&X-Atmosphere-Framework=2.2.3-javascript&X-Atmosphere-Transport=long-polling&X-Atmosphere-TrackMessageSize=true&Content-Type=charset%3Dutf-8&X-atmo-protocol=true&_=1768357035315 HTTP/1.1" 200 -
14.0.158.118 - - [14/Jan/2026:10:12:42 +0800] "GET /InternetTrading/longpoll/A8127?X-Atmosphere-tracking-id=0&X-Atmosphere-Framework=2.2.3-javascript&X-Atmosphere-Transport=long-polling&X-Atmosphere-TrackMessageSize=true&Content-Type=charset%3Dutf-8&X-atmo-protocol=true&_=1768357037348 HTTP/1.1" 200 -
117.24.53.13 - - [14/Jan/2026:10:12:44 +0800] "GET /InternetTrading/longpoll/M8773?X-Atmosphere-tracking-id=0&X-Atmosphere-Framework=2.2.3-javascript&X-Atmosphere-Transport=long-polling&X-Atmosphere-TrackMessageSize=true&Content-Type=charset%3Dutf-8&X-atmo-protocol=true&_=1768357038981 HTTP/1.1" 200 -
119.136.153.148 - - [14/Jan/2026:10:12:46 +0800] "GET /InternetTrading/longpoll/51803?X-Atmosphere-tracking-id=0&X-Atmosphere-Framework=2.2.3-javascript&X-Atmosphere-Transport=long-polling&X-Atmosphere-TrackMessageSize=true&Content-Type=charset%3Dutf-8&X-atmo-protocol=true&_=1768357041498 HTTP/1.1" 200 -
203.160.80.124 - - [14/Jan/2026:10:12:46 +0800] "GET /InternetTrading/longpoll/51776?X-Atmosphere-tracking-id=0&X-Atmosphere-Framework=2.2.3-javascript&X-Atmosphere-Transport=long-polling&X-Atmosphere-TrackMessageSize=true&Content-Type=charset%3Dutf-8&X-atmo-protocol=true&_=1768357040506 HTTP/1.1" 200 -
14.0.158.118 - - [14/Jan/2026:10:12:47 +0800] "GET /InternetTrading/longpoll/A8127?X-Atmosphere-tracking-id=0&X-Atmosphere-Framework=2.2.3-javascript&X-Atmosphere-Transport=long-polling&X-Atmosphere-TrackMessageSize=true&Content-Type=charset%3Dutf-8&X-atmo-protocol=true&_=1768357042427 HTTP/1.1" 200 -
203.184.201.173 - - [14/Jan/2026:10:12:47 +0800] "GET /InternetTrading/longpoll/56419?X-Atmosphere-tracking-id=0&X-Atmosphere-Framework=2.2.3-javascript&X-Atmosphere-Transport=long-polling&X-Atmosphere-TrackMessageSize=true&Content-Type=charset%3Dutf-8&X-atmo-protocol=true&_=1768357040814 HTTP/1.1" 200 -
117.24.53.13 - - [14/Jan/2026:10:12:50 +0800] "GET /InternetTrading/longpoll/M8773?X-Atmosphere-tracking-id=0&X-Atmosphere-Framework=2.2.3-javascript&X-Atmosphere-Transport=long-polling&X-Atmosphere-TrackMessageSize=true&Content-Type=charset%3Dutf-8&X-atmo-protocol=true&_=1768357044980 HTTP/1.1" 200 -
14.0.158.118 - - [14/Jan/2026:10:12:52 +0800] "GET /InternetTrading/longpoll/A8127?X-Atmosphere-tracking-id=0&X-Atmosphere-Framework=2.2.3-javascript&X-Atmosphere-Transport=long-polling&X-Atmosphere-TrackMessageSize=true&Content-Type=charset%3Dutf-8&X-atmo-protocol=true&_=1768357047583 HTTP/1.1" 200 -
203.160.80.124 - - [14/Jan/2026:10:12:52 +0800] "GET /InternetTrading/longpoll/51776?X-Atmosphere-tracking-id=0&X-Atmosphere-Framework=2.2.3-javascript&X-Atmosphere-Transport=long-polling&X-Atmosphere-TrackMessageSize=true&Content-Type=charset%3Dutf-8&X-atmo-protocol=true&_=1768357045975 HTTP/1.1" 200 -
119.136.153.148 - - [14/Jan/2026:10:12:52 +0800] "GET /InternetTrading/longpoll/51803?X-Atmosphere-tracking-id=0&X-Atmosphere-Framework=2.2.3-javascript&X-Atmosphere-Transport=long-polling&X-Atmosphere-TrackMessageSize=true&Content-Type=charset%3Dutf-8&X-atmo-protocol=true&_=1768357047497 HTTP/1.1" 200 -
117.24.53.13 - - [14/Jan/2026:10:12:56 +0800] "GET /InternetTrading/longpoll/M8773?X-Atmosphere-tracking-id=0&X-Atmosphere-Framework=2.2.3-javascript&X-Atmosphere-Transport=long-polling&X-Atmosphere-TrackMessageSize=true&Content-Type=charset%3Dutf-8&X-atmo-protocol=true&_=1768357050981 HTTP/1.1" 200 -
14.0.158.118 - - [14/Jan/2026:10:12:57 +0800] "GET /InternetTrading/longpoll/A8127?X-Atmosphere-tracking-id=0&X-Atmosphere-Framework=2.2.3-javascript&X-Atmosphere-Transport=long-polling&X-Atmosphere-TrackMessageSize=true&Content-Type=charset%3Dutf-8&X-atmo-protocol=true&_=1768357052728 HTTP/1.1" 200 -
203.160.80.124 - - [14/Jan/2026:10:12:57 +0800] "GET /InternetTrading/longpoll/51776?X-Atmosphere-tracking-id=0&X-Atmosphere-Framework=2.2.3-javascript&X-Atmosphere-Transport=long-polling&X-Atmosphere-TrackMessageSize=true&Content-Type=charset%3Dutf-8&X-atmo-protocol=true&_=1768357051412 HTTP/1.1" 200 -
203.184.201.173 - - [14/Jan/2026:10:12:58 +0800] "GET /InternetTrading/longpoll/56419?X-Atmosphere-tracking-id=0&X-Atmosphere-Framework=2.2.3-javascript&X-Atmosphere-Transport=long-polling&X-Atmosphere-TrackMessageSize=true&Content-Type=charset%3Dutf-8&X-atmo-protocol=true&_=1768357047606 HTTP/1.1" 200 -
119.136.153.148 - - [14/Jan/2026:10:12:58 +0800] "GET /InternetTrading/longpoll/51803?X-Atmosphere-tracking-id=0&X-Atmosphere-Framework=2.2.3-javascript&X-Atmosphere-Transport=long-polling&X-Atmosphere-TrackMessageSize=true&Content-Type=charset%3Dutf-8&X-atmo-protocol=true&_=1768357053508 HTTP/1.1" 200 -
203.160.80.124 - - [14/Jan/2026:10:13:00 +0800] "POST /InternetTrading/SessionErrorLogger HTTP/1.1" 200 117
203.160.80.124 - - [14/Jan/2026:10:13:01 +0800] "POST /InternetTrading/Heartbeat HTTP/1.1" 200 32
203.160.80.124 - - [14/Jan/2026:10:13:01 +0800] "POST /InternetTrading/SessionErrorLogger HTTP/1.1" 200 117
203.160.80.124 - - [14/Jan/2026:10:13:01 +0800] "POST /InternetTrading/MarketStatus HTTP/1.1" 200 772
117.24.53.13 - - [14/Jan/2026:10:13:02 +0800] "GET /InternetTrading/longpoll/M8773?X-Atmosphere-tracking-id=0&X-Atmosphere-Framework=2.2.3-javascript&X-Atmosphere-Transport=long-polling&X-Atmosphere-TrackMessageSize=true&Content-Type=charset%3Dutf-8&X-atmo-protocol=true&_=1768357056980 HTTP/1.1" 200 -
14.0.158.118 - - [14/Jan/2026:10:13:02 +0800] "GET /InternetTrading/longpoll/A8127?X-Atmosphere-tracking-id=0&X-Atmosphere-Framework=2.2.3-javascript&X-Atmosphere-Transport=long-polling&X-Atmosphere-TrackMessageSize=true&Content-Type=charset%3Dutf-8&X-atmo-protocol=true&_=1768357057987 HTTP/1.1" 200 -
203.160.80.124 - - [14/Jan/2026:10:13:03 +0800] "GET /InternetTrading/longpoll/51776?X-Atmosphere-tracking-id=0&X-Atmosphere-Framework=2.2.3-javascript&X-Atmosphere-Transport=long-polling&X-Atmosphere-TrackMessageSize=true&Content-Type=charset%3Dutf-8&X-atmo-protocol=true&_=1768357056971 HTTP/1.1" 200 -
119.136.153.148 - - [14/Jan/2026:10:13:04 +0800] "GET /InternetTrading/longpoll/51803?X-Atmosphere-tracking-id=0&X-Atmosphere-Framework=2.2.3-javascript&X-Atmosphere-Transport=long-polling&X-Atmosphere-TrackMessageSize=true&Content-Type=charset%3Dutf-8&X-atmo-protocol=true&_=1768357059496 HTTP/1.1" 200 -
203.184.201.173 - - [14/Jan/2026:10:13:05 +0800] "POST /InternetTrading/SessionErrorLogger HTTP/1.1" 200 117
203.184.201.173 - - [14/Jan/2026:10:13:05 +0800] "GET /InternetTrading/longpoll/56419?X-Atmosphere-tracking-id=0&X-Atmosphere-Framework=2.2.3-javascript&X-Atmosphere-Transport=long-polling&X-Atmosphere-TrackMessageSize=true&Content-Type=charset%3Dutf-8&X-atmo-protocol=true&_=1768357057575 HTTP/1.1" 200 -
203.184.201.173 - - [14/Jan/2026:10:13:05 +0800] "POST /InternetTrading/Heartbeat HTTP/1.1" 200 32
203.184.201.173 - - [14/Jan/2026:10:13:07 +0800] "POST /InternetTrading/SessionErrorLogger HTTP/1.1" 200 117
14.0.158.118 - - [14/Jan/2026:10:13:07 +0800] "GET /InternetTrading/longpoll/A8127?X-Atmosphere-tracking-id=0&X-Atmosphere-Framework=2.2.3-javascript&X-Atmosphere-Transport=long-polling&X-Atmosphere-TrackMessageSize=true&Content-Type=charset%3Dutf-8&X-atmo-protocol=true&_=1768357063135 HTTP/1.1" 200 -
203.184.201.173 - - [14/Jan/2026:10:13:08 +0800] "POST /InternetTrading/MarketStatus HTTP/1.1" 200 772
203.160.80.124 - - [14/Jan/2026:10:13:08 +0800] "GET /InternetTrading/longpoll/51776?X-Atmosphere-tracking-id=0&X-Atmosphere-Framework=2.2.3-javascript&X-Atmosphere-Transport=long-polling&X-Atmosphere-TrackMessageSize=true&Content-Type=charset%3Dutf-8&X-atmo-protocol=true&_=1768357062166 HTTP/1.1" 200 -
117.24.53.13 - - [14/Jan/2026:10:13:08 +0800] "GET /InternetTrading/longpoll/M8773?X-Atmosphere-tracking-id=0&X-Atmosphere-Framework=2.2.3-javascript&X-Atmosphere-Transport=long-polling&X-Atmosphere-TrackMessageSize=true&Content-Type=charset%3Dutf-8&X-atmo-protocol=true&_=1768357062985 HTTP/1.1" 200 -
14.0.158.118 - - [14/Jan/2026:10:13:08 +0800] "POST /InternetTrading/SessionErrorLogger HTTP/1.1" 200 117
14.0.158.118 - - [14/Jan/2026:10:13:08 +0800] "POST /InternetTrading/Heartbeat HTTP/1.1" 200 32
14.0.158.118 - - [14/Jan/2026:10:13:09 +0800] "POST /InternetTrading/SessionErrorLogger HTTP/1.1" 200 117
14.0.158.118 - - [14/Jan/2026:10:13:09 +0800] "POST /InternetTrading/MarketStatus HTTP/1.1" 200 772
119.136.153.148 - - [14/Jan/2026:10:13:10 +0800] "GET /InternetTrading/longpoll/51803?X-Atmosphere-tracking-id=0&X-Atmosphere-Framework=2.2.3-javascript&X-Atmosphere-Transport=long-polling&X-Atmosphere-TrackMessageSize=true&Content-Type=charset%3Dutf-8&X-atmo-protocol=true&_=1768357065496 HTTP/1.1" 200 -
203.184.201.173 - - [14/Jan/2026:10:13:11 +0800] "GET /InternetTrading/longpoll/56419?X-Atmosphere-tracking-id=0&X-Atmosphere-Framework=2.2.3-javascript&X-Atmosphere-Transport=long-polling&X-Atmosphere-TrackMessageSize=true&Content-Type=charset%3Dutf-8&X-atmo-protocol=true&_=1768357065441 HTTP/1.1" 200 -
14.0.158.118 - - [14/Jan/2026:10:13:13 +0800] "GET /InternetTrading/longpoll/A8127?X-Atmosphere-tracking-id=0&X-Atmosphere-Framework=2.2.3-javascript&X-Atmosphere-Transport=long-polling&X-Atmosphere-TrackMessageSize=true&Content-Type=charset%3Dutf-8&X-atmo-protocol=true&_=1768357068297 HTTP/1.1" 200 -
203.160.80.124 - - [14/Jan/2026:10:13:13 +0800] "GET /InternetTrading/longpoll/51776?X-Atmosphere-tracking-id=0&X-Atmosphere-Framework=2.2.3-javascript&X-Atmosphere-Transport=long-polling&X-Atmosphere-TrackMessageSize=true&Content-Type=charset%3Dutf-8&X-atmo-protocol=true&_=1768357067351 HTTP/1.1" 200 -
117.24.53.13 - - [14/Jan/2026:10:13:14 +0800] "GET /InternetTrading/longpoll/M8773?X-Atmosphere-tracking-id=0&X-Atmosphere-Framework=2.2.3-javascript&X-Atmosphere-Transport=long-polling&X-Atmosphere-TrackMessageSize=true&Content-Type=charset%3Dutf-8&X-atmo-protocol=true&_=1768357068985 HTTP/1.1" 200 -
203.184.201.173 - - [14/Jan/2026:10:13:16 +0800] "GET /InternetTrading/longpoll/56419?X-Atmosphere-tracking-id=0&X-Atmosphere-Framework=2.2.3-javascript&X-Atmosphere-Transport=long-polling&X-Atmosphere-TrackMessageSize=true&Content-Type=charset%3Dutf-8&X-atmo-protocol=true&_=1768357070770 HTTP/1.1" 200 -
119.136.153.148 - - [14/Jan/2026:10:13:16 +0800] "GET /InternetTrading/longpoll/51803?X-Atmosphere-tracking-id=0&X-Atmosphere-Framework=2.2.3-javascript&X-Atmosphere-Transport=long-polling&X-Atmosphere-TrackMessageSize=true&Content-Type=charset%3Dutf-8&X-atmo-protocol=true&_=1768357071508 HTTP/1.1" 200 -
117.24.53.13 - - [14/Jan/2026:10:13:17 +0800] "POST /InternetTrading/SessionErrorLogger HTTP/1.1" 200 117
117.24.53.13 - - [14/Jan/2026:10:13:17 +0800] "POST /InternetTrading/Heartbeat HTTP/1.1" 200 32
117.24.53.13 - - [14/Jan/2026:10:13:17 +0800] "POST /InternetTrading/SessionErrorLogger HTTP/1.1" 200 117
117.24.53.13 - - [14/Jan/2026:10:13:17 +0800] "POST /InternetTrading/MarketStatus HTTP/1.1" 200 772
14.0.158.118 - - [14/Jan/2026:10:13:18 +0800] "GET /InternetTrading/longpoll/A8127?X-Atmosphere-tracking-id=0&X-Atmosphere-Framework=2.2.3-javascript&X-Atmosphere-Transport=long-polling&X-Atmosphere-TrackMessageSize=true&Content-Type=charset%3Dutf-8&X-atmo-protocol=true&_=1768357073341 HTTP/1.1" 200 -
203.160.80.124 - - [14/Jan/2026:10:13:19 +0800] "GET /InternetTrading/longpoll/51776?X-Atmosphere-tracking-id=0&X-Atmosphere-Framework=2.2.3-javascript&X-Atmosphere-Transport=long-polling&X-Atmosphere-TrackMessageSize=true&Content-Type=charset%3Dutf-8&X-atmo-protocol=true&_=1768357072800 HTTP/1.1" 200 -
117.24.53.13 - - [14/Jan/2026:10:13:19 +0800] "GET /InternetTrading/longpoll/M8773?X-Atmosphere-tracking-id=0&X-Atmosphere-Framework=2.2.3-javascript&X-Atmosphere-Transport=long-polling&X-Atmosphere-TrackMessageSize=true&Content-Type=charset%3Dutf-8&X-atmo-protocol=true&_=1768357074143 HTTP/1.1" 200 -
117.24.53.13 - - [14/Jan/2026:10:13:21 +0800] "POST /InternetTrading/SessionErrorLogger HTTP/1.1" 200 117
117.24.53.13 - - [14/Jan/2026:10:13:21 +0800] "GET /InternetTrading/jquery/wait.gif HTTP/1.1" 200 432
117.24.53.13 - - [14/Jan/2026:10:13:21 +0800] "POST /InternetTrading/Portfolio HTTP/1.1" 200 4453
119.136.153.148 - - [14/Jan/2026:10:13:21 +0800] "POST /InternetTrading/SessionErrorLogger HTTP/1.1" 200 117
119.136.153.148 - - [14/Jan/2026:10:13:21 +0800] "POST /InternetTrading/Heartbeat HTTP/1.1" 200 32
119.136.153.148 - - [14/Jan/2026:10:13:21 +0800] "POST /InternetTrading/SessionErrorLogger HTTP/1.1" 200 117
119.136.153.148 - - [14/Jan/2026:10:13:21 +0800] "POST /InternetTrading/MarketStatus HTTP/1.1" 200 772
119.136.153.148 - - [14/Jan/2026:10:13:22 +0800] "GET /InternetTrading/longpoll/51803?X-Atmosphere-tracking-id=0&X-Atmosphere-Framework=2.2.3-javascript&X-Atmosphere-Transport=long-polling&X-Atmosphere-TrackMessageSize=true&Content-Type=charset%3Dutf-8&X-atmo-protocol=true&_=1768357077506 HTTP/1.1" 200 -
203.184.201.173 - - [14/Jan/2026:10:13:23 +0800] "GET /InternetTrading/longpoll/56419?X-Atmosphere-tracking-id=0&X-Atmosphere-Framework=2.2.3-javascript&X-Atmosphere-Transport=long-polling&X-Atmosphere-TrackMessageSize=true&Content-Type=charset%3Dutf-8&X-atmo-protocol=true&_=1768357076257 HTTP/1.1" 200 -
14.0.158.118 - - [14/Jan/2026:10:13:23 +0800] "GET /InternetTrading/longpoll/A8127?X-Atmosphere-tracking-id=0&X-Atmosphere-Framework=2.2.3-javascript&X-Atmosphere-Transport=long-polling&X-Atmosphere-TrackMessageSize=true&Content-Type=charset%3Dutf-8&X-atmo-protocol=true&_=1768357078456 HTTP/1.1" 200 -
203.160.80.124 - - [14/Jan/2026:10:13:24 +0800] "GET /InternetTrading/longpoll/51776?X-Atmosphere-tracking-id=0&X-Atmosphere-Framework=2.2.3-javascript&X-Atmosphere-Transport=long-polling&X-Atmosphere-TrackMessageSize=true&Content-Type=charset%3Dutf-8&X-atmo-protocol=true&_=1768357078360 HTTP/1.1" 200 -
117.24.53.13 - - [14/Jan/2026:10:13:24 +0800] "GET /InternetTrading/longpoll/M8773?X-Atmosphere-tracking-id=0&X-Atmosphere-Framework=2.2.3-javascript&X-Atmosphere-Transport=long-polling&X-Atmosphere-TrackMessageSize=true&Content-Type=charset%3Dutf-8&X-atmo-protocol=true&_=1768357079213 HTTP/1.1" 200 -
14.0.158.118 - - [14/Jan/2026:10:13:28 +0800] "GET /InternetTrading/longpoll/A8127?X-Atmosphere-tracking-id=0&X-Atmosphere-Framework=2.2.3-javascript&X-Atmosphere-Transport=long-polling&X-Atmosphere-TrackMessageSize=true&Content-Type=charset%3Dutf-8&X-atmo-protocol=true&_=1768357083574 HTTP/1.1" 200 -
119.136.153.148 - - [14/Jan/2026:10:13:28 +0800] "GET /InternetTrading/longpoll/51803?X-Atmosphere-tracking-id=0&X-Atmosphere-Framework=2.2.3-javascript&X-Atmosphere-Transport=long-polling&X-Atmosphere-TrackMessageSize=true&Content-Type=charset%3Dutf-8&X-atmo-protocol=true&_=1768357083503 HTTP/1.1" 200 -
203.184.201.173 - - [14/Jan/2026:10:13:28 +0800] "GET /InternetTrading/longpoll/56419?X-Atmosphere-tracking-id=0&X-Atmosphere-Framework=2.2.3-javascript&X-Atmosphere-Transport=long-polling&X-Atmosphere-TrackMessageSize=true&Content-Type=charset%3Dutf-8&X-atmo-protocol=true&_=1768357083074 HTTP/1.1" 200 -
203.160.80.124 - - [14/Jan/2026:10:13:30 +0800] "GET /InternetTrading/longpoll/51776?X-Atmosphere-tracking-id=0&X-Atmosphere-Framework=2.2.3-javascript&X-Atmosphere-Transport=long-polling&X-Atmosphere-TrackMessageSize=true&Content-Type=charset%3Dutf-8&X-atmo-protocol=true&_=1768357083780 HTTP/1.1" 200 -
117.24.53.13 - - [14/Jan/2026:10:13:30 +0800] "GET /InternetTrading/longpoll/M8773?X-Atmosphere-tracking-id=0&X-Atmosphere-Framework=2.2.3-javascript&X-Atmosphere-Transport=long-polling&X-Atmosphere-TrackMessageSize=true&Content-Type=charset%3Dutf-8&X-atmo-protocol=true&_=1768357084986 HTTP/1.1" 200 -
203.160.80.124 - - [14/Jan/2026:10:13:31 +0800] "POST /InternetTrading/SessionErrorLogger HTTP/1.1" 200 117
203.160.80.124 - - [14/Jan/2026:10:13:31 +0800] "POST /InternetTrading/Heartbeat HTTP/1.1" 200 32
203.160.80.124 - - [14/Jan/2026:10:13:31 +0800] "POST /InternetTrading/SessionErrorLogger HTTP/1.1" 200 117
203.160.80.124 - - [14/Jan/2026:10:13:32 +0800] "POST /InternetTrading/MarketStatus HTTP/1.1" 200 772
14.0.158.118 - - [14/Jan/2026:10:13:33 +0800] "GET /InternetTrading/longpoll/A8127?X-Atmosphere-tracking-id=0&X-Atmosphere-Framework=2.2.3-javascript&X-Atmosphere-Transport=long-polling&X-Atmosphere-TrackMessageSize=true&Content-Type=charset%3Dutf-8&X-atmo-protocol=true&_=1768357088705 HTTP/1.1" 200 -
203.184.201.173 - - [14/Jan/2026:10:13:34 +0800] "GET /InternetTrading/longpoll/56419?X-Atmosphere-tracking-id=0&X-Atmosphere-Framework=2.2.3-javascript&X-Atmosphere-Transport=long-polling&X-Atmosphere-TrackMessageSize=true&Content-Type=charset%3Dutf-8&X-atmo-protocol=true&_=1768357088562 HTTP/1.1" 200 -
119.136.153.148 - - [14/Jan/2026:10:13:34 +0800] "GET /InternetTrading/longpoll/51803?X-Atmosphere-tracking-id=0&X-Atmosphere-Framework=2.2.3-javascript&X-Atmosphere-Transport=long-polling&X-Atmosphere-TrackMessageSize=true&Content-Type=charset%3Dutf-8&X-atmo-protocol=true&_=1768357089501 HTTP/1.1" 200 -
203.160.80.124 - - [14/Jan/2026:10:13:35 +0800] "GET /InternetTrading/longpoll/51776?X-Atmosphere-tracking-id=0&X-Atmosphere-Framework=2.2.3-javascript&X-Atmosphere-Transport=long-polling&X-Atmosphere-TrackMessageSize=true&Content-Type=charset%3Dutf-8&X-atmo-protocol=true&_=1768357089253 HTTP/1.1" 200 -
203.184.201.173 - - [14/Jan/2026:10:13:35 +0800] "POST /InternetTrading/SessionErrorLogger HTTP/1.1" 200 117
203.184.201.173 - - [14/Jan/2026:10:13:35 +0800] "POST /InternetTrading/Heartbeat HTTP/1.1" 200 32
117.24.53.13 - - [14/Jan/2026:10:13:36 +0800] "GET /InternetTrading/longpoll/M8773?X-Atmosphere-tracking-id=0&X-Atmosphere-Framework=2.2.3-javascript&X-Atmosphere-Transport=long-polling&X-Atmosphere-TrackMessageSize=true&Content-Type=charset%3Dutf-8&X-atmo-protocol=true&_=1768357090985 HTTP/1.1" 200 -
203.184.201.173 - - [14/Jan/2026:10:13:38 +0800] "POST /InternetTrading/SessionErrorLogger HTTP/1.1" 200 117
203.184.201.173 - - [14/Jan/2026:10:13:38 +0800] "POST /InternetTrading/MarketStatus HTTP/1.1" 200 772
14.0.158.118 - - [14/Jan/2026:10:13:38 +0800] "POST /InternetTrading/SessionErrorLogger HTTP/1.1" 200 117
14.0.158.118 - - [14/Jan/2026:10:13:39 +0800] "GET /InternetTrading/longpoll/A8127?X-Atmosphere-tracking-id=0&X-Atmosphere-Framework=2.2.3-javascript&X-Atmosphere-Transport=long-polling&X-Atmosphere-TrackMessageSize=true&Content-Type=charset%3Dutf-8&X-atmo-protocol=true&_=1768357094062 HTTP/1.1" 200 -
14.0.158.118 - - [14/Jan/2026:10:13:39 +0800] "POST /InternetTrading/Heartbeat HTTP/1.1" 200 32
203.184.201.173 - - [14/Jan/2026:10:13:39 +0800] "GET /InternetTrading/longpoll/56419?X-Atmosphere-tracking-id=0&X-Atmosphere-Framework=2.2.3-javascript&X-Atmosphere-Transport=long-polling&X-Atmosphere-TrackMessageSize=true&Content-Type=charset%3Dutf-8&X-atmo-protocol=true&_=1768357093634 HTTP/1.1" 200 -
14.0.158.118 - - [14/Jan/2026:10:13:39 +0800] "POST /InternetTrading/SessionErrorLogger HTTP/1.1" 200 117
14.0.158.118 - - [14/Jan/2026:10:13:39 +0800] "POST /InternetTrading/MarketStatus HTTP/1.1" 200 772
119.136.153.148 - - [14/Jan/2026:10:13:40 +0800] "GET /InternetTrading/longpoll/51803?X-Atmosphere-tracking-id=0&X-Atmosphere-Framework=2.2.3-javascript&X-Atmosphere-Transport=long-polling&X-Atmosphere-TrackMessageSize=true&Content-Type=charset%3Dutf-8&X-atmo-protocol=true&_=1768357095496 HTTP/1.1" 200 -
203.160.80.124 - - [14/Jan/2026:10:13:40 +0800] "GET /InternetTrading/longpoll/51776?X-Atmosphere-tracking-id=0&X-Atmosphere-Framework=2.2.3-javascript&X-Atmosphere-Transport=long-polling&X-Atmosphere-TrackMessageSize=true&Content-Type=charset%3Dutf-8&X-atmo-protocol=true&_=1768357094458 HTTP/1.1" 200 -
117.24.53.13 - - [14/Jan/2026:10:13:42 +0800] "GET /InternetTrading/longpoll/M8773?X-Atmosphere-tracking-id=0&X-Atmosphere-Framework=2.2.3-javascript&X-Atmosphere-Transport=long-polling&X-Atmosphere-TrackMessageSize=true&Content-Type=charset%3Dutf-8&X-atmo-protocol=true&_=1768357096986 HTTP/1.1" 200 -
14.0.158.118 - - [14/Jan/2026:10:13:44 +0800] "GET /InternetTrading/longpoll/A8127?X-Atmosphere-tracking-id=0&X-Atmosphere-Framework=2.2.3-javascript&X-Atmosphere-Transport=long-polling&X-Atmosphere-TrackMessageSize=true&Content-Type=charset%3Dutf-8&X-atmo-protocol=true&_=1768357099377 HTTP/1.1" 200 -
203.184.201.173 - - [14/Jan/2026:10:13:44 +0800] "GET /InternetTrading/longpoll/56419?X-Atmosphere-tracking-id=0&X-Atmosphere-Framework=2.2.3-javascript&X-Atmosphere-Transport=long-polling&X-Atmosphere-TrackMessageSize=true&Content-Type=charset%3Dutf-8&X-atmo-protocol=true&_=1768357098658 HTTP/1.1" 200 -
203.160.80.124 - - [14/Jan/2026:10:13:47 +0800] "GET /InternetTrading/longpoll/51776?X-Atmosphere-tracking-id=0&X-Atmosphere-Framework=2.2.3-javascript&X-Atmosphere-Transport=long-polling&X-Atmosphere-TrackMessageSize=true&Content-Type=charset%3Dutf-8&X-atmo-protocol=true&_=1768357100707 HTTP/1.1" 200 -
117.24.53.13 - - [14/Jan/2026:10:13:48 +0800] "POST /InternetTrading/SessionErrorLogger HTTP/1.1" 200 117
117.24.53.13 - - [14/Jan/2026:10:13:49 +0800] "POST /InternetTrading/Heartbeat HTTP/1.1" 200 32
117.24.53.13 - - [14/Jan/2026:10:13:49 +0800] "POST /InternetTrading/SessionErrorLogger HTTP/1.1" 200 117
117.24.53.13 - - [14/Jan/2026:10:13:49 +0800] "GET /InternetTrading/longpoll/M8773?X-Atmosphere-tracking-id=0&X-Atmosphere-Framework=2.2.3-javascript&X-Atmosphere-Transport=long-polling&X-Atmosphere-TrackMessageSize=true&Content-Type=charset%3Dutf-8&X-atmo-protocol=true&_=1768357103585 HTTP/1.1" 200 -
203.184.201.173 - - [14/Jan/2026:10:13:49 +0800] "GET /InternetTrading/longpoll/56419?X-Atmosphere-tracking-id=0&X-Atmosphere-Framework=2.2.3-javascript&X-Atmosphere-Transport=long-polling&X-Atmosphere-TrackMessageSize=true&Content-Type=charset%3Dutf-8&X-atmo-protocol=true&_=1768357103737 HTTP/1.1" 200 -
117.24.53.13 - - [14/Jan/2026:10:13:49 +0800] "POST /InternetTrading/MarketStatus HTTP/1.1" 200 772
14.0.158.118 - - [14/Jan/2026:10:13:49 +0800] "GET /InternetTrading/longpoll/A8127?X-Atmosphere-tracking-id=0&X-Atmosphere-Framework=2.2.3-javascript&X-Atmosphere-Transport=long-polling&X-Atmosphere-TrackMessageSize=true&Content-Type=charset%3Dutf-8&X-atmo-protocol=true&_=1768357104462 HTTP/1.1" 200 -
203.160.80.124 - - [14/Jan/2026:10:13:53 +0800] "GET /InternetTrading/longpoll/51776?X-Atmosphere-tracking-id=0&X-Atmosphere-Framework=2.2.3-javascript&X-Atmosphere-Transport=long-polling&X-Atmosphere-TrackMessageSize=true&Content-Type=charset%3Dutf-8&X-atmo-protocol=true&_=1768357106714 HTTP/1.1" 200 -
203.184.201.173 - - [14/Jan/2026:10:13:54 +0800] "GET /InternetTrading/longpoll/56419?X-Atmosphere-tracking-id=0&X-Atmosphere-Framework=2.2.3-javascript&X-Atmosphere-Transport=long-polling&X-Atmosphere-TrackMessageSize=true&Content-Type=charset%3Dutf-8&X-atmo-protocol=true&_=1768357108772 HTTP/1.1" 200 -
117.24.53.13 - - [14/Jan/2026:10:13:54 +0800] "GET /InternetTrading/longpoll/M8773?X-Atmosphere-tracking-id=0&X-Atmosphere-Framework=2.2.3-javascript&X-Atmosphere-Transport=long-polling&X-Atmosphere-TrackMessageSize=true&Content-Type=charset%3Dutf-8&X-atmo-protocol=true&_=1768357108986 HTTP/1.1" 200 -
14.0.158.118 - - [14/Jan/2026:10:13:54 +0800] "GET /InternetTrading/longpoll/A8127?X-Atmosphere-tracking-id=0&X-Atmosphere-Framework=2.2.3-javascript&X-Atmosphere-Transport=long-polling&X-Atmosphere-TrackMessageSize=true&Content-Type=charset%3Dutf-8&X-atmo-protocol=true&_=1768357109660 HTTP/1.1" 200 -
203.160.80.124 - - [14/Jan/2026:10:13:59 +0800] "GET /InternetTrading/longpoll/51776?X-Atmosphere-tracking-id=0&X-Atmosphere-Framework=2.2.3-javascript&X-Atmosphere-Transport=long-polling&X-Atmosphere-TrackMessageSize=true&Content-Type=charset%3Dutf-8&X-atmo-protocol=true&_=1768357112714 HTTP/1.1" 200 -
203.184.201.173 - - [14/Jan/2026:10:13:59 +0800] "GET /InternetTrading/longpoll/56419?X-Atmosphere-tracking-id=0&X-Atmosphere-Framework=2.2.3-javascript&X-Atmosphere-Transport=long-polling&X-Atmosphere-TrackMessageSize=true&Content-Type=charset%3Dutf-8&X-atmo-protocol=true&_=1768357113838 HTTP/1.1" 200 -
14.0.158.118 - - [14/Jan/2026:10:13:59 +0800] "GET /InternetTrading/longpoll/A8127?X-Atmosphere-tracking-id=0&X-Atmosphere-Framework=2.2.3-javascript&X-Atmosphere-Transport=long-polling&X-Atmosphere-TrackMessageSize=true&Content-Type=charset%3Dutf-8&X-atmo-protocol=true&_=1768357115072 HTTP/1.1" 200 -
117.24.53.13 - - [14/Jan/2026:10:14:00 +0800] "GET /InternetTrading/longpoll/M8773?X-Atmosphere-tracking-id=0&X-Atmosphere-Framework=2.2.3-javascript&X-Atmosphere-Transport=long-polling&X-Atmosphere-TrackMessageSize=true&Content-Type=charset%3Dutf-8&X-atmo-protocol=true&_=1768357114985 HTTP/1.1" 200 -
203.160.80.124 - - [14/Jan/2026:10:14:01 +0800] "POST /InternetTrading/SessionErrorLogger HTTP/1.1" 200 117
203.160.80.124 - - [14/Jan/2026:10:14:02 +0800] "POST /InternetTrading/Heartbeat HTTP/1.1" 200 32
