14.0.158.118 - - [14/Jan/2026:10:01:30 +0800] "GET /InternetTrading/longpoll/A8127?X-Atmosphere-tracking-id=0&X-Atmosphere-Framework=2.2.3-javascript&X-Atmosphere-Transport=long-polling&X-Atmosphere-TrackMessageSize=true&Content-Type=charset%3Dutf-8&X-atmo-protocol=true&_=1768356365068 HTTP/1.1" 200 -
135.119.96.21 - - [14/Jan/2026:10:01:31 +0800] "GET /developmentserver/metadatauploader HTTP/1.1" 404 196
203.184.201.173 - - [14/Jan/2026:10:01:32 +0800] "GET /InternetTrading/longpoll/56419?X-Atmosphere-tracking-id=0&X-Atmosphere-Framework=2.2.3-javascript&X-Atmosphere-Transport=long-polling&X-Atmosphere-TrackMessageSize=true&Content-Type=charset%3Dutf-8&X-atmo-protocol=true&_=1768356365718 HTTP/1.1" 200 -
203.160.80.124 - - [14/Jan/2026:10:01:32 +0800] "POST /InternetTrading/SessionErrorLogger HTTP/1.1" 200 117
203.160.80.124 - - [14/Jan/2026:10:01:32 +0800] "POST /InternetTrading/MarketStatus HTTP/1.1" 200 772
203.160.80.124 - - [14/Jan/2026:10:01:32 +0800] "GET /InternetTrading/longpoll/55136?X-Atmosphere-tracking-id=0&X-Atmosphere-Framework=2.2.3-javascript&X-Atmosphere-Transport=long-polling&X-Atmosphere-TrackMessageSize=true&Content-Type=charset%3Dutf-8&X-atmo-protocol=true&_=1768356366550 HTTP/1.1" 200 -
119.136.153.148 - - [14/Jan/2026:10:01:34 +0800] "GET /InternetTrading/longpoll/51803?X-Atmosphere-tracking-id=0&X-Atmosphere-Framework=2.2.3-javascript&X-Atmosphere-Transport=long-polling&X-Atmosphere-TrackMessageSize=true&Content-Type=charset%3Dutf-8&X-atmo-protocol=true&_=1768356368647 HTTP/1.1" 200 -
119.136.153.148 - - [14/Jan/2026:10:01:35 +0800] "POST /InternetTrading/SessionErrorLogger HTTP/1.1" 200 117
119.136.153.148 - - [14/Jan/2026:10:01:35 +0800] "POST /InternetTrading/Heartbeat HTTP/1.1" 200 32
119.136.153.148 - - [14/Jan/2026:10:01:35 +0800] "POST /InternetTrading/SessionErrorLogger HTTP/1.1" 200 117
119.136.153.148 - - [14/Jan/2026:10:01:35 +0800] "POST /InternetTrading/MarketStatus HTTP/1.1" 200 772
14.0.158.118 - - [14/Jan/2026:10:01:35 +0800] "GET /InternetTrading/longpoll/A8127?X-Atmosphere-tracking-id=0&X-Atmosphere-Framework=2.2.3-javascript&X-Atmosphere-Transport=long-polling&X-Atmosphere-TrackMessageSize=true&Content-Type=charset%3Dutf-8&X-atmo-protocol=true&_=1768356370469 HTTP/1.1" 200 -
117.24.53.13 - - [14/Jan/2026:10:01:35 +0800] "GET /InternetTrading/longpoll/M8773?X-Atmosphere-tracking-id=0&X-Atmosphere-Framework=2.2.3-javascript&X-Atmosphere-Transport=long-polling&X-Atmosphere-TrackMessageSize=true&Content-Type=charset%3Dutf-8&X-atmo-protocol=true&_=1768356369923 HTTP/1.1" 200 -
14.0.158.118 - - [14/Jan/2026:10:01:36 +0800] "POST /InternetTrading/SessionErrorLogger HTTP/1.1" 200 117
14.0.158.118 - - [14/Jan/2026:10:01:36 +0800] "POST /InternetTrading/Heartbeat HTTP/1.1" 200 32
14.0.158.118 - - [14/Jan/2026:10:01:36 +0800] "POST /InternetTrading/SessionErrorLogger HTTP/1.1" 200 117
14.0.158.118 - - [14/Jan/2026:10:01:36 +0800] "POST /InternetTrading/MarketStatus HTTP/1.1" 200 772
203.160.80.124 - - [14/Jan/2026:10:01:38 +0800] "GET /InternetTrading/longpoll/55136?X-Atmosphere-tracking-id=0&X-Atmosphere-Framework=2.2.3-javascript&X-Atmosphere-Transport=long-polling&X-Atmosphere-TrackMessageSize=true&Content-Type=charset%3Dutf-8&X-atmo-protocol=true&_=1768356371815 HTTP/1.1" 200 -
119.136.153.148 - - [14/Jan/2026:10:01:39 +0800] "GET /InternetTrading/longpoll/51803?X-Atmosphere-tracking-id=0&X-Atmosphere-Framework=2.2.3-javascript&X-Atmosphere-Transport=long-polling&X-Atmosphere-TrackMessageSize=true&Content-Type=charset%3Dutf-8&X-atmo-protocol=true&_=1768356373709 HTTP/1.1" 200 -
203.184.201.173 - - [14/Jan/2026:10:01:39 +0800] "GET /InternetTrading/longpoll/56419?X-Atmosphere-tracking-id=0&X-Atmosphere-Framework=2.2.3-javascript&X-Atmosphere-Transport=long-polling&X-Atmosphere-TrackMessageSize=true&Content-Type=charset%3Dutf-8&X-atmo-protocol=true&_=1768356371852 HTTP/1.1" 200 -
14.0.158.118 - - [14/Jan/2026:10:01:40 +0800] "GET /InternetTrading/longpoll/A8127?X-Atmosphere-tracking-id=0&X-Atmosphere-Framework=2.2.3-javascript&X-Atmosphere-Transport=long-polling&X-Atmosphere-TrackMessageSize=true&Content-Type=charset%3Dutf-8&X-atmo-protocol=true&_=1768356375664 HTTP/1.1" 200 -
117.24.53.13 - - [14/Jan/2026:10:01:41 +0800] "GET /InternetTrading/longpoll/M8773?X-Atmosphere-tracking-id=0&X-Atmosphere-Framework=2.2.3-javascript&X-Atmosphere-Transport=long-polling&X-Atmosphere-TrackMessageSize=true&Content-Type=charset%3Dutf-8&X-atmo-protocol=true&_=1768356375923 HTTP/1.1" 200 -
203.160.80.124 - - [14/Jan/2026:10:01:42 +0800] "POST /InternetTrading/SessionErrorLogger HTTP/1.1" 200 117
203.160.80.124 - - [14/Jan/2026:10:01:43 +0800] "POST /InternetTrading/Product HTTP/1.1" 200 318
203.160.80.124 - - [14/Jan/2026:10:01:43 +0800] "GET /InternetTrading/longpoll/55136?X-Atmosphere-tracking-id=0&X-Atmosphere-Framework=2.2.3-javascript&X-Atmosphere-Transport=long-polling&X-Atmosphere-TrackMessageSize=true&Content-Type=charset%3Dutf-8&X-atmo-protocol=true&_=1768356377031 HTTP/1.1" 200 -
119.136.153.148 - - [14/Jan/2026:10:01:44 +0800] "GET /InternetTrading/longpoll/51803?X-Atmosphere-tracking-id=0&X-Atmosphere-Framework=2.2.3-javascript&X-Atmosphere-Transport=long-polling&X-Atmosphere-TrackMessageSize=true&Content-Type=charset%3Dutf-8&X-atmo-protocol=true&_=1768356378740 HTTP/1.1" 200 -
203.160.80.124 - - [14/Jan/2026:10:01:44 +0800] "POST /InternetTrading/SessionErrorLogger HTTP/1.1" 200 117
203.160.80.124 - - [14/Jan/2026:10:01:45 +0800] "POST /InternetTrading/Heartbeat HTTP/1.1" 200 32
14.0.158.118 - - [14/Jan/2026:10:01:45 +0800] "GET /InternetTrading/longpoll/A8127?X-Atmosphere-tracking-id=0&X-Atmosphere-Framework=2.2.3-javascript&X-Atmosphere-Transport=long-polling&X-Atmosphere-TrackMessageSize=true&Content-Type=charset%3Dutf-8&X-atmo-protocol=true&_=1768356380811 HTTP/1.1" 200 -
203.184.201.173 - - [14/Jan/2026:10:01:45 +0800] "GET /InternetTrading/longpoll/56419?X-Atmosphere-tracking-id=0&X-Atmosphere-Framework=2.2.3-javascript&X-Atmosphere-Transport=long-polling&X-Atmosphere-TrackMessageSize=true&Content-Type=charset%3Dutf-8&X-atmo-protocol=true&_=1768356379421 HTTP/1.1" 200 -
117.24.53.13 - - [14/Jan/2026:10:01:47 +0800] "GET /InternetTrading/longpoll/M8773?X-Atmosphere-tracking-id=0&X-Atmosphere-Framework=2.2.3-javascript&X-Atmosphere-Transport=long-polling&X-Atmosphere-TrackMessageSize=true&Content-Type=charset%3Dutf-8&X-atmo-protocol=true&_=1768356381922 HTTP/1.1" 200 -
203.160.80.124 - - [14/Jan/2026:10:01:48 +0800] "GET /InternetTrading/longpoll/55136?X-Atmosphere-tracking-id=0&X-Atmosphere-Framework=2.2.3-javascript&X-Atmosphere-Transport=long-polling&X-Atmosphere-TrackMessageSize=true&Content-Type=charset%3Dutf-8&X-atmo-protocol=true&_=1768356382216 HTTP/1.1" 200 -
119.136.153.148 - - [14/Jan/2026:10:01:49 +0800] "GET /InternetTrading/longpoll/51803?X-Atmosphere-tracking-id=0&X-Atmosphere-Framework=2.2.3-javascript&X-Atmosphere-Transport=long-polling&X-Atmosphere-TrackMessageSize=true&Content-Type=charset%3Dutf-8&X-atmo-protocol=true&_=1768356383805 HTTP/1.1" 200 -
14.0.158.118 - - [14/Jan/2026:10:01:50 +0800] "GET /InternetTrading/longpoll/A8127?X-Atmosphere-tracking-id=0&X-Atmosphere-Framework=2.2.3-javascript&X-Atmosphere-Transport=long-polling&X-Atmosphere-TrackMessageSize=true&Content-Type=charset%3Dutf-8&X-atmo-protocol=true&_=1768356386055 HTTP/1.1" 200 -
203.184.201.173 - - [14/Jan/2026:10:01:52 +0800] "POST /InternetTrading/SessionErrorLogger HTTP/1.1" 200 117
203.184.201.173 - - [14/Jan/2026:10:01:53 +0800] "GET /InternetTrading/longpoll/56419?X-Atmosphere-tracking-id=0&X-Atmosphere-Framework=2.2.3-javascript&X-Atmosphere-Transport=long-polling&X-Atmosphere-TrackMessageSize=true&Content-Type=charset%3Dutf-8&X-atmo-protocol=true&_=1768356385557 HTTP/1.1" 200 -
203.160.80.124 - - [14/Jan/2026:10:01:53 +0800] "GET /InternetTrading/longpoll/55136?X-Atmosphere-tracking-id=0&X-Atmosphere-Framework=2.2.3-javascript&X-Atmosphere-Transport=long-polling&X-Atmosphere-TrackMessageSize=true&Content-Type=charset%3Dutf-8&X-atmo-protocol=true&_=1768356387392 HTTP/1.1" 200 -
117.24.53.13 - - [14/Jan/2026:10:01:53 +0800] "GET /InternetTrading/longpoll/M8773?X-Atmosphere-tracking-id=0&X-Atmosphere-Framework=2.2.3-javascript&X-Atmosphere-Transport=long-polling&X-Atmosphere-TrackMessageSize=true&Content-Type=charset%3Dutf-8&X-atmo-protocol=true&_=1768356387927 HTTP/1.1" 200 -
203.184.201.173 - - [14/Jan/2026:10:01:53 +0800] "POST /InternetTrading/SessionErrorLogger HTTP/1.1" 200 117
203.184.201.173 - - [14/Jan/2026:10:01:53 +0800] "POST /InternetTrading/Heartbeat HTTP/1.1" 200 32
119.136.153.148 - - [14/Jan/2026:10:01:54 +0800] "GET /InternetTrading/longpoll/51803?X-Atmosphere-tracking-id=0&X-Atmosphere-Framework=2.2.3-javascript&X-Atmosphere-Transport=long-polling&X-Atmosphere-TrackMessageSize=true&Content-Type=charset%3Dutf-8&X-atmo-protocol=true&_=1768356388861 HTTP/1.1" 200 -
203.184.201.173 - - [14/Jan/2026:10:01:54 +0800] "POST /InternetTrading/MarketStatus HTTP/1.1" 200 772
14.0.158.118 - - [14/Jan/2026:10:01:56 +0800] "GET /InternetTrading/longpoll/A8127?X-Atmosphere-tracking-id=0&X-Atmosphere-Framework=2.2.3-javascript&X-Atmosphere-Transport=long-polling&X-Atmosphere-TrackMessageSize=true&Content-Type=charset%3Dutf-8&X-atmo-protocol=true&_=1768356391246 HTTP/1.1" 200 -
203.160.80.124 - - [14/Jan/2026:10:01:59 +0800] "GET /InternetTrading/longpoll/55136?X-Atmosphere-tracking-id=0&X-Atmosphere-Framework=2.2.3-javascript&X-Atmosphere-Transport=long-polling&X-Atmosphere-TrackMessageSize=true&Content-Type=charset%3Dutf-8&X-atmo-protocol=true&_=1768356392569 HTTP/1.1" 200 -
119.136.153.148 - - [14/Jan/2026:10:01:59 +0800] "GET /InternetTrading/longpoll/51803?X-Atmosphere-tracking-id=0&X-Atmosphere-Framework=2.2.3-javascript&X-Atmosphere-Transport=long-polling&X-Atmosphere-TrackMessageSize=true&Content-Type=charset%3Dutf-8&X-atmo-protocol=true&_=1768356393890 HTTP/1.1" 200 -
203.184.201.173 - - [14/Jan/2026:10:01:59 +0800] "GET /InternetTrading/longpoll/56419?X-Atmosphere-tracking-id=0&X-Atmosphere-Framework=2.2.3-javascript&X-Atmosphere-Transport=long-polling&X-Atmosphere-TrackMessageSize=true&Content-Type=charset%3Dutf-8&X-atmo-protocol=true&_=1768356393731 HTTP/1.1" 200 -
117.24.53.13 - - [14/Jan/2026:10:01:59 +0800] "GET /InternetTrading/longpoll/M8773?X-Atmosphere-tracking-id=0&X-Atmosphere-Framework=2.2.3-javascript&X-Atmosphere-Transport=long-polling&X-Atmosphere-TrackMessageSize=true&Content-Type=charset%3Dutf-8&X-atmo-protocol=true&_=1768356393928 HTTP/1.1" 200 -
14.0.158.118 - - [14/Jan/2026:10:02:01 +0800] "GET /InternetTrading/longpoll/A8127?X-Atmosphere-tracking-id=0&X-Atmosphere-Framework=2.2.3-javascript&X-Atmosphere-Transport=long-polling&X-Atmosphere-TrackMessageSize=true&Content-Type=charset%3Dutf-8&X-atmo-protocol=true&_=1768356396631 HTTP/1.1" 200 -
203.160.80.124 - - [14/Jan/2026:10:02:02 +0800] "POST /InternetTrading/SessionErrorLogger HTTP/1.1" 200 117
203.160.80.124 - - [14/Jan/2026:10:02:02 +0800] "POST /InternetTrading/MarketStatus HTTP/1.1" 200 772
203.160.80.124 - - [14/Jan/2026:10:02:04 +0800] "GET /InternetTrading/longpoll/55136?X-Atmosphere-tracking-id=0&X-Atmosphere-Framework=2.2.3-javascript&X-Atmosphere-Transport=long-polling&X-Atmosphere-TrackMessageSize=true&Content-Type=charset%3Dutf-8&X-atmo-protocol=true&_=1768356398025 HTTP/1.1" 200 -
119.136.153.148 - - [14/Jan/2026:10:02:04 +0800] "GET /InternetTrading/longpoll/51803?X-Atmosphere-tracking-id=0&X-Atmosphere-Framework=2.2.3-javascript&X-Atmosphere-Transport=long-polling&X-Atmosphere-TrackMessageSize=true&Content-Type=charset%3Dutf-8&X-atmo-protocol=true&_=1768356398949 HTTP/1.1" 200 -
203.184.201.173 - - [14/Jan/2026:10:02:04 +0800] "GET /InternetTrading/longpoll/56419?X-Atmosphere-tracking-id=0&X-Atmosphere-Framework=2.2.3-javascript&X-Atmosphere-Transport=long-polling&X-Atmosphere-TrackMessageSize=true&Content-Type=charset%3Dutf-8&X-atmo-protocol=true&_=1768356399306 HTTP/1.1" 200 -
119.136.153.148 - - [14/Jan/2026:10:02:05 +0800] "POST /InternetTrading/SessionErrorLogger HTTP/1.1" 200 117
119.136.153.148 - - [14/Jan/2026:10:02:05 +0800] "POST /InternetTrading/Heartbeat HTTP/1.1" 200 32
119.136.153.148 - - [14/Jan/2026:10:02:05 +0800] "POST /InternetTrading/SessionErrorLogger HTTP/1.1" 200 117
119.136.153.148 - - [14/Jan/2026:10:02:05 +0800] "POST /InternetTrading/MarketStatus HTTP/1.1" 200 772
117.24.53.13 - - [14/Jan/2026:10:02:05 +0800] "GET /InternetTrading/longpoll/M8773?X-Atmosphere-tracking-id=0&X-Atmosphere-Framework=2.2.3-javascript&X-Atmosphere-Transport=long-polling&X-Atmosphere-TrackMessageSize=true&Content-Type=charset%3Dutf-8&X-atmo-protocol=true&_=1768356399927 HTTP/1.1" 200 -
14.0.158.118 - - [14/Jan/2026:10:02:06 +0800] "POST /InternetTrading/SessionErrorLogger HTTP/1.1" 200 117
14.0.158.118 - - [14/Jan/2026:10:02:06 +0800] "POST /InternetTrading/Heartbeat HTTP/1.1" 200 32
14.0.158.118 - - [14/Jan/2026:10:02:06 +0800] "GET /InternetTrading/longpoll/A8127?X-Atmosphere-tracking-id=0&X-Atmosphere-Framework=2.2.3-javascript&X-Atmosphere-Transport=long-polling&X-Atmosphere-TrackMessageSize=true&Content-Type=charset%3Dutf-8&X-atmo-protocol=true&_=1768356401804 HTTP/1.1" 200 -
14.0.158.118 - - [14/Jan/2026:10:02:06 +0800] "POST /InternetTrading/SessionErrorLogger HTTP/1.1" 200 117
14.0.158.118 - - [14/Jan/2026:10:02:06 +0800] "POST /InternetTrading/MarketStatus HTTP/1.1" 200 772
119.136.153.148 - - [14/Jan/2026:10:02:09 +0800] "GET /InternetTrading/longpoll/51803?X-Atmosphere-tracking-id=0&X-Atmosphere-Framework=2.2.3-javascript&X-Atmosphere-Transport=long-polling&X-Atmosphere-TrackMessageSize=true&Content-Type=charset%3Dutf-8&X-atmo-protocol=true&_=1768356404013 HTTP/1.1" 200 -
203.160.80.124 - - [14/Jan/2026:10:02:09 +0800] "POST /InternetTrading/SessionErrorLogger HTTP/1.1" 200 117
203.160.80.124 - - [14/Jan/2026:10:02:09 +0800] "GET /InternetTrading/longpoll/55136?X-Atmosphere-tracking-id=0&X-Atmosphere-Framework=2.2.3-javascript&X-Atmosphere-Transport=long-polling&X-Atmosphere-TrackMessageSize=true&Content-Type=charset%3Dutf-8&X-atmo-protocol=true&_=1768356403228 HTTP/1.1" 200 -
203.160.80.124 - - [14/Jan/2026:10:02:09 +0800] "POST /InternetTrading/OrderMaxQuantity HTTP/1.1" 200 8
203.184.201.173 - - [14/Jan/2026:10:02:10 +0800] "GET /InternetTrading/longpoll/56419?X-Atmosphere-tracking-id=0&X-Atmosphere-Framework=2.2.3-javascript&X-Atmosphere-Transport=long-polling&X-Atmosphere-TrackMessageSize=true&Content-Type=charset%3Dutf-8&X-atmo-protocol=true&_=1768356404698 HTTP/1.1" 200 -
117.24.53.13 - - [14/Jan/2026:10:02:11 +0800] "GET /InternetTrading/longpoll/M8773?X-Atmosphere-tracking-id=0&X-Atmosphere-Framework=2.2.3-javascript&X-Atmosphere-Transport=long-polling&X-Atmosphere-TrackMessageSize=true&Content-Type=charset%3Dutf-8&X-atmo-protocol=true&_=1768356405928 HTTP/1.1" 200 -
14.0.158.118 - - [14/Jan/2026:10:02:11 +0800] "GET /InternetTrading/longpoll/A8127?X-Atmosphere-tracking-id=0&X-Atmosphere-Framework=2.2.3-javascript&X-Atmosphere-Transport=long-polling&X-Atmosphere-TrackMessageSize=true&Content-Type=charset%3Dutf-8&X-atmo-protocol=true&_=1768356406934 HTTP/1.1" 200 -
119.136.153.148 - - [14/Jan/2026:10:02:14 +0800] "GET /InternetTrading/longpoll/51803?X-Atmosphere-tracking-id=0&X-Atmosphere-Framework=2.2.3-javascript&X-Atmosphere-Transport=long-polling&X-Atmosphere-TrackMessageSize=true&Content-Type=charset%3Dutf-8&X-atmo-protocol=true&_=1768356409037 HTTP/1.1" 200 -
203.160.80.124 - - [14/Jan/2026:10:02:15 +0800] "POST /InternetTrading/SessionErrorLogger HTTP/1.1" 200 117
203.160.80.124 - - [14/Jan/2026:10:02:15 +0800] "GET /InternetTrading/longpoll/55136?X-Atmosphere-tracking-id=0&X-Atmosphere-Framework=2.2.3-javascript&X-Atmosphere-Transport=long-polling&X-Atmosphere-TrackMessageSize=true&Content-Type=charset%3Dutf-8&X-atmo-protocol=true&_=1768356408699 HTTP/1.1" 200 -
203.160.80.124 - - [14/Jan/2026:10:02:15 +0800] "POST /InternetTrading/Heartbeat HTTP/1.1" 200 32
14.0.158.118 - - [14/Jan/2026:10:02:16 +0800] "GET /InternetTrading/longpoll/A8127?X-Atmosphere-tracking-id=0&X-Atmosphere-Framework=2.2.3-javascript&X-Atmosphere-Transport=long-polling&X-Atmosphere-TrackMessageSize=true&Content-Type=charset%3Dutf-8&X-atmo-protocol=true&_=1768356412058 HTTP/1.1" 200 -
117.24.53.13 - - [14/Jan/2026:10:02:17 +0800] "POST /InternetTrading/SessionErrorLogger HTTP/1.1" 200 117
117.24.53.13 - - [14/Jan/2026:10:02:17 +0800] "POST /InternetTrading/MarketStatus HTTP/1.1" 200 772
117.24.53.13 - - [14/Jan/2026:10:02:17 +0800] "POST /InternetTrading/SessionErrorLogger HTTP/1.1" 200 117
117.24.53.13 - - [14/Jan/2026:10:02:17 +0800] "POST /InternetTrading/Heartbeat HTTP/1.1" 200 32
117.24.53.13 - - [14/Jan/2026:10:02:17 +0800] "GET /InternetTrading/longpoll/M8773?X-Atmosphere-tracking-id=0&X-Atmosphere-Framework=2.2.3-javascript&X-Atmosphere-Transport=long-polling&X-Atmosphere-TrackMessageSize=true&Content-Type=charset%3Dutf-8&X-atmo-protocol=true&_=1768356412188 HTTP/1.1" 200 -
203.184.201.173 - - [14/Jan/2026:10:02:18 +0800] "GET /InternetTrading/longpoll/56419?X-Atmosphere-tracking-id=0&X-Atmosphere-Framework=2.2.3-javascript&X-Atmosphere-Transport=long-polling&X-Atmosphere-TrackMessageSize=true&Content-Type=charset%3Dutf-8&X-atmo-protocol=true&_=1768356410027 HTTP/1.1" 200 -
119.136.153.148 - - [14/Jan/2026:10:02:19 +0800] "GET /InternetTrading/longpoll/51803?X-Atmosphere-tracking-id=0&X-Atmosphere-Framework=2.2.3-javascript&X-Atmosphere-Transport=long-polling&X-Atmosphere-TrackMessageSize=true&Content-Type=charset%3Dutf-8&X-atmo-protocol=true&_=1768356414075 HTTP/1.1" 200 -
203.160.80.124 - - [14/Jan/2026:10:02:19 +0800] "POST /InternetTrading/SessionErrorLogger HTTP/1.1" 200 117
203.160.80.124 - - [14/Jan/2026:10:02:19 +0800] "POST /InternetTrading/LoginKey HTTP/1.1" 200 -
203.160.80.124 - - [14/Jan/2026:10:02:19 +0800] "GET /InternetTrading/jquery/wait.gif HTTP/1.1" 200 432
203.160.80.124 - - [14/Jan/2026:10:02:19 +0800] "POST /InternetTrading/PreOrder HTTP/1.1" 200 1225
203.160.80.124 - - [14/Jan/2026:10:02:20 +0800] "GET /InternetTrading/longpoll/55136?X-Atmosphere-tracking-id=0&X-Atmosphere-Framework=2.2.3-javascript&X-Atmosphere-Transport=long-polling&X-Atmosphere-TrackMessageSize=true&Content-Type=charset%3Dutf-8&X-atmo-protocol=true&_=1768356414382 HTTP/1.1" 200 -
14.0.158.118 - - [14/Jan/2026:10:02:22 +0800] "GET /InternetTrading/longpoll/A8127?X-Atmosphere-tracking-id=0&X-Atmosphere-Framework=2.2.3-javascript&X-Atmosphere-Transport=long-polling&X-Atmosphere-TrackMessageSize=true&Content-Type=charset%3Dutf-8&X-atmo-protocol=true&_=1768356417171 HTTP/1.1" 200 -
203.160.80.124 - - [14/Jan/2026:10:02:22 +0800] "POST /InternetTrading/SessionErrorLogger HTTP/1.1" 200 117
203.160.80.124 - - [14/Jan/2026:10:02:22 +0800] "GET /InternetTrading/Csrf?url=/Order HTTP/1.1" 200 126
203.160.80.124 - - [14/Jan/2026:10:02:22 +0800] "POST /InternetTrading/SessionErrorLogger HTTP/1.1" 200 117
203.160.80.124 - - [14/Jan/2026:10:02:22 +0800] "POST /InternetTrading/LoginKey HTTP/1.1" 200 -
203.160.80.124 - - [14/Jan/2026:10:02:22 +0800] "POST /InternetTrading/SessionErrorLogger HTTP/1.1" 200 117
203.184.201.173 - - [14/Jan/2026:10:02:22 +0800] "POST /InternetTrading/SessionErrorLogger HTTP/1.1" 200 117
203.160.80.124 - - [14/Jan/2026:10:02:22 +0800] "POST /InternetTrading/Order?csrf_nonce=3C124A33666268A926A195DCE536BE93 HTTP/1.1" 200 1019
203.160.80.124 - - [14/Jan/2026:10:02:23 +0800] "POST /InternetTrading/SessionErrorLogger HTTP/1.1" 200 117
203.184.201.173 - - [14/Jan/2026:10:02:23 +0800] "POST /InternetTrading/Heartbeat HTTP/1.1" 200 32
203.160.80.124 - - [14/Jan/2026:10:02:23 +0800] "GET /InternetTrading/tc/buy_ticket.html? HTTP/1.1" 200 1995
203.160.80.124 - - [14/Jan/2026:10:02:23 +0800] "POST /InternetTrading/SessionErrorLogger HTTP/1.1" 200 117
117.24.53.13 - - [14/Jan/2026:10:02:23 +0800] "GET /InternetTrading/longpoll/M8773?X-Atmosphere-tracking-id=0&X-Atmosphere-Framework=2.2.3-javascript&X-Atmosphere-Transport=long-polling&X-Atmosphere-TrackMessageSize=true&Content-Type=charset%3Dutf-8&X-atmo-protocol=true&_=1768356417928 HTTP/1.1" 200 -
203.160.80.124 - - [14/Jan/2026:10:02:23 +0800] "POST /InternetTrading/SessionErrorLogger HTTP/1.1" 200 117
203.160.80.124 - - [14/Jan/2026:10:02:23 +0800] "POST /InternetTrading/MarketStatus HTTP/1.1" 200 772
203.160.80.124 - - [14/Jan/2026:10:02:23 +0800] "POST /InternetTrading/MarketStatus HTTP/1.1" 200 772
203.184.201.173 - - [14/Jan/2026:10:02:24 +0800] "GET /InternetTrading/longpoll/56419?X-Atmosphere-tracking-id=0&X-Atmosphere-Framework=2.2.3-javascript&X-Atmosphere-Transport=long-polling&X-Atmosphere-TrackMessageSize=true&Content-Type=charset%3Dutf-8&X-atmo-protocol=true&_=1768356418411 HTTP/1.1" 200 -
119.136.153.148 - - [14/Jan/2026:10:02:24 +0800] "GET /InternetTrading/longpoll/51803?X-Atmosphere-tracking-id=0&X-Atmosphere-Framework=2.2.3-javascript&X-Atmosphere-Transport=long-polling&X-Atmosphere-TrackMessageSize=true&Content-Type=charset%3Dutf-8&X-atmo-protocol=true&_=1768356419106 HTTP/1.1" 200 -
203.184.201.173 - - [14/Jan/2026:10:02:24 +0800] "POST /InternetTrading/SessionErrorLogger HTTP/1.1" 200 117
203.160.80.124 - - [14/Jan/2026:10:02:25 +0800] "GET /InternetTrading/jquery/wait.gif HTTP/1.1" 200 432
203.160.80.124 - - [14/Jan/2026:10:02:25 +0800] "POST /InternetTrading/SessionErrorLogger HTTP/1.1" 200 117
203.160.80.124 - - [14/Jan/2026:10:02:25 +0800] "POST /InternetTrading/Orderbook HTTP/1.1" 200 1705
203.184.201.173 - - [14/Jan/2026:10:02:25 +0800] "POST /InternetTrading/MarketStatus HTTP/1.1" 200 772
203.160.80.124 - - [14/Jan/2026:10:02:25 +0800] "GET /InternetTrading/longpoll/55136?X-Atmosphere-tracking-id=0&X-Atmosphere-Framework=2.2.3-javascript&X-Atmosphere-Transport=long-polling&X-Atmosphere-TrackMessageSize=true&Content-Type=charset%3Dutf-8&X-atmo-protocol=true&_=1768356419729 HTTP/1.1" 200 -
14.0.158.118 - - [14/Jan/2026:10:02:27 +0800] "GET /InternetTrading/longpoll/A8127?X-Atmosphere-tracking-id=0&X-Atmosphere-Framework=2.2.3-javascript&X-Atmosphere-Transport=long-polling&X-Atmosphere-TrackMessageSize=true&Content-Type=charset%3Dutf-8&X-atmo-protocol=true&_=1768356422482 HTTP/1.1" 200 -
203.160.80.124 - - [14/Jan/2026:10:02:28 +0800] "GET /InternetTrading/jquery/wait.gif HTTP/1.1" 200 432
203.160.80.124 - - [14/Jan/2026:10:02:28 +0800] "POST /InternetTrading/SessionErrorLogger HTTP/1.1" 200 117
203.160.80.124 - - [14/Jan/2026:10:02:28 +0800] "POST /InternetTrading/Portfolio HTTP/1.1" 200 1954
119.136.153.148 - - [14/Jan/2026:10:02:29 +0800] "GET /InternetTrading/longpoll/51803?X-Atmosphere-tracking-id=0&X-Atmosphere-Framework=2.2.3-javascript&X-Atmosphere-Transport=long-polling&X-Atmosphere-TrackMessageSize=true&Content-Type=charset%3Dutf-8&X-atmo-protocol=true&_=1768356424167 HTTP/1.1" 200 -
117.24.53.13 - - [14/Jan/2026:10:02:29 +0800] "GET /InternetTrading/longpoll/M8773?X-Atmosphere-tracking-id=0&X-Atmosphere-Framework=2.2.3-javascript&X-Atmosphere-Transport=long-polling&X-Atmosphere-TrackMessageSize=true&Content-Type=charset%3Dutf-8&X-atmo-protocol=true&_=1768356423927 HTTP/1.1" 200 -
203.160.80.124 - - [14/Jan/2026:10:02:31 +0800] "GET /InternetTrading/longpoll/55136?X-Atmosphere-tracking-id=0&X-Atmosphere-Framework=2.2.3-javascript&X-Atmosphere-Transport=long-polling&X-Atmosphere-TrackMessageSize=true&Content-Type=charset%3Dutf-8&X-atmo-protocol=true&_=1768356424951 HTTP/1.1" 200 -
203.184.201.173 - - [14/Jan/2026:10:02:31 +0800] "GET /InternetTrading/longpoll/56419?X-Atmosphere-tracking-id=0&X-Atmosphere-Framework=2.2.3-javascript&X-Atmosphere-Transport=long-polling&X-Atmosphere-TrackMessageSize=true&Content-Type=charset%3Dutf-8&X-atmo-protocol=true&_=1768356424943 HTTP/1.1" 200 -
14.0.158.118 - - [14/Jan/2026:10:02:32 +0800] "GET /InternetTrading/longpoll/A8127?X-Atmosphere-tracking-id=0&X-Atmosphere-Framework=2.2.3-javascript&X-Atmosphere-Transport=long-polling&X-Atmosphere-TrackMessageSize=true&Content-Type=charset%3Dutf-8&X-atmo-protocol=true&_=1768356427668 HTTP/1.1" 200 -
119.136.153.148 - - [14/Jan/2026:10:02:34 +0800] "GET /InternetTrading/longpoll/51803?X-Atmosphere-tracking-id=0&X-Atmosphere-Framework=2.2.3-javascript&X-Atmosphere-Transport=long-polling&X-Atmosphere-TrackMessageSize=true&Content-Type=charset%3Dutf-8&X-atmo-protocol=true&_=1768356429197 HTTP/1.1" 200 -
119.136.153.148 - - [14/Jan/2026:10:02:35 +0800] "POST /InternetTrading/SessionErrorLogger HTTP/1.1" 200 117
119.136.153.148 - - [14/Jan/2026:10:02:35 +0800] "POST /InternetTrading/Heartbeat HTTP/1.1" 200 32
119.136.153.148 - - [14/Jan/2026:10:02:35 +0800] "POST /InternetTrading/SessionErrorLogger HTTP/1.1" 200 117
119.136.153.148 - - [14/Jan/2026:10:02:35 +0800] "POST /InternetTrading/MarketStatus HTTP/1.1" 200 772
117.24.53.13 - - [14/Jan/2026:10:02:35 +0800] "GET /InternetTrading/longpoll/M8773?X-Atmosphere-tracking-id=0&X-Atmosphere-Framework=2.2.3-javascript&X-Atmosphere-Transport=long-polling&X-Atmosphere-TrackMessageSize=true&Content-Type=charset%3Dutf-8&X-atmo-protocol=true&_=1768356429928 HTTP/1.1" 200 -
14.0.158.118 - - [14/Jan/2026:10:02:36 +0800] "POST /InternetTrading/SessionErrorLogger HTTP/1.1" 200 117
203.160.80.124 - - [14/Jan/2026:10:02:36 +0800] "GET /InternetTrading/longpoll/55136?X-Atmosphere-tracking-id=0&X-Atmosphere-Framework=2.2.3-javascript&X-Atmosphere-Transport=long-polling&X-Atmosphere-TrackMessageSize=true&Content-Type=charset%3Dutf-8&X-atmo-protocol=true&_=1768356430096 HTTP/1.1" 200 -
14.0.158.118 - - [14/Jan/2026:10:02:36 +0800] "POST /InternetTrading/Heartbeat HTTP/1.1" 200 32
14.0.158.118 - - [14/Jan/2026:10:02:36 +0800] "POST /InternetTrading/SessionErrorLogger HTTP/1.1" 200 117
14.0.158.118 - - [14/Jan/2026:10:02:36 +0800] "POST /InternetTrading/MarketStatus HTTP/1.1" 200 772
14.0.158.118 - - [14/Jan/2026:10:02:37 +0800] "GET /InternetTrading/longpoll/A8127?X-Atmosphere-tracking-id=0&X-Atmosphere-Framework=2.2.3-javascript&X-Atmosphere-Transport=long-polling&X-Atmosphere-TrackMessageSize=true&Content-Type=charset%3Dutf-8&X-atmo-protocol=true&_=1768356432879 HTTP/1.1" 200 -
203.184.201.173 - - [14/Jan/2026:10:02:39 +0800] "GET /InternetTrading/longpoll/56419?X-Atmosphere-tracking-id=0&X-Atmosphere-Framework=2.2.3-javascript&X-Atmosphere-Transport=long-polling&X-Atmosphere-TrackMessageSize=true&Content-Type=charset%3Dutf-8&X-atmo-protocol=true&_=1768356431658 HTTP/1.1" 200 -
119.136.153.148 - - [14/Jan/2026:10:02:39 +0800] "GET /InternetTrading/longpoll/51803?X-Atmosphere-tracking-id=0&X-Atmosphere-Framework=2.2.3-javascript&X-Atmosphere-Transport=long-polling&X-Atmosphere-TrackMessageSize=true&Content-Type=charset%3Dutf-8&X-atmo-protocol=true&_=1768356434256 HTTP/1.1" 200 -
117.24.53.13 - - [14/Jan/2026:10:02:41 +0800] "GET /InternetTrading/longpoll/M8773?X-Atmosphere-tracking-id=0&X-Atmosphere-Framework=2.2.3-javascript&X-Atmosphere-Transport=long-polling&X-Atmosphere-TrackMessageSize=true&Content-Type=charset%3Dutf-8&X-atmo-protocol=true&_=1768356435927 HTTP/1.1" 200 -
203.160.80.124 - - [14/Jan/2026:10:02:41 +0800] "GET /InternetTrading/longpoll/55136?X-Atmosphere-tracking-id=0&X-Atmosphere-Framework=2.2.3-javascript&X-Atmosphere-Transport=long-polling&X-Atmosphere-TrackMessageSize=true&Content-Type=charset%3Dutf-8&X-atmo-protocol=true&_=1768356435505 HTTP/1.1" 200 -
14.0.158.118 - - [14/Jan/2026:10:02:43 +0800] "GET /InternetTrading/longpoll/A8127?X-Atmosphere-tracking-id=0&X-Atmosphere-Framework=2.2.3-javascript&X-Atmosphere-Transport=long-polling&X-Atmosphere-TrackMessageSize=true&Content-Type=charset%3Dutf-8&X-atmo-protocol=true&_=1768356437957 HTTP/1.1" 200 -
119.136.153.148 - - [14/Jan/2026:10:02:44 +0800] "GET /InternetTrading/longpoll/51803?X-Atmosphere-tracking-id=0&X-Atmosphere-Framework=2.2.3-javascript&X-Atmosphere-Transport=long-polling&X-Atmosphere-TrackMessageSize=true&Content-Type=charset%3Dutf-8&X-atmo-protocol=true&_=1768356439280 HTTP/1.1" 200 -
203.160.80.124 - - [14/Jan/2026:10:02:45 +0800] "POST /InternetTrading/SessionErrorLogger HTTP/1.1" 200 117
203.160.80.124 - - [14/Jan/2026:10:02:45 +0800] "POST /InternetTrading/Heartbeat HTTP/1.1" 200 32
203.184.201.173 - - [14/Jan/2026:10:02:46 +0800] "GET /InternetTrading/longpoll/56419?X-Atmosphere-tracking-id=0&X-Atmosphere-Framework=2.2.3-javascript&X-Atmosphere-Transport=long-polling&X-Atmosphere-TrackMessageSize=true&Content-Type=charset%3Dutf-8&X-atmo-protocol=true&_=1768356439041 HTTP/1.1" 200 -
203.160.80.124 - - [14/Jan/2026:10:02:47 +0800] "GET /InternetTrading/longpoll/55136?X-Atmosphere-tracking-id=0&X-Atmosphere-Framework=2.2.3-javascript&X-Atmosphere-Transport=long-polling&X-Atmosphere-TrackMessageSize=true&Content-Type=charset%3Dutf-8&X-atmo-protocol=true&_=1768356440978 HTTP/1.1" 200 -
117.24.53.13 - - [14/Jan/2026:10:02:47 +0800] "GET /InternetTrading/longpoll/M8773?X-Atmosphere-tracking-id=0&X-Atmosphere-Framework=2.2.3-javascript&X-Atmosphere-Transport=long-polling&X-Atmosphere-TrackMessageSize=true&Content-Type=charset%3Dutf-8&X-atmo-protocol=true&_=1768356441928 HTTP/1.1" 200 -
14.0.158.118 - - [14/Jan/2026:10:02:48 +0800] "GET /InternetTrading/longpoll/A8127?X-Atmosphere-tracking-id=0&X-Atmosphere-Framework=2.2.3-javascript&X-Atmosphere-Transport=long-polling&X-Atmosphere-TrackMessageSize=true&Content-Type=charset%3Dutf-8&X-atmo-protocol=true&_=1768356443345 HTTP/1.1" 200 -
119.136.153.148 - - [14/Jan/2026:10:02:49 +0800] "GET /InternetTrading/longpoll/51803?X-Atmosphere-tracking-id=0&X-Atmosphere-Framework=2.2.3-javascript&X-Atmosphere-Transport=long-polling&X-Atmosphere-TrackMessageSize=true&Content-Type=charset%3Dutf-8&X-atmo-protocol=true&_=1768356444314 HTTP/1.1" 200 -
203.160.80.124 - - [14/Jan/2026:10:02:52 +0800] "GET /InternetTrading/longpoll/55136?X-Atmosphere-tracking-id=0&X-Atmosphere-Framework=2.2.3-javascript&X-Atmosphere-Transport=long-polling&X-Atmosphere-TrackMessageSize=true&Content-Type=charset%3Dutf-8&X-atmo-protocol=true&_=1768356446135 HTTP/1.1" 200 -
14.0.158.118 - - [14/Jan/2026:10:02:53 +0800] "GET /InternetTrading/longpoll/A8127?X-Atmosphere-tracking-id=0&X-Atmosphere-Framework=2.2.3-javascript&X-Atmosphere-Transport=long-polling&X-Atmosphere-TrackMessageSize=true&Content-Type=charset%3Dutf-8&X-atmo-protocol=true&_=1768356448480 HTTP/1.1" 200 -
117.24.53.13 - - [14/Jan/2026:10:02:53 +0800] "GET /InternetTrading/longpoll/M8773?X-Atmosphere-tracking-id=0&X-Atmosphere-Framework=2.2.3-javascript&X-Atmosphere-Transport=long-polling&X-Atmosphere-TrackMessageSize=true&Content-Type=charset%3Dutf-8&X-atmo-protocol=true&_=1768356447933 HTTP/1.1" 200 -
203.184.201.173 - - [14/Jan/2026:10:02:53 +0800] "POST /InternetTrading/SessionErrorLogger HTTP/1.1" 200 117
203.160.80.124 - - [14/Jan/2026:10:02:53 +0800] "POST /InternetTrading/SessionErrorLogger HTTP/1.1" 200 117
203.160.80.124 - - [14/Jan/2026:10:02:53 +0800] "POST /InternetTrading/MarketStatus HTTP/1.1" 200 772
203.184.201.173 - - [14/Jan/2026:10:02:54 +0800] "GET /InternetTrading/longpoll/56419?X-Atmosphere-tracking-id=0&X-Atmosphere-Framework=2.2.3-javascript&X-Atmosphere-Transport=long-polling&X-Atmosphere-TrackMessageSize=true&Content-Type=charset%3Dutf-8&X-atmo-protocol=true&_=1768356446745 HTTP/1.1" 200 -
119.136.153.148 - - [14/Jan/2026:10:02:54 +0800] "GET /InternetTrading/longpoll/51803?X-Atmosphere-tracking-id=0&X-Atmosphere-Framework=2.2.3-javascript&X-Atmosphere-Transport=long-polling&X-Atmosphere-TrackMessageSize=true&Content-Type=charset%3Dutf-8&X-atmo-protocol=true&_=1768356449369 HTTP/1.1" 200 -
203.184.201.173 - - [14/Jan/2026:10:02:55 +0800] "POST /InternetTrading/Heartbeat HTTP/1.1" 200 32
203.184.201.173 - - [14/Jan/2026:10:02:55 +0800] "POST /InternetTrading/SessionErrorLogger HTTP/1.1" 200 117
203.184.201.173 - - [14/Jan/2026:10:02:56 +0800] "POST /InternetTrading/MarketStatus HTTP/1.1" 200 772
203.160.80.124 - - [14/Jan/2026:10:02:57 +0800] "GET /InternetTrading/longpoll/55136?X-Atmosphere-tracking-id=0&X-Atmosphere-Framework=2.2.3-javascript&X-Atmosphere-Transport=long-polling&X-Atmosphere-TrackMessageSize=true&Content-Type=charset%3Dutf-8&X-atmo-protocol=true&_=1768356451602 HTTP/1.1" 200 -
14.0.158.118 - - [14/Jan/2026:10:02:58 +0800] "GET /InternetTrading/longpoll/A8127?X-Atmosphere-tracking-id=0&X-Atmosphere-Framework=2.2.3-javascript&X-Atmosphere-Transport=long-polling&X-Atmosphere-TrackMessageSize=true&Content-Type=charset%3Dutf-8&X-atmo-protocol=true&_=1768356453638 HTTP/1.1" 200 -
117.24.53.13 - - [14/Jan/2026:10:02:59 +0800] "GET /InternetTrading/longpoll/M8773?X-Atmosphere-tracking-id=0&X-Atmosphere-Framework=2.2.3-javascript&X-Atmosphere-Transport=long-polling&X-Atmosphere-TrackMessageSize=true&Content-Type=charset%3Dutf-8&X-atmo-protocol=true&_=1768356453933 HTTP/1.1" 200 -
119.136.153.148 - - [14/Jan/2026:10:02:59 +0800] "GET /InternetTrading/longpoll/51803?X-Atmosphere-tracking-id=0&X-Atmosphere-Framework=2.2.3-javascript&X-Atmosphere-Transport=long-polling&X-Atmosphere-TrackMessageSize=true&Content-Type=charset%3Dutf-8&X-atmo-protocol=true&_=1768356454443 HTTP/1.1" 200 -
203.184.201.173 - - [14/Jan/2026:10:03:00 +0800] "GET /InternetTrading/longpoll/56419?X-Atmosphere-tracking-id=0&X-Atmosphere-Framework=2.2.3-javascript&X-Atmosphere-Transport=long-polling&X-Atmosphere-TrackMessageSize=true&Content-Type=charset%3Dutf-8&X-atmo-protocol=true&_=1768356454335 HTTP/1.1" 200 -
62.171.169.129 - - [14/Jan/2026:10:03:00 +0800] "GET /polycom/config/000000000000.cfg HTTP/1.1" 404 196
203.160.80.124 - - [14/Jan/2026:10:03:03 +0800] "GET /InternetTrading/longpoll/55136?X-Atmosphere-tracking-id=0&X-Atmosphere-Framework=2.2.3-javascript&X-Atmosphere-Transport=long-polling&X-Atmosphere-TrackMessageSize=true&Content-Type=charset%3Dutf-8&X-atmo-protocol=true&_=1768356456801 HTTP/1.1" 200 -
14.0.158.118 - - [14/Jan/2026:10:03:03 +0800] "GET /InternetTrading/longpoll/A8127?X-Atmosphere-tracking-id=0&X-Atmosphere-Framework=2.2.3-javascript&X-Atmosphere-Transport=long-polling&X-Atmosphere-TrackMessageSize=true&Content-Type=charset%3Dutf-8&X-atmo-protocol=true&_=1768356458758 HTTP/1.1" 200 -
119.136.153.148 - - [14/Jan/2026:10:03:04 +0800] "GET /InternetTrading/longpoll/51803?X-Atmosphere-tracking-id=0&X-Atmosphere-Framework=2.2.3-javascript&X-Atmosphere-Transport=long-polling&X-Atmosphere-TrackMessageSize=true&Content-Type=charset%3Dutf-8&X-atmo-protocol=true&_=1768356459511 HTTP/1.1" 200 -
119.136.153.148 - - [14/Jan/2026:10:03:05 +0800] "POST /InternetTrading/SessionErrorLogger HTTP/1.1" 200 117
119.136.153.148 - - [14/Jan/2026:10:03:05 +0800] "POST /InternetTrading/Heartbeat HTTP/1.1" 200 32
119.136.153.148 - - [14/Jan/2026:10:03:05 +0800] "POST /InternetTrading/SessionErrorLogger HTTP/1.1" 200 117
119.136.153.148 - - [14/Jan/2026:10:03:05 +0800] "POST /InternetTrading/MarketStatus HTTP/1.1" 200 772
203.184.201.173 - - [14/Jan/2026:10:03:05 +0800] "GET /InternetTrading/longpoll/56419?X-Atmosphere-tracking-id=0&X-Atmosphere-Framework=2.2.3-javascript&X-Atmosphere-Transport=long-polling&X-Atmosphere-TrackMessageSize=true&Content-Type=charset%3Dutf-8&X-atmo-protocol=true&_=1768356459713 HTTP/1.1" 200 -
117.24.53.13 - - [14/Jan/2026:10:03:05 +0800] "GET /InternetTrading/longpoll/M8773?X-Atmosphere-tracking-id=0&X-Atmosphere-Framework=2.2.3-javascript&X-Atmosphere-Transport=long-polling&X-Atmosphere-TrackMessageSize=true&Content-Type=charset%3Dutf-8&X-atmo-protocol=true&_=1768356459933 HTTP/1.1" 200 -
14.0.158.118 - - [14/Jan/2026:10:03:06 +0800] "POST /InternetTrading/SessionErrorLogger HTTP/1.1" 200 117
14.0.158.118 - - [14/Jan/2026:10:03:06 +0800] "POST /InternetTrading/Heartbeat HTTP/1.1" 200 32
14.0.158.118 - - [14/Jan/2026:10:03:06 +0800] "POST /InternetTrading/SessionErrorLogger HTTP/1.1" 200 117
14.0.158.118 - - [14/Jan/2026:10:03:06 +0800] "POST /InternetTrading/MarketStatus HTTP/1.1" 200 772
203.160.80.124 - - [14/Jan/2026:10:03:08 +0800] "GET /InternetTrading/longpoll/55136?X-Atmosphere-tracking-id=0&X-Atmosphere-Framework=2.2.3-javascript&X-Atmosphere-Transport=long-polling&X-Atmosphere-TrackMessageSize=true&Content-Type=charset%3Dutf-8&X-atmo-protocol=true&_=1768356462249 HTTP/1.1" 200 -
14.0.158.118 - - [14/Jan/2026:10:03:08 +0800] "GET /InternetTrading/longpoll/A8127?X-Atmosphere-tracking-id=0&X-Atmosphere-Framework=2.2.3-javascript&X-Atmosphere-Transport=long-polling&X-Atmosphere-TrackMessageSize=true&Content-Type=charset%3Dutf-8&X-atmo-protocol=true&_=1768356464119 HTTP/1.1" 200 -
119.136.153.148 - - [14/Jan/2026:10:03:09 +0800] "GET /InternetTrading/longpoll/51803?X-Atmosphere-tracking-id=0&X-Atmosphere-Framework=2.2.3-javascript&X-Atmosphere-Transport=long-polling&X-Atmosphere-TrackMessageSize=true&Content-Type=charset%3Dutf-8&X-atmo-protocol=true&_=1768356464581 HTTP/1.1" 200 -
117.24.53.13 - - [14/Jan/2026:10:03:11 +0800] "GET /InternetTrading/longpoll/M8773?X-Atmosphere-tracking-id=0&X-Atmosphere-Framework=2.2.3-javascript&X-Atmosphere-Transport=long-polling&X-Atmosphere-TrackMessageSize=true&Content-Type=charset%3Dutf-8&X-atmo-protocol=true&_=1768356465933 HTTP/1.1" 200 -
203.184.201.173 - - [14/Jan/2026:10:03:12 +0800] "GET /InternetTrading/longpoll/56419?X-Atmosphere-tracking-id=0&X-Atmosphere-Framework=2.2.3-javascript&X-Atmosphere-Transport=long-polling&X-Atmosphere-TrackMessageSize=true&Content-Type=charset%3Dutf-8&X-atmo-protocol=true&_=1768356465300 HTTP/1.1" 200 -
14.0.158.118 - - [14/Jan/2026:10:03:13 +0800] "GET /InternetTrading/longpoll/A8127?X-Atmosphere-tracking-id=0&X-Atmosphere-Framework=2.2.3-javascript&X-Atmosphere-Transport=long-polling&X-Atmosphere-TrackMessageSize=true&Content-Type=charset%3Dutf-8&X-atmo-protocol=true&_=1768356469230 HTTP/1.1" 200 -
203.160.80.124 - - [14/Jan/2026:10:03:14 +0800] "GET /InternetTrading/longpoll/55136?X-Atmosphere-tracking-id=0&X-Atmosphere-Framework=2.2.3-javascript&X-Atmosphere-Transport=long-polling&X-Atmosphere-TrackMessageSize=true&Content-Type=charset%3Dutf-8&X-atmo-protocol=true&_=1768356467744 HTTP/1.1" 200 -
119.136.153.148 - - [14/Jan/2026:10:03:14 +0800] "GET /InternetTrading/longpoll/51803?X-Atmosphere-tracking-id=0&X-Atmosphere-Framework=2.2.3-javascript&X-Atmosphere-Transport=long-polling&X-Atmosphere-TrackMessageSize=true&Content-Type=charset%3Dutf-8&X-atmo-protocol=true&_=1768356469611 HTTP/1.1" 200 -
203.160.80.124 - - [14/Jan/2026:10:03:15 +0800] "POST /InternetTrading/SessionErrorLogger HTTP/1.1" 200 117
203.160.80.124 - - [14/Jan/2026:10:03:15 +0800] "POST /InternetTrading/Heartbeat HTTP/1.1" 200 32
117.24.53.13 - - [14/Jan/2026:10:03:17 +0800] "POST /InternetTrading/SessionErrorLogger HTTP/1.1" 200 117
117.24.53.13 - - [14/Jan/2026:10:03:17 +0800] "POST /InternetTrading/MarketStatus HTTP/1.1" 200 772
117.24.53.13 - - [14/Jan/2026:10:03:17 +0800] "POST /InternetTrading/SessionErrorLogger HTTP/1.1" 200 117
117.24.53.13 - - [14/Jan/2026:10:03:17 +0800] "POST /InternetTrading/Heartbeat HTTP/1.1" 200 32
117.24.53.13 - - [14/Jan/2026:10:03:17 +0800] "GET /InternetTrading/longpoll/M8773?X-Atmosphere-tracking-id=0&X-Atmosphere-Framework=2.2.3-javascript&X-Atmosphere-Transport=long-polling&X-Atmosphere-TrackMessageSize=true&Content-Type=charset%3Dutf-8&X-atmo-protocol=true&_=1768356472146 HTTP/1.1" 200 -
14.0.158.118 - - [14/Jan/2026:10:03:19 +0800] "GET /InternetTrading/longpoll/A8127?X-Atmosphere-tracking-id=0&X-Atmosphere-Framework=2.2.3-javascript&X-Atmosphere-Transport=long-polling&X-Atmosphere-TrackMessageSize=true&Content-Type=charset%3Dutf-8&X-atmo-protocol=true&_=1768356474291 HTTP/1.1" 200 -
203.160.80.124 - - [14/Jan/2026:10:03:19 +0800] "GET /InternetTrading/longpoll/55136?X-Atmosphere-tracking-id=0&X-Atmosphere-Framework=2.2.3-javascript&X-Atmosphere-Transport=long-polling&X-Atmosphere-TrackMessageSize=true&Content-Type=charset%3Dutf-8&X-atmo-protocol=true&_=1768356473178 HTTP/1.1" 200 -
119.136.153.148 - - [14/Jan/2026:10:03:20 +0800] "GET /InternetTrading/longpoll/51803?X-Atmosphere-tracking-id=0&X-Atmosphere-Framework=2.2.3-javascript&X-Atmosphere-Transport=long-polling&X-Atmosphere-TrackMessageSize=true&Content-Type=charset%3Dutf-8&X-atmo-protocol=true&_=1768356474665 HTTP/1.1" 200 -
203.184.201.173 - - [14/Jan/2026:10:03:20 +0800] "GET /InternetTrading/longpoll/56419?X-Atmosphere-tracking-id=0&X-Atmosphere-Framework=2.2.3-javascript&X-Atmosphere-Transport=long-polling&X-Atmosphere-TrackMessageSize=true&Content-Type=charset%3Dutf-8&X-atmo-protocol=true&_=1768356472077 HTTP/1.1" 200 -
117.24.53.13 - - [14/Jan/2026:10:03:23 +0800] "GET /InternetTrading/longpoll/M8773?X-Atmosphere-tracking-id=0&X-Atmosphere-Framework=2.2.3-javascript&X-Atmosphere-Transport=long-polling&X-Atmosphere-TrackMessageSize=true&Content-Type=charset%3Dutf-8&X-atmo-protocol=true&_=1768356477933 HTTP/1.1" 200 -
203.160.80.124 - - [14/Jan/2026:10:03:23 +0800] "POST /InternetTrading/SessionErrorLogger HTTP/1.1" 200 117
203.160.80.124 - - [14/Jan/2026:10:03:24 +0800] "POST /InternetTrading/MarketStatus HTTP/1.1" 200 772
14.0.158.118 - - [14/Jan/2026:10:03:24 +0800] "GET /InternetTrading/longpoll/A8127?X-Atmosphere-tracking-id=0&X-Atmosphere-Framework=2.2.3-javascript&X-Atmosphere-Transport=long-polling&X-Atmosphere-TrackMessageSize=true&Content-Type=charset%3Dutf-8&X-atmo-protocol=true&_=1768356479509 HTTP/1.1" 200 -
203.184.201.173 - - [14/Jan/2026:10:03:24 +0800] "POST /InternetTrading/SessionErrorLogger HTTP/1.1" 200 117
203.160.80.124 - - [14/Jan/2026:10:03:24 +0800] "GET /InternetTrading/longpoll/55136?X-Atmosphere-tracking-id=0&X-Atmosphere-Framework=2.2.3-javascript&X-Atmosphere-Transport=long-polling&X-Atmosphere-TrackMessageSize=true&Content-Type=charset%3Dutf-8&X-atmo-protocol=true&_=1768356478365 HTTP/1.1" 200 -
119.136.153.148 - - [14/Jan/2026:10:03:25 +0800] "GET /InternetTrading/longpoll/51803?X-Atmosphere-tracking-id=0&X-Atmosphere-Framework=2.2.3-javascript&X-Atmosphere-Transport=long-polling&X-Atmosphere-TrackMessageSize=true&Content-Type=charset%3Dutf-8&X-atmo-protocol=true&_=1768356479736 HTTP/1.1" 200 -
203.184.201.173 - - [14/Jan/2026:10:03:25 +0800] "POST /InternetTrading/Heartbeat HTTP/1.1" 200 32
203.184.201.173 - - [14/Jan/2026:10:03:26 +0800] "GET /InternetTrading/longpoll/56419?X-Atmosphere-tracking-id=0&X-Atmosphere-Framework=2.2.3-javascript&X-Atmosphere-Transport=long-polling&X-Atmosphere-TrackMessageSize=true&Content-Type=charset%3Dutf-8&X-atmo-protocol=true&_=1768356479949 HTTP/1.1" 200 -
203.184.201.173 - - [14/Jan/2026:10:03:26 +0800] "POST /InternetTrading/SessionErrorLogger HTTP/1.1" 200 117
203.184.201.173 - - [14/Jan/2026:10:03:26 +0800] "POST /InternetTrading/MarketStatus HTTP/1.1" 200 772
14.0.158.118 - - [14/Jan/2026:10:03:29 +0800] "GET /InternetTrading/longpoll/A8127?X-Atmosphere-tracking-id=0&X-Atmosphere-Framework=2.2.3-javascript&X-Atmosphere-Transport=long-polling&X-Atmosphere-TrackMessageSize=true&Content-Type=charset%3Dutf-8&X-atmo-protocol=true&_=1768356484643 HTTP/1.1" 200 -
117.24.53.13 - - [14/Jan/2026:10:03:29 +0800] "GET /InternetTrading/longpoll/M8773?X-Atmosphere-tracking-id=0&X-Atmosphere-Framework=2.2.3-javascript&X-Atmosphere-Transport=long-polling&X-Atmosphere-TrackMessageSize=true&Content-Type=charset%3Dutf-8&X-atmo-protocol=true&_=1768356483933 HTTP/1.1" 200 -
203.160.80.124 - - [14/Jan/2026:10:03:30 +0800] "GET /InternetTrading/longpoll/55136?X-Atmosphere-tracking-id=0&X-Atmosphere-Framework=2.2.3-javascript&X-Atmosphere-Transport=long-polling&X-Atmosphere-TrackMessageSize=true&Content-Type=charset%3Dutf-8&X-atmo-protocol=true&_=1768356483564 HTTP/1.1" 200 -
119.136.153.148 - - [14/Jan/2026:10:03:30 +0800] "GET /InternetTrading/longpoll/51803?X-Atmosphere-tracking-id=0&X-Atmosphere-Framework=2.2.3-javascript&X-Atmosphere-Transport=long-polling&X-Atmosphere-TrackMessageSize=true&Content-Type=charset%3Dutf-8&X-atmo-protocol=true&_=1768356484808 HTTP/1.1" 200 -
203.184.201.173 - - [14/Jan/2026:10:03:31 +0800] "GET /InternetTrading/longpoll/56419?X-Atmosphere-tracking-id=0&X-Atmosphere-Framework=2.2.3-javascript&X-Atmosphere-Transport=long-polling&X-Atmosphere-TrackMessageSize=true&Content-Type=charset%3Dutf-8&X-atmo-protocol=true&_=1768356485788 HTTP/1.1" 200 -
14.0.158.118 - - [14/Jan/2026:10:03:34 +0800] "GET /InternetTrading/longpoll/A8127?X-Atmosphere-tracking-id=0&X-Atmosphere-Framework=2.2.3-javascript&X-Atmosphere-Transport=long-polling&X-Atmosphere-TrackMessageSize=true&Content-Type=charset%3Dutf-8&X-atmo-protocol=true&_=1768356489748 HTTP/1.1" 200 -
119.136.153.148 - - [14/Jan/2026:10:03:35 +0800] "POST /InternetTrading/SessionErrorLogger HTTP/1.1" 200 117
119.136.153.148 - - [14/Jan/2026:10:03:35 +0800] "POST /InternetTrading/Heartbeat HTTP/1.1" 200 32
119.136.153.148 - - [14/Jan/2026:10:03:35 +0800] "POST /InternetTrading/SessionErrorLogger HTTP/1.1" 200 117
119.136.153.148 - - [14/Jan/2026:10:03:35 +0800] "GET /InternetTrading/longpoll/51803?X-Atmosphere-tracking-id=0&X-Atmosphere-Framework=2.2.3-javascript&X-Atmosphere-Transport=long-polling&X-Atmosphere-TrackMessageSize=true&Content-Type=charset%3Dutf-8&X-atmo-protocol=true&_=1768356489867 HTTP/1.1" 200 -
119.136.153.148 - - [14/Jan/2026:10:03:35 +0800] "POST /InternetTrading/MarketStatus HTTP/1.1" 200 772
203.160.80.124 - - [14/Jan/2026:10:03:35 +0800] "GET /InternetTrading/longpoll/55136?X-Atmosphere-tracking-id=0&X-Atmosphere-Framework=2.2.3-javascript&X-Atmosphere-Transport=long-polling&X-Atmosphere-TrackMessageSize=true&Content-Type=charset%3Dutf-8&X-atmo-protocol=true&_=1768356489033 HTTP/1.1" 200 -
117.24.53.13 - - [14/Jan/2026:10:03:35 +0800] "GET /InternetTrading/longpoll/M8773?X-Atmosphere-tracking-id=0&X-Atmosphere-Framework=2.2.3-javascript&X-Atmosphere-Transport=long-polling&X-Atmosphere-TrackMessageSize=true&Content-Type=charset%3Dutf-8&X-atmo-protocol=true&_=1768356489933 HTTP/1.1" 200 -
203.184.201.173 - - [14/Jan/2026:10:03:36 +0800] "GET /InternetTrading/longpoll/56419?X-Atmosphere-tracking-id=0&X-Atmosphere-Framework=2.2.3-javascript&X-Atmosphere-Transport=long-polling&X-Atmosphere-TrackMessageSize=true&Content-Type=charset%3Dutf-8&X-atmo-protocol=true&_=1768356490890 HTTP/1.1" 200 -
14.0.158.118 - - [14/Jan/2026:10:03:36 +0800] "POST /InternetTrading/SessionErrorLogger HTTP/1.1" 200 117
14.0.158.118 - - [14/Jan/2026:10:03:37 +0800] "POST /InternetTrading/Heartbeat HTTP/1.1" 200 32
14.0.158.118 - - [14/Jan/2026:10:03:37 +0800] "POST /InternetTrading/SessionErrorLogger HTTP/1.1" 200 117
14.0.158.118 - - [14/Jan/2026:10:03:37 +0800] "POST /InternetTrading/MarketStatus HTTP/1.1" 200 772
14.0.158.118 - - [14/Jan/2026:10:03:39 +0800] "GET /InternetTrading/longpoll/A8127?X-Atmosphere-tracking-id=0&X-Atmosphere-Framework=2.2.3-javascript&X-Atmosphere-Transport=long-polling&X-Atmosphere-TrackMessageSize=true&Content-Type=charset%3Dutf-8&X-atmo-protocol=true&_=1768356495196 HTTP/1.1" 200 -
119.136.153.148 - - [14/Jan/2026:10:03:40 +0800] "GET /InternetTrading/longpoll/51803?X-Atmosphere-tracking-id=0&X-Atmosphere-Framework=2.2.3-javascript&X-Atmosphere-Transport=long-polling&X-Atmosphere-TrackMessageSize=true&Content-Type=charset%3Dutf-8&X-atmo-protocol=true&_=1768356495534 HTTP/1.1" 200 -
203.160.80.124 - - [14/Jan/2026:10:03:40 +0800] "GET /InternetTrading/longpoll/55136?X-Atmosphere-tracking-id=0&X-Atmosphere-Framework=2.2.3-javascript&X-Atmosphere-Transport=long-polling&X-Atmosphere-TrackMessageSize=true&Content-Type=charset%3Dutf-8&X-atmo-protocol=true&_=1768356494503 HTTP/1.1" 200 -
117.24.53.13 - - [14/Jan/2026:10:03:41 +0800] "GET /InternetTrading/longpoll/M8773?X-Atmosphere-tracking-id=0&X-Atmosphere-Framework=2.2.3-javascript&X-Atmosphere-Transport=long-polling&X-Atmosphere-TrackMessageSize=true&Content-Type=charset%3Dutf-8&X-atmo-protocol=true&_=1768356495933 HTTP/1.1" 200 -
203.184.201.173 - - [14/Jan/2026:10:03:42 +0800] "GET /InternetTrading/longpoll/56419?X-Atmosphere-tracking-id=0&X-Atmosphere-Framework=2.2.3-javascript&X-Atmosphere-Transport=long-polling&X-Atmosphere-TrackMessageSize=true&Content-Type=charset%3Dutf-8&X-atmo-protocol=true&_=1768356496418 HTTP/1.1" 200 -
14.0.158.118 - - [14/Jan/2026:10:03:44 +0800] "GET /InternetTrading/longpoll/A8127?X-Atmosphere-tracking-id=0&X-Atmosphere-Framework=2.2.3-javascript&X-Atmosphere-Transport=long-polling&X-Atmosphere-TrackMessageSize=true&Content-Type=charset%3Dutf-8&X-atmo-protocol=true&_=1768356500257 HTTP/1.1" 200 -
203.160.80.124 - - [14/Jan/2026:10:03:45 +0800] "POST /InternetTrading/SessionErrorLogger HTTP/1.1" 200 117
203.160.80.124 - - [14/Jan/2026:10:03:45 +0800] "POST /InternetTrading/Heartbeat HTTP/1.1" 200 32
203.160.80.124 - - [14/Jan/2026:10:03:46 +0800] "GET /InternetTrading/longpoll/55136?X-Atmosphere-tracking-id=0&X-Atmosphere-Framework=2.2.3-javascript&X-Atmosphere-Transport=long-polling&X-Atmosphere-TrackMessageSize=true&Content-Type=charset%3Dutf-8&X-atmo-protocol=true&_=1768356499932 HTTP/1.1" 200 -
119.136.153.148 - - [14/Jan/2026:10:03:46 +0800] "GET /InternetTrading/longpoll/51803?X-Atmosphere-tracking-id=0&X-Atmosphere-Framework=2.2.3-javascript&X-Atmosphere-Transport=long-polling&X-Atmosphere-TrackMessageSize=true&Content-Type=charset%3Dutf-8&X-atmo-protocol=true&_=1768356501529 HTTP/1.1" 200 -
117.24.53.13 - - [14/Jan/2026:10:03:47 +0800] "GET /InternetTrading/longpoll/M8773?X-Atmosphere-tracking-id=0&X-Atmosphere-Framework=2.2.3-javascript&X-Atmosphere-Transport=long-polling&X-Atmosphere-TrackMessageSize=true&Content-Type=charset%3Dutf-8&X-atmo-protocol=true&_=1768356501933 HTTP/1.1" 200 -
203.184.201.173 - - [14/Jan/2026:10:03:49 +0800] "GET /InternetTrading/longpoll/56419?X-Atmosphere-tracking-id=0&X-Atmosphere-Framework=2.2.3-javascript&X-Atmosphere-Transport=long-polling&X-Atmosphere-TrackMessageSize=true&Content-Type=charset%3Dutf-8&X-atmo-protocol=true&_=1768356502696 HTTP/1.1" 200 -
14.0.158.118 - - [14/Jan/2026:10:03:50 +0800] "GET /InternetTrading/longpoll/A8127?X-Atmosphere-tracking-id=0&X-Atmosphere-Framework=2.2.3-javascript&X-Atmosphere-Transport=long-polling&X-Atmosphere-TrackMessageSize=true&Content-Type=charset%3Dutf-8&X-atmo-protocol=true&_=1768356505320 HTTP/1.1" 200 -
