119.136.153.148 - - [14/Jan/2026:10:05:34 +0800] "GET /InternetTrading/longpoll/51803?X-Atmosphere-tracking-id=0&X-Atmosphere-Framework=2.2.3-javascript&X-Atmosphere-Transport=long-polling&X-Atmosphere-TrackMessageSize=true&Content-Type=charset%3Dutf-8&X-atmo-protocol=true&_=1768356609528 HTTP/1.1" 200 -
117.24.53.13 - - [14/Jan/2026:10:05:37 +0800] "GET /InternetTrading/longpoll/M8773?X-Atmosphere-tracking-id=0&X-Atmosphere-Framework=2.2.3-javascript&X-Atmosphere-Transport=long-polling&X-Atmosphere-TrackMessageSize=true&Content-Type=charset%3Dutf-8&X-atmo-protocol=true&_=1768356611944 HTTP/1.1" 200 -
14.0.158.118 - - [14/Jan/2026:10:05:37 +0800] "POST /InternetTrading/SessionErrorLogger HTTP/1.1" 200 117
14.0.158.118 - - [14/Jan/2026:10:05:37 +0800] "POST /InternetTrading/Heartbeat HTTP/1.1" 200 32
14.0.158.118 - - [14/Jan/2026:10:05:37 +0800] "POST /InternetTrading/SessionErrorLogger HTTP/1.1" 200 117
14.0.158.118 - - [14/Jan/2026:10:05:37 +0800] "POST /InternetTrading/MarketStatus HTTP/1.1" 200 772
203.160.80.124 - - [14/Jan/2026:10:05:38 +0800] "GET /InternetTrading/longpoll/55136?X-Atmosphere-tracking-id=0&X-Atmosphere-Framework=2.2.3-javascript&X-Atmosphere-Transport=long-polling&X-Atmosphere-TrackMessageSize=true&Content-Type=charset%3Dutf-8&X-atmo-protocol=true&_=1768356611641 HTTP/1.1" 200 -
203.184.201.173 - - [14/Jan/2026:10:05:38 +0800] "GET /InternetTrading/longpoll/56419?X-Atmosphere-tracking-id=0&X-Atmosphere-Framework=2.2.3-javascript&X-Atmosphere-Transport=long-polling&X-Atmosphere-TrackMessageSize=true&Content-Type=charset%3Dutf-8&X-atmo-protocol=true&_=1768356612489 HTTP/1.1" 200 -
14.0.158.118 - - [14/Jan/2026:10:05:38 +0800] "GET /InternetTrading/longpoll/A8127?X-Atmosphere-tracking-id=0&X-Atmosphere-Framework=2.2.3-javascript&X-Atmosphere-Transport=long-polling&X-Atmosphere-TrackMessageSize=true&Content-Type=charset%3Dutf-8&X-atmo-protocol=true&_=1768356613869 HTTP/1.1" 200 -
203.160.80.124 - - [14/Jan/2026:10:05:40 +0800] "POST /InternetTrading/SessionErrorLogger HTTP/1.1" 200 117
119.136.153.148 - - [14/Jan/2026:10:05:40 +0800] "GET /InternetTrading/longpoll/51803?X-Atmosphere-tracking-id=0&X-Atmosphere-Framework=2.2.3-javascript&X-Atmosphere-Transport=long-polling&X-Atmosphere-TrackMessageSize=true&Content-Type=charset%3Dutf-8&X-atmo-protocol=true&_=1768356615521 HTTP/1.1" 200 -
203.160.80.124 - - [14/Jan/2026:10:05:41 +0800] "POST /InternetTrading/Heartbeat HTTP/1.1" 200 32
203.160.80.124 - - [14/Jan/2026:10:05:41 +0800] "POST /InternetTrading/SessionErrorLogger HTTP/1.1" 200 117
203.160.80.124 - - [14/Jan/2026:10:05:41 +0800] "POST /InternetTrading/MarketStatus HTTP/1.1" 200 772
203.160.80.124 - - [14/Jan/2026:10:05:43 +0800] "GET /InternetTrading/longpoll/55136?X-Atmosphere-tracking-id=0&X-Atmosphere-Framework=2.2.3-javascript&X-Atmosphere-Transport=long-polling&X-Atmosphere-TrackMessageSize=true&Content-Type=charset%3Dutf-8&X-atmo-protocol=true&_=1768356617050 HTTP/1.1" 200 -
117.24.53.13 - - [14/Jan/2026:10:05:43 +0800] "GET /InternetTrading/longpoll/M8773?X-Atmosphere-tracking-id=0&X-Atmosphere-Framework=2.2.3-javascript&X-Atmosphere-Transport=long-polling&X-Atmosphere-TrackMessageSize=true&Content-Type=charset%3Dutf-8&X-atmo-protocol=true&_=1768356617944 HTTP/1.1" 200 -
14.0.158.118 - - [14/Jan/2026:10:05:43 +0800] "GET /InternetTrading/longpoll/A8127?X-Atmosphere-tracking-id=0&X-Atmosphere-Framework=2.2.3-javascript&X-Atmosphere-Transport=long-polling&X-Atmosphere-TrackMessageSize=true&Content-Type=charset%3Dutf-8&X-atmo-protocol=true&_=1768356618951 HTTP/1.1" 200 -
203.184.201.173 - - [14/Jan/2026:10:05:45 +0800] "GET /InternetTrading/longpoll/56419?X-Atmosphere-tracking-id=0&X-Atmosphere-Framework=2.2.3-javascript&X-Atmosphere-Transport=long-polling&X-Atmosphere-TrackMessageSize=true&Content-Type=charset%3Dutf-8&X-atmo-protocol=true&_=1768356618169 HTTP/1.1" 200 -
119.136.153.148 - - [14/Jan/2026:10:05:46 +0800] "GET /InternetTrading/longpoll/51803?X-Atmosphere-tracking-id=0&X-Atmosphere-Framework=2.2.3-javascript&X-Atmosphere-Transport=long-polling&X-Atmosphere-TrackMessageSize=true&Content-Type=charset%3Dutf-8&X-atmo-protocol=true&_=1768356621532 HTTP/1.1" 200 -
203.160.80.124 - - [14/Jan/2026:10:05:48 +0800] "GET /InternetTrading/longpoll/55136?X-Atmosphere-tracking-id=0&X-Atmosphere-Framework=2.2.3-javascript&X-Atmosphere-Transport=long-polling&X-Atmosphere-TrackMessageSize=true&Content-Type=charset%3Dutf-8&X-atmo-protocol=true&_=1768356622230 HTTP/1.1" 200 -
14.0.158.118 - - [14/Jan/2026:10:05:48 +0800] "GET /InternetTrading/longpoll/A8127?X-Atmosphere-tracking-id=0&X-Atmosphere-Framework=2.2.3-javascript&X-Atmosphere-Transport=long-polling&X-Atmosphere-TrackMessageSize=true&Content-Type=charset%3Dutf-8&X-atmo-protocol=true&_=1768356624035 HTTP/1.1" 200 -
117.24.53.13 - - [14/Jan/2026:10:05:49 +0800] "GET /InternetTrading/longpoll/M8773?X-Atmosphere-tracking-id=0&X-Atmosphere-Framework=2.2.3-javascript&X-Atmosphere-Transport=long-polling&X-Atmosphere-TrackMessageSize=true&Content-Type=charset%3Dutf-8&X-atmo-protocol=true&_=1768356623944 HTTP/1.1" 200 -
203.184.201.173 - - [14/Jan/2026:10:05:50 +0800] "GET /InternetTrading/longpoll/56419?X-Atmosphere-tracking-id=0&X-Atmosphere-Framework=2.2.3-javascript&X-Atmosphere-Transport=long-polling&X-Atmosphere-TrackMessageSize=true&Content-Type=charset%3Dutf-8&X-atmo-protocol=true&_=1768356625185 HTTP/1.1" 200 -
119.136.153.148 - - [14/Jan/2026:10:05:52 +0800] "GET /InternetTrading/longpoll/51803?X-Atmosphere-tracking-id=0&X-Atmosphere-Framework=2.2.3-javascript&X-Atmosphere-Transport=long-polling&X-Atmosphere-TrackMessageSize=true&Content-Type=charset%3Dutf-8&X-atmo-protocol=true&_=1768356627526 HTTP/1.1" 200 -
203.160.80.124 - - [14/Jan/2026:10:05:53 +0800] "GET /InternetTrading/longpoll/55136?X-Atmosphere-tracking-id=0&X-Atmosphere-Framework=2.2.3-javascript&X-Atmosphere-Transport=long-polling&X-Atmosphere-TrackMessageSize=true&Content-Type=charset%3Dutf-8&X-atmo-protocol=true&_=1768356627426 HTTP/1.1" 200 -
14.0.158.118 - - [14/Jan/2026:10:05:54 +0800] "GET /InternetTrading/longpoll/A8127?X-Atmosphere-tracking-id=0&X-Atmosphere-Framework=2.2.3-javascript&X-Atmosphere-Transport=long-polling&X-Atmosphere-TrackMessageSize=true&Content-Type=charset%3Dutf-8&X-atmo-protocol=true&_=1768356629275 HTTP/1.1" 200 -
117.24.53.13 - - [14/Jan/2026:10:05:55 +0800] "GET /InternetTrading/longpoll/M8773?X-Atmosphere-tracking-id=0&X-Atmosphere-Framework=2.2.3-javascript&X-Atmosphere-Transport=long-polling&X-Atmosphere-TrackMessageSize=true&Content-Type=charset%3Dutf-8&X-atmo-protocol=true&_=1768356629944 HTTP/1.1" 200 -
203.184.201.173 - - [14/Jan/2026:10:05:57 +0800] "GET /InternetTrading/longpoll/56419?X-Atmosphere-tracking-id=0&X-Atmosphere-Framework=2.2.3-javascript&X-Atmosphere-Transport=long-polling&X-Atmosphere-TrackMessageSize=true&Content-Type=charset%3Dutf-8&X-atmo-protocol=true&_=1768356630377 HTTP/1.1" 200 -
203.184.201.173 - - [14/Jan/2026:10:05:57 +0800] "POST /InternetTrading/SessionErrorLogger HTTP/1.1" 200 117
203.184.201.173 - - [14/Jan/2026:10:05:58 +0800] "POST /InternetTrading/Heartbeat HTTP/1.1" 200 32
203.184.201.173 - - [14/Jan/2026:10:05:58 +0800] "POST /InternetTrading/SessionErrorLogger HTTP/1.1" 200 117
203.184.201.173 - - [14/Jan/2026:10:05:58 +0800] "POST /InternetTrading/MarketStatus HTTP/1.1" 200 772
119.136.153.148 - - [14/Jan/2026:10:05:58 +0800] "GET /InternetTrading/longpoll/51803?X-Atmosphere-tracking-id=0&X-Atmosphere-Framework=2.2.3-javascript&X-Atmosphere-Transport=long-polling&X-Atmosphere-TrackMessageSize=true&Content-Type=charset%3Dutf-8&X-atmo-protocol=true&_=1768356633531 HTTP/1.1" 200 -
14.0.158.118 - - [14/Jan/2026:10:05:59 +0800] "GET /InternetTrading/longpoll/A8127?X-Atmosphere-tracking-id=0&X-Atmosphere-Framework=2.2.3-javascript&X-Atmosphere-Transport=long-polling&X-Atmosphere-TrackMessageSize=true&Content-Type=charset%3Dutf-8&X-atmo-protocol=true&_=1768356634401 HTTP/1.1" 200 -
203.160.80.124 - - [14/Jan/2026:10:05:59 +0800] "GET /InternetTrading/longpoll/55136?X-Atmosphere-tracking-id=0&X-Atmosphere-Framework=2.2.3-javascript&X-Atmosphere-Transport=long-polling&X-Atmosphere-TrackMessageSize=true&Content-Type=charset%3Dutf-8&X-atmo-protocol=true&_=1768356632831 HTTP/1.1" 200 -
117.24.53.13 - - [14/Jan/2026:10:06:01 +0800] "GET /InternetTrading/longpoll/M8773?X-Atmosphere-tracking-id=0&X-Atmosphere-Framework=2.2.3-javascript&X-Atmosphere-Transport=long-polling&X-Atmosphere-TrackMessageSize=true&Content-Type=charset%3Dutf-8&X-atmo-protocol=true&_=1768356635949 HTTP/1.1" 200 -
203.184.201.173 - - [14/Jan/2026:10:06:02 +0800] "GET /InternetTrading/longpoll/56419?X-Atmosphere-tracking-id=0&X-Atmosphere-Framework=2.2.3-javascript&X-Atmosphere-Transport=long-polling&X-Atmosphere-TrackMessageSize=true&Content-Type=charset%3Dutf-8&X-atmo-protocol=true&_=1768356636790 HTTP/1.1" 200 -
14.0.158.118 - - [14/Jan/2026:10:06:04 +0800] "GET /InternetTrading/longpoll/A8127?X-Atmosphere-tracking-id=0&X-Atmosphere-Framework=2.2.3-javascript&X-Atmosphere-Transport=long-polling&X-Atmosphere-TrackMessageSize=true&Content-Type=charset%3Dutf-8&X-atmo-protocol=true&_=1768356639566 HTTP/1.1" 200 -
203.160.80.124 - - [14/Jan/2026:10:06:04 +0800] "GET /InternetTrading/longpoll/55136?X-Atmosphere-tracking-id=0&X-Atmosphere-Framework=2.2.3-javascript&X-Atmosphere-Transport=long-polling&X-Atmosphere-TrackMessageSize=true&Content-Type=charset%3Dutf-8&X-atmo-protocol=true&_=1768356638266 HTTP/1.1" 200 -
119.136.153.148 - - [14/Jan/2026:10:06:04 +0800] "GET /InternetTrading/longpoll/51803?X-Atmosphere-tracking-id=0&X-Atmosphere-Framework=2.2.3-javascript&X-Atmosphere-Transport=long-polling&X-Atmosphere-TrackMessageSize=true&Content-Type=charset%3Dutf-8&X-atmo-protocol=true&_=1768356639521 HTTP/1.1" 200 -
117.24.53.13 - - [14/Jan/2026:10:06:07 +0800] "GET /InternetTrading/longpoll/M8773?X-Atmosphere-tracking-id=0&X-Atmosphere-Framework=2.2.3-javascript&X-Atmosphere-Transport=long-polling&X-Atmosphere-TrackMessageSize=true&Content-Type=charset%3Dutf-8&X-atmo-protocol=true&_=1768356641949 HTTP/1.1" 200 -
14.0.158.118 - - [14/Jan/2026:10:06:07 +0800] "POST /InternetTrading/SessionErrorLogger HTTP/1.1" 200 117
14.0.158.118 - - [14/Jan/2026:10:06:07 +0800] "POST /InternetTrading/Heartbeat HTTP/1.1" 200 32
14.0.158.118 - - [14/Jan/2026:10:06:07 +0800] "POST /InternetTrading/SessionErrorLogger HTTP/1.1" 200 117
14.0.158.118 - - [14/Jan/2026:10:06:07 +0800] "POST /InternetTrading/MarketStatus HTTP/1.1" 200 772
203.184.201.173 - - [14/Jan/2026:10:06:08 +0800] "GET /InternetTrading/longpoll/56419?X-Atmosphere-tracking-id=0&X-Atmosphere-Framework=2.2.3-javascript&X-Atmosphere-Transport=long-polling&X-Atmosphere-TrackMessageSize=true&Content-Type=charset%3Dutf-8&X-atmo-protocol=true&_=1768356642669 HTTP/1.1" 200 -
14.0.158.118 - - [14/Jan/2026:10:06:09 +0800] "GET /InternetTrading/longpoll/A8127?X-Atmosphere-tracking-id=0&X-Atmosphere-Framework=2.2.3-javascript&X-Atmosphere-Transport=long-polling&X-Atmosphere-TrackMessageSize=true&Content-Type=charset%3Dutf-8&X-atmo-protocol=true&_=1768356644747 HTTP/1.1" 200 -
203.160.80.124 - - [14/Jan/2026:10:06:10 +0800] "GET /InternetTrading/longpoll/55136?X-Atmosphere-tracking-id=0&X-Atmosphere-Framework=2.2.3-javascript&X-Atmosphere-Transport=long-polling&X-Atmosphere-TrackMessageSize=true&Content-Type=charset%3Dutf-8&X-atmo-protocol=true&_=1768356643704 HTTP/1.1" 200 -
119.136.153.148 - - [14/Jan/2026:10:06:10 +0800] "GET /InternetTrading/longpoll/51803?X-Atmosphere-tracking-id=0&X-Atmosphere-Framework=2.2.3-javascript&X-Atmosphere-Transport=long-polling&X-Atmosphere-TrackMessageSize=true&Content-Type=charset%3Dutf-8&X-atmo-protocol=true&_=1768356645532 HTTP/1.1" 200 -
203.160.80.124 - - [14/Jan/2026:10:06:11 +0800] "POST /InternetTrading/SessionErrorLogger HTTP/1.1" 200 117
203.160.80.124 - - [14/Jan/2026:10:06:11 +0800] "POST /InternetTrading/Heartbeat HTTP/1.1" 200 32
203.160.80.124 - - [14/Jan/2026:10:06:11 +0800] "POST /InternetTrading/SessionErrorLogger HTTP/1.1" 200 117
203.160.80.124 - - [14/Jan/2026:10:06:12 +0800] "POST /InternetTrading/MarketStatus HTTP/1.1" 200 772
117.24.53.13 - - [14/Jan/2026:10:06:13 +0800] "GET /InternetTrading/longpoll/M8773?X-Atmosphere-tracking-id=0&X-Atmosphere-Framework=2.2.3-javascript&X-Atmosphere-Transport=long-polling&X-Atmosphere-TrackMessageSize=true&Content-Type=charset%3Dutf-8&X-atmo-protocol=true&_=1768356647949 HTTP/1.1" 200 -
14.0.158.118 - - [14/Jan/2026:10:06:14 +0800] "GET /InternetTrading/longpoll/A8127?X-Atmosphere-tracking-id=0&X-Atmosphere-Framework=2.2.3-javascript&X-Atmosphere-Transport=long-polling&X-Atmosphere-TrackMessageSize=true&Content-Type=charset%3Dutf-8&X-atmo-protocol=true&_=1768356649866 HTTP/1.1" 200 -
203.184.201.173 - - [14/Jan/2026:10:06:15 +0800] "GET /InternetTrading/longpoll/56419?X-Atmosphere-tracking-id=0&X-Atmosphere-Framework=2.2.3-javascript&X-Atmosphere-Transport=long-polling&X-Atmosphere-TrackMessageSize=true&Content-Type=charset%3Dutf-8&X-atmo-protocol=true&_=1768356647974 HTTP/1.1" 200 -
203.160.80.124 - - [14/Jan/2026:10:06:15 +0800] "GET /InternetTrading/longpoll/55136?X-Atmosphere-tracking-id=0&X-Atmosphere-Framework=2.2.3-javascript&X-Atmosphere-Transport=long-polling&X-Atmosphere-TrackMessageSize=true&Content-Type=charset%3Dutf-8&X-atmo-protocol=true&_=1768356649148 HTTP/1.1" 200 -
119.136.153.148 - - [14/Jan/2026:10:06:16 +0800] "GET /InternetTrading/longpoll/51803?X-Atmosphere-tracking-id=0&X-Atmosphere-Framework=2.2.3-javascript&X-Atmosphere-Transport=long-polling&X-Atmosphere-TrackMessageSize=true&Content-Type=charset%3Dutf-8&X-atmo-protocol=true&_=1768356651531 HTTP/1.1" 200 -
117.24.53.13 - - [14/Jan/2026:10:06:17 +0800] "POST /InternetTrading/SessionErrorLogger HTTP/1.1" 200 117
117.24.53.13 - - [14/Jan/2026:10:06:17 +0800] "POST /InternetTrading/MarketStatus HTTP/1.1" 200 772
117.24.53.13 - - [14/Jan/2026:10:06:17 +0800] "POST /InternetTrading/SessionErrorLogger HTTP/1.1" 200 117
117.24.53.13 - - [14/Jan/2026:10:06:17 +0800] "POST /InternetTrading/Heartbeat HTTP/1.1" 200 32
117.24.53.13 - - [14/Jan/2026:10:06:19 +0800] "GET /InternetTrading/longpoll/M8773?X-Atmosphere-tracking-id=0&X-Atmosphere-Framework=2.2.3-javascript&X-Atmosphere-Transport=long-polling&X-Atmosphere-TrackMessageSize=true&Content-Type=charset%3Dutf-8&X-atmo-protocol=true&_=1768356653949 HTTP/1.1" 200 -
14.0.158.118 - - [14/Jan/2026:10:06:19 +0800] "GET /InternetTrading/longpoll/A8127?X-Atmosphere-tracking-id=0&X-Atmosphere-Framework=2.2.3-javascript&X-Atmosphere-Transport=long-polling&X-Atmosphere-TrackMessageSize=true&Content-Type=charset%3Dutf-8&X-atmo-protocol=true&_=1768356655010 HTTP/1.1" 200 -
203.160.80.124 - - [14/Jan/2026:10:06:20 +0800] "GET /InternetTrading/longpoll/55136?X-Atmosphere-tracking-id=0&X-Atmosphere-Framework=2.2.3-javascript&X-Atmosphere-Transport=long-polling&X-Atmosphere-TrackMessageSize=true&Content-Type=charset%3Dutf-8&X-atmo-protocol=true&_=1768356654348 HTTP/1.1" 200 -
119.136.153.148 - - [14/Jan/2026:10:06:21 +0800] "POST /InternetTrading/SessionErrorLogger HTTP/1.1" 200 117
119.136.153.148 - - [14/Jan/2026:10:06:21 +0800] "POST /InternetTrading/Heartbeat HTTP/1.1" 200 32
119.136.153.148 - - [14/Jan/2026:10:06:21 +0800] "POST /InternetTrading/SessionErrorLogger HTTP/1.1" 200 117
119.136.153.148 - - [14/Jan/2026:10:06:21 +0800] "POST /InternetTrading/MarketStatus HTTP/1.1" 200 772
203.184.201.173 - - [14/Jan/2026:10:06:22 +0800] "GET /InternetTrading/longpoll/56419?X-Atmosphere-tracking-id=0&X-Atmosphere-Framework=2.2.3-javascript&X-Atmosphere-Transport=long-polling&X-Atmosphere-TrackMessageSize=true&Content-Type=charset%3Dutf-8&X-atmo-protocol=true&_=1768356654870 HTTP/1.1" 200 -
119.136.153.148 - - [14/Jan/2026:10:06:22 +0800] "GET /InternetTrading/longpoll/51803?X-Atmosphere-tracking-id=0&X-Atmosphere-Framework=2.2.3-javascript&X-Atmosphere-Transport=long-polling&X-Atmosphere-TrackMessageSize=true&Content-Type=charset%3Dutf-8&X-atmo-protocol=true&_=1768356657535 HTTP/1.1" 200 -
14.0.158.118 - - [14/Jan/2026:10:06:25 +0800] "GET /InternetTrading/longpoll/A8127?X-Atmosphere-tracking-id=0&X-Atmosphere-Framework=2.2.3-javascript&X-Atmosphere-Transport=long-polling&X-Atmosphere-TrackMessageSize=true&Content-Type=charset%3Dutf-8&X-atmo-protocol=true&_=1768356660147 HTTP/1.1" 200 -
117.24.53.13 - - [14/Jan/2026:10:06:25 +0800] "GET /InternetTrading/longpoll/M8773?X-Atmosphere-tracking-id=0&X-Atmosphere-Framework=2.2.3-javascript&X-Atmosphere-Transport=long-polling&X-Atmosphere-TrackMessageSize=true&Content-Type=charset%3Dutf-8&X-atmo-protocol=true&_=1768356659949 HTTP/1.1" 200 -
203.160.80.124 - - [14/Jan/2026:10:06:26 +0800] "GET /InternetTrading/longpoll/55136?X-Atmosphere-tracking-id=0&X-Atmosphere-Framework=2.2.3-javascript&X-Atmosphere-Transport=long-polling&X-Atmosphere-TrackMessageSize=true&Content-Type=charset%3Dutf-8&X-atmo-protocol=true&_=1768356659789 HTTP/1.1" 200 -
119.136.153.148 - - [14/Jan/2026:10:06:28 +0800] "GET /InternetTrading/longpoll/51803?X-Atmosphere-tracking-id=0&X-Atmosphere-Framework=2.2.3-javascript&X-Atmosphere-Transport=long-polling&X-Atmosphere-TrackMessageSize=true&Content-Type=charset%3Dutf-8&X-atmo-protocol=true&_=1768356663530 HTTP/1.1" 200 -
203.184.201.173 - - [14/Jan/2026:10:06:29 +0800] "POST /InternetTrading/SessionErrorLogger HTTP/1.1" 200 117
203.184.201.173 - - [14/Jan/2026:10:06:30 +0800] "GET /InternetTrading/longpoll/56419?X-Atmosphere-tracking-id=0&X-Atmosphere-Framework=2.2.3-javascript&X-Atmosphere-Transport=long-polling&X-Atmosphere-TrackMessageSize=true&Content-Type=charset%3Dutf-8&X-atmo-protocol=true&_=1768356662196 HTTP/1.1" 200 -
203.184.201.173 - - [14/Jan/2026:10:06:30 +0800] "POST /InternetTrading/Heartbeat HTTP/1.1" 200 32
14.0.158.118 - - [14/Jan/2026:10:06:30 +0800] "GET /InternetTrading/longpoll/A8127?X-Atmosphere-tracking-id=0&X-Atmosphere-Framework=2.2.3-javascript&X-Atmosphere-Transport=long-polling&X-Atmosphere-TrackMessageSize=true&Content-Type=charset%3Dutf-8&X-atmo-protocol=true&_=1768356665345 HTTP/1.1" 200 -
203.184.201.173 - - [14/Jan/2026:10:06:30 +0800] "POST /InternetTrading/SessionErrorLogger HTTP/1.1" 200 117
203.184.201.173 - - [14/Jan/2026:10:06:30 +0800] "POST /InternetTrading/MarketStatus HTTP/1.1" 200 772
117.24.53.13 - - [14/Jan/2026:10:06:31 +0800] "GET /InternetTrading/longpoll/M8773?X-Atmosphere-tracking-id=0&X-Atmosphere-Framework=2.2.3-javascript&X-Atmosphere-Transport=long-polling&X-Atmosphere-TrackMessageSize=true&Content-Type=charset%3Dutf-8&X-atmo-protocol=true&_=1768356665949 HTTP/1.1" 200 -
203.160.80.124 - - [14/Jan/2026:10:06:31 +0800] "GET /InternetTrading/longpoll/55136?X-Atmosphere-tracking-id=0&X-Atmosphere-Framework=2.2.3-javascript&X-Atmosphere-Transport=long-polling&X-Atmosphere-TrackMessageSize=true&Content-Type=charset%3Dutf-8&X-atmo-protocol=true&_=1768356665226 HTTP/1.1" 200 -
119.136.153.148 - - [14/Jan/2026:10:06:34 +0800] "GET /InternetTrading/longpoll/51803?X-Atmosphere-tracking-id=0&X-Atmosphere-Framework=2.2.3-javascript&X-Atmosphere-Transport=long-polling&X-Atmosphere-TrackMessageSize=true&Content-Type=charset%3Dutf-8&X-atmo-protocol=true&_=1768356669527 HTTP/1.1" 200 -
14.0.158.118 - - [14/Jan/2026:10:06:35 +0800] "GET /InternetTrading/longpoll/A8127?X-Atmosphere-tracking-id=0&X-Atmosphere-Framework=2.2.3-javascript&X-Atmosphere-Transport=long-polling&X-Atmosphere-TrackMessageSize=true&Content-Type=charset%3Dutf-8&X-atmo-protocol=true&_=1768356670513 HTTP/1.1" 200 -
203.184.201.173 - - [14/Jan/2026:10:06:35 +0800] "GET /InternetTrading/longpoll/56419?X-Atmosphere-tracking-id=0&X-Atmosphere-Framework=2.2.3-javascript&X-Atmosphere-Transport=long-polling&X-Atmosphere-TrackMessageSize=true&Content-Type=charset%3Dutf-8&X-atmo-protocol=true&_=1768356670056 HTTP/1.1" 200 -
203.160.80.124 - - [14/Jan/2026:10:06:37 +0800] "GET /InternetTrading/longpoll/55136?X-Atmosphere-tracking-id=0&X-Atmosphere-Framework=2.2.3-javascript&X-Atmosphere-Transport=long-polling&X-Atmosphere-TrackMessageSize=true&Content-Type=charset%3Dutf-8&X-atmo-protocol=true&_=1768356670636 HTTP/1.1" 200 -
117.24.53.13 - - [14/Jan/2026:10:06:37 +0800] "GET /InternetTrading/longpoll/M8773?X-Atmosphere-tracking-id=0&X-Atmosphere-Framework=2.2.3-javascript&X-Atmosphere-Transport=long-polling&X-Atmosphere-TrackMessageSize=true&Content-Type=charset%3Dutf-8&X-atmo-protocol=true&_=1768356671949 HTTP/1.1" 200 -
14.0.158.118 - - [14/Jan/2026:10:06:37 +0800] "POST /InternetTrading/SessionErrorLogger HTTP/1.1" 200 117
14.0.158.118 - - [14/Jan/2026:10:06:37 +0800] "POST /InternetTrading/Heartbeat HTTP/1.1" 200 32
14.0.158.118 - - [14/Jan/2026:10:06:37 +0800] "POST /InternetTrading/SessionErrorLogger HTTP/1.1" 200 117
14.0.158.118 - - [14/Jan/2026:10:06:38 +0800] "POST /InternetTrading/MarketStatus HTTP/1.1" 200 772
14.0.158.118 - - [14/Jan/2026:10:06:40 +0800] "GET /InternetTrading/longpoll/A8127?X-Atmosphere-tracking-id=0&X-Atmosphere-Framework=2.2.3-javascript&X-Atmosphere-Transport=long-polling&X-Atmosphere-TrackMessageSize=true&Content-Type=charset%3Dutf-8&X-atmo-protocol=true&_=1768356675636 HTTP/1.1" 200 -
203.184.201.173 - - [14/Jan/2026:10:06:40 +0800] "GET /InternetTrading/longpoll/56419?X-Atmosphere-tracking-id=0&X-Atmosphere-Framework=2.2.3-javascript&X-Atmosphere-Transport=long-polling&X-Atmosphere-TrackMessageSize=true&Content-Type=charset%3Dutf-8&X-atmo-protocol=true&_=1768356675088 HTTP/1.1" 200 -
119.136.153.148 - - [14/Jan/2026:10:06:40 +0800] "GET /InternetTrading/longpoll/51803?X-Atmosphere-tracking-id=0&X-Atmosphere-Framework=2.2.3-javascript&X-Atmosphere-Transport=long-polling&X-Atmosphere-TrackMessageSize=true&Content-Type=charset%3Dutf-8&X-atmo-protocol=true&_=1768356675517 HTTP/1.1" 200 -
203.160.80.124 - - [14/Jan/2026:10:06:41 +0800] "POST /InternetTrading/SessionErrorLogger HTTP/1.1" 200 117
203.160.80.124 - - [14/Jan/2026:10:06:41 +0800] "POST /InternetTrading/Heartbeat HTTP/1.1" 200 32
203.160.80.124 - - [14/Jan/2026:10:06:42 +0800] "POST /InternetTrading/SessionErrorLogger HTTP/1.1" 200 117
203.160.80.124 - - [14/Jan/2026:10:06:42 +0800] "POST /InternetTrading/MarketStatus HTTP/1.1" 200 772
203.160.80.124 - - [14/Jan/2026:10:06:42 +0800] "GET /InternetTrading/longpoll/55136?X-Atmosphere-tracking-id=0&X-Atmosphere-Framework=2.2.3-javascript&X-Atmosphere-Transport=long-polling&X-Atmosphere-TrackMessageSize=true&Content-Type=charset%3Dutf-8&X-atmo-protocol=true&_=1768356676151 HTTP/1.1" 200 -
117.24.53.13 - - [14/Jan/2026:10:06:43 +0800] "GET /InternetTrading/longpoll/M8773?X-Atmosphere-tracking-id=0&X-Atmosphere-Framework=2.2.3-javascript&X-Atmosphere-Transport=long-polling&X-Atmosphere-TrackMessageSize=true&Content-Type=charset%3Dutf-8&X-atmo-protocol=true&_=1768356677949 HTTP/1.1" 200 -
14.0.158.118 - - [14/Jan/2026:10:06:45 +0800] "GET /InternetTrading/longpoll/A8127?X-Atmosphere-tracking-id=0&X-Atmosphere-Framework=2.2.3-javascript&X-Atmosphere-Transport=long-polling&X-Atmosphere-TrackMessageSize=true&Content-Type=charset%3Dutf-8&X-atmo-protocol=true&_=1768356680720 HTTP/1.1" 200 -
203.184.201.173 - - [14/Jan/2026:10:06:45 +0800] "GET /InternetTrading/longpoll/56419?X-Atmosphere-tracking-id=0&X-Atmosphere-Framework=2.2.3-javascript&X-Atmosphere-Transport=long-polling&X-Atmosphere-TrackMessageSize=true&Content-Type=charset%3Dutf-8&X-atmo-protocol=true&_=1768356680109 HTTP/1.1" 200 -
119.136.153.148 - - [14/Jan/2026:10:06:46 +0800] "GET /InternetTrading/longpoll/51803?X-Atmosphere-tracking-id=0&X-Atmosphere-Framework=2.2.3-javascript&X-Atmosphere-Transport=long-polling&X-Atmosphere-TrackMessageSize=true&Content-Type=charset%3Dutf-8&X-atmo-protocol=true&_=1768356681524 HTTP/1.1" 200 -
185.177.72.51 - - [14/Jan/2026:10:06:47 +0800] "POST / HTTP/1.1" 404 196
203.160.80.124 - - [14/Jan/2026:10:06:47 +0800] "GET /InternetTrading/longpoll/55136?X-Atmosphere-tracking-id=0&X-Atmosphere-Framework=2.2.3-javascript&X-Atmosphere-Transport=long-polling&X-Atmosphere-TrackMessageSize=true&Content-Type=charset%3Dutf-8&X-atmo-protocol=true&_=1768356681413 HTTP/1.1" 200 -
185.177.72.51 - - [14/Jan/2026:10:06:48 +0800] "GET /aws/bucket HTTP/1.1" 404 196
185.177.72.51 - - [14/Jan/2026:10:06:48 +0800] "GET /aws/buckets HTTP/1.1" 404 196
185.177.72.51 - - [14/Jan/2026:10:06:48 +0800] "GET /aws/config/s3.json HTTP/1.1" 404 196
185.177.72.51 - - [14/Jan/2026:10:06:48 +0800] "GET /aws/s3/credentials HTTP/1.1" 404 196
185.177.72.51 - - [14/Jan/2026:10:06:49 +0800] "GET /aws/s3/env.env HTTP/1.1" 404 196
185.177.72.51 - - [14/Jan/2026:10:06:49 +0800] "GET /aws_s3_bucket HTTP/1.1" 404 196
185.177.72.51 - - [14/Jan/2026:10:06:49 +0800] "GET /aws_s3_config.json HTTP/1.1" 404 196
185.177.72.51 - - [14/Jan/2026:10:06:49 +0800] "GET /s3/.aws/config HTTP/1.1" 404 196
117.24.53.13 - - [14/Jan/2026:10:06:49 +0800] "GET /InternetTrading/longpoll/M8773?X-Atmosphere-tracking-id=0&X-Atmosphere-Framework=2.2.3-javascript&X-Atmosphere-Transport=long-polling&X-Atmosphere-TrackMessageSize=true&Content-Type=charset%3Dutf-8&X-atmo-protocol=true&_=1768356683949 HTTP/1.1" 200 -
185.177.72.51 - - [14/Jan/2026:10:06:49 +0800] "GET /config/aws.php HTTP/1.1" 404 196
185.177.72.51 - - [14/Jan/2026:10:06:49 +0800] "GET /.aws/config HTTP/1.1" 404 196
185.177.72.51 - - [14/Jan/2026:10:06:50 +0800] "GET /aws-codecommit/ HTTP/1.1" 404 196
185.177.72.51 - - [14/Jan/2026:10:06:50 +0800] "GET /aws.yaml HTTP/1.1" 404 196
185.177.72.51 - - [14/Jan/2026:10:06:50 +0800] "GET /old/aws_config HTTP/1.1" 404 196
14.0.158.118 - - [14/Jan/2026:10:06:50 +0800] "GET /InternetTrading/longpoll/A8127?X-Atmosphere-tracking-id=0&X-Atmosphere-Framework=2.2.3-javascript&X-Atmosphere-Transport=long-polling&X-Atmosphere-TrackMessageSize=true&Content-Type=charset%3Dutf-8&X-atmo-protocol=true&_=1768356685774 HTTP/1.1" 200 -
185.177.72.51 - - [14/Jan/2026:10:06:50 +0800] "GET /aws.env.json HTTP/1.1" 404 196
185.177.72.51 - - [14/Jan/2026:10:06:50 +0800] "GET /aws.env HTTP/1.1" 404 196
185.177.72.51 - - [14/Jan/2026:10:06:51 +0800] "GET /aws-ses.json HTTP/1.1" 404 196
185.177.72.51 - - [14/Jan/2026:10:06:51 +0800] "GET /aws/ses/smtp.env HTTP/1.1" 404 196
185.177.72.51 - - [14/Jan/2026:10:06:51 +0800] "GET /aws/metadata HTTP/1.1" 404 196
185.177.72.51 - - [14/Jan/2026:10:06:51 +0800] "GET /aws.json HTTP/1.1" 404 196
185.177.72.51 - - [14/Jan/2026:10:06:51 +0800] "GET /aws.yml HTTP/1.1" 404 196
185.177.72.51 - - [14/Jan/2026:10:06:52 +0800] "GET /.aws/credentials HTTP/1.1" 404 196
185.177.72.51 - - [14/Jan/2026:10:06:52 +0800] "GET /.env.aws HTTP/1.1" 404 196
203.184.201.173 - - [14/Jan/2026:10:06:52 +0800] "GET /InternetTrading/longpoll/56419?X-Atmosphere-tracking-id=0&X-Atmosphere-Framework=2.2.3-javascript&X-Atmosphere-Transport=long-polling&X-Atmosphere-TrackMessageSize=true&Content-Type=charset%3Dutf-8&X-atmo-protocol=true&_=1768356685188 HTTP/1.1" 200 -
185.177.72.51 - - [14/Jan/2026:10:06:52 +0800] "GET /s3/credentials HTTP/1.1" 404 196
185.177.72.51 - - [14/Jan/2026:10:06:52 +0800] "GET /s3/bucket.env HTTP/1.1" 404 196
185.177.72.51 - - [14/Jan/2026:10:06:52 +0800] "GET /s3/bucket HTTP/1.1" 404 196
119.136.153.148 - - [14/Jan/2026:10:06:52 +0800] "GET /InternetTrading/longpoll/51803?X-Atmosphere-tracking-id=0&X-Atmosphere-Framework=2.2.3-javascript&X-Atmosphere-Transport=long-polling&X-Atmosphere-TrackMessageSize=true&Content-Type=charset%3Dutf-8&X-atmo-protocol=true&_=1768356687528 HTTP/1.1" 200 -
185.177.72.51 - - [14/Jan/2026:10:06:53 +0800] "GET /s3/buckets HTTP/1.1" 404 196
185.177.72.51 - - [14/Jan/2026:10:06:53 +0800] "GET /s3/backup HTTP/1.1" 404 196
203.160.80.124 - - [14/Jan/2026:10:06:53 +0800] "GET /InternetTrading/longpoll/55136?X-Atmosphere-tracking-id=0&X-Atmosphere-Framework=2.2.3-javascript&X-Atmosphere-Transport=long-polling&X-Atmosphere-TrackMessageSize=true&Content-Type=charset%3Dutf-8&X-atmo-protocol=true&_=1768356686896 HTTP/1.1" 200 -
185.177.72.51 - - [14/Jan/2026:10:06:53 +0800] "GET /s3.yml HTTP/1.1" 404 196
185.177.72.51 - - [14/Jan/2026:10:06:53 +0800] "GET /s3.yaml HTTP/1.1" 404 196
185.177.72.51 - - [14/Jan/2026:10:06:53 +0800] "GET /s3.properties HTTP/1.1" 404 196
185.177.72.51 - - [14/Jan/2026:10:06:53 +0800] "GET /s3.key HTTP/1.1" 404 196
185.177.72.51 - - [14/Jan/2026:10:06:54 +0800] "GET /s3.secret HTTP/1.1" 404 196
185.177.72.51 - - [14/Jan/2026:10:06:54 +0800] "GET /s3/.env.bak HTTP/1.1" 404 196
185.177.72.51 - - [14/Jan/2026:10:06:54 +0800] "GET /root/.aws/credentials HTTP/1.1" 404 196
185.177.72.51 - - [14/Jan/2026:10:06:54 +0800] "GET /root/.aws/config HTTP/1.1" 404 196
185.177.72.51 - - [14/Jan/2026:10:06:54 +0800] "GET /home/*/.aws/credentials HTTP/1.1" 404 196
185.177.72.51 - - [14/Jan/2026:10:06:55 +0800] "GET /.boto HTTP/1.1" 404 196
185.177.72.51 - - [14/Jan/2026:10:06:55 +0800] "GET /root/.boto HTTP/1.1" 404 196
185.177.72.51 - - [14/Jan/2026:10:06:55 +0800] "GET /.s3cfg HTTP/1.1" 404 196
185.177.72.51 - - [14/Jan/2026:10:06:55 +0800] "GET /root/.s3cfg HTTP/1.1" 404 196
117.24.53.13 - - [14/Jan/2026:10:06:55 +0800] "GET /InternetTrading/longpoll/M8773?X-Atmosphere-tracking-id=0&X-Atmosphere-Framework=2.2.3-javascript&X-Atmosphere-Transport=long-polling&X-Atmosphere-TrackMessageSize=true&Content-Type=charset%3Dutf-8&X-atmo-protocol=true&_=1768356689949 HTTP/1.1" 200 -
185.177.72.51 - - [14/Jan/2026:10:06:55 +0800] "GET /etc/boto.cfg HTTP/1.1" 404 196
14.0.158.118 - - [14/Jan/2026:10:06:55 +0800] "GET /InternetTrading/longpoll/A8127?X-Atmosphere-tracking-id=0&X-Atmosphere-Framework=2.2.3-javascript&X-Atmosphere-Transport=long-polling&X-Atmosphere-TrackMessageSize=true&Content-Type=charset%3Dutf-8&X-atmo-protocol=true&_=1768356690993 HTTP/1.1" 200 -
185.177.72.51 - - [14/Jan/2026:10:06:56 +0800] "GET /.terraform/credentials.tfrc.json HTTP/1.1" 404 196
185.177.72.51 - - [14/Jan/2026:10:06:56 +0800] "GET /terraform.tfstate HTTP/1.1" 404 196
185.177.72.51 - - [14/Jan/2026:10:06:56 +0800] "GET /terraform.tfstate.backup HTTP/1.1" 404 196
185.177.72.51 - - [14/Jan/2026:10:06:56 +0800] "GET /.terraform.tfstate HTTP/1.1" 404 196
185.177.72.51 - - [14/Jan/2026:10:06:56 +0800] "GET /serverless.yml HTTP/1.1" 404 196
185.177.72.51 - - [14/Jan/2026:10:06:56 +0800] "GET /serverless.yaml HTTP/1.1" 404 196
185.177.72.51 - - [14/Jan/2026:10:06:57 +0800] "GET /sam-template.yaml HTTP/1.1" 404 196
185.177.72.51 - - [14/Jan/2026:10:06:57 +0800] "GET /template.yaml HTTP/1.1" 404 196
185.177.72.51 - - [14/Jan/2026:10:06:57 +0800] "GET /amplify/team-provider-info.json HTTP/1.1" 404 196
185.177.72.51 - - [14/Jan/2026:10:06:57 +0800] "GET /.amplifyrc HTTP/1.1" 404 196
185.177.72.51 - - [14/Jan/2026:10:06:57 +0800] "GET /$(pwd)/terraform.tfstate HTTP/1.1" 404 196
203.184.201.173 - - [14/Jan/2026:10:06:58 +0800] "GET /InternetTrading/longpoll/56419?X-Atmosphere-tracking-id=0&X-Atmosphere-Framework=2.2.3-javascript&X-Atmosphere-Transport=long-polling&X-Atmosphere-TrackMessageSize=true&Content-Type=charset%3Dutf-8&X-atmo-protocol=true&_=1768356692045 HTTP/1.1" 200 -
185.177.72.51 - - [14/Jan/2026:10:06:58 +0800] "GET /$(pwd)/.terraform/terraform.tfstate HTTP/1.1" 404 196
185.177.72.51 - - [14/Jan/2026:10:06:58 +0800] "GET /$(pwd)/terraform.tfvars HTTP/1.1" 404 196
185.177.72.51 - - [14/Jan/2026:10:06:58 +0800] "GET /$(pwd)/*.auto.tfvars HTTP/1.1" 404 196
185.177.72.51 - - [14/Jan/2026:10:06:58 +0800] "GET /app/terraform.tfstate HTTP/1.1" 404 196
203.160.80.124 - - [14/Jan/2026:10:06:58 +0800] "GET /InternetTrading/longpoll/55136?X-Atmosphere-tracking-id=0&X-Atmosphere-Framework=2.2.3-javascript&X-Atmosphere-Transport=long-polling&X-Atmosphere-TrackMessageSize=true&Content-Type=charset%3Dutf-8&X-atmo-protocol=true&_=1768356692323 HTTP/1.1" 200 -
119.136.153.148 - - [14/Jan/2026:10:06:58 +0800] "GET /InternetTrading/longpoll/51803?X-Atmosphere-tracking-id=0&X-Atmosphere-Framework=2.2.3-javascript&X-Atmosphere-Transport=long-polling&X-Atmosphere-TrackMessageSize=true&Content-Type=charset%3Dutf-8&X-atmo-protocol=true&_=1768356693528 HTTP/1.1" 200 -
185.177.72.51 - - [14/Jan/2026:10:06:58 +0800] "GET /app/.terraform/terraform.tfstate HTTP/1.1" 404 196
185.177.72.51 - - [14/Jan/2026:10:06:59 +0800] "GET /~/.aws/credentials HTTP/1.1" 404 196
185.177.72.51 - - [14/Jan/2026:10:06:59 +0800] "GET /~/.aws/config HTTP/1.1" 404 196
185.177.72.51 - - [14/Jan/2026:10:06:59 +0800] "GET /~/.boto HTTP/1.1" 404 196
185.177.72.51 - - [14/Jan/2026:10:06:59 +0800] "GET /~/.s3cfg HTTP/1.1" 404 196
185.177.72.51 - - [14/Jan/2026:10:06:59 +0800] "GET /.terraform.lock.hcl HTTP/1.1" 404 196
185.177.72.51 - - [14/Jan/2026:10:07:00 +0800] "GET /terraform.tfvars HTTP/1.1" 404 196
203.184.201.173 - - [14/Jan/2026:10:07:00 +0800] "POST /InternetTrading/SessionErrorLogger HTTP/1.1" 200 117
185.177.72.51 - - [14/Jan/2026:10:07:00 +0800] "GET /terraform/terraform.tfvars.json HTTP/1.1" 404 196
185.177.72.51 - - [14/Jan/2026:10:07:00 +0800] "GET /var/task/amplify.yml HTTP/1.1" 404 196
185.177.72.51 - - [14/Jan/2026:10:07:00 +0800] "GET /var/task/amplify.yaml HTTP/1.1" 404 196
203.184.201.173 - - [14/Jan/2026:10:07:00 +0800] "POST /InternetTrading/Heartbeat HTTP/1.1" 200 32
185.177.72.51 - - [14/Jan/2026:10:07:00 +0800] "GET /app/amplify.yml HTTP/1.1" 404 196
185.177.72.51 - - [14/Jan/2026:10:07:01 +0800] "GET /app/amplify.yaml HTTP/1.1" 404 196
14.0.158.118 - - [14/Jan/2026:10:07:01 +0800] "GET /InternetTrading/longpoll/A8127?X-Atmosphere-tracking-id=0&X-Atmosphere-Framework=2.2.3-javascript&X-Atmosphere-Transport=long-polling&X-Atmosphere-TrackMessageSize=true&Content-Type=charset%3Dutf-8&X-atmo-protocol=true&_=1768356696161 HTTP/1.1" 200 -
185.177.72.51 - - [14/Jan/2026:10:07:01 +0800] "GET /var/task/amplify/backend/function/*/src/index.js HTTP/1.1" 404 196
117.24.53.13 - - [14/Jan/2026:10:07:01 +0800] "GET /InternetTrading/longpoll/M8773?X-Atmosphere-tracking-id=0&X-Atmosphere-Framework=2.2.3-javascript&X-Atmosphere-Transport=long-polling&X-Atmosphere-TrackMessageSize=true&Content-Type=charset%3Dutf-8&X-atmo-protocol=true&_=1768356695953 HTTP/1.1" 200 -
203.184.201.173 - - [14/Jan/2026:10:07:02 +0800] "POST /InternetTrading/SessionErrorLogger HTTP/1.1" 200 117
203.184.201.173 - - [14/Jan/2026:10:07:03 +0800] "POST /InternetTrading/MarketStatus HTTP/1.1" 200 772
203.184.201.173 - - [14/Jan/2026:10:07:03 +0800] "GET /InternetTrading/longpoll/56419?X-Atmosphere-tracking-id=0&X-Atmosphere-Framework=2.2.3-javascript&X-Atmosphere-Transport=long-polling&X-Atmosphere-TrackMessageSize=true&Content-Type=charset%3Dutf-8&X-atmo-protocol=true&_=1768356697586 HTTP/1.1" 200 -
203.160.80.124 - - [14/Jan/2026:10:07:04 +0800] "GET /InternetTrading/longpoll/55136?X-Atmosphere-tracking-id=0&X-Atmosphere-Framework=2.2.3-javascript&X-Atmosphere-Transport=long-polling&X-Atmosphere-TrackMessageSize=true&Content-Type=charset%3Dutf-8&X-atmo-protocol=true&_=1768356697797 HTTP/1.1" 200 -
119.136.153.148 - - [14/Jan/2026:10:07:04 +0800] "GET /InternetTrading/longpoll/51803?X-Atmosphere-tracking-id=0&X-Atmosphere-Framework=2.2.3-javascript&X-Atmosphere-Transport=long-polling&X-Atmosphere-TrackMessageSize=true&Content-Type=charset%3Dutf-8&X-atmo-protocol=true&_=1768356699530 HTTP/1.1" 200 -
14.0.158.118 - - [14/Jan/2026:10:07:06 +0800] "GET /InternetTrading/longpoll/A8127?X-Atmosphere-tracking-id=0&X-Atmosphere-Framework=2.2.3-javascript&X-Atmosphere-Transport=long-polling&X-Atmosphere-TrackMessageSize=true&Content-Type=charset%3Dutf-8&X-atmo-protocol=true&_=1768356701413 HTTP/1.1" 200 -
117.24.53.13 - - [14/Jan/2026:10:07:07 +0800] "GET /InternetTrading/longpoll/M8773?X-Atmosphere-tracking-id=0&X-Atmosphere-Framework=2.2.3-javascript&X-Atmosphere-Transport=long-polling&X-Atmosphere-TrackMessageSize=true&Content-Type=charset%3Dutf-8&X-atmo-protocol=true&_=1768356701954 HTTP/1.1" 200 -
14.0.158.118 - - [14/Jan/2026:10:07:07 +0800] "POST /InternetTrading/SessionErrorLogger HTTP/1.1" 200 117
14.0.158.118 - - [14/Jan/2026:10:07:08 +0800] "POST /InternetTrading/Heartbeat HTTP/1.1" 200 32
14.0.158.118 - - [14/Jan/2026:10:07:08 +0800] "POST /InternetTrading/SessionErrorLogger HTTP/1.1" 200 117
14.0.158.118 - - [14/Jan/2026:10:07:08 +0800] "POST /InternetTrading/MarketStatus HTTP/1.1" 200 772
203.160.80.124 - - [14/Jan/2026:10:07:09 +0800] "GET /InternetTrading/longpoll/55136?X-Atmosphere-tracking-id=0&X-Atmosphere-Framework=2.2.3-javascript&X-Atmosphere-Transport=long-polling&X-Atmosphere-TrackMessageSize=true&Content-Type=charset%3Dutf-8&X-atmo-protocol=true&_=1768356703532 HTTP/1.1" 200 -
203.184.201.173 - - [14/Jan/2026:10:07:10 +0800] "GET /InternetTrading/longpoll/56419?X-Atmosphere-tracking-id=0&X-Atmosphere-Framework=2.2.3-javascript&X-Atmosphere-Transport=long-polling&X-Atmosphere-TrackMessageSize=true&Content-Type=charset%3Dutf-8&X-atmo-protocol=true&_=1768356703281 HTTP/1.1" 200 -
119.136.153.148 - - [14/Jan/2026:10:07:10 +0800] "GET /InternetTrading/longpoll/51803?X-Atmosphere-tracking-id=0&X-Atmosphere-Framework=2.2.3-javascript&X-Atmosphere-Transport=long-polling&X-Atmosphere-TrackMessageSize=true&Content-Type=charset%3Dutf-8&X-atmo-protocol=true&_=1768356705528 HTTP/1.1" 200 -
14.0.158.118 - - [14/Jan/2026:10:07:11 +0800] "GET /InternetTrading/longpoll/A8127?X-Atmosphere-tracking-id=0&X-Atmosphere-Framework=2.2.3-javascript&X-Atmosphere-Transport=long-polling&X-Atmosphere-TrackMessageSize=true&Content-Type=charset%3Dutf-8&X-atmo-protocol=true&_=1768356706588 HTTP/1.1" 200 -
203.160.80.124 - - [14/Jan/2026:10:07:11 +0800] "POST /InternetTrading/SessionErrorLogger HTTP/1.1" 200 117
203.160.80.124 - - [14/Jan/2026:10:07:11 +0800] "POST /InternetTrading/Heartbeat HTTP/1.1" 200 32
203.160.80.124 - - [14/Jan/2026:10:07:12 +0800] "POST /InternetTrading/SessionErrorLogger HTTP/1.1" 200 117
203.160.80.124 - - [14/Jan/2026:10:07:12 +0800] "POST /InternetTrading/MarketStatus HTTP/1.1" 200 772
117.24.53.13 - - [14/Jan/2026:10:07:13 +0800] "GET /InternetTrading/longpoll/M8773?X-Atmosphere-tracking-id=0&X-Atmosphere-Framework=2.2.3-javascript&X-Atmosphere-Transport=long-polling&X-Atmosphere-TrackMessageSize=true&Content-Type=charset%3Dutf-8&X-atmo-protocol=true&_=1768356707954 HTTP/1.1" 200 -
203.160.80.124 - - [14/Jan/2026:10:07:15 +0800] "GET /InternetTrading/longpoll/55136?X-Atmosphere-tracking-id=0&X-Atmosphere-Framework=2.2.3-javascript&X-Atmosphere-Transport=long-polling&X-Atmosphere-TrackMessageSize=true&Content-Type=charset%3Dutf-8&X-atmo-protocol=true&_=1768356708946 HTTP/1.1" 200 -
203.184.201.173 - - [14/Jan/2026:10:07:16 +0800] "GET /InternetTrading/longpoll/56419?X-Atmosphere-tracking-id=0&X-Atmosphere-Framework=2.2.3-javascript&X-Atmosphere-Transport=long-polling&X-Atmosphere-TrackMessageSize=true&Content-Type=charset%3Dutf-8&X-atmo-protocol=true&_=1768356710572 HTTP/1.1" 200 -
14.0.158.118 - - [14/Jan/2026:10:07:16 +0800] "GET /InternetTrading/longpoll/A8127?X-Atmosphere-tracking-id=0&X-Atmosphere-Framework=2.2.3-javascript&X-Atmosphere-Transport=long-polling&X-Atmosphere-TrackMessageSize=true&Content-Type=charset%3Dutf-8&X-atmo-protocol=true&_=1768356711663 HTTP/1.1" 200 -
119.136.153.148 - - [14/Jan/2026:10:07:16 +0800] "GET /InternetTrading/longpoll/51803?X-Atmosphere-tracking-id=0&X-Atmosphere-Framework=2.2.3-javascript&X-Atmosphere-Transport=long-polling&X-Atmosphere-TrackMessageSize=true&Content-Type=charset%3Dutf-8&X-atmo-protocol=true&_=1768356711523 HTTP/1.1" 200 -
117.24.53.13 - - [14/Jan/2026:10:07:17 +0800] "POST /InternetTrading/SessionErrorLogger HTTP/1.1" 200 117
117.24.53.13 - - [14/Jan/2026:10:07:17 +0800] "POST /InternetTrading/MarketStatus HTTP/1.1" 200 772
117.24.53.13 - - [14/Jan/2026:10:07:17 +0800] "POST /InternetTrading/SessionErrorLogger HTTP/1.1" 200 117
117.24.53.13 - - [14/Jan/2026:10:07:17 +0800] "POST /InternetTrading/Heartbeat HTTP/1.1" 200 32
117.24.53.13 - - [14/Jan/2026:10:07:19 +0800] "GET /InternetTrading/longpoll/M8773?X-Atmosphere-tracking-id=0&X-Atmosphere-Framework=2.2.3-javascript&X-Atmosphere-Transport=long-polling&X-Atmosphere-TrackMessageSize=true&Content-Type=charset%3Dutf-8&X-atmo-protocol=true&_=1768356713954 HTTP/1.1" 200 -
203.160.80.124 - - [14/Jan/2026:10:07:20 +0800] "GET /InternetTrading/longpoll/55136?X-Atmosphere-tracking-id=0&X-Atmosphere-Framework=2.2.3-javascript&X-Atmosphere-Transport=long-polling&X-Atmosphere-TrackMessageSize=true&Content-Type=charset%3Dutf-8&X-atmo-protocol=true&_=1768356714111 HTTP/1.1" 200 -
203.184.201.173 - - [14/Jan/2026:10:07:21 +0800] "GET /InternetTrading/longpoll/56419?X-Atmosphere-tracking-id=0&X-Atmosphere-Framework=2.2.3-javascript&X-Atmosphere-Transport=long-polling&X-Atmosphere-TrackMessageSize=true&Content-Type=charset%3Dutf-8&X-atmo-protocol=true&_=1768356715714 HTTP/1.1" 200 -
14.0.158.118 - - [14/Jan/2026:10:07:21 +0800] "GET /InternetTrading/longpoll/A8127?X-Atmosphere-tracking-id=0&X-Atmosphere-Framework=2.2.3-javascript&X-Atmosphere-Transport=long-polling&X-Atmosphere-TrackMessageSize=true&Content-Type=charset%3Dutf-8&X-atmo-protocol=true&_=1768356716718 HTTP/1.1" 200 -
119.136.153.148 - - [14/Jan/2026:10:07:21 +0800] "POST /InternetTrading/SessionErrorLogger HTTP/1.1" 200 117
119.136.153.148 - - [14/Jan/2026:10:07:21 +0800] "POST /InternetTrading/Heartbeat HTTP/1.1" 200 32
119.136.153.148 - - [14/Jan/2026:10:07:21 +0800] "POST /InternetTrading/SessionErrorLogger HTTP/1.1" 200 117
119.136.153.148 - - [14/Jan/2026:10:07:21 +0800] "POST /InternetTrading/MarketStatus HTTP/1.1" 200 772
119.136.153.148 - - [14/Jan/2026:10:07:22 +0800] "GET /InternetTrading/longpoll/51803?X-Atmosphere-tracking-id=0&X-Atmosphere-Framework=2.2.3-javascript&X-Atmosphere-Transport=long-polling&X-Atmosphere-TrackMessageSize=true&Content-Type=charset%3Dutf-8&X-atmo-protocol=true&_=1768356717524 HTTP/1.1" 200 -
117.24.53.13 - - [14/Jan/2026:10:07:25 +0800] "GET /InternetTrading/longpoll/M8773?X-Atmosphere-tracking-id=0&X-Atmosphere-Framework=2.2.3-javascript&X-Atmosphere-Transport=long-polling&X-Atmosphere-TrackMessageSize=true&Content-Type=charset%3Dutf-8&X-atmo-protocol=true&_=1768356719954 HTTP/1.1" 200 -
203.160.80.124 - - [14/Jan/2026:10:07:25 +0800] "GET /InternetTrading/longpoll/55136?X-Atmosphere-tracking-id=0&X-Atmosphere-Framework=2.2.3-javascript&X-Atmosphere-Transport=long-polling&X-Atmosphere-TrackMessageSize=true&Content-Type=charset%3Dutf-8&X-atmo-protocol=true&_=1768356719538 HTTP/1.1" 200 -
203.184.201.173 - - [14/Jan/2026:10:07:26 +0800] "GET /InternetTrading/longpoll/56419?X-Atmosphere-tracking-id=0&X-Atmosphere-Framework=2.2.3-javascript&X-Atmosphere-Transport=long-polling&X-Atmosphere-TrackMessageSize=true&Content-Type=charset%3Dutf-8&X-atmo-protocol=true&_=1768356720787 HTTP/1.1" 200 -
14.0.158.118 - - [14/Jan/2026:10:07:26 +0800] "GET /InternetTrading/longpoll/A8127?X-Atmosphere-tracking-id=0&X-Atmosphere-Framework=2.2.3-javascript&X-Atmosphere-Transport=long-polling&X-Atmosphere-TrackMessageSize=true&Content-Type=charset%3Dutf-8&X-atmo-protocol=true&_=1768356721928 HTTP/1.1" 200 -
119.136.153.148 - - [14/Jan/2026:10:07:28 +0800] "GET /InternetTrading/longpoll/51803?X-Atmosphere-tracking-id=0&X-Atmosphere-Framework=2.2.3-javascript&X-Atmosphere-Transport=long-polling&X-Atmosphere-TrackMessageSize=true&Content-Type=charset%3Dutf-8&X-atmo-protocol=true&_=1768356723529 HTTP/1.1" 200 -
203.184.201.173 - - [14/Jan/2026:10:07:30 +0800] "POST /InternetTrading/SessionErrorLogger HTTP/1.1" 200 117
203.184.201.173 - - [14/Jan/2026:10:07:30 +0800] "POST /InternetTrading/Heartbeat HTTP/1.1" 200 32
203.184.201.173 - - [14/Jan/2026:10:07:31 +0800] "GET /InternetTrading/longpoll/56419?X-Atmosphere-tracking-id=0&X-Atmosphere-Framework=2.2.3-javascript&X-Atmosphere-Transport=long-polling&X-Atmosphere-TrackMessageSize=true&Content-Type=charset%3Dutf-8&X-atmo-protocol=true&_=1768356725849 HTTP/1.1" 200 -
203.160.80.124 - - [14/Jan/2026:10:07:31 +0800] "GET /InternetTrading/longpoll/55136?X-Atmosphere-tracking-id=0&X-Atmosphere-Framework=2.2.3-javascript&X-Atmosphere-Transport=long-polling&X-Atmosphere-TrackMessageSize=true&Content-Type=charset%3Dutf-8&X-atmo-protocol=true&_=1768356724970 HTTP/1.1" 200 -
117.24.53.13 - - [14/Jan/2026:10:07:31 +0800] "GET /InternetTrading/longpoll/M8773?X-Atmosphere-tracking-id=0&X-Atmosphere-Framework=2.2.3-javascript&X-Atmosphere-Transport=long-polling&X-Atmosphere-TrackMessageSize=true&Content-Type=charset%3Dutf-8&X-atmo-protocol=true&_=1768356725954 HTTP/1.1" 200 -
14.0.158.118 - - [14/Jan/2026:10:07:31 +0800] "GET /InternetTrading/longpoll/A8127?X-Atmosphere-tracking-id=0&X-Atmosphere-Framework=2.2.3-javascript&X-Atmosphere-Transport=long-polling&X-Atmosphere-TrackMessageSize=true&Content-Type=charset%3Dutf-8&X-atmo-protocol=true&_=1768356727104 HTTP/1.1" 200 -
203.184.201.173 - - [14/Jan/2026:10:07:32 +0800] "POST /InternetTrading/SessionErrorLogger HTTP/1.1" 200 117
203.184.201.173 - - [14/Jan/2026:10:07:32 +0800] "POST /InternetTrading/MarketStatus HTTP/1.1" 200 772
119.136.153.148 - - [14/Jan/2026:10:07:34 +0800] "GET /InternetTrading/longpoll/51803?X-Atmosphere-tracking-id=0&X-Atmosphere-Framework=2.2.3-javascript&X-Atmosphere-Transport=long-polling&X-Atmosphere-TrackMessageSize=true&Content-Type=charset%3Dutf-8&X-atmo-protocol=true&_=1768356729523 HTTP/1.1" 200 -
203.184.201.173 - - [14/Jan/2026:10:07:36 +0800] "GET /InternetTrading/longpoll/56419?X-Atmosphere-tracking-id=0&X-Atmosphere-Framework=2.2.3-javascript&X-Atmosphere-Transport=long-polling&X-Atmosphere-TrackMessageSize=true&Content-Type=charset%3Dutf-8&X-atmo-protocol=true&_=1768356730876 HTTP/1.1" 200 -
203.160.80.124 - - [14/Jan/2026:10:07:36 +0800] "GET /InternetTrading/longpoll/55136?X-Atmosphere-tracking-id=0&X-Atmosphere-Framework=2.2.3-javascript&X-Atmosphere-Transport=long-polling&X-Atmosphere-TrackMessageSize=true&Content-Type=charset%3Dutf-8&X-atmo-protocol=true&_=1768356730415 HTTP/1.1" 200 -
14.0.158.118 - - [14/Jan/2026:10:07:37 +0800] "GET /InternetTrading/longpoll/A8127?X-Atmosphere-tracking-id=0&X-Atmosphere-Framework=2.2.3-javascript&X-Atmosphere-Transport=long-polling&X-Atmosphere-TrackMessageSize=true&Content-Type=charset%3Dutf-8&X-atmo-protocol=true&_=1768356732310 HTTP/1.1" 200 -
117.24.53.13 - - [14/Jan/2026:10:07:37 +0800] "GET /InternetTrading/longpoll/M8773?X-Atmosphere-tracking-id=0&X-Atmosphere-Framework=2.2.3-javascript&X-Atmosphere-Transport=long-polling&X-Atmosphere-TrackMessageSize=true&Content-Type=charset%3Dutf-8&X-atmo-protocol=true&_=1768356731954 HTTP/1.1" 200 -
14.0.158.118 - - [14/Jan/2026:10:07:38 +0800] "POST /InternetTrading/SessionErrorLogger HTTP/1.1" 200 117
14.0.158.118 - - [14/Jan/2026:10:07:38 +0800] "POST /InternetTrading/Heartbeat HTTP/1.1" 200 32
14.0.158.118 - - [14/Jan/2026:10:07:38 +0800] "POST /InternetTrading/SessionErrorLogger HTTP/1.1" 200 117
14.0.158.118 - - [14/Jan/2026:10:07:38 +0800] "POST /InternetTrading/MarketStatus HTTP/1.1" 200 772
119.136.153.148 - - [14/Jan/2026:10:07:40 +0800] "GET /InternetTrading/longpoll/51803?X-Atmosphere-tracking-id=0&X-Atmosphere-Framework=2.2.3-javascript&X-Atmosphere-Transport=long-polling&X-Atmosphere-TrackMessageSize=true&Content-Type=charset%3Dutf-8&X-atmo-protocol=true&_=1768356735526 HTTP/1.1" 200 -
203.184.201.173 - - [14/Jan/2026:10:07:41 +0800] "GET /InternetTrading/longpoll/56419?X-Atmosphere-tracking-id=0&X-Atmosphere-Framework=2.2.3-javascript&X-Atmosphere-Transport=long-polling&X-Atmosphere-TrackMessageSize=true&Content-Type=charset%3Dutf-8&X-atmo-protocol=true&_=1768356735900 HTTP/1.1" 200 -
203.160.80.124 - - [14/Jan/2026:10:07:41 +0800] "POST /InternetTrading/SessionErrorLogger HTTP/1.1" 200 117
203.160.80.124 - - [14/Jan/2026:10:07:41 +0800] "POST /InternetTrading/Heartbeat HTTP/1.1" 200 32
203.160.80.124 - - [14/Jan/2026:10:07:42 +0800] "GET /InternetTrading/longpoll/55136?X-Atmosphere-tracking-id=0&X-Atmosphere-Framework=2.2.3-javascript&X-Atmosphere-Transport=long-polling&X-Atmosphere-TrackMessageSize=true&Content-Type=charset%3Dutf-8&X-atmo-protocol=true&_=1768356735856 HTTP/1.1" 200 -
14.0.158.118 - - [14/Jan/2026:10:07:42 +0800] "GET /InternetTrading/longpoll/A8127?X-Atmosphere-tracking-id=0&X-Atmosphere-Framework=2.2.3-javascript&X-Atmosphere-Transport=long-polling&X-Atmosphere-TrackMessageSize=true&Content-Type=charset%3Dutf-8&X-atmo-protocol=true&_=1768356737518 HTTP/1.1" 200 -
203.160.80.124 - - [14/Jan/2026:10:07:42 +0800] "POST /InternetTrading/SessionErrorLogger HTTP/1.1" 200 117
203.160.80.124 - - [14/Jan/2026:10:07:42 +0800] "POST /InternetTrading/MarketStatus HTTP/1.1" 200 772
117.24.53.13 - - [14/Jan/2026:10:07:43 +0800] "GET /InternetTrading/longpoll/M8773?X-Atmosphere-tracking-id=0&X-Atmosphere-Framework=2.2.3-javascript&X-Atmosphere-Transport=long-polling&X-Atmosphere-TrackMessageSize=true&Content-Type=charset%3Dutf-8&X-atmo-protocol=true&_=1768356737954 HTTP/1.1" 200 -
203.184.201.173 - - [14/Jan/2026:10:07:46 +0800] "GET /InternetTrading/longpoll/56419?X-Atmosphere-tracking-id=0&X-Atmosphere-Framework=2.2.3-javascript&X-Atmosphere-Transport=long-polling&X-Atmosphere-TrackMessageSize=true&Content-Type=charset%3Dutf-8&X-atmo-protocol=true&_=1768356740932 HTTP/1.1" 200 -
119.136.153.148 - - [14/Jan/2026:10:07:46 +0800] "GET /InternetTrading/longpoll/51803?X-Atmosphere-tracking-id=0&X-Atmosphere-Framework=2.2.3-javascript&X-Atmosphere-Transport=long-polling&X-Atmosphere-TrackMessageSize=true&Content-Type=charset%3Dutf-8&X-atmo-protocol=true&_=1768356741517 HTTP/1.1" 200 -
203.160.80.124 - - [14/Jan/2026:10:07:47 +0800] "GET /InternetTrading/longpoll/55136?X-Atmosphere-tracking-id=0&X-Atmosphere-Framework=2.2.3-javascript&X-Atmosphere-Transport=long-polling&X-Atmosphere-TrackMessageSize=true&Content-Type=charset%3Dutf-8&X-atmo-protocol=true&_=1768356740999 HTTP/1.1" 200 -
14.0.158.118 - - [14/Jan/2026:10:07:47 +0800] "GET /InternetTrading/longpoll/A8127?X-Atmosphere-tracking-id=0&X-Atmosphere-Framework=2.2.3-javascript&X-Atmosphere-Transport=long-polling&X-Atmosphere-TrackMessageSize=true&Content-Type=charset%3Dutf-8&X-atmo-protocol=true&_=1768356742608 HTTP/1.1" 200 -
