119.136.155.129 - - [22/Jan/2026:09:38:42 +0800] "GET /InternetTrading/longpoll/51803?X-Atmosphere-tracking-id=0&X-Atmosphere-Framework=2.2.3-javascript&X-Atmosphere-Transport=long-polling&X-Atmosphere-TrackMessageSize=true&Content-Type=charset%3Dutf-8&X-atmo-protocol=true&_=1769046217223 HTTP/1.1" 200 -
58.152.215.40 - - [22/Jan/2026:09:38:44 +0800] "POST /InternetTrading/SessionErrorLogger HTTP/1.1" 200 117
58.152.215.40 - - [22/Jan/2026:09:38:44 +0800] "POST /InternetTrading/Heartbeat HTTP/1.1" 200 32
58.152.215.40 - - [22/Jan/2026:09:38:44 +0800] "POST /InternetTrading/SessionErrorLogger HTTP/1.1" 200 117
58.152.215.40 - - [22/Jan/2026:09:38:44 +0800] "POST /InternetTrading/MarketStatus HTTP/1.1" 200 772
221.124.232.198 - - [22/Jan/2026:09:38:44 +0800] "GET /InternetTrading/longpoll/13519?X-Atmosphere-tracking-id=0&X-Atmosphere-Framework=2.2.3-javascript&X-Atmosphere-Transport=long-polling&X-Atmosphere-TrackMessageSize=true&Content-Type=charset%3Dutf-8&X-atmo-protocol=true&_=1769046209279 HTTP/1.1" 200 -
58.152.215.40 - - [22/Jan/2026:09:38:46 +0800] "GET /InternetTrading/longpoll/55136?X-Atmosphere-tracking-id=0&X-Atmosphere-Framework=2.2.3-javascript&X-Atmosphere-Transport=long-polling&X-Atmosphere-TrackMessageSize=true&Content-Type=charset%3Dutf-8&X-atmo-protocol=true&_=1769046210454 HTTP/1.1" 200 -
14.0.173.64 - - [22/Jan/2026:09:38:46 +0800] "GET /InternetTrading/longpoll/A8127?X-Atmosphere-tracking-id=0&X-Atmosphere-Framework=2.2.3-javascript&X-Atmosphere-Transport=long-polling&X-Atmosphere-TrackMessageSize=true&Content-Type=charset%3Dutf-8&X-atmo-protocol=true&_=1769046211803 HTTP/1.1" 200 -
116.48.142.110 - - [22/Jan/2026:09:38:47 +0800] "GET /InternetTrading/longpoll/56231?X-Atmosphere-tracking-id=0&X-Atmosphere-Framework=2.2.3-javascript&X-Atmosphere-Transport=long-polling&X-Atmosphere-TrackMessageSize=true&Content-Type=charset%3Dutf-8&X-atmo-protocol=true&_=1769046209627 HTTP/1.1" 200 -
119.136.155.129 - - [22/Jan/2026:09:38:48 +0800] "GET /InternetTrading/longpoll/51803?X-Atmosphere-tracking-id=0&X-Atmosphere-Framework=2.2.3-javascript&X-Atmosphere-Transport=long-polling&X-Atmosphere-TrackMessageSize=true&Content-Type=charset%3Dutf-8&X-atmo-protocol=true&_=1769046223223 HTTP/1.1" 200 -
58.152.215.40 - - [22/Jan/2026:09:38:51 +0800] "GET /InternetTrading/longpoll/55136?X-Atmosphere-tracking-id=0&X-Atmosphere-Framework=2.2.3-javascript&X-Atmosphere-Transport=long-polling&X-Atmosphere-TrackMessageSize=true&Content-Type=charset%3Dutf-8&X-atmo-protocol=true&_=1769046215474 HTTP/1.1" 200 -
221.124.232.198 - - [22/Jan/2026:09:38:51 +0800] "GET /InternetTrading/longpoll/13519?X-Atmosphere-tracking-id=0&X-Atmosphere-Framework=2.2.3-javascript&X-Atmosphere-Transport=long-polling&X-Atmosphere-TrackMessageSize=true&Content-Type=charset%3Dutf-8&X-atmo-protocol=true&_=1769046215288 HTTP/1.1" 200 -
14.0.173.64 - - [22/Jan/2026:09:38:51 +0800] "GET /InternetTrading/longpoll/A8127?X-Atmosphere-tracking-id=0&X-Atmosphere-Framework=2.2.3-javascript&X-Atmosphere-Transport=long-polling&X-Atmosphere-TrackMessageSize=true&Content-Type=charset%3Dutf-8&X-atmo-protocol=true&_=1769046216984 HTTP/1.1" 200 -
116.48.142.110 - - [22/Jan/2026:09:38:52 +0800] "GET /InternetTrading/longpoll/56231?X-Atmosphere-tracking-id=0&X-Atmosphere-Framework=2.2.3-javascript&X-Atmosphere-Transport=long-polling&X-Atmosphere-TrackMessageSize=true&Content-Type=charset%3Dutf-8&X-atmo-protocol=true&_=1769046214688 HTTP/1.1" 200 -
119.136.155.129 - - [22/Jan/2026:09:38:53 +0800] "GET /InternetTrading/longpoll/51803?X-Atmosphere-tracking-id=0&X-Atmosphere-Framework=2.2.3-javascript&X-Atmosphere-Transport=long-polling&X-Atmosphere-TrackMessageSize=true&Content-Type=charset%3Dutf-8&X-atmo-protocol=true&_=1769046228282 HTTP/1.1" 200 -
58.152.215.40 - - [22/Jan/2026:09:38:56 +0800] "GET /InternetTrading/longpoll/55136?X-Atmosphere-tracking-id=0&X-Atmosphere-Framework=2.2.3-javascript&X-Atmosphere-Transport=long-polling&X-Atmosphere-TrackMessageSize=true&Content-Type=charset%3Dutf-8&X-atmo-protocol=true&_=1769046220523 HTTP/1.1" 200 -
221.124.232.198 - - [22/Jan/2026:09:38:56 +0800] "GET /InternetTrading/longpoll/13519?X-Atmosphere-tracking-id=0&X-Atmosphere-Framework=2.2.3-javascript&X-Atmosphere-Transport=long-polling&X-Atmosphere-TrackMessageSize=true&Content-Type=charset%3Dutf-8&X-atmo-protocol=true&_=1769046221277 HTTP/1.1" 200 -
14.0.173.64 - - [22/Jan/2026:09:38:56 +0800] "GET /InternetTrading/longpoll/A8127?X-Atmosphere-tracking-id=0&X-Atmosphere-Framework=2.2.3-javascript&X-Atmosphere-Transport=long-polling&X-Atmosphere-TrackMessageSize=true&Content-Type=charset%3Dutf-8&X-atmo-protocol=true&_=1769046222352 HTTP/1.1" 200 -
116.48.142.110 - - [22/Jan/2026:09:38:57 +0800] "GET /InternetTrading/longpoll/56231?X-Atmosphere-tracking-id=0&X-Atmosphere-Framework=2.2.3-javascript&X-Atmosphere-Transport=long-polling&X-Atmosphere-TrackMessageSize=true&Content-Type=charset%3Dutf-8&X-atmo-protocol=true&_=1769046219744 HTTP/1.1" 200 -
116.48.142.110 - - [22/Jan/2026:09:38:57 +0800] "GET /InternetTrading/jquery/images/ui-icons_888888_256x240.png HTTP/1.1" 200 6999
14.0.173.64 - - [22/Jan/2026:09:38:58 +0800] "POST /InternetTrading/SessionErrorLogger HTTP/1.1" 200 117
14.0.173.64 - - [22/Jan/2026:09:38:58 +0800] "POST /InternetTrading/Heartbeat HTTP/1.1" 200 32
14.0.173.64 - - [22/Jan/2026:09:38:58 +0800] "POST /InternetTrading/SessionErrorLogger HTTP/1.1" 200 117
14.0.173.64 - - [22/Jan/2026:09:38:58 +0800] "POST /InternetTrading/MarketStatus HTTP/1.1" 200 772
119.136.155.129 - - [22/Jan/2026:09:38:59 +0800] "GET /InternetTrading/longpoll/51803?X-Atmosphere-tracking-id=0&X-Atmosphere-Framework=2.2.3-javascript&X-Atmosphere-Transport=long-polling&X-Atmosphere-TrackMessageSize=true&Content-Type=charset%3Dutf-8&X-atmo-protocol=true&_=1769046233337 HTTP/1.1" 200 -
27.155.98.238 - - [22/Jan/2026:09:38:59 +0800] "POST /InternetTrading/Heartbeat2FAService HTTP/1.1" 200 1
58.152.215.40 - - [22/Jan/2026:09:39:01 +0800] "GET /InternetTrading/longpoll/55136?X-Atmosphere-tracking-id=0&X-Atmosphere-Framework=2.2.3-javascript&X-Atmosphere-Transport=long-polling&X-Atmosphere-TrackMessageSize=true&Content-Type=charset%3Dutf-8&X-atmo-protocol=true&_=1769046225572 HTTP/1.1" 200 -
14.0.173.64 - - [22/Jan/2026:09:39:02 +0800] "GET /InternetTrading/longpoll/A8127?X-Atmosphere-tracking-id=0&X-Atmosphere-Framework=2.2.3-javascript&X-Atmosphere-Transport=long-polling&X-Atmosphere-TrackMessageSize=true&Content-Type=charset%3Dutf-8&X-atmo-protocol=true&_=1769046227592 HTTP/1.1" 200 -
116.48.142.110 - - [22/Jan/2026:09:39:02 +0800] "GET /InternetTrading/longpoll/56231?X-Atmosphere-tracking-id=0&X-Atmosphere-Framework=2.2.3-javascript&X-Atmosphere-Transport=long-polling&X-Atmosphere-TrackMessageSize=true&Content-Type=charset%3Dutf-8&X-atmo-protocol=true&_=1769046224841 HTTP/1.1" 200 -
116.48.142.110 - - [22/Jan/2026:09:39:02 +0800] "POST /InternetTrading/SessionErrorLogger HTTP/1.1" 200 117
119.136.155.129 - - [22/Jan/2026:09:39:02 +0800] "POST /InternetTrading/SessionErrorLogger HTTP/1.1" 200 117
119.136.155.129 - - [22/Jan/2026:09:39:02 +0800] "POST /InternetTrading/Heartbeat HTTP/1.1" 200 32
221.124.232.198 - - [22/Jan/2026:09:39:02 +0800] "GET /InternetTrading/longpoll/13519?X-Atmosphere-tracking-id=0&X-Atmosphere-Framework=2.2.3-javascript&X-Atmosphere-Transport=long-polling&X-Atmosphere-TrackMessageSize=true&Content-Type=charset%3Dutf-8&X-atmo-protocol=true&_=1769046227282 HTTP/1.1" 200 -
116.48.142.110 - - [22/Jan/2026:09:39:02 +0800] "POST /InternetTrading/Product HTTP/1.1" 200 318
119.136.155.129 - - [22/Jan/2026:09:39:02 +0800] "POST /InternetTrading/SessionErrorLogger HTTP/1.1" 200 117
119.136.155.129 - - [22/Jan/2026:09:39:02 +0800] "POST /InternetTrading/MarketStatus HTTP/1.1" 200 772
116.48.142.110 - - [22/Jan/2026:09:39:03 +0800] "POST /InternetTrading/SessionErrorLogger HTTP/1.1" 200 117
116.48.142.110 - - [22/Jan/2026:09:39:03 +0800] "GET /InternetTrading/tc/sell_ticket.html? HTTP/1.1" 200 2261
116.48.142.110 - - [22/Jan/2026:09:39:03 +0800] "POST /InternetTrading/SessionErrorLogger HTTP/1.1" 200 117
116.48.142.110 - - [22/Jan/2026:09:39:03 +0800] "POST /InternetTrading/MarketStatus HTTP/1.1" 200 772
116.48.142.110 - - [22/Jan/2026:09:39:03 +0800] "POST /InternetTrading/SessionErrorLogger HTTP/1.1" 200 117
116.48.142.110 - - [22/Jan/2026:09:39:03 +0800] "POST /InternetTrading/MarketStatus HTTP/1.1" 200 772
116.48.142.110 - - [22/Jan/2026:09:39:03 +0800] "POST /InternetTrading/SessionErrorLogger HTTP/1.1" 200 117
116.48.142.110 - - [22/Jan/2026:09:39:03 +0800] "POST /InternetTrading/SessionErrorLogger HTTP/1.1" 200 117
116.48.142.110 - - [22/Jan/2026:09:39:03 +0800] "POST /InternetTrading/Product HTTP/1.1" 200 318
116.48.142.110 - - [22/Jan/2026:09:39:03 +0800] "POST /InternetTrading/OrderMaxQuantity HTTP/1.1" 200 11
119.136.155.129 - - [22/Jan/2026:09:39:04 +0800] "GET /InternetTrading/longpoll/51803?X-Atmosphere-tracking-id=0&X-Atmosphere-Framework=2.2.3-javascript&X-Atmosphere-Transport=long-polling&X-Atmosphere-TrackMessageSize=true&Content-Type=charset%3Dutf-8&X-atmo-protocol=true&_=1769046238397 HTTP/1.1" 200 -
58.152.215.40 - - [22/Jan/2026:09:39:06 +0800] "GET /InternetTrading/longpoll/55136?X-Atmosphere-tracking-id=0&X-Atmosphere-Framework=2.2.3-javascript&X-Atmosphere-Transport=long-polling&X-Atmosphere-TrackMessageSize=true&Content-Type=charset%3Dutf-8&X-atmo-protocol=true&_=1769046230603 HTTP/1.1" 200 -
116.48.142.110 - - [22/Jan/2026:09:39:06 +0800] "POST /InternetTrading/SessionErrorLogger HTTP/1.1" 200 117
116.48.142.110 - - [22/Jan/2026:09:39:06 +0800] "POST /InternetTrading/Product HTTP/1.1" 200 318
116.48.142.110 - - [22/Jan/2026:09:39:06 +0800] "POST /InternetTrading/SessionErrorLogger HTTP/1.1" 200 117
116.48.142.110 - - [22/Jan/2026:09:39:06 +0800] "POST /InternetTrading/OrderMaxQuantity HTTP/1.1" 200 11
116.48.142.110 - - [22/Jan/2026:09:39:06 +0800] "POST /InternetTrading/SessionErrorLogger HTTP/1.1" 200 117
116.48.142.110 - - [22/Jan/2026:09:39:06 +0800] "GET /InternetTrading/tc/buy_ticket.html? HTTP/1.1" 200 1995
116.48.142.110 - - [22/Jan/2026:09:39:06 +0800] "POST /InternetTrading/SessionErrorLogger HTTP/1.1" 200 117
116.48.142.110 - - [22/Jan/2026:09:39:06 +0800] "POST /InternetTrading/SessionErrorLogger HTTP/1.1" 200 117
116.48.142.110 - - [22/Jan/2026:09:39:06 +0800] "POST /InternetTrading/MarketStatus HTTP/1.1" 200 772
116.48.142.110 - - [22/Jan/2026:09:39:06 +0800] "POST /InternetTrading/SessionErrorLogger HTTP/1.1" 200 117
116.48.142.110 - - [22/Jan/2026:09:39:06 +0800] "POST /InternetTrading/MarketStatus HTTP/1.1" 200 772
116.48.142.110 - - [22/Jan/2026:09:39:06 +0800] "POST /InternetTrading/Product HTTP/1.1" 200 318
116.48.142.110 - - [22/Jan/2026:09:39:07 +0800] "POST /InternetTrading/SessionErrorLogger HTTP/1.1" 200 117
116.48.142.110 - - [22/Jan/2026:09:39:07 +0800] "POST /InternetTrading/Product HTTP/1.1" 200 318
116.48.142.110 - - [22/Jan/2026:09:39:07 +0800] "POST /InternetTrading/SessionErrorLogger HTTP/1.1" 200 117
116.48.142.110 - - [22/Jan/2026:09:39:07 +0800] "GET /InternetTrading/tc/sell_ticket.html? HTTP/1.1" 200 2261
14.0.173.64 - - [22/Jan/2026:09:39:07 +0800] "GET /InternetTrading/longpoll/A8127?X-Atmosphere-tracking-id=0&X-Atmosphere-Framework=2.2.3-javascript&X-Atmosphere-Transport=long-polling&X-Atmosphere-TrackMessageSize=true&Content-Type=charset%3Dutf-8&X-atmo-protocol=true&_=1769046232671 HTTP/1.1" 200 -
116.48.142.110 - - [22/Jan/2026:09:39:07 +0800] "POST /InternetTrading/SessionErrorLogger HTTP/1.1" 200 117
116.48.142.110 - - [22/Jan/2026:09:39:07 +0800] "POST /InternetTrading/SessionErrorLogger HTTP/1.1" 200 117
116.48.142.110 - - [22/Jan/2026:09:39:07 +0800] "POST /InternetTrading/MarketStatus HTTP/1.1" 200 772
116.48.142.110 - - [22/Jan/2026:09:39:07 +0800] "POST /InternetTrading/MarketStatus HTTP/1.1" 200 772
116.48.142.110 - - [22/Jan/2026:09:39:07 +0800] "POST /InternetTrading/SessionErrorLogger HTTP/1.1" 200 117
116.48.142.110 - - [22/Jan/2026:09:39:07 +0800] "POST /InternetTrading/SessionErrorLogger HTTP/1.1" 200 117
116.48.142.110 - - [22/Jan/2026:09:39:07 +0800] "POST /InternetTrading/Product HTTP/1.1" 200 318
116.48.142.110 - - [22/Jan/2026:09:39:07 +0800] "POST /InternetTrading/OrderMaxQuantity HTTP/1.1" 200 11
116.48.142.110 - - [22/Jan/2026:09:39:07 +0800] "GET /InternetTrading/longpoll/56231?X-Atmosphere-tracking-id=0&X-Atmosphere-Framework=2.2.3-javascript&X-Atmosphere-Transport=long-polling&X-Atmosphere-TrackMessageSize=true&Content-Type=charset%3Dutf-8&X-atmo-protocol=true&_=1769046230018 HTTP/1.1" 200 -
221.124.232.198 - - [22/Jan/2026:09:39:07 +0800] "POST /InternetTrading/SessionErrorLogger HTTP/1.1" 200 117
221.124.232.198 - - [22/Jan/2026:09:39:07 +0800] "POST /InternetTrading/Heartbeat HTTP/1.1" 200 32
221.124.232.198 - - [22/Jan/2026:09:39:08 +0800] "POST /InternetTrading/SessionErrorLogger HTTP/1.1" 200 117
221.124.232.198 - - [22/Jan/2026:09:39:08 +0800] "POST /InternetTrading/MarketStatus HTTP/1.1" 200 772
221.124.232.198 - - [22/Jan/2026:09:39:08 +0800] "GET /InternetTrading/longpoll/13519?X-Atmosphere-tracking-id=0&X-Atmosphere-Framework=2.2.3-javascript&X-Atmosphere-Transport=long-polling&X-Atmosphere-TrackMessageSize=true&Content-Type=charset%3Dutf-8&X-atmo-protocol=true&_=1769046233274 HTTP/1.1" 200 -
119.136.155.129 - - [22/Jan/2026:09:39:09 +0800] "GET /InternetTrading/longpoll/51803?X-Atmosphere-tracking-id=0&X-Atmosphere-Framework=2.2.3-javascript&X-Atmosphere-Transport=long-polling&X-Atmosphere-TrackMessageSize=true&Content-Type=charset%3Dutf-8&X-atmo-protocol=true&_=1769046243431 HTTP/1.1" 200 -
116.48.142.110 - - [22/Jan/2026:09:39:09 +0800] "POST /InternetTrading/SessionErrorLogger HTTP/1.1" 200 117
116.48.142.110 - - [22/Jan/2026:09:39:09 +0800] "POST /InternetTrading/Heartbeat HTTP/1.1" 200 32
58.152.215.40 - - [22/Jan/2026:09:39:11 +0800] "GET /InternetTrading/longpoll/55136?X-Atmosphere-tracking-id=0&X-Atmosphere-Framework=2.2.3-javascript&X-Atmosphere-Transport=long-polling&X-Atmosphere-TrackMessageSize=true&Content-Type=charset%3Dutf-8&X-atmo-protocol=true&_=1769046235631 HTTP/1.1" 200 -
14.0.173.64 - - [22/Jan/2026:09:39:12 +0800] "GET /InternetTrading/longpoll/A8127?X-Atmosphere-tracking-id=0&X-Atmosphere-Framework=2.2.3-javascript&X-Atmosphere-Transport=long-polling&X-Atmosphere-TrackMessageSize=true&Content-Type=charset%3Dutf-8&X-atmo-protocol=true&_=1769046237822 HTTP/1.1" 200 -
116.48.142.110 - - [22/Jan/2026:09:39:12 +0800] "GET /InternetTrading/longpoll/56231?X-Atmosphere-tracking-id=0&X-Atmosphere-Framework=2.2.3-javascript&X-Atmosphere-Transport=long-polling&X-Atmosphere-TrackMessageSize=true&Content-Type=charset%3Dutf-8&X-atmo-protocol=true&_=1769046235053 HTTP/1.1" 200 -
119.136.155.129 - - [22/Jan/2026:09:39:14 +0800] "GET /InternetTrading/longpoll/51803?X-Atmosphere-tracking-id=0&X-Atmosphere-Framework=2.2.3-javascript&X-Atmosphere-Transport=long-polling&X-Atmosphere-TrackMessageSize=true&Content-Type=charset%3Dutf-8&X-atmo-protocol=true&_=1769046248465 HTTP/1.1" 200 -
58.152.215.40 - - [22/Jan/2026:09:39:14 +0800] "POST /InternetTrading/SessionErrorLogger HTTP/1.1" 200 117
58.152.215.40 - - [22/Jan/2026:09:39:14 +0800] "POST /InternetTrading/Heartbeat HTTP/1.1" 200 32
58.152.215.40 - - [22/Jan/2026:09:39:14 +0800] "POST /InternetTrading/SessionErrorLogger HTTP/1.1" 200 117
58.152.215.40 - - [22/Jan/2026:09:39:14 +0800] "POST /InternetTrading/MarketStatus HTTP/1.1" 200 772
221.124.232.198 - - [22/Jan/2026:09:39:14 +0800] "GET /InternetTrading/longpoll/13519?X-Atmosphere-tracking-id=0&X-Atmosphere-Framework=2.2.3-javascript&X-Atmosphere-Transport=long-polling&X-Atmosphere-TrackMessageSize=true&Content-Type=charset%3Dutf-8&X-atmo-protocol=true&_=1769046239263 HTTP/1.1" 200 -
58.152.215.40 - - [22/Jan/2026:09:39:16 +0800] "GET /InternetTrading/longpoll/55136?X-Atmosphere-tracking-id=0&X-Atmosphere-Framework=2.2.3-javascript&X-Atmosphere-Transport=long-polling&X-Atmosphere-TrackMessageSize=true&Content-Type=charset%3Dutf-8&X-atmo-protocol=true&_=1769046240654 HTTP/1.1" 200 -
14.0.173.64 - - [22/Jan/2026:09:39:17 +0800] "GET /InternetTrading/longpoll/A8127?X-Atmosphere-tracking-id=0&X-Atmosphere-Framework=2.2.3-javascript&X-Atmosphere-Transport=long-polling&X-Atmosphere-TrackMessageSize=true&Content-Type=charset%3Dutf-8&X-atmo-protocol=true&_=1769046242977 HTTP/1.1" 200 -
116.48.142.110 - - [22/Jan/2026:09:39:17 +0800] "GET /InternetTrading/longpoll/56231?X-Atmosphere-tracking-id=0&X-Atmosphere-Framework=2.2.3-javascript&X-Atmosphere-Transport=long-polling&X-Atmosphere-TrackMessageSize=true&Content-Type=charset%3Dutf-8&X-atmo-protocol=true&_=1769046240170 HTTP/1.1" 200 -
119.136.155.129 - - [22/Jan/2026:09:39:19 +0800] "GET /InternetTrading/longpoll/51803?X-Atmosphere-tracking-id=0&X-Atmosphere-Framework=2.2.3-javascript&X-Atmosphere-Transport=long-polling&X-Atmosphere-TrackMessageSize=true&Content-Type=charset%3Dutf-8&X-atmo-protocol=true&_=1769046253533 HTTP/1.1" 200 -
221.124.232.198 - - [22/Jan/2026:09:39:21 +0800] "GET /InternetTrading/longpoll/13519?X-Atmosphere-tracking-id=0&X-Atmosphere-Framework=2.2.3-javascript&X-Atmosphere-Transport=long-polling&X-Atmosphere-TrackMessageSize=true&Content-Type=charset%3Dutf-8&X-atmo-protocol=true&_=1769046245259 HTTP/1.1" 200 -
58.152.215.40 - - [22/Jan/2026:09:39:21 +0800] "GET /InternetTrading/longpoll/55136?X-Atmosphere-tracking-id=0&X-Atmosphere-Framework=2.2.3-javascript&X-Atmosphere-Transport=long-polling&X-Atmosphere-TrackMessageSize=true&Content-Type=charset%3Dutf-8&X-atmo-protocol=true&_=1769046245666 HTTP/1.1" 200 -
14.0.173.64 - - [22/Jan/2026:09:39:22 +0800] "GET /InternetTrading/longpoll/A8127?X-Atmosphere-tracking-id=0&X-Atmosphere-Framework=2.2.3-javascript&X-Atmosphere-Transport=long-polling&X-Atmosphere-TrackMessageSize=true&Content-Type=charset%3Dutf-8&X-atmo-protocol=true&_=1769046248105 HTTP/1.1" 200 -
116.48.142.110 - - [22/Jan/2026:09:39:22 +0800] "GET /InternetTrading/longpoll/56231?X-Atmosphere-tracking-id=0&X-Atmosphere-Framework=2.2.3-javascript&X-Atmosphere-Transport=long-polling&X-Atmosphere-TrackMessageSize=true&Content-Type=charset%3Dutf-8&X-atmo-protocol=true&_=1769046245219 HTTP/1.1" 200 -
119.136.155.129 - - [22/Jan/2026:09:39:24 +0800] "GET /InternetTrading/longpoll/51803?X-Atmosphere-tracking-id=0&X-Atmosphere-Framework=2.2.3-javascript&X-Atmosphere-Transport=long-polling&X-Atmosphere-TrackMessageSize=true&Content-Type=charset%3Dutf-8&X-atmo-protocol=true&_=1769046258596 HTTP/1.1" 200 -
58.152.215.40 - - [22/Jan/2026:09:39:26 +0800] "GET /InternetTrading/longpoll/55136?X-Atmosphere-tracking-id=0&X-Atmosphere-Framework=2.2.3-javascript&X-Atmosphere-Transport=long-polling&X-Atmosphere-TrackMessageSize=true&Content-Type=charset%3Dutf-8&X-atmo-protocol=true&_=1769046250690 HTTP/1.1" 200 -
116.48.142.110 - - [22/Jan/2026:09:39:26 +0800] "POST /InternetTrading/SessionErrorLogger HTTP/1.1" 200 117
116.48.142.110 - - [22/Jan/2026:09:39:26 +0800] "POST /InternetTrading/Product HTTP/1.1" 200 318
116.48.142.110 - - [22/Jan/2026:09:39:26 +0800] "POST /InternetTrading/SessionErrorLogger HTTP/1.1" 200 117
116.48.142.110 - - [22/Jan/2026:09:39:26 +0800] "POST /InternetTrading/SessionErrorLogger HTTP/1.1" 200 117
116.48.142.110 - - [22/Jan/2026:09:39:26 +0800] "POST /InternetTrading/OrderMaxQuantity HTTP/1.1" 200 11
116.48.142.110 - - [22/Jan/2026:09:39:26 +0800] "GET /InternetTrading/tc/buy_ticket.html? HTTP/1.1" 200 1995
116.48.142.110 - - [22/Jan/2026:09:39:26 +0800] "POST /InternetTrading/SessionErrorLogger HTTP/1.1" 200 117
116.48.142.110 - - [22/Jan/2026:09:39:26 +0800] "POST /InternetTrading/SessionErrorLogger HTTP/1.1" 200 117
116.48.142.110 - - [22/Jan/2026:09:39:26 +0800] "POST /InternetTrading/MarketStatus HTTP/1.1" 200 772
116.48.142.110 - - [22/Jan/2026:09:39:26 +0800] "POST /InternetTrading/SessionErrorLogger HTTP/1.1" 200 117
116.48.142.110 - - [22/Jan/2026:09:39:26 +0800] "POST /InternetTrading/MarketStatus HTTP/1.1" 200 772
116.48.142.110 - - [22/Jan/2026:09:39:26 +0800] "POST /InternetTrading/Product HTTP/1.1" 200 318
221.124.232.198 - - [22/Jan/2026:09:39:26 +0800] "GET /InternetTrading/longpoll/13519?X-Atmosphere-tracking-id=0&X-Atmosphere-Framework=2.2.3-javascript&X-Atmosphere-Transport=long-polling&X-Atmosphere-TrackMessageSize=true&Content-Type=charset%3Dutf-8&X-atmo-protocol=true&_=1769046251258 HTTP/1.1" 200 -
116.48.142.110 - - [22/Jan/2026:09:39:27 +0800] "GET /InternetTrading/longpoll/56231?X-Atmosphere-tracking-id=0&X-Atmosphere-Framework=2.2.3-javascript&X-Atmosphere-Transport=long-polling&X-Atmosphere-TrackMessageSize=true&Content-Type=charset%3Dutf-8&X-atmo-protocol=true&_=1769046250261 HTTP/1.1" 200 -
14.0.173.64 - - [22/Jan/2026:09:39:27 +0800] "GET /InternetTrading/longpoll/A8127?X-Atmosphere-tracking-id=0&X-Atmosphere-Framework=2.2.3-javascript&X-Atmosphere-Transport=long-polling&X-Atmosphere-TrackMessageSize=true&Content-Type=charset%3Dutf-8&X-atmo-protocol=true&_=1769046253221 HTTP/1.1" 200 -
116.48.142.110 - - [22/Jan/2026:09:39:28 +0800] "POST /InternetTrading/SessionErrorLogger HTTP/1.1" 200 117
116.48.142.110 - - [22/Jan/2026:09:39:28 +0800] "POST /InternetTrading/Product HTTP/1.1" 200 318
14.0.173.64 - - [22/Jan/2026:09:39:28 +0800] "POST /InternetTrading/SessionErrorLogger HTTP/1.1" 200 117
14.0.173.64 - - [22/Jan/2026:09:39:28 +0800] "POST /InternetTrading/Heartbeat HTTP/1.1" 200 32
14.0.173.64 - - [22/Jan/2026:09:39:28 +0800] "POST /InternetTrading/SessionErrorLogger HTTP/1.1" 200 117
14.0.173.64 - - [22/Jan/2026:09:39:28 +0800] "POST /InternetTrading/MarketStatus HTTP/1.1" 200 772
119.136.155.129 - - [22/Jan/2026:09:39:29 +0800] "GET /InternetTrading/longpoll/51803?X-Atmosphere-tracking-id=0&X-Atmosphere-Framework=2.2.3-javascript&X-Atmosphere-Transport=long-polling&X-Atmosphere-TrackMessageSize=true&Content-Type=charset%3Dutf-8&X-atmo-protocol=true&_=1769046263663 HTTP/1.1" 200 -
27.155.98.238 - - [22/Jan/2026:09:39:29 +0800] "POST /InternetTrading/Heartbeat2FAService HTTP/1.1" 200 1
58.152.215.40 - - [22/Jan/2026:09:39:31 +0800] "GET /InternetTrading/longpoll/55136?X-Atmosphere-tracking-id=0&X-Atmosphere-Framework=2.2.3-javascript&X-Atmosphere-Transport=long-polling&X-Atmosphere-TrackMessageSize=true&Content-Type=charset%3Dutf-8&X-atmo-protocol=true&_=1769046255736 HTTP/1.1" 200 -
116.48.142.110 - - [22/Jan/2026:09:39:32 +0800] "GET /InternetTrading/longpoll/56231?X-Atmosphere-tracking-id=0&X-Atmosphere-Framework=2.2.3-javascript&X-Atmosphere-Transport=long-polling&X-Atmosphere-TrackMessageSize=true&Content-Type=charset%3Dutf-8&X-atmo-protocol=true&_=1769046255294 HTTP/1.1" 200 -
14.0.173.64 - - [22/Jan/2026:09:39:32 +0800] "GET /InternetTrading/longpoll/A8127?X-Atmosphere-tracking-id=0&X-Atmosphere-Framework=2.2.3-javascript&X-Atmosphere-Transport=long-polling&X-Atmosphere-TrackMessageSize=true&Content-Type=charset%3Dutf-8&X-atmo-protocol=true&_=1769046258422 HTTP/1.1" 200 -
221.124.232.198 - - [22/Jan/2026:09:39:32 +0800] "GET /InternetTrading/longpoll/13519?X-Atmosphere-tracking-id=0&X-Atmosphere-Framework=2.2.3-javascript&X-Atmosphere-Transport=long-polling&X-Atmosphere-TrackMessageSize=true&Content-Type=charset%3Dutf-8&X-atmo-protocol=true&_=1769046257260 HTTP/1.1" 200 -
119.136.155.129 - - [22/Jan/2026:09:39:32 +0800] "POST /InternetTrading/SessionErrorLogger HTTP/1.1" 200 117
119.136.155.129 - - [22/Jan/2026:09:39:32 +0800] "POST /InternetTrading/Heartbeat HTTP/1.1" 200 32
119.136.155.129 - - [22/Jan/2026:09:39:32 +0800] "POST /InternetTrading/SessionErrorLogger HTTP/1.1" 200 117
119.136.155.129 - - [22/Jan/2026:09:39:33 +0800] "POST /InternetTrading/MarketStatus HTTP/1.1" 200 772
119.136.155.129 - - [22/Jan/2026:09:39:34 +0800] "GET /InternetTrading/longpoll/51803?X-Atmosphere-tracking-id=0&X-Atmosphere-Framework=2.2.3-javascript&X-Atmosphere-Transport=long-polling&X-Atmosphere-TrackMessageSize=true&Content-Type=charset%3Dutf-8&X-atmo-protocol=true&_=1769046268744 HTTP/1.1" 200 -
58.152.215.40 - - [22/Jan/2026:09:39:36 +0800] "GET /InternetTrading/longpoll/55136?X-Atmosphere-tracking-id=0&X-Atmosphere-Framework=2.2.3-javascript&X-Atmosphere-Transport=long-polling&X-Atmosphere-TrackMessageSize=true&Content-Type=charset%3Dutf-8&X-atmo-protocol=true&_=1769046260774 HTTP/1.1" 200 -
116.48.142.110 - - [22/Jan/2026:09:39:37 +0800] "POST /InternetTrading/SessionErrorLogger HTTP/1.1" 200 117
116.48.142.110 - - [22/Jan/2026:09:39:37 +0800] "POST /InternetTrading/OrderMaxQuantity HTTP/1.1" 200 10
116.48.142.110 - - [22/Jan/2026:09:39:37 +0800] "GET /InternetTrading/longpoll/56231?X-Atmosphere-tracking-id=0&X-Atmosphere-Framework=2.2.3-javascript&X-Atmosphere-Transport=long-polling&X-Atmosphere-TrackMessageSize=true&Content-Type=charset%3Dutf-8&X-atmo-protocol=true&_=1769046260319 HTTP/1.1" 200 -
14.0.173.64 - - [22/Jan/2026:09:39:37 +0800] "GET /InternetTrading/longpoll/A8127?X-Atmosphere-tracking-id=0&X-Atmosphere-Framework=2.2.3-javascript&X-Atmosphere-Transport=long-polling&X-Atmosphere-TrackMessageSize=true&Content-Type=charset%3Dutf-8&X-atmo-protocol=true&_=1769046263481 HTTP/1.1" 200 -
221.124.232.198 - - [22/Jan/2026:09:39:38 +0800] "GET /InternetTrading/longpoll/13519?X-Atmosphere-tracking-id=0&X-Atmosphere-Framework=2.2.3-javascript&X-Atmosphere-Transport=long-polling&X-Atmosphere-TrackMessageSize=true&Content-Type=charset%3Dutf-8&X-atmo-protocol=true&_=1769046263270 HTTP/1.1" 200 -
119.136.155.129 - - [22/Jan/2026:09:39:39 +0800] "GET /InternetTrading/longpoll/51803?X-Atmosphere-tracking-id=0&X-Atmosphere-Framework=2.2.3-javascript&X-Atmosphere-Transport=long-polling&X-Atmosphere-TrackMessageSize=true&Content-Type=charset%3Dutf-8&X-atmo-protocol=true&_=1769046273765 HTTP/1.1" 200 -
116.48.142.110 - - [22/Jan/2026:09:39:39 +0800] "POST /InternetTrading/SessionErrorLogger HTTP/1.1" 200 117
116.48.142.110 - - [22/Jan/2026:09:39:39 +0800] "POST /InternetTrading/Heartbeat HTTP/1.1" 200 32
58.152.215.40 - - [22/Jan/2026:09:39:41 +0800] "GET /InternetTrading/longpoll/55136?X-Atmosphere-tracking-id=0&X-Atmosphere-Framework=2.2.3-javascript&X-Atmosphere-Transport=long-polling&X-Atmosphere-TrackMessageSize=true&Content-Type=charset%3Dutf-8&X-atmo-protocol=true&_=1769046265821 HTTP/1.1" 200 -
116.48.142.110 - - [22/Jan/2026:09:39:42 +0800] "POST /InternetTrading/SessionErrorLogger HTTP/1.1" 200 117
116.48.142.110 - - [22/Jan/2026:09:39:42 +0800] "POST /InternetTrading/LoginKey HTTP/1.1" 200 -
116.48.142.110 - - [22/Jan/2026:09:39:42 +0800] "GET /InternetTrading/jquery/wait.gif HTTP/1.1" 200 432
116.48.142.110 - - [22/Jan/2026:09:39:42 +0800] "POST /InternetTrading/PreOrder HTTP/1.1" 200 1240
116.48.142.110 - - [22/Jan/2026:09:39:42 +0800] "GET /InternetTrading/longpoll/56231?X-Atmosphere-tracking-id=0&X-Atmosphere-Framework=2.2.3-javascript&X-Atmosphere-Transport=long-polling&X-Atmosphere-TrackMessageSize=true&Content-Type=charset%3Dutf-8&X-atmo-protocol=true&_=1769046265348 HTTP/1.1" 200 -
14.0.173.64 - - [22/Jan/2026:09:39:43 +0800] "GET /InternetTrading/longpoll/A8127?X-Atmosphere-tracking-id=0&X-Atmosphere-Framework=2.2.3-javascript&X-Atmosphere-Transport=long-polling&X-Atmosphere-TrackMessageSize=true&Content-Type=charset%3Dutf-8&X-atmo-protocol=true&_=1769046268533 HTTP/1.1" 200 -
119.136.155.129 - - [22/Jan/2026:09:39:44 +0800] "GET /InternetTrading/longpoll/51803?X-Atmosphere-tracking-id=0&X-Atmosphere-Framework=2.2.3-javascript&X-Atmosphere-Transport=long-polling&X-Atmosphere-TrackMessageSize=true&Content-Type=charset%3Dutf-8&X-atmo-protocol=true&_=1769046278823 HTTP/1.1" 200 -
58.152.215.40 - - [22/Jan/2026:09:39:44 +0800] "POST /InternetTrading/SessionErrorLogger HTTP/1.1" 200 117
58.152.215.40 - - [22/Jan/2026:09:39:44 +0800] "POST /InternetTrading/Heartbeat HTTP/1.1" 200 32
58.152.215.40 - - [22/Jan/2026:09:39:44 +0800] "POST /InternetTrading/SessionErrorLogger HTTP/1.1" 200 117
58.152.215.40 - - [22/Jan/2026:09:39:44 +0800] "POST /InternetTrading/MarketStatus HTTP/1.1" 200 772
221.124.232.198 - - [22/Jan/2026:09:39:44 +0800] "GET /InternetTrading/longpoll/13519?X-Atmosphere-tracking-id=0&X-Atmosphere-Framework=2.2.3-javascript&X-Atmosphere-Transport=long-polling&X-Atmosphere-TrackMessageSize=true&Content-Type=charset%3Dutf-8&X-atmo-protocol=true&_=1769046269261 HTTP/1.1" 200 -
116.48.142.110 - - [22/Jan/2026:09:39:45 +0800] "POST /InternetTrading/SessionErrorLogger HTTP/1.1" 200 117
116.48.142.110 - - [22/Jan/2026:09:39:45 +0800] "GET /InternetTrading/Csrf?url=/Order HTTP/1.1" 200 126
116.48.142.110 - - [22/Jan/2026:09:39:45 +0800] "POST /InternetTrading/SessionErrorLogger HTTP/1.1" 200 117
116.48.142.110 - - [22/Jan/2026:09:39:45 +0800] "POST /InternetTrading/LoginKey HTTP/1.1" 200 -
116.48.142.110 - - [22/Jan/2026:09:39:45 +0800] "POST /InternetTrading/SessionErrorLogger HTTP/1.1" 200 117
116.48.142.110 - - [22/Jan/2026:09:39:45 +0800] "POST /InternetTrading/Order?csrf_nonce=6A667C18FB4855D0FC31895B00D9A693 HTTP/1.1" 200 1018
116.48.142.110 - - [22/Jan/2026:09:39:45 +0800] "POST /InternetTrading/SessionErrorLogger HTTP/1.1" 200 117
116.48.142.110 - - [22/Jan/2026:09:39:45 +0800] "GET /InternetTrading/tc/buy_ticket.html? HTTP/1.1" 200 1995
116.48.142.110 - - [22/Jan/2026:09:39:45 +0800] "POST /InternetTrading/SessionErrorLogger HTTP/1.1" 200 117
116.48.142.110 - - [22/Jan/2026:09:39:45 +0800] "POST /InternetTrading/MarketStatus HTTP/1.1" 200 772
116.48.142.110 - - [22/Jan/2026:09:39:45 +0800] "POST /InternetTrading/SessionErrorLogger HTTP/1.1" 200 117
116.48.142.110 - - [22/Jan/2026:09:39:45 +0800] "POST /InternetTrading/MarketStatus HTTP/1.1" 200 772
58.152.215.40 - - [22/Jan/2026:09:39:46 +0800] "GET /InternetTrading/longpoll/55136?X-Atmosphere-tracking-id=0&X-Atmosphere-Framework=2.2.3-javascript&X-Atmosphere-Transport=long-polling&X-Atmosphere-TrackMessageSize=true&Content-Type=charset%3Dutf-8&X-atmo-protocol=true&_=1769046270858 HTTP/1.1" 200 -
116.48.142.110 - - [22/Jan/2026:09:39:47 +0800] "GET /InternetTrading/jquery/wait.gif HTTP/1.1" 200 432
116.48.142.110 - - [22/Jan/2026:09:39:47 +0800] "POST /InternetTrading/SessionErrorLogger HTTP/1.1" 200 117
116.48.142.110 - - [22/Jan/2026:09:39:47 +0800] "POST /InternetTrading/Orderbook HTTP/1.1" 200 1194
116.48.142.110 - - [22/Jan/2026:09:39:47 +0800] "GET /InternetTrading/longpoll/56231?X-Atmosphere-tracking-id=0&X-Atmosphere-Framework=2.2.3-javascript&X-Atmosphere-Transport=long-polling&X-Atmosphere-TrackMessageSize=true&Content-Type=charset%3Dutf-8&X-atmo-protocol=true&_=1769046270379 HTTP/1.1" 200 -
14.0.173.64 - - [22/Jan/2026:09:39:48 +0800] "GET /InternetTrading/longpoll/A8127?X-Atmosphere-tracking-id=0&X-Atmosphere-Framework=2.2.3-javascript&X-Atmosphere-Transport=long-polling&X-Atmosphere-TrackMessageSize=true&Content-Type=charset%3Dutf-8&X-atmo-protocol=true&_=1769046273658 HTTP/1.1" 200 -
119.136.155.129 - - [22/Jan/2026:09:39:49 +0800] "GET /InternetTrading/longpoll/51803?X-Atmosphere-tracking-id=0&X-Atmosphere-Framework=2.2.3-javascript&X-Atmosphere-Transport=long-polling&X-Atmosphere-TrackMessageSize=true&Content-Type=charset%3Dutf-8&X-atmo-protocol=true&_=1769046283850 HTTP/1.1" 200 -
221.124.232.198 - - [22/Jan/2026:09:39:50 +0800] "GET /InternetTrading/longpoll/13519?X-Atmosphere-tracking-id=0&X-Atmosphere-Framework=2.2.3-javascript&X-Atmosphere-Transport=long-polling&X-Atmosphere-TrackMessageSize=true&Content-Type=charset%3Dutf-8&X-atmo-protocol=true&_=1769046275268 HTTP/1.1" 200 -
58.152.215.40 - - [22/Jan/2026:09:39:51 +0800] "GET /InternetTrading/longpoll/55136?X-Atmosphere-tracking-id=0&X-Atmosphere-Framework=2.2.3-javascript&X-Atmosphere-Transport=long-polling&X-Atmosphere-TrackMessageSize=true&Content-Type=charset%3Dutf-8&X-atmo-protocol=true&_=1769046275886 HTTP/1.1" 200 -
116.48.142.110 - - [22/Jan/2026:09:39:52 +0800] "GET /InternetTrading/longpoll/56231?X-Atmosphere-tracking-id=0&X-Atmosphere-Framework=2.2.3-javascript&X-Atmosphere-Transport=long-polling&X-Atmosphere-TrackMessageSize=true&Content-Type=charset%3Dutf-8&X-atmo-protocol=true&_=1769046275428 HTTP/1.1" 200 -
14.0.173.64 - - [22/Jan/2026:09:39:53 +0800] "GET /InternetTrading/longpoll/A8127?X-Atmosphere-tracking-id=0&X-Atmosphere-Framework=2.2.3-javascript&X-Atmosphere-Transport=long-polling&X-Atmosphere-TrackMessageSize=true&Content-Type=charset%3Dutf-8&X-atmo-protocol=true&_=1769046278820 HTTP/1.1" 200 -
119.136.155.129 - - [22/Jan/2026:09:39:54 +0800] "GET /InternetTrading/longpoll/51803?X-Atmosphere-tracking-id=0&X-Atmosphere-Framework=2.2.3-javascript&X-Atmosphere-Transport=long-polling&X-Atmosphere-TrackMessageSize=true&Content-Type=charset%3Dutf-8&X-atmo-protocol=true&_=1769046288916 HTTP/1.1" 200 -
58.152.215.40 - - [22/Jan/2026:09:39:56 +0800] "GET /InternetTrading/longpoll/55136?X-Atmosphere-tracking-id=0&X-Atmosphere-Framework=2.2.3-javascript&X-Atmosphere-Transport=long-polling&X-Atmosphere-TrackMessageSize=true&Content-Type=charset%3Dutf-8&X-atmo-protocol=true&_=1769046280926 HTTP/1.1" 200 -
221.124.232.198 - - [22/Jan/2026:09:39:56 +0800] "GET /InternetTrading/longpoll/13519?X-Atmosphere-tracking-id=0&X-Atmosphere-Framework=2.2.3-javascript&X-Atmosphere-Transport=long-polling&X-Atmosphere-TrackMessageSize=true&Content-Type=charset%3Dutf-8&X-atmo-protocol=true&_=1769046281267 HTTP/1.1" 200 -
116.48.142.110 - - [22/Jan/2026:09:39:57 +0800] "GET /InternetTrading/longpoll/56231?X-Atmosphere-tracking-id=0&X-Atmosphere-Framework=2.2.3-javascript&X-Atmosphere-Transport=long-polling&X-Atmosphere-TrackMessageSize=true&Content-Type=charset%3Dutf-8&X-atmo-protocol=true&_=1769046280474 HTTP/1.1" 200 -
14.0.173.64 - - [22/Jan/2026:09:39:58 +0800] "GET /InternetTrading/longpoll/A8127?X-Atmosphere-tracking-id=0&X-Atmosphere-Framework=2.2.3-javascript&X-Atmosphere-Transport=long-polling&X-Atmosphere-TrackMessageSize=true&Content-Type=charset%3Dutf-8&X-atmo-protocol=true&_=1769046283937 HTTP/1.1" 200 -
14.0.173.64 - - [22/Jan/2026:09:39:58 +0800] "POST /InternetTrading/SessionErrorLogger HTTP/1.1" 200 117
14.0.173.64 - - [22/Jan/2026:09:39:59 +0800] "POST /InternetTrading/Heartbeat HTTP/1.1" 200 32
14.0.173.64 - - [22/Jan/2026:09:39:59 +0800] "POST /InternetTrading/SessionErrorLogger HTTP/1.1" 200 117
14.0.173.64 - - [22/Jan/2026:09:39:59 +0800] "POST /InternetTrading/MarketStatus HTTP/1.1" 200 772
119.136.155.129 - - [22/Jan/2026:09:39:59 +0800] "GET /InternetTrading/longpoll/51803?X-Atmosphere-tracking-id=0&X-Atmosphere-Framework=2.2.3-javascript&X-Atmosphere-Transport=long-polling&X-Atmosphere-TrackMessageSize=true&Content-Type=charset%3Dutf-8&X-atmo-protocol=true&_=1769046293947 HTTP/1.1" 200 -
27.155.98.238 - - [22/Jan/2026:09:39:59 +0800] "POST /InternetTrading/Heartbeat2FAService HTTP/1.1" 200 1
221.124.232.198 - - [22/Jan/2026:09:39:59 +0800] "POST /InternetTrading/SessionErrorLogger HTTP/1.1" 200 117
221.124.232.198 - - [22/Jan/2026:09:39:59 +0800] "POST /InternetTrading/Heartbeat HTTP/1.1" 200 32
221.124.232.198 - - [22/Jan/2026:09:39:59 +0800] "POST /InternetTrading/SessionErrorLogger HTTP/1.1" 200 117
221.124.232.198 - - [22/Jan/2026:09:39:59 +0800] "POST /InternetTrading/MarketStatus HTTP/1.1" 200 772
58.152.215.40 - - [22/Jan/2026:09:40:01 +0800] "GET /InternetTrading/longpoll/55136?X-Atmosphere-tracking-id=0&X-Atmosphere-Framework=2.2.3-javascript&X-Atmosphere-Transport=long-polling&X-Atmosphere-TrackMessageSize=true&Content-Type=charset%3Dutf-8&X-atmo-protocol=true&_=1769046285956 HTTP/1.1" 200 -
221.124.232.198 - - [22/Jan/2026:09:40:02 +0800] "GET /InternetTrading/longpoll/13519?X-Atmosphere-tracking-id=0&X-Atmosphere-Framework=2.2.3-javascript&X-Atmosphere-Transport=long-polling&X-Atmosphere-TrackMessageSize=true&Content-Type=charset%3Dutf-8&X-atmo-protocol=true&_=1769046287267 HTTP/1.1" 200 -
119.136.155.129 - - [22/Jan/2026:09:40:02 +0800] "POST /InternetTrading/SessionErrorLogger HTTP/1.1" 200 117
116.48.142.110 - - [22/Jan/2026:09:40:02 +0800] "GET /InternetTrading/longpoll/56231?X-Atmosphere-tracking-id=0&X-Atmosphere-Framework=2.2.3-javascript&X-Atmosphere-Transport=long-polling&X-Atmosphere-TrackMessageSize=true&Content-Type=charset%3Dutf-8&X-atmo-protocol=true&_=1769046285514 HTTP/1.1" 200 -
119.136.155.129 - - [22/Jan/2026:09:40:02 +0800] "POST /InternetTrading/Heartbeat HTTP/1.1" 200 32
119.136.155.129 - - [22/Jan/2026:09:40:03 +0800] "POST /InternetTrading/SessionErrorLogger HTTP/1.1" 200 117
119.136.155.129 - - [22/Jan/2026:09:40:03 +0800] "POST /InternetTrading/MarketStatus HTTP/1.1" 200 772
14.0.173.64 - - [22/Jan/2026:09:40:03 +0800] "GET /InternetTrading/longpoll/A8127?X-Atmosphere-tracking-id=0&X-Atmosphere-Framework=2.2.3-javascript&X-Atmosphere-Transport=long-polling&X-Atmosphere-TrackMessageSize=true&Content-Type=charset%3Dutf-8&X-atmo-protocol=true&_=1769046289075 HTTP/1.1" 200 -
119.136.155.129 - - [22/Jan/2026:09:40:04 +0800] "GET /InternetTrading/longpoll/51803?X-Atmosphere-tracking-id=0&X-Atmosphere-Framework=2.2.3-javascript&X-Atmosphere-Transport=long-polling&X-Atmosphere-TrackMessageSize=true&Content-Type=charset%3Dutf-8&X-atmo-protocol=true&_=1769046299013 HTTP/1.1" 200 -
58.152.215.40 - - [22/Jan/2026:09:40:06 +0800] "GET /InternetTrading/longpoll/55136?X-Atmosphere-tracking-id=0&X-Atmosphere-Framework=2.2.3-javascript&X-Atmosphere-Transport=long-polling&X-Atmosphere-TrackMessageSize=true&Content-Type=charset%3Dutf-8&X-atmo-protocol=true&_=1769046290994 HTTP/1.1" 200 -
116.48.142.110 - - [22/Jan/2026:09:40:08 +0800] "GET /InternetTrading/longpoll/56231?X-Atmosphere-tracking-id=0&X-Atmosphere-Framework=2.2.3-javascript&X-Atmosphere-Transport=long-polling&X-Atmosphere-TrackMessageSize=true&Content-Type=charset%3Dutf-8&X-atmo-protocol=true&_=1769046290575 HTTP/1.1" 200 -
14.0.173.64 - - [22/Jan/2026:09:40:08 +0800] "GET /InternetTrading/longpoll/A8127?X-Atmosphere-tracking-id=0&X-Atmosphere-Framework=2.2.3-javascript&X-Atmosphere-Transport=long-polling&X-Atmosphere-TrackMessageSize=true&Content-Type=charset%3Dutf-8&X-atmo-protocol=true&_=1769046294159 HTTP/1.1" 200 -
221.124.232.198 - - [22/Jan/2026:09:40:08 +0800] "GET /InternetTrading/longpoll/13519?X-Atmosphere-tracking-id=0&X-Atmosphere-Framework=2.2.3-javascript&X-Atmosphere-Transport=long-polling&X-Atmosphere-TrackMessageSize=true&Content-Type=charset%3Dutf-8&X-atmo-protocol=true&_=1769046293255 HTTP/1.1" 200 -
116.48.142.110 - - [22/Jan/2026:09:40:09 +0800] "POST /InternetTrading/SessionErrorLogger HTTP/1.1" 200 117
116.48.142.110 - - [22/Jan/2026:09:40:09 +0800] "POST /InternetTrading/Heartbeat HTTP/1.1" 200 32
119.136.155.129 - - [22/Jan/2026:09:40:09 +0800] "GET /InternetTrading/longpoll/51803?X-Atmosphere-tracking-id=0&X-Atmosphere-Framework=2.2.3-javascript&X-Atmosphere-Transport=long-polling&X-Atmosphere-TrackMessageSize=true&Content-Type=charset%3Dutf-8&X-atmo-protocol=true&_=1769046304034 HTTP/1.1" 200 -
58.152.215.40 - - [22/Jan/2026:09:40:11 +0800] "GET /InternetTrading/longpoll/55136?X-Atmosphere-tracking-id=0&X-Atmosphere-Framework=2.2.3-javascript&X-Atmosphere-Transport=long-polling&X-Atmosphere-TrackMessageSize=true&Content-Type=charset%3Dutf-8&X-atmo-protocol=true&_=1769046296041 HTTP/1.1" 200 -
116.48.142.110 - - [22/Jan/2026:09:40:13 +0800] "GET /InternetTrading/longpoll/56231?X-Atmosphere-tracking-id=0&X-Atmosphere-Framework=2.2.3-javascript&X-Atmosphere-Transport=long-polling&X-Atmosphere-TrackMessageSize=true&Content-Type=charset%3Dutf-8&X-atmo-protocol=true&_=1769046295614 HTTP/1.1" 200 -
14.0.173.64 - - [22/Jan/2026:09:40:13 +0800] "GET /InternetTrading/longpoll/A8127?X-Atmosphere-tracking-id=0&X-Atmosphere-Framework=2.2.3-javascript&X-Atmosphere-Transport=long-polling&X-Atmosphere-TrackMessageSize=true&Content-Type=charset%3Dutf-8&X-atmo-protocol=true&_=1769046299228 HTTP/1.1" 200 -
58.152.215.40 - - [22/Jan/2026:09:40:14 +0800] "POST /InternetTrading/SessionErrorLogger HTTP/1.1" 200 117
58.152.215.40 - - [22/Jan/2026:09:40:14 +0800] "POST /InternetTrading/Heartbeat HTTP/1.1" 200 32
58.152.215.40 - - [22/Jan/2026:09:40:14 +0800] "POST /InternetTrading/SessionErrorLogger HTTP/1.1" 200 117
119.136.155.129 - - [22/Jan/2026:09:40:14 +0800] "GET /InternetTrading/longpoll/51803?X-Atmosphere-tracking-id=0&X-Atmosphere-Framework=2.2.3-javascript&X-Atmosphere-Transport=long-polling&X-Atmosphere-TrackMessageSize=true&Content-Type=charset%3Dutf-8&X-atmo-protocol=true&_=1769046309062 HTTP/1.1" 200 -
58.152.215.40 - - [22/Jan/2026:09:40:14 +0800] "POST /InternetTrading/MarketStatus HTTP/1.1" 200 772
221.124.232.198 - - [22/Jan/2026:09:40:14 +0800] "GET /InternetTrading/longpoll/13519?X-Atmosphere-tracking-id=0&X-Atmosphere-Framework=2.2.3-javascript&X-Atmosphere-Transport=long-polling&X-Atmosphere-TrackMessageSize=true&Content-Type=charset%3Dutf-8&X-atmo-protocol=true&_=1769046299243 HTTP/1.1" 200 -
116.48.142.110 - - [22/Jan/2026:09:40:15 +0800] "POST /InternetTrading/SessionErrorLogger HTTP/1.1" 200 117
116.48.142.110 - - [22/Jan/2026:09:40:15 +0800] "POST /InternetTrading/MarketStatus HTTP/1.1" 200 772
58.152.215.40 - - [22/Jan/2026:09:40:16 +0800] "GET /InternetTrading/longpoll/55136?X-Atmosphere-tracking-id=0&X-Atmosphere-Framework=2.2.3-javascript&X-Atmosphere-Transport=long-polling&X-Atmosphere-TrackMessageSize=true&Content-Type=charset%3Dutf-8&X-atmo-protocol=true&_=1769046301077 HTTP/1.1" 200 -
116.48.142.110 - - [22/Jan/2026:09:40:18 +0800] "GET /InternetTrading/longpoll/56231?X-Atmosphere-tracking-id=0&X-Atmosphere-Framework=2.2.3-javascript&X-Atmosphere-Transport=long-polling&X-Atmosphere-TrackMessageSize=true&Content-Type=charset%3Dutf-8&X-atmo-protocol=true&_=1769046300642 HTTP/1.1" 200 -
27.155.98.238 - - [22/Jan/2026:09:40:18 +0800] "GET /InternetTrading/tc/?language=tc&version=HTML HTTP/1.1" 200 328
27.155.98.238 - - [22/Jan/2026:09:40:18 +0800] "POST /InternetTrading/Logout HTTP/1.1" 200 1
27.155.98.238 - - [22/Jan/2026:09:40:18 +0800] "GET /InternetTrading/tc/user/custom_variables.js?jsv=20200819161914 HTTP/1.1" 200 275
27.155.98.238 - - [22/Jan/2026:09:40:18 +0800] "GET /InternetTrading/tc/login.html HTTP/1.1" 200 1755
27.155.98.238 - - [22/Jan/2026:09:40:18 +0800] "GET /InternetTrading/tc/style_common.css?v=20200819161914 HTTP/1.1" 200 2540
27.155.98.238 - - [22/Jan/2026:09:40:18 +0800] "GET /InternetTrading/tc/style.css?v=20200819161914 HTTP/1.1" 200 1435
27.155.98.238 - - [22/Jan/2026:09:40:18 +0800] "GET /InternetTrading/jquery/jquery-3.3.1.js HTTP/1.1" 200 80650
27.155.98.238 - - [22/Jan/2026:09:40:18 +0800] "GET /InternetTrading/jquery/jquery-migrate-3.0.0.js HTTP/1.1" 200 4963
27.155.98.238 - - [22/Jan/2026:09:40:18 +0800] "GET /InternetTrading/jquery/jquery.form-3.46.0.js HTTP/1.1" 200 5673
27.155.98.238 - - [22/Jan/2026:09:40:18 +0800] "GET /InternetTrading/jquery/jquery.validate-1.11.1.js HTTP/1.1" 200 7041
27.155.98.238 - - [22/Jan/2026:09:40:18 +0800] "GET /InternetTrading/jquery/jquery.blockUI-2.66.0.js HTTP/1.1" 200 6651
27.155.98.238 - - [22/Jan/2026:09:40:18 +0800] "GET /InternetTrading/jquery/jquery.timer-0.9.16.js HTTP/1.1" 200 542
27.155.98.238 - - [22/Jan/2026:09:40:18 +0800] "GET /InternetTrading/jquery/additional-methods.js HTTP/1.1" 200 2238
27.155.98.238 - - [22/Jan/2026:09:40:18 +0800] "GET /InternetTrading/jquery/jquery-ui-personalized-1.6rc2.min.js HTTP/1.1" 200 55543
27.155.98.238 - - [22/Jan/2026:09:40:18 +0800] "GET /InternetTrading/js/constants.js?jsv=20200819161914 HTTP/1.1" 200 400
27.155.98.238 - - [22/Jan/2026:09:40:18 +0800] "GET /InternetTrading/jquery/jquery.getParams.js HTTP/1.1" 200 587
27.155.98.238 - - [22/Jan/2026:09:40:18 +0800] "GET /InternetTrading/tc/user/translation.js?jsv=20200819161914 HTTP/1.1" 200 12818
27.155.98.238 - - [22/Jan/2026:09:40:18 +0800] "GET /InternetTrading/js/haitong.js?jsv=20200819161914 HTTP/1.1" 200 3881
27.155.98.238 - - [22/Jan/2026:09:40:18 +0800] "GET /InternetTrading/js/util.js?jsv=20200819161914 HTTP/1.1" 200 6636
27.155.98.238 - - [22/Jan/2026:09:40:18 +0800] "GET /InternetTrading/js/rsautil.js?jsv=20200819161914 HTTP/1.1" 200 1017
27.155.98.238 - - [22/Jan/2026:09:40:18 +0800] "GET /InternetTrading/js/init.js?jsv=20200819161914 HTTP/1.1" 200 886
14.0.173.64 - - [22/Jan/2026:09:40:18 +0800] "GET /InternetTrading/longpoll/A8127?X-Atmosphere-tracking-id=0&X-Atmosphere-Framework=2.2.3-javascript&X-Atmosphere-Transport=long-polling&X-Atmosphere-TrackMessageSize=true&Content-Type=charset%3Dutf-8&X-atmo-protocol=true&_=1769046304411 HTTP/1.1" 200 -
27.155.98.238 - - [22/Jan/2026:09:40:18 +0800] "GET /InternetTrading/js/version.js?jsv=20200819161914 HTTP/1.1" 200 85
27.155.98.238 - - [22/Jan/2026:09:40:18 +0800] "GET /InternetTrading/js/login.js?jsv=20200819161914 HTTP/1.1" 200 1684
27.155.98.238 - - [22/Jan/2026:09:40:19 +0800] "GET /InternetTrading/tc/user/custom_variables.js?jsv=20200819161914 HTTP/1.1" 200 275
27.155.98.238 - - [22/Jan/2026:09:40:19 +0800] "GET /InternetTrading/js/string_extend.js?jsv=20200819161914 HTTP/1.1" 200 272
27.155.98.238 - - [22/Jan/2026:09:40:19 +0800] "GET /InternetTrading/js/pidcrypt.js?jsv=20200819161914 HTTP/1.1" 200 982
27.155.98.238 - - [22/Jan/2026:09:40:19 +0800] "GET /InternetTrading/js/pidcrypt_util.js?jsv=20200819161914 HTTP/1.1" 200 1206
27.155.98.238 - - [22/Jan/2026:09:40:19 +0800] "GET /InternetTrading/js/aes_cbc.js?jsv=20200819161914 HTTP/1.1" 200 2043
27.155.98.238 - - [22/Jan/2026:09:40:19 +0800] "GET /InternetTrading/js/aes_core.js?jsv=20200819161914 HTTP/1.1" 200 2106
27.155.98.238 - - [22/Jan/2026:09:40:19 +0800] "GET /InternetTrading/js/asn1.js?jsv=20200819161914 HTTP/1.1" 200 3099
27.155.98.238 - - [22/Jan/2026:09:40:19 +0800] "GET /InternetTrading/js/md5.js?jsv=20200819161914 HTTP/1.1" 200 1730
27.155.98.238 - - [22/Jan/2026:09:40:19 +0800] "GET /InternetTrading/js/sha256.js?jsv=20200819161914 HTTP/1.1" 200 1362
27.155.98.238 - - [22/Jan/2026:09:40:19 +0800] "GET /InternetTrading/js/prng4.js?jsv=20200819161914 HTTP/1.1" 200 303
27.155.98.238 - - [22/Jan/2026:09:40:19 +0800] "GET /InternetTrading/js/jsbn.js?jsv=20200819161914 HTTP/1.1" 200 6736
27.155.98.238 - - [22/Jan/2026:09:40:19 +0800] "GET /InternetTrading/js/rng.js?jsv=20200819161914 HTTP/1.1" 200 481
27.155.98.238 - - [22/Jan/2026:09:40:19 +0800] "GET /InternetTrading/js/rsa.js?jsv=20200819161914 HTTP/1.1" 200 1658
27.155.98.238 - - [22/Jan/2026:09:40:19 +0800] "GET /InternetTrading/tc/images/bg_login.jpg HTTP/1.1" 200 29296
27.155.98.238 - - [22/Jan/2026:09:40:19 +0800] "POST /InternetTrading/SystemMaintenanceCheck HTTP/1.1" 200 119
27.155.98.238 - - [22/Jan/2026:09:40:19 +0800] "GET /InternetTrading/tc/dialog.html?1769046302686 HTTP/1.1" 200 3188
119.136.155.129 - - [22/Jan/2026:09:40:19 +0800] "GET /InternetTrading/longpoll/51803?X-Atmosphere-tracking-id=0&X-Atmosphere-Framework=2.2.3-javascript&X-Atmosphere-Transport=long-polling&X-Atmosphere-TrackMessageSize=true&Content-Type=charset%3Dutf-8&X-atmo-protocol=true&_=1769046314094 HTTP/1.1" 200 -
221.124.232.198 - - [22/Jan/2026:09:40:20 +0800] "GET /InternetTrading/longpoll/13519?X-Atmosphere-tracking-id=0&X-Atmosphere-Framework=2.2.3-javascript&X-Atmosphere-Transport=long-polling&X-Atmosphere-TrackMessageSize=true&Content-Type=charset%3Dutf-8&X-atmo-protocol=true&_=1769046305248 HTTP/1.1" 200 -
58.152.215.40 - - [22/Jan/2026:09:40:21 +0800] "GET /InternetTrading/longpoll/55136?X-Atmosphere-tracking-id=0&X-Atmosphere-Framework=2.2.3-javascript&X-Atmosphere-Transport=long-polling&X-Atmosphere-TrackMessageSize=true&Content-Type=charset%3Dutf-8&X-atmo-protocol=true&_=1769046306108 HTTP/1.1" 200 -
116.48.142.110 - - [22/Jan/2026:09:40:23 +0800] "GET /InternetTrading/longpoll/56231?X-Atmosphere-tracking-id=0&X-Atmosphere-Framework=2.2.3-javascript&X-Atmosphere-Transport=long-polling&X-Atmosphere-TrackMessageSize=true&Content-Type=charset%3Dutf-8&X-atmo-protocol=true&_=1769046306308 HTTP/1.1" 200 -
14.0.173.64 - - [22/Jan/2026:09:40:24 +0800] "GET /InternetTrading/longpoll/A8127?X-Atmosphere-tracking-id=0&X-Atmosphere-Framework=2.2.3-javascript&X-Atmosphere-Transport=long-polling&X-Atmosphere-TrackMessageSize=true&Content-Type=charset%3Dutf-8&X-atmo-protocol=true&_=1769046309580 HTTP/1.1" 200 -
119.136.155.129 - - [22/Jan/2026:09:40:24 +0800] "GET /InternetTrading/longpoll/51803?X-Atmosphere-tracking-id=0&X-Atmosphere-Framework=2.2.3-javascript&X-Atmosphere-Transport=long-polling&X-Atmosphere-TrackMessageSize=true&Content-Type=charset%3Dutf-8&X-atmo-protocol=true&_=1769046319148 HTTP/1.1" 200 -
27.155.98.238 - - [22/Jan/2026:09:40:25 +0800] "POST /InternetTrading/CheckIsEnableRSA HTTP/1.1" 200 1
27.155.98.238 - - [22/Jan/2026:09:40:25 +0800] "POST /InternetTrading/CheckPwEncryptType HTTP/1.1" 200 -
27.155.98.238 - - [22/Jan/2026:09:40:26 +0800] "POST /InternetTrading/LoginKey HTTP/1.1" 200 -
27.155.98.238 - - [22/Jan/2026:09:40:26 +0800] "GET /InternetTrading/jquery/wait.gif HTTP/1.1" 200 432
58.152.215.40 - - [22/Jan/2026:09:40:26 +0800] "GET /InternetTrading/longpoll/55136?X-Atmosphere-tracking-id=0&X-Atmosphere-Framework=2.2.3-javascript&X-Atmosphere-Transport=long-polling&X-Atmosphere-TrackMessageSize=true&Content-Type=charset%3Dutf-8&X-atmo-protocol=true&_=1769046311147 HTTP/1.1" 200 -
221.124.232.198 - - [22/Jan/2026:09:40:26 +0800] "GET /InternetTrading/longpoll/13519?X-Atmosphere-tracking-id=0&X-Atmosphere-Framework=2.2.3-javascript&X-Atmosphere-Transport=long-polling&X-Atmosphere-TrackMessageSize=true&Content-Type=charset%3Dutf-8&X-atmo-protocol=true&_=1769046311251 HTTP/1.1" 200 -
27.155.98.238 - - [22/Jan/2026:09:40:26 +0800] "POST /InternetTrading/Login HTTP/1.1" 200 458
27.155.98.238 - - [22/Jan/2026:09:40:27 +0800] "GET /InternetTrading/tc/2FA_authentication.html?language=tc&version=HTML HTTP/1.1" 200 1468
27.155.98.238 - - [22/Jan/2026:09:40:27 +0800] "GET /InternetTrading/tc/style_common.css?v=20200819161914 HTTP/1.1" 200 2540
27.155.98.238 - - [22/Jan/2026:09:40:27 +0800] "GET /InternetTrading/tc/style.css?v=20200819161914 HTTP/1.1" 200 1435
27.155.98.238 - - [22/Jan/2026:09:40:27 +0800] "GET /InternetTrading/jquery/jquery-3.3.1.js HTTP/1.1" 200 80650
27.155.98.238 - - [22/Jan/2026:09:40:27 +0800] "GET /InternetTrading/jquery/jquery-migrate-3.0.0.js HTTP/1.1" 200 4963
