14.155.90.194 - - [22/Jan/2026:10:07:32 +0800] "GET /InternetTrading/js/asn1.js?jsv=20200819161914 HTTP/1.1" 200 3099
14.155.90.194 - - [22/Jan/2026:10:07:32 +0800] "GET /InternetTrading/js/md5.js?jsv=20200819161914 HTTP/1.1" 200 1730
14.155.90.194 - - [22/Jan/2026:10:07:32 +0800] "GET /InternetTrading/js/sha256.js?jsv=20200819161914 HTTP/1.1" 200 1362
14.155.90.194 - - [22/Jan/2026:10:07:32 +0800] "GET /InternetTrading/js/jsbn.js?jsv=20200819161914 HTTP/1.1" 200 6736
14.155.90.194 - - [22/Jan/2026:10:07:32 +0800] "GET /InternetTrading/js/prng4.js?jsv=20200819161914 HTTP/1.1" 200 303
14.155.90.194 - - [22/Jan/2026:10:07:32 +0800] "GET /InternetTrading/js/rng.js?jsv=20200819161914 HTTP/1.1" 200 481
14.155.90.194 - - [22/Jan/2026:10:07:33 +0800] "GET /InternetTrading/js/rsa.js?jsv=20200819161914 HTTP/1.1" 200 1658
14.155.90.194 - - [22/Jan/2026:10:07:33 +0800] "GET /InternetTrading/tc/images/bg_login.jpg HTTP/1.1" 200 29296
14.155.90.194 - - [22/Jan/2026:10:07:33 +0800] "GET /InternetTrading/tc/images/favicon.ico HTTP/1.1" 404 682
14.155.90.194 - - [22/Jan/2026:10:07:33 +0800] "GET /InternetTrading/tc/dialog.html?1769047936579 HTTP/1.1" 200 3188
14.155.90.194 - - [22/Jan/2026:10:07:33 +0800] "POST /InternetTrading/SystemMaintenanceCheck HTTP/1.1" 200 119
14.155.90.194 - - [22/Jan/2026:10:07:33 +0800] "GET /InternetTrading/tc/images/favicon.ico HTTP/1.1" 404 682
14.155.90.194 - - [22/Jan/2026:10:07:33 +0800] "GET /InternetTrading/tc/images/favicon.ico HTTP/1.1" 404 682
116.48.142.110 - - [22/Jan/2026:10:07:34 +0800] "GET /InternetTrading/longpoll/56231?X-Atmosphere-tracking-id=0&X-Atmosphere-Framework=2.2.3-javascript&X-Atmosphere-Transport=long-polling&X-Atmosphere-TrackMessageSize=true&Content-Type=charset%3Dutf-8&X-atmo-protocol=true&_=1769047936320 HTTP/1.1" 200 -
119.136.155.129 - - [22/Jan/2026:10:07:34 +0800] "POST /InternetTrading/SessionErrorLogger HTTP/1.1" 200 117
119.136.155.129 - - [22/Jan/2026:10:07:34 +0800] "POST /InternetTrading/Heartbeat HTTP/1.1" 200 32
119.136.155.129 - - [22/Jan/2026:10:07:34 +0800] "POST /InternetTrading/SessionErrorLogger HTTP/1.1" 200 117
119.136.155.129 - - [22/Jan/2026:10:07:34 +0800] "POST /InternetTrading/MarketStatus HTTP/1.1" 200 772
14.0.173.64 - - [22/Jan/2026:10:07:34 +0800] "GET /InternetTrading/longpoll/A8127?X-Atmosphere-tracking-id=0&X-Atmosphere-Framework=2.2.3-javascript&X-Atmosphere-Transport=long-polling&X-Atmosphere-TrackMessageSize=true&Content-Type=charset%3Dutf-8&X-atmo-protocol=true&_=1769047939902 HTTP/1.1" 200 -
221.124.232.198 - - [22/Jan/2026:10:07:36 +0800] "GET /InternetTrading/longpoll/13519?X-Atmosphere-tracking-id=0&X-Atmosphere-Framework=2.2.3-javascript&X-Atmosphere-Transport=long-polling&X-Atmosphere-TrackMessageSize=true&Content-Type=charset%3Dutf-8&X-atmo-protocol=true&_=1769047940177 HTTP/1.1" 200 -
119.136.155.129 - - [22/Jan/2026:10:07:36 +0800] "GET /InternetTrading/longpoll/51803?X-Atmosphere-tracking-id=0&X-Atmosphere-Framework=2.2.3-javascript&X-Atmosphere-Transport=long-polling&X-Atmosphere-TrackMessageSize=true&Content-Type=charset%3Dutf-8&X-atmo-protocol=true&_=1769047950953 HTTP/1.1" 200 -
58.152.215.40 - - [22/Jan/2026:10:07:37 +0800] "GET /InternetTrading/longpoll/55136?X-Atmosphere-tracking-id=0&X-Atmosphere-Framework=2.2.3-javascript&X-Atmosphere-Transport=long-polling&X-Atmosphere-TrackMessageSize=true&Content-Type=charset%3Dutf-8&X-atmo-protocol=true&_=1769047941932 HTTP/1.1" 200 -
14.0.173.64 - - [22/Jan/2026:10:07:39 +0800] "GET /InternetTrading/longpoll/A8127?X-Atmosphere-tracking-id=0&X-Atmosphere-Framework=2.2.3-javascript&X-Atmosphere-Transport=long-polling&X-Atmosphere-TrackMessageSize=true&Content-Type=charset%3Dutf-8&X-atmo-protocol=true&_=1769047945072 HTTP/1.1" 200 -
116.48.142.110 - - [22/Jan/2026:10:07:39 +0800] "GET /InternetTrading/longpoll/56231?X-Atmosphere-tracking-id=0&X-Atmosphere-Framework=2.2.3-javascript&X-Atmosphere-Transport=long-polling&X-Atmosphere-TrackMessageSize=true&Content-Type=charset%3Dutf-8&X-atmo-protocol=true&_=1769047942316 HTTP/1.1" 200 -
221.124.232.198 - - [22/Jan/2026:10:07:41 +0800] "POST /InternetTrading/SessionErrorLogger HTTP/1.1" 200 117
221.124.232.198 - - [22/Jan/2026:10:07:41 +0800] "POST /InternetTrading/Heartbeat HTTP/1.1" 200 32
221.124.232.198 - - [22/Jan/2026:10:07:41 +0800] "POST /InternetTrading/SessionErrorLogger HTTP/1.1" 200 117
221.124.232.198 - - [22/Jan/2026:10:07:41 +0800] "POST /InternetTrading/MarketStatus HTTP/1.1" 200 772
221.124.232.198 - - [22/Jan/2026:10:07:41 +0800] "GET /InternetTrading/longpoll/13519?X-Atmosphere-tracking-id=0&X-Atmosphere-Framework=2.2.3-javascript&X-Atmosphere-Transport=long-polling&X-Atmosphere-TrackMessageSize=true&Content-Type=charset%3Dutf-8&X-atmo-protocol=true&_=1769047945550 HTTP/1.1" 200 -
119.136.155.129 - - [22/Jan/2026:10:07:41 +0800] "GET /InternetTrading/longpoll/51803?X-Atmosphere-tracking-id=0&X-Atmosphere-Framework=2.2.3-javascript&X-Atmosphere-Transport=long-polling&X-Atmosphere-TrackMessageSize=true&Content-Type=charset%3Dutf-8&X-atmo-protocol=true&_=1769047955978 HTTP/1.1" 200 -
58.152.215.40 - - [22/Jan/2026:10:07:42 +0800] "GET /InternetTrading/longpoll/55136?X-Atmosphere-tracking-id=0&X-Atmosphere-Framework=2.2.3-javascript&X-Atmosphere-Transport=long-polling&X-Atmosphere-TrackMessageSize=true&Content-Type=charset%3Dutf-8&X-atmo-protocol=true&_=1769047946964 HTTP/1.1" 200 -
14.0.173.64 - - [22/Jan/2026:10:07:44 +0800] "GET /InternetTrading/longpoll/A8127?X-Atmosphere-tracking-id=0&X-Atmosphere-Framework=2.2.3-javascript&X-Atmosphere-Transport=long-polling&X-Atmosphere-TrackMessageSize=true&Content-Type=charset%3Dutf-8&X-atmo-protocol=true&_=1769047950315 HTTP/1.1" 200 -
116.48.142.110 - - [22/Jan/2026:10:07:46 +0800] "GET /InternetTrading/longpoll/56231?X-Atmosphere-tracking-id=0&X-Atmosphere-Framework=2.2.3-javascript&X-Atmosphere-Transport=long-polling&X-Atmosphere-TrackMessageSize=true&Content-Type=charset%3Dutf-8&X-atmo-protocol=true&_=1769047948316 HTTP/1.1" 200 -
58.152.215.40 - - [22/Jan/2026:10:07:46 +0800] "POST /InternetTrading/SessionErrorLogger HTTP/1.1" 200 117
58.152.215.40 - - [22/Jan/2026:10:07:46 +0800] "POST /InternetTrading/Heartbeat HTTP/1.1" 200 32
58.152.215.40 - - [22/Jan/2026:10:07:46 +0800] "POST /InternetTrading/SessionErrorLogger HTTP/1.1" 200 117
58.152.215.40 - - [22/Jan/2026:10:07:46 +0800] "POST /InternetTrading/MarketStatus HTTP/1.1" 200 772
119.136.155.129 - - [22/Jan/2026:10:07:46 +0800] "GET /InternetTrading/longpoll/51803?X-Atmosphere-tracking-id=0&X-Atmosphere-Framework=2.2.3-javascript&X-Atmosphere-Transport=long-polling&X-Atmosphere-TrackMessageSize=true&Content-Type=charset%3Dutf-8&X-atmo-protocol=true&_=1769047961013 HTTP/1.1" 200 -
221.124.232.198 - - [22/Jan/2026:10:07:46 +0800] "GET /InternetTrading/longpoll/13519?X-Atmosphere-tracking-id=0&X-Atmosphere-Framework=2.2.3-javascript&X-Atmosphere-Transport=long-polling&X-Atmosphere-TrackMessageSize=true&Content-Type=charset%3Dutf-8&X-atmo-protocol=true&_=1769047950563 HTTP/1.1" 200 -
58.152.215.40 - - [22/Jan/2026:10:07:47 +0800] "GET /InternetTrading/longpoll/55136?X-Atmosphere-tracking-id=0&X-Atmosphere-Framework=2.2.3-javascript&X-Atmosphere-Transport=long-polling&X-Atmosphere-TrackMessageSize=true&Content-Type=charset%3Dutf-8&X-atmo-protocol=true&_=1769047951972 HTTP/1.1" 200 -
14.0.173.64 - - [22/Jan/2026:10:07:50 +0800] "GET /InternetTrading/longpoll/A8127?X-Atmosphere-tracking-id=0&X-Atmosphere-Framework=2.2.3-javascript&X-Atmosphere-Transport=long-polling&X-Atmosphere-TrackMessageSize=true&Content-Type=charset%3Dutf-8&X-atmo-protocol=true&_=1769047955469 HTTP/1.1" 200 -
119.136.155.129 - - [22/Jan/2026:10:07:51 +0800] "GET /InternetTrading/longpoll/51803?X-Atmosphere-tracking-id=0&X-Atmosphere-Framework=2.2.3-javascript&X-Atmosphere-Transport=long-polling&X-Atmosphere-TrackMessageSize=true&Content-Type=charset%3Dutf-8&X-atmo-protocol=true&_=1769047966064 HTTP/1.1" 200 -
221.124.232.198 - - [22/Jan/2026:10:07:51 +0800] "GET /InternetTrading/longpoll/13519?X-Atmosphere-tracking-id=0&X-Atmosphere-Framework=2.2.3-javascript&X-Atmosphere-Transport=long-polling&X-Atmosphere-TrackMessageSize=true&Content-Type=charset%3Dutf-8&X-atmo-protocol=true&_=1769047955826 HTTP/1.1" 200 -
116.48.142.110 - - [22/Jan/2026:10:07:51 +0800] "GET /InternetTrading/longpoll/56231?X-Atmosphere-tracking-id=0&X-Atmosphere-Framework=2.2.3-javascript&X-Atmosphere-Transport=long-polling&X-Atmosphere-TrackMessageSize=true&Content-Type=charset%3Dutf-8&X-atmo-protocol=true&_=1769047954310 HTTP/1.1" 200 -
58.152.215.40 - - [22/Jan/2026:10:07:52 +0800] "GET /InternetTrading/longpoll/55136?X-Atmosphere-tracking-id=0&X-Atmosphere-Framework=2.2.3-javascript&X-Atmosphere-Transport=long-polling&X-Atmosphere-TrackMessageSize=true&Content-Type=charset%3Dutf-8&X-atmo-protocol=true&_=1769047956995 HTTP/1.1" 200 -
14.0.173.64 - - [22/Jan/2026:10:07:53 +0800] "POST /InternetTrading/SessionErrorLogger HTTP/1.1" 200 117
14.0.173.64 - - [22/Jan/2026:10:07:53 +0800] "POST /InternetTrading/Heartbeat HTTP/1.1" 200 32
14.0.173.64 - - [22/Jan/2026:10:07:53 +0800] "POST /InternetTrading/SessionErrorLogger HTTP/1.1" 200 117
14.0.173.64 - - [22/Jan/2026:10:07:53 +0800] "POST /InternetTrading/MarketStatus HTTP/1.1" 200 772
14.155.90.194 - - [22/Jan/2026:10:07:54 +0800] "POST /InternetTrading/CheckIsEnableRSA HTTP/1.1" 200 1
14.155.90.194 - - [22/Jan/2026:10:07:54 +0800] "POST /InternetTrading/CheckPwEncryptType HTTP/1.1" 200 -
14.155.90.194 - - [22/Jan/2026:10:07:54 +0800] "POST /InternetTrading/LoginKey HTTP/1.1" 200 -
14.155.90.194 - - [22/Jan/2026:10:07:54 +0800] "GET /InternetTrading/jquery/wait.gif HTTP/1.1" 200 432
14.0.173.64 - - [22/Jan/2026:10:07:55 +0800] "GET /InternetTrading/longpoll/A8127?X-Atmosphere-tracking-id=0&X-Atmosphere-Framework=2.2.3-javascript&X-Atmosphere-Transport=long-polling&X-Atmosphere-TrackMessageSize=true&Content-Type=charset%3Dutf-8&X-atmo-protocol=true&_=1769047960623 HTTP/1.1" 200 -
14.155.90.194 - - [22/Jan/2026:10:07:54 +0800] "POST /InternetTrading/Login HTTP/1.1" 200 458
14.155.90.194 - - [22/Jan/2026:10:07:56 +0800] "GET /InternetTrading/tc/2FA_authentication.html?language=tc&version=HTML HTTP/1.1" 200 1468
14.155.90.194 - - [22/Jan/2026:10:07:56 +0800] "GET /InternetTrading/tc/style_common.css?v=20200819161914 HTTP/1.1" 200 2540
14.155.90.194 - - [22/Jan/2026:10:07:56 +0800] "GET /InternetTrading/tc/style.css?v=20200819161914 HTTP/1.1" 200 1435
14.155.90.194 - - [22/Jan/2026:10:07:56 +0800] "GET /InternetTrading/jquery/jquery-migrate-3.0.0.js HTTP/1.1" 200 4963
14.155.90.194 - - [22/Jan/2026:10:07:56 +0800] "GET /InternetTrading/jquery/jquery-3.3.1.js HTTP/1.1" 200 80650
14.155.90.194 - - [22/Jan/2026:10:07:56 +0800] "GET /InternetTrading/jquery/jquery.form-3.46.0.js HTTP/1.1" 200 5673
14.155.90.194 - - [22/Jan/2026:10:07:56 +0800] "GET /InternetTrading/jquery/jquery.validate-1.11.1.js HTTP/1.1" 200 7041
14.155.90.194 - - [22/Jan/2026:10:07:56 +0800] "GET /InternetTrading/jquery/additional-methods.js HTTP/1.1" 200 2238
14.155.90.194 - - [22/Jan/2026:10:07:56 +0800] "GET /InternetTrading/jquery/jquery.blockUI-2.66.0-iAsiaEdition.js HTTP/1.1" 200 6651
14.155.90.194 - - [22/Jan/2026:10:07:56 +0800] "GET /InternetTrading/jquery/jquery-ui-1.10.3.js HTTP/1.1" 200 69642
14.155.90.194 - - [22/Jan/2026:10:07:56 +0800] "GET /InternetTrading/jquery/jquery.timer-0.9.16.js HTTP/1.1" 200 542
14.155.90.194 - - [22/Jan/2026:10:07:56 +0800] "GET /InternetTrading/jquery/jquery.getParams.js HTTP/1.1" 200 587
14.155.90.194 - - [22/Jan/2026:10:07:56 +0800] "GET /InternetTrading/tc/user/translation.js?jsv=20200819161914 HTTP/1.1" 200 12818
14.155.90.194 - - [22/Jan/2026:10:07:56 +0800] "GET /InternetTrading/js/constants.js?jsv=20200819161914 HTTP/1.1" 200 400
119.136.155.129 - - [22/Jan/2026:10:07:56 +0800] "GET /InternetTrading/longpoll/51803?X-Atmosphere-tracking-id=0&X-Atmosphere-Framework=2.2.3-javascript&X-Atmosphere-Transport=long-polling&X-Atmosphere-TrackMessageSize=true&Content-Type=charset%3Dutf-8&X-atmo-protocol=true&_=1769047971142 HTTP/1.1" 200 -
14.155.90.194 - - [22/Jan/2026:10:07:56 +0800] "GET /InternetTrading/js/util.js?jsv=20200819161914 HTTP/1.1" 200 6636
14.155.90.194 - - [22/Jan/2026:10:07:56 +0800] "GET /InternetTrading/js/haitong.js?jsv=20200819161914 HTTP/1.1" 200 3881
14.155.90.194 - - [22/Jan/2026:10:07:56 +0800] "GET /InternetTrading/js/init.js?jsv=20200819161914 HTTP/1.1" 200 886
14.155.90.194 - - [22/Jan/2026:10:07:56 +0800] "GET /InternetTrading/tc/user/custom_variables.js?jsv=20200819161914 HTTP/1.1" 200 275
221.124.232.198 - - [22/Jan/2026:10:07:56 +0800] "GET /InternetTrading/longpoll/13519?X-Atmosphere-tracking-id=0&X-Atmosphere-Framework=2.2.3-javascript&X-Atmosphere-Transport=long-polling&X-Atmosphere-TrackMessageSize=true&Content-Type=charset%3Dutf-8&X-atmo-protocol=true&_=1769047960863 HTTP/1.1" 200 -
14.155.90.194 - - [22/Jan/2026:10:07:56 +0800] "GET /InternetTrading/js/2fa.js?jsv=20200819161914 HTTP/1.1" 200 1953
14.155.90.194 - - [22/Jan/2026:10:07:56 +0800] "GET /InternetTrading/js/login.js?jsv=20200819161914 HTTP/1.1" 200 1684
14.155.90.194 - - [22/Jan/2026:10:07:56 +0800] "GET /InternetTrading/settings/webpage_settings.js?jsv=20200819161914 HTTP/1.1" 200 33
14.155.90.194 - - [22/Jan/2026:10:07:56 +0800] "GET /InternetTrading/tc/images/logo.png HTTP/1.1" 200 7042
14.155.90.194 - - [22/Jan/2026:10:07:57 +0800] "GET /InternetTrading/js/login.js?jsv=20200819161914 HTTP/1.1" 200 1684
14.155.90.194 - - [22/Jan/2026:10:07:57 +0800] "POST /InternetTrading/SystemMaintenanceCheck HTTP/1.1" 200 119
14.155.90.194 - - [22/Jan/2026:10:07:57 +0800] "POST /InternetTrading/Get2FAInfoService HTTP/1.1" 200 109
14.155.90.194 - - [22/Jan/2026:10:07:57 +0800] "POST /InternetTrading/SystemMaintenanceCheck HTTP/1.1" 200 119
14.155.90.194 - - [22/Jan/2026:10:07:57 +0800] "GET /InternetTrading/jquery/wait.gif HTTP/1.1" 200 432
14.155.90.194 - - [22/Jan/2026:10:07:57 +0800] "GET /InternetTrading/tc/dialog.html?1769047960572 HTTP/1.1" 200 3188
14.155.90.194 - - [22/Jan/2026:10:07:57 +0800] "GET /favicon.ico HTTP/1.1" 404 196
116.48.142.110 - - [22/Jan/2026:10:07:57 +0800] "GET /InternetTrading/longpoll/56231?X-Atmosphere-tracking-id=0&X-Atmosphere-Framework=2.2.3-javascript&X-Atmosphere-Transport=long-polling&X-Atmosphere-TrackMessageSize=true&Content-Type=charset%3Dutf-8&X-atmo-protocol=true&_=1769047960319 HTTP/1.1" 200 -
58.152.215.40 - - [22/Jan/2026:10:07:57 +0800] "GET /InternetTrading/longpoll/55136?X-Atmosphere-tracking-id=0&X-Atmosphere-Framework=2.2.3-javascript&X-Atmosphere-Transport=long-polling&X-Atmosphere-TrackMessageSize=true&Content-Type=charset%3Dutf-8&X-atmo-protocol=true&_=1769047962042 HTTP/1.1" 200 -
14.0.173.64 - - [22/Jan/2026:10:08:00 +0800] "GET /InternetTrading/longpoll/A8127?X-Atmosphere-tracking-id=0&X-Atmosphere-Framework=2.2.3-javascript&X-Atmosphere-Transport=long-polling&X-Atmosphere-TrackMessageSize=true&Content-Type=charset%3Dutf-8&X-atmo-protocol=true&_=1769047965676 HTTP/1.1" 200 -
221.124.232.198 - - [22/Jan/2026:10:08:01 +0800] "GET /InternetTrading/longpoll/13519?X-Atmosphere-tracking-id=0&X-Atmosphere-Framework=2.2.3-javascript&X-Atmosphere-Transport=long-polling&X-Atmosphere-TrackMessageSize=true&Content-Type=charset%3Dutf-8&X-atmo-protocol=true&_=1769047965878 HTTP/1.1" 200 -
119.136.155.129 - - [22/Jan/2026:10:08:01 +0800] "GET /InternetTrading/longpoll/51803?X-Atmosphere-tracking-id=0&X-Atmosphere-Framework=2.2.3-javascript&X-Atmosphere-Transport=long-polling&X-Atmosphere-TrackMessageSize=true&Content-Type=charset%3Dutf-8&X-atmo-protocol=true&_=1769047976225 HTTP/1.1" 200 -
58.152.215.40 - - [22/Jan/2026:10:08:03 +0800] "GET /InternetTrading/longpoll/55136?X-Atmosphere-tracking-id=0&X-Atmosphere-Framework=2.2.3-javascript&X-Atmosphere-Transport=long-polling&X-Atmosphere-TrackMessageSize=true&Content-Type=charset%3Dutf-8&X-atmo-protocol=true&_=1769047967106 HTTP/1.1" 200 -
221.124.232.198 - - [22/Jan/2026:10:08:03 +0800] "POST /InternetTrading/SessionErrorLogger HTTP/1.1" 200 117
221.124.232.198 - - [22/Jan/2026:10:08:03 +0800] "POST /InternetTrading/Orderbook HTTP/1.1" 200 94
221.124.232.198 - - [22/Jan/2026:10:08:03 +0800] "GET /InternetTrading/jquery/wait.gif HTTP/1.1" 200 432
116.48.142.110 - - [22/Jan/2026:10:08:03 +0800] "GET /InternetTrading/longpoll/56231?X-Atmosphere-tracking-id=0&X-Atmosphere-Framework=2.2.3-javascript&X-Atmosphere-Transport=long-polling&X-Atmosphere-TrackMessageSize=true&Content-Type=charset%3Dutf-8&X-atmo-protocol=true&_=1769047966316 HTTP/1.1" 200 -
221.124.232.198 - - [22/Jan/2026:10:08:03 +0800] "GET /InternetTrading/jquery/wait.gif HTTP/1.1" 200 432
221.124.232.198 - - [22/Jan/2026:10:08:03 +0800] "POST /InternetTrading/SessionErrorLogger HTTP/1.1" 200 117
221.124.232.198 - - [22/Jan/2026:10:08:03 +0800] "POST /InternetTrading/Portfolio HTTP/1.1" 200 1326
119.136.155.129 - - [22/Jan/2026:10:08:04 +0800] "POST /InternetTrading/SessionErrorLogger HTTP/1.1" 200 117
119.136.155.129 - - [22/Jan/2026:10:08:04 +0800] "POST /InternetTrading/Heartbeat HTTP/1.1" 200 32
119.136.155.129 - - [22/Jan/2026:10:08:04 +0800] "POST /InternetTrading/SessionErrorLogger HTTP/1.1" 200 117
119.136.155.129 - - [22/Jan/2026:10:08:04 +0800] "POST /InternetTrading/MarketStatus HTTP/1.1" 200 772
116.48.142.110 - - [22/Jan/2026:10:08:04 +0800] "POST /InternetTrading/SessionErrorLogger HTTP/1.1" 200 117
116.48.142.110 - - [22/Jan/2026:10:08:04 +0800] "POST /InternetTrading/MarketStatus HTTP/1.1" 200 772
116.48.142.110 - - [22/Jan/2026:10:08:04 +0800] "POST /InternetTrading/SessionErrorLogger HTTP/1.1" 200 117
116.48.142.110 - - [22/Jan/2026:10:08:04 +0800] "POST /InternetTrading/Heartbeat HTTP/1.1" 200 32
14.0.173.64 - - [22/Jan/2026:10:08:05 +0800] "GET /InternetTrading/longpoll/A8127?X-Atmosphere-tracking-id=0&X-Atmosphere-Framework=2.2.3-javascript&X-Atmosphere-Transport=long-polling&X-Atmosphere-TrackMessageSize=true&Content-Type=charset%3Dutf-8&X-atmo-protocol=true&_=1769047970752 HTTP/1.1" 200 -
221.124.232.198 - - [22/Jan/2026:10:08:06 +0800] "GET /InternetTrading/longpoll/13519?X-Atmosphere-tracking-id=0&X-Atmosphere-Framework=2.2.3-javascript&X-Atmosphere-Transport=long-polling&X-Atmosphere-TrackMessageSize=true&Content-Type=charset%3Dutf-8&X-atmo-protocol=true&_=1769047970895 HTTP/1.1" 200 -
119.136.155.129 - - [22/Jan/2026:10:08:06 +0800] "GET /InternetTrading/longpoll/51803?X-Atmosphere-tracking-id=0&X-Atmosphere-Framework=2.2.3-javascript&X-Atmosphere-Transport=long-polling&X-Atmosphere-TrackMessageSize=true&Content-Type=charset%3Dutf-8&X-atmo-protocol=true&_=1769047981278 HTTP/1.1" 200 -
58.152.215.40 - - [22/Jan/2026:10:08:08 +0800] "GET /InternetTrading/longpoll/55136?X-Atmosphere-tracking-id=0&X-Atmosphere-Framework=2.2.3-javascript&X-Atmosphere-Transport=long-polling&X-Atmosphere-TrackMessageSize=true&Content-Type=charset%3Dutf-8&X-atmo-protocol=true&_=1769047972147 HTTP/1.1" 200 -
116.48.142.110 - - [22/Jan/2026:10:08:09 +0800] "GET /InternetTrading/longpoll/56231?X-Atmosphere-tracking-id=0&X-Atmosphere-Framework=2.2.3-javascript&X-Atmosphere-Transport=long-polling&X-Atmosphere-TrackMessageSize=true&Content-Type=charset%3Dutf-8&X-atmo-protocol=true&_=1769047972315 HTTP/1.1" 200 -
14.0.173.64 - - [22/Jan/2026:10:08:10 +0800] "GET /InternetTrading/longpoll/A8127?X-Atmosphere-tracking-id=0&X-Atmosphere-Framework=2.2.3-javascript&X-Atmosphere-Transport=long-polling&X-Atmosphere-TrackMessageSize=true&Content-Type=charset%3Dutf-8&X-atmo-protocol=true&_=1769047975912 HTTP/1.1" 200 -
221.124.232.198 - - [22/Jan/2026:10:08:11 +0800] "POST /InternetTrading/SessionErrorLogger HTTP/1.1" 200 117
221.124.232.198 - - [22/Jan/2026:10:08:11 +0800] "POST /InternetTrading/Heartbeat HTTP/1.1" 200 16
221.124.232.198 - - [22/Jan/2026:10:08:11 +0800] "POST /InternetTrading/SessionErrorLogger HTTP/1.1" 200 117
221.124.232.198 - - [22/Jan/2026:10:08:11 +0800] "POST /InternetTrading/MarketStatus HTTP/1.1" 200 772
119.136.155.129 - - [22/Jan/2026:10:08:12 +0800] "GET /InternetTrading/longpoll/51803?X-Atmosphere-tracking-id=0&X-Atmosphere-Framework=2.2.3-javascript&X-Atmosphere-Transport=long-polling&X-Atmosphere-TrackMessageSize=true&Content-Type=charset%3Dutf-8&X-atmo-protocol=true&_=1769047987230 HTTP/1.1" 200 -
221.124.232.198 - - [22/Jan/2026:10:08:13 +0800] "GET /InternetTrading/tc/login.html HTTP/1.1" 200 1755
221.124.232.198 - - [22/Jan/2026:10:08:13 +0800] "GET /InternetTrading/longpoll/13519?X-Atmosphere-tracking-id=0&X-Atmosphere-Framework=2.2.3-javascript&X-Atmosphere-Transport=long-polling&X-Atmosphere-TrackMessageSize=true&Content-Type=charset%3Dutf-8&X-atmo-protocol=true&_=1769047976926 HTTP/1.1" 200 -
58.152.215.40 - - [22/Jan/2026:10:08:13 +0800] "GET /InternetTrading/longpoll/55136?X-Atmosphere-tracking-id=0&X-Atmosphere-Framework=2.2.3-javascript&X-Atmosphere-Transport=long-polling&X-Atmosphere-TrackMessageSize=true&Content-Type=charset%3Dutf-8&X-atmo-protocol=true&_=1769047977176 HTTP/1.1" 200 -
221.124.232.198 - - [22/Jan/2026:10:08:13 +0800] "GET /InternetTrading/tc/style_common.css?v=20200819161914 HTTP/1.1" 200 2540
221.124.232.198 - - [22/Jan/2026:10:08:13 +0800] "GET /InternetTrading/tc/style.css?v=20200819161914 HTTP/1.1" 200 1435
221.124.232.198 - - [22/Jan/2026:10:08:13 +0800] "GET /InternetTrading/jquery/jquery-migrate-3.0.0.js HTTP/1.1" 200 4963
221.124.232.198 - - [22/Jan/2026:10:08:13 +0800] "GET /InternetTrading/jquery/jquery.form-3.46.0.js HTTP/1.1" 200 5673
221.124.232.198 - - [22/Jan/2026:10:08:13 +0800] "GET /InternetTrading/jquery/jquery.validate-1.11.1.js HTTP/1.1" 200 7041
221.124.232.198 - - [22/Jan/2026:10:08:13 +0800] "GET /InternetTrading/jquery/additional-methods.js HTTP/1.1" 200 2238
221.124.232.198 - - [22/Jan/2026:10:08:13 +0800] "GET /InternetTrading/jquery/jquery.blockUI-2.66.0.js HTTP/1.1" 200 6651
221.124.232.198 - - [22/Jan/2026:10:08:13 +0800] "GET /InternetTrading/jquery/jquery-ui-personalized-1.6rc2.min.js HTTP/1.1" 200 55543
221.124.232.198 - - [22/Jan/2026:10:08:13 +0800] "GET /InternetTrading/jquery/jquery-3.3.1.js HTTP/1.1" 200 80650
221.124.232.198 - - [22/Jan/2026:10:08:13 +0800] "GET /InternetTrading/jquery/jquery.timer-0.9.16.js HTTP/1.1" 200 542
221.124.232.198 - - [22/Jan/2026:10:08:13 +0800] "GET /InternetTrading/jquery/jquery.getParams.js HTTP/1.1" 200 587
221.124.232.198 - - [22/Jan/2026:10:08:13 +0800] "GET /InternetTrading/tc/user/translation.js?jsv=20200819161914 HTTP/1.1" 200 12818
221.124.232.198 - - [22/Jan/2026:10:08:13 +0800] "GET /InternetTrading/js/constants.js?jsv=20200819161914 HTTP/1.1" 200 400
221.124.232.198 - - [22/Jan/2026:10:08:13 +0800] "GET /InternetTrading/js/haitong.js?jsv=20200819161914 HTTP/1.1" 200 3881
221.124.232.198 - - [22/Jan/2026:10:08:13 +0800] "GET /InternetTrading/js/util.js?jsv=20200819161914 HTTP/1.1" 200 6636
221.124.232.198 - - [22/Jan/2026:10:08:13 +0800] "GET /InternetTrading/js/rsautil.js?jsv=20200819161914 HTTP/1.1" 200 1017
221.124.232.198 - - [22/Jan/2026:10:08:13 +0800] "GET /InternetTrading/js/init.js?jsv=20200819161914 HTTP/1.1" 200 886
221.124.232.198 - - [22/Jan/2026:10:08:13 +0800] "GET /InternetTrading/js/login.js?jsv=20200819161914 HTTP/1.1" 200 1684
221.124.232.198 - - [22/Jan/2026:10:08:13 +0800] "GET /InternetTrading/js/version.js?jsv=20200819161914 HTTP/1.1" 200 85
221.124.232.198 - - [22/Jan/2026:10:08:13 +0800] "GET /InternetTrading/tc/user/custom_variables.js?jsv=20200819161914 HTTP/1.1" 200 275
221.124.232.198 - - [22/Jan/2026:10:08:13 +0800] "GET /InternetTrading/js/string_extend.js?jsv=20200819161914 HTTP/1.1" 200 272
221.124.232.198 - - [22/Jan/2026:10:08:13 +0800] "GET /InternetTrading/js/pidcrypt.js?jsv=20200819161914 HTTP/1.1" 200 982
221.124.232.198 - - [22/Jan/2026:10:08:13 +0800] "GET /InternetTrading/js/pidcrypt_util.js?jsv=20200819161914 HTTP/1.1" 200 1206
221.124.232.198 - - [22/Jan/2026:10:08:13 +0800] "GET /InternetTrading/js/aes_cbc.js?jsv=20200819161914 HTTP/1.1" 200 2043
221.124.232.198 - - [22/Jan/2026:10:08:13 +0800] "GET /InternetTrading/js/aes_core.js?jsv=20200819161914 HTTP/1.1" 200 2106
221.124.232.198 - - [22/Jan/2026:10:08:13 +0800] "GET /InternetTrading/js/asn1.js?jsv=20200819161914 HTTP/1.1" 200 3099
221.124.232.198 - - [22/Jan/2026:10:08:13 +0800] "GET /InternetTrading/js/md5.js?jsv=20200819161914 HTTP/1.1" 200 1730
221.124.232.198 - - [22/Jan/2026:10:08:13 +0800] "GET /InternetTrading/js/sha256.js?jsv=20200819161914 HTTP/1.1" 200 1362
221.124.232.198 - - [22/Jan/2026:10:08:13 +0800] "GET /InternetTrading/js/jsbn.js?jsv=20200819161914 HTTP/1.1" 200 6736
221.124.232.198 - - [22/Jan/2026:10:08:13 +0800] "GET /InternetTrading/js/prng4.js?jsv=20200819161914 HTTP/1.1" 200 303
221.124.232.198 - - [22/Jan/2026:10:08:13 +0800] "GET /InternetTrading/js/rng.js?jsv=20200819161914 HTTP/1.1" 200 481
221.124.232.198 - - [22/Jan/2026:10:08:13 +0800] "GET /InternetTrading/js/rsa.js?jsv=20200819161914 HTTP/1.1" 200 1658
221.124.232.198 - - [22/Jan/2026:10:08:13 +0800] "GET /InternetTrading/tc/images/bg_login.jpg HTTP/1.1" 200 29296
221.124.232.198 - - [22/Jan/2026:10:08:13 +0800] "GET /InternetTrading/tc/dialog.html?1769047977595 HTTP/1.1" 200 3188
221.124.232.198 - - [22/Jan/2026:10:08:13 +0800] "POST /InternetTrading/SystemMaintenanceCheck HTTP/1.1" 200 119
14.0.173.64 - - [22/Jan/2026:10:08:15 +0800] "GET /InternetTrading/longpoll/A8127?X-Atmosphere-tracking-id=0&X-Atmosphere-Framework=2.2.3-javascript&X-Atmosphere-Transport=long-polling&X-Atmosphere-TrackMessageSize=true&Content-Type=charset%3Dutf-8&X-atmo-protocol=true&_=1769047981066 HTTP/1.1" 200 -
116.48.142.110 - - [22/Jan/2026:10:08:15 +0800] "GET /InternetTrading/longpoll/56231?X-Atmosphere-tracking-id=0&X-Atmosphere-Framework=2.2.3-javascript&X-Atmosphere-Transport=long-polling&X-Atmosphere-TrackMessageSize=true&Content-Type=charset%3Dutf-8&X-atmo-protocol=true&_=1769047978313 HTTP/1.1" 200 -
58.152.215.40 - - [22/Jan/2026:10:08:16 +0800] "POST /InternetTrading/SessionErrorLogger HTTP/1.1" 200 117
58.152.215.40 - - [22/Jan/2026:10:08:16 +0800] "POST /InternetTrading/Heartbeat HTTP/1.1" 200 32
58.152.215.40 - - [22/Jan/2026:10:08:16 +0800] "POST /InternetTrading/SessionErrorLogger HTTP/1.1" 200 117
58.152.215.40 - - [22/Jan/2026:10:08:16 +0800] "POST /InternetTrading/MarketStatus HTTP/1.1" 200 772
58.152.215.40 - - [22/Jan/2026:10:08:18 +0800] "GET /InternetTrading/longpoll/55136?X-Atmosphere-tracking-id=0&X-Atmosphere-Framework=2.2.3-javascript&X-Atmosphere-Transport=long-polling&X-Atmosphere-TrackMessageSize=true&Content-Type=charset%3Dutf-8&X-atmo-protocol=true&_=1769047982208 HTTP/1.1" 200 -
119.136.155.129 - - [22/Jan/2026:10:08:18 +0800] "GET /InternetTrading/longpoll/51803?X-Atmosphere-tracking-id=0&X-Atmosphere-Framework=2.2.3-javascript&X-Atmosphere-Transport=long-polling&X-Atmosphere-TrackMessageSize=true&Content-Type=charset%3Dutf-8&X-atmo-protocol=true&_=1769047993223 HTTP/1.1" 200 -
14.0.173.64 - - [22/Jan/2026:10:08:20 +0800] "GET /InternetTrading/longpoll/A8127?X-Atmosphere-tracking-id=0&X-Atmosphere-Framework=2.2.3-javascript&X-Atmosphere-Transport=long-polling&X-Atmosphere-TrackMessageSize=true&Content-Type=charset%3Dutf-8&X-atmo-protocol=true&_=1769047986158 HTTP/1.1" 200 -
116.48.142.110 - - [22/Jan/2026:10:08:21 +0800] "GET /InternetTrading/longpoll/56231?X-Atmosphere-tracking-id=0&X-Atmosphere-Framework=2.2.3-javascript&X-Atmosphere-Transport=long-polling&X-Atmosphere-TrackMessageSize=true&Content-Type=charset%3Dutf-8&X-atmo-protocol=true&_=1769047984315 HTTP/1.1" 200 -
58.152.215.40 - - [22/Jan/2026:10:08:23 +0800] "GET /InternetTrading/longpoll/55136?X-Atmosphere-tracking-id=0&X-Atmosphere-Framework=2.2.3-javascript&X-Atmosphere-Transport=long-polling&X-Atmosphere-TrackMessageSize=true&Content-Type=charset%3Dutf-8&X-atmo-protocol=true&_=1769047987227 HTTP/1.1" 200 -
14.0.173.64 - - [22/Jan/2026:10:08:23 +0800] "POST /InternetTrading/SessionErrorLogger HTTP/1.1" 200 117
14.0.173.64 - - [22/Jan/2026:10:08:23 +0800] "POST /InternetTrading/Heartbeat HTTP/1.1" 200 32
14.0.173.64 - - [22/Jan/2026:10:08:23 +0800] "POST /InternetTrading/SessionErrorLogger HTTP/1.1" 200 117
14.0.173.64 - - [22/Jan/2026:10:08:23 +0800] "POST /InternetTrading/MarketStatus HTTP/1.1" 200 772
119.136.155.129 - - [22/Jan/2026:10:08:24 +0800] "GET /InternetTrading/longpoll/51803?X-Atmosphere-tracking-id=0&X-Atmosphere-Framework=2.2.3-javascript&X-Atmosphere-Transport=long-polling&X-Atmosphere-TrackMessageSize=true&Content-Type=charset%3Dutf-8&X-atmo-protocol=true&_=1769047999236 HTTP/1.1" 200 -
14.0.173.64 - - [22/Jan/2026:10:08:25 +0800] "GET /InternetTrading/longpoll/A8127?X-Atmosphere-tracking-id=0&X-Atmosphere-Framework=2.2.3-javascript&X-Atmosphere-Transport=long-polling&X-Atmosphere-TrackMessageSize=true&Content-Type=charset%3Dutf-8&X-atmo-protocol=true&_=1769047991295 HTTP/1.1" 200 -
14.155.90.194 - - [22/Jan/2026:10:08:27 +0800] "POST /InternetTrading/Heartbeat2FAService HTTP/1.1" 200 1
116.48.142.110 - - [22/Jan/2026:10:08:27 +0800] "GET /InternetTrading/longpoll/56231?X-Atmosphere-tracking-id=0&X-Atmosphere-Framework=2.2.3-javascript&X-Atmosphere-Transport=long-polling&X-Atmosphere-TrackMessageSize=true&Content-Type=charset%3Dutf-8&X-atmo-protocol=true&_=1769047990316 HTTP/1.1" 200 -
58.152.215.40 - - [22/Jan/2026:10:08:28 +0800] "GET /InternetTrading/longpoll/55136?X-Atmosphere-tracking-id=0&X-Atmosphere-Framework=2.2.3-javascript&X-Atmosphere-Transport=long-polling&X-Atmosphere-TrackMessageSize=true&Content-Type=charset%3Dutf-8&X-atmo-protocol=true&_=1769047992247 HTTP/1.1" 200 -
119.136.155.129 - - [22/Jan/2026:10:08:30 +0800] "GET /InternetTrading/longpoll/51803?X-Atmosphere-tracking-id=0&X-Atmosphere-Framework=2.2.3-javascript&X-Atmosphere-Transport=long-polling&X-Atmosphere-TrackMessageSize=true&Content-Type=charset%3Dutf-8&X-atmo-protocol=true&_=1769048005226 HTTP/1.1" 200 -
14.0.173.64 - - [22/Jan/2026:10:08:31 +0800] "GET /InternetTrading/longpoll/A8127?X-Atmosphere-tracking-id=0&X-Atmosphere-Framework=2.2.3-javascript&X-Atmosphere-Transport=long-polling&X-Atmosphere-TrackMessageSize=true&Content-Type=charset%3Dutf-8&X-atmo-protocol=true&_=1769047996432 HTTP/1.1" 200 -
14.155.90.194 - - [22/Jan/2026:10:08:31 +0800] "GET /InternetTrading/jquery/wait.gif HTTP/1.1" 200 432
14.155.90.194 - - [22/Jan/2026:10:08:31 +0800] "POST /InternetTrading/Verify2FAService HTTP/1.1" 200 424
14.155.90.194 - - [22/Jan/2026:10:08:31 +0800] "GET /InternetTrading/tc/main.html?language=tc&version=HTML HTTP/1.1" 200 3578
14.155.90.194 - - [22/Jan/2026:10:08:31 +0800] "GET /InternetTrading/jquery/ui.datepicker.css HTTP/1.1" 200 1145
14.155.90.194 - - [22/Jan/2026:10:08:31 +0800] "GET /InternetTrading/jquery/jquery.tablesorter-theme.blue.css HTTP/1.1" 200 2083
14.155.90.194 - - [22/Jan/2026:10:08:31 +0800] "GET /InternetTrading/jquery/jquery-ui-1.10.3.css HTTP/1.1" 200 5283
14.155.90.194 - - [22/Jan/2026:10:08:32 +0800] "GET /InternetTrading/jquery/dragtable-2.0.9.css HTTP/1.1" 200 316
14.155.90.194 - - [22/Jan/2026:10:08:32 +0800] "GET /InternetTrading/tc/style_common.css?v=20200819161914 HTTP/1.1" 200 2540
14.155.90.194 - - [22/Jan/2026:10:08:32 +0800] "GET /InternetTrading/tc/style.css?v=20200819161914 HTTP/1.1" 200 1435
14.155.90.194 - - [22/Jan/2026:10:08:32 +0800] "GET /InternetTrading/tc/css/jquery.jscrollpane.css HTTP/1.1" 404 690
14.155.90.194 - - [22/Jan/2026:10:08:32 +0800] "GET /InternetTrading/jquery/jquery-1.6.3.min.js HTTP/1.1" 200 32057
14.155.90.194 - - [22/Jan/2026:10:08:32 +0800] "GET /InternetTrading/jquery/jquery.ba-postmessage.js HTTP/1.1" 200 2990
14.155.90.194 - - [22/Jan/2026:10:08:32 +0800] "GET /InternetTrading/jquery/jquery-migrate-3.0.0.js HTTP/1.1" 200 4963
14.155.90.194 - - [22/Jan/2026:10:08:32 +0800] "GET /InternetTrading/jquery/jquery-ui-1.10.3.js HTTP/1.1" 200 69642
14.155.90.194 - - [22/Jan/2026:10:08:32 +0800] "GET /InternetTrading/jquery/jquery-3.3.1.js HTTP/1.1" 200 80650
14.155.90.194 - - [22/Jan/2026:10:08:32 +0800] "GET /InternetTrading/js/atmosphere.js HTTP/1.1" 200 13461
14.155.90.194 - - [22/Jan/2026:10:08:32 +0800] "GET /InternetTrading/js/cache.js?jsv=20200819161914 HTTP/1.1" 200 940
14.155.90.194 - - [22/Jan/2026:10:08:32 +0800] "GET /InternetTrading/jquery/jquery.form-3.46.0.js HTTP/1.1" 200 5673
14.155.90.194 - - [22/Jan/2026:10:08:32 +0800] "GET /InternetTrading/jquery/jquery.blockUI-2.66.0.js HTTP/1.1" 200 6651
14.155.90.194 - - [22/Jan/2026:10:08:32 +0800] "GET /InternetTrading/jquery/jquery.validate-1.11.1.js HTTP/1.1" 200 7041
14.155.90.194 - - [22/Jan/2026:10:08:32 +0800] "GET /InternetTrading/jquery/additional-methods.js HTTP/1.1" 200 2238
14.155.90.194 - - [22/Jan/2026:10:08:32 +0800] "GET /InternetTrading/jquery/jquery.mousewheel-3.1.4.js HTTP/1.1" 200 822
14.155.90.194 - - [22/Jan/2026:10:08:32 +0800] "GET /InternetTrading/jquery/jquery.tablesorter-2.14.5.js HTTP/1.1" 200 8901
14.155.90.194 - - [22/Jan/2026:10:08:32 +0800] "GET /InternetTrading/jquery/jquery.tablesorter.widgets-2.14.5.js HTTP/1.1" 200 8611
14.155.90.194 - - [22/Jan/2026:10:08:32 +0800] "GET /InternetTrading/jquery/jquery.combobox.packed.js HTTP/1.1" 200 3387
14.155.90.194 - - [22/Jan/2026:10:08:32 +0800] "GET /InternetTrading/jquery/jquery.timer-0.9.16.js HTTP/1.1" 200 542
14.155.90.194 - - [22/Jan/2026:10:08:32 +0800] "GET /InternetTrading/jquery/jquery.getParams.js HTTP/1.1" 200 587
14.155.90.194 - - [22/Jan/2026:10:08:32 +0800] "GET /InternetTrading/jquery/date.js HTTP/1.1" 200 2807
14.155.90.194 - - [22/Jan/2026:10:08:32 +0800] "GET /InternetTrading/jquery/globalize-0.1.0a1.js HTTP/1.1" 200 6984
14.155.90.194 - - [22/Jan/2026:10:08:32 +0800] "GET /InternetTrading/jquery/jquery.selectboxes.pack.js HTTP/1.1" 200 1640
14.155.90.194 - - [22/Jan/2026:10:08:32 +0800] "GET /InternetTrading/json/json2.js?jsv=20200819161914 HTTP/1.1" 200 1372
14.155.90.194 - - [22/Jan/2026:10:08:32 +0800] "GET /InternetTrading/settings/crm_display_settings.js?jsv=20200819161914 HTTP/1.1" 200 1781
14.155.90.194 - - [22/Jan/2026:10:08:32 +0800] "GET /InternetTrading/js/constants.js?jsv=20200819161914 HTTP/1.1" 200 400
14.155.90.194 - - [22/Jan/2026:10:08:32 +0800] "GET /InternetTrading/tc/user/translation.js?jsv=20200819161914 HTTP/1.1" 200 12818
14.155.90.194 - - [22/Jan/2026:10:08:32 +0800] "GET /InternetTrading/tc/user/custom_variables.js?jsv=20200819161914 HTTP/1.1" 200 275
14.155.90.194 - - [22/Jan/2026:10:08:32 +0800] "GET /InternetTrading/js/haitong.js?jsv=20200819161914 HTTP/1.1" 200 3881
14.155.90.194 - - [22/Jan/2026:10:08:32 +0800] "GET /InternetTrading/js/util.js?jsv=20200819161914 HTTP/1.1" 200 6636
14.155.90.194 - - [22/Jan/2026:10:08:32 +0800] "GET /InternetTrading/js/init.js?jsv=20200819161914 HTTP/1.1" 200 886
14.155.90.194 - - [22/Jan/2026:10:08:32 +0800] "GET /InternetTrading/js/rsautil.js?jsv=20200819161914 HTTP/1.1" 200 1017
14.155.90.194 - - [22/Jan/2026:10:08:32 +0800] "GET /InternetTrading/js/corporate.js?jsv=20200819161914 HTTP/1.1" 200 1575
14.155.90.194 - - [22/Jan/2026:10:08:32 +0800] "GET /InternetTrading/js/main.js?jsv=20200819161914 HTTP/1.1" 200 30725
14.155.90.194 - - [22/Jan/2026:10:08:32 +0800] "GET /InternetTrading/js/update_mdf.js?jsv=20200819161914 HTTP/1.1" 200 856
14.155.90.194 - - [22/Jan/2026:10:08:32 +0800] "GET /InternetTrading/js/validation_hkex.js?jsv=20200819161914 HTTP/1.1" 200 2300
14.155.90.194 - - [22/Jan/2026:10:08:32 +0800] "GET /InternetTrading/js/validation_bshare.js?jsv=20200819161914 HTTP/1.1" 200 1567
14.155.90.194 - - [22/Jan/2026:10:08:32 +0800] "GET /InternetTrading/js/validation_ashare.js?jsv=20200819161914 HTTP/1.1" 200 2482
14.155.90.194 - - [22/Jan/2026:10:08:32 +0800] "GET /InternetTrading/js/validation_global.js?jsv=20200819161914 HTTP/1.1" 200 1564
14.155.90.194 - - [22/Jan/2026:10:08:32 +0800] "GET /InternetTrading/js/account.js?jsv=20200819161914 HTTP/1.1" 200 2656
14.155.90.194 - - [22/Jan/2026:10:08:32 +0800] "GET /InternetTrading/js/ipo.js?jsv=20200819161914 HTTP/1.1" 200 5726
14.155.90.194 - - [22/Jan/2026:10:08:32 +0800] "GET /InternetTrading/js/cash_transfer.js?jsv=20200819161914 HTTP/1.1" 200 2712
14.155.90.194 - - [22/Jan/2026:10:08:32 +0800] "GET /InternetTrading/js/spread_cache.js?jsv=20200819161914 HTTP/1.1" 200 908
14.155.90.194 - - [22/Jan/2026:10:08:32 +0800] "GET /InternetTrading/js/mm.js?jsv=20200819161914 HTTP/1.1" 200 487
14.155.90.194 - - [22/Jan/2026:10:08:32 +0800] "GET /InternetTrading/js/isec_calculator.js?jsv=20200819161914 HTTP/1.1" 200 1364
14.155.90.194 - - [22/Jan/2026:10:08:32 +0800] "GET /InternetTrading/js/payment_instruction.js?jsv=20200819161914 HTTP/1.1" 200 2178
14.155.90.194 - - [22/Jan/2026:10:08:32 +0800] "GET /InternetTrading/js/payment_instruction_IMOS.js?jsv=20200819161914 HTTP/1.1" 200 6874
14.155.90.194 - - [22/Jan/2026:10:08:32 +0800] "GET /InternetTrading/js/eStatement.js?jsv=20200819161914 HTTP/1.1" 200 562
14.155.90.194 - - [22/Jan/2026:10:08:32 +0800] "GET /InternetTrading/js/string_extend.js?jsv=20200819161914 HTTP/1.1" 200 272
14.155.90.194 - - [22/Jan/2026:10:08:32 +0800] "GET /InternetTrading/ExchangeList?fmt=js&jsv=20200819161914 HTTP/1.1" 200 146
14.155.90.194 - - [22/Jan/2026:10:08:32 +0800] "GET /InternetTrading/js/pidcrypt.js?jsv=20200819161914 HTTP/1.1" 200 982
14.155.90.194 - - [22/Jan/2026:10:08:32 +0800] "GET /InternetTrading/js/pidcrypt_util.js?jsv=20200819161914 HTTP/1.1" 200 1206
14.155.90.194 - - [22/Jan/2026:10:08:32 +0800] "GET /InternetTrading/js/aes_cbc.js?jsv=20200819161914 HTTP/1.1" 200 2043
14.155.90.194 - - [22/Jan/2026:10:08:32 +0800] "GET /InternetTrading/js/aes_core.js?jsv=20200819161914 HTTP/1.1" 200 2106
14.155.90.194 - - [22/Jan/2026:10:08:32 +0800] "GET /InternetTrading/js/asn1.js?jsv=20200819161914 HTTP/1.1" 200 3099
14.155.90.194 - - [22/Jan/2026:10:08:33 +0800] "GET /InternetTrading/js/md5.js?jsv=20200819161914 HTTP/1.1" 200 1730
14.155.90.194 - - [22/Jan/2026:10:08:33 +0800] "GET /InternetTrading/js/sha256.js?jsv=20200819161914 HTTP/1.1" 200 1362
14.155.90.194 - - [22/Jan/2026:10:08:33 +0800] "GET /InternetTrading/js/jsbn.js?jsv=20200819161914 HTTP/1.1" 200 6736
14.155.90.194 - - [22/Jan/2026:10:08:33 +0800] "GET /InternetTrading/js/prng4.js?jsv=20200819161914 HTTP/1.1" 200 303
14.155.90.194 - - [22/Jan/2026:10:08:33 +0800] "GET /InternetTrading/js/rng.js?jsv=20200819161914 HTTP/1.1" 200 481
14.155.90.194 - - [22/Jan/2026:10:08:33 +0800] "GET /InternetTrading/js/rsa.js?jsv=20200819161914 HTTP/1.1" 200 1658
14.155.90.194 - - [22/Jan/2026:10:08:33 +0800] "GET /InternetTrading/js/aes.js?jsv=20200819161914 HTTP/1.1" 200 4816
14.155.90.194 - - [22/Jan/2026:10:08:33 +0800] "GET /InternetTrading/js/mode-ecb.js?jsv=20200819161914 HTTP/1.1" 200 199
14.155.90.194 - - [22/Jan/2026:10:08:33 +0800] "GET /InternetTrading/js/utilSpec.js?jsv=20200819161914 HTTP/1.1" 200 27
14.155.90.194 - - [22/Jan/2026:10:08:33 +0800] "GET /InternetTrading/js/update_lastlogin.js?jsv=20200819161914 HTTP/1.1" 200 980
14.155.90.194 - - [22/Jan/2026:10:08:33 +0800] "GET /InternetTrading/js/pw_alert.js?jsv=20200819161914 HTTP/1.1" 200 418
14.155.90.194 - - [22/Jan/2026:10:08:33 +0800] "GET /InternetTrading/js/jquery.jscrollpane.js HTTP/1.1" 404 685
14.155.90.194 - - [22/Jan/2026:10:08:33 +0800] "GET /InternetTrading/js/jquery.mousewheel.js HTTP/1.1" 404 684
14.155.90.194 - - [22/Jan/2026:10:08:33 +0800] "GET /InternetTrading/js/jquery.cookie.js HTTP/1.1" 200 834
58.152.215.40 - - [22/Jan/2026:10:08:33 +0800] "GET /InternetTrading/longpoll/55136?X-Atmosphere-tracking-id=0&X-Atmosphere-Framework=2.2.3-javascript&X-Atmosphere-Transport=long-polling&X-Atmosphere-TrackMessageSize=true&Content-Type=charset%3Dutf-8&X-atmo-protocol=true&_=1769047997278 HTTP/1.1" 200 -
14.155.90.194 - - [22/Jan/2026:10:08:33 +0800] "GET /InternetTrading/js/decimal.js HTTP/1.1" 200 13492
14.155.90.194 - - [22/Jan/2026:10:08:33 +0800] "GET /InternetTrading/GoodTillDateValidExch?fmt=js&jsv=20200819161914 HTTP/1.1" 200 29
14.155.90.194 - - [22/Jan/2026:10:08:33 +0800] "GET /InternetTrading/tc/images/logo.png HTTP/1.1" 200 7042
14.155.90.194 - - [22/Jan/2026:10:08:33 +0800] "GET /InternetTrading/tc/images/top_menu01.jpg HTTP/1.1" 200 3466
14.155.90.194 - - [22/Jan/2026:10:08:33 +0800] "GET /InternetTrading/tc/images/top_menu04.jpg HTTP/1.1" 200 3430
14.155.90.194 - - [22/Jan/2026:10:08:33 +0800] "GET /InternetTrading/tc/images/top_menu_logout.jpg HTTP/1.1" 200 1016
116.48.142.110 - - [22/Jan/2026:10:08:33 +0800] "GET /InternetTrading/longpoll/56231?X-Atmosphere-tracking-id=0&X-Atmosphere-Framework=2.2.3-javascript&X-Atmosphere-Transport=long-polling&X-Atmosphere-TrackMessageSize=true&Content-Type=charset%3Dutf-8&X-atmo-protocol=true&_=1769047996308 HTTP/1.1" 200 -
14.155.90.194 - - [22/Jan/2026:10:08:34 +0800] "GET /InternetTrading/js/aastock.js HTTP/1.1" 200 553
14.155.90.194 - - [22/Jan/2026:10:08:34 +0800] "GET /InternetTrading/images/top_bg1.jpg HTTP/1.1" 200 329
14.155.90.194 - - [22/Jan/2026:10:08:34 +0800] "POST /InternetTrading/PopUpConfig HTTP/1.1" 200 2
14.155.90.194 - - [22/Jan/2026:10:08:34 +0800] "GET /InternetTrading/images/top_bg2.jpg HTTP/1.1" 200 330
14.155.90.194 - - [22/Jan/2026:10:08:34 +0800] "GET /InternetTrading/tc/dialog.html?1769047997766 HTTP/1.1" 200 3188
14.155.90.194 - - [22/Jan/2026:10:08:34 +0800] "POST /InternetTrading/Heartbeat HTTP/1.1" 200 32
14.155.90.194 - - [22/Jan/2026:10:08:34 +0800] "POST /InternetTrading/CustomerInfoLite HTTP/1.1" 200 118
14.155.90.194 - - [22/Jan/2026:10:08:34 +0800] "GET /InternetTrading/tc/images/top_menu04.jpg HTTP/1.1" 200 3430
14.155.90.194 - - [22/Jan/2026:10:08:34 +0800] "GET /InternetTrading/jquery/wait.gif HTTP/1.1" 200 432
14.155.90.194 - - [22/Jan/2026:10:08:34 +0800] "GET /InternetTrading/tc/trade.html HTTP/1.1" 200 2113
14.155.90.194 - - [22/Jan/2026:10:08:34 +0800] "POST /InternetTrading/SpreadPriceCache HTTP/1.1" 200 1947
14.155.90.194 - - [22/Jan/2026:10:08:34 +0800] "GET /InternetTrading/tc/images/top_menu01_o.jpg HTTP/1.1" 200 3339
14.155.90.194 - - [22/Jan/2026:10:08:34 +0800] "POST /InternetTrading/SessionErrorLogger HTTP/1.1" 200 117
14.155.90.194 - - [22/Jan/2026:10:08:34 +0800] "POST /InternetTrading/GetLastLoginDate HTTP/1.1" 200 31
14.155.90.194 - - [22/Jan/2026:10:08:34 +0800] "POST /InternetTrading/SessionErrorLogger HTTP/1.1" 200 117
119.136.155.129 - - [22/Jan/2026:10:08:34 +0800] "POST /InternetTrading/SessionErrorLogger HTTP/1.1" 200 117
14.155.90.194 - - [22/Jan/2026:10:08:34 +0800] "GET /InternetTrading/tc/applet_dummy.html HTTP/1.1" 200 330
14.155.90.194 - - [22/Jan/2026:10:08:34 +0800] "GET /InternetTrading/tc/getpopupMsgName.jsp HTTP/1.1" 200 -
14.155.90.194 - - [22/Jan/2026:10:08:34 +0800] "POST /InternetTrading/SessionErrorLogger HTTP/1.1" 200 117
119.136.155.129 - - [22/Jan/2026:10:08:34 +0800] "POST /InternetTrading/Heartbeat HTTP/1.1" 200 32
119.136.155.129 - - [22/Jan/2026:10:08:34 +0800] "POST /InternetTrading/SessionErrorLogger HTTP/1.1" 200 117
119.136.155.129 - - [22/Jan/2026:10:08:34 +0800] "POST /InternetTrading/MarketStatus HTTP/1.1" 200 772
14.155.90.194 - - [22/Jan/2026:10:08:34 +0800] "GET /InternetTrading/tc/buy_ticket.html? HTTP/1.1" 200 1995
14.155.90.194 - - [22/Jan/2026:10:08:34 +0800] "POST /InternetTrading/SessionErrorLogger HTTP/1.1" 200 117
14.155.90.194 - - [22/Jan/2026:10:08:35 +0800] "POST /InternetTrading/MarketStatus HTTP/1.1" 200 772
14.155.90.194 - - [22/Jan/2026:10:08:35 +0800] "POST /InternetTrading/SessionErrorLogger HTTP/1.1" 200 117
14.155.90.194 - - [22/Jan/2026:10:08:35 +0800] "GET /InternetTrading/tc/multi_currency_balance.html HTTP/1.1" 200 295
14.155.90.194 - - [22/Jan/2026:10:08:35 +0800] "GET /InternetTrading/jquery/wait.gif HTTP/1.1" 200 432
14.155.90.194 - - [22/Jan/2026:10:08:35 +0800] "GET /InternetTrading/tc/images/trade_point01.jpg HTTP/1.1" 200 358
14.155.90.194 - - [22/Jan/2026:10:08:35 +0800] "GET /InternetTrading/tc/images/refresh.gif HTTP/1.1" 200 1145
14.155.90.194 - - [22/Jan/2026:10:08:35 +0800] "GET /InternetTrading/Home/PostToAA.jsp?hl=tc HTTP/1.1" 200 287
14.155.90.194 - - [22/Jan/2026:10:08:35 +0800] "GET /InternetTrading/jquery/images/ui-bg_flat_75_ffffff_40x100.png HTTP/1.1" 200 208
14.155.90.194 - - [22/Jan/2026:10:08:35 +0800] "POST /InternetTrading/SessionErrorLogger HTTP/1.1" 200 117
14.155.90.194 - - [22/Jan/2026:10:08:35 +0800] "GET /InternetTrading/jquery/images/ui-icons_222222_256x240.png HTTP/1.1" 200 6922
14.155.90.194 - - [22/Jan/2026:10:08:35 +0800] "POST /InternetTrading/SessionErrorLogger HTTP/1.1" 200 117
14.155.90.194 - - [22/Jan/2026:10:08:35 +0800] "POST /InternetTrading/MarketStatus HTTP/1.1" 200 772
14.155.90.194 - - [22/Jan/2026:10:08:35 +0800] "POST /InternetTrading/MarketStatus HTTP/1.1" 200 772
14.0.173.64 - - [22/Jan/2026:10:08:36 +0800] "GET /InternetTrading/longpoll/A8127?X-Atmosphere-tracking-id=0&X-Atmosphere-Framework=2.2.3-javascript&X-Atmosphere-Transport=long-polling&X-Atmosphere-TrackMessageSize=true&Content-Type=charset%3Dutf-8&X-atmo-protocol=true&_=1769048001653 HTTP/1.1" 200 -
14.155.90.194 - - [22/Jan/2026:10:08:36 +0800] "GET /InternetTrading/images/top_bg3.jpg HTTP/1.1" 200 878
119.136.155.129 - - [22/Jan/2026:10:08:36 +0800] "GET /InternetTrading/longpoll/51803?X-Atmosphere-tracking-id=0&X-Atmosphere-Framework=2.2.3-javascript&X-Atmosphere-Transport=long-polling&X-Atmosphere-TrackMessageSize=true&Content-Type=charset%3Dutf-8&X-atmo-protocol=true&_=1769048011223 HTTP/1.1" 200 -
14.155.90.194 - - [22/Jan/2026:10:08:37 +0800] "POST /InternetTrading/SessionErrorLogger HTTP/1.1" 200 117
14.155.90.194 - - [22/Jan/2026:10:08:37 +0800] "POST /InternetTrading/CustomerInfo HTTP/1.1" 200 233
14.155.90.194 - - [22/Jan/2026:10:08:37 +0800] "POST /InternetTrading/SessionErrorLogger HTTP/1.1" 200 117
14.155.90.194 - - [22/Jan/2026:10:08:37 +0800] "GET /InternetTrading/tc/account_status.html HTTP/1.1" 200 426
14.155.90.194 - - [22/Jan/2026:10:08:37 +0800] "POST /InternetTrading/SessionErrorLogger HTTP/1.1" 200 117
14.155.90.194 - - [22/Jan/2026:10:08:37 +0800] "POST /InternetTrading/SessionErrorLogger HTTP/1.1" 200 117
14.155.90.194 - - [22/Jan/2026:10:08:37 +0800] "POST /InternetTrading/MarketStatus HTTP/1.1" 200 772
14.155.90.194 - - [22/Jan/2026:10:08:37 +0800] "GET /InternetTrading/jquery/wait.gif HTTP/1.1" 200 432
14.155.90.194 - - [22/Jan/2026:10:08:37 +0800] "POST /InternetTrading/SessionErrorLogger HTTP/1.1" 200 117
14.155.90.194 - - [22/Jan/2026:10:08:37 +0800] "POST /InternetTrading/LongPollingConfig HTTP/1.1" 200 4
14.155.90.194 - - [22/Jan/2026:10:08:37 +0800] "GET /InternetTrading/jquery/wait.gif HTTP/1.1" 200 432
14.155.90.194 - - [22/Jan/2026:10:08:37 +0800] "POST /InternetTrading/SessionErrorLogger HTTP/1.1" 200 117
14.155.90.194 - - [22/Jan/2026:10:08:37 +0800] "GET /InternetTrading/longpoll/13519?X-Atmosphere-tracking-id=0&X-Atmosphere-Framework=2.2.3-javascript&X-Atmosphere-Transport=long-polling&X-Atmosphere-TrackMessageSize=true&Content-Type=charset%3Dutf-8&X-atmo-protocol=true&_=1769048001086 HTTP/1.1" 200 -
14.155.90.194 - - [22/Jan/2026:10:08:37 +0800] "POST /InternetTrading/Portfolio HTTP/1.1" 200 1326
58.152.215.40 - - [22/Jan/2026:10:08:38 +0800] "GET /InternetTrading/longpoll/55136?X-Atmosphere-tracking-id=0&X-Atmosphere-Framework=2.2.3-javascript&X-Atmosphere-Transport=long-polling&X-Atmosphere-TrackMessageSize=true&Content-Type=charset%3Dutf-8&X-atmo-protocol=true&_=1769048002312 HTTP/1.1" 200 -
116.48.142.110 - - [22/Jan/2026:10:08:39 +0800] "GET /InternetTrading/longpoll/56231?X-Atmosphere-tracking-id=0&X-Atmosphere-Framework=2.2.3-javascript&X-Atmosphere-Transport=long-polling&X-Atmosphere-TrackMessageSize=true&Content-Type=charset%3Dutf-8&X-atmo-protocol=true&_=1769048002318 HTTP/1.1" 200 -
14.0.173.64 - - [22/Jan/2026:10:08:41 +0800] "GET /InternetTrading/longpoll/A8127?X-Atmosphere-tracking-id=0&X-Atmosphere-Framework=2.2.3-javascript&X-Atmosphere-Transport=long-polling&X-Atmosphere-TrackMessageSize=true&Content-Type=charset%3Dutf-8&X-atmo-protocol=true&_=1769048006778 HTTP/1.1" 200 -
14.155.90.194 - - [22/Jan/2026:10:08:42 +0800] "GET /InternetTrading/longpoll/13519?X-Atmosphere-tracking-id=0&X-Atmosphere-Framework=2.2.3-javascript&X-Atmosphere-Transport=long-polling&X-Atmosphere-TrackMessageSize=true&Content-Type=charset%3Dutf-8&X-atmo-protocol=true&_=1769048006178 HTTP/1.1" 200 -
119.136.155.129 - - [22/Jan/2026:10:08:42 +0800] "GET /InternetTrading/longpoll/51803?X-Atmosphere-tracking-id=0&X-Atmosphere-Framework=2.2.3-javascript&X-Atmosphere-Transport=long-polling&X-Atmosphere-TrackMessageSize=true&Content-Type=charset%3Dutf-8&X-atmo-protocol=true&_=1769048017226 HTTP/1.1" 200 -
58.152.215.40 - - [22/Jan/2026:10:08:43 +0800] "GET /InternetTrading/longpoll/55136?X-Atmosphere-tracking-id=0&X-Atmosphere-Framework=2.2.3-javascript&X-Atmosphere-Transport=long-polling&X-Atmosphere-TrackMessageSize=true&Content-Type=charset%3Dutf-8&X-atmo-protocol=true&_=1769048007346 HTTP/1.1" 200 -
116.48.142.110 - - [22/Jan/2026:10:08:45 +0800] "GET /InternetTrading/longpoll/56231?X-Atmosphere-tracking-id=0&X-Atmosphere-Framework=2.2.3-javascript&X-Atmosphere-Transport=long-polling&X-Atmosphere-TrackMessageSize=true&Content-Type=charset%3Dutf-8&X-atmo-protocol=true&_=1769048008313 HTTP/1.1" 200 -
58.152.215.40 - - [22/Jan/2026:10:08:46 +0800] "POST /InternetTrading/SessionErrorLogger HTTP/1.1" 200 117
58.152.215.40 - - [22/Jan/2026:10:08:46 +0800] "POST /InternetTrading/Heartbeat HTTP/1.1" 200 32
58.152.215.40 - - [22/Jan/2026:10:08:46 +0800] "POST /InternetTrading/SessionErrorLogger HTTP/1.1" 200 117
58.152.215.40 - - [22/Jan/2026:10:08:46 +0800] "POST /InternetTrading/MarketStatus HTTP/1.1" 200 772
14.0.173.64 - - [22/Jan/2026:10:08:46 +0800] "GET /InternetTrading/longpoll/A8127?X-Atmosphere-tracking-id=0&X-Atmosphere-Framework=2.2.3-javascript&X-Atmosphere-Transport=long-polling&X-Atmosphere-TrackMessageSize=true&Content-Type=charset%3Dutf-8&X-atmo-protocol=true&_=1769048011938 HTTP/1.1" 200 -
