119.136.155.129 - - [22/Jan/2026:10:01:48 +0800] "GET /InternetTrading/longpoll/51803?X-Atmosphere-tracking-id=0&X-Atmosphere-Framework=2.2.3-javascript&X-Atmosphere-Transport=long-polling&X-Atmosphere-TrackMessageSize=true&Content-Type=charset%3Dutf-8&X-atmo-protocol=true&_=1769047602365 HTTP/1.1" 200 -
221.124.232.198 - - [22/Jan/2026:10:01:50 +0800] "GET /InternetTrading/longpoll/13519?X-Atmosphere-tracking-id=0&X-Atmosphere-Framework=2.2.3-javascript&X-Atmosphere-Transport=long-polling&X-Atmosphere-TrackMessageSize=true&Content-Type=charset%3Dutf-8&X-atmo-protocol=true&_=1769047593960 HTTP/1.1" 200 -
58.152.215.40 - - [22/Jan/2026:10:01:50 +0800] "GET /InternetTrading/longpoll/55136?X-Atmosphere-tracking-id=0&X-Atmosphere-Framework=2.2.3-javascript&X-Atmosphere-Transport=long-polling&X-Atmosphere-TrackMessageSize=true&Content-Type=charset%3Dutf-8&X-atmo-protocol=true&_=1769047594757 HTTP/1.1" 200 -
14.0.173.64 - - [22/Jan/2026:10:01:50 +0800] "GET /InternetTrading/longpoll/A8127?X-Atmosphere-tracking-id=0&X-Atmosphere-Framework=2.2.3-javascript&X-Atmosphere-Transport=long-polling&X-Atmosphere-TrackMessageSize=true&Content-Type=charset%3Dutf-8&X-atmo-protocol=true&_=1769047596380 HTTP/1.1" 200 -
14.0.173.64 - - [22/Jan/2026:10:01:51 +0800] "POST /InternetTrading/SessionErrorLogger HTTP/1.1" 200 117
14.0.173.64 - - [22/Jan/2026:10:01:51 +0800] "POST /InternetTrading/Heartbeat HTTP/1.1" 200 32
116.48.142.110 - - [22/Jan/2026:10:01:51 +0800] "GET /InternetTrading/longpoll/56231?X-Atmosphere-tracking-id=0&X-Atmosphere-Framework=2.2.3-javascript&X-Atmosphere-Transport=long-polling&X-Atmosphere-TrackMessageSize=true&Content-Type=charset%3Dutf-8&X-atmo-protocol=true&_=1769047594314 HTTP/1.1" 200 -
119.136.155.129 - - [22/Jan/2026:10:01:53 +0800] "GET /InternetTrading/longpoll/51803?X-Atmosphere-tracking-id=0&X-Atmosphere-Framework=2.2.3-javascript&X-Atmosphere-Transport=long-polling&X-Atmosphere-TrackMessageSize=true&Content-Type=charset%3Dutf-8&X-atmo-protocol=true&_=1769047607428 HTTP/1.1" 200 -
58.152.215.40 - - [22/Jan/2026:10:01:55 +0800] "GET /InternetTrading/longpoll/55136?X-Atmosphere-tracking-id=0&X-Atmosphere-Framework=2.2.3-javascript&X-Atmosphere-Transport=long-polling&X-Atmosphere-TrackMessageSize=true&Content-Type=charset%3Dutf-8&X-atmo-protocol=true&_=1769047599806 HTTP/1.1" 200 -
221.124.232.198 - - [22/Jan/2026:10:01:55 +0800] "GET /InternetTrading/longpoll/13519?X-Atmosphere-tracking-id=0&X-Atmosphere-Framework=2.2.3-javascript&X-Atmosphere-Transport=long-polling&X-Atmosphere-TrackMessageSize=true&Content-Type=charset%3Dutf-8&X-atmo-protocol=true&_=1769047599967 HTTP/1.1" 200 -
14.0.173.64 - - [22/Jan/2026:10:01:56 +0800] "GET /InternetTrading/longpoll/A8127?X-Atmosphere-tracking-id=0&X-Atmosphere-Framework=2.2.3-javascript&X-Atmosphere-Transport=long-polling&X-Atmosphere-TrackMessageSize=true&Content-Type=charset%3Dutf-8&X-atmo-protocol=true&_=1769047601534 HTTP/1.1" 200 -
116.48.142.110 - - [22/Jan/2026:10:01:57 +0800] "GET /InternetTrading/longpoll/56231?X-Atmosphere-tracking-id=0&X-Atmosphere-Framework=2.2.3-javascript&X-Atmosphere-Transport=long-polling&X-Atmosphere-TrackMessageSize=true&Content-Type=charset%3Dutf-8&X-atmo-protocol=true&_=1769047600311 HTTP/1.1" 200 -
119.136.155.129 - - [22/Jan/2026:10:01:58 +0800] "GET /InternetTrading/longpoll/51803?X-Atmosphere-tracking-id=0&X-Atmosphere-Framework=2.2.3-javascript&X-Atmosphere-Transport=long-polling&X-Atmosphere-TrackMessageSize=true&Content-Type=charset%3Dutf-8&X-atmo-protocol=true&_=1769047612491 HTTP/1.1" 200 -
221.124.232.198 - - [22/Jan/2026:10:01:59 +0800] "POST /InternetTrading/SessionErrorLogger HTTP/1.1" 200 117
221.124.232.198 - - [22/Jan/2026:10:01:59 +0800] "POST /InternetTrading/Heartbeat HTTP/1.1" 200 32
221.124.232.198 - - [22/Jan/2026:10:01:59 +0800] "POST /InternetTrading/SessionErrorLogger HTTP/1.1" 200 117
221.124.232.198 - - [22/Jan/2026:10:01:59 +0800] "POST /InternetTrading/MarketStatus HTTP/1.1" 200 772
58.152.215.40 - - [22/Jan/2026:10:02:00 +0800] "GET /InternetTrading/longpoll/55136?X-Atmosphere-tracking-id=0&X-Atmosphere-Framework=2.2.3-javascript&X-Atmosphere-Transport=long-polling&X-Atmosphere-TrackMessageSize=true&Content-Type=charset%3Dutf-8&X-atmo-protocol=true&_=1769047604835 HTTP/1.1" 200 -
14.0.173.64 - - [22/Jan/2026:10:02:01 +0800] "GET /InternetTrading/longpoll/A8127?X-Atmosphere-tracking-id=0&X-Atmosphere-Framework=2.2.3-javascript&X-Atmosphere-Transport=long-polling&X-Atmosphere-TrackMessageSize=true&Content-Type=charset%3Dutf-8&X-atmo-protocol=true&_=1769047606626 HTTP/1.1" 200 -
221.124.232.198 - - [22/Jan/2026:10:02:01 +0800] "GET /InternetTrading/longpoll/13519?X-Atmosphere-tracking-id=0&X-Atmosphere-Framework=2.2.3-javascript&X-Atmosphere-Transport=long-polling&X-Atmosphere-TrackMessageSize=true&Content-Type=charset%3Dutf-8&X-atmo-protocol=true&_=1769047605971 HTTP/1.1" 200 -
119.136.155.129 - - [22/Jan/2026:10:02:03 +0800] "GET /InternetTrading/longpoll/51803?X-Atmosphere-tracking-id=0&X-Atmosphere-Framework=2.2.3-javascript&X-Atmosphere-Transport=long-polling&X-Atmosphere-TrackMessageSize=true&Content-Type=charset%3Dutf-8&X-atmo-protocol=true&_=1769047617548 HTTP/1.1" 200 -
119.136.155.129 - - [22/Jan/2026:10:02:03 +0800] "POST /InternetTrading/SessionErrorLogger HTTP/1.1" 200 117
119.136.155.129 - - [22/Jan/2026:10:02:03 +0800] "POST /InternetTrading/Heartbeat HTTP/1.1" 200 32
119.136.155.129 - - [22/Jan/2026:10:02:03 +0800] "POST /InternetTrading/SessionErrorLogger HTTP/1.1" 200 117
119.136.155.129 - - [22/Jan/2026:10:02:03 +0800] "POST /InternetTrading/MarketStatus HTTP/1.1" 200 772
116.48.142.110 - - [22/Jan/2026:10:02:03 +0800] "GET /InternetTrading/longpoll/56231?X-Atmosphere-tracking-id=0&X-Atmosphere-Framework=2.2.3-javascript&X-Atmosphere-Transport=long-polling&X-Atmosphere-TrackMessageSize=true&Content-Type=charset%3Dutf-8&X-atmo-protocol=true&_=1769047606307 HTTP/1.1" 200 -
116.48.142.110 - - [22/Jan/2026:10:02:04 +0800] "POST /InternetTrading/SessionErrorLogger HTTP/1.1" 200 117
116.48.142.110 - - [22/Jan/2026:10:02:04 +0800] "POST /InternetTrading/MarketStatus HTTP/1.1" 200 772
116.48.142.110 - - [22/Jan/2026:10:02:04 +0800] "POST /InternetTrading/SessionErrorLogger HTTP/1.1" 200 117
116.48.142.110 - - [22/Jan/2026:10:02:05 +0800] "POST /InternetTrading/Heartbeat HTTP/1.1" 200 32
58.152.215.40 - - [22/Jan/2026:10:02:05 +0800] "GET /InternetTrading/longpoll/55136?X-Atmosphere-tracking-id=0&X-Atmosphere-Framework=2.2.3-javascript&X-Atmosphere-Transport=long-polling&X-Atmosphere-TrackMessageSize=true&Content-Type=charset%3Dutf-8&X-atmo-protocol=true&_=1769047609873 HTTP/1.1" 200 -
14.0.173.64 - - [22/Jan/2026:10:02:06 +0800] "GET /InternetTrading/longpoll/A8127?X-Atmosphere-tracking-id=0&X-Atmosphere-Framework=2.2.3-javascript&X-Atmosphere-Transport=long-polling&X-Atmosphere-TrackMessageSize=true&Content-Type=charset%3Dutf-8&X-atmo-protocol=true&_=1769047611727 HTTP/1.1" 200 -
14.0.173.64 - - [22/Jan/2026:10:02:07 +0800] "POST /InternetTrading/SessionErrorLogger HTTP/1.1" 200 117
14.0.173.64 - - [22/Jan/2026:10:02:07 +0800] "POST /InternetTrading/MarketStatus HTTP/1.1" 200 772
221.124.232.198 - - [22/Jan/2026:10:02:07 +0800] "GET /InternetTrading/longpoll/13519?X-Atmosphere-tracking-id=0&X-Atmosphere-Framework=2.2.3-javascript&X-Atmosphere-Transport=long-polling&X-Atmosphere-TrackMessageSize=true&Content-Type=charset%3Dutf-8&X-atmo-protocol=true&_=1769047611965 HTTP/1.1" 200 -
119.136.155.129 - - [22/Jan/2026:10:02:08 +0800] "GET /InternetTrading/longpoll/51803?X-Atmosphere-tracking-id=0&X-Atmosphere-Framework=2.2.3-javascript&X-Atmosphere-Transport=long-polling&X-Atmosphere-TrackMessageSize=true&Content-Type=charset%3Dutf-8&X-atmo-protocol=true&_=1769047622622 HTTP/1.1" 200 -
116.48.142.110 - - [22/Jan/2026:10:02:09 +0800] "GET /InternetTrading/longpoll/56231?X-Atmosphere-tracking-id=0&X-Atmosphere-Framework=2.2.3-javascript&X-Atmosphere-Transport=long-polling&X-Atmosphere-TrackMessageSize=true&Content-Type=charset%3Dutf-8&X-atmo-protocol=true&_=1769047612318 HTTP/1.1" 200 -
58.152.215.40 - - [22/Jan/2026:10:02:10 +0800] "GET /InternetTrading/longpoll/55136?X-Atmosphere-tracking-id=0&X-Atmosphere-Framework=2.2.3-javascript&X-Atmosphere-Transport=long-polling&X-Atmosphere-TrackMessageSize=true&Content-Type=charset%3Dutf-8&X-atmo-protocol=true&_=1769047614914 HTTP/1.1" 200 -
14.0.173.64 - - [22/Jan/2026:10:02:11 +0800] "GET /InternetTrading/longpoll/A8127?X-Atmosphere-tracking-id=0&X-Atmosphere-Framework=2.2.3-javascript&X-Atmosphere-Transport=long-polling&X-Atmosphere-TrackMessageSize=true&Content-Type=charset%3Dutf-8&X-atmo-protocol=true&_=1769047616835 HTTP/1.1" 200 -
119.136.155.129 - - [22/Jan/2026:10:02:13 +0800] "GET /InternetTrading/longpoll/51803?X-Atmosphere-tracking-id=0&X-Atmosphere-Framework=2.2.3-javascript&X-Atmosphere-Transport=long-polling&X-Atmosphere-TrackMessageSize=true&Content-Type=charset%3Dutf-8&X-atmo-protocol=true&_=1769047627651 HTTP/1.1" 200 -
221.124.232.198 - - [22/Jan/2026:10:02:13 +0800] "GET /InternetTrading/longpoll/13519?X-Atmosphere-tracking-id=0&X-Atmosphere-Framework=2.2.3-javascript&X-Atmosphere-Transport=long-polling&X-Atmosphere-TrackMessageSize=true&Content-Type=charset%3Dutf-8&X-atmo-protocol=true&_=1769047617961 HTTP/1.1" 200 -
58.152.215.40 - - [22/Jan/2026:10:02:14 +0800] "POST /InternetTrading/SessionErrorLogger HTTP/1.1" 200 117
58.152.215.40 - - [22/Jan/2026:10:02:14 +0800] "POST /InternetTrading/Orderbook HTTP/1.1" 200 94
58.152.215.40 - - [22/Jan/2026:10:02:14 +0800] "GET /InternetTrading/jquery/wait.gif HTTP/1.1" 200 432
116.48.142.110 - - [22/Jan/2026:10:02:15 +0800] "GET /InternetTrading/longpoll/56231?X-Atmosphere-tracking-id=0&X-Atmosphere-Framework=2.2.3-javascript&X-Atmosphere-Transport=long-polling&X-Atmosphere-TrackMessageSize=true&Content-Type=charset%3Dutf-8&X-atmo-protocol=true&_=1769047618320 HTTP/1.1" 200 -
58.152.215.40 - - [22/Jan/2026:10:02:15 +0800] "POST /InternetTrading/SessionErrorLogger HTTP/1.1" 200 117
58.152.215.40 - - [22/Jan/2026:10:02:15 +0800] "GET /InternetTrading/longpoll/55136?X-Atmosphere-tracking-id=0&X-Atmosphere-Framework=2.2.3-javascript&X-Atmosphere-Transport=long-polling&X-Atmosphere-TrackMessageSize=true&Content-Type=charset%3Dutf-8&X-atmo-protocol=true&_=1769047619975 HTTP/1.1" 200 -
58.152.215.40 - - [22/Jan/2026:10:02:15 +0800] "POST /InternetTrading/Heartbeat HTTP/1.1" 200 32
58.152.215.40 - - [22/Jan/2026:10:02:15 +0800] "POST /InternetTrading/SessionErrorLogger HTTP/1.1" 200 117
58.152.215.40 - - [22/Jan/2026:10:02:15 +0800] "POST /InternetTrading/MarketStatus HTTP/1.1" 200 772
58.152.215.40 - - [22/Jan/2026:10:02:15 +0800] "GET /InternetTrading/jquery/wait.gif HTTP/1.1" 200 432
58.152.215.40 - - [22/Jan/2026:10:02:15 +0800] "POST /InternetTrading/SessionErrorLogger HTTP/1.1" 200 117
58.152.215.40 - - [22/Jan/2026:10:02:15 +0800] "POST /InternetTrading/Portfolio HTTP/1.1" 200 1942
14.0.173.64 - - [22/Jan/2026:10:02:16 +0800] "GET /InternetTrading/longpoll/A8127?X-Atmosphere-tracking-id=0&X-Atmosphere-Framework=2.2.3-javascript&X-Atmosphere-Transport=long-polling&X-Atmosphere-TrackMessageSize=true&Content-Type=charset%3Dutf-8&X-atmo-protocol=true&_=1769047621897 HTTP/1.1" 200 -
119.136.155.129 - - [22/Jan/2026:10:02:18 +0800] "GET /InternetTrading/longpoll/51803?X-Atmosphere-tracking-id=0&X-Atmosphere-Framework=2.2.3-javascript&X-Atmosphere-Transport=long-polling&X-Atmosphere-TrackMessageSize=true&Content-Type=charset%3Dutf-8&X-atmo-protocol=true&_=1769047632678 HTTP/1.1" 200 -
14.0.173.64 - - [22/Jan/2026:10:02:19 +0800] "GET /InternetTrading/tc/main.html?language=tc&version=HTML HTTP/1.1" 200 3578
14.0.173.64 - - [22/Jan/2026:10:02:19 +0800] "GET /InternetTrading/jquery/ui.datepicker.css HTTP/1.1" 200 1145
14.0.173.64 - - [22/Jan/2026:10:02:19 +0800] "GET /InternetTrading/jquery/jquery.tablesorter-theme.blue.css HTTP/1.1" 200 2083
14.0.173.64 - - [22/Jan/2026:10:02:19 +0800] "GET /InternetTrading/jquery/dragtable-2.0.9.css HTTP/1.1" 200 316
14.0.173.64 - - [22/Jan/2026:10:02:19 +0800] "GET /InternetTrading/jquery/jquery-ui-1.10.3.css HTTP/1.1" 200 5283
14.0.173.64 - - [22/Jan/2026:10:02:19 +0800] "GET /InternetTrading/tc/style_common.css?v=20200819161914 HTTP/1.1" 200 2540
14.0.173.64 - - [22/Jan/2026:10:02:19 +0800] "GET /InternetTrading/tc/css/jquery.jscrollpane.css HTTP/1.1" 404 690
14.0.173.64 - - [22/Jan/2026:10:02:19 +0800] "GET /InternetTrading/tc/style.css?v=20200819161914 HTTP/1.1" 200 1435
14.0.173.64 - - [22/Jan/2026:10:02:19 +0800] "GET /InternetTrading/jquery/jquery.ba-postmessage.js HTTP/1.1" 200 2990
14.0.173.64 - - [22/Jan/2026:10:02:19 +0800] "GET /InternetTrading/jquery/jquery-1.6.3.min.js HTTP/1.1" 200 32057
14.0.173.64 - - [22/Jan/2026:10:02:19 +0800] "GET /InternetTrading/js/aastock.js HTTP/1.1" 200 553
14.0.173.64 - - [22/Jan/2026:10:02:19 +0800] "GET /InternetTrading/jquery/jquery-migrate-3.0.0.js HTTP/1.1" 200 4963
14.0.173.64 - - [22/Jan/2026:10:02:19 +0800] "GET /InternetTrading/jquery/jquery-ui-1.10.3.js HTTP/1.1" 200 69642
14.0.173.64 - - [22/Jan/2026:10:02:19 +0800] "GET /InternetTrading/jquery/jquery-3.3.1.js HTTP/1.1" 200 80650
14.0.173.64 - - [22/Jan/2026:10:02:19 +0800] "GET /InternetTrading/js/atmosphere.js HTTP/1.1" 200 13461
14.0.173.64 - - [22/Jan/2026:10:02:19 +0800] "GET /InternetTrading/js/cache.js?jsv=20200819161914 HTTP/1.1" 200 940
14.0.173.64 - - [22/Jan/2026:10:02:19 +0800] "GET /InternetTrading/jquery/jquery.form-3.46.0.js HTTP/1.1" 200 5673
14.0.173.64 - - [22/Jan/2026:10:02:19 +0800] "GET /InternetTrading/jquery/jquery.blockUI-2.66.0.js HTTP/1.1" 200 6651
221.124.232.198 - - [22/Jan/2026:10:02:19 +0800] "GET /InternetTrading/longpoll/13519?X-Atmosphere-tracking-id=0&X-Atmosphere-Framework=2.2.3-javascript&X-Atmosphere-Transport=long-polling&X-Atmosphere-TrackMessageSize=true&Content-Type=charset%3Dutf-8&X-atmo-protocol=true&_=1769047623963 HTTP/1.1" 200 -
14.0.173.64 - - [22/Jan/2026:10:02:19 +0800] "GET /InternetTrading/jquery/jquery.validate-1.11.1.js HTTP/1.1" 200 7041
14.0.173.64 - - [22/Jan/2026:10:02:19 +0800] "GET /InternetTrading/jquery/additional-methods.js HTTP/1.1" 200 2238
14.0.173.64 - - [22/Jan/2026:10:02:20 +0800] "GET /InternetTrading/jquery/jquery.mousewheel-3.1.4.js HTTP/1.1" 200 822
14.0.173.64 - - [22/Jan/2026:10:02:20 +0800] "GET /InternetTrading/jquery/jquery.tablesorter-2.14.5.js HTTP/1.1" 200 8901
14.0.173.64 - - [22/Jan/2026:10:02:20 +0800] "GET /InternetTrading/jquery/jquery.tablesorter.widgets-2.14.5.js HTTP/1.1" 200 8611
14.0.173.64 - - [22/Jan/2026:10:02:20 +0800] "GET /InternetTrading/jquery/jquery.combobox.packed.js HTTP/1.1" 200 3387
14.0.173.64 - - [22/Jan/2026:10:02:20 +0800] "GET /InternetTrading/jquery/jquery.timer-0.9.16.js HTTP/1.1" 200 542
14.0.173.64 - - [22/Jan/2026:10:02:20 +0800] "GET /InternetTrading/jquery/jquery.getParams.js HTTP/1.1" 200 587
14.0.173.64 - - [22/Jan/2026:10:02:20 +0800] "GET /InternetTrading/jquery/jquery.selectboxes.pack.js HTTP/1.1" 200 1640
14.0.173.64 - - [22/Jan/2026:10:02:20 +0800] "GET /InternetTrading/jquery/date.js HTTP/1.1" 200 2807
14.0.173.64 - - [22/Jan/2026:10:02:20 +0800] "GET /InternetTrading/jquery/globalize-0.1.0a1.js HTTP/1.1" 200 6984
14.0.173.64 - - [22/Jan/2026:10:02:20 +0800] "GET /InternetTrading/json/json2.js?jsv=20200819161914 HTTP/1.1" 200 1372
14.0.173.64 - - [22/Jan/2026:10:02:20 +0800] "GET /InternetTrading/settings/crm_display_settings.js?jsv=20200819161914 HTTP/1.1" 200 1781
14.0.173.64 - - [22/Jan/2026:10:02:20 +0800] "GET /InternetTrading/tc/user/translation.js?jsv=20200819161914 HTTP/1.1" 200 12818
14.0.173.64 - - [22/Jan/2026:10:02:20 +0800] "GET /InternetTrading/js/constants.js?jsv=20200819161914 HTTP/1.1" 200 400
14.0.173.64 - - [22/Jan/2026:10:02:20 +0800] "GET /InternetTrading/tc/user/custom_variables.js?jsv=20200819161914 HTTP/1.1" 200 275
14.0.173.64 - - [22/Jan/2026:10:02:20 +0800] "GET /InternetTrading/js/haitong.js?jsv=20200819161914 HTTP/1.1" 200 3881
14.0.173.64 - - [22/Jan/2026:10:02:20 +0800] "GET /InternetTrading/js/util.js?jsv=20200819161914 HTTP/1.1" 200 6636
14.0.173.64 - - [22/Jan/2026:10:02:20 +0800] "GET /InternetTrading/js/init.js?jsv=20200819161914 HTTP/1.1" 200 886
14.0.173.64 - - [22/Jan/2026:10:02:20 +0800] "GET /InternetTrading/js/rsautil.js?jsv=20200819161914 HTTP/1.1" 200 1017
14.0.173.64 - - [22/Jan/2026:10:02:20 +0800] "GET /InternetTrading/js/corporate.js?jsv=20200819161914 HTTP/1.1" 200 1575
58.152.215.40 - - [22/Jan/2026:10:02:20 +0800] "GET /InternetTrading/longpoll/55136?X-Atmosphere-tracking-id=0&X-Atmosphere-Framework=2.2.3-javascript&X-Atmosphere-Transport=long-polling&X-Atmosphere-TrackMessageSize=true&Content-Type=charset%3Dutf-8&X-atmo-protocol=true&_=1769047625019 HTTP/1.1" 200 -
14.0.173.64 - - [22/Jan/2026:10:02:20 +0800] "GET /InternetTrading/js/main.js?jsv=20200819161914 HTTP/1.1" 200 30725
14.0.173.64 - - [22/Jan/2026:10:02:20 +0800] "GET /InternetTrading/js/update_mdf.js?jsv=20200819161914 HTTP/1.1" 200 856
14.0.173.64 - - [22/Jan/2026:10:02:20 +0800] "GET /InternetTrading/js/validation_hkex.js?jsv=20200819161914 HTTP/1.1" 200 2300
14.0.173.64 - - [22/Jan/2026:10:02:20 +0800] "GET /InternetTrading/js/validation_bshare.js?jsv=20200819161914 HTTP/1.1" 200 1567
14.0.173.64 - - [22/Jan/2026:10:02:20 +0800] "GET /InternetTrading/js/validation_ashare.js?jsv=20200819161914 HTTP/1.1" 200 2482
14.0.173.64 - - [22/Jan/2026:10:02:20 +0800] "GET /InternetTrading/js/validation_global.js?jsv=20200819161914 HTTP/1.1" 200 1564
14.0.173.64 - - [22/Jan/2026:10:02:21 +0800] "GET /InternetTrading/js/account.js?jsv=20200819161914 HTTP/1.1" 200 2656
14.0.173.64 - - [22/Jan/2026:10:02:21 +0800] "GET /InternetTrading/js/ipo.js?jsv=20200819161914 HTTP/1.1" 200 5726
14.0.173.64 - - [22/Jan/2026:10:02:21 +0800] "GET /InternetTrading/js/cash_transfer.js?jsv=20200819161914 HTTP/1.1" 200 2712
14.0.173.64 - - [22/Jan/2026:10:02:21 +0800] "GET /InternetTrading/js/spread_cache.js?jsv=20200819161914 HTTP/1.1" 200 908
14.0.173.64 - - [22/Jan/2026:10:02:21 +0800] "GET /InternetTrading/js/mm.js?jsv=20200819161914 HTTP/1.1" 200 487
14.0.173.64 - - [22/Jan/2026:10:02:21 +0800] "GET /InternetTrading/js/isec_calculator.js?jsv=20200819161914 HTTP/1.1" 200 1364
14.0.173.64 - - [22/Jan/2026:10:02:21 +0800] "GET /InternetTrading/js/payment_instruction.js?jsv=20200819161914 HTTP/1.1" 200 2178
14.0.173.64 - - [22/Jan/2026:10:02:21 +0800] "GET /InternetTrading/js/payment_instruction_IMOS.js?jsv=20200819161914 HTTP/1.1" 200 6874
14.0.173.64 - - [22/Jan/2026:10:02:21 +0800] "GET /InternetTrading/js/eStatement.js?jsv=20200819161914 HTTP/1.1" 200 562
14.0.173.64 - - [22/Jan/2026:10:02:21 +0800] "GET /InternetTrading/ExchangeList?fmt=js&jsv=20200819161914 HTTP/1.1" 200 146
14.0.173.64 - - [22/Jan/2026:10:02:21 +0800] "GET /InternetTrading/js/pidcrypt.js?jsv=20200819161914 HTTP/1.1" 200 982
14.0.173.64 - - [22/Jan/2026:10:02:21 +0800] "GET /InternetTrading/js/string_extend.js?jsv=20200819161914 HTTP/1.1" 200 272
14.0.173.64 - - [22/Jan/2026:10:02:21 +0800] "GET /InternetTrading/js/pidcrypt_util.js?jsv=20200819161914 HTTP/1.1" 200 1206
14.0.173.64 - - [22/Jan/2026:10:02:21 +0800] "GET /InternetTrading/js/aes_cbc.js?jsv=20200819161914 HTTP/1.1" 200 2043
14.0.173.64 - - [22/Jan/2026:10:02:21 +0800] "GET /InternetTrading/js/asn1.js?jsv=20200819161914 HTTP/1.1" 200 3099
14.0.173.64 - - [22/Jan/2026:10:02:21 +0800] "GET /InternetTrading/js/aes_core.js?jsv=20200819161914 HTTP/1.1" 200 2106
14.0.173.64 - - [22/Jan/2026:10:02:21 +0800] "GET /InternetTrading/js/md5.js?jsv=20200819161914 HTTP/1.1" 200 1730
14.0.173.64 - - [22/Jan/2026:10:02:21 +0800] "GET /InternetTrading/js/sha256.js?jsv=20200819161914 HTTP/1.1" 200 1362
14.0.173.64 - - [22/Jan/2026:10:02:21 +0800] "GET /InternetTrading/js/jsbn.js?jsv=20200819161914 HTTP/1.1" 200 6736
14.0.173.64 - - [22/Jan/2026:10:02:21 +0800] "GET /InternetTrading/js/prng4.js?jsv=20200819161914 HTTP/1.1" 200 303
14.0.173.64 - - [22/Jan/2026:10:02:21 +0800] "GET /InternetTrading/js/rng.js?jsv=20200819161914 HTTP/1.1" 200 481
14.0.173.64 - - [22/Jan/2026:10:02:21 +0800] "GET /InternetTrading/js/rsa.js?jsv=20200819161914 HTTP/1.1" 200 1658
14.0.173.64 - - [22/Jan/2026:10:02:21 +0800] "GET /InternetTrading/js/aes.js?jsv=20200819161914 HTTP/1.1" 200 4816
14.0.173.64 - - [22/Jan/2026:10:02:21 +0800] "GET /InternetTrading/js/mode-ecb.js?jsv=20200819161914 HTTP/1.1" 200 199
14.0.173.64 - - [22/Jan/2026:10:02:21 +0800] "GET /InternetTrading/js/utilSpec.js?jsv=20200819161914 HTTP/1.1" 200 27
14.0.173.64 - - [22/Jan/2026:10:02:21 +0800] "GET /InternetTrading/js/pw_alert.js?jsv=20200819161914 HTTP/1.1" 200 418
14.0.173.64 - - [22/Jan/2026:10:02:21 +0800] "GET /InternetTrading/js/update_lastlogin.js?jsv=20200819161914 HTTP/1.1" 200 980
14.0.173.64 - - [22/Jan/2026:10:02:21 +0800] "GET /InternetTrading/js/jquery.jscrollpane.js HTTP/1.1" 404 685
14.0.173.64 - - [22/Jan/2026:10:02:21 +0800] "GET /InternetTrading/js/jquery.mousewheel.js HTTP/1.1" 404 684
14.0.173.64 - - [22/Jan/2026:10:02:21 +0800] "GET /InternetTrading/js/jquery.cookie.js HTTP/1.1" 200 834
14.0.173.64 - - [22/Jan/2026:10:02:21 +0800] "GET /InternetTrading/GoodTillDateValidExch?fmt=js&jsv=20200819161914 HTTP/1.1" 200 29
14.0.173.64 - - [22/Jan/2026:10:02:21 +0800] "GET /InternetTrading/js/decimal.js HTTP/1.1" 200 13492
14.0.173.64 - - [22/Jan/2026:10:02:21 +0800] "GET /InternetTrading/tc/images/top_menu01.jpg HTTP/1.1" 200 3466
14.0.173.64 - - [22/Jan/2026:10:02:21 +0800] "GET /InternetTrading/tc/images/logo.png HTTP/1.1" 200 7042
14.0.173.64 - - [22/Jan/2026:10:02:21 +0800] "GET /InternetTrading/tc/images/top_menu04.jpg HTTP/1.1" 200 3430
14.0.173.64 - - [22/Jan/2026:10:02:21 +0800] "GET /InternetTrading/tc/images/top_menu_logout.jpg HTTP/1.1" 200 1016
14.0.173.64 - - [22/Jan/2026:10:02:21 +0800] "GET /InternetTrading/images/top_bg1.jpg HTTP/1.1" 200 329
14.0.173.64 - - [22/Jan/2026:10:02:21 +0800] "GET /InternetTrading/images/top_bg3.jpg HTTP/1.1" 200 878
14.0.173.64 - - [22/Jan/2026:10:02:21 +0800] "POST /InternetTrading/PopUpConfig HTTP/1.1" 200 2
14.0.173.64 - - [22/Jan/2026:10:02:21 +0800] "POST /InternetTrading/Heartbeat HTTP/1.1" 200 32
14.0.173.64 - - [22/Jan/2026:10:02:21 +0800] "GET /InternetTrading/images/top_bg2.jpg HTTP/1.1" 200 330
14.0.173.64 - - [22/Jan/2026:10:02:21 +0800] "GET /InternetTrading/tc/dialog.html?1769047627248 HTTP/1.1" 200 3188
14.0.173.64 - - [22/Jan/2026:10:02:21 +0800] "POST /InternetTrading/CustomerInfoLite HTTP/1.1" 200 124
14.0.173.64 - - [22/Jan/2026:10:02:21 +0800] "GET /InternetTrading/tc/images/top_menu01_o.jpg HTTP/1.1" 200 3339
14.0.173.64 - - [22/Jan/2026:10:02:21 +0800] "GET /InternetTrading/tc/trade.html HTTP/1.1" 200 2113
14.0.173.64 - - [22/Jan/2026:10:02:21 +0800] "POST /InternetTrading/SpreadPriceCache HTTP/1.1" 200 1947
14.0.173.64 - - [22/Jan/2026:10:02:21 +0800] "GET /InternetTrading/jquery/wait.gif HTTP/1.1" 200 432
14.0.173.64 - - [22/Jan/2026:10:02:21 +0800] "POST /InternetTrading/SessionErrorLogger HTTP/1.1" 200 117
116.48.142.110 - - [22/Jan/2026:10:02:21 +0800] "GET /InternetTrading/longpoll/56231?X-Atmosphere-tracking-id=0&X-Atmosphere-Framework=2.2.3-javascript&X-Atmosphere-Transport=long-polling&X-Atmosphere-TrackMessageSize=true&Content-Type=charset%3Dutf-8&X-atmo-protocol=true&_=1769047624308 HTTP/1.1" 200 -
14.0.173.64 - - [22/Jan/2026:10:02:21 +0800] "POST /InternetTrading/GetLastLoginDate HTTP/1.1" 200 31
14.0.173.64 - - [22/Jan/2026:10:02:21 +0800] "POST /InternetTrading/SessionErrorLogger HTTP/1.1" 200 117
14.0.173.64 - - [22/Jan/2026:10:02:22 +0800] "GET /InternetTrading/tc/getpopupMsgName.jsp HTTP/1.1" 200 -
14.0.173.64 - - [22/Jan/2026:10:02:22 +0800] "GET /InternetTrading/tc/images/refresh.gif HTTP/1.1" 200 1145
14.0.173.64 - - [22/Jan/2026:10:02:22 +0800] "GET /InternetTrading/tc/images/trade_point01.jpg HTTP/1.1" 200 358
14.0.173.64 - - [22/Jan/2026:10:02:22 +0800] "GET /InternetTrading/tc/applet_dummy.html HTTP/1.1" 200 330
14.0.173.64 - - [22/Jan/2026:10:02:22 +0800] "POST /InternetTrading/SessionErrorLogger HTTP/1.1" 200 117
14.0.173.64 - - [22/Jan/2026:10:02:22 +0800] "GET /InternetTrading/tc/buy_ticket.html? HTTP/1.1" 200 1995
14.0.173.64 - - [22/Jan/2026:10:02:22 +0800] "POST /InternetTrading/SessionErrorLogger HTTP/1.1" 200 117
14.0.173.64 - - [22/Jan/2026:10:02:22 +0800] "POST /InternetTrading/MarketStatus HTTP/1.1" 200 772
14.0.173.64 - - [22/Jan/2026:10:02:22 +0800] "POST /InternetTrading/SessionErrorLogger HTTP/1.1" 200 117
14.0.173.64 - - [22/Jan/2026:10:02:22 +0800] "GET /InternetTrading/tc/multi_currency_balance.html HTTP/1.1" 200 295
14.0.173.64 - - [22/Jan/2026:10:02:22 +0800] "GET /InternetTrading/jquery/wait.gif HTTP/1.1" 200 432
14.0.173.64 - - [22/Jan/2026:10:02:22 +0800] "GET /InternetTrading/Home/PostToAA.jsp?hl=tc HTTP/1.1" 200 293
14.0.173.64 - - [22/Jan/2026:10:02:22 +0800] "GET /InternetTrading/jquery/images/ui-icons_222222_256x240.png HTTP/1.1" 200 6922
14.0.173.64 - - [22/Jan/2026:10:02:22 +0800] "GET /InternetTrading/jquery/images/ui-bg_flat_75_ffffff_40x100.png HTTP/1.1" 200 208
14.0.173.64 - - [22/Jan/2026:10:02:22 +0800] "POST /InternetTrading/SessionErrorLogger HTTP/1.1" 200 117
14.0.173.64 - - [22/Jan/2026:10:02:22 +0800] "POST /InternetTrading/SessionErrorLogger HTTP/1.1" 200 117
14.0.173.64 - - [22/Jan/2026:10:02:22 +0800] "POST /InternetTrading/MarketStatus HTTP/1.1" 200 772
14.0.173.64 - - [22/Jan/2026:10:02:22 +0800] "POST /InternetTrading/MarketStatus HTTP/1.1" 200 772
119.136.155.129 - - [22/Jan/2026:10:02:23 +0800] "GET /InternetTrading/longpoll/51803?X-Atmosphere-tracking-id=0&X-Atmosphere-Framework=2.2.3-javascript&X-Atmosphere-Transport=long-polling&X-Atmosphere-TrackMessageSize=true&Content-Type=charset%3Dutf-8&X-atmo-protocol=true&_=1769047637752 HTTP/1.1" 200 -
14.0.173.64 - - [22/Jan/2026:10:02:24 +0800] "POST /InternetTrading/SessionErrorLogger HTTP/1.1" 200 117
14.0.173.64 - - [22/Jan/2026:10:02:24 +0800] "POST /InternetTrading/SessionErrorLogger HTTP/1.1" 200 117
14.0.173.64 - - [22/Jan/2026:10:02:24 +0800] "POST /InternetTrading/CustomerInfo HTTP/1.1" 200 223
14.0.173.64 - - [22/Jan/2026:10:02:24 +0800] "GET /InternetTrading/tc/account_status.html HTTP/1.1" 200 426
14.0.173.64 - - [22/Jan/2026:10:02:24 +0800] "POST /InternetTrading/SessionErrorLogger HTTP/1.1" 200 117
14.0.173.64 - - [22/Jan/2026:10:02:24 +0800] "POST /InternetTrading/SessionErrorLogger HTTP/1.1" 200 117
14.0.173.64 - - [22/Jan/2026:10:02:24 +0800] "POST /InternetTrading/MarketStatus HTTP/1.1" 200 772
14.0.173.64 - - [22/Jan/2026:10:02:24 +0800] "GET /InternetTrading/jquery/wait.gif HTTP/1.1" 200 432
14.0.173.64 - - [22/Jan/2026:10:02:24 +0800] "POST /InternetTrading/SessionErrorLogger HTTP/1.1" 200 117
14.0.173.64 - - [22/Jan/2026:10:02:24 +0800] "POST /InternetTrading/LongPollingConfig HTTP/1.1" 200 4
14.0.173.64 - - [22/Jan/2026:10:02:24 +0800] "GET /InternetTrading/jquery/wait.gif HTTP/1.1" 200 432
14.0.173.64 - - [22/Jan/2026:10:02:25 +0800] "POST /InternetTrading/SessionErrorLogger HTTP/1.1" 200 117
14.0.173.64 - - [22/Jan/2026:10:02:25 +0800] "GET /InternetTrading/longpoll/A8127?X-Atmosphere-tracking-id=0&X-Atmosphere-Framework=2.2.3-javascript&X-Atmosphere-Transport=long-polling&X-Atmosphere-TrackMessageSize=true&Content-Type=charset%3Dutf-8&X-atmo-protocol=true&_=1769047630592 HTTP/1.1" 200 -
14.0.173.64 - - [22/Jan/2026:10:02:25 +0800] "POST /InternetTrading/Portfolio HTTP/1.1" 200 1698
58.152.215.40 - - [22/Jan/2026:10:02:25 +0800] "GET /InternetTrading/longpoll/55136?X-Atmosphere-tracking-id=0&X-Atmosphere-Framework=2.2.3-javascript&X-Atmosphere-Transport=long-polling&X-Atmosphere-TrackMessageSize=true&Content-Type=charset%3Dutf-8&X-atmo-protocol=true&_=1769047630040 HTTP/1.1" 200 -
221.124.232.198 - - [22/Jan/2026:10:02:25 +0800] "GET /InternetTrading/longpoll/13519?X-Atmosphere-tracking-id=0&X-Atmosphere-Framework=2.2.3-javascript&X-Atmosphere-Transport=long-polling&X-Atmosphere-TrackMessageSize=true&Content-Type=charset%3Dutf-8&X-atmo-protocol=true&_=1769047629959 HTTP/1.1" 200 -
116.48.142.110 - - [22/Jan/2026:10:02:27 +0800] "GET /InternetTrading/longpoll/56231?X-Atmosphere-tracking-id=0&X-Atmosphere-Framework=2.2.3-javascript&X-Atmosphere-Transport=long-polling&X-Atmosphere-TrackMessageSize=true&Content-Type=charset%3Dutf-8&X-atmo-protocol=true&_=1769047630306 HTTP/1.1" 200 -
119.136.155.129 - - [22/Jan/2026:10:02:28 +0800] "GET /InternetTrading/longpoll/51803?X-Atmosphere-tracking-id=0&X-Atmosphere-Framework=2.2.3-javascript&X-Atmosphere-Transport=long-polling&X-Atmosphere-TrackMessageSize=true&Content-Type=charset%3Dutf-8&X-atmo-protocol=true&_=1769047642822 HTTP/1.1" 200 -
14.0.173.64 - - [22/Jan/2026:10:02:30 +0800] "GET /InternetTrading/longpoll/A8127?X-Atmosphere-tracking-id=0&X-Atmosphere-Framework=2.2.3-javascript&X-Atmosphere-Transport=long-polling&X-Atmosphere-TrackMessageSize=true&Content-Type=charset%3Dutf-8&X-atmo-protocol=true&_=1769047635658 HTTP/1.1" 200 -
58.152.215.40 - - [22/Jan/2026:10:02:30 +0800] "GET /InternetTrading/longpoll/55136?X-Atmosphere-tracking-id=0&X-Atmosphere-Framework=2.2.3-javascript&X-Atmosphere-Transport=long-polling&X-Atmosphere-TrackMessageSize=true&Content-Type=charset%3Dutf-8&X-atmo-protocol=true&_=1769047635073 HTTP/1.1" 200 -
221.124.232.198 - - [22/Jan/2026:10:02:31 +0800] "GET /InternetTrading/longpoll/13519?X-Atmosphere-tracking-id=0&X-Atmosphere-Framework=2.2.3-javascript&X-Atmosphere-Transport=long-polling&X-Atmosphere-TrackMessageSize=true&Content-Type=charset%3Dutf-8&X-atmo-protocol=true&_=1769047635960 HTTP/1.1" 200 -
119.136.155.129 - - [22/Jan/2026:10:02:33 +0800] "GET /InternetTrading/longpoll/51803?X-Atmosphere-tracking-id=0&X-Atmosphere-Framework=2.2.3-javascript&X-Atmosphere-Transport=long-polling&X-Atmosphere-TrackMessageSize=true&Content-Type=charset%3Dutf-8&X-atmo-protocol=true&_=1769047647883 HTTP/1.1" 200 -
119.136.155.129 - - [22/Jan/2026:10:02:33 +0800] "POST /InternetTrading/SessionErrorLogger HTTP/1.1" 200 117
119.136.155.129 - - [22/Jan/2026:10:02:33 +0800] "POST /InternetTrading/Heartbeat HTTP/1.1" 200 32
119.136.155.129 - - [22/Jan/2026:10:02:33 +0800] "POST /InternetTrading/SessionErrorLogger HTTP/1.1" 200 117
119.136.155.129 - - [22/Jan/2026:10:02:33 +0800] "POST /InternetTrading/MarketStatus HTTP/1.1" 200 772
116.48.142.110 - - [22/Jan/2026:10:02:33 +0800] "GET /InternetTrading/longpoll/56231?X-Atmosphere-tracking-id=0&X-Atmosphere-Framework=2.2.3-javascript&X-Atmosphere-Transport=long-polling&X-Atmosphere-TrackMessageSize=true&Content-Type=charset%3Dutf-8&X-atmo-protocol=true&_=1769047636321 HTTP/1.1" 200 -
14.0.173.64 - - [22/Jan/2026:10:02:35 +0800] "GET /InternetTrading/longpoll/A8127?X-Atmosphere-tracking-id=0&X-Atmosphere-Framework=2.2.3-javascript&X-Atmosphere-Transport=long-polling&X-Atmosphere-TrackMessageSize=true&Content-Type=charset%3Dutf-8&X-atmo-protocol=true&_=1769047640787 HTTP/1.1" 200 -
58.152.215.40 - - [22/Jan/2026:10:02:35 +0800] "GET /InternetTrading/longpoll/55136?X-Atmosphere-tracking-id=0&X-Atmosphere-Framework=2.2.3-javascript&X-Atmosphere-Transport=long-polling&X-Atmosphere-TrackMessageSize=true&Content-Type=charset%3Dutf-8&X-atmo-protocol=true&_=1769047640112 HTTP/1.1" 200 -
221.124.232.198 - - [22/Jan/2026:10:02:37 +0800] "GET /InternetTrading/longpoll/13519?X-Atmosphere-tracking-id=0&X-Atmosphere-Framework=2.2.3-javascript&X-Atmosphere-Transport=long-polling&X-Atmosphere-TrackMessageSize=true&Content-Type=charset%3Dutf-8&X-atmo-protocol=true&_=1769047641956 HTTP/1.1" 200 -
119.136.155.129 - - [22/Jan/2026:10:02:38 +0800] "GET /InternetTrading/longpoll/51803?X-Atmosphere-tracking-id=0&X-Atmosphere-Framework=2.2.3-javascript&X-Atmosphere-Transport=long-polling&X-Atmosphere-TrackMessageSize=true&Content-Type=charset%3Dutf-8&X-atmo-protocol=true&_=1769047652976 HTTP/1.1" 200 -
116.48.142.110 - - [22/Jan/2026:10:02:39 +0800] "GET /InternetTrading/longpoll/56231?X-Atmosphere-tracking-id=0&X-Atmosphere-Framework=2.2.3-javascript&X-Atmosphere-Transport=long-polling&X-Atmosphere-TrackMessageSize=true&Content-Type=charset%3Dutf-8&X-atmo-protocol=true&_=1769047642317 HTTP/1.1" 200 -
14.0.173.64 - - [22/Jan/2026:10:02:40 +0800] "GET /InternetTrading/longpoll/A8127?X-Atmosphere-tracking-id=0&X-Atmosphere-Framework=2.2.3-javascript&X-Atmosphere-Transport=long-polling&X-Atmosphere-TrackMessageSize=true&Content-Type=charset%3Dutf-8&X-atmo-protocol=true&_=1769047645909 HTTP/1.1" 200 -
58.152.215.40 - - [22/Jan/2026:10:02:41 +0800] "GET /InternetTrading/longpoll/55136?X-Atmosphere-tracking-id=0&X-Atmosphere-Framework=2.2.3-javascript&X-Atmosphere-Transport=long-polling&X-Atmosphere-TrackMessageSize=true&Content-Type=charset%3Dutf-8&X-atmo-protocol=true&_=1769047645168 HTTP/1.1" 200 -
119.136.155.129 - - [22/Jan/2026:10:02:43 +0800] "GET /InternetTrading/longpoll/51803?X-Atmosphere-tracking-id=0&X-Atmosphere-Framework=2.2.3-javascript&X-Atmosphere-Transport=long-polling&X-Atmosphere-TrackMessageSize=true&Content-Type=charset%3Dutf-8&X-atmo-protocol=true&_=1769047657996 HTTP/1.1" 200 -
221.124.232.198 - - [22/Jan/2026:10:02:43 +0800] "GET /InternetTrading/longpoll/13519?X-Atmosphere-tracking-id=0&X-Atmosphere-Framework=2.2.3-javascript&X-Atmosphere-Transport=long-polling&X-Atmosphere-TrackMessageSize=true&Content-Type=charset%3Dutf-8&X-atmo-protocol=true&_=1769047647966 HTTP/1.1" 200 -
14.0.173.64 - - [22/Jan/2026:10:02:45 +0800] "GET /InternetTrading/longpoll/A8127?X-Atmosphere-tracking-id=0&X-Atmosphere-Framework=2.2.3-javascript&X-Atmosphere-Transport=long-polling&X-Atmosphere-TrackMessageSize=true&Content-Type=charset%3Dutf-8&X-atmo-protocol=true&_=1769047651029 HTTP/1.1" 200 -
58.152.215.40 - - [22/Jan/2026:10:02:45 +0800] "POST /InternetTrading/SessionErrorLogger HTTP/1.1" 200 117
58.152.215.40 - - [22/Jan/2026:10:02:45 +0800] "POST /InternetTrading/Heartbeat HTTP/1.1" 200 32
58.152.215.40 - - [22/Jan/2026:10:02:45 +0800] "POST /InternetTrading/SessionErrorLogger HTTP/1.1" 200 117
58.152.215.40 - - [22/Jan/2026:10:02:45 +0800] "POST /InternetTrading/MarketStatus HTTP/1.1" 200 772
116.48.142.110 - - [22/Jan/2026:10:02:46 +0800] "GET /InternetTrading/longpoll/56231?X-Atmosphere-tracking-id=0&X-Atmosphere-Framework=2.2.3-javascript&X-Atmosphere-Transport=long-polling&X-Atmosphere-TrackMessageSize=true&Content-Type=charset%3Dutf-8&X-atmo-protocol=true&_=1769047648320 HTTP/1.1" 200 -
58.152.215.40 - - [22/Jan/2026:10:02:46 +0800] "GET /InternetTrading/longpoll/55136?X-Atmosphere-tracking-id=0&X-Atmosphere-Framework=2.2.3-javascript&X-Atmosphere-Transport=long-polling&X-Atmosphere-TrackMessageSize=true&Content-Type=charset%3Dutf-8&X-atmo-protocol=true&_=1769047650199 HTTP/1.1" 200 -
119.136.155.129 - - [22/Jan/2026:10:02:48 +0800] "GET /InternetTrading/longpoll/51803?X-Atmosphere-tracking-id=0&X-Atmosphere-Framework=2.2.3-javascript&X-Atmosphere-Transport=long-polling&X-Atmosphere-TrackMessageSize=true&Content-Type=charset%3Dutf-8&X-atmo-protocol=true&_=1769047663072 HTTP/1.1" 200 -
221.124.232.198 - - [22/Jan/2026:10:02:49 +0800] "GET /InternetTrading/longpoll/13519?X-Atmosphere-tracking-id=0&X-Atmosphere-Framework=2.2.3-javascript&X-Atmosphere-Transport=long-polling&X-Atmosphere-TrackMessageSize=true&Content-Type=charset%3Dutf-8&X-atmo-protocol=true&_=1769047653948 HTTP/1.1" 200 -
14.0.173.64 - - [22/Jan/2026:10:02:50 +0800] "GET /InternetTrading/longpoll/A8127?X-Atmosphere-tracking-id=0&X-Atmosphere-Framework=2.2.3-javascript&X-Atmosphere-Transport=long-polling&X-Atmosphere-TrackMessageSize=true&Content-Type=charset%3Dutf-8&X-atmo-protocol=true&_=1769047656190 HTTP/1.1" 200 -
58.152.215.40 - - [22/Jan/2026:10:02:51 +0800] "GET /InternetTrading/longpoll/55136?X-Atmosphere-tracking-id=0&X-Atmosphere-Framework=2.2.3-javascript&X-Atmosphere-Transport=long-polling&X-Atmosphere-TrackMessageSize=true&Content-Type=charset%3Dutf-8&X-atmo-protocol=true&_=1769047655218 HTTP/1.1" 200 -
116.48.142.110 - - [22/Jan/2026:10:02:51 +0800] "GET /InternetTrading/longpoll/56231?X-Atmosphere-tracking-id=0&X-Atmosphere-Framework=2.2.3-javascript&X-Atmosphere-Transport=long-polling&X-Atmosphere-TrackMessageSize=true&Content-Type=charset%3Dutf-8&X-atmo-protocol=true&_=1769047654312 HTTP/1.1" 200 -
14.0.173.64 - - [22/Jan/2026:10:02:52 +0800] "POST /InternetTrading/SessionErrorLogger HTTP/1.1" 200 117
14.0.173.64 - - [22/Jan/2026:10:02:52 +0800] "POST /InternetTrading/Heartbeat HTTP/1.1" 200 32
14.0.173.64 - - [22/Jan/2026:10:02:52 +0800] "POST /InternetTrading/SessionErrorLogger HTTP/1.1" 200 117
14.0.173.64 - - [22/Jan/2026:10:02:52 +0800] "POST /InternetTrading/MarketStatus HTTP/1.1" 200 772
119.136.155.129 - - [22/Jan/2026:10:02:53 +0800] "GET /InternetTrading/longpoll/51803?X-Atmosphere-tracking-id=0&X-Atmosphere-Framework=2.2.3-javascript&X-Atmosphere-Transport=long-polling&X-Atmosphere-TrackMessageSize=true&Content-Type=charset%3Dutf-8&X-atmo-protocol=true&_=1769047668128 HTTP/1.1" 200 -
14.0.173.64 - - [22/Jan/2026:10:02:55 +0800] "GET /InternetTrading/longpoll/A8127?X-Atmosphere-tracking-id=0&X-Atmosphere-Framework=2.2.3-javascript&X-Atmosphere-Transport=long-polling&X-Atmosphere-TrackMessageSize=true&Content-Type=charset%3Dutf-8&X-atmo-protocol=true&_=1769047661429 HTTP/1.1" 200 -
221.124.232.198 - - [22/Jan/2026:10:02:55 +0800] "GET /InternetTrading/longpoll/13519?X-Atmosphere-tracking-id=0&X-Atmosphere-Framework=2.2.3-javascript&X-Atmosphere-Transport=long-polling&X-Atmosphere-TrackMessageSize=true&Content-Type=charset%3Dutf-8&X-atmo-protocol=true&_=1769047659951 HTTP/1.1" 200 -
58.152.215.40 - - [22/Jan/2026:10:02:56 +0800] "GET /InternetTrading/longpoll/55136?X-Atmosphere-tracking-id=0&X-Atmosphere-Framework=2.2.3-javascript&X-Atmosphere-Transport=long-polling&X-Atmosphere-TrackMessageSize=true&Content-Type=charset%3Dutf-8&X-atmo-protocol=true&_=1769047660250 HTTP/1.1" 200 -
116.48.142.110 - - [22/Jan/2026:10:02:57 +0800] "GET /InternetTrading/longpoll/56231?X-Atmosphere-tracking-id=0&X-Atmosphere-Framework=2.2.3-javascript&X-Atmosphere-Transport=long-polling&X-Atmosphere-TrackMessageSize=true&Content-Type=charset%3Dutf-8&X-atmo-protocol=true&_=1769047660309 HTTP/1.1" 200 -
119.136.155.129 - - [22/Jan/2026:10:02:58 +0800] "GET /InternetTrading/longpoll/51803?X-Atmosphere-tracking-id=0&X-Atmosphere-Framework=2.2.3-javascript&X-Atmosphere-Transport=long-polling&X-Atmosphere-TrackMessageSize=true&Content-Type=charset%3Dutf-8&X-atmo-protocol=true&_=1769047673160 HTTP/1.1" 200 -
221.124.232.198 - - [22/Jan/2026:10:02:59 +0800] "POST /InternetTrading/SessionErrorLogger HTTP/1.1" 200 117
221.124.232.198 - - [22/Jan/2026:10:02:59 +0800] "POST /InternetTrading/Heartbeat HTTP/1.1" 200 32
221.124.232.198 - - [22/Jan/2026:10:02:59 +0800] "POST /InternetTrading/SessionErrorLogger HTTP/1.1" 200 117
221.124.232.198 - - [22/Jan/2026:10:02:59 +0800] "POST /InternetTrading/MarketStatus HTTP/1.1" 200 772
14.0.173.64 - - [22/Jan/2026:10:03:01 +0800] "GET /InternetTrading/longpoll/A8127?X-Atmosphere-tracking-id=0&X-Atmosphere-Framework=2.2.3-javascript&X-Atmosphere-Transport=long-polling&X-Atmosphere-TrackMessageSize=true&Content-Type=charset%3Dutf-8&X-atmo-protocol=true&_=1769047666519 HTTP/1.1" 200 -
58.152.215.40 - - [22/Jan/2026:10:03:01 +0800] "GET /InternetTrading/longpoll/55136?X-Atmosphere-tracking-id=0&X-Atmosphere-Framework=2.2.3-javascript&X-Atmosphere-Transport=long-polling&X-Atmosphere-TrackMessageSize=true&Content-Type=charset%3Dutf-8&X-atmo-protocol=true&_=1769047665280 HTTP/1.1" 200 -
221.124.232.198 - - [22/Jan/2026:10:03:01 +0800] "GET /InternetTrading/longpoll/13519?X-Atmosphere-tracking-id=0&X-Atmosphere-Framework=2.2.3-javascript&X-Atmosphere-Transport=long-polling&X-Atmosphere-TrackMessageSize=true&Content-Type=charset%3Dutf-8&X-atmo-protocol=true&_=1769047665945 HTTP/1.1" 200 -
119.136.155.129 - - [22/Jan/2026:10:03:03 +0800] "POST /InternetTrading/SessionErrorLogger HTTP/1.1" 200 117
119.136.155.129 - - [22/Jan/2026:10:03:03 +0800] "POST /InternetTrading/Heartbeat HTTP/1.1" 200 32
119.136.155.129 - - [22/Jan/2026:10:03:03 +0800] "POST /InternetTrading/SessionErrorLogger HTTP/1.1" 200 117
119.136.155.129 - - [22/Jan/2026:10:03:03 +0800] "POST /InternetTrading/MarketStatus HTTP/1.1" 200 772
119.136.155.129 - - [22/Jan/2026:10:03:03 +0800] "GET /InternetTrading/longpoll/51803?X-Atmosphere-tracking-id=0&X-Atmosphere-Framework=2.2.3-javascript&X-Atmosphere-Transport=long-polling&X-Atmosphere-TrackMessageSize=true&Content-Type=charset%3Dutf-8&X-atmo-protocol=true&_=1769047678229 HTTP/1.1" 200 -
116.48.142.110 - - [22/Jan/2026:10:03:03 +0800] "GET /InternetTrading/longpoll/56231?X-Atmosphere-tracking-id=0&X-Atmosphere-Framework=2.2.3-javascript&X-Atmosphere-Transport=long-polling&X-Atmosphere-TrackMessageSize=true&Content-Type=charset%3Dutf-8&X-atmo-protocol=true&_=1769047666307 HTTP/1.1" 200 -
116.48.142.110 - - [22/Jan/2026:10:03:04 +0800] "POST /InternetTrading/SessionErrorLogger HTTP/1.1" 200 117
116.48.142.110 - - [22/Jan/2026:10:03:04 +0800] "POST /InternetTrading/MarketStatus HTTP/1.1" 200 772
116.48.142.110 - - [22/Jan/2026:10:03:04 +0800] "POST /InternetTrading/SessionErrorLogger HTTP/1.1" 200 117
116.48.142.110 - - [22/Jan/2026:10:03:04 +0800] "POST /InternetTrading/Heartbeat HTTP/1.1" 200 32
58.152.215.40 - - [22/Jan/2026:10:03:06 +0800] "GET /InternetTrading/longpoll/55136?X-Atmosphere-tracking-id=0&X-Atmosphere-Framework=2.2.3-javascript&X-Atmosphere-Transport=long-polling&X-Atmosphere-TrackMessageSize=true&Content-Type=charset%3Dutf-8&X-atmo-protocol=true&_=1769047670352 HTTP/1.1" 200 -
14.0.173.64 - - [22/Jan/2026:10:03:06 +0800] "GET /InternetTrading/longpoll/A8127?X-Atmosphere-tracking-id=0&X-Atmosphere-Framework=2.2.3-javascript&X-Atmosphere-Transport=long-polling&X-Atmosphere-TrackMessageSize=true&Content-Type=charset%3Dutf-8&X-atmo-protocol=true&_=1769047671668 HTTP/1.1" 200 -
221.124.232.198 - - [22/Jan/2026:10:03:07 +0800] "GET /InternetTrading/longpoll/13519?X-Atmosphere-tracking-id=0&X-Atmosphere-Framework=2.2.3-javascript&X-Atmosphere-Transport=long-polling&X-Atmosphere-TrackMessageSize=true&Content-Type=charset%3Dutf-8&X-atmo-protocol=true&_=1769047671946 HTTP/1.1" 200 -
119.136.155.129 - - [22/Jan/2026:10:03:08 +0800] "GET /InternetTrading/longpoll/51803?X-Atmosphere-tracking-id=0&X-Atmosphere-Framework=2.2.3-javascript&X-Atmosphere-Transport=long-polling&X-Atmosphere-TrackMessageSize=true&Content-Type=charset%3Dutf-8&X-atmo-protocol=true&_=1769047683253 HTTP/1.1" 200 -
116.48.142.110 - - [22/Jan/2026:10:03:09 +0800] "GET /InternetTrading/longpoll/56231?X-Atmosphere-tracking-id=0&X-Atmosphere-Framework=2.2.3-javascript&X-Atmosphere-Transport=long-polling&X-Atmosphere-TrackMessageSize=true&Content-Type=charset%3Dutf-8&X-atmo-protocol=true&_=1769047672310 HTTP/1.1" 200 -
58.152.215.40 - - [22/Jan/2026:10:03:11 +0800] "GET /InternetTrading/longpoll/55136?X-Atmosphere-tracking-id=0&X-Atmosphere-Framework=2.2.3-javascript&X-Atmosphere-Transport=long-polling&X-Atmosphere-TrackMessageSize=true&Content-Type=charset%3Dutf-8&X-atmo-protocol=true&_=1769047675391 HTTP/1.1" 200 -
14.0.173.64 - - [22/Jan/2026:10:03:11 +0800] "GET /InternetTrading/longpoll/A8127?X-Atmosphere-tracking-id=0&X-Atmosphere-Framework=2.2.3-javascript&X-Atmosphere-Transport=long-polling&X-Atmosphere-TrackMessageSize=true&Content-Type=charset%3Dutf-8&X-atmo-protocol=true&_=1769047676853 HTTP/1.1" 200 -
221.124.232.198 - - [22/Jan/2026:10:03:13 +0800] "GET /InternetTrading/longpoll/13519?X-Atmosphere-tracking-id=0&X-Atmosphere-Framework=2.2.3-javascript&X-Atmosphere-Transport=long-polling&X-Atmosphere-TrackMessageSize=true&Content-Type=charset%3Dutf-8&X-atmo-protocol=true&_=1769047677957 HTTP/1.1" 200 -
119.136.155.129 - - [22/Jan/2026:10:03:13 +0800] "GET /InternetTrading/longpoll/51803?X-Atmosphere-tracking-id=0&X-Atmosphere-Framework=2.2.3-javascript&X-Atmosphere-Transport=long-polling&X-Atmosphere-TrackMessageSize=true&Content-Type=charset%3Dutf-8&X-atmo-protocol=true&_=1769047688283 HTTP/1.1" 200 -
116.48.142.110 - - [22/Jan/2026:10:03:15 +0800] "GET /InternetTrading/longpoll/56231?X-Atmosphere-tracking-id=0&X-Atmosphere-Framework=2.2.3-javascript&X-Atmosphere-Transport=long-polling&X-Atmosphere-TrackMessageSize=true&Content-Type=charset%3Dutf-8&X-atmo-protocol=true&_=1769047678314 HTTP/1.1" 200 -
58.152.215.40 - - [22/Jan/2026:10:03:15 +0800] "POST /InternetTrading/SessionErrorLogger HTTP/1.1" 200 117
58.152.215.40 - - [22/Jan/2026:10:03:15 +0800] "POST /InternetTrading/Heartbeat HTTP/1.1" 200 32
58.152.215.40 - - [22/Jan/2026:10:03:15 +0800] "POST /InternetTrading/SessionErrorLogger HTTP/1.1" 200 117
58.152.215.40 - - [22/Jan/2026:10:03:15 +0800] "POST /InternetTrading/MarketStatus HTTP/1.1" 200 772
58.152.215.40 - - [22/Jan/2026:10:03:16 +0800] "GET /InternetTrading/longpoll/55136?X-Atmosphere-tracking-id=0&X-Atmosphere-Framework=2.2.3-javascript&X-Atmosphere-Transport=long-polling&X-Atmosphere-TrackMessageSize=true&Content-Type=charset%3Dutf-8&X-atmo-protocol=true&_=1769047680409 HTTP/1.1" 200 -
14.0.173.64 - - [22/Jan/2026:10:03:16 +0800] "GET /InternetTrading/longpoll/A8127?X-Atmosphere-tracking-id=0&X-Atmosphere-Framework=2.2.3-javascript&X-Atmosphere-Transport=long-polling&X-Atmosphere-TrackMessageSize=true&Content-Type=charset%3Dutf-8&X-atmo-protocol=true&_=1769047681973 HTTP/1.1" 200 -
119.136.155.129 - - [22/Jan/2026:10:03:19 +0800] "GET /InternetTrading/longpoll/51803?X-Atmosphere-tracking-id=0&X-Atmosphere-Framework=2.2.3-javascript&X-Atmosphere-Transport=long-polling&X-Atmosphere-TrackMessageSize=true&Content-Type=charset%3Dutf-8&X-atmo-protocol=true&_=1769047693359 HTTP/1.1" 200 -
221.124.232.198 - - [22/Jan/2026:10:03:19 +0800] "GET /InternetTrading/longpoll/13519?X-Atmosphere-tracking-id=0&X-Atmosphere-Framework=2.2.3-javascript&X-Atmosphere-Transport=long-polling&X-Atmosphere-TrackMessageSize=true&Content-Type=charset%3Dutf-8&X-atmo-protocol=true&_=1769047683956 HTTP/1.1" 200 -
58.152.215.40 - - [22/Jan/2026:10:03:21 +0800] "GET /InternetTrading/longpoll/55136?X-Atmosphere-tracking-id=0&X-Atmosphere-Framework=2.2.3-javascript&X-Atmosphere-Transport=long-polling&X-Atmosphere-TrackMessageSize=true&Content-Type=charset%3Dutf-8&X-atmo-protocol=true&_=1769047685432 HTTP/1.1" 200 -
14.0.173.64 - - [22/Jan/2026:10:03:21 +0800] "GET /InternetTrading/longpoll/A8127?X-Atmosphere-tracking-id=0&X-Atmosphere-Framework=2.2.3-javascript&X-Atmosphere-Transport=long-polling&X-Atmosphere-TrackMessageSize=true&Content-Type=charset%3Dutf-8&X-atmo-protocol=true&_=1769047687106 HTTP/1.1" 200 -
116.48.142.110 - - [22/Jan/2026:10:03:21 +0800] "GET /InternetTrading/longpoll/56231?X-Atmosphere-tracking-id=0&X-Atmosphere-Framework=2.2.3-javascript&X-Atmosphere-Transport=long-polling&X-Atmosphere-TrackMessageSize=true&Content-Type=charset%3Dutf-8&X-atmo-protocol=true&_=1769047684315 HTTP/1.1" 200 -
14.0.173.64 - - [22/Jan/2026:10:03:22 +0800] "POST /InternetTrading/SessionErrorLogger HTTP/1.1" 200 117
14.0.173.64 - - [22/Jan/2026:10:03:22 +0800] "POST /InternetTrading/Heartbeat HTTP/1.1" 200 32
14.0.173.64 - - [22/Jan/2026:10:03:22 +0800] "POST /InternetTrading/SessionErrorLogger HTTP/1.1" 200 117
14.0.173.64 - - [22/Jan/2026:10:03:22 +0800] "POST /InternetTrading/MarketStatus HTTP/1.1" 200 772
119.136.155.129 - - [22/Jan/2026:10:03:24 +0800] "GET /InternetTrading/longpoll/51803?X-Atmosphere-tracking-id=0&X-Atmosphere-Framework=2.2.3-javascript&X-Atmosphere-Transport=long-polling&X-Atmosphere-TrackMessageSize=true&Content-Type=charset%3Dutf-8&X-atmo-protocol=true&_=1769047698427 HTTP/1.1" 200 -
221.124.232.198 - - [22/Jan/2026:10:03:25 +0800] "GET /InternetTrading/longpoll/13519?X-Atmosphere-tracking-id=0&X-Atmosphere-Framework=2.2.3-javascript&X-Atmosphere-Transport=long-polling&X-Atmosphere-TrackMessageSize=true&Content-Type=charset%3Dutf-8&X-atmo-protocol=true&_=1769047689952 HTTP/1.1" 200 -
58.152.215.40 - - [22/Jan/2026:10:03:26 +0800] "GET /InternetTrading/longpoll/55136?X-Atmosphere-tracking-id=0&X-Atmosphere-Framework=2.2.3-javascript&X-Atmosphere-Transport=long-polling&X-Atmosphere-TrackMessageSize=true&Content-Type=charset%3Dutf-8&X-atmo-protocol=true&_=1769047690471 HTTP/1.1" 200 -
14.0.173.64 - - [22/Jan/2026:10:03:26 +0800] "GET /InternetTrading/longpoll/A8127?X-Atmosphere-tracking-id=0&X-Atmosphere-Framework=2.2.3-javascript&X-Atmosphere-Transport=long-polling&X-Atmosphere-TrackMessageSize=true&Content-Type=charset%3Dutf-8&X-atmo-protocol=true&_=1769047692324 HTTP/1.1" 200 -
116.48.142.110 - - [22/Jan/2026:10:03:27 +0800] "GET /InternetTrading/longpoll/56231?X-Atmosphere-tracking-id=0&X-Atmosphere-Framework=2.2.3-javascript&X-Atmosphere-Transport=long-polling&X-Atmosphere-TrackMessageSize=true&Content-Type=charset%3Dutf-8&X-atmo-protocol=true&_=1769047690308 HTTP/1.1" 200 -
119.136.155.129 - - [22/Jan/2026:10:03:29 +0800] "GET /InternetTrading/longpoll/51803?X-Atmosphere-tracking-id=0&X-Atmosphere-Framework=2.2.3-javascript&X-Atmosphere-Transport=long-polling&X-Atmosphere-TrackMessageSize=true&Content-Type=charset%3Dutf-8&X-atmo-protocol=true&_=1769047703501 HTTP/1.1" 200 -
58.152.215.40 - - [22/Jan/2026:10:03:31 +0800] "GET /InternetTrading/longpoll/55136?X-Atmosphere-tracking-id=0&X-Atmosphere-Framework=2.2.3-javascript&X-Atmosphere-Transport=long-polling&X-Atmosphere-TrackMessageSize=true&Content-Type=charset%3Dutf-8&X-atmo-protocol=true&_=1769047695497 HTTP/1.1" 200 -
221.124.232.198 - - [22/Jan/2026:10:03:31 +0800] "GET /InternetTrading/longpoll/13519?X-Atmosphere-tracking-id=0&X-Atmosphere-Framework=2.2.3-javascript&X-Atmosphere-Transport=long-polling&X-Atmosphere-TrackMessageSize=true&Content-Type=charset%3Dutf-8&X-atmo-protocol=true&_=1769047695949 HTTP/1.1" 200 -
14.0.173.64 - - [22/Jan/2026:10:03:32 +0800] "GET /InternetTrading/longpoll/A8127?X-Atmosphere-tracking-id=0&X-Atmosphere-Framework=2.2.3-javascript&X-Atmosphere-Transport=long-polling&X-Atmosphere-TrackMessageSize=true&Content-Type=charset%3Dutf-8&X-atmo-protocol=true&_=1769047697426 HTTP/1.1" 200 -
119.136.155.129 - - [22/Jan/2026:10:03:33 +0800] "POST /InternetTrading/SessionErrorLogger HTTP/1.1" 200 117
