58.152.215.40 - - [22/Jan/2026:10:10:44 +0800] "GET /InternetTrading/longpoll/55136?X-Atmosphere-tracking-id=0&X-Atmosphere-Framework=2.2.3-javascript&X-Atmosphere-Transport=long-polling&X-Atmosphere-TrackMessageSize=true&Content-Type=charset%3Dutf-8&X-atmo-protocol=true&_=1769048128144 HTTP/1.1" 200 -
14.0.173.64 - - [22/Jan/2026:10:10:44 +0800] "GET /InternetTrading/longpoll/A8127?X-Atmosphere-tracking-id=0&X-Atmosphere-Framework=2.2.3-javascript&X-Atmosphere-Transport=long-polling&X-Atmosphere-TrackMessageSize=true&Content-Type=charset%3Dutf-8&X-atmo-protocol=true&_=1769048130447 HTTP/1.1" 200 -
14.155.90.194 - - [22/Jan/2026:10:10:45 +0800] "POST /InternetTrading/SessionErrorLogger HTTP/1.1" 200 117
119.136.155.129 - - [22/Jan/2026:10:10:45 +0800] "GET /InternetTrading/longpoll/51803?X-Atmosphere-tracking-id=0&X-Atmosphere-Framework=2.2.3-javascript&X-Atmosphere-Transport=long-polling&X-Atmosphere-TrackMessageSize=true&Content-Type=charset%3Dutf-8&X-atmo-protocol=true&_=1769048139769 HTTP/1.1" 200 -
14.155.90.194 - - [22/Jan/2026:10:10:45 +0800] "GET /InternetTrading/jquery/wait.gif HTTP/1.1" 200 432
14.155.90.194 - - [22/Jan/2026:10:10:45 +0800] "POST /InternetTrading/Portfolio HTTP/1.1" 200 1358
116.48.142.110 - - [22/Jan/2026:10:10:45 +0800] "GET /InternetTrading/longpoll/56231?X-Atmosphere-tracking-id=0&X-Atmosphere-Framework=2.2.3-javascript&X-Atmosphere-Transport=long-polling&X-Atmosphere-TrackMessageSize=true&Content-Type=charset%3Dutf-8&X-atmo-protocol=true&_=1769048128335 HTTP/1.1" 200 -
58.152.215.40 - - [22/Jan/2026:10:10:46 +0800] "POST /InternetTrading/SessionErrorLogger HTTP/1.1" 200 117
58.152.215.40 - - [22/Jan/2026:10:10:46 +0800] "POST /InternetTrading/Heartbeat HTTP/1.1" 200 32
58.152.215.40 - - [22/Jan/2026:10:10:46 +0800] "POST /InternetTrading/SessionErrorLogger HTTP/1.1" 200 117
58.152.215.40 - - [22/Jan/2026:10:10:46 +0800] "POST /InternetTrading/MarketStatus HTTP/1.1" 200 772
14.155.90.194 - - [22/Jan/2026:10:10:46 +0800] "GET /InternetTrading/longpoll/13519?X-Atmosphere-tracking-id=0&X-Atmosphere-Framework=2.2.3-javascript&X-Atmosphere-Transport=long-polling&X-Atmosphere-TrackMessageSize=true&Content-Type=charset%3Dutf-8&X-atmo-protocol=true&_=1769048130256 HTTP/1.1" 200 -
58.152.215.40 - - [22/Jan/2026:10:10:49 +0800] "GET /InternetTrading/longpoll/55136?X-Atmosphere-tracking-id=0&X-Atmosphere-Framework=2.2.3-javascript&X-Atmosphere-Transport=long-polling&X-Atmosphere-TrackMessageSize=true&Content-Type=charset%3Dutf-8&X-atmo-protocol=true&_=1769048133179 HTTP/1.1" 200 -
14.155.90.194 - - [22/Jan/2026:10:10:49 +0800] "POST /InternetTrading/SessionErrorLogger HTTP/1.1" 200 117
14.155.90.194 - - [22/Jan/2026:10:10:49 +0800] "GET /InternetTrading/tc/sell_ticket.html? HTTP/1.1" 200 2261
14.155.90.194 - - [22/Jan/2026:10:10:49 +0800] "POST /InternetTrading/SessionErrorLogger HTTP/1.1" 200 117
14.155.90.194 - - [22/Jan/2026:10:10:49 +0800] "POST /InternetTrading/SessionErrorLogger HTTP/1.1" 200 117
14.155.90.194 - - [22/Jan/2026:10:10:49 +0800] "POST /InternetTrading/MarketStatus HTTP/1.1" 200 772
14.155.90.194 - - [22/Jan/2026:10:10:49 +0800] "POST /InternetTrading/SessionErrorLogger HTTP/1.1" 200 117
14.155.90.194 - - [22/Jan/2026:10:10:49 +0800] "POST /InternetTrading/MarketStatus HTTP/1.1" 200 772
14.155.90.194 - - [22/Jan/2026:10:10:49 +0800] "POST /InternetTrading/SessionErrorLogger HTTP/1.1" 200 117
14.155.90.194 - - [22/Jan/2026:10:10:49 +0800] "POST /InternetTrading/Product HTTP/1.1" 200 306
14.155.90.194 - - [22/Jan/2026:10:10:49 +0800] "POST /InternetTrading/OrderMaxQuantity HTTP/1.1" 200 8
14.0.173.64 - - [22/Jan/2026:10:10:50 +0800] "GET /InternetTrading/longpoll/A8127?X-Atmosphere-tracking-id=0&X-Atmosphere-Framework=2.2.3-javascript&X-Atmosphere-Transport=long-polling&X-Atmosphere-TrackMessageSize=true&Content-Type=charset%3Dutf-8&X-atmo-protocol=true&_=1769048135558 HTTP/1.1" 200 -
119.136.155.129 - - [22/Jan/2026:10:10:50 +0800] "GET /InternetTrading/longpoll/51803?X-Atmosphere-tracking-id=0&X-Atmosphere-Framework=2.2.3-javascript&X-Atmosphere-Transport=long-polling&X-Atmosphere-TrackMessageSize=true&Content-Type=charset%3Dutf-8&X-atmo-protocol=true&_=1769048144790 HTTP/1.1" 200 -
116.48.142.110 - - [22/Jan/2026:10:10:51 +0800] "GET /InternetTrading/longpoll/56231?X-Atmosphere-tracking-id=0&X-Atmosphere-Framework=2.2.3-javascript&X-Atmosphere-Transport=long-polling&X-Atmosphere-TrackMessageSize=true&Content-Type=charset%3Dutf-8&X-atmo-protocol=true&_=1769048134316 HTTP/1.1" 200 -
14.155.90.194 - - [22/Jan/2026:10:10:51 +0800] "GET /InternetTrading/longpoll/13519?X-Atmosphere-tracking-id=0&X-Atmosphere-Framework=2.2.3-javascript&X-Atmosphere-Transport=long-polling&X-Atmosphere-TrackMessageSize=true&Content-Type=charset%3Dutf-8&X-atmo-protocol=true&_=1769048135337 HTTP/1.1" 200 -
14.0.173.64 - - [22/Jan/2026:10:10:53 +0800] "POST /InternetTrading/SessionErrorLogger HTTP/1.1" 200 117
14.0.173.64 - - [22/Jan/2026:10:10:53 +0800] "POST /InternetTrading/Heartbeat HTTP/1.1" 200 32
58.152.215.40 - - [22/Jan/2026:10:10:54 +0800] "GET /InternetTrading/longpoll/55136?X-Atmosphere-tracking-id=0&X-Atmosphere-Framework=2.2.3-javascript&X-Atmosphere-Transport=long-polling&X-Atmosphere-TrackMessageSize=true&Content-Type=charset%3Dutf-8&X-atmo-protocol=true&_=1769048138205 HTTP/1.1" 200 -
14.0.173.64 - - [22/Jan/2026:10:10:54 +0800] "POST /InternetTrading/SessionErrorLogger HTTP/1.1" 200 117
14.0.173.64 - - [22/Jan/2026:10:10:54 +0800] "POST /InternetTrading/MarketStatus HTTP/1.1" 200 772
14.0.173.64 - - [22/Jan/2026:10:10:55 +0800] "GET /InternetTrading/longpoll/A8127?X-Atmosphere-tracking-id=0&X-Atmosphere-Framework=2.2.3-javascript&X-Atmosphere-Transport=long-polling&X-Atmosphere-TrackMessageSize=true&Content-Type=charset%3Dutf-8&X-atmo-protocol=true&_=1769048140735 HTTP/1.1" 200 -
119.136.155.129 - - [22/Jan/2026:10:10:55 +0800] "GET /InternetTrading/longpoll/51803?X-Atmosphere-tracking-id=0&X-Atmosphere-Framework=2.2.3-javascript&X-Atmosphere-Transport=long-polling&X-Atmosphere-TrackMessageSize=true&Content-Type=charset%3Dutf-8&X-atmo-protocol=true&_=1769048149821 HTTP/1.1" 200 -
14.155.90.194 - - [22/Jan/2026:10:10:57 +0800] "GET /InternetTrading/longpoll/13519?X-Atmosphere-tracking-id=0&X-Atmosphere-Framework=2.2.3-javascript&X-Atmosphere-Transport=long-polling&X-Atmosphere-TrackMessageSize=true&Content-Type=charset%3Dutf-8&X-atmo-protocol=true&_=1769048140417 HTTP/1.1" 200 -
116.48.142.110 - - [22/Jan/2026:10:10:57 +0800] "GET /InternetTrading/longpoll/56231?X-Atmosphere-tracking-id=0&X-Atmosphere-Framework=2.2.3-javascript&X-Atmosphere-Transport=long-polling&X-Atmosphere-TrackMessageSize=true&Content-Type=charset%3Dutf-8&X-atmo-protocol=true&_=1769048140317 HTTP/1.1" 200 -
58.152.215.40 - - [22/Jan/2026:10:10:59 +0800] "GET /InternetTrading/longpoll/55136?X-Atmosphere-tracking-id=0&X-Atmosphere-Framework=2.2.3-javascript&X-Atmosphere-Transport=long-polling&X-Atmosphere-TrackMessageSize=true&Content-Type=charset%3Dutf-8&X-atmo-protocol=true&_=1769048143241 HTTP/1.1" 200 -
14.0.173.64 - - [22/Jan/2026:10:11:00 +0800] "GET /InternetTrading/longpoll/A8127?X-Atmosphere-tracking-id=0&X-Atmosphere-Framework=2.2.3-javascript&X-Atmosphere-Transport=long-polling&X-Atmosphere-TrackMessageSize=true&Content-Type=charset%3Dutf-8&X-atmo-protocol=true&_=1769048145868 HTTP/1.1" 200 -
119.136.155.129 - - [22/Jan/2026:10:11:00 +0800] "GET /InternetTrading/longpoll/51803?X-Atmosphere-tracking-id=0&X-Atmosphere-Framework=2.2.3-javascript&X-Atmosphere-Transport=long-polling&X-Atmosphere-TrackMessageSize=true&Content-Type=charset%3Dutf-8&X-atmo-protocol=true&_=1769048154885 HTTP/1.1" 200 -
14.155.90.194 - - [22/Jan/2026:10:11:02 +0800] "GET /InternetTrading/longpoll/13519?X-Atmosphere-tracking-id=0&X-Atmosphere-Framework=2.2.3-javascript&X-Atmosphere-Transport=long-polling&X-Atmosphere-TrackMessageSize=true&Content-Type=charset%3Dutf-8&X-atmo-protocol=true&_=1769048145650 HTTP/1.1" 200 -
116.48.142.110 - - [22/Jan/2026:10:11:03 +0800] "GET /InternetTrading/longpoll/56231?X-Atmosphere-tracking-id=0&X-Atmosphere-Framework=2.2.3-javascript&X-Atmosphere-Transport=long-polling&X-Atmosphere-TrackMessageSize=true&Content-Type=charset%3Dutf-8&X-atmo-protocol=true&_=1769048146308 HTTP/1.1" 200 -
58.152.215.40 - - [22/Jan/2026:10:11:04 +0800] "GET /InternetTrading/longpoll/55136?X-Atmosphere-tracking-id=0&X-Atmosphere-Framework=2.2.3-javascript&X-Atmosphere-Transport=long-polling&X-Atmosphere-TrackMessageSize=true&Content-Type=charset%3Dutf-8&X-atmo-protocol=true&_=1769048148279 HTTP/1.1" 200 -
116.48.142.110 - - [22/Jan/2026:10:11:04 +0800] "POST /InternetTrading/SessionErrorLogger HTTP/1.1" 200 117
116.48.142.110 - - [22/Jan/2026:10:11:04 +0800] "POST /InternetTrading/MarketStatus HTTP/1.1" 200 772
116.48.142.110 - - [22/Jan/2026:10:11:04 +0800] "POST /InternetTrading/SessionErrorLogger HTTP/1.1" 200 117
116.48.142.110 - - [22/Jan/2026:10:11:04 +0800] "POST /InternetTrading/Heartbeat HTTP/1.1" 200 32
119.136.155.129 - - [22/Jan/2026:10:11:04 +0800] "POST /InternetTrading/SessionErrorLogger HTTP/1.1" 200 117
119.136.155.129 - - [22/Jan/2026:10:11:05 +0800] "POST /InternetTrading/Heartbeat HTTP/1.1" 200 32
119.136.155.129 - - [22/Jan/2026:10:11:05 +0800] "POST /InternetTrading/SessionErrorLogger HTTP/1.1" 200 117
119.136.155.129 - - [22/Jan/2026:10:11:05 +0800] "POST /InternetTrading/MarketStatus HTTP/1.1" 200 772
119.136.155.129 - - [22/Jan/2026:10:11:05 +0800] "GET /InternetTrading/longpoll/51803?X-Atmosphere-tracking-id=0&X-Atmosphere-Framework=2.2.3-javascript&X-Atmosphere-Transport=long-polling&X-Atmosphere-TrackMessageSize=true&Content-Type=charset%3Dutf-8&X-atmo-protocol=true&_=1769048159951 HTTP/1.1" 200 -
14.0.173.64 - - [22/Jan/2026:10:11:05 +0800] "GET /InternetTrading/longpoll/A8127?X-Atmosphere-tracking-id=0&X-Atmosphere-Framework=2.2.3-javascript&X-Atmosphere-Transport=long-polling&X-Atmosphere-TrackMessageSize=true&Content-Type=charset%3Dutf-8&X-atmo-protocol=true&_=1769048151068 HTTP/1.1" 200 -
58.152.215.40 - - [22/Jan/2026:10:11:09 +0800] "GET /InternetTrading/longpoll/55136?X-Atmosphere-tracking-id=0&X-Atmosphere-Framework=2.2.3-javascript&X-Atmosphere-Transport=long-polling&X-Atmosphere-TrackMessageSize=true&Content-Type=charset%3Dutf-8&X-atmo-protocol=true&_=1769048153313 HTTP/1.1" 200 -
14.155.90.194 - - [22/Jan/2026:10:11:09 +0800] "GET /InternetTrading/longpoll/13519?X-Atmosphere-tracking-id=0&X-Atmosphere-Framework=2.2.3-javascript&X-Atmosphere-Transport=long-polling&X-Atmosphere-TrackMessageSize=true&Content-Type=charset%3Dutf-8&X-atmo-protocol=true&_=1769048150902 HTTP/1.1" 200 -
116.48.142.110 - - [22/Jan/2026:10:11:09 +0800] "GET /InternetTrading/longpoll/56231?X-Atmosphere-tracking-id=0&X-Atmosphere-Framework=2.2.3-javascript&X-Atmosphere-Transport=long-polling&X-Atmosphere-TrackMessageSize=true&Content-Type=charset%3Dutf-8&X-atmo-protocol=true&_=1769048152311 HTTP/1.1" 200 -
119.136.155.129 - - [22/Jan/2026:10:11:10 +0800] "GET /InternetTrading/longpoll/51803?X-Atmosphere-tracking-id=0&X-Atmosphere-Framework=2.2.3-javascript&X-Atmosphere-Transport=long-polling&X-Atmosphere-TrackMessageSize=true&Content-Type=charset%3Dutf-8&X-atmo-protocol=true&_=1769048164981 HTTP/1.1" 200 -
14.155.90.194 - - [22/Jan/2026:10:11:10 +0800] "POST /InternetTrading/SessionErrorLogger HTTP/1.1" 200 117
14.0.173.64 - - [22/Jan/2026:10:11:10 +0800] "GET /InternetTrading/longpoll/A8127?X-Atmosphere-tracking-id=0&X-Atmosphere-Framework=2.2.3-javascript&X-Atmosphere-Transport=long-polling&X-Atmosphere-TrackMessageSize=true&Content-Type=charset%3Dutf-8&X-atmo-protocol=true&_=1769048156173 HTTP/1.1" 200 -
14.155.90.194 - - [22/Jan/2026:10:11:10 +0800] "POST /InternetTrading/Heartbeat HTTP/1.1" 200 32
14.155.90.194 - - [22/Jan/2026:10:11:11 +0800] "POST /InternetTrading/SessionErrorLogger HTTP/1.1" 200 117
14.155.90.194 - - [22/Jan/2026:10:11:11 +0800] "POST /InternetTrading/LoginKey HTTP/1.1" 200 -
14.155.90.194 - - [22/Jan/2026:10:11:11 +0800] "POST /InternetTrading/PreOrder HTTP/1.1" 200 1223
14.155.90.194 - - [22/Jan/2026:10:11:11 +0800] "GET /InternetTrading/jquery/wait.gif HTTP/1.1" 200 432
14.155.90.194 - - [22/Jan/2026:10:11:12 +0800] "POST /InternetTrading/SessionErrorLogger HTTP/1.1" 200 117
14.155.90.194 - - [22/Jan/2026:10:11:13 +0800] "GET /InternetTrading/Csrf?url=/Order HTTP/1.1" 200 126
14.155.90.194 - - [22/Jan/2026:10:11:13 +0800] "POST /InternetTrading/SessionErrorLogger HTTP/1.1" 200 117
14.155.90.194 - - [22/Jan/2026:10:11:13 +0800] "POST /InternetTrading/LoginKey HTTP/1.1" 200 -
14.155.90.194 - - [22/Jan/2026:10:11:13 +0800] "POST /InternetTrading/SessionErrorLogger HTTP/1.1" 200 117
14.155.90.194 - - [22/Jan/2026:10:11:13 +0800] "POST /InternetTrading/Order?csrf_nonce=E33491A6E406FEFE4D6A49742D51BB01 HTTP/1.1" 200 1019
14.155.90.194 - - [22/Jan/2026:10:11:13 +0800] "POST /InternetTrading/SessionErrorLogger HTTP/1.1" 200 117
14.155.90.194 - - [22/Jan/2026:10:11:13 +0800] "GET /InternetTrading/tc/sell_ticket.html? HTTP/1.1" 200 2261
14.155.90.194 - - [22/Jan/2026:10:11:13 +0800] "POST /InternetTrading/SessionErrorLogger HTTP/1.1" 200 117
14.155.90.194 - - [22/Jan/2026:10:11:13 +0800] "POST /InternetTrading/SessionErrorLogger HTTP/1.1" 200 117
14.155.90.194 - - [22/Jan/2026:10:11:13 +0800] "POST /InternetTrading/MarketStatus HTTP/1.1" 200 772
14.155.90.194 - - [22/Jan/2026:10:11:13 +0800] "POST /InternetTrading/MarketStatus HTTP/1.1" 200 772
58.152.215.40 - - [22/Jan/2026:10:11:14 +0800] "GET /InternetTrading/longpoll/55136?X-Atmosphere-tracking-id=0&X-Atmosphere-Framework=2.2.3-javascript&X-Atmosphere-Transport=long-polling&X-Atmosphere-TrackMessageSize=true&Content-Type=charset%3Dutf-8&X-atmo-protocol=true&_=1769048158359 HTTP/1.1" 200 -
14.155.90.194 - - [22/Jan/2026:10:11:14 +0800] "GET /InternetTrading/longpoll/13519?X-Atmosphere-tracking-id=0&X-Atmosphere-Framework=2.2.3-javascript&X-Atmosphere-Transport=long-polling&X-Atmosphere-TrackMessageSize=true&Content-Type=charset%3Dutf-8&X-atmo-protocol=true&_=1769048157817 HTTP/1.1" 200 -
14.155.90.194 - - [22/Jan/2026:10:11:15 +0800] "GET /InternetTrading/jquery/wait.gif HTTP/1.1" 200 432
14.155.90.194 - - [22/Jan/2026:10:11:15 +0800] "POST /InternetTrading/SessionErrorLogger HTTP/1.1" 200 117
14.155.90.194 - - [22/Jan/2026:10:11:15 +0800] "POST /InternetTrading/Orderbook HTTP/1.1" 200 1374
119.136.155.129 - - [22/Jan/2026:10:11:15 +0800] "GET /InternetTrading/longpoll/51803?X-Atmosphere-tracking-id=0&X-Atmosphere-Framework=2.2.3-javascript&X-Atmosphere-Transport=long-polling&X-Atmosphere-TrackMessageSize=true&Content-Type=charset%3Dutf-8&X-atmo-protocol=true&_=1769048170047 HTTP/1.1" 200 -
116.48.142.110 - - [22/Jan/2026:10:11:15 +0800] "GET /InternetTrading/longpoll/56231?X-Atmosphere-tracking-id=0&X-Atmosphere-Framework=2.2.3-javascript&X-Atmosphere-Transport=long-polling&X-Atmosphere-TrackMessageSize=true&Content-Type=charset%3Dutf-8&X-atmo-protocol=true&_=1769048158317 HTTP/1.1" 200 -
14.0.173.64 - - [22/Jan/2026:10:11:15 +0800] "GET /InternetTrading/longpoll/A8127?X-Atmosphere-tracking-id=0&X-Atmosphere-Framework=2.2.3-javascript&X-Atmosphere-Transport=long-polling&X-Atmosphere-TrackMessageSize=true&Content-Type=charset%3Dutf-8&X-atmo-protocol=true&_=1769048161336 HTTP/1.1" 200 -
58.152.215.40 - - [22/Jan/2026:10:11:16 +0800] "POST /InternetTrading/SessionErrorLogger HTTP/1.1" 200 117
58.152.215.40 - - [22/Jan/2026:10:11:16 +0800] "POST /InternetTrading/Heartbeat HTTP/1.1" 200 32
58.152.215.40 - - [22/Jan/2026:10:11:16 +0800] "POST /InternetTrading/SessionErrorLogger HTTP/1.1" 200 117
58.152.215.40 - - [22/Jan/2026:10:11:16 +0800] "POST /InternetTrading/MarketStatus HTTP/1.1" 200 772
58.152.215.40 - - [22/Jan/2026:10:11:19 +0800] "GET /InternetTrading/longpoll/55136?X-Atmosphere-tracking-id=0&X-Atmosphere-Framework=2.2.3-javascript&X-Atmosphere-Transport=long-polling&X-Atmosphere-TrackMessageSize=true&Content-Type=charset%3Dutf-8&X-atmo-protocol=true&_=1769048163390 HTTP/1.1" 200 -
14.155.90.194 - - [22/Jan/2026:10:11:19 +0800] "GET /InternetTrading/longpoll/13519?X-Atmosphere-tracking-id=0&X-Atmosphere-Framework=2.2.3-javascript&X-Atmosphere-Transport=long-polling&X-Atmosphere-TrackMessageSize=true&Content-Type=charset%3Dutf-8&X-atmo-protocol=true&_=1769048162897 HTTP/1.1" 200 -
14.155.90.194 - - [22/Jan/2026:10:11:19 +0800] "POST /InternetTrading/SessionErrorLogger HTTP/1.1" 200 117
14.155.90.194 - - [22/Jan/2026:10:11:20 +0800] "GET /InternetTrading/jquery/wait.gif HTTP/1.1" 200 432
14.155.90.194 - - [22/Jan/2026:10:11:20 +0800] "POST /InternetTrading/Portfolio HTTP/1.1" 200 1360
119.136.155.129 - - [22/Jan/2026:10:11:20 +0800] "GET /InternetTrading/longpoll/51803?X-Atmosphere-tracking-id=0&X-Atmosphere-Framework=2.2.3-javascript&X-Atmosphere-Transport=long-polling&X-Atmosphere-TrackMessageSize=true&Content-Type=charset%3Dutf-8&X-atmo-protocol=true&_=1769048175102 HTTP/1.1" 200 -
14.0.173.64 - - [22/Jan/2026:10:11:21 +0800] "GET /InternetTrading/longpoll/A8127?X-Atmosphere-tracking-id=0&X-Atmosphere-Framework=2.2.3-javascript&X-Atmosphere-Transport=long-polling&X-Atmosphere-TrackMessageSize=true&Content-Type=charset%3Dutf-8&X-atmo-protocol=true&_=1769048166475 HTTP/1.1" 200 -
14.155.90.194 - - [22/Jan/2026:10:11:21 +0800] "POST /InternetTrading/SessionErrorLogger HTTP/1.1" 200 117
14.155.90.194 - - [22/Jan/2026:10:11:21 +0800] "GET /InternetTrading/tc/sell_ticket.html? HTTP/1.1" 200 2261
14.155.90.194 - - [22/Jan/2026:10:11:21 +0800] "POST /InternetTrading/SessionErrorLogger HTTP/1.1" 200 117
14.155.90.194 - - [22/Jan/2026:10:11:21 +0800] "POST /InternetTrading/SessionErrorLogger HTTP/1.1" 200 117
14.155.90.194 - - [22/Jan/2026:10:11:21 +0800] "POST /InternetTrading/MarketStatus HTTP/1.1" 200 772
14.155.90.194 - - [22/Jan/2026:10:11:21 +0800] "POST /InternetTrading/SessionErrorLogger HTTP/1.1" 200 117
14.155.90.194 - - [22/Jan/2026:10:11:21 +0800] "POST /InternetTrading/MarketStatus HTTP/1.1" 200 772
116.48.142.110 - - [22/Jan/2026:10:11:21 +0800] "GET /InternetTrading/longpoll/56231?X-Atmosphere-tracking-id=0&X-Atmosphere-Framework=2.2.3-javascript&X-Atmosphere-Transport=long-polling&X-Atmosphere-TrackMessageSize=true&Content-Type=charset%3Dutf-8&X-atmo-protocol=true&_=1769048164314 HTTP/1.1" 200 -
14.155.90.194 - - [22/Jan/2026:10:11:21 +0800] "POST /InternetTrading/SessionErrorLogger HTTP/1.1" 200 117
14.155.90.194 - - [22/Jan/2026:10:11:21 +0800] "POST /InternetTrading/Product HTTP/1.1" 200 306
14.155.90.194 - - [22/Jan/2026:10:11:21 +0800] "POST /InternetTrading/OrderMaxQuantity HTTP/1.1" 200 8
14.0.173.64 - - [22/Jan/2026:10:11:23 +0800] "POST /InternetTrading/SessionErrorLogger HTTP/1.1" 200 117
14.0.173.64 - - [22/Jan/2026:10:11:23 +0800] "POST /InternetTrading/Heartbeat HTTP/1.1" 200 32
58.152.215.40 - - [22/Jan/2026:10:11:24 +0800] "GET /InternetTrading/longpoll/55136?X-Atmosphere-tracking-id=0&X-Atmosphere-Framework=2.2.3-javascript&X-Atmosphere-Transport=long-polling&X-Atmosphere-TrackMessageSize=true&Content-Type=charset%3Dutf-8&X-atmo-protocol=true&_=1769048168408 HTTP/1.1" 200 -
14.0.173.64 - - [22/Jan/2026:10:11:24 +0800] "POST /InternetTrading/SessionErrorLogger HTTP/1.1" 200 117
14.0.173.64 - - [22/Jan/2026:10:11:24 +0800] "POST /InternetTrading/MarketStatus HTTP/1.1" 200 772
14.155.90.194 - - [22/Jan/2026:10:11:24 +0800] "GET /InternetTrading/longpoll/13519?X-Atmosphere-tracking-id=0&X-Atmosphere-Framework=2.2.3-javascript&X-Atmosphere-Transport=long-polling&X-Atmosphere-TrackMessageSize=true&Content-Type=charset%3Dutf-8&X-atmo-protocol=true&_=1769048167994 HTTP/1.1" 200 -
119.136.155.129 - - [22/Jan/2026:10:11:25 +0800] "GET /InternetTrading/longpoll/51803?X-Atmosphere-tracking-id=0&X-Atmosphere-Framework=2.2.3-javascript&X-Atmosphere-Transport=long-polling&X-Atmosphere-TrackMessageSize=true&Content-Type=charset%3Dutf-8&X-atmo-protocol=true&_=1769048180165 HTTP/1.1" 200 -
14.0.173.64 - - [22/Jan/2026:10:11:26 +0800] "GET /InternetTrading/longpoll/A8127?X-Atmosphere-tracking-id=0&X-Atmosphere-Framework=2.2.3-javascript&X-Atmosphere-Transport=long-polling&X-Atmosphere-TrackMessageSize=true&Content-Type=charset%3Dutf-8&X-atmo-protocol=true&_=1769048171619 HTTP/1.1" 200 -
116.48.142.110 - - [22/Jan/2026:10:11:27 +0800] "GET /InternetTrading/longpoll/56231?X-Atmosphere-tracking-id=0&X-Atmosphere-Framework=2.2.3-javascript&X-Atmosphere-Transport=long-polling&X-Atmosphere-TrackMessageSize=true&Content-Type=charset%3Dutf-8&X-atmo-protocol=true&_=1769048170314 HTTP/1.1" 200 -
58.152.215.40 - - [22/Jan/2026:10:11:29 +0800] "GET /InternetTrading/longpoll/55136?X-Atmosphere-tracking-id=0&X-Atmosphere-Framework=2.2.3-javascript&X-Atmosphere-Transport=long-polling&X-Atmosphere-TrackMessageSize=true&Content-Type=charset%3Dutf-8&X-atmo-protocol=true&_=1769048173430 HTTP/1.1" 200 -
14.155.90.194 - - [22/Jan/2026:10:11:29 +0800] "GET /InternetTrading/longpoll/13519?X-Atmosphere-tracking-id=0&X-Atmosphere-Framework=2.2.3-javascript&X-Atmosphere-Transport=long-polling&X-Atmosphere-TrackMessageSize=true&Content-Type=charset%3Dutf-8&X-atmo-protocol=true&_=1769048173074 HTTP/1.1" 200 -
119.136.155.129 - - [22/Jan/2026:10:11:30 +0800] "GET /InternetTrading/longpoll/51803?X-Atmosphere-tracking-id=0&X-Atmosphere-Framework=2.2.3-javascript&X-Atmosphere-Transport=long-polling&X-Atmosphere-TrackMessageSize=true&Content-Type=charset%3Dutf-8&X-atmo-protocol=true&_=1769048185218 HTTP/1.1" 200 -
14.0.173.64 - - [22/Jan/2026:10:11:31 +0800] "GET /InternetTrading/longpoll/A8127?X-Atmosphere-tracking-id=0&X-Atmosphere-Framework=2.2.3-javascript&X-Atmosphere-Transport=long-polling&X-Atmosphere-TrackMessageSize=true&Content-Type=charset%3Dutf-8&X-atmo-protocol=true&_=1769048176690 HTTP/1.1" 200 -
116.48.142.110 - - [22/Jan/2026:10:11:34 +0800] "GET /InternetTrading/longpoll/56231?X-Atmosphere-tracking-id=0&X-Atmosphere-Framework=2.2.3-javascript&X-Atmosphere-Transport=long-polling&X-Atmosphere-TrackMessageSize=true&Content-Type=charset%3Dutf-8&X-atmo-protocol=true&_=1769048176311 HTTP/1.1" 200 -
58.152.215.40 - - [22/Jan/2026:10:11:34 +0800] "GET /InternetTrading/longpoll/55136?X-Atmosphere-tracking-id=0&X-Atmosphere-Framework=2.2.3-javascript&X-Atmosphere-Transport=long-polling&X-Atmosphere-TrackMessageSize=true&Content-Type=charset%3Dutf-8&X-atmo-protocol=true&_=1769048178460 HTTP/1.1" 200 -
119.136.155.129 - - [22/Jan/2026:10:11:35 +0800] "POST /InternetTrading/SessionErrorLogger HTTP/1.1" 200 117
119.136.155.129 - - [22/Jan/2026:10:11:35 +0800] "POST /InternetTrading/Heartbeat HTTP/1.1" 200 32
119.136.155.129 - - [22/Jan/2026:10:11:35 +0800] "POST /InternetTrading/SessionErrorLogger HTTP/1.1" 200 117
14.155.90.194 - - [22/Jan/2026:10:11:35 +0800] "GET /InternetTrading/longpoll/13519?X-Atmosphere-tracking-id=0&X-Atmosphere-Framework=2.2.3-javascript&X-Atmosphere-Transport=long-polling&X-Atmosphere-TrackMessageSize=true&Content-Type=charset%3Dutf-8&X-atmo-protocol=true&_=1769048178317 HTTP/1.1" 200 -
119.136.155.129 - - [22/Jan/2026:10:11:35 +0800] "POST /InternetTrading/MarketStatus HTTP/1.1" 200 772
119.136.155.129 - - [22/Jan/2026:10:11:35 +0800] "GET /InternetTrading/longpoll/51803?X-Atmosphere-tracking-id=0&X-Atmosphere-Framework=2.2.3-javascript&X-Atmosphere-Transport=long-polling&X-Atmosphere-TrackMessageSize=true&Content-Type=charset%3Dutf-8&X-atmo-protocol=true&_=1769048190289 HTTP/1.1" 200 -
14.0.173.64 - - [22/Jan/2026:10:11:36 +0800] "GET /InternetTrading/longpoll/A8127?X-Atmosphere-tracking-id=0&X-Atmosphere-Framework=2.2.3-javascript&X-Atmosphere-Transport=long-polling&X-Atmosphere-TrackMessageSize=true&Content-Type=charset%3Dutf-8&X-atmo-protocol=true&_=1769048181807 HTTP/1.1" 200 -
14.155.90.194 - - [22/Jan/2026:10:11:39 +0800] "POST /InternetTrading/SessionErrorLogger HTTP/1.1" 200 117
14.155.90.194 - - [22/Jan/2026:10:11:39 +0800] "POST /InternetTrading/LoginKey HTTP/1.1" 200 -
58.152.215.40 - - [22/Jan/2026:10:11:39 +0800] "GET /InternetTrading/longpoll/55136?X-Atmosphere-tracking-id=0&X-Atmosphere-Framework=2.2.3-javascript&X-Atmosphere-Transport=long-polling&X-Atmosphere-TrackMessageSize=true&Content-Type=charset%3Dutf-8&X-atmo-protocol=true&_=1769048183478 HTTP/1.1" 200 -
14.155.90.194 - - [22/Jan/2026:10:11:39 +0800] "GET /InternetTrading/jquery/wait.gif HTTP/1.1" 200 432
14.155.90.194 - - [22/Jan/2026:10:11:39 +0800] "POST /InternetTrading/PreOrder HTTP/1.1" 200 1235
116.48.142.110 - - [22/Jan/2026:10:11:39 +0800] "GET /InternetTrading/longpoll/56231?X-Atmosphere-tracking-id=0&X-Atmosphere-Framework=2.2.3-javascript&X-Atmosphere-Transport=long-polling&X-Atmosphere-TrackMessageSize=true&Content-Type=charset%3Dutf-8&X-atmo-protocol=true&_=1769048182318 HTTP/1.1" 200 -
14.155.90.194 - - [22/Jan/2026:10:11:40 +0800] "GET /InternetTrading/longpoll/13519?X-Atmosphere-tracking-id=0&X-Atmosphere-Framework=2.2.3-javascript&X-Atmosphere-Transport=long-polling&X-Atmosphere-TrackMessageSize=true&Content-Type=charset%3Dutf-8&X-atmo-protocol=true&_=1769048183615 HTTP/1.1" 200 -
14.155.90.194 - - [22/Jan/2026:10:11:40 +0800] "POST /InternetTrading/SessionErrorLogger HTTP/1.1" 200 117
14.155.90.194 - - [22/Jan/2026:10:11:40 +0800] "POST /InternetTrading/Heartbeat HTTP/1.1" 200 32
119.136.155.129 - - [22/Jan/2026:10:11:40 +0800] "GET /InternetTrading/longpoll/51803?X-Atmosphere-tracking-id=0&X-Atmosphere-Framework=2.2.3-javascript&X-Atmosphere-Transport=long-polling&X-Atmosphere-TrackMessageSize=true&Content-Type=charset%3Dutf-8&X-atmo-protocol=true&_=1769048195318 HTTP/1.1" 200 -
14.0.173.64 - - [22/Jan/2026:10:11:41 +0800] "GET /InternetTrading/longpoll/A8127?X-Atmosphere-tracking-id=0&X-Atmosphere-Framework=2.2.3-javascript&X-Atmosphere-Transport=long-polling&X-Atmosphere-TrackMessageSize=true&Content-Type=charset%3Dutf-8&X-atmo-protocol=true&_=1769048186928 HTTP/1.1" 200 -
14.155.90.194 - - [22/Jan/2026:10:11:41 +0800] "POST /InternetTrading/SessionErrorLogger HTTP/1.1" 200 117
14.155.90.194 - - [22/Jan/2026:10:11:41 +0800] "GET /InternetTrading/Csrf?url=/Order HTTP/1.1" 200 126
14.155.90.194 - - [22/Jan/2026:10:11:41 +0800] "POST /InternetTrading/SessionErrorLogger HTTP/1.1" 200 117
14.155.90.194 - - [22/Jan/2026:10:11:42 +0800] "POST /InternetTrading/LoginKey HTTP/1.1" 200 -
14.155.90.194 - - [22/Jan/2026:10:11:42 +0800] "POST /InternetTrading/SessionErrorLogger HTTP/1.1" 200 117
14.155.90.194 - - [22/Jan/2026:10:11:42 +0800] "POST /InternetTrading/Order?csrf_nonce=E33491A6E406FEFE4D6A49742D51BB01 HTTP/1.1" 200 1020
14.155.90.194 - - [22/Jan/2026:10:11:42 +0800] "POST /InternetTrading/SessionErrorLogger HTTP/1.1" 200 117
14.155.90.194 - - [22/Jan/2026:10:11:42 +0800] "GET /InternetTrading/tc/sell_ticket.html? HTTP/1.1" 200 2261
14.155.90.194 - - [22/Jan/2026:10:11:42 +0800] "POST /InternetTrading/SessionErrorLogger HTTP/1.1" 200 117
14.155.90.194 - - [22/Jan/2026:10:11:42 +0800] "POST /InternetTrading/SessionErrorLogger HTTP/1.1" 200 117
14.155.90.194 - - [22/Jan/2026:10:11:42 +0800] "POST /InternetTrading/MarketStatus HTTP/1.1" 200 772
14.155.90.194 - - [22/Jan/2026:10:11:42 +0800] "POST /InternetTrading/MarketStatus HTTP/1.1" 200 772
14.155.90.194 - - [22/Jan/2026:10:11:44 +0800] "POST /InternetTrading/SessionErrorLogger HTTP/1.1" 200 117
58.152.215.40 - - [22/Jan/2026:10:11:44 +0800] "GET /InternetTrading/longpoll/55136?X-Atmosphere-tracking-id=0&X-Atmosphere-Framework=2.2.3-javascript&X-Atmosphere-Transport=long-polling&X-Atmosphere-TrackMessageSize=true&Content-Type=charset%3Dutf-8&X-atmo-protocol=true&_=1769048188494 HTTP/1.1" 200 -
14.155.90.194 - - [22/Jan/2026:10:11:44 +0800] "GET /InternetTrading/jquery/wait.gif HTTP/1.1" 200 432
14.155.90.194 - - [22/Jan/2026:10:11:44 +0800] "POST /InternetTrading/Orderbook HTTP/1.1" 200 1462
14.155.90.194 - - [22/Jan/2026:10:11:45 +0800] "GET /InternetTrading/longpoll/13519?X-Atmosphere-tracking-id=0&X-Atmosphere-Framework=2.2.3-javascript&X-Atmosphere-Transport=long-polling&X-Atmosphere-TrackMessageSize=true&Content-Type=charset%3Dutf-8&X-atmo-protocol=true&_=1769048188697 HTTP/1.1" 200 -
116.48.142.110 - - [22/Jan/2026:10:11:45 +0800] "GET /InternetTrading/longpoll/56231?X-Atmosphere-tracking-id=0&X-Atmosphere-Framework=2.2.3-javascript&X-Atmosphere-Transport=long-polling&X-Atmosphere-TrackMessageSize=true&Content-Type=charset%3Dutf-8&X-atmo-protocol=true&_=1769048188319 HTTP/1.1" 200 -
119.136.155.129 - - [22/Jan/2026:10:11:46 +0800] "GET /InternetTrading/longpoll/51803?X-Atmosphere-tracking-id=0&X-Atmosphere-Framework=2.2.3-javascript&X-Atmosphere-Transport=long-polling&X-Atmosphere-TrackMessageSize=true&Content-Type=charset%3Dutf-8&X-atmo-protocol=true&_=1769048200379 HTTP/1.1" 200 -
58.152.215.40 - - [22/Jan/2026:10:11:46 +0800] "POST /InternetTrading/SessionErrorLogger HTTP/1.1" 200 117
58.152.215.40 - - [22/Jan/2026:10:11:46 +0800] "POST /InternetTrading/Heartbeat HTTP/1.1" 200 32
58.152.215.40 - - [22/Jan/2026:10:11:46 +0800] "POST /InternetTrading/SessionErrorLogger HTTP/1.1" 200 117
58.152.215.40 - - [22/Jan/2026:10:11:46 +0800] "POST /InternetTrading/MarketStatus HTTP/1.1" 200 772
14.0.173.64 - - [22/Jan/2026:10:11:46 +0800] "GET /InternetTrading/longpoll/A8127?X-Atmosphere-tracking-id=0&X-Atmosphere-Framework=2.2.3-javascript&X-Atmosphere-Transport=long-polling&X-Atmosphere-TrackMessageSize=true&Content-Type=charset%3Dutf-8&X-atmo-protocol=true&_=1769048192145 HTTP/1.1" 200 -
14.155.90.194 - - [22/Jan/2026:10:11:49 +0800] "GET /InternetTrading/jquery/wait.gif HTTP/1.1" 200 432
14.155.90.194 - - [22/Jan/2026:10:11:49 +0800] "POST /InternetTrading/SessionErrorLogger HTTP/1.1" 200 117
58.152.215.40 - - [22/Jan/2026:10:11:49 +0800] "GET /InternetTrading/longpoll/55136?X-Atmosphere-tracking-id=0&X-Atmosphere-Framework=2.2.3-javascript&X-Atmosphere-Transport=long-polling&X-Atmosphere-TrackMessageSize=true&Content-Type=charset%3Dutf-8&X-atmo-protocol=true&_=1769048193502 HTTP/1.1" 200 -
14.155.90.194 - - [22/Jan/2026:10:11:49 +0800] "POST /InternetTrading/Portfolio HTTP/1.1" 200 1361
14.155.90.194 - - [22/Jan/2026:10:11:50 +0800] "GET /InternetTrading/longpoll/13519?X-Atmosphere-tracking-id=0&X-Atmosphere-Framework=2.2.3-javascript&X-Atmosphere-Transport=long-polling&X-Atmosphere-TrackMessageSize=true&Content-Type=charset%3Dutf-8&X-atmo-protocol=true&_=1769048193778 HTTP/1.1" 200 -
14.155.90.194 - - [22/Jan/2026:10:11:50 +0800] "GET /InternetTrading/jquery/wait.gif HTTP/1.1" 200 432
14.155.90.194 - - [22/Jan/2026:10:11:50 +0800] "POST /InternetTrading/SessionErrorLogger HTTP/1.1" 200 117
14.155.90.194 - - [22/Jan/2026:10:11:50 +0800] "POST /InternetTrading/Orderbook HTTP/1.1" 200 1455
119.136.155.129 - - [22/Jan/2026:10:11:51 +0800] "GET /InternetTrading/longpoll/51803?X-Atmosphere-tracking-id=0&X-Atmosphere-Framework=2.2.3-javascript&X-Atmosphere-Transport=long-polling&X-Atmosphere-TrackMessageSize=true&Content-Type=charset%3Dutf-8&X-atmo-protocol=true&_=1769048205444 HTTP/1.1" 200 -
14.155.90.194 - - [22/Jan/2026:10:11:51 +0800] "GET /InternetTrading/jquery/wait.gif HTTP/1.1" 200 432
14.155.90.194 - - [22/Jan/2026:10:11:51 +0800] "POST /InternetTrading/SessionErrorLogger HTTP/1.1" 200 117
14.155.90.194 - - [22/Jan/2026:10:11:51 +0800] "POST /InternetTrading/Portfolio HTTP/1.1" 200 1361
116.48.142.110 - - [22/Jan/2026:10:11:51 +0800] "GET /InternetTrading/longpoll/56231?X-Atmosphere-tracking-id=0&X-Atmosphere-Framework=2.2.3-javascript&X-Atmosphere-Transport=long-polling&X-Atmosphere-TrackMessageSize=true&Content-Type=charset%3Dutf-8&X-atmo-protocol=true&_=1769048194316 HTTP/1.1" 200 -
14.0.173.64 - - [22/Jan/2026:10:11:51 +0800] "GET /InternetTrading/longpoll/A8127?X-Atmosphere-tracking-id=0&X-Atmosphere-Framework=2.2.3-javascript&X-Atmosphere-Transport=long-polling&X-Atmosphere-TrackMessageSize=true&Content-Type=charset%3Dutf-8&X-atmo-protocol=true&_=1769048197295 HTTP/1.1" 200 -
14.155.90.194 - - [22/Jan/2026:10:11:52 +0800] "POST /InternetTrading/SessionErrorLogger HTTP/1.1" 200 117
14.155.90.194 - - [22/Jan/2026:10:11:52 +0800] "GET /InternetTrading/tc/sell_ticket.html? HTTP/1.1" 200 2261
14.155.90.194 - - [22/Jan/2026:10:11:52 +0800] "POST /InternetTrading/SessionErrorLogger HTTP/1.1" 200 117
14.155.90.194 - - [22/Jan/2026:10:11:52 +0800] "POST /InternetTrading/SessionErrorLogger HTTP/1.1" 200 117
14.155.90.194 - - [22/Jan/2026:10:11:52 +0800] "POST /InternetTrading/MarketStatus HTTP/1.1" 200 772
14.155.90.194 - - [22/Jan/2026:10:11:53 +0800] "POST /InternetTrading/MarketStatus HTTP/1.1" 200 772
14.155.90.194 - - [22/Jan/2026:10:11:53 +0800] "POST /InternetTrading/SessionErrorLogger HTTP/1.1" 200 117
14.155.90.194 - - [22/Jan/2026:10:11:53 +0800] "POST /InternetTrading/SessionErrorLogger HTTP/1.1" 200 117
14.155.90.194 - - [22/Jan/2026:10:11:53 +0800] "POST /InternetTrading/Product HTTP/1.1" 200 306
14.155.90.194 - - [22/Jan/2026:10:11:53 +0800] "POST /InternetTrading/OrderMaxQuantity HTTP/1.1" 200 8
14.0.173.64 - - [22/Jan/2026:10:11:54 +0800] "POST /InternetTrading/SessionErrorLogger HTTP/1.1" 200 117
14.0.173.64 - - [22/Jan/2026:10:11:54 +0800] "POST /InternetTrading/Heartbeat HTTP/1.1" 200 32
14.0.173.64 - - [22/Jan/2026:10:11:54 +0800] "POST /InternetTrading/SessionErrorLogger HTTP/1.1" 200 117
14.0.173.64 - - [22/Jan/2026:10:11:54 +0800] "POST /InternetTrading/MarketStatus HTTP/1.1" 200 772
58.152.215.40 - - [22/Jan/2026:10:11:54 +0800] "GET /InternetTrading/longpoll/55136?X-Atmosphere-tracking-id=0&X-Atmosphere-Framework=2.2.3-javascript&X-Atmosphere-Transport=long-polling&X-Atmosphere-TrackMessageSize=true&Content-Type=charset%3Dutf-8&X-atmo-protocol=true&_=1769048198535 HTTP/1.1" 200 -
14.155.90.194 - - [22/Jan/2026:10:11:55 +0800] "GET /InternetTrading/longpoll/13519?X-Atmosphere-tracking-id=0&X-Atmosphere-Framework=2.2.3-javascript&X-Atmosphere-Transport=long-polling&X-Atmosphere-TrackMessageSize=true&Content-Type=charset%3Dutf-8&X-atmo-protocol=true&_=1769048198943 HTTP/1.1" 200 -
119.136.155.129 - - [22/Jan/2026:10:11:56 +0800] "GET /InternetTrading/longpoll/51803?X-Atmosphere-tracking-id=0&X-Atmosphere-Framework=2.2.3-javascript&X-Atmosphere-Transport=long-polling&X-Atmosphere-TrackMessageSize=true&Content-Type=charset%3Dutf-8&X-atmo-protocol=true&_=1769048210524 HTTP/1.1" 200 -
14.0.173.64 - - [22/Jan/2026:10:11:56 +0800] "GET /InternetTrading/longpoll/A8127?X-Atmosphere-tracking-id=0&X-Atmosphere-Framework=2.2.3-javascript&X-Atmosphere-Transport=long-polling&X-Atmosphere-TrackMessageSize=true&Content-Type=charset%3Dutf-8&X-atmo-protocol=true&_=1769048202462 HTTP/1.1" 200 -
116.48.142.110 - - [22/Jan/2026:10:11:57 +0800] "GET /InternetTrading/longpoll/56231?X-Atmosphere-tracking-id=0&X-Atmosphere-Framework=2.2.3-javascript&X-Atmosphere-Transport=long-polling&X-Atmosphere-TrackMessageSize=true&Content-Type=charset%3Dutf-8&X-atmo-protocol=true&_=1769048200313 HTTP/1.1" 200 -
58.152.215.40 - - [22/Jan/2026:10:11:59 +0800] "GET /InternetTrading/longpoll/55136?X-Atmosphere-tracking-id=0&X-Atmosphere-Framework=2.2.3-javascript&X-Atmosphere-Transport=long-polling&X-Atmosphere-TrackMessageSize=true&Content-Type=charset%3Dutf-8&X-atmo-protocol=true&_=1769048203567 HTTP/1.1" 200 -
14.155.90.194 - - [22/Jan/2026:10:12:00 +0800] "GET /InternetTrading/longpoll/13519?X-Atmosphere-tracking-id=0&X-Atmosphere-Framework=2.2.3-javascript&X-Atmosphere-Transport=long-polling&X-Atmosphere-TrackMessageSize=true&Content-Type=charset%3Dutf-8&X-atmo-protocol=true&_=1769048204023 HTTP/1.1" 200 -
119.136.155.129 - - [22/Jan/2026:10:12:01 +0800] "GET /InternetTrading/longpoll/51803?X-Atmosphere-tracking-id=0&X-Atmosphere-Framework=2.2.3-javascript&X-Atmosphere-Transport=long-polling&X-Atmosphere-TrackMessageSize=true&Content-Type=charset%3Dutf-8&X-atmo-protocol=true&_=1769048215585 HTTP/1.1" 200 -
14.0.173.64 - - [22/Jan/2026:10:12:02 +0800] "GET /InternetTrading/longpoll/A8127?X-Atmosphere-tracking-id=0&X-Atmosphere-Framework=2.2.3-javascript&X-Atmosphere-Transport=long-polling&X-Atmosphere-TrackMessageSize=true&Content-Type=charset%3Dutf-8&X-atmo-protocol=true&_=1769048207567 HTTP/1.1" 200 -
116.48.142.110 - - [22/Jan/2026:10:12:03 +0800] "GET /InternetTrading/longpoll/56231?X-Atmosphere-tracking-id=0&X-Atmosphere-Framework=2.2.3-javascript&X-Atmosphere-Transport=long-polling&X-Atmosphere-TrackMessageSize=true&Content-Type=charset%3Dutf-8&X-atmo-protocol=true&_=1769048206317 HTTP/1.1" 200 -
58.152.215.40 - - [22/Jan/2026:10:12:04 +0800] "GET /InternetTrading/longpoll/55136?X-Atmosphere-tracking-id=0&X-Atmosphere-Framework=2.2.3-javascript&X-Atmosphere-Transport=long-polling&X-Atmosphere-TrackMessageSize=true&Content-Type=charset%3Dutf-8&X-atmo-protocol=true&_=1769048208598 HTTP/1.1" 200 -
116.48.142.110 - - [22/Jan/2026:10:12:04 +0800] "POST /InternetTrading/SessionErrorLogger HTTP/1.1" 200 117
116.48.142.110 - - [22/Jan/2026:10:12:04 +0800] "POST /InternetTrading/MarketStatus HTTP/1.1" 200 772
116.48.142.110 - - [22/Jan/2026:10:12:04 +0800] "POST /InternetTrading/SessionErrorLogger HTTP/1.1" 200 117
116.48.142.110 - - [22/Jan/2026:10:12:04 +0800] "POST /InternetTrading/Heartbeat HTTP/1.1" 200 32
119.136.155.129 - - [22/Jan/2026:10:12:05 +0800] "POST /InternetTrading/SessionErrorLogger HTTP/1.1" 200 117
119.136.155.129 - - [22/Jan/2026:10:12:05 +0800] "POST /InternetTrading/Heartbeat HTTP/1.1" 200 32
119.136.155.129 - - [22/Jan/2026:10:12:05 +0800] "POST /InternetTrading/SessionErrorLogger HTTP/1.1" 200 117
119.136.155.129 - - [22/Jan/2026:10:12:05 +0800] "POST /InternetTrading/MarketStatus HTTP/1.1" 200 772
14.155.90.194 - - [22/Jan/2026:10:12:05 +0800] "GET /InternetTrading/longpoll/13519?X-Atmosphere-tracking-id=0&X-Atmosphere-Framework=2.2.3-javascript&X-Atmosphere-Transport=long-polling&X-Atmosphere-TrackMessageSize=true&Content-Type=charset%3Dutf-8&X-atmo-protocol=true&_=1769048209115 HTTP/1.1" 200 -
119.136.155.129 - - [22/Jan/2026:10:12:06 +0800] "GET /InternetTrading/longpoll/51803?X-Atmosphere-tracking-id=0&X-Atmosphere-Framework=2.2.3-javascript&X-Atmosphere-Transport=long-polling&X-Atmosphere-TrackMessageSize=true&Content-Type=charset%3Dutf-8&X-atmo-protocol=true&_=1769048220646 HTTP/1.1" 200 -
14.0.173.64 - - [22/Jan/2026:10:12:07 +0800] "GET /InternetTrading/longpoll/A8127?X-Atmosphere-tracking-id=0&X-Atmosphere-Framework=2.2.3-javascript&X-Atmosphere-Transport=long-polling&X-Atmosphere-TrackMessageSize=true&Content-Type=charset%3Dutf-8&X-atmo-protocol=true&_=1769048212820 HTTP/1.1" 200 -
14.155.90.194 - - [22/Jan/2026:10:12:08 +0800] "GET /InternetTrading/jquery/wait.gif HTTP/1.1" 200 432
14.155.90.194 - - [22/Jan/2026:10:12:08 +0800] "POST /InternetTrading/SessionErrorLogger HTTP/1.1" 200 117
14.155.90.194 - - [22/Jan/2026:10:12:09 +0800] "POST /InternetTrading/Orderbook HTTP/1.1" 200 1444
58.152.215.40 - - [22/Jan/2026:10:12:09 +0800] "GET /InternetTrading/longpoll/55136?X-Atmosphere-tracking-id=0&X-Atmosphere-Framework=2.2.3-javascript&X-Atmosphere-Transport=long-polling&X-Atmosphere-TrackMessageSize=true&Content-Type=charset%3Dutf-8&X-atmo-protocol=true&_=1769048213636 HTTP/1.1" 200 -
116.48.142.110 - - [22/Jan/2026:10:12:09 +0800] "GET /InternetTrading/longpoll/56231?X-Atmosphere-tracking-id=0&X-Atmosphere-Framework=2.2.3-javascript&X-Atmosphere-Transport=long-polling&X-Atmosphere-TrackMessageSize=true&Content-Type=charset%3Dutf-8&X-atmo-protocol=true&_=1769048212311 HTTP/1.1" 200 -
14.155.90.194 - - [22/Jan/2026:10:12:10 +0800] "GET /InternetTrading/longpoll/13519?X-Atmosphere-tracking-id=0&X-Atmosphere-Framework=2.2.3-javascript&X-Atmosphere-Transport=long-polling&X-Atmosphere-TrackMessageSize=true&Content-Type=charset%3Dutf-8&X-atmo-protocol=true&_=1769048214347 HTTP/1.1" 200 -
14.155.90.194 - - [22/Jan/2026:10:12:10 +0800] "POST /InternetTrading/SessionErrorLogger HTTP/1.1" 200 117
14.155.90.194 - - [22/Jan/2026:10:12:10 +0800] "POST /InternetTrading/Heartbeat HTTP/1.1" 200 32
119.136.155.129 - - [22/Jan/2026:10:12:11 +0800] "GET /InternetTrading/longpoll/51803?X-Atmosphere-tracking-id=0&X-Atmosphere-Framework=2.2.3-javascript&X-Atmosphere-Transport=long-polling&X-Atmosphere-TrackMessageSize=true&Content-Type=charset%3Dutf-8&X-atmo-protocol=true&_=1769048225676 HTTP/1.1" 200 -
14.0.173.64 - - [22/Jan/2026:10:12:12 +0800] "GET /InternetTrading/longpoll/A8127?X-Atmosphere-tracking-id=0&X-Atmosphere-Framework=2.2.3-javascript&X-Atmosphere-Transport=long-polling&X-Atmosphere-TrackMessageSize=true&Content-Type=charset%3Dutf-8&X-atmo-protocol=true&_=1769048217979 HTTP/1.1" 200 -
58.152.215.40 - - [22/Jan/2026:10:12:14 +0800] "GET /InternetTrading/longpoll/55136?X-Atmosphere-tracking-id=0&X-Atmosphere-Framework=2.2.3-javascript&X-Atmosphere-Transport=long-polling&X-Atmosphere-TrackMessageSize=true&Content-Type=charset%3Dutf-8&X-atmo-protocol=true&_=1769048218670 HTTP/1.1" 200 -
116.48.142.110 - - [22/Jan/2026:10:12:15 +0800] "GET /InternetTrading/longpoll/56231?X-Atmosphere-tracking-id=0&X-Atmosphere-Framework=2.2.3-javascript&X-Atmosphere-Transport=long-polling&X-Atmosphere-TrackMessageSize=true&Content-Type=charset%3Dutf-8&X-atmo-protocol=true&_=1769048218318 HTTP/1.1" 200 -
14.155.90.194 - - [22/Jan/2026:10:12:15 +0800] "GET /InternetTrading/longpoll/13519?X-Atmosphere-tracking-id=0&X-Atmosphere-Framework=2.2.3-javascript&X-Atmosphere-Transport=long-polling&X-Atmosphere-TrackMessageSize=true&Content-Type=charset%3Dutf-8&X-atmo-protocol=true&_=1769048219435 HTTP/1.1" 200 -
119.136.155.129 - - [22/Jan/2026:10:12:16 +0800] "GET /InternetTrading/longpoll/51803?X-Atmosphere-tracking-id=0&X-Atmosphere-Framework=2.2.3-javascript&X-Atmosphere-Transport=long-polling&X-Atmosphere-TrackMessageSize=true&Content-Type=charset%3Dutf-8&X-atmo-protocol=true&_=1769048230708 HTTP/1.1" 200 -
58.152.215.40 - - [22/Jan/2026:10:12:16 +0800] "POST /InternetTrading/SessionErrorLogger HTTP/1.1" 200 117
58.152.215.40 - - [22/Jan/2026:10:12:16 +0800] "POST /InternetTrading/Heartbeat HTTP/1.1" 200 32
58.152.215.40 - - [22/Jan/2026:10:12:16 +0800] "POST /InternetTrading/SessionErrorLogger HTTP/1.1" 200 117
58.152.215.40 - - [22/Jan/2026:10:12:16 +0800] "POST /InternetTrading/MarketStatus HTTP/1.1" 200 772
14.0.173.64 - - [22/Jan/2026:10:12:17 +0800] "GET /InternetTrading/longpoll/A8127?X-Atmosphere-tracking-id=0&X-Atmosphere-Framework=2.2.3-javascript&X-Atmosphere-Transport=long-polling&X-Atmosphere-TrackMessageSize=true&Content-Type=charset%3Dutf-8&X-atmo-protocol=true&_=1769048223140 HTTP/1.1" 200 -
58.152.215.40 - - [22/Jan/2026:10:12:19 +0800] "GET /InternetTrading/longpoll/55136?X-Atmosphere-tracking-id=0&X-Atmosphere-Framework=2.2.3-javascript&X-Atmosphere-Transport=long-polling&X-Atmosphere-TrackMessageSize=true&Content-Type=charset%3Dutf-8&X-atmo-protocol=true&_=1769048223714 HTTP/1.1" 200 -
14.155.90.194 - - [22/Jan/2026:10:12:21 +0800] "GET /InternetTrading/longpoll/13519?X-Atmosphere-tracking-id=0&X-Atmosphere-Framework=2.2.3-javascript&X-Atmosphere-Transport=long-polling&X-Atmosphere-TrackMessageSize=true&Content-Type=charset%3Dutf-8&X-atmo-protocol=true&_=1769048224516 HTTP/1.1" 200 -
119.136.155.129 - - [22/Jan/2026:10:12:21 +0800] "GET /InternetTrading/longpoll/51803?X-Atmosphere-tracking-id=0&X-Atmosphere-Framework=2.2.3-javascript&X-Atmosphere-Transport=long-polling&X-Atmosphere-TrackMessageSize=true&Content-Type=charset%3Dutf-8&X-atmo-protocol=true&_=1769048235733 HTTP/1.1" 200 -
116.48.142.110 - - [22/Jan/2026:10:12:21 +0800] "GET /InternetTrading/longpoll/56231?X-Atmosphere-tracking-id=0&X-Atmosphere-Framework=2.2.3-javascript&X-Atmosphere-Transport=long-polling&X-Atmosphere-TrackMessageSize=true&Content-Type=charset%3Dutf-8&X-atmo-protocol=true&_=1769048224318 HTTP/1.1" 200 -
14.0.173.64 - - [22/Jan/2026:10:12:22 +0800] "GET /InternetTrading/longpoll/A8127?X-Atmosphere-tracking-id=0&X-Atmosphere-Framework=2.2.3-javascript&X-Atmosphere-Transport=long-polling&X-Atmosphere-TrackMessageSize=true&Content-Type=charset%3Dutf-8&X-atmo-protocol=true&_=1769048228304 HTTP/1.1" 200 -
14.155.90.194 - - [22/Jan/2026:10:12:22 +0800] "POST /InternetTrading/SessionErrorLogger HTTP/1.1" 200 117
14.155.90.194 - - [22/Jan/2026:10:12:23 +0800] "POST /InternetTrading/MarketStatus HTTP/1.1" 200 772
14.155.90.194 - - [22/Jan/2026:10:12:23 +0800] "GET /InternetTrading/jquery/wait.gif HTTP/1.1" 200 432
14.155.90.194 - - [22/Jan/2026:10:12:23 +0800] "POST /InternetTrading/SessionErrorLogger HTTP/1.1" 200 117
14.0.173.64 - - [22/Jan/2026:10:12:24 +0800] "POST /InternetTrading/SessionErrorLogger HTTP/1.1" 200 117
14.0.173.64 - - [22/Jan/2026:10:12:24 +0800] "POST /InternetTrading/Heartbeat HTTP/1.1" 200 32
14.155.90.194 - - [22/Jan/2026:10:12:23 +0800] "POST /InternetTrading/OrderHistory HTTP/1.1" 200 818
14.155.90.194 - - [22/Jan/2026:10:12:24 +0800] "GET /InternetTrading/jquery/images/ui-bg_glass_75_e6e6e6_1x400.png HTTP/1.1" 200 262
14.0.173.64 - - [22/Jan/2026:10:12:24 +0800] "POST /InternetTrading/SessionErrorLogger HTTP/1.1" 200 117
14.0.173.64 - - [22/Jan/2026:10:12:24 +0800] "POST /InternetTrading/MarketStatus HTTP/1.1" 200 772
58.152.215.40 - - [22/Jan/2026:10:12:24 +0800] "GET /InternetTrading/longpoll/55136?X-Atmosphere-tracking-id=0&X-Atmosphere-Framework=2.2.3-javascript&X-Atmosphere-Transport=long-polling&X-Atmosphere-TrackMessageSize=true&Content-Type=charset%3Dutf-8&X-atmo-protocol=true&_=1769048228736 HTTP/1.1" 200 -
14.155.90.194 - - [22/Jan/2026:10:12:26 +0800] "GET /InternetTrading/longpoll/13519?X-Atmosphere-tracking-id=0&X-Atmosphere-Framework=2.2.3-javascript&X-Atmosphere-Transport=long-polling&X-Atmosphere-TrackMessageSize=true&Content-Type=charset%3Dutf-8&X-atmo-protocol=true&_=1769048229758 HTTP/1.1" 200 -
119.136.155.129 - - [22/Jan/2026:10:12:26 +0800] "GET /InternetTrading/longpoll/51803?X-Atmosphere-tracking-id=0&X-Atmosphere-Framework=2.2.3-javascript&X-Atmosphere-Transport=long-polling&X-Atmosphere-TrackMessageSize=true&Content-Type=charset%3Dutf-8&X-atmo-protocol=true&_=1769048240761 HTTP/1.1" 200 -
116.48.142.110 - - [22/Jan/2026:10:12:27 +0800] "GET /InternetTrading/longpoll/56231?X-Atmosphere-tracking-id=0&X-Atmosphere-Framework=2.2.3-javascript&X-Atmosphere-Transport=long-polling&X-Atmosphere-TrackMessageSize=true&Content-Type=charset%3Dutf-8&X-atmo-protocol=true&_=1769048230307 HTTP/1.1" 200 -
14.0.173.64 - - [22/Jan/2026:10:12:27 +0800] "GET /InternetTrading/longpoll/A8127?X-Atmosphere-tracking-id=0&X-Atmosphere-Framework=2.2.3-javascript&X-Atmosphere-Transport=long-polling&X-Atmosphere-TrackMessageSize=true&Content-Type=charset%3Dutf-8&X-atmo-protocol=true&_=1769048233493 HTTP/1.1" 200 -
58.152.215.40 - - [22/Jan/2026:10:12:29 +0800] "GET /InternetTrading/longpoll/55136?X-Atmosphere-tracking-id=0&X-Atmosphere-Framework=2.2.3-javascript&X-Atmosphere-Transport=long-polling&X-Atmosphere-TrackMessageSize=true&Content-Type=charset%3Dutf-8&X-atmo-protocol=true&_=1769048233771 HTTP/1.1" 200 -
14.155.90.194 - - [22/Jan/2026:10:12:31 +0800] "GET /InternetTrading/longpoll/13519?X-Atmosphere-tracking-id=0&X-Atmosphere-Framework=2.2.3-javascript&X-Atmosphere-Transport=long-polling&X-Atmosphere-TrackMessageSize=true&Content-Type=charset%3Dutf-8&X-atmo-protocol=true&_=1769048234837 HTTP/1.1" 200 -
119.136.155.129 - - [22/Jan/2026:10:12:31 +0800] "GET /InternetTrading/longpoll/51803?X-Atmosphere-tracking-id=0&X-Atmosphere-Framework=2.2.3-javascript&X-Atmosphere-Transport=long-polling&X-Atmosphere-TrackMessageSize=true&Content-Type=charset%3Dutf-8&X-atmo-protocol=true&_=1769048245829 HTTP/1.1" 200 -
14.0.173.64 - - [22/Jan/2026:10:12:33 +0800] "GET /InternetTrading/longpoll/A8127?X-Atmosphere-tracking-id=0&X-Atmosphere-Framework=2.2.3-javascript&X-Atmosphere-Transport=long-polling&X-Atmosphere-TrackMessageSize=true&Content-Type=charset%3Dutf-8&X-atmo-protocol=true&_=1769048238575 HTTP/1.1" 200 -
116.48.142.110 - - [22/Jan/2026:10:12:33 +0800] "GET /InternetTrading/longpoll/56231?X-Atmosphere-tracking-id=0&X-Atmosphere-Framework=2.2.3-javascript&X-Atmosphere-Transport=long-polling&X-Atmosphere-TrackMessageSize=true&Content-Type=charset%3Dutf-8&X-atmo-protocol=true&_=1769048236324 HTTP/1.1" 200 -
58.152.215.40 - - [22/Jan/2026:10:12:34 +0800] "GET /InternetTrading/longpoll/55136?X-Atmosphere-tracking-id=0&X-Atmosphere-Framework=2.2.3-javascript&X-Atmosphere-Transport=long-polling&X-Atmosphere-TrackMessageSize=true&Content-Type=charset%3Dutf-8&X-atmo-protocol=true&_=1769048238806 HTTP/1.1" 200 -
119.136.155.129 - - [22/Jan/2026:10:12:35 +0800] "POST /InternetTrading/SessionErrorLogger HTTP/1.1" 200 117
119.136.155.129 - - [22/Jan/2026:10:12:35 +0800] "POST /InternetTrading/Heartbeat HTTP/1.1" 200 32
119.136.155.129 - - [22/Jan/2026:10:12:35 +0800] "POST /InternetTrading/SessionErrorLogger HTTP/1.1" 200 117
119.136.155.129 - - [22/Jan/2026:10:12:35 +0800] "POST /InternetTrading/MarketStatus HTTP/1.1" 200 772
119.136.155.129 - - [22/Jan/2026:10:12:36 +0800] "GET /InternetTrading/longpoll/51803?X-Atmosphere-tracking-id=0&X-Atmosphere-Framework=2.2.3-javascript&X-Atmosphere-Transport=long-polling&X-Atmosphere-TrackMessageSize=true&Content-Type=charset%3Dutf-8&X-atmo-protocol=true&_=1769048250894 HTTP/1.1" 200 -
14.155.90.194 - - [22/Jan/2026:10:12:36 +0800] "GET /InternetTrading/longpoll/13519?X-Atmosphere-tracking-id=0&X-Atmosphere-Framework=2.2.3-javascript&X-Atmosphere-Transport=long-polling&X-Atmosphere-TrackMessageSize=true&Content-Type=charset%3Dutf-8&X-atmo-protocol=true&_=1769048239937 HTTP/1.1" 200 -
14.0.173.64 - - [22/Jan/2026:10:12:38 +0800] "GET /InternetTrading/longpoll/A8127?X-Atmosphere-tracking-id=0&X-Atmosphere-Framework=2.2.3-javascript&X-Atmosphere-Transport=long-polling&X-Atmosphere-TrackMessageSize=true&Content-Type=charset%3Dutf-8&X-atmo-protocol=true&_=1769048243748 HTTP/1.1" 200 -
116.48.142.110 - - [22/Jan/2026:10:12:39 +0800] "GET /InternetTrading/longpoll/56231?X-Atmosphere-tracking-id=0&X-Atmosphere-Framework=2.2.3-javascript&X-Atmosphere-Transport=long-polling&X-Atmosphere-TrackMessageSize=true&Content-Type=charset%3Dutf-8&X-atmo-protocol=true&_=1769048242310 HTTP/1.1" 200 -
