27.155.98.238 - - [22/Jan/2026:09:40:27 +0800] "GET /InternetTrading/jquery/jquery-ui-1.10.3.js HTTP/1.1" 200 69642
27.155.98.238 - - [22/Jan/2026:09:40:27 +0800] "GET /InternetTrading/jquery/jquery.form-3.46.0.js HTTP/1.1" 200 5673
27.155.98.238 - - [22/Jan/2026:09:40:27 +0800] "GET /InternetTrading/jquery/jquery.validate-1.11.1.js HTTP/1.1" 200 7041
27.155.98.238 - - [22/Jan/2026:09:40:27 +0800] "GET /InternetTrading/jquery/additional-methods.js HTTP/1.1" 200 2238
27.155.98.238 - - [22/Jan/2026:09:40:27 +0800] "GET /InternetTrading/jquery/jquery.blockUI-2.66.0-iAsiaEdition.js HTTP/1.1" 200 6651
27.155.98.238 - - [22/Jan/2026:09:40:27 +0800] "GET /InternetTrading/jquery/jquery.getParams.js HTTP/1.1" 200 587
27.155.98.238 - - [22/Jan/2026:09:40:27 +0800] "GET /InternetTrading/jquery/jquery.timer-0.9.16.js HTTP/1.1" 200 542
27.155.98.238 - - [22/Jan/2026:09:40:27 +0800] "GET /InternetTrading/tc/user/translation.js?jsv=20200819161914 HTTP/1.1" 200 12818
27.155.98.238 - - [22/Jan/2026:09:40:27 +0800] "GET /InternetTrading/js/constants.js?jsv=20200819161914 HTTP/1.1" 200 400
27.155.98.238 - - [22/Jan/2026:09:40:27 +0800] "GET /InternetTrading/js/haitong.js?jsv=20200819161914 HTTP/1.1" 200 3881
27.155.98.238 - - [22/Jan/2026:09:40:28 +0800] "GET /InternetTrading/js/util.js?jsv=20200819161914 HTTP/1.1" 200 6636
27.155.98.238 - - [22/Jan/2026:09:40:28 +0800] "GET /InternetTrading/js/init.js?jsv=20200819161914 HTTP/1.1" 200 886
27.155.98.238 - - [22/Jan/2026:09:40:28 +0800] "GET /InternetTrading/tc/user/custom_variables.js?jsv=20200819161914 HTTP/1.1" 200 275
27.155.98.238 - - [22/Jan/2026:09:40:28 +0800] "GET /InternetTrading/js/2fa.js?jsv=20200819161914 HTTP/1.1" 200 1953
27.155.98.238 - - [22/Jan/2026:09:40:28 +0800] "GET /InternetTrading/js/login.js?jsv=20200819161914 HTTP/1.1" 200 1684
27.155.98.238 - - [22/Jan/2026:09:40:28 +0800] "GET /InternetTrading/settings/webpage_settings.js?jsv=20200819161914 HTTP/1.1" 200 33
27.155.98.238 - - [22/Jan/2026:09:40:28 +0800] "GET /InternetTrading/tc/images/logo.png HTTP/1.1" 200 7042
27.155.98.238 - - [22/Jan/2026:09:40:28 +0800] "GET /InternetTrading/js/login.js?jsv=20200819161914 HTTP/1.1" 200 1684
27.155.98.238 - - [22/Jan/2026:09:40:28 +0800] "GET /InternetTrading/jquery/wait.gif HTTP/1.1" 200 432
27.155.98.238 - - [22/Jan/2026:09:40:28 +0800] "GET /InternetTrading/tc/dialog.html?1769046311705 HTTP/1.1" 200 3188
27.155.98.238 - - [22/Jan/2026:09:40:28 +0800] "POST /InternetTrading/SystemMaintenanceCheck HTTP/1.1" 200 119
27.155.98.238 - - [22/Jan/2026:09:40:28 +0800] "POST /InternetTrading/Get2FAInfoService HTTP/1.1" 200 109
27.155.98.238 - - [22/Jan/2026:09:40:28 +0800] "POST /InternetTrading/SystemMaintenanceCheck HTTP/1.1" 200 119
14.0.173.64 - - [22/Jan/2026:09:40:28 +0800] "POST /InternetTrading/SessionErrorLogger HTTP/1.1" 200 117
14.0.173.64 - - [22/Jan/2026:09:40:28 +0800] "POST /InternetTrading/Heartbeat HTTP/1.1" 200 32
14.0.173.64 - - [22/Jan/2026:09:40:29 +0800] "POST /InternetTrading/SessionErrorLogger HTTP/1.1" 200 117
14.0.173.64 - - [22/Jan/2026:09:40:29 +0800] "POST /InternetTrading/MarketStatus HTTP/1.1" 200 772
14.0.173.64 - - [22/Jan/2026:09:40:29 +0800] "GET /InternetTrading/longpoll/A8127?X-Atmosphere-tracking-id=0&X-Atmosphere-Framework=2.2.3-javascript&X-Atmosphere-Transport=long-polling&X-Atmosphere-TrackMessageSize=true&Content-Type=charset%3Dutf-8&X-atmo-protocol=true&_=1769046314782 HTTP/1.1" 200 -
116.48.142.110 - - [22/Jan/2026:09:40:29 +0800] "GET /InternetTrading/longpoll/56231?X-Atmosphere-tracking-id=0&X-Atmosphere-Framework=2.2.3-javascript&X-Atmosphere-Transport=long-polling&X-Atmosphere-TrackMessageSize=true&Content-Type=charset%3Dutf-8&X-atmo-protocol=true&_=1769046312309 HTTP/1.1" 200 -
119.136.155.129 - - [22/Jan/2026:09:40:29 +0800] "GET /InternetTrading/longpoll/51803?X-Atmosphere-tracking-id=0&X-Atmosphere-Framework=2.2.3-javascript&X-Atmosphere-Transport=long-polling&X-Atmosphere-TrackMessageSize=true&Content-Type=charset%3Dutf-8&X-atmo-protocol=true&_=1769046324178 HTTP/1.1" 200 -
58.152.215.40 - - [22/Jan/2026:09:40:31 +0800] "GET /InternetTrading/longpoll/55136?X-Atmosphere-tracking-id=0&X-Atmosphere-Framework=2.2.3-javascript&X-Atmosphere-Transport=long-polling&X-Atmosphere-TrackMessageSize=true&Content-Type=charset%3Dutf-8&X-atmo-protocol=true&_=1769046316192 HTTP/1.1" 200 -
221.124.232.198 - - [22/Jan/2026:09:40:32 +0800] "GET /InternetTrading/longpoll/13519?X-Atmosphere-tracking-id=0&X-Atmosphere-Framework=2.2.3-javascript&X-Atmosphere-Transport=long-polling&X-Atmosphere-TrackMessageSize=true&Content-Type=charset%3Dutf-8&X-atmo-protocol=true&_=1769046317253 HTTP/1.1" 200 -
119.136.155.129 - - [22/Jan/2026:09:40:33 +0800] "POST /InternetTrading/SessionErrorLogger HTTP/1.1" 200 117
119.136.155.129 - - [22/Jan/2026:09:40:33 +0800] "POST /InternetTrading/Heartbeat HTTP/1.1" 200 32
119.136.155.129 - - [22/Jan/2026:09:40:33 +0800] "POST /InternetTrading/SessionErrorLogger HTTP/1.1" 200 117
119.136.155.129 - - [22/Jan/2026:09:40:33 +0800] "POST /InternetTrading/MarketStatus HTTP/1.1" 200 772
14.0.173.64 - - [22/Jan/2026:09:40:34 +0800] "GET /InternetTrading/longpoll/A8127?X-Atmosphere-tracking-id=0&X-Atmosphere-Framework=2.2.3-javascript&X-Atmosphere-Transport=long-polling&X-Atmosphere-TrackMessageSize=true&Content-Type=charset%3Dutf-8&X-atmo-protocol=true&_=1769046319948 HTTP/1.1" 200 -
119.136.155.129 - - [22/Jan/2026:09:40:34 +0800] "GET /InternetTrading/longpoll/51803?X-Atmosphere-tracking-id=0&X-Atmosphere-Framework=2.2.3-javascript&X-Atmosphere-Transport=long-polling&X-Atmosphere-TrackMessageSize=true&Content-Type=charset%3Dutf-8&X-atmo-protocol=true&_=1769046329211 HTTP/1.1" 200 -
116.48.142.110 - - [22/Jan/2026:09:40:35 +0800] "GET /InternetTrading/longpoll/56231?X-Atmosphere-tracking-id=0&X-Atmosphere-Framework=2.2.3-javascript&X-Atmosphere-Transport=long-polling&X-Atmosphere-TrackMessageSize=true&Content-Type=charset%3Dutf-8&X-atmo-protocol=true&_=1769046318321 HTTP/1.1" 200 -
58.152.215.40 - - [22/Jan/2026:09:40:36 +0800] "GET /InternetTrading/longpoll/55136?X-Atmosphere-tracking-id=0&X-Atmosphere-Framework=2.2.3-javascript&X-Atmosphere-Transport=long-polling&X-Atmosphere-TrackMessageSize=true&Content-Type=charset%3Dutf-8&X-atmo-protocol=true&_=1769046321230 HTTP/1.1" 200 -
221.124.232.198 - - [22/Jan/2026:09:40:38 +0800] "GET /InternetTrading/longpoll/13519?X-Atmosphere-tracking-id=0&X-Atmosphere-Framework=2.2.3-javascript&X-Atmosphere-Transport=long-polling&X-Atmosphere-TrackMessageSize=true&Content-Type=charset%3Dutf-8&X-atmo-protocol=true&_=1769046323247 HTTP/1.1" 200 -
14.0.173.64 - - [22/Jan/2026:09:40:39 +0800] "GET /InternetTrading/longpoll/A8127?X-Atmosphere-tracking-id=0&X-Atmosphere-Framework=2.2.3-javascript&X-Atmosphere-Transport=long-polling&X-Atmosphere-TrackMessageSize=true&Content-Type=charset%3Dutf-8&X-atmo-protocol=true&_=1769046325028 HTTP/1.1" 200 -
116.48.142.110 - - [22/Jan/2026:09:40:39 +0800] "POST /InternetTrading/SessionErrorLogger HTTP/1.1" 200 117
116.48.142.110 - - [22/Jan/2026:09:40:39 +0800] "POST /InternetTrading/Heartbeat HTTP/1.1" 200 32
119.136.155.129 - - [22/Jan/2026:09:40:39 +0800] "GET /InternetTrading/longpoll/51803?X-Atmosphere-tracking-id=0&X-Atmosphere-Framework=2.2.3-javascript&X-Atmosphere-Transport=long-polling&X-Atmosphere-TrackMessageSize=true&Content-Type=charset%3Dutf-8&X-atmo-protocol=true&_=1769046334234 HTTP/1.1" 200 -
116.48.142.110 - - [22/Jan/2026:09:40:41 +0800] "GET /InternetTrading/longpoll/56231?X-Atmosphere-tracking-id=0&X-Atmosphere-Framework=2.2.3-javascript&X-Atmosphere-Transport=long-polling&X-Atmosphere-TrackMessageSize=true&Content-Type=charset%3Dutf-8&X-atmo-protocol=true&_=1769046324313 HTTP/1.1" 200 -
58.152.215.40 - - [22/Jan/2026:09:40:41 +0800] "GET /InternetTrading/longpoll/55136?X-Atmosphere-tracking-id=0&X-Atmosphere-Framework=2.2.3-javascript&X-Atmosphere-Transport=long-polling&X-Atmosphere-TrackMessageSize=true&Content-Type=charset%3Dutf-8&X-atmo-protocol=true&_=1769046326270 HTTP/1.1" 200 -
58.152.215.40 - - [22/Jan/2026:09:40:44 +0800] "POST /InternetTrading/SessionErrorLogger HTTP/1.1" 200 117
58.152.215.40 - - [22/Jan/2026:09:40:44 +0800] "POST /InternetTrading/Heartbeat HTTP/1.1" 200 32
58.152.215.40 - - [22/Jan/2026:09:40:44 +0800] "POST /InternetTrading/SessionErrorLogger HTTP/1.1" 200 117
58.152.215.40 - - [22/Jan/2026:09:40:44 +0800] "POST /InternetTrading/MarketStatus HTTP/1.1" 200 772
119.136.155.129 - - [22/Jan/2026:09:40:44 +0800] "GET /InternetTrading/longpoll/51803?X-Atmosphere-tracking-id=0&X-Atmosphere-Framework=2.2.3-javascript&X-Atmosphere-Transport=long-polling&X-Atmosphere-TrackMessageSize=true&Content-Type=charset%3Dutf-8&X-atmo-protocol=true&_=1769046339268 HTTP/1.1" 200 -
221.124.232.198 - - [22/Jan/2026:09:40:44 +0800] "GET /InternetTrading/longpoll/13519?X-Atmosphere-tracking-id=0&X-Atmosphere-Framework=2.2.3-javascript&X-Atmosphere-Transport=long-polling&X-Atmosphere-TrackMessageSize=true&Content-Type=charset%3Dutf-8&X-atmo-protocol=true&_=1769046329244 HTTP/1.1" 200 -
14.0.173.64 - - [22/Jan/2026:09:40:45 +0800] "GET /InternetTrading/longpoll/A8127?X-Atmosphere-tracking-id=0&X-Atmosphere-Framework=2.2.3-javascript&X-Atmosphere-Transport=long-polling&X-Atmosphere-TrackMessageSize=true&Content-Type=charset%3Dutf-8&X-atmo-protocol=true&_=1769046330182 HTTP/1.1" 200 -
116.48.142.110 - - [22/Jan/2026:09:40:46 +0800] "POST /InternetTrading/SessionErrorLogger HTTP/1.1" 200 117
116.48.142.110 - - [22/Jan/2026:09:40:46 +0800] "POST /InternetTrading/MarketStatus HTTP/1.1" 200 772
58.152.215.40 - - [22/Jan/2026:09:40:46 +0800] "GET /InternetTrading/longpoll/55136?X-Atmosphere-tracking-id=0&X-Atmosphere-Framework=2.2.3-javascript&X-Atmosphere-Transport=long-polling&X-Atmosphere-TrackMessageSize=true&Content-Type=charset%3Dutf-8&X-atmo-protocol=true&_=1769046331299 HTTP/1.1" 200 -
116.48.142.110 - - [22/Jan/2026:09:40:47 +0800] "GET /InternetTrading/longpoll/56231?X-Atmosphere-tracking-id=0&X-Atmosphere-Framework=2.2.3-javascript&X-Atmosphere-Transport=long-polling&X-Atmosphere-TrackMessageSize=true&Content-Type=charset%3Dutf-8&X-atmo-protocol=true&_=1769046330314 HTTP/1.1" 200 -
119.136.155.129 - - [22/Jan/2026:09:40:49 +0800] "GET /InternetTrading/longpoll/51803?X-Atmosphere-tracking-id=0&X-Atmosphere-Framework=2.2.3-javascript&X-Atmosphere-Transport=long-polling&X-Atmosphere-TrackMessageSize=true&Content-Type=charset%3Dutf-8&X-atmo-protocol=true&_=1769046344298 HTTP/1.1" 200 -
14.0.173.64 - - [22/Jan/2026:09:40:50 +0800] "GET /InternetTrading/longpoll/A8127?X-Atmosphere-tracking-id=0&X-Atmosphere-Framework=2.2.3-javascript&X-Atmosphere-Transport=long-polling&X-Atmosphere-TrackMessageSize=true&Content-Type=charset%3Dutf-8&X-atmo-protocol=true&_=1769046335615 HTTP/1.1" 200 -
221.124.232.198 - - [22/Jan/2026:09:40:50 +0800] "GET /InternetTrading/longpoll/13519?X-Atmosphere-tracking-id=0&X-Atmosphere-Framework=2.2.3-javascript&X-Atmosphere-Transport=long-polling&X-Atmosphere-TrackMessageSize=true&Content-Type=charset%3Dutf-8&X-atmo-protocol=true&_=1769046335242 HTTP/1.1" 200 -
58.152.215.40 - - [22/Jan/2026:09:40:51 +0800] "GET /InternetTrading/longpoll/55136?X-Atmosphere-tracking-id=0&X-Atmosphere-Framework=2.2.3-javascript&X-Atmosphere-Transport=long-polling&X-Atmosphere-TrackMessageSize=true&Content-Type=charset%3Dutf-8&X-atmo-protocol=true&_=1769046336324 HTTP/1.1" 200 -
116.48.142.110 - - [22/Jan/2026:09:40:53 +0800] "GET /InternetTrading/longpoll/56231?X-Atmosphere-tracking-id=0&X-Atmosphere-Framework=2.2.3-javascript&X-Atmosphere-Transport=long-polling&X-Atmosphere-TrackMessageSize=true&Content-Type=charset%3Dutf-8&X-atmo-protocol=true&_=1769046336309 HTTP/1.1" 200 -
119.136.155.129 - - [22/Jan/2026:09:40:55 +0800] "GET /InternetTrading/longpoll/51803?X-Atmosphere-tracking-id=0&X-Atmosphere-Framework=2.2.3-javascript&X-Atmosphere-Transport=long-polling&X-Atmosphere-TrackMessageSize=true&Content-Type=charset%3Dutf-8&X-atmo-protocol=true&_=1769046349362 HTTP/1.1" 200 -
14.0.173.64 - - [22/Jan/2026:09:40:55 +0800] "GET /InternetTrading/longpoll/A8127?X-Atmosphere-tracking-id=0&X-Atmosphere-Framework=2.2.3-javascript&X-Atmosphere-Transport=long-polling&X-Atmosphere-TrackMessageSize=true&Content-Type=charset%3Dutf-8&X-atmo-protocol=true&_=1769046340865 HTTP/1.1" 200 -
58.152.215.40 - - [22/Jan/2026:09:40:56 +0800] "GET /InternetTrading/longpoll/55136?X-Atmosphere-tracking-id=0&X-Atmosphere-Framework=2.2.3-javascript&X-Atmosphere-Transport=long-polling&X-Atmosphere-TrackMessageSize=true&Content-Type=charset%3Dutf-8&X-atmo-protocol=true&_=1769046341348 HTTP/1.1" 200 -
221.124.232.198 - - [22/Jan/2026:09:40:56 +0800] "GET /InternetTrading/longpoll/13519?X-Atmosphere-tracking-id=0&X-Atmosphere-Framework=2.2.3-javascript&X-Atmosphere-Transport=long-polling&X-Atmosphere-TrackMessageSize=true&Content-Type=charset%3Dutf-8&X-atmo-protocol=true&_=1769046341245 HTTP/1.1" 200 -
27.155.98.238 - - [22/Jan/2026:09:40:58 +0800] "POST /InternetTrading/Heartbeat2FAService HTTP/1.1" 200 1
14.0.173.64 - - [22/Jan/2026:09:40:58 +0800] "POST /InternetTrading/SessionErrorLogger HTTP/1.1" 200 117
14.0.173.64 - - [22/Jan/2026:09:40:58 +0800] "POST /InternetTrading/Heartbeat HTTP/1.1" 200 32
14.0.173.64 - - [22/Jan/2026:09:40:59 +0800] "POST /InternetTrading/SessionErrorLogger HTTP/1.1" 200 117
14.0.173.64 - - [22/Jan/2026:09:40:59 +0800] "POST /InternetTrading/MarketStatus HTTP/1.1" 200 772
27.155.98.238 - - [22/Jan/2026:09:40:59 +0800] "GET /InternetTrading/jquery/wait.gif HTTP/1.1" 200 432
116.48.142.110 - - [22/Jan/2026:09:40:59 +0800] "GET /InternetTrading/longpoll/56231?X-Atmosphere-tracking-id=0&X-Atmosphere-Framework=2.2.3-javascript&X-Atmosphere-Transport=long-polling&X-Atmosphere-TrackMessageSize=true&Content-Type=charset%3Dutf-8&X-atmo-protocol=true&_=1769046342311 HTTP/1.1" 200 -
27.155.98.238 - - [22/Jan/2026:09:40:59 +0800] "POST /InternetTrading/Verify2FAService HTTP/1.1" 200 421
27.155.98.238 - - [22/Jan/2026:09:40:59 +0800] "GET /InternetTrading/tc/main.html?language=tc&version=HTML HTTP/1.1" 200 3578
221.124.232.198 - - [22/Jan/2026:09:40:59 +0800] "POST /InternetTrading/SessionErrorLogger HTTP/1.1" 200 117
221.124.232.198 - - [22/Jan/2026:09:40:59 +0800] "POST /InternetTrading/Heartbeat HTTP/1.1" 200 32
27.155.98.238 - - [22/Jan/2026:09:40:59 +0800] "GET /InternetTrading/jquery/ui.datepicker.css HTTP/1.1" 200 1145
27.155.98.238 - - [22/Jan/2026:09:40:59 +0800] "GET /InternetTrading/jquery/jquery.tablesorter-theme.blue.css HTTP/1.1" 200 2083
221.124.232.198 - - [22/Jan/2026:09:40:59 +0800] "POST /InternetTrading/SessionErrorLogger HTTP/1.1" 200 117
221.124.232.198 - - [22/Jan/2026:09:40:59 +0800] "POST /InternetTrading/MarketStatus HTTP/1.1" 200 772
27.155.98.238 - - [22/Jan/2026:09:41:00 +0800] "GET /InternetTrading/jquery/jquery-ui-1.10.3.css HTTP/1.1" 200 5283
27.155.98.238 - - [22/Jan/2026:09:41:00 +0800] "GET /InternetTrading/jquery/dragtable-2.0.9.css HTTP/1.1" 200 316
27.155.98.238 - - [22/Jan/2026:09:41:00 +0800] "GET /InternetTrading/tc/style_common.css?v=20200819161914 HTTP/1.1" 200 2540
27.155.98.238 - - [22/Jan/2026:09:41:00 +0800] "GET /InternetTrading/tc/style.css?v=20200819161914 HTTP/1.1" 200 1435
27.155.98.238 - - [22/Jan/2026:09:41:00 +0800] "GET /InternetTrading/tc/css/jquery.jscrollpane.css HTTP/1.1" 404 690
27.155.98.238 - - [22/Jan/2026:09:41:00 +0800] "GET /InternetTrading/jquery/jquery-1.6.3.min.js HTTP/1.1" 200 32057
27.155.98.238 - - [22/Jan/2026:09:41:00 +0800] "GET /InternetTrading/js/aastock.js HTTP/1.1" 200 553
27.155.98.238 - - [22/Jan/2026:09:41:00 +0800] "GET /InternetTrading/jquery/jquery-3.3.1.js HTTP/1.1" 200 80650
27.155.98.238 - - [22/Jan/2026:09:41:00 +0800] "GET /InternetTrading/jquery/jquery.ba-postmessage.js HTTP/1.1" 200 2990
27.155.98.238 - - [22/Jan/2026:09:41:00 +0800] "GET /InternetTrading/jquery/jquery-migrate-3.0.0.js HTTP/1.1" 200 4963
27.155.98.238 - - [22/Jan/2026:09:41:00 +0800] "GET /InternetTrading/jquery/jquery-ui-1.10.3.js HTTP/1.1" 200 69642
27.155.98.238 - - [22/Jan/2026:09:41:00 +0800] "GET /InternetTrading/js/cache.js?jsv=20200819161914 HTTP/1.1" 200 940
27.155.98.238 - - [22/Jan/2026:09:41:00 +0800] "GET /InternetTrading/jquery/jquery.form-3.46.0.js HTTP/1.1" 200 5673
27.155.98.238 - - [22/Jan/2026:09:41:00 +0800] "GET /InternetTrading/js/atmosphere.js HTTP/1.1" 200 13461
27.155.98.238 - - [22/Jan/2026:09:41:00 +0800] "GET /InternetTrading/jquery/jquery.blockUI-2.66.0.js HTTP/1.1" 200 6651
27.155.98.238 - - [22/Jan/2026:09:41:00 +0800] "GET /InternetTrading/jquery/additional-methods.js HTTP/1.1" 200 2238
27.155.98.238 - - [22/Jan/2026:09:41:00 +0800] "GET /InternetTrading/jquery/jquery.validate-1.11.1.js HTTP/1.1" 200 7041
27.155.98.238 - - [22/Jan/2026:09:41:00 +0800] "GET /InternetTrading/jquery/jquery.mousewheel-3.1.4.js HTTP/1.1" 200 822
27.155.98.238 - - [22/Jan/2026:09:41:00 +0800] "GET /InternetTrading/jquery/jquery.tablesorter-2.14.5.js HTTP/1.1" 200 8901
27.155.98.238 - - [22/Jan/2026:09:41:00 +0800] "GET /InternetTrading/jquery/jquery.tablesorter.widgets-2.14.5.js HTTP/1.1" 200 8611
27.155.98.238 - - [22/Jan/2026:09:41:00 +0800] "GET /InternetTrading/jquery/jquery.getParams.js HTTP/1.1" 200 587
27.155.98.238 - - [22/Jan/2026:09:41:00 +0800] "GET /InternetTrading/jquery/jquery.combobox.packed.js HTTP/1.1" 200 3387
27.155.98.238 - - [22/Jan/2026:09:41:00 +0800] "GET /InternetTrading/jquery/jquery.timer-0.9.16.js HTTP/1.1" 200 542
27.155.98.238 - - [22/Jan/2026:09:41:00 +0800] "GET /InternetTrading/jquery/jquery.selectboxes.pack.js HTTP/1.1" 200 1640
27.155.98.238 - - [22/Jan/2026:09:41:00 +0800] "GET /InternetTrading/jquery/date.js HTTP/1.1" 200 2807
27.155.98.238 - - [22/Jan/2026:09:41:00 +0800] "GET /InternetTrading/jquery/globalize-0.1.0a1.js HTTP/1.1" 200 6984
27.155.98.238 - - [22/Jan/2026:09:41:00 +0800] "GET /InternetTrading/json/json2.js?jsv=20200819161914 HTTP/1.1" 200 1372
27.155.98.238 - - [22/Jan/2026:09:41:00 +0800] "GET /InternetTrading/settings/crm_display_settings.js?jsv=20200819161914 HTTP/1.1" 200 1781
14.0.173.64 - - [22/Jan/2026:09:41:00 +0800] "GET /InternetTrading/longpoll/A8127?X-Atmosphere-tracking-id=0&X-Atmosphere-Framework=2.2.3-javascript&X-Atmosphere-Transport=long-polling&X-Atmosphere-TrackMessageSize=true&Content-Type=charset%3Dutf-8&X-atmo-protocol=true&_=1769046346020 HTTP/1.1" 200 -
27.155.98.238 - - [22/Jan/2026:09:41:00 +0800] "GET /InternetTrading/tc/user/translation.js?jsv=20200819161914 HTTP/1.1" 200 12818
27.155.98.238 - - [22/Jan/2026:09:41:00 +0800] "GET /InternetTrading/js/constants.js?jsv=20200819161914 HTTP/1.1" 200 400
27.155.98.238 - - [22/Jan/2026:09:41:00 +0800] "GET /InternetTrading/tc/user/custom_variables.js?jsv=20200819161914 HTTP/1.1" 200 275
27.155.98.238 - - [22/Jan/2026:09:41:00 +0800] "GET /InternetTrading/js/haitong.js?jsv=20200819161914 HTTP/1.1" 200 3881
27.155.98.238 - - [22/Jan/2026:09:41:00 +0800] "GET /InternetTrading/js/util.js?jsv=20200819161914 HTTP/1.1" 200 6636
27.155.98.238 - - [22/Jan/2026:09:41:00 +0800] "GET /InternetTrading/js/init.js?jsv=20200819161914 HTTP/1.1" 200 886
27.155.98.238 - - [22/Jan/2026:09:41:00 +0800] "GET /InternetTrading/js/rsautil.js?jsv=20200819161914 HTTP/1.1" 200 1017
27.155.98.238 - - [22/Jan/2026:09:41:00 +0800] "GET /InternetTrading/js/corporate.js?jsv=20200819161914 HTTP/1.1" 200 1575
27.155.98.238 - - [22/Jan/2026:09:41:00 +0800] "GET /InternetTrading/js/update_mdf.js?jsv=20200819161914 HTTP/1.1" 200 856
27.155.98.238 - - [22/Jan/2026:09:41:00 +0800] "GET /InternetTrading/js/main.js?jsv=20200819161914 HTTP/1.1" 200 30725
27.155.98.238 - - [22/Jan/2026:09:41:00 +0800] "GET /InternetTrading/js/validation_hkex.js?jsv=20200819161914 HTTP/1.1" 200 2300
27.155.98.238 - - [22/Jan/2026:09:41:00 +0800] "GET /InternetTrading/js/validation_ashare.js?jsv=20200819161914 HTTP/1.1" 200 2482
27.155.98.238 - - [22/Jan/2026:09:41:00 +0800] "GET /InternetTrading/js/validation_bshare.js?jsv=20200819161914 HTTP/1.1" 200 1567
27.155.98.238 - - [22/Jan/2026:09:41:00 +0800] "GET /InternetTrading/js/account.js?jsv=20200819161914 HTTP/1.1" 200 2656
27.155.98.238 - - [22/Jan/2026:09:41:00 +0800] "GET /InternetTrading/js/validation_global.js?jsv=20200819161914 HTTP/1.1" 200 1564
27.155.98.238 - - [22/Jan/2026:09:41:00 +0800] "GET /InternetTrading/js/cash_transfer.js?jsv=20200819161914 HTTP/1.1" 200 2712
27.155.98.238 - - [22/Jan/2026:09:41:00 +0800] "GET /InternetTrading/js/spread_cache.js?jsv=20200819161914 HTTP/1.1" 200 908
27.155.98.238 - - [22/Jan/2026:09:41:00 +0800] "GET /InternetTrading/js/ipo.js?jsv=20200819161914 HTTP/1.1" 200 5726
27.155.98.238 - - [22/Jan/2026:09:41:00 +0800] "GET /InternetTrading/js/mm.js?jsv=20200819161914 HTTP/1.1" 200 487
27.155.98.238 - - [22/Jan/2026:09:41:00 +0800] "GET /InternetTrading/js/isec_calculator.js?jsv=20200819161914 HTTP/1.1" 200 1364
27.155.98.238 - - [22/Jan/2026:09:41:00 +0800] "GET /InternetTrading/js/payment_instruction.js?jsv=20200819161914 HTTP/1.1" 200 2178
27.155.98.238 - - [22/Jan/2026:09:41:00 +0800] "GET /InternetTrading/js/payment_instruction_IMOS.js?jsv=20200819161914 HTTP/1.1" 200 6874
27.155.98.238 - - [22/Jan/2026:09:41:00 +0800] "GET /InternetTrading/js/eStatement.js?jsv=20200819161914 HTTP/1.1" 200 562
27.155.98.238 - - [22/Jan/2026:09:41:00 +0800] "GET /InternetTrading/js/string_extend.js?jsv=20200819161914 HTTP/1.1" 200 272
27.155.98.238 - - [22/Jan/2026:09:41:00 +0800] "GET /InternetTrading/ExchangeList?fmt=js&jsv=20200819161914 HTTP/1.1" 200 146
27.155.98.238 - - [22/Jan/2026:09:41:00 +0800] "GET /InternetTrading/js/pidcrypt.js?jsv=20200819161914 HTTP/1.1" 200 982
27.155.98.238 - - [22/Jan/2026:09:41:00 +0800] "GET /InternetTrading/js/pidcrypt_util.js?jsv=20200819161914 HTTP/1.1" 200 1206
27.155.98.238 - - [22/Jan/2026:09:41:00 +0800] "GET /InternetTrading/js/aes_cbc.js?jsv=20200819161914 HTTP/1.1" 200 2043
27.155.98.238 - - [22/Jan/2026:09:41:00 +0800] "GET /InternetTrading/js/aes_core.js?jsv=20200819161914 HTTP/1.1" 200 2106
27.155.98.238 - - [22/Jan/2026:09:41:00 +0800] "GET /InternetTrading/js/asn1.js?jsv=20200819161914 HTTP/1.1" 200 3099
27.155.98.238 - - [22/Jan/2026:09:41:00 +0800] "GET /InternetTrading/js/jsbn.js?jsv=20200819161914 HTTP/1.1" 200 6736
27.155.98.238 - - [22/Jan/2026:09:41:00 +0800] "GET /InternetTrading/js/md5.js?jsv=20200819161914 HTTP/1.1" 200 1730
27.155.98.238 - - [22/Jan/2026:09:41:00 +0800] "GET /InternetTrading/js/prng4.js?jsv=20200819161914 HTTP/1.1" 200 303
27.155.98.238 - - [22/Jan/2026:09:41:00 +0800] "GET /InternetTrading/js/sha256.js?jsv=20200819161914 HTTP/1.1" 200 1362
27.155.98.238 - - [22/Jan/2026:09:41:00 +0800] "GET /InternetTrading/js/rng.js?jsv=20200819161914 HTTP/1.1" 200 481
27.155.98.238 - - [22/Jan/2026:09:41:00 +0800] "GET /InternetTrading/js/rsa.js?jsv=20200819161914 HTTP/1.1" 200 1658
27.155.98.238 - - [22/Jan/2026:09:41:00 +0800] "GET /InternetTrading/js/mode-ecb.js?jsv=20200819161914 HTTP/1.1" 200 199
27.155.98.238 - - [22/Jan/2026:09:41:00 +0800] "GET /InternetTrading/js/utilSpec.js?jsv=20200819161914 HTTP/1.1" 200 27
27.155.98.238 - - [22/Jan/2026:09:41:00 +0800] "GET /InternetTrading/js/aes.js?jsv=20200819161914 HTTP/1.1" 200 4816
27.155.98.238 - - [22/Jan/2026:09:41:00 +0800] "GET /InternetTrading/js/pw_alert.js?jsv=20200819161914 HTTP/1.1" 200 418
27.155.98.238 - - [22/Jan/2026:09:41:00 +0800] "GET /InternetTrading/js/update_lastlogin.js?jsv=20200819161914 HTTP/1.1" 200 980
27.155.98.238 - - [22/Jan/2026:09:41:00 +0800] "GET /InternetTrading/js/jquery.jscrollpane.js HTTP/1.1" 404 685
27.155.98.238 - - [22/Jan/2026:09:41:00 +0800] "GET /InternetTrading/js/jquery.mousewheel.js HTTP/1.1" 404 684
27.155.98.238 - - [22/Jan/2026:09:41:00 +0800] "GET /InternetTrading/js/jquery.cookie.js HTTP/1.1" 200 834
27.155.98.238 - - [22/Jan/2026:09:41:00 +0800] "GET /InternetTrading/GoodTillDateValidExch?fmt=js&jsv=20200819161914 HTTP/1.1" 200 29
27.155.98.238 - - [22/Jan/2026:09:41:00 +0800] "GET /InternetTrading/js/decimal.js HTTP/1.1" 200 13492
27.155.98.238 - - [22/Jan/2026:09:41:00 +0800] "GET /InternetTrading/tc/images/logo.png HTTP/1.1" 200 7042
27.155.98.238 - - [22/Jan/2026:09:41:00 +0800] "GET /InternetTrading/tc/images/top_menu01.jpg HTTP/1.1" 200 3466
27.155.98.238 - - [22/Jan/2026:09:41:01 +0800] "GET /InternetTrading/tc/images/top_menu_logout.jpg HTTP/1.1" 200 1016
27.155.98.238 - - [22/Jan/2026:09:41:01 +0800] "GET /InternetTrading/images/top_bg3.jpg HTTP/1.1" 200 878
27.155.98.238 - - [22/Jan/2026:09:41:01 +0800] "GET /InternetTrading/images/top_bg1.jpg HTTP/1.1" 200 329
27.155.98.238 - - [22/Jan/2026:09:41:01 +0800] "GET /InternetTrading/images/top_bg2.jpg HTTP/1.1" 200 330
27.155.98.238 - - [22/Jan/2026:09:41:01 +0800] "GET /InternetTrading/tc/images/top_menu04.jpg HTTP/1.1" 200 3430
27.155.98.238 - - [22/Jan/2026:09:41:01 +0800] "GET /InternetTrading/tc/dialog.html?1769046344512 HTTP/1.1" 200 3188
27.155.98.238 - - [22/Jan/2026:09:41:01 +0800] "POST /InternetTrading/Heartbeat HTTP/1.1" 200 32
27.155.98.238 - - [22/Jan/2026:09:41:01 +0800] "POST /InternetTrading/PopUpConfig HTTP/1.1" 200 2
27.155.98.238 - - [22/Jan/2026:09:41:01 +0800] "POST /InternetTrading/CustomerInfoLite HTTP/1.1" 200 118
27.155.98.238 - - [22/Jan/2026:09:41:01 +0800] "GET /InternetTrading/jquery/wait.gif HTTP/1.1" 200 432
27.155.98.238 - - [22/Jan/2026:09:41:01 +0800] "GET /InternetTrading/tc/trade.html HTTP/1.1" 200 2113
27.155.98.238 - - [22/Jan/2026:09:41:01 +0800] "POST /InternetTrading/SpreadPriceCache HTTP/1.1" 200 1947
27.155.98.238 - - [22/Jan/2026:09:41:01 +0800] "POST /InternetTrading/SessionErrorLogger HTTP/1.1" 200 117
27.155.98.238 - - [22/Jan/2026:09:41:01 +0800] "GET /InternetTrading/tc/images/top_menu01_o.jpg HTTP/1.1" 200 3339
27.155.98.238 - - [22/Jan/2026:09:41:01 +0800] "POST /InternetTrading/GetLastLoginDate HTTP/1.1" 200 31
27.155.98.238 - - [22/Jan/2026:09:41:01 +0800] "POST /InternetTrading/SessionErrorLogger HTTP/1.1" 200 117
27.155.98.238 - - [22/Jan/2026:09:41:01 +0800] "GET /InternetTrading/tc/getpopupMsgName.jsp HTTP/1.1" 200 -
27.155.98.238 - - [22/Jan/2026:09:41:01 +0800] "GET /InternetTrading/tc/applet_dummy.html HTTP/1.1" 200 330
27.155.98.238 - - [22/Jan/2026:09:41:01 +0800] "POST /InternetTrading/SessionErrorLogger HTTP/1.1" 200 117
27.155.98.238 - - [22/Jan/2026:09:41:01 +0800] "POST /InternetTrading/SessionErrorLogger HTTP/1.1" 200 117
27.155.98.238 - - [22/Jan/2026:09:41:01 +0800] "GET /InternetTrading/tc/buy_ticket.html? HTTP/1.1" 200 1995
27.155.98.238 - - [22/Jan/2026:09:41:01 +0800] "POST /InternetTrading/MarketStatus HTTP/1.1" 200 772
27.155.98.238 - - [22/Jan/2026:09:41:01 +0800] "POST /InternetTrading/SessionErrorLogger HTTP/1.1" 200 117
27.155.98.238 - - [22/Jan/2026:09:41:01 +0800] "GET /InternetTrading/tc/multi_currency_balance.html HTTP/1.1" 200 295
27.155.98.238 - - [22/Jan/2026:09:41:01 +0800] "GET /InternetTrading/jquery/wait.gif HTTP/1.1" 200 432
27.155.98.238 - - [22/Jan/2026:09:41:01 +0800] "GET /InternetTrading/jquery/images/ui-icons_222222_256x240.png HTTP/1.1" 200 6922
27.155.98.238 - - [22/Jan/2026:09:41:01 +0800] "GET /InternetTrading/tc/images/refresh.gif HTTP/1.1" 200 1145
27.155.98.238 - - [22/Jan/2026:09:41:01 +0800] "GET /InternetTrading/jquery/images/ui-bg_flat_75_ffffff_40x100.png HTTP/1.1" 200 208
27.155.98.238 - - [22/Jan/2026:09:41:01 +0800] "GET /InternetTrading/tc/images/trade_point01.jpg HTTP/1.1" 200 358
27.155.98.238 - - [22/Jan/2026:09:41:01 +0800] "GET /InternetTrading/Home/PostToAA.jsp?hl=tc HTTP/1.1" 200 287
27.155.98.238 - - [22/Jan/2026:09:41:01 +0800] "POST /InternetTrading/SessionErrorLogger HTTP/1.1" 200 117
27.155.98.238 - - [22/Jan/2026:09:41:01 +0800] "POST /InternetTrading/MarketStatus HTTP/1.1" 200 772
27.155.98.238 - - [22/Jan/2026:09:41:01 +0800] "POST /InternetTrading/SessionErrorLogger HTTP/1.1" 200 117
27.155.98.238 - - [22/Jan/2026:09:41:01 +0800] "POST /InternetTrading/MarketStatus HTTP/1.1" 200 772
58.152.215.40 - - [22/Jan/2026:09:41:01 +0800] "GET /InternetTrading/longpoll/55136?X-Atmosphere-tracking-id=0&X-Atmosphere-Framework=2.2.3-javascript&X-Atmosphere-Transport=long-polling&X-Atmosphere-TrackMessageSize=true&Content-Type=charset%3Dutf-8&X-atmo-protocol=true&_=1769046346385 HTTP/1.1" 200 -
221.124.232.198 - - [22/Jan/2026:09:41:02 +0800] "GET /InternetTrading/longpoll/13519?X-Atmosphere-tracking-id=0&X-Atmosphere-Framework=2.2.3-javascript&X-Atmosphere-Transport=long-polling&X-Atmosphere-TrackMessageSize=true&Content-Type=charset%3Dutf-8&X-atmo-protocol=true&_=1769046347246 HTTP/1.1" 200 -
27.155.98.238 - - [22/Jan/2026:09:41:03 +0800] "POST /InternetTrading/SessionErrorLogger HTTP/1.1" 200 117
27.155.98.238 - - [22/Jan/2026:09:41:03 +0800] "POST /InternetTrading/SessionErrorLogger HTTP/1.1" 200 117
27.155.98.238 - - [22/Jan/2026:09:41:03 +0800] "POST /InternetTrading/CustomerInfo HTTP/1.1" 200 224
27.155.98.238 - - [22/Jan/2026:09:41:03 +0800] "GET /InternetTrading/tc/account_status.html HTTP/1.1" 200 426
27.155.98.238 - - [22/Jan/2026:09:41:04 +0800] "POST /InternetTrading/SessionErrorLogger HTTP/1.1" 200 117
27.155.98.238 - - [22/Jan/2026:09:41:04 +0800] "POST /InternetTrading/SessionErrorLogger HTTP/1.1" 200 117
27.155.98.238 - - [22/Jan/2026:09:41:04 +0800] "POST /InternetTrading/MarketStatus HTTP/1.1" 200 772
27.155.98.238 - - [22/Jan/2026:09:41:04 +0800] "GET /InternetTrading/jquery/wait.gif HTTP/1.1" 200 432
27.155.98.238 - - [22/Jan/2026:09:41:04 +0800] "POST /InternetTrading/SessionErrorLogger HTTP/1.1" 200 117
27.155.98.238 - - [22/Jan/2026:09:41:04 +0800] "POST /InternetTrading/SessionErrorLogger HTTP/1.1" 200 117
27.155.98.238 - - [22/Jan/2026:09:41:04 +0800] "POST /InternetTrading/LongPollingConfig HTTP/1.1" 200 4
27.155.98.238 - - [22/Jan/2026:09:41:04 +0800] "GET /InternetTrading/longpoll/55955?X-Atmosphere-tracking-id=0&X-Atmosphere-Framework=2.2.3-javascript&X-Atmosphere-Transport=long-polling&X-Atmosphere-TrackMessageSize=true&Content-Type=charset%3Dutf-8&X-atmo-protocol=true&_=1769046347757 HTTP/1.1" 200 -
27.155.98.238 - - [22/Jan/2026:09:41:04 +0800] "POST /InternetTrading/Portfolio HTTP/1.1" 200 1490
116.48.142.110 - - [22/Jan/2026:09:41:05 +0800] "GET /InternetTrading/longpoll/56231?X-Atmosphere-tracking-id=0&X-Atmosphere-Framework=2.2.3-javascript&X-Atmosphere-Transport=long-polling&X-Atmosphere-TrackMessageSize=true&Content-Type=charset%3Dutf-8&X-atmo-protocol=true&_=1769046348316 HTTP/1.1" 200 -
14.0.173.64 - - [22/Jan/2026:09:41:05 +0800] "GET /InternetTrading/longpoll/A8127?X-Atmosphere-tracking-id=0&X-Atmosphere-Framework=2.2.3-javascript&X-Atmosphere-Transport=long-polling&X-Atmosphere-TrackMessageSize=true&Content-Type=charset%3Dutf-8&X-atmo-protocol=true&_=1769046351059 HTTP/1.1" 200 -
58.152.215.40 - - [22/Jan/2026:09:41:06 +0800] "GET /InternetTrading/longpoll/55136?X-Atmosphere-tracking-id=0&X-Atmosphere-Framework=2.2.3-javascript&X-Atmosphere-Transport=long-polling&X-Atmosphere-TrackMessageSize=true&Content-Type=charset%3Dutf-8&X-atmo-protocol=true&_=1769046351420 HTTP/1.1" 200 -
119.136.155.129 - - [22/Jan/2026:09:41:08 +0800] "GET /InternetTrading/tc/login.html HTTP/1.1" 200 1755
119.136.155.129 - - [22/Jan/2026:09:41:08 +0800] "GET /InternetTrading/tc/style_common.css?v=20200819161914 HTTP/1.1" 200 2540
119.136.155.129 - - [22/Jan/2026:09:41:08 +0800] "GET /InternetTrading/tc/style.css?v=20200819161914 HTTP/1.1" 200 1435
119.136.155.129 - - [22/Jan/2026:09:41:08 +0800] "GET /InternetTrading/jquery/jquery-migrate-3.0.0.js HTTP/1.1" 200 4963
119.136.155.129 - - [22/Jan/2026:09:41:08 +0800] "GET /InternetTrading/jquery/jquery.form-3.46.0.js HTTP/1.1" 200 5673
119.136.155.129 - - [22/Jan/2026:09:41:08 +0800] "GET /InternetTrading/jquery/additional-methods.js HTTP/1.1" 200 2238
119.136.155.129 - - [22/Jan/2026:09:41:08 +0800] "GET /InternetTrading/jquery/jquery.validate-1.11.1.js HTTP/1.1" 200 7041
119.136.155.129 - - [22/Jan/2026:09:41:08 +0800] "GET /InternetTrading/jquery/jquery.blockUI-2.66.0.js HTTP/1.1" 200 6651
119.136.155.129 - - [22/Jan/2026:09:41:08 +0800] "GET /InternetTrading/jquery/jquery-3.3.1.js HTTP/1.1" 200 80650
119.136.155.129 - - [22/Jan/2026:09:41:08 +0800] "GET /InternetTrading/jquery/jquery.timer-0.9.16.js HTTP/1.1" 200 542
119.136.155.129 - - [22/Jan/2026:09:41:08 +0800] "GET /InternetTrading/jquery/jquery.getParams.js HTTP/1.1" 200 587
119.136.155.129 - - [22/Jan/2026:09:41:08 +0800] "GET /InternetTrading/js/constants.js?jsv=20200819161914 HTTP/1.1" 200 400
119.136.155.129 - - [22/Jan/2026:09:41:08 +0800] "GET /InternetTrading/tc/user/translation.js?jsv=20200819161914 HTTP/1.1" 200 12818
119.136.155.129 - - [22/Jan/2026:09:41:08 +0800] "GET /InternetTrading/jquery/jquery-ui-personalized-1.6rc2.min.js HTTP/1.1" 200 55543
119.136.155.129 - - [22/Jan/2026:09:41:08 +0800] "GET /InternetTrading/js/haitong.js?jsv=20200819161914 HTTP/1.1" 200 3881
119.136.155.129 - - [22/Jan/2026:09:41:08 +0800] "GET /InternetTrading/js/rsautil.js?jsv=20200819161914 HTTP/1.1" 200 1017
119.136.155.129 - - [22/Jan/2026:09:41:08 +0800] "GET /InternetTrading/js/util.js?jsv=20200819161914 HTTP/1.1" 200 6636
119.136.155.129 - - [22/Jan/2026:09:41:08 +0800] "GET /InternetTrading/js/init.js?jsv=20200819161914 HTTP/1.1" 200 886
119.136.155.129 - - [22/Jan/2026:09:41:08 +0800] "GET /InternetTrading/js/login.js?jsv=20200819161914 HTTP/1.1" 200 1684
119.136.155.129 - - [22/Jan/2026:09:41:08 +0800] "GET /InternetTrading/js/version.js?jsv=20200819161914 HTTP/1.1" 200 85
119.136.155.129 - - [22/Jan/2026:09:41:08 +0800] "GET /InternetTrading/tc/user/custom_variables.js?jsv=20200819161914 HTTP/1.1" 200 275
119.136.155.129 - - [22/Jan/2026:09:41:08 +0800] "GET /InternetTrading/js/string_extend.js?jsv=20200819161914 HTTP/1.1" 200 272
119.136.155.129 - - [22/Jan/2026:09:41:08 +0800] "GET /InternetTrading/js/pidcrypt.js?jsv=20200819161914 HTTP/1.1" 200 982
119.136.155.129 - - [22/Jan/2026:09:41:08 +0800] "GET /InternetTrading/js/pidcrypt_util.js?jsv=20200819161914 HTTP/1.1" 200 1206
119.136.155.129 - - [22/Jan/2026:09:41:08 +0800] "GET /InternetTrading/js/aes_cbc.js?jsv=20200819161914 HTTP/1.1" 200 2043
119.136.155.129 - - [22/Jan/2026:09:41:08 +0800] "GET /InternetTrading/js/aes_core.js?jsv=20200819161914 HTTP/1.1" 200 2106
119.136.155.129 - - [22/Jan/2026:09:41:08 +0800] "GET /InternetTrading/js/asn1.js?jsv=20200819161914 HTTP/1.1" 200 3099
119.136.155.129 - - [22/Jan/2026:09:41:08 +0800] "GET /InternetTrading/js/md5.js?jsv=20200819161914 HTTP/1.1" 200 1730
119.136.155.129 - - [22/Jan/2026:09:41:08 +0800] "GET /InternetTrading/js/sha256.js?jsv=20200819161914 HTTP/1.1" 200 1362
119.136.155.129 - - [22/Jan/2026:09:41:08 +0800] "GET /InternetTrading/js/jsbn.js?jsv=20200819161914 HTTP/1.1" 200 6736
119.136.155.129 - - [22/Jan/2026:09:41:08 +0800] "GET /InternetTrading/js/prng4.js?jsv=20200819161914 HTTP/1.1" 200 303
119.136.155.129 - - [22/Jan/2026:09:41:08 +0800] "GET /InternetTrading/js/rng.js?jsv=20200819161914 HTTP/1.1" 200 481
119.136.155.129 - - [22/Jan/2026:09:41:08 +0800] "GET /InternetTrading/js/rsa.js?jsv=20200819161914 HTTP/1.1" 200 1658
119.136.155.129 - - [22/Jan/2026:09:41:08 +0800] "GET /InternetTrading/tc/images/bg_login.jpg HTTP/1.1" 200 29296
119.136.155.129 - - [22/Jan/2026:09:41:08 +0800] "GET /InternetTrading/tc/dialog.html?1769046362891 HTTP/1.1" 200 3188
119.136.155.129 - - [22/Jan/2026:09:41:08 +0800] "POST /InternetTrading/SystemMaintenanceCheck HTTP/1.1" 200 119
119.136.155.129 - - [22/Jan/2026:09:41:08 +0800] "GET /InternetTrading/tc/images/favicon.ico HTTP/1.1" 404 682
221.124.232.198 - - [22/Jan/2026:09:41:08 +0800] "GET /InternetTrading/longpoll/13519?X-Atmosphere-tracking-id=0&X-Atmosphere-Framework=2.2.3-javascript&X-Atmosphere-Transport=long-polling&X-Atmosphere-TrackMessageSize=true&Content-Type=charset%3Dutf-8&X-atmo-protocol=true&_=1769046353239 HTTP/1.1" 200 -
27.155.98.238 - - [22/Jan/2026:09:41:09 +0800] "GET /InternetTrading/longpoll/55955?X-Atmosphere-tracking-id=0&X-Atmosphere-Framework=2.2.3-javascript&X-Atmosphere-Transport=long-polling&X-Atmosphere-TrackMessageSize=true&Content-Type=charset%3Dutf-8&X-atmo-protocol=true&_=1769046353319 HTTP/1.1" 200 -
116.48.142.110 - - [22/Jan/2026:09:41:10 +0800] "POST /InternetTrading/SessionErrorLogger HTTP/1.1" 200 117
116.48.142.110 - - [22/Jan/2026:09:41:10 +0800] "POST /InternetTrading/Heartbeat HTTP/1.1" 200 32
14.0.173.64 - - [22/Jan/2026:09:41:11 +0800] "GET /InternetTrading/longpoll/A8127?X-Atmosphere-tracking-id=0&X-Atmosphere-Framework=2.2.3-javascript&X-Atmosphere-Transport=long-polling&X-Atmosphere-TrackMessageSize=true&Content-Type=charset%3Dutf-8&X-atmo-protocol=true&_=1769046356443 HTTP/1.1" 200 -
116.48.142.110 - - [22/Jan/2026:09:41:11 +0800] "GET /InternetTrading/longpoll/56231?X-Atmosphere-tracking-id=0&X-Atmosphere-Framework=2.2.3-javascript&X-Atmosphere-Transport=long-polling&X-Atmosphere-TrackMessageSize=true&Content-Type=charset%3Dutf-8&X-atmo-protocol=true&_=1769046354313 HTTP/1.1" 200 -
58.152.215.40 - - [22/Jan/2026:09:41:12 +0800] "GET /InternetTrading/longpoll/55136?X-Atmosphere-tracking-id=0&X-Atmosphere-Framework=2.2.3-javascript&X-Atmosphere-Transport=long-polling&X-Atmosphere-TrackMessageSize=true&Content-Type=charset%3Dutf-8&X-atmo-protocol=true&_=1769046356437 HTTP/1.1" 200 -
58.152.215.40 - - [22/Jan/2026:09:41:14 +0800] "POST /InternetTrading/SessionErrorLogger HTTP/1.1" 200 117
58.152.215.40 - - [22/Jan/2026:09:41:14 +0800] "POST /InternetTrading/Heartbeat HTTP/1.1" 200 32
58.152.215.40 - - [22/Jan/2026:09:41:14 +0800] "POST /InternetTrading/SessionErrorLogger HTTP/1.1" 200 117
58.152.215.40 - - [22/Jan/2026:09:41:14 +0800] "POST /InternetTrading/MarketStatus HTTP/1.1" 200 772
221.124.232.198 - - [22/Jan/2026:09:41:14 +0800] "GET /InternetTrading/longpoll/13519?X-Atmosphere-tracking-id=0&X-Atmosphere-Framework=2.2.3-javascript&X-Atmosphere-Transport=long-polling&X-Atmosphere-TrackMessageSize=true&Content-Type=charset%3Dutf-8&X-atmo-protocol=true&_=1769046359233 HTTP/1.1" 200 -
119.136.155.129 - - [22/Jan/2026:09:41:15 +0800] "POST /InternetTrading/CheckIsEnableRSA HTTP/1.1" 200 1
119.136.155.129 - - [22/Jan/2026:09:41:15 +0800] "POST /InternetTrading/CheckPwEncryptType HTTP/1.1" 200 -
119.136.155.129 - - [22/Jan/2026:09:41:15 +0800] "POST /InternetTrading/LoginKey HTTP/1.1" 200 -
119.136.155.129 - - [22/Jan/2026:09:41:15 +0800] "GET /InternetTrading/jquery/wait.gif HTTP/1.1" 200 432
27.155.98.238 - - [22/Jan/2026:09:41:15 +0800] "GET /InternetTrading/longpoll/55955?X-Atmosphere-tracking-id=0&X-Atmosphere-Framework=2.2.3-javascript&X-Atmosphere-Transport=long-polling&X-Atmosphere-TrackMessageSize=true&Content-Type=charset%3Dutf-8&X-atmo-protocol=true&_=1769046359329 HTTP/1.1" 200 -
14.0.173.64 - - [22/Jan/2026:09:41:16 +0800] "GET /InternetTrading/longpoll/A8127?X-Atmosphere-tracking-id=0&X-Atmosphere-Framework=2.2.3-javascript&X-Atmosphere-Transport=long-polling&X-Atmosphere-TrackMessageSize=true&Content-Type=charset%3Dutf-8&X-atmo-protocol=true&_=1769046361630 HTTP/1.1" 200 -
116.48.142.110 - - [22/Jan/2026:09:41:16 +0800] "POST /InternetTrading/SessionErrorLogger HTTP/1.1" 200 117
116.48.142.110 - - [22/Jan/2026:09:41:16 +0800] "GET /InternetTrading/longpoll/56231?X-Atmosphere-tracking-id=0&X-Atmosphere-Framework=2.2.3-javascript&X-Atmosphere-Transport=long-polling&X-Atmosphere-TrackMessageSize=true&Content-Type=charset%3Dutf-8&X-atmo-protocol=true&_=1769046359334 HTTP/1.1" 200 -
116.48.142.110 - - [22/Jan/2026:09:41:16 +0800] "POST /InternetTrading/MarketStatus HTTP/1.1" 200 772
58.152.215.40 - - [22/Jan/2026:09:41:17 +0800] "GET /InternetTrading/longpoll/55136?X-Atmosphere-tracking-id=0&X-Atmosphere-Framework=2.2.3-javascript&X-Atmosphere-Transport=long-polling&X-Atmosphere-TrackMessageSize=true&Content-Type=charset%3Dutf-8&X-atmo-protocol=true&_=1769046361487 HTTP/1.1" 200 -
119.136.155.129 - - [22/Jan/2026:09:41:15 +0800] "POST /InternetTrading/Login HTTP/1.1" 200 452
119.136.155.129 - - [22/Jan/2026:09:41:17 +0800] "GET /InternetTrading/tc/2FA_authentication.html?language=tc&version=HTML HTTP/1.1" 200 1468
119.136.155.129 - - [22/Jan/2026:09:41:17 +0800] "GET /InternetTrading/tc/style_common.css?v=20200819161914 HTTP/1.1" 200 2540
119.136.155.129 - - [22/Jan/2026:09:41:17 +0800] "GET /InternetTrading/tc/style.css?v=20200819161914 HTTP/1.1" 200 1435
119.136.155.129 - - [22/Jan/2026:09:41:17 +0800] "GET /InternetTrading/jquery/jquery-migrate-3.0.0.js HTTP/1.1" 200 4963
119.136.155.129 - - [22/Jan/2026:09:41:17 +0800] "GET /InternetTrading/jquery/jquery.form-3.46.0.js HTTP/1.1" 200 5673
119.136.155.129 - - [22/Jan/2026:09:41:17 +0800] "GET /InternetTrading/jquery/jquery-ui-1.10.3.js HTTP/1.1" 200 69642
119.136.155.129 - - [22/Jan/2026:09:41:17 +0800] "GET /InternetTrading/jquery/jquery-3.3.1.js HTTP/1.1" 200 80650
119.136.155.129 - - [22/Jan/2026:09:41:17 +0800] "GET /InternetTrading/jquery/jquery.timer-0.9.16.js HTTP/1.1" 200 542
119.136.155.129 - - [22/Jan/2026:09:41:17 +0800] "GET /InternetTrading/jquery/additional-methods.js HTTP/1.1" 200 2238
119.136.155.129 - - [22/Jan/2026:09:41:17 +0800] "GET /InternetTrading/jquery/jquery.validate-1.11.1.js HTTP/1.1" 200 7041
119.136.155.129 - - [22/Jan/2026:09:41:17 +0800] "GET /InternetTrading/jquery/jquery.blockUI-2.66.0-iAsiaEdition.js HTTP/1.1" 200 6651
119.136.155.129 - - [22/Jan/2026:09:41:17 +0800] "GET /InternetTrading/jquery/jquery.getParams.js HTTP/1.1" 200 587
119.136.155.129 - - [22/Jan/2026:09:41:17 +0800] "GET /InternetTrading/tc/user/translation.js?jsv=20200819161914 HTTP/1.1" 200 12818
119.136.155.129 - - [22/Jan/2026:09:41:17 +0800] "GET /InternetTrading/js/constants.js?jsv=20200819161914 HTTP/1.1" 200 400
119.136.155.129 - - [22/Jan/2026:09:41:17 +0800] "GET /InternetTrading/js/haitong.js?jsv=20200819161914 HTTP/1.1" 200 3881
119.136.155.129 - - [22/Jan/2026:09:41:17 +0800] "GET /InternetTrading/js/util.js?jsv=20200819161914 HTTP/1.1" 200 6636
119.136.155.129 - - [22/Jan/2026:09:41:17 +0800] "GET /InternetTrading/js/init.js?jsv=20200819161914 HTTP/1.1" 200 886
119.136.155.129 - - [22/Jan/2026:09:41:17 +0800] "GET /InternetTrading/tc/user/custom_variables.js?jsv=20200819161914 HTTP/1.1" 200 275
119.136.155.129 - - [22/Jan/2026:09:41:17 +0800] "GET /InternetTrading/js/login.js?jsv=20200819161914 HTTP/1.1" 200 1684
119.136.155.129 - - [22/Jan/2026:09:41:17 +0800] "GET /InternetTrading/js/2fa.js?jsv=20200819161914 HTTP/1.1" 200 1953
119.136.155.129 - - [22/Jan/2026:09:41:17 +0800] "GET /InternetTrading/settings/webpage_settings.js?jsv=20200819161914 HTTP/1.1" 200 33
119.136.155.129 - - [22/Jan/2026:09:41:17 +0800] "GET /InternetTrading/tc/images/logo.png HTTP/1.1" 200 7042
119.136.155.129 - - [22/Jan/2026:09:41:17 +0800] "GET /InternetTrading/js/login.js?jsv=20200819161914 HTTP/1.1" 200 1684
119.136.155.129 - - [22/Jan/2026:09:41:17 +0800] "GET /InternetTrading/tc/dialog.html?1769046371961 HTTP/1.1" 200 3188
119.136.155.129 - - [22/Jan/2026:09:41:17 +0800] "GET /InternetTrading/jquery/wait.gif HTTP/1.1" 200 432
119.136.155.129 - - [22/Jan/2026:09:41:17 +0800] "POST /InternetTrading/SystemMaintenanceCheck HTTP/1.1" 200 119
119.136.155.129 - - [22/Jan/2026:09:41:17 +0800] "POST /InternetTrading/Get2FAInfoService HTTP/1.1" 200 109
119.136.155.129 - - [22/Jan/2026:09:41:17 +0800] "POST /InternetTrading/SystemMaintenanceCheck HTTP/1.1" 200 119
119.136.155.129 - - [22/Jan/2026:09:41:17 +0800] "GET /favicon.ico HTTP/1.1" 404 196
221.124.232.198 - - [22/Jan/2026:09:41:20 +0800] "GET /InternetTrading/longpoll/13519?X-Atmosphere-tracking-id=0&X-Atmosphere-Framework=2.2.3-javascript&X-Atmosphere-Transport=long-polling&X-Atmosphere-TrackMessageSize=true&Content-Type=charset%3Dutf-8&X-atmo-protocol=true&_=1769046365228 HTTP/1.1" 200 -
14.0.173.64 - - [22/Jan/2026:09:41:21 +0800] "GET /InternetTrading/longpoll/A8127?X-Atmosphere-tracking-id=0&X-Atmosphere-Framework=2.2.3-javascript&X-Atmosphere-Transport=long-polling&X-Atmosphere-TrackMessageSize=true&Content-Type=charset%3Dutf-8&X-atmo-protocol=true&_=1769046366802 HTTP/1.1" 200 -
27.155.98.238 - - [22/Jan/2026:09:41:21 +0800] "GET /InternetTrading/longpoll/55955?X-Atmosphere-tracking-id=0&X-Atmosphere-Framework=2.2.3-javascript&X-Atmosphere-Transport=long-polling&X-Atmosphere-TrackMessageSize=true&Content-Type=charset%3Dutf-8&X-atmo-protocol=true&_=1769046365320 HTTP/1.1" 200 -
58.152.215.40 - - [22/Jan/2026:09:41:22 +0800] "GET /InternetTrading/longpoll/55136?X-Atmosphere-tracking-id=0&X-Atmosphere-Framework=2.2.3-javascript&X-Atmosphere-Transport=long-polling&X-Atmosphere-TrackMessageSize=true&Content-Type=charset%3Dutf-8&X-atmo-protocol=true&_=1769046366505 HTTP/1.1" 200 -
116.48.142.110 - - [22/Jan/2026:09:41:24 +0800] "GET /InternetTrading/longpoll/56231?X-Atmosphere-tracking-id=0&X-Atmosphere-Framework=2.2.3-javascript&X-Atmosphere-Transport=long-polling&X-Atmosphere-TrackMessageSize=true&Content-Type=charset%3Dutf-8&X-atmo-protocol=true&_=1769046367150 HTTP/1.1" 200 -
14.0.173.64 - - [22/Jan/2026:09:41:26 +0800] "GET /InternetTrading/longpoll/A8127?X-Atmosphere-tracking-id=0&X-Atmosphere-Framework=2.2.3-javascript&X-Atmosphere-Transport=long-polling&X-Atmosphere-TrackMessageSize=true&Content-Type=charset%3Dutf-8&X-atmo-protocol=true&_=1769046371933 HTTP/1.1" 200 -
221.124.232.198 - - [22/Jan/2026:09:41:27 +0800] "GET /InternetTrading/longpoll/13519?X-Atmosphere-tracking-id=0&X-Atmosphere-Framework=2.2.3-javascript&X-Atmosphere-Transport=long-polling&X-Atmosphere-TrackMessageSize=true&Content-Type=charset%3Dutf-8&X-atmo-protocol=true&_=1769046371238 HTTP/1.1" 200 -
58.152.215.40 - - [22/Jan/2026:09:41:27 +0800] "GET /InternetTrading/longpoll/55136?X-Atmosphere-tracking-id=0&X-Atmosphere-Framework=2.2.3-javascript&X-Atmosphere-Transport=long-polling&X-Atmosphere-TrackMessageSize=true&Content-Type=charset%3Dutf-8&X-atmo-protocol=true&_=1769046371553 HTTP/1.1" 200 -
27.155.98.238 - - [22/Jan/2026:09:41:27 +0800] "GET /InternetTrading/longpoll/55955?X-Atmosphere-tracking-id=0&X-Atmosphere-Framework=2.2.3-javascript&X-Atmosphere-Transport=long-polling&X-Atmosphere-TrackMessageSize=true&Content-Type=charset%3Dutf-8&X-atmo-protocol=true&_=1769046371321 HTTP/1.1" 200 -
14.0.173.64 - - [22/Jan/2026:09:41:29 +0800] "POST /InternetTrading/SessionErrorLogger HTTP/1.1" 200 117
14.0.173.64 - - [22/Jan/2026:09:41:29 +0800] "POST /InternetTrading/Heartbeat HTTP/1.1" 200 32
14.0.173.64 - - [22/Jan/2026:09:41:29 +0800] "POST /InternetTrading/SessionErrorLogger HTTP/1.1" 200 117
14.0.173.64 - - [22/Jan/2026:09:41:29 +0800] "POST /InternetTrading/MarketStatus HTTP/1.1" 200 772
119.136.155.129 - - [22/Jan/2026:09:41:30 +0800] "GET /InternetTrading/jquery/wait.gif HTTP/1.1" 200 432
119.136.155.129 - - [22/Jan/2026:09:41:30 +0800] "POST /InternetTrading/Verify2FAService HTTP/1.1" 200 418
119.136.155.129 - - [22/Jan/2026:09:41:31 +0800] "GET /InternetTrading/tc/main.html?language=tc&version=HTML HTTP/1.1" 200 3578
119.136.155.129 - - [22/Jan/2026:09:41:31 +0800] "GET /InternetTrading/jquery/ui.datepicker.css HTTP/1.1" 200 1145
119.136.155.129 - - [22/Jan/2026:09:41:31 +0800] "GET /InternetTrading/jquery/jquery.tablesorter-theme.blue.css HTTP/1.1" 200 2083
119.136.155.129 - - [22/Jan/2026:09:41:31 +0800] "GET /InternetTrading/jquery/jquery-ui-1.10.3.css HTTP/1.1" 200 5283
119.136.155.129 - - [22/Jan/2026:09:41:31 +0800] "GET /InternetTrading/jquery/dragtable-2.0.9.css HTTP/1.1" 200 316
119.136.155.129 - - [22/Jan/2026:09:41:31 +0800] "GET /InternetTrading/tc/style_common.css?v=20200819161914 HTTP/1.1" 200 2540
119.136.155.129 - - [22/Jan/2026:09:41:31 +0800] "GET /InternetTrading/tc/css/jquery.jscrollpane.css HTTP/1.1" 404 690
119.136.155.129 - - [22/Jan/2026:09:41:31 +0800] "GET /InternetTrading/tc/style.css?v=20200819161914 HTTP/1.1" 200 1435
119.136.155.129 - - [22/Jan/2026:09:41:31 +0800] "GET /InternetTrading/js/aastock.js HTTP/1.1" 200 553
119.136.155.129 - - [22/Jan/2026:09:41:31 +0800] "GET /InternetTrading/jquery/jquery.ba-postmessage.js HTTP/1.1" 200 2990
119.136.155.129 - - [22/Jan/2026:09:41:31 +0800] "GET /InternetTrading/jquery/jquery-1.6.3.min.js HTTP/1.1" 200 32057
119.136.155.129 - - [22/Jan/2026:09:41:31 +0800] "GET /InternetTrading/jquery/jquery-migrate-3.0.0.js HTTP/1.1" 200 4963
119.136.155.129 - - [22/Jan/2026:09:41:31 +0800] "GET /InternetTrading/jquery/jquery-3.3.1.js HTTP/1.1" 200 80650
119.136.155.129 - - [22/Jan/2026:09:41:31 +0800] "GET /InternetTrading/jquery/jquery-ui-1.10.3.js HTTP/1.1" 200 69642
119.136.155.129 - - [22/Jan/2026:09:41:31 +0800] "GET /InternetTrading/js/atmosphere.js HTTP/1.1" 200 13461
119.136.155.129 - - [22/Jan/2026:09:41:31 +0800] "GET /InternetTrading/js/cache.js?jsv=20200819161914 HTTP/1.1" 200 940
119.136.155.129 - - [22/Jan/2026:09:41:31 +0800] "GET /InternetTrading/jquery/jquery.form-3.46.0.js HTTP/1.1" 200 5673
119.136.155.129 - - [22/Jan/2026:09:41:31 +0800] "GET /InternetTrading/jquery/jquery.blockUI-2.66.0.js HTTP/1.1" 200 6651
119.136.155.129 - - [22/Jan/2026:09:41:31 +0800] "GET /InternetTrading/jquery/jquery.validate-1.11.1.js HTTP/1.1" 200 7041
119.136.155.129 - - [22/Jan/2026:09:41:31 +0800] "GET /InternetTrading/jquery/additional-methods.js HTTP/1.1" 200 2238
119.136.155.129 - - [22/Jan/2026:09:41:31 +0800] "GET /InternetTrading/jquery/jquery.mousewheel-3.1.4.js HTTP/1.1" 200 822
119.136.155.129 - - [22/Jan/2026:09:41:31 +0800] "GET /InternetTrading/jquery/jquery.tablesorter-2.14.5.js HTTP/1.1" 200 8901
119.136.155.129 - - [22/Jan/2026:09:41:31 +0800] "GET /InternetTrading/jquery/jquery.tablesorter.widgets-2.14.5.js HTTP/1.1" 200 8611
119.136.155.129 - - [22/Jan/2026:09:41:31 +0800] "GET /InternetTrading/jquery/jquery.combobox.packed.js HTTP/1.1" 200 3387
119.136.155.129 - - [22/Jan/2026:09:41:31 +0800] "GET /InternetTrading/jquery/jquery.timer-0.9.16.js HTTP/1.1" 200 542
119.136.155.129 - - [22/Jan/2026:09:41:31 +0800] "GET /InternetTrading/jquery/jquery.getParams.js HTTP/1.1" 200 587
119.136.155.129 - - [22/Jan/2026:09:41:31 +0800] "GET /InternetTrading/jquery/jquery.selectboxes.pack.js HTTP/1.1" 200 1640
119.136.155.129 - - [22/Jan/2026:09:41:31 +0800] "GET /InternetTrading/jquery/date.js HTTP/1.1" 200 2807
