119.136.155.129 - - [22/Jan/2026:09:37:38 +0800] "GET /InternetTrading/longpoll/51803?X-Atmosphere-tracking-id=0&X-Atmosphere-Framework=2.2.3-javascript&X-Atmosphere-Transport=long-polling&X-Atmosphere-TrackMessageSize=true&Content-Type=charset%3Dutf-8&X-atmo-protocol=true&_=1769046153187 HTTP/1.1" 200 -
14.0.173.64 - - [22/Jan/2026:09:37:39 +0800] "GET /InternetTrading/longpoll/A8127?X-Atmosphere-tracking-id=0&X-Atmosphere-Framework=2.2.3-javascript&X-Atmosphere-Transport=long-polling&X-Atmosphere-TrackMessageSize=true&Content-Type=charset%3Dutf-8&X-atmo-protocol=true&_=1769046144816 HTTP/1.1" 200 -
116.48.142.110 - - [22/Jan/2026:09:37:39 +0800] "GET /InternetTrading/tc/login.html HTTP/1.1" 200 1755
116.48.142.110 - - [22/Jan/2026:09:37:40 +0800] "GET /InternetTrading/tc/style_common.css?v=20200819161914 HTTP/1.1" 200 2540
116.48.142.110 - - [22/Jan/2026:09:37:40 +0800] "GET /InternetTrading/tc/style.css?v=20200819161914 HTTP/1.1" 200 1435
116.48.142.110 - - [22/Jan/2026:09:37:40 +0800] "GET /InternetTrading/jquery/jquery.form-3.46.0.js HTTP/1.1" 200 5673
116.48.142.110 - - [22/Jan/2026:09:37:40 +0800] "GET /InternetTrading/jquery/jquery.validate-1.11.1.js HTTP/1.1" 200 7041
116.48.142.110 - - [22/Jan/2026:09:37:40 +0800] "GET /InternetTrading/jquery/jquery.blockUI-2.66.0.js HTTP/1.1" 200 6651
116.48.142.110 - - [22/Jan/2026:09:37:40 +0800] "GET /InternetTrading/jquery/jquery-ui-personalized-1.6rc2.min.js HTTP/1.1" 200 55543
116.48.142.110 - - [22/Jan/2026:09:37:40 +0800] "GET /InternetTrading/jquery/jquery-migrate-3.0.0.js HTTP/1.1" 200 4963
116.48.142.110 - - [22/Jan/2026:09:37:40 +0800] "GET /InternetTrading/jquery/jquery.timer-0.9.16.js HTTP/1.1" 200 542
116.48.142.110 - - [22/Jan/2026:09:37:40 +0800] "GET /InternetTrading/jquery/additional-methods.js HTTP/1.1" 200 2238
116.48.142.110 - - [22/Jan/2026:09:37:40 +0800] "GET /InternetTrading/jquery/jquery.getParams.js HTTP/1.1" 200 587
116.48.142.110 - - [22/Jan/2026:09:37:40 +0800] "GET /InternetTrading/jquery/jquery-3.3.1.js HTTP/1.1" 200 80650
116.48.142.110 - - [22/Jan/2026:09:37:40 +0800] "GET /InternetTrading/js/constants.js?jsv=20200819161914 HTTP/1.1" 200 400
116.48.142.110 - - [22/Jan/2026:09:37:40 +0800] "GET /InternetTrading/tc/user/translation.js?jsv=20200819161914 HTTP/1.1" 200 12818
116.48.142.110 - - [22/Jan/2026:09:37:40 +0800] "GET /InternetTrading/js/haitong.js?jsv=20200819161914 HTTP/1.1" 200 3881
116.48.142.110 - - [22/Jan/2026:09:37:40 +0800] "GET /InternetTrading/js/util.js?jsv=20200819161914 HTTP/1.1" 200 6636
116.48.142.110 - - [22/Jan/2026:09:37:40 +0800] "GET /InternetTrading/js/rsautil.js?jsv=20200819161914 HTTP/1.1" 200 1017
116.48.142.110 - - [22/Jan/2026:09:37:40 +0800] "GET /InternetTrading/js/init.js?jsv=20200819161914 HTTP/1.1" 200 886
116.48.142.110 - - [22/Jan/2026:09:37:40 +0800] "GET /InternetTrading/js/login.js?jsv=20200819161914 HTTP/1.1" 200 1684
116.48.142.110 - - [22/Jan/2026:09:37:40 +0800] "GET /InternetTrading/js/version.js?jsv=20200819161914 HTTP/1.1" 200 85
116.48.142.110 - - [22/Jan/2026:09:37:40 +0800] "GET /InternetTrading/tc/user/custom_variables.js?jsv=20200819161914 HTTP/1.1" 200 275
116.48.142.110 - - [22/Jan/2026:09:37:40 +0800] "GET /InternetTrading/js/string_extend.js?jsv=20200819161914 HTTP/1.1" 200 272
116.48.142.110 - - [22/Jan/2026:09:37:40 +0800] "GET /InternetTrading/js/pidcrypt.js?jsv=20200819161914 HTTP/1.1" 200 982
116.48.142.110 - - [22/Jan/2026:09:37:40 +0800] "GET /InternetTrading/js/pidcrypt_util.js?jsv=20200819161914 HTTP/1.1" 200 1206
116.48.142.110 - - [22/Jan/2026:09:37:40 +0800] "GET /InternetTrading/js/aes_cbc.js?jsv=20200819161914 HTTP/1.1" 200 2043
116.48.142.110 - - [22/Jan/2026:09:37:40 +0800] "GET /InternetTrading/js/aes_core.js?jsv=20200819161914 HTTP/1.1" 200 2106
116.48.142.110 - - [22/Jan/2026:09:37:40 +0800] "GET /InternetTrading/js/asn1.js?jsv=20200819161914 HTTP/1.1" 200 3099
116.48.142.110 - - [22/Jan/2026:09:37:40 +0800] "GET /InternetTrading/js/sha256.js?jsv=20200819161914 HTTP/1.1" 200 1362
116.48.142.110 - - [22/Jan/2026:09:37:40 +0800] "GET /InternetTrading/js/md5.js?jsv=20200819161914 HTTP/1.1" 200 1730
116.48.142.110 - - [22/Jan/2026:09:37:40 +0800] "GET /InternetTrading/js/jsbn.js?jsv=20200819161914 HTTP/1.1" 200 6736
116.48.142.110 - - [22/Jan/2026:09:37:40 +0800] "GET /InternetTrading/js/prng4.js?jsv=20200819161914 HTTP/1.1" 200 303
116.48.142.110 - - [22/Jan/2026:09:37:40 +0800] "GET /InternetTrading/js/rng.js?jsv=20200819161914 HTTP/1.1" 200 481
116.48.142.110 - - [22/Jan/2026:09:37:40 +0800] "GET /InternetTrading/js/rsa.js?jsv=20200819161914 HTTP/1.1" 200 1658
116.48.142.110 - - [22/Jan/2026:09:37:40 +0800] "GET /InternetTrading/tc/images/bg_login.jpg HTTP/1.1" 200 29296
116.48.142.110 - - [22/Jan/2026:09:37:40 +0800] "GET /InternetTrading/tc/dialog.html?1769046143001 HTTP/1.1" 200 3188
116.48.142.110 - - [22/Jan/2026:09:37:40 +0800] "GET /InternetTrading/tc/images/favicon.ico HTTP/1.1" 404 682
58.152.215.40 - - [22/Jan/2026:09:37:40 +0800] "GET /InternetTrading/longpoll/55136?X-Atmosphere-tracking-id=0&X-Atmosphere-Framework=2.2.3-javascript&X-Atmosphere-Transport=long-polling&X-Atmosphere-TrackMessageSize=true&Content-Type=charset%3Dutf-8&X-atmo-protocol=true&_=1769046144958 HTTP/1.1" 200 -
116.48.142.110 - - [22/Jan/2026:09:37:40 +0800] "POST /InternetTrading/SystemMaintenanceCheck HTTP/1.1" 200 119
221.124.232.198 - - [22/Jan/2026:09:37:41 +0800] "GET /InternetTrading/longpoll/13519?X-Atmosphere-tracking-id=0&X-Atmosphere-Framework=2.2.3-javascript&X-Atmosphere-Transport=long-polling&X-Atmosphere-TrackMessageSize=true&Content-Type=charset%3Dutf-8&X-atmo-protocol=true&_=1769046146306 HTTP/1.1" 200 -
119.136.155.129 - - [22/Jan/2026:09:37:43 +0800] "GET /InternetTrading/longpoll/51803?X-Atmosphere-tracking-id=0&X-Atmosphere-Framework=2.2.3-javascript&X-Atmosphere-Transport=long-polling&X-Atmosphere-TrackMessageSize=true&Content-Type=charset%3Dutf-8&X-atmo-protocol=true&_=1769046158251 HTTP/1.1" 200 -
58.152.215.40 - - [22/Jan/2026:09:37:44 +0800] "POST /InternetTrading/SessionErrorLogger HTTP/1.1" 200 117
58.152.215.40 - - [22/Jan/2026:09:37:44 +0800] "POST /InternetTrading/Heartbeat HTTP/1.1" 200 32
14.0.173.64 - - [22/Jan/2026:09:37:44 +0800] "GET /InternetTrading/longpoll/A8127?X-Atmosphere-tracking-id=0&X-Atmosphere-Framework=2.2.3-javascript&X-Atmosphere-Transport=long-polling&X-Atmosphere-TrackMessageSize=true&Content-Type=charset%3Dutf-8&X-atmo-protocol=true&_=1769046149950 HTTP/1.1" 200 -
58.152.215.40 - - [22/Jan/2026:09:37:44 +0800] "POST /InternetTrading/SessionErrorLogger HTTP/1.1" 200 117
58.152.215.40 - - [22/Jan/2026:09:37:44 +0800] "POST /InternetTrading/MarketStatus HTTP/1.1" 200 772
58.152.215.40 - - [22/Jan/2026:09:37:45 +0800] "GET /InternetTrading/longpoll/55136?X-Atmosphere-tracking-id=0&X-Atmosphere-Framework=2.2.3-javascript&X-Atmosphere-Transport=long-polling&X-Atmosphere-TrackMessageSize=true&Content-Type=charset%3Dutf-8&X-atmo-protocol=true&_=1769046149995 HTTP/1.1" 200 -
203.210.6.132 - - [22/Jan/2026:09:37:47 +0800] "GET /InternetTrading/tc/login.html HTTP/1.1" 200 1755
221.124.232.198 - - [22/Jan/2026:09:37:47 +0800] "GET /InternetTrading/longpoll/13519?X-Atmosphere-tracking-id=0&X-Atmosphere-Framework=2.2.3-javascript&X-Atmosphere-Transport=long-polling&X-Atmosphere-TrackMessageSize=true&Content-Type=charset%3Dutf-8&X-atmo-protocol=true&_=1769046152302 HTTP/1.1" 200 -
203.210.6.132 - - [22/Jan/2026:09:37:48 +0800] "GET /InternetTrading/tc/style.css?v=20200819161914 HTTP/1.1" 200 1435
203.210.6.132 - - [22/Jan/2026:09:37:48 +0800] "GET /InternetTrading/tc/style_common.css?v=20200819161914 HTTP/1.1" 200 2540
203.210.6.132 - - [22/Jan/2026:09:37:48 +0800] "GET /InternetTrading/jquery/jquery-migrate-3.0.0.js HTTP/1.1" 200 4963
203.210.6.132 - - [22/Jan/2026:09:37:48 +0800] "GET /InternetTrading/jquery/jquery-3.3.1.js HTTP/1.1" 200 80650
116.48.142.110 - - [22/Jan/2026:09:37:48 +0800] "POST /InternetTrading/CheckIsEnableRSA HTTP/1.1" 200 1
116.48.142.110 - - [22/Jan/2026:09:37:48 +0800] "POST /InternetTrading/CheckPwEncryptType HTTP/1.1" 200 -
203.210.6.132 - - [22/Jan/2026:09:37:48 +0800] "GET /InternetTrading/jquery/jquery.form-3.46.0.js HTTP/1.1" 200 5673
116.48.142.110 - - [22/Jan/2026:09:37:48 +0800] "POST /InternetTrading/LoginKey HTTP/1.1" 200 -
203.210.6.132 - - [22/Jan/2026:09:37:48 +0800] "GET /InternetTrading/jquery/jquery.validate-1.11.1.js HTTP/1.1" 200 7041
116.48.142.110 - - [22/Jan/2026:09:37:48 +0800] "GET /InternetTrading/jquery/wait.gif HTTP/1.1" 200 432
203.210.6.132 - - [22/Jan/2026:09:37:48 +0800] "GET /InternetTrading/jquery/additional-methods.js HTTP/1.1" 200 2238
203.210.6.132 - - [22/Jan/2026:09:37:48 +0800] "GET /InternetTrading/jquery/jquery.blockUI-2.66.0.js HTTP/1.1" 200 6651
203.210.6.132 - - [22/Jan/2026:09:37:48 +0800] "GET /InternetTrading/jquery/jquery.timer-0.9.16.js HTTP/1.1" 200 542
203.210.6.132 - - [22/Jan/2026:09:37:48 +0800] "GET /InternetTrading/jquery/jquery-ui-personalized-1.6rc2.min.js HTTP/1.1" 200 55543
203.210.6.132 - - [22/Jan/2026:09:37:48 +0800] "GET /InternetTrading/jquery/jquery.getParams.js HTTP/1.1" 200 587
119.136.155.129 - - [22/Jan/2026:09:37:48 +0800] "GET /InternetTrading/longpoll/51803?X-Atmosphere-tracking-id=0&X-Atmosphere-Framework=2.2.3-javascript&X-Atmosphere-Transport=long-polling&X-Atmosphere-TrackMessageSize=true&Content-Type=charset%3Dutf-8&X-atmo-protocol=true&_=1769046163312 HTTP/1.1" 200 -
203.210.6.132 - - [22/Jan/2026:09:37:48 +0800] "GET /InternetTrading/tc/user/translation.js?jsv=20200819161914 HTTP/1.1" 200 12818
203.210.6.132 - - [22/Jan/2026:09:37:49 +0800] "GET /InternetTrading/js/haitong.js?jsv=20200819161914 HTTP/1.1" 200 3881
203.210.6.132 - - [22/Jan/2026:09:37:49 +0800] "GET /InternetTrading/js/constants.js?jsv=20200819161914 HTTP/1.1" 200 400
203.210.6.132 - - [22/Jan/2026:09:37:49 +0800] "GET /InternetTrading/js/rsautil.js?jsv=20200819161914 HTTP/1.1" 200 1017
203.210.6.132 - - [22/Jan/2026:09:37:49 +0800] "GET /InternetTrading/js/init.js?jsv=20200819161914 HTTP/1.1" 200 886
203.210.6.132 - - [22/Jan/2026:09:37:49 +0800] "GET /InternetTrading/js/util.js?jsv=20200819161914 HTTP/1.1" 200 6636
203.210.6.132 - - [22/Jan/2026:09:37:49 +0800] "GET /InternetTrading/js/login.js?jsv=20200819161914 HTTP/1.1" 200 1684
203.210.6.132 - - [22/Jan/2026:09:37:49 +0800] "GET /InternetTrading/tc/user/custom_variables.js?jsv=20200819161914 HTTP/1.1" 200 275
203.210.6.132 - - [22/Jan/2026:09:37:49 +0800] "GET /InternetTrading/js/version.js?jsv=20200819161914 HTTP/1.1" 200 85
203.210.6.132 - - [22/Jan/2026:09:37:49 +0800] "GET /InternetTrading/js/string_extend.js?jsv=20200819161914 HTTP/1.1" 200 272
203.210.6.132 - - [22/Jan/2026:09:37:49 +0800] "GET /InternetTrading/js/pidcrypt.js?jsv=20200819161914 HTTP/1.1" 200 982
203.210.6.132 - - [22/Jan/2026:09:37:49 +0800] "GET /InternetTrading/js/pidcrypt_util.js?jsv=20200819161914 HTTP/1.1" 200 1206
203.210.6.132 - - [22/Jan/2026:09:37:49 +0800] "GET /InternetTrading/js/aes_cbc.js?jsv=20200819161914 HTTP/1.1" 200 2043
203.210.6.132 - - [22/Jan/2026:09:37:49 +0800] "GET /InternetTrading/js/asn1.js?jsv=20200819161914 HTTP/1.1" 200 3099
203.210.6.132 - - [22/Jan/2026:09:37:49 +0800] "GET /InternetTrading/js/aes_core.js?jsv=20200819161914 HTTP/1.1" 200 2106
203.210.6.132 - - [22/Jan/2026:09:37:49 +0800] "GET /InternetTrading/js/md5.js?jsv=20200819161914 HTTP/1.1" 200 1730
14.0.173.64 - - [22/Jan/2026:09:37:49 +0800] "GET /InternetTrading/longpoll/A8127?X-Atmosphere-tracking-id=0&X-Atmosphere-Framework=2.2.3-javascript&X-Atmosphere-Transport=long-polling&X-Atmosphere-TrackMessageSize=true&Content-Type=charset%3Dutf-8&X-atmo-protocol=true&_=1769046155081 HTTP/1.1" 200 -
203.210.6.132 - - [22/Jan/2026:09:37:49 +0800] "GET /InternetTrading/js/sha256.js?jsv=20200819161914 HTTP/1.1" 200 1362
203.210.6.132 - - [22/Jan/2026:09:37:49 +0800] "GET /InternetTrading/js/prng4.js?jsv=20200819161914 HTTP/1.1" 200 303
203.210.6.132 - - [22/Jan/2026:09:37:49 +0800] "GET /InternetTrading/js/jsbn.js?jsv=20200819161914 HTTP/1.1" 200 6736
203.210.6.132 - - [22/Jan/2026:09:37:49 +0800] "GET /InternetTrading/js/rsa.js?jsv=20200819161914 HTTP/1.1" 200 1658
203.210.6.132 - - [22/Jan/2026:09:37:49 +0800] "GET /InternetTrading/js/rng.js?jsv=20200819161914 HTTP/1.1" 200 481
203.210.6.132 - - [22/Jan/2026:09:37:49 +0800] "GET /InternetTrading/tc/images/bg_login.jpg HTTP/1.1" 200 29296
203.210.6.132 - - [22/Jan/2026:09:37:50 +0800] "POST /InternetTrading/SystemMaintenanceCheck HTTP/1.1" 200 119
203.210.6.132 - - [22/Jan/2026:09:37:50 +0800] "GET /InternetTrading/tc/dialog.html?1769046153431 HTTP/1.1" 200 3188
203.210.6.132 - - [22/Jan/2026:09:37:50 +0800] "GET /InternetTrading/tc/images/favicon.ico HTTP/1.1" 404 682
116.48.142.110 - - [22/Jan/2026:09:37:48 +0800] "POST /InternetTrading/Login HTTP/1.1" 200 454
116.48.142.110 - - [22/Jan/2026:09:37:50 +0800] "GET /InternetTrading/tc/2FA_authentication.html?language=tc&version=HTML HTTP/1.1" 200 1468
116.48.142.110 - - [22/Jan/2026:09:37:50 +0800] "GET /InternetTrading/tc/style_common.css?v=20200819161914 HTTP/1.1" 200 2540
116.48.142.110 - - [22/Jan/2026:09:37:50 +0800] "GET /InternetTrading/tc/style.css?v=20200819161914 HTTP/1.1" 200 1435
116.48.142.110 - - [22/Jan/2026:09:37:50 +0800] "GET /InternetTrading/jquery/jquery-migrate-3.0.0.js HTTP/1.1" 200 4963
116.48.142.110 - - [22/Jan/2026:09:37:50 +0800] "GET /InternetTrading/jquery/additional-methods.js HTTP/1.1" 200 2238
116.48.142.110 - - [22/Jan/2026:09:37:50 +0800] "GET /InternetTrading/jquery/jquery-ui-1.10.3.js HTTP/1.1" 200 69642
116.48.142.110 - - [22/Jan/2026:09:37:50 +0800] "GET /InternetTrading/jquery/jquery.timer-0.9.16.js HTTP/1.1" 200 542
116.48.142.110 - - [22/Jan/2026:09:37:50 +0800] "GET /InternetTrading/jquery/jquery.blockUI-2.66.0-iAsiaEdition.js HTTP/1.1" 200 6651
116.48.142.110 - - [22/Jan/2026:09:37:50 +0800] "GET /InternetTrading/jquery/jquery.getParams.js HTTP/1.1" 200 587
116.48.142.110 - - [22/Jan/2026:09:37:50 +0800] "GET /InternetTrading/tc/user/translation.js?jsv=20200819161914 HTTP/1.1" 200 12818
116.48.142.110 - - [22/Jan/2026:09:37:50 +0800] "GET /InternetTrading/jquery/jquery.form-3.46.0.js HTTP/1.1" 200 5673
116.48.142.110 - - [22/Jan/2026:09:37:50 +0800] "GET /InternetTrading/jquery/jquery.validate-1.11.1.js HTTP/1.1" 200 7041
116.48.142.110 - - [22/Jan/2026:09:37:50 +0800] "GET /InternetTrading/jquery/jquery-3.3.1.js HTTP/1.1" 200 80650
116.48.142.110 - - [22/Jan/2026:09:37:50 +0800] "GET /InternetTrading/js/constants.js?jsv=20200819161914 HTTP/1.1" 200 400
116.48.142.110 - - [22/Jan/2026:09:37:50 +0800] "GET /InternetTrading/js/haitong.js?jsv=20200819161914 HTTP/1.1" 200 3881
116.48.142.110 - - [22/Jan/2026:09:37:50 +0800] "GET /InternetTrading/js/util.js?jsv=20200819161914 HTTP/1.1" 200 6636
116.48.142.110 - - [22/Jan/2026:09:37:50 +0800] "GET /InternetTrading/js/init.js?jsv=20200819161914 HTTP/1.1" 200 886
116.48.142.110 - - [22/Jan/2026:09:37:50 +0800] "GET /InternetTrading/tc/user/custom_variables.js?jsv=20200819161914 HTTP/1.1" 200 275
58.152.215.40 - - [22/Jan/2026:09:37:50 +0800] "GET /InternetTrading/longpoll/55136?X-Atmosphere-tracking-id=0&X-Atmosphere-Framework=2.2.3-javascript&X-Atmosphere-Transport=long-polling&X-Atmosphere-TrackMessageSize=true&Content-Type=charset%3Dutf-8&X-atmo-protocol=true&_=1769046155025 HTTP/1.1" 200 -
116.48.142.110 - - [22/Jan/2026:09:37:50 +0800] "GET /InternetTrading/js/2fa.js?jsv=20200819161914 HTTP/1.1" 200 1953
116.48.142.110 - - [22/Jan/2026:09:37:50 +0800] "GET /InternetTrading/settings/webpage_settings.js?jsv=20200819161914 HTTP/1.1" 200 33
116.48.142.110 - - [22/Jan/2026:09:37:50 +0800] "GET /InternetTrading/js/login.js?jsv=20200819161914 HTTP/1.1" 200 1684
116.48.142.110 - - [22/Jan/2026:09:37:50 +0800] "GET /InternetTrading/tc/images/logo.png HTTP/1.1" 200 7042
116.48.142.110 - - [22/Jan/2026:09:37:50 +0800] "GET /InternetTrading/js/login.js?jsv=20200819161914 HTTP/1.1" 200 1684
116.48.142.110 - - [22/Jan/2026:09:37:50 +0800] "GET /InternetTrading/tc/dialog.html?1769046153339 HTTP/1.1" 200 3188
116.48.142.110 - - [22/Jan/2026:09:37:50 +0800] "GET /InternetTrading/jquery/wait.gif HTTP/1.1" 200 432
116.48.142.110 - - [22/Jan/2026:09:37:50 +0800] "POST /InternetTrading/SystemMaintenanceCheck HTTP/1.1" 200 119
116.48.142.110 - - [22/Jan/2026:09:37:50 +0800] "POST /InternetTrading/SystemMaintenanceCheck HTTP/1.1" 200 119
116.48.142.110 - - [22/Jan/2026:09:37:50 +0800] "POST /InternetTrading/Get2FAInfoService HTTP/1.1" 200 109
116.48.142.110 - - [22/Jan/2026:09:37:50 +0800] "GET /favicon.ico HTTP/1.1" 404 196
221.124.232.198 - - [22/Jan/2026:09:37:53 +0800] "GET /InternetTrading/longpoll/13519?X-Atmosphere-tracking-id=0&X-Atmosphere-Framework=2.2.3-javascript&X-Atmosphere-Transport=long-polling&X-Atmosphere-TrackMessageSize=true&Content-Type=charset%3Dutf-8&X-atmo-protocol=true&_=1769046158305 HTTP/1.1" 200 -
119.136.155.129 - - [22/Jan/2026:09:37:54 +0800] "GET /InternetTrading/longpoll/51803?X-Atmosphere-tracking-id=0&X-Atmosphere-Framework=2.2.3-javascript&X-Atmosphere-Transport=long-polling&X-Atmosphere-TrackMessageSize=true&Content-Type=charset%3Dutf-8&X-atmo-protocol=true&_=1769046168335 HTTP/1.1" 200 -
14.0.173.64 - - [22/Jan/2026:09:37:54 +0800] "GET /InternetTrading/longpoll/A8127?X-Atmosphere-tracking-id=0&X-Atmosphere-Framework=2.2.3-javascript&X-Atmosphere-Transport=long-polling&X-Atmosphere-TrackMessageSize=true&Content-Type=charset%3Dutf-8&X-atmo-protocol=true&_=1769046160242 HTTP/1.1" 200 -
58.152.215.40 - - [22/Jan/2026:09:37:55 +0800] "GET /InternetTrading/longpoll/55136?X-Atmosphere-tracking-id=0&X-Atmosphere-Framework=2.2.3-javascript&X-Atmosphere-Transport=long-polling&X-Atmosphere-TrackMessageSize=true&Content-Type=charset%3Dutf-8&X-atmo-protocol=true&_=1769046160050 HTTP/1.1" 200 -
14.0.173.64 - - [22/Jan/2026:09:37:58 +0800] "POST /InternetTrading/SessionErrorLogger HTTP/1.1" 200 117
14.0.173.64 - - [22/Jan/2026:09:37:58 +0800] "POST /InternetTrading/Heartbeat HTTP/1.1" 200 32
14.0.173.64 - - [22/Jan/2026:09:37:58 +0800] "POST /InternetTrading/SessionErrorLogger HTTP/1.1" 200 117
14.0.173.64 - - [22/Jan/2026:09:37:58 +0800] "POST /InternetTrading/MarketStatus HTTP/1.1" 200 772
119.136.155.129 - - [22/Jan/2026:09:37:59 +0800] "GET /InternetTrading/longpoll/51803?X-Atmosphere-tracking-id=0&X-Atmosphere-Framework=2.2.3-javascript&X-Atmosphere-Transport=long-polling&X-Atmosphere-TrackMessageSize=true&Content-Type=charset%3Dutf-8&X-atmo-protocol=true&_=1769046173657 HTTP/1.1" 200 -
27.155.98.238 - - [22/Jan/2026:09:37:59 +0800] "POST /InternetTrading/Heartbeat2FAService HTTP/1.1" 200 1
221.124.232.198 - - [22/Jan/2026:09:37:59 +0800] "GET /InternetTrading/longpoll/13519?X-Atmosphere-tracking-id=0&X-Atmosphere-Framework=2.2.3-javascript&X-Atmosphere-Transport=long-polling&X-Atmosphere-TrackMessageSize=true&Content-Type=charset%3Dutf-8&X-atmo-protocol=true&_=1769046164298 HTTP/1.1" 200 -
14.0.173.64 - - [22/Jan/2026:09:37:59 +0800] "GET /InternetTrading/longpoll/A8127?X-Atmosphere-tracking-id=0&X-Atmosphere-Framework=2.2.3-javascript&X-Atmosphere-Transport=long-polling&X-Atmosphere-TrackMessageSize=true&Content-Type=charset%3Dutf-8&X-atmo-protocol=true&_=1769046165470 HTTP/1.1" 200 -
58.152.215.40 - - [22/Jan/2026:09:38:00 +0800] "GET /InternetTrading/longpoll/55136?X-Atmosphere-tracking-id=0&X-Atmosphere-Framework=2.2.3-javascript&X-Atmosphere-Transport=long-polling&X-Atmosphere-TrackMessageSize=true&Content-Type=charset%3Dutf-8&X-atmo-protocol=true&_=1769046165095 HTTP/1.1" 200 -
119.136.155.129 - - [22/Jan/2026:09:38:02 +0800] "POST /InternetTrading/SessionErrorLogger HTTP/1.1" 200 117
119.136.155.129 - - [22/Jan/2026:09:38:02 +0800] "POST /InternetTrading/Heartbeat HTTP/1.1" 200 32
119.136.155.129 - - [22/Jan/2026:09:38:02 +0800] "POST /InternetTrading/SessionErrorLogger HTTP/1.1" 200 117
119.136.155.129 - - [22/Jan/2026:09:38:02 +0800] "POST /InternetTrading/MarketStatus HTTP/1.1" 200 772
119.136.155.129 - - [22/Jan/2026:09:38:04 +0800] "GET /InternetTrading/longpoll/51803?X-Atmosphere-tracking-id=0&X-Atmosphere-Framework=2.2.3-javascript&X-Atmosphere-Transport=long-polling&X-Atmosphere-TrackMessageSize=true&Content-Type=charset%3Dutf-8&X-atmo-protocol=true&_=1769046178700 HTTP/1.1" 200 -
14.0.173.64 - - [22/Jan/2026:09:38:05 +0800] "GET /InternetTrading/longpoll/A8127?X-Atmosphere-tracking-id=0&X-Atmosphere-Framework=2.2.3-javascript&X-Atmosphere-Transport=long-polling&X-Atmosphere-TrackMessageSize=true&Content-Type=charset%3Dutf-8&X-atmo-protocol=true&_=1769046170647 HTTP/1.1" 200 -
58.152.215.40 - - [22/Jan/2026:09:38:05 +0800] "GET /InternetTrading/longpoll/55136?X-Atmosphere-tracking-id=0&X-Atmosphere-Framework=2.2.3-javascript&X-Atmosphere-Transport=long-polling&X-Atmosphere-TrackMessageSize=true&Content-Type=charset%3Dutf-8&X-atmo-protocol=true&_=1769046170134 HTTP/1.1" 200 -
221.124.232.198 - - [22/Jan/2026:09:38:06 +0800] "GET /InternetTrading/longpoll/13519?X-Atmosphere-tracking-id=0&X-Atmosphere-Framework=2.2.3-javascript&X-Atmosphere-Transport=long-polling&X-Atmosphere-TrackMessageSize=true&Content-Type=charset%3Dutf-8&X-atmo-protocol=true&_=1769046170288 HTTP/1.1" 200 -
221.124.232.198 - - [22/Jan/2026:09:38:06 +0800] "POST /InternetTrading/SessionErrorLogger HTTP/1.1" 200 117
221.124.232.198 - - [22/Jan/2026:09:38:06 +0800] "POST /InternetTrading/Heartbeat HTTP/1.1" 200 32
221.124.232.198 - - [22/Jan/2026:09:38:06 +0800] "POST /InternetTrading/SessionErrorLogger HTTP/1.1" 200 117
221.124.232.198 - - [22/Jan/2026:09:38:07 +0800] "POST /InternetTrading/MarketStatus HTTP/1.1" 200 772
116.48.142.110 - - [22/Jan/2026:09:38:07 +0800] "GET /InternetTrading/jquery/wait.gif HTTP/1.1" 200 432
116.48.142.110 - - [22/Jan/2026:09:38:07 +0800] "POST /InternetTrading/Verify2FAService HTTP/1.1" 200 421
116.48.142.110 - - [22/Jan/2026:09:38:08 +0800] "GET /InternetTrading/tc/main.html?language=tc&version=HTML HTTP/1.1" 200 3578
116.48.142.110 - - [22/Jan/2026:09:38:08 +0800] "GET /InternetTrading/jquery/ui.datepicker.css HTTP/1.1" 200 1145
116.48.142.110 - - [22/Jan/2026:09:38:08 +0800] "GET /InternetTrading/jquery/jquery.tablesorter-theme.blue.css HTTP/1.1" 200 2083
116.48.142.110 - - [22/Jan/2026:09:38:08 +0800] "GET /InternetTrading/jquery/jquery-ui-1.10.3.css HTTP/1.1" 200 5283
116.48.142.110 - - [22/Jan/2026:09:38:08 +0800] "GET /InternetTrading/tc/style_common.css?v=20200819161914 HTTP/1.1" 200 2540
116.48.142.110 - - [22/Jan/2026:09:38:08 +0800] "GET /InternetTrading/tc/style.css?v=20200819161914 HTTP/1.1" 200 1435
116.48.142.110 - - [22/Jan/2026:09:38:08 +0800] "GET /InternetTrading/js/aastock.js HTTP/1.1" 200 553
116.48.142.110 - - [22/Jan/2026:09:38:08 +0800] "GET /InternetTrading/jquery/jquery.ba-postmessage.js HTTP/1.1" 200 2990
116.48.142.110 - - [22/Jan/2026:09:38:08 +0800] "GET /InternetTrading/tc/css/jquery.jscrollpane.css HTTP/1.1" 404 690
116.48.142.110 - - [22/Jan/2026:09:38:08 +0800] "GET /InternetTrading/jquery/jquery-migrate-3.0.0.js HTTP/1.1" 200 4963
116.48.142.110 - - [22/Jan/2026:09:38:08 +0800] "GET /InternetTrading/jquery/jquery-3.3.1.js HTTP/1.1" 200 80650
116.48.142.110 - - [22/Jan/2026:09:38:08 +0800] "GET /InternetTrading/jquery/jquery-ui-1.10.3.js HTTP/1.1" 200 69642
116.48.142.110 - - [22/Jan/2026:09:38:08 +0800] "GET /InternetTrading/js/cache.js?jsv=20200819161914 HTTP/1.1" 200 940
116.48.142.110 - - [22/Jan/2026:09:38:08 +0800] "GET /InternetTrading/jquery/dragtable-2.0.9.css HTTP/1.1" 200 316
116.48.142.110 - - [22/Jan/2026:09:38:08 +0800] "GET /InternetTrading/js/atmosphere.js HTTP/1.1" 200 13461
116.48.142.110 - - [22/Jan/2026:09:38:08 +0800] "GET /InternetTrading/jquery/jquery-1.6.3.min.js HTTP/1.1" 200 32057
116.48.142.110 - - [22/Jan/2026:09:38:08 +0800] "GET /InternetTrading/jquery/jquery.blockUI-2.66.0.js HTTP/1.1" 200 6651
116.48.142.110 - - [22/Jan/2026:09:38:08 +0800] "GET /InternetTrading/jquery/jquery.form-3.46.0.js HTTP/1.1" 200 5673
116.48.142.110 - - [22/Jan/2026:09:38:08 +0800] "GET /InternetTrading/jquery/jquery.validate-1.11.1.js HTTP/1.1" 200 7041
116.48.142.110 - - [22/Jan/2026:09:38:08 +0800] "GET /InternetTrading/jquery/additional-methods.js HTTP/1.1" 200 2238
116.48.142.110 - - [22/Jan/2026:09:38:08 +0800] "GET /InternetTrading/jquery/jquery.mousewheel-3.1.4.js HTTP/1.1" 200 822
116.48.142.110 - - [22/Jan/2026:09:38:08 +0800] "GET /InternetTrading/jquery/jquery.tablesorter.widgets-2.14.5.js HTTP/1.1" 200 8611
116.48.142.110 - - [22/Jan/2026:09:38:08 +0800] "GET /InternetTrading/jquery/jquery.tablesorter-2.14.5.js HTTP/1.1" 200 8901
116.48.142.110 - - [22/Jan/2026:09:38:08 +0800] "GET /InternetTrading/jquery/jquery.combobox.packed.js HTTP/1.1" 200 3387
116.48.142.110 - - [22/Jan/2026:09:38:08 +0800] "GET /InternetTrading/jquery/jquery.timer-0.9.16.js HTTP/1.1" 200 542
116.48.142.110 - - [22/Jan/2026:09:38:08 +0800] "GET /InternetTrading/jquery/jquery.getParams.js HTTP/1.1" 200 587
116.48.142.110 - - [22/Jan/2026:09:38:08 +0800] "GET /InternetTrading/jquery/jquery.selectboxes.pack.js HTTP/1.1" 200 1640
116.48.142.110 - - [22/Jan/2026:09:38:08 +0800] "GET /InternetTrading/jquery/date.js HTTP/1.1" 200 2807
116.48.142.110 - - [22/Jan/2026:09:38:08 +0800] "GET /InternetTrading/jquery/globalize-0.1.0a1.js HTTP/1.1" 200 6984
116.48.142.110 - - [22/Jan/2026:09:38:08 +0800] "GET /InternetTrading/json/json2.js?jsv=20200819161914 HTTP/1.1" 200 1372
116.48.142.110 - - [22/Jan/2026:09:38:08 +0800] "GET /InternetTrading/settings/crm_display_settings.js?jsv=20200819161914 HTTP/1.1" 200 1781
116.48.142.110 - - [22/Jan/2026:09:38:08 +0800] "GET /InternetTrading/js/constants.js?jsv=20200819161914 HTTP/1.1" 200 400
116.48.142.110 - - [22/Jan/2026:09:38:08 +0800] "GET /InternetTrading/tc/user/translation.js?jsv=20200819161914 HTTP/1.1" 200 12818
116.48.142.110 - - [22/Jan/2026:09:38:08 +0800] "GET /InternetTrading/tc/user/custom_variables.js?jsv=20200819161914 HTTP/1.1" 200 275
116.48.142.110 - - [22/Jan/2026:09:38:08 +0800] "GET /InternetTrading/js/util.js?jsv=20200819161914 HTTP/1.1" 200 6636
116.48.142.110 - - [22/Jan/2026:09:38:08 +0800] "GET /InternetTrading/js/haitong.js?jsv=20200819161914 HTTP/1.1" 200 3881
116.48.142.110 - - [22/Jan/2026:09:38:08 +0800] "GET /InternetTrading/js/init.js?jsv=20200819161914 HTTP/1.1" 200 886
116.48.142.110 - - [22/Jan/2026:09:38:08 +0800] "GET /InternetTrading/js/rsautil.js?jsv=20200819161914 HTTP/1.1" 200 1017
116.48.142.110 - - [22/Jan/2026:09:38:08 +0800] "GET /InternetTrading/js/corporate.js?jsv=20200819161914 HTTP/1.1" 200 1575
221.124.232.198 - - [22/Jan/2026:09:38:08 +0800] "POST /InternetTrading/SessionErrorLogger HTTP/1.1" 200 117
116.48.142.110 - - [22/Jan/2026:09:38:08 +0800] "GET /InternetTrading/js/update_mdf.js?jsv=20200819161914 HTTP/1.1" 200 856
116.48.142.110 - - [22/Jan/2026:09:38:08 +0800] "GET /InternetTrading/js/validation_hkex.js?jsv=20200819161914 HTTP/1.1" 200 2300
116.48.142.110 - - [22/Jan/2026:09:38:08 +0800] "GET /InternetTrading/js/main.js?jsv=20200819161914 HTTP/1.1" 200 30725
116.48.142.110 - - [22/Jan/2026:09:38:08 +0800] "GET /InternetTrading/js/validation_bshare.js?jsv=20200819161914 HTTP/1.1" 200 1567
221.124.232.198 - - [22/Jan/2026:09:38:08 +0800] "GET /InternetTrading/jquery/wait.gif HTTP/1.1" 200 432
116.48.142.110 - - [22/Jan/2026:09:38:08 +0800] "GET /InternetTrading/js/validation_ashare.js?jsv=20200819161914 HTTP/1.1" 200 2482
116.48.142.110 - - [22/Jan/2026:09:38:08 +0800] "GET /InternetTrading/js/validation_global.js?jsv=20200819161914 HTTP/1.1" 200 1564
116.48.142.110 - - [22/Jan/2026:09:38:08 +0800] "GET /InternetTrading/js/account.js?jsv=20200819161914 HTTP/1.1" 200 2656
116.48.142.110 - - [22/Jan/2026:09:38:08 +0800] "GET /InternetTrading/js/ipo.js?jsv=20200819161914 HTTP/1.1" 200 5726
221.124.232.198 - - [22/Jan/2026:09:38:08 +0800] "POST /InternetTrading/Portfolio HTTP/1.1" 200 1320
116.48.142.110 - - [22/Jan/2026:09:38:08 +0800] "GET /InternetTrading/js/cash_transfer.js?jsv=20200819161914 HTTP/1.1" 200 2712
116.48.142.110 - - [22/Jan/2026:09:38:08 +0800] "GET /InternetTrading/js/spread_cache.js?jsv=20200819161914 HTTP/1.1" 200 908
116.48.142.110 - - [22/Jan/2026:09:38:08 +0800] "GET /InternetTrading/js/mm.js?jsv=20200819161914 HTTP/1.1" 200 487
116.48.142.110 - - [22/Jan/2026:09:38:08 +0800] "GET /InternetTrading/js/isec_calculator.js?jsv=20200819161914 HTTP/1.1" 200 1364
116.48.142.110 - - [22/Jan/2026:09:38:08 +0800] "GET /InternetTrading/js/payment_instruction.js?jsv=20200819161914 HTTP/1.1" 200 2178
116.48.142.110 - - [22/Jan/2026:09:38:08 +0800] "GET /InternetTrading/js/payment_instruction_IMOS.js?jsv=20200819161914 HTTP/1.1" 200 6874
116.48.142.110 - - [22/Jan/2026:09:38:08 +0800] "GET /InternetTrading/js/eStatement.js?jsv=20200819161914 HTTP/1.1" 200 562
116.48.142.110 - - [22/Jan/2026:09:38:08 +0800] "GET /InternetTrading/ExchangeList?fmt=js&jsv=20200819161914 HTTP/1.1" 200 146
116.48.142.110 - - [22/Jan/2026:09:38:08 +0800] "GET /InternetTrading/GoodTillDateValidExch?fmt=js&jsv=20200819161914 HTTP/1.1" 200 29
116.48.142.110 - - [22/Jan/2026:09:38:08 +0800] "GET /InternetTrading/js/string_extend.js?jsv=20200819161914 HTTP/1.1" 200 272
116.48.142.110 - - [22/Jan/2026:09:38:08 +0800] "GET /InternetTrading/js/pidcrypt.js?jsv=20200819161914 HTTP/1.1" 200 982
116.48.142.110 - - [22/Jan/2026:09:38:08 +0800] "GET /InternetTrading/js/pidcrypt_util.js?jsv=20200819161914 HTTP/1.1" 200 1206
116.48.142.110 - - [22/Jan/2026:09:38:08 +0800] "GET /InternetTrading/js/aes_cbc.js?jsv=20200819161914 HTTP/1.1" 200 2043
116.48.142.110 - - [22/Jan/2026:09:38:08 +0800] "GET /InternetTrading/js/aes_core.js?jsv=20200819161914 HTTP/1.1" 200 2106
116.48.142.110 - - [22/Jan/2026:09:38:08 +0800] "GET /InternetTrading/js/md5.js?jsv=20200819161914 HTTP/1.1" 200 1730
116.48.142.110 - - [22/Jan/2026:09:38:08 +0800] "GET /InternetTrading/js/asn1.js?jsv=20200819161914 HTTP/1.1" 200 3099
116.48.142.110 - - [22/Jan/2026:09:38:08 +0800] "GET /InternetTrading/js/sha256.js?jsv=20200819161914 HTTP/1.1" 200 1362
116.48.142.110 - - [22/Jan/2026:09:38:08 +0800] "GET /InternetTrading/js/jsbn.js?jsv=20200819161914 HTTP/1.1" 200 6736
116.48.142.110 - - [22/Jan/2026:09:38:08 +0800] "GET /InternetTrading/js/rng.js?jsv=20200819161914 HTTP/1.1" 200 481
116.48.142.110 - - [22/Jan/2026:09:38:08 +0800] "GET /InternetTrading/js/prng4.js?jsv=20200819161914 HTTP/1.1" 200 303
116.48.142.110 - - [22/Jan/2026:09:38:08 +0800] "GET /InternetTrading/js/rsa.js?jsv=20200819161914 HTTP/1.1" 200 1658
116.48.142.110 - - [22/Jan/2026:09:38:08 +0800] "GET /InternetTrading/js/aes.js?jsv=20200819161914 HTTP/1.1" 200 4816
116.48.142.110 - - [22/Jan/2026:09:38:08 +0800] "GET /InternetTrading/js/mode-ecb.js?jsv=20200819161914 HTTP/1.1" 200 199
116.48.142.110 - - [22/Jan/2026:09:38:08 +0800] "GET /InternetTrading/js/utilSpec.js?jsv=20200819161914 HTTP/1.1" 200 27
116.48.142.110 - - [22/Jan/2026:09:38:08 +0800] "GET /InternetTrading/js/update_lastlogin.js?jsv=20200819161914 HTTP/1.1" 200 980
116.48.142.110 - - [22/Jan/2026:09:38:08 +0800] "GET /InternetTrading/js/pw_alert.js?jsv=20200819161914 HTTP/1.1" 200 418
116.48.142.110 - - [22/Jan/2026:09:38:08 +0800] "GET /InternetTrading/js/jquery.jscrollpane.js HTTP/1.1" 404 685
116.48.142.110 - - [22/Jan/2026:09:38:08 +0800] "GET /InternetTrading/js/jquery.mousewheel.js HTTP/1.1" 404 684
116.48.142.110 - - [22/Jan/2026:09:38:08 +0800] "GET /InternetTrading/js/jquery.cookie.js HTTP/1.1" 200 834
116.48.142.110 - - [22/Jan/2026:09:38:08 +0800] "GET /InternetTrading/tc/images/logo.png HTTP/1.1" 200 7042
116.48.142.110 - - [22/Jan/2026:09:38:08 +0800] "GET /InternetTrading/js/decimal.js HTTP/1.1" 200 13492
116.48.142.110 - - [22/Jan/2026:09:38:09 +0800] "GET /InternetTrading/tc/images/top_menu01.jpg HTTP/1.1" 200 3466
116.48.142.110 - - [22/Jan/2026:09:38:09 +0800] "GET /InternetTrading/tc/images/top_menu04.jpg HTTP/1.1" 200 3430
116.48.142.110 - - [22/Jan/2026:09:38:09 +0800] "GET /InternetTrading/tc/images/top_menu_logout.jpg HTTP/1.1" 200 1016
116.48.142.110 - - [22/Jan/2026:09:38:09 +0800] "GET /InternetTrading/images/top_bg2.jpg HTTP/1.1" 200 330
116.48.142.110 - - [22/Jan/2026:09:38:09 +0800] "GET /InternetTrading/images/top_bg3.jpg HTTP/1.1" 200 878
116.48.142.110 - - [22/Jan/2026:09:38:09 +0800] "GET /InternetTrading/images/top_bg1.jpg HTTP/1.1" 200 329
116.48.142.110 - - [22/Jan/2026:09:38:09 +0800] "GET /InternetTrading/tc/dialog.html?1769046171731 HTTP/1.1" 200 3188
116.48.142.110 - - [22/Jan/2026:09:38:09 +0800] "POST /InternetTrading/PopUpConfig HTTP/1.1" 200 2
116.48.142.110 - - [22/Jan/2026:09:38:09 +0800] "POST /InternetTrading/Heartbeat HTTP/1.1" 200 32
221.124.232.198 - - [22/Jan/2026:09:38:09 +0800] "GET /InternetTrading/jquery/wait.gif HTTP/1.1" 200 432
221.124.232.198 - - [22/Jan/2026:09:38:09 +0800] "POST /InternetTrading/SessionErrorLogger HTTP/1.1" 200 117
116.48.142.110 - - [22/Jan/2026:09:38:09 +0800] "POST /InternetTrading/CustomerInfoLite HTTP/1.1" 200 118
221.124.232.198 - - [22/Jan/2026:09:38:09 +0800] "POST /InternetTrading/Orderbook HTTP/1.1" 200 94
116.48.142.110 - - [22/Jan/2026:09:38:09 +0800] "GET /InternetTrading/tc/images/top_menu04.jpg HTTP/1.1" 200 3430
116.48.142.110 - - [22/Jan/2026:09:38:09 +0800] "GET /InternetTrading/jquery/wait.gif HTTP/1.1" 200 432
116.48.142.110 - - [22/Jan/2026:09:38:09 +0800] "GET /InternetTrading/tc/trade.html HTTP/1.1" 200 2113
116.48.142.110 - - [22/Jan/2026:09:38:09 +0800] "POST /InternetTrading/SpreadPriceCache HTTP/1.1" 200 1947
116.48.142.110 - - [22/Jan/2026:09:38:09 +0800] "GET /InternetTrading/tc/images/top_menu01_o.jpg HTTP/1.1" 200 3339
116.48.142.110 - - [22/Jan/2026:09:38:09 +0800] "POST /InternetTrading/SessionErrorLogger HTTP/1.1" 200 117
116.48.142.110 - - [22/Jan/2026:09:38:09 +0800] "POST /InternetTrading/GetLastLoginDate HTTP/1.1" 200 31
116.48.142.110 - - [22/Jan/2026:09:38:09 +0800] "POST /InternetTrading/SessionErrorLogger HTTP/1.1" 200 117
116.48.142.110 - - [22/Jan/2026:09:38:09 +0800] "GET /InternetTrading/tc/getpopupMsgName.jsp HTTP/1.1" 200 -
116.48.142.110 - - [22/Jan/2026:09:38:09 +0800] "GET /InternetTrading/tc/applet_dummy.html HTTP/1.1" 200 330
116.48.142.110 - - [22/Jan/2026:09:38:09 +0800] "POST /InternetTrading/SessionErrorLogger HTTP/1.1" 200 117
119.136.155.129 - - [22/Jan/2026:09:38:09 +0800] "GET /InternetTrading/longpoll/51803?X-Atmosphere-tracking-id=0&X-Atmosphere-Framework=2.2.3-javascript&X-Atmosphere-Transport=long-polling&X-Atmosphere-TrackMessageSize=true&Content-Type=charset%3Dutf-8&X-atmo-protocol=true&_=1769046183735 HTTP/1.1" 200 -
116.48.142.110 - - [22/Jan/2026:09:38:09 +0800] "GET /InternetTrading/tc/buy_ticket.html? HTTP/1.1" 200 1995
116.48.142.110 - - [22/Jan/2026:09:38:09 +0800] "POST /InternetTrading/SessionErrorLogger HTTP/1.1" 200 117
116.48.142.110 - - [22/Jan/2026:09:38:09 +0800] "POST /InternetTrading/MarketStatus HTTP/1.1" 200 772
116.48.142.110 - - [22/Jan/2026:09:38:09 +0800] "POST /InternetTrading/SessionErrorLogger HTTP/1.1" 200 117
116.48.142.110 - - [22/Jan/2026:09:38:09 +0800] "GET /InternetTrading/tc/multi_currency_balance.html HTTP/1.1" 200 295
116.48.142.110 - - [22/Jan/2026:09:38:09 +0800] "GET /InternetTrading/jquery/wait.gif HTTP/1.1" 200 432
116.48.142.110 - - [22/Jan/2026:09:38:09 +0800] "GET /InternetTrading/Home/PostToAA.jsp?hl=tc HTTP/1.1" 200 287
221.124.232.198 - - [22/Jan/2026:09:38:09 +0800] "GET /InternetTrading/jquery/wait.gif HTTP/1.1" 200 432
221.124.232.198 - - [22/Jan/2026:09:38:09 +0800] "POST /InternetTrading/SessionErrorLogger HTTP/1.1" 200 117
116.48.142.110 - - [22/Jan/2026:09:38:09 +0800] "GET /InternetTrading/tc/images/trade_point01.jpg HTTP/1.1" 200 358
116.48.142.110 - - [22/Jan/2026:09:38:09 +0800] "GET /InternetTrading/tc/images/refresh.gif HTTP/1.1" 200 1145
116.48.142.110 - - [22/Jan/2026:09:38:09 +0800] "GET /InternetTrading/jquery/images/ui-icons_222222_256x240.png HTTP/1.1" 200 6922
116.48.142.110 - - [22/Jan/2026:09:38:09 +0800] "GET /InternetTrading/jquery/images/ui-bg_flat_75_ffffff_40x100.png HTTP/1.1" 200 208
221.124.232.198 - - [22/Jan/2026:09:38:09 +0800] "POST /InternetTrading/Portfolio HTTP/1.1" 200 1321
116.48.142.110 - - [22/Jan/2026:09:38:09 +0800] "POST /InternetTrading/SessionErrorLogger HTTP/1.1" 200 117
116.48.142.110 - - [22/Jan/2026:09:38:09 +0800] "POST /InternetTrading/SessionErrorLogger HTTP/1.1" 200 117
116.48.142.110 - - [22/Jan/2026:09:38:09 +0800] "POST /InternetTrading/MarketStatus HTTP/1.1" 200 772
116.48.142.110 - - [22/Jan/2026:09:38:09 +0800] "POST /InternetTrading/MarketStatus HTTP/1.1" 200 772
14.0.173.64 - - [22/Jan/2026:09:38:10 +0800] "GET /InternetTrading/longpoll/A8127?X-Atmosphere-tracking-id=0&X-Atmosphere-Framework=2.2.3-javascript&X-Atmosphere-Transport=long-polling&X-Atmosphere-TrackMessageSize=true&Content-Type=charset%3Dutf-8&X-atmo-protocol=true&_=1769046175715 HTTP/1.1" 200 -
58.152.215.40 - - [22/Jan/2026:09:38:10 +0800] "GET /InternetTrading/longpoll/55136?X-Atmosphere-tracking-id=0&X-Atmosphere-Framework=2.2.3-javascript&X-Atmosphere-Transport=long-polling&X-Atmosphere-TrackMessageSize=true&Content-Type=charset%3Dutf-8&X-atmo-protocol=true&_=1769046175165 HTTP/1.1" 200 -
221.124.232.198 - - [22/Jan/2026:09:38:11 +0800] "GET /InternetTrading/longpoll/13519?X-Atmosphere-tracking-id=0&X-Atmosphere-Framework=2.2.3-javascript&X-Atmosphere-Transport=long-polling&X-Atmosphere-TrackMessageSize=true&Content-Type=charset%3Dutf-8&X-atmo-protocol=true&_=1769046175374 HTTP/1.1" 200 -
116.48.142.110 - - [22/Jan/2026:09:38:11 +0800] "POST /InternetTrading/SessionErrorLogger HTTP/1.1" 200 117
116.48.142.110 - - [22/Jan/2026:09:38:11 +0800] "POST /InternetTrading/CustomerInfo HTTP/1.1" 200 215
116.48.142.110 - - [22/Jan/2026:09:38:11 +0800] "POST /InternetTrading/SessionErrorLogger HTTP/1.1" 200 117
116.48.142.110 - - [22/Jan/2026:09:38:11 +0800] "POST /InternetTrading/MarketStatus HTTP/1.1" 200 772
116.48.142.110 - - [22/Jan/2026:09:38:11 +0800] "POST /InternetTrading/SessionErrorLogger HTTP/1.1" 200 117
116.48.142.110 - - [22/Jan/2026:09:38:11 +0800] "GET /InternetTrading/jquery/wait.gif HTTP/1.1" 200 432
116.48.142.110 - - [22/Jan/2026:09:38:11 +0800] "POST /InternetTrading/SessionErrorLogger HTTP/1.1" 200 117
116.48.142.110 - - [22/Jan/2026:09:38:11 +0800] "POST /InternetTrading/LongPollingConfig HTTP/1.1" 200 4
116.48.142.110 - - [22/Jan/2026:09:38:11 +0800] "POST /InternetTrading/SessionErrorLogger HTTP/1.1" 200 117
116.48.142.110 - - [22/Jan/2026:09:38:11 +0800] "GET /InternetTrading/longpoll/56231?X-Atmosphere-tracking-id=0&X-Atmosphere-Framework=2.2.3-javascript&X-Atmosphere-Transport=long-polling&X-Atmosphere-TrackMessageSize=true&Content-Type=charset%3Dutf-8&X-atmo-protocol=true&_=1769046174262 HTTP/1.1" 200 -
116.48.142.110 - - [22/Jan/2026:09:38:11 +0800] "GET /InternetTrading/tc/account_status.html HTTP/1.1" 200 426
116.48.142.110 - - [22/Jan/2026:09:38:11 +0800] "GET /InternetTrading/jquery/wait.gif HTTP/1.1" 200 432
116.48.142.110 - - [22/Jan/2026:09:38:11 +0800] "POST /InternetTrading/SessionErrorLogger HTTP/1.1" 200 117
116.48.142.110 - - [22/Jan/2026:09:38:11 +0800] "POST /InternetTrading/Portfolio HTTP/1.1" 200 1480
58.152.215.40 - - [22/Jan/2026:09:38:14 +0800] "POST /InternetTrading/SessionErrorLogger HTTP/1.1" 200 117
119.136.155.129 - - [22/Jan/2026:09:38:14 +0800] "GET /InternetTrading/longpoll/51803?X-Atmosphere-tracking-id=0&X-Atmosphere-Framework=2.2.3-javascript&X-Atmosphere-Transport=long-polling&X-Atmosphere-TrackMessageSize=true&Content-Type=charset%3Dutf-8&X-atmo-protocol=true&_=1769046188762 HTTP/1.1" 200 -
58.152.215.40 - - [22/Jan/2026:09:38:14 +0800] "POST /InternetTrading/Heartbeat HTTP/1.1" 200 32
58.152.215.40 - - [22/Jan/2026:09:38:14 +0800] "POST /InternetTrading/SessionErrorLogger HTTP/1.1" 200 117
58.152.215.40 - - [22/Jan/2026:09:38:14 +0800] "POST /InternetTrading/MarketStatus HTTP/1.1" 200 772
14.0.173.64 - - [22/Jan/2026:09:38:15 +0800] "GET /InternetTrading/longpoll/A8127?X-Atmosphere-tracking-id=0&X-Atmosphere-Framework=2.2.3-javascript&X-Atmosphere-Transport=long-polling&X-Atmosphere-TrackMessageSize=true&Content-Type=charset%3Dutf-8&X-atmo-protocol=true&_=1769046180833 HTTP/1.1" 200 -
58.152.215.40 - - [22/Jan/2026:09:38:15 +0800] "GET /InternetTrading/longpoll/55136?X-Atmosphere-tracking-id=0&X-Atmosphere-Framework=2.2.3-javascript&X-Atmosphere-Transport=long-polling&X-Atmosphere-TrackMessageSize=true&Content-Type=charset%3Dutf-8&X-atmo-protocol=true&_=1769046180210 HTTP/1.1" 200 -
116.48.142.110 - - [22/Jan/2026:09:38:16 +0800] "GET /InternetTrading/longpoll/56231?X-Atmosphere-tracking-id=0&X-Atmosphere-Framework=2.2.3-javascript&X-Atmosphere-Transport=long-polling&X-Atmosphere-TrackMessageSize=true&Content-Type=charset%3Dutf-8&X-atmo-protocol=true&_=1769046179301 HTTP/1.1" 200 -
221.124.232.198 - - [22/Jan/2026:09:38:17 +0800] "GET /InternetTrading/longpoll/13519?X-Atmosphere-tracking-id=0&X-Atmosphere-Framework=2.2.3-javascript&X-Atmosphere-Transport=long-polling&X-Atmosphere-TrackMessageSize=true&Content-Type=charset%3Dutf-8&X-atmo-protocol=true&_=1769046181141 HTTP/1.1" 200 -
119.136.155.129 - - [22/Jan/2026:09:38:19 +0800] "GET /InternetTrading/longpoll/51803?X-Atmosphere-tracking-id=0&X-Atmosphere-Framework=2.2.3-javascript&X-Atmosphere-Transport=long-polling&X-Atmosphere-TrackMessageSize=true&Content-Type=charset%3Dutf-8&X-atmo-protocol=true&_=1769046193820 HTTP/1.1" 200 -
14.0.173.64 - - [22/Jan/2026:09:38:20 +0800] "GET /InternetTrading/longpoll/A8127?X-Atmosphere-tracking-id=0&X-Atmosphere-Framework=2.2.3-javascript&X-Atmosphere-Transport=long-polling&X-Atmosphere-TrackMessageSize=true&Content-Type=charset%3Dutf-8&X-atmo-protocol=true&_=1769046185972 HTTP/1.1" 200 -
58.152.215.40 - - [22/Jan/2026:09:38:20 +0800] "GET /InternetTrading/longpoll/55136?X-Atmosphere-tracking-id=0&X-Atmosphere-Framework=2.2.3-javascript&X-Atmosphere-Transport=long-polling&X-Atmosphere-TrackMessageSize=true&Content-Type=charset%3Dutf-8&X-atmo-protocol=true&_=1769046185234 HTTP/1.1" 200 -
116.48.142.110 - - [22/Jan/2026:09:38:21 +0800] "GET /InternetTrading/longpoll/56231?X-Atmosphere-tracking-id=0&X-Atmosphere-Framework=2.2.3-javascript&X-Atmosphere-Transport=long-polling&X-Atmosphere-TrackMessageSize=true&Content-Type=charset%3Dutf-8&X-atmo-protocol=true&_=1769046184326 HTTP/1.1" 200 -
221.124.232.198 - - [22/Jan/2026:09:38:22 +0800] "GET /InternetTrading/longpoll/13519?X-Atmosphere-tracking-id=0&X-Atmosphere-Framework=2.2.3-javascript&X-Atmosphere-Transport=long-polling&X-Atmosphere-TrackMessageSize=true&Content-Type=charset%3Dutf-8&X-atmo-protocol=true&_=1769046186446 HTTP/1.1" 200 -
119.136.155.129 - - [22/Jan/2026:09:38:24 +0800] "GET /InternetTrading/longpoll/51803?X-Atmosphere-tracking-id=0&X-Atmosphere-Framework=2.2.3-javascript&X-Atmosphere-Transport=long-polling&X-Atmosphere-TrackMessageSize=true&Content-Type=charset%3Dutf-8&X-atmo-protocol=true&_=1769046199228 HTTP/1.1" 200 -
14.0.173.64 - - [22/Jan/2026:09:38:25 +0800] "GET /InternetTrading/longpoll/A8127?X-Atmosphere-tracking-id=0&X-Atmosphere-Framework=2.2.3-javascript&X-Atmosphere-Transport=long-polling&X-Atmosphere-TrackMessageSize=true&Content-Type=charset%3Dutf-8&X-atmo-protocol=true&_=1769046191143 HTTP/1.1" 200 -
58.152.215.40 - - [22/Jan/2026:09:38:25 +0800] "GET /InternetTrading/longpoll/55136?X-Atmosphere-tracking-id=0&X-Atmosphere-Framework=2.2.3-javascript&X-Atmosphere-Transport=long-polling&X-Atmosphere-TrackMessageSize=true&Content-Type=charset%3Dutf-8&X-atmo-protocol=true&_=1769046190282 HTTP/1.1" 200 -
116.48.142.110 - - [22/Jan/2026:09:38:26 +0800] "GET /InternetTrading/longpoll/56231?X-Atmosphere-tracking-id=0&X-Atmosphere-Framework=2.2.3-javascript&X-Atmosphere-Transport=long-polling&X-Atmosphere-TrackMessageSize=true&Content-Type=charset%3Dutf-8&X-atmo-protocol=true&_=1769046189390 HTTP/1.1" 200 -
221.124.232.198 - - [22/Jan/2026:09:38:27 +0800] "GET /InternetTrading/longpoll/13519?X-Atmosphere-tracking-id=0&X-Atmosphere-Framework=2.2.3-javascript&X-Atmosphere-Transport=long-polling&X-Atmosphere-TrackMessageSize=true&Content-Type=charset%3Dutf-8&X-atmo-protocol=true&_=1769046191470 HTTP/1.1" 200 -
14.0.173.64 - - [22/Jan/2026:09:38:28 +0800] "POST /InternetTrading/SessionErrorLogger HTTP/1.1" 200 117
14.0.173.64 - - [22/Jan/2026:09:38:28 +0800] "POST /InternetTrading/Heartbeat HTTP/1.1" 200 32
14.0.173.64 - - [22/Jan/2026:09:38:28 +0800] "POST /InternetTrading/SessionErrorLogger HTTP/1.1" 200 117
14.0.173.64 - - [22/Jan/2026:09:38:28 +0800] "POST /InternetTrading/MarketStatus HTTP/1.1" 200 772
27.155.98.238 - - [22/Jan/2026:09:38:29 +0800] "POST /InternetTrading/Heartbeat2FAService HTTP/1.1" 200 1
119.136.155.129 - - [22/Jan/2026:09:38:30 +0800] "GET /InternetTrading/longpoll/51803?X-Atmosphere-tracking-id=0&X-Atmosphere-Framework=2.2.3-javascript&X-Atmosphere-Transport=long-polling&X-Atmosphere-TrackMessageSize=true&Content-Type=charset%3Dutf-8&X-atmo-protocol=true&_=1769046205228 HTTP/1.1" 200 -
58.152.215.40 - - [22/Jan/2026:09:38:30 +0800] "GET /InternetTrading/longpoll/55136?X-Atmosphere-tracking-id=0&X-Atmosphere-Framework=2.2.3-javascript&X-Atmosphere-Transport=long-polling&X-Atmosphere-TrackMessageSize=true&Content-Type=charset%3Dutf-8&X-atmo-protocol=true&_=1769046195334 HTTP/1.1" 200 -
14.0.173.64 - - [22/Jan/2026:09:38:30 +0800] "GET /InternetTrading/longpoll/A8127?X-Atmosphere-tracking-id=0&X-Atmosphere-Framework=2.2.3-javascript&X-Atmosphere-Transport=long-polling&X-Atmosphere-TrackMessageSize=true&Content-Type=charset%3Dutf-8&X-atmo-protocol=true&_=1769046196396 HTTP/1.1" 200 -
116.48.142.110 - - [22/Jan/2026:09:38:31 +0800] "GET /InternetTrading/longpoll/56231?X-Atmosphere-tracking-id=0&X-Atmosphere-Framework=2.2.3-javascript&X-Atmosphere-Transport=long-polling&X-Atmosphere-TrackMessageSize=true&Content-Type=charset%3Dutf-8&X-atmo-protocol=true&_=1769046194458 HTTP/1.1" 200 -
119.136.155.129 - - [22/Jan/2026:09:38:32 +0800] "POST /InternetTrading/SessionErrorLogger HTTP/1.1" 200 117
119.136.155.129 - - [22/Jan/2026:09:38:32 +0800] "POST /InternetTrading/Heartbeat HTTP/1.1" 200 32
119.136.155.129 - - [22/Jan/2026:09:38:32 +0800] "POST /InternetTrading/SessionErrorLogger HTTP/1.1" 200 117
119.136.155.129 - - [22/Jan/2026:09:38:32 +0800] "POST /InternetTrading/MarketStatus HTTP/1.1" 200 772
221.124.232.198 - - [22/Jan/2026:09:38:32 +0800] "GET /InternetTrading/longpoll/13519?X-Atmosphere-tracking-id=0&X-Atmosphere-Framework=2.2.3-javascript&X-Atmosphere-Transport=long-polling&X-Atmosphere-TrackMessageSize=true&Content-Type=charset%3Dutf-8&X-atmo-protocol=true&_=1769046197286 HTTP/1.1" 200 -
58.152.215.40 - - [22/Jan/2026:09:38:35 +0800] "GET /InternetTrading/longpoll/55136?X-Atmosphere-tracking-id=0&X-Atmosphere-Framework=2.2.3-javascript&X-Atmosphere-Transport=long-polling&X-Atmosphere-TrackMessageSize=true&Content-Type=charset%3Dutf-8&X-atmo-protocol=true&_=1769046200380 HTTP/1.1" 200 -
14.0.173.64 - - [22/Jan/2026:09:38:36 +0800] "GET /InternetTrading/longpoll/A8127?X-Atmosphere-tracking-id=0&X-Atmosphere-Framework=2.2.3-javascript&X-Atmosphere-Transport=long-polling&X-Atmosphere-TrackMessageSize=true&Content-Type=charset%3Dutf-8&X-atmo-protocol=true&_=1769046201531 HTTP/1.1" 200 -
119.136.155.129 - - [22/Jan/2026:09:38:36 +0800] "GET /InternetTrading/longpoll/51803?X-Atmosphere-tracking-id=0&X-Atmosphere-Framework=2.2.3-javascript&X-Atmosphere-Transport=long-polling&X-Atmosphere-TrackMessageSize=true&Content-Type=charset%3Dutf-8&X-atmo-protocol=true&_=1769046211228 HTTP/1.1" 200 -
221.124.232.198 - - [22/Jan/2026:09:38:36 +0800] "POST /InternetTrading/SessionErrorLogger HTTP/1.1" 200 117
221.124.232.198 - - [22/Jan/2026:09:38:36 +0800] "POST /InternetTrading/Heartbeat HTTP/1.1" 200 32
116.48.142.110 - - [22/Jan/2026:09:38:37 +0800] "GET /InternetTrading/longpoll/56231?X-Atmosphere-tracking-id=0&X-Atmosphere-Framework=2.2.3-javascript&X-Atmosphere-Transport=long-polling&X-Atmosphere-TrackMessageSize=true&Content-Type=charset%3Dutf-8&X-atmo-protocol=true&_=1769046199535 HTTP/1.1" 200 -
221.124.232.198 - - [22/Jan/2026:09:38:37 +0800] "POST /InternetTrading/SessionErrorLogger HTTP/1.1" 200 117
221.124.232.198 - - [22/Jan/2026:09:38:37 +0800] "POST /InternetTrading/MarketStatus HTTP/1.1" 200 772
221.124.232.198 - - [22/Jan/2026:09:38:38 +0800] "GET /InternetTrading/longpoll/13519?X-Atmosphere-tracking-id=0&X-Atmosphere-Framework=2.2.3-javascript&X-Atmosphere-Transport=long-polling&X-Atmosphere-TrackMessageSize=true&Content-Type=charset%3Dutf-8&X-atmo-protocol=true&_=1769046203283 HTTP/1.1" 200 -
116.48.142.110 - - [22/Jan/2026:09:38:39 +0800] "POST /InternetTrading/SessionErrorLogger HTTP/1.1" 200 117
116.48.142.110 - - [22/Jan/2026:09:38:39 +0800] "POST /InternetTrading/Heartbeat HTTP/1.1" 200 32
116.48.142.110 - - [22/Jan/2026:09:38:39 +0800] "POST /InternetTrading/SessionErrorLogger HTTP/1.1" 200 117
116.48.142.110 - - [22/Jan/2026:09:38:39 +0800] "POST /InternetTrading/MarketStatus HTTP/1.1" 200 772
58.152.215.40 - - [22/Jan/2026:09:38:40 +0800] "GET /InternetTrading/longpoll/55136?X-Atmosphere-tracking-id=0&X-Atmosphere-Framework=2.2.3-javascript&X-Atmosphere-Transport=long-polling&X-Atmosphere-TrackMessageSize=true&Content-Type=charset%3Dutf-8&X-atmo-protocol=true&_=1769046205421 HTTP/1.1" 200 -
14.0.173.64 - - [22/Jan/2026:09:38:41 +0800] "GET /InternetTrading/longpoll/A8127?X-Atmosphere-tracking-id=0&X-Atmosphere-Framework=2.2.3-javascript&X-Atmosphere-Transport=long-polling&X-Atmosphere-TrackMessageSize=true&Content-Type=charset%3Dutf-8&X-atmo-protocol=true&_=1769046206647 HTTP/1.1" 200 -
116.48.142.110 - - [22/Jan/2026:09:38:42 +0800] "GET /InternetTrading/longpoll/56231?X-Atmosphere-tracking-id=0&X-Atmosphere-Framework=2.2.3-javascript&X-Atmosphere-Transport=long-polling&X-Atmosphere-TrackMessageSize=true&Content-Type=charset%3Dutf-8&X-atmo-protocol=true&_=1769046204599 HTTP/1.1" 200 -
