58.152.215.40 - - [22/Jan/2026:10:12:39 +0800] "GET /InternetTrading/longpoll/55136?X-Atmosphere-tracking-id=0&X-Atmosphere-Framework=2.2.3-javascript&X-Atmosphere-Transport=long-polling&X-Atmosphere-TrackMessageSize=true&Content-Type=charset%3Dutf-8&X-atmo-protocol=true&_=1769048243855 HTTP/1.1" 200 -
14.155.90.194 - - [22/Jan/2026:10:12:40 +0800] "POST /InternetTrading/SessionErrorLogger HTTP/1.1" 200 117
14.155.90.194 - - [22/Jan/2026:10:12:41 +0800] "POST /InternetTrading/Heartbeat HTTP/1.1" 200 32
119.136.155.129 - - [22/Jan/2026:10:12:41 +0800] "GET /InternetTrading/longpoll/51803?X-Atmosphere-tracking-id=0&X-Atmosphere-Framework=2.2.3-javascript&X-Atmosphere-Transport=long-polling&X-Atmosphere-TrackMessageSize=true&Content-Type=charset%3Dutf-8&X-atmo-protocol=true&_=1769048255916 HTTP/1.1" 200 -
14.155.90.194 - - [22/Jan/2026:10:12:41 +0800] "GET /InternetTrading/longpoll/13519?X-Atmosphere-tracking-id=0&X-Atmosphere-Framework=2.2.3-javascript&X-Atmosphere-Transport=long-polling&X-Atmosphere-TrackMessageSize=true&Content-Type=charset%3Dutf-8&X-atmo-protocol=true&_=1769048245205 HTTP/1.1" 200 -
14.0.173.64 - - [22/Jan/2026:10:12:43 +0800] "GET /InternetTrading/longpoll/A8127?X-Atmosphere-tracking-id=0&X-Atmosphere-Framework=2.2.3-javascript&X-Atmosphere-Transport=long-polling&X-Atmosphere-TrackMessageSize=true&Content-Type=charset%3Dutf-8&X-atmo-protocol=true&_=1769048248903 HTTP/1.1" 200 -
58.152.215.40 - - [22/Jan/2026:10:12:44 +0800] "GET /InternetTrading/longpoll/55136?X-Atmosphere-tracking-id=0&X-Atmosphere-Framework=2.2.3-javascript&X-Atmosphere-Transport=long-polling&X-Atmosphere-TrackMessageSize=true&Content-Type=charset%3Dutf-8&X-atmo-protocol=true&_=1769048248867 HTTP/1.1" 200 -
116.48.142.110 - - [22/Jan/2026:10:12:45 +0800] "GET /InternetTrading/longpoll/56231?X-Atmosphere-tracking-id=0&X-Atmosphere-Framework=2.2.3-javascript&X-Atmosphere-Transport=long-polling&X-Atmosphere-TrackMessageSize=true&Content-Type=charset%3Dutf-8&X-atmo-protocol=true&_=1769048248317 HTTP/1.1" 200 -
58.152.215.40 - - [22/Jan/2026:10:12:46 +0800] "POST /InternetTrading/SessionErrorLogger HTTP/1.1" 200 117
58.152.215.40 - - [22/Jan/2026:10:12:46 +0800] "POST /InternetTrading/Heartbeat HTTP/1.1" 200 32
58.152.215.40 - - [22/Jan/2026:10:12:46 +0800] "POST /InternetTrading/SessionErrorLogger HTTP/1.1" 200 117
58.152.215.40 - - [22/Jan/2026:10:12:46 +0800] "POST /InternetTrading/MarketStatus HTTP/1.1" 200 772
119.136.155.129 - - [22/Jan/2026:10:12:46 +0800] "GET /InternetTrading/longpoll/51803?X-Atmosphere-tracking-id=0&X-Atmosphere-Framework=2.2.3-javascript&X-Atmosphere-Transport=long-polling&X-Atmosphere-TrackMessageSize=true&Content-Type=charset%3Dutf-8&X-atmo-protocol=true&_=1769048260941 HTTP/1.1" 200 -
14.155.90.194 - - [22/Jan/2026:10:12:46 +0800] "GET /InternetTrading/longpoll/13519?X-Atmosphere-tracking-id=0&X-Atmosphere-Framework=2.2.3-javascript&X-Atmosphere-Transport=long-polling&X-Atmosphere-TrackMessageSize=true&Content-Type=charset%3Dutf-8&X-atmo-protocol=true&_=1769048250285 HTTP/1.1" 200 -
14.0.173.64 - - [22/Jan/2026:10:12:48 +0800] "GET /InternetTrading/longpoll/A8127?X-Atmosphere-tracking-id=0&X-Atmosphere-Framework=2.2.3-javascript&X-Atmosphere-Transport=long-polling&X-Atmosphere-TrackMessageSize=true&Content-Type=charset%3Dutf-8&X-atmo-protocol=true&_=1769048254132 HTTP/1.1" 200 -
58.152.215.40 - - [22/Jan/2026:10:12:49 +0800] "GET /InternetTrading/longpoll/55136?X-Atmosphere-tracking-id=0&X-Atmosphere-Framework=2.2.3-javascript&X-Atmosphere-Transport=long-polling&X-Atmosphere-TrackMessageSize=true&Content-Type=charset%3Dutf-8&X-atmo-protocol=true&_=1769048253896 HTTP/1.1" 200 -
119.136.155.129 - - [22/Jan/2026:10:12:51 +0800] "GET /InternetTrading/longpoll/51803?X-Atmosphere-tracking-id=0&X-Atmosphere-Framework=2.2.3-javascript&X-Atmosphere-Transport=long-polling&X-Atmosphere-TrackMessageSize=true&Content-Type=charset%3Dutf-8&X-atmo-protocol=true&_=1769048265968 HTTP/1.1" 200 -
116.48.142.110 - - [22/Jan/2026:10:12:51 +0800] "GET /InternetTrading/longpoll/56231?X-Atmosphere-tracking-id=0&X-Atmosphere-Framework=2.2.3-javascript&X-Atmosphere-Transport=long-polling&X-Atmosphere-TrackMessageSize=true&Content-Type=charset%3Dutf-8&X-atmo-protocol=true&_=1769048254312 HTTP/1.1" 200 -
14.155.90.194 - - [22/Jan/2026:10:12:52 +0800] "GET /InternetTrading/longpoll/13519?X-Atmosphere-tracking-id=0&X-Atmosphere-Framework=2.2.3-javascript&X-Atmosphere-Transport=long-polling&X-Atmosphere-TrackMessageSize=true&Content-Type=charset%3Dutf-8&X-atmo-protocol=true&_=1769048255532 HTTP/1.1" 200 -
14.155.90.194 - - [22/Jan/2026:10:12:53 +0800] "POST /InternetTrading/SessionErrorLogger HTTP/1.1" 200 117
14.155.90.194 - - [22/Jan/2026:10:12:53 +0800] "POST /InternetTrading/MarketStatus HTTP/1.1" 200 772
14.0.173.64 - - [22/Jan/2026:10:12:53 +0800] "GET /InternetTrading/longpoll/A8127?X-Atmosphere-tracking-id=0&X-Atmosphere-Framework=2.2.3-javascript&X-Atmosphere-Transport=long-polling&X-Atmosphere-TrackMessageSize=true&Content-Type=charset%3Dutf-8&X-atmo-protocol=true&_=1769048259287 HTTP/1.1" 200 -
14.0.173.64 - - [22/Jan/2026:10:12:54 +0800] "POST /InternetTrading/SessionErrorLogger HTTP/1.1" 200 117
14.0.173.64 - - [22/Jan/2026:10:12:54 +0800] "POST /InternetTrading/Heartbeat HTTP/1.1" 200 32
14.0.173.64 - - [22/Jan/2026:10:12:54 +0800] "POST /InternetTrading/SessionErrorLogger HTTP/1.1" 200 117
14.0.173.64 - - [22/Jan/2026:10:12:54 +0800] "POST /InternetTrading/MarketStatus HTTP/1.1" 200 772
58.152.215.40 - - [22/Jan/2026:10:12:54 +0800] "GET /InternetTrading/longpoll/55136?X-Atmosphere-tracking-id=0&X-Atmosphere-Framework=2.2.3-javascript&X-Atmosphere-Transport=long-polling&X-Atmosphere-TrackMessageSize=true&Content-Type=charset%3Dutf-8&X-atmo-protocol=true&_=1769048258911 HTTP/1.1" 200 -
119.136.155.129 - - [22/Jan/2026:10:12:56 +0800] "GET /InternetTrading/longpoll/51803?X-Atmosphere-tracking-id=0&X-Atmosphere-Framework=2.2.3-javascript&X-Atmosphere-Transport=long-polling&X-Atmosphere-TrackMessageSize=true&Content-Type=charset%3Dutf-8&X-atmo-protocol=true&_=1769048271000 HTTP/1.1" 200 -
14.155.90.194 - - [22/Jan/2026:10:12:57 +0800] "GET /InternetTrading/longpoll/13519?X-Atmosphere-tracking-id=0&X-Atmosphere-Framework=2.2.3-javascript&X-Atmosphere-Transport=long-polling&X-Atmosphere-TrackMessageSize=true&Content-Type=charset%3Dutf-8&X-atmo-protocol=true&_=1769048260765 HTTP/1.1" 200 -
116.48.142.110 - - [22/Jan/2026:10:12:57 +0800] "GET /InternetTrading/longpoll/56231?X-Atmosphere-tracking-id=0&X-Atmosphere-Framework=2.2.3-javascript&X-Atmosphere-Transport=long-polling&X-Atmosphere-TrackMessageSize=true&Content-Type=charset%3Dutf-8&X-atmo-protocol=true&_=1769048260317 HTTP/1.1" 200 -
14.155.90.194 - - [22/Jan/2026:10:12:58 +0800] "POST /InternetTrading/SessionErrorLogger HTTP/1.1" 200 117
14.0.173.64 - - [22/Jan/2026:10:12:58 +0800] "GET /InternetTrading/longpoll/A8127?X-Atmosphere-tracking-id=0&X-Atmosphere-Framework=2.2.3-javascript&X-Atmosphere-Transport=long-polling&X-Atmosphere-TrackMessageSize=true&Content-Type=charset%3Dutf-8&X-atmo-protocol=true&_=1769048264464 HTTP/1.1" 200 -
14.155.90.194 - - [22/Jan/2026:10:12:59 +0800] "POST /InternetTrading/Portfolio HTTP/1.1" 200 1351
14.155.90.194 - - [22/Jan/2026:10:12:59 +0800] "GET /InternetTrading/jquery/wait.gif HTTP/1.1" 200 432
58.152.215.40 - - [22/Jan/2026:10:12:59 +0800] "GET /InternetTrading/longpoll/55136?X-Atmosphere-tracking-id=0&X-Atmosphere-Framework=2.2.3-javascript&X-Atmosphere-Transport=long-polling&X-Atmosphere-TrackMessageSize=true&Content-Type=charset%3Dutf-8&X-atmo-protocol=true&_=1769048263928 HTTP/1.1" 200 -
119.136.155.129 - - [22/Jan/2026:10:13:01 +0800] "GET /InternetTrading/longpoll/51803?X-Atmosphere-tracking-id=0&X-Atmosphere-Framework=2.2.3-javascript&X-Atmosphere-Transport=long-polling&X-Atmosphere-TrackMessageSize=true&Content-Type=charset%3Dutf-8&X-atmo-protocol=true&_=1769048276057 HTTP/1.1" 200 -
14.155.90.194 - - [22/Jan/2026:10:13:02 +0800] "GET /InternetTrading/longpoll/13519?X-Atmosphere-tracking-id=0&X-Atmosphere-Framework=2.2.3-javascript&X-Atmosphere-Transport=long-polling&X-Atmosphere-TrackMessageSize=true&Content-Type=charset%3Dutf-8&X-atmo-protocol=true&_=1769048265846 HTTP/1.1" 200 -
116.48.142.110 - - [22/Jan/2026:10:13:03 +0800] "GET /InternetTrading/longpoll/56231?X-Atmosphere-tracking-id=0&X-Atmosphere-Framework=2.2.3-javascript&X-Atmosphere-Transport=long-polling&X-Atmosphere-TrackMessageSize=true&Content-Type=charset%3Dutf-8&X-atmo-protocol=true&_=1769048266307 HTTP/1.1" 200 -
14.0.173.64 - - [22/Jan/2026:10:13:04 +0800] "GET /InternetTrading/longpoll/A8127?X-Atmosphere-tracking-id=0&X-Atmosphere-Framework=2.2.3-javascript&X-Atmosphere-Transport=long-polling&X-Atmosphere-TrackMessageSize=true&Content-Type=charset%3Dutf-8&X-atmo-protocol=true&_=1769048269540 HTTP/1.1" 200 -
116.48.142.110 - - [22/Jan/2026:10:13:04 +0800] "POST /InternetTrading/SessionErrorLogger HTTP/1.1" 200 117
116.48.142.110 - - [22/Jan/2026:10:13:04 +0800] "POST /InternetTrading/MarketStatus HTTP/1.1" 200 772
116.48.142.110 - - [22/Jan/2026:10:13:04 +0800] "POST /InternetTrading/SessionErrorLogger HTTP/1.1" 200 117
58.152.215.40 - - [22/Jan/2026:10:13:04 +0800] "GET /InternetTrading/longpoll/55136?X-Atmosphere-tracking-id=0&X-Atmosphere-Framework=2.2.3-javascript&X-Atmosphere-Transport=long-polling&X-Atmosphere-TrackMessageSize=true&Content-Type=charset%3Dutf-8&X-atmo-protocol=true&_=1769048268948 HTTP/1.1" 200 -
116.48.142.110 - - [22/Jan/2026:10:13:04 +0800] "POST /InternetTrading/Heartbeat HTTP/1.1" 200 32
119.136.155.129 - - [22/Jan/2026:10:13:05 +0800] "POST /InternetTrading/SessionErrorLogger HTTP/1.1" 200 117
119.136.155.129 - - [22/Jan/2026:10:13:05 +0800] "POST /InternetTrading/Heartbeat HTTP/1.1" 200 32
119.136.155.129 - - [22/Jan/2026:10:13:05 +0800] "POST /InternetTrading/SessionErrorLogger HTTP/1.1" 200 117
119.136.155.129 - - [22/Jan/2026:10:13:05 +0800] "POST /InternetTrading/MarketStatus HTTP/1.1" 200 772
119.136.155.129 - - [22/Jan/2026:10:13:06 +0800] "GET /InternetTrading/longpoll/51803?X-Atmosphere-tracking-id=0&X-Atmosphere-Framework=2.2.3-javascript&X-Atmosphere-Transport=long-polling&X-Atmosphere-TrackMessageSize=true&Content-Type=charset%3Dutf-8&X-atmo-protocol=true&_=1769048281145 HTTP/1.1" 200 -
14.155.90.194 - - [22/Jan/2026:10:13:07 +0800] "GET /InternetTrading/longpoll/13519?X-Atmosphere-tracking-id=0&X-Atmosphere-Framework=2.2.3-javascript&X-Atmosphere-Transport=long-polling&X-Atmosphere-TrackMessageSize=true&Content-Type=charset%3Dutf-8&X-atmo-protocol=true&_=1769048270933 HTTP/1.1" 200 -
14.0.173.64 - - [22/Jan/2026:10:13:09 +0800] "GET /InternetTrading/longpoll/A8127?X-Atmosphere-tracking-id=0&X-Atmosphere-Framework=2.2.3-javascript&X-Atmosphere-Transport=long-polling&X-Atmosphere-TrackMessageSize=true&Content-Type=charset%3Dutf-8&X-atmo-protocol=true&_=1769048274691 HTTP/1.1" 200 -
116.48.142.110 - - [22/Jan/2026:10:13:09 +0800] "GET /InternetTrading/longpoll/56231?X-Atmosphere-tracking-id=0&X-Atmosphere-Framework=2.2.3-javascript&X-Atmosphere-Transport=long-polling&X-Atmosphere-TrackMessageSize=true&Content-Type=charset%3Dutf-8&X-atmo-protocol=true&_=1769048272314 HTTP/1.1" 200 -
58.152.215.40 - - [22/Jan/2026:10:13:09 +0800] "GET /InternetTrading/longpoll/55136?X-Atmosphere-tracking-id=0&X-Atmosphere-Framework=2.2.3-javascript&X-Atmosphere-Transport=long-polling&X-Atmosphere-TrackMessageSize=true&Content-Type=charset%3Dutf-8&X-atmo-protocol=true&_=1769048273972 HTTP/1.1" 200 -
14.155.90.194 - - [22/Jan/2026:10:13:11 +0800] "POST /InternetTrading/SessionErrorLogger HTTP/1.1" 200 117
14.155.90.194 - - [22/Jan/2026:10:13:11 +0800] "POST /InternetTrading/Heartbeat HTTP/1.1" 200 32
119.136.155.129 - - [22/Jan/2026:10:13:11 +0800] "GET /InternetTrading/longpoll/51803?X-Atmosphere-tracking-id=0&X-Atmosphere-Framework=2.2.3-javascript&X-Atmosphere-Transport=long-polling&X-Atmosphere-TrackMessageSize=true&Content-Type=charset%3Dutf-8&X-atmo-protocol=true&_=1769048286166 HTTP/1.1" 200 -
14.155.90.194 - - [22/Jan/2026:10:13:12 +0800] "GET /InternetTrading/longpoll/13519?X-Atmosphere-tracking-id=0&X-Atmosphere-Framework=2.2.3-javascript&X-Atmosphere-Transport=long-polling&X-Atmosphere-TrackMessageSize=true&Content-Type=charset%3Dutf-8&X-atmo-protocol=true&_=1769048276035 HTTP/1.1" 200 -
14.0.173.64 - - [22/Jan/2026:10:13:14 +0800] "GET /InternetTrading/longpoll/A8127?X-Atmosphere-tracking-id=0&X-Atmosphere-Framework=2.2.3-javascript&X-Atmosphere-Transport=long-polling&X-Atmosphere-TrackMessageSize=true&Content-Type=charset%3Dutf-8&X-atmo-protocol=true&_=1769048279906 HTTP/1.1" 200 -
58.152.215.40 - - [22/Jan/2026:10:13:14 +0800] "GET /InternetTrading/longpoll/55136?X-Atmosphere-tracking-id=0&X-Atmosphere-Framework=2.2.3-javascript&X-Atmosphere-Transport=long-polling&X-Atmosphere-TrackMessageSize=true&Content-Type=charset%3Dutf-8&X-atmo-protocol=true&_=1769048279008 HTTP/1.1" 200 -
116.48.142.110 - - [22/Jan/2026:10:13:15 +0800] "GET /InternetTrading/longpoll/56231?X-Atmosphere-tracking-id=0&X-Atmosphere-Framework=2.2.3-javascript&X-Atmosphere-Transport=long-polling&X-Atmosphere-TrackMessageSize=true&Content-Type=charset%3Dutf-8&X-atmo-protocol=true&_=1769048278313 HTTP/1.1" 200 -
58.152.215.40 - - [22/Jan/2026:10:13:16 +0800] "POST /InternetTrading/SessionErrorLogger HTTP/1.1" 200 117
58.152.215.40 - - [22/Jan/2026:10:13:16 +0800] "POST /InternetTrading/Heartbeat HTTP/1.1" 200 32
58.152.215.40 - - [22/Jan/2026:10:13:16 +0800] "POST /InternetTrading/SessionErrorLogger HTTP/1.1" 200 117
58.152.215.40 - - [22/Jan/2026:10:13:16 +0800] "POST /InternetTrading/MarketStatus HTTP/1.1" 200 772
119.136.155.129 - - [22/Jan/2026:10:13:16 +0800] "GET /InternetTrading/longpoll/51803?X-Atmosphere-tracking-id=0&X-Atmosphere-Framework=2.2.3-javascript&X-Atmosphere-Transport=long-polling&X-Atmosphere-TrackMessageSize=true&Content-Type=charset%3Dutf-8&X-atmo-protocol=true&_=1769048291199 HTTP/1.1" 200 -
14.155.90.194 - - [22/Jan/2026:10:13:17 +0800] "GET /InternetTrading/longpoll/13519?X-Atmosphere-tracking-id=0&X-Atmosphere-Framework=2.2.3-javascript&X-Atmosphere-Transport=long-polling&X-Atmosphere-TrackMessageSize=true&Content-Type=charset%3Dutf-8&X-atmo-protocol=true&_=1769048281117 HTTP/1.1" 200 -
14.0.173.64 - - [22/Jan/2026:10:13:19 +0800] "GET /InternetTrading/longpoll/A8127?X-Atmosphere-tracking-id=0&X-Atmosphere-Framework=2.2.3-javascript&X-Atmosphere-Transport=long-polling&X-Atmosphere-TrackMessageSize=true&Content-Type=charset%3Dutf-8&X-atmo-protocol=true&_=1769048285137 HTTP/1.1" 200 -
58.152.215.40 - - [22/Jan/2026:10:13:19 +0800] "GET /InternetTrading/longpoll/55136?X-Atmosphere-tracking-id=0&X-Atmosphere-Framework=2.2.3-javascript&X-Atmosphere-Transport=long-polling&X-Atmosphere-TrackMessageSize=true&Content-Type=charset%3Dutf-8&X-atmo-protocol=true&_=1769048284034 HTTP/1.1" 200 -
116.48.142.110 - - [22/Jan/2026:10:13:21 +0800] "GET /InternetTrading/longpoll/56231?X-Atmosphere-tracking-id=0&X-Atmosphere-Framework=2.2.3-javascript&X-Atmosphere-Transport=long-polling&X-Atmosphere-TrackMessageSize=true&Content-Type=charset%3Dutf-8&X-atmo-protocol=true&_=1769048284320 HTTP/1.1" 200 -
119.136.155.129 - - [22/Jan/2026:10:13:21 +0800] "GET /InternetTrading/longpoll/51803?X-Atmosphere-tracking-id=0&X-Atmosphere-Framework=2.2.3-javascript&X-Atmosphere-Transport=long-polling&X-Atmosphere-TrackMessageSize=true&Content-Type=charset%3Dutf-8&X-atmo-protocol=true&_=1769048296236 HTTP/1.1" 200 -
14.155.90.194 - - [22/Jan/2026:10:13:23 +0800] "GET /InternetTrading/longpoll/13519?X-Atmosphere-tracking-id=0&X-Atmosphere-Framework=2.2.3-javascript&X-Atmosphere-Transport=long-polling&X-Atmosphere-TrackMessageSize=true&Content-Type=charset%3Dutf-8&X-atmo-protocol=true&_=1769048286363 HTTP/1.1" 200 -
14.155.90.194 - - [22/Jan/2026:10:13:23 +0800] "POST /InternetTrading/SessionErrorLogger HTTP/1.1" 200 117
14.155.90.194 - - [22/Jan/2026:10:13:23 +0800] "POST /InternetTrading/MarketStatus HTTP/1.1" 200 772
14.0.173.64 - - [22/Jan/2026:10:13:24 +0800] "POST /InternetTrading/SessionErrorLogger HTTP/1.1" 200 117
14.0.173.64 - - [22/Jan/2026:10:13:24 +0800] "POST /InternetTrading/Heartbeat HTTP/1.1" 200 32
14.0.173.64 - - [22/Jan/2026:10:13:24 +0800] "POST /InternetTrading/SessionErrorLogger HTTP/1.1" 200 117
14.0.173.64 - - [22/Jan/2026:10:13:24 +0800] "POST /InternetTrading/MarketStatus HTTP/1.1" 200 772
14.0.173.64 - - [22/Jan/2026:10:13:24 +0800] "GET /InternetTrading/longpoll/A8127?X-Atmosphere-tracking-id=0&X-Atmosphere-Framework=2.2.3-javascript&X-Atmosphere-Transport=long-polling&X-Atmosphere-TrackMessageSize=true&Content-Type=charset%3Dutf-8&X-atmo-protocol=true&_=1769048290406 HTTP/1.1" 200 -
58.152.215.40 - - [22/Jan/2026:10:13:25 +0800] "GET /InternetTrading/longpoll/55136?X-Atmosphere-tracking-id=0&X-Atmosphere-Framework=2.2.3-javascript&X-Atmosphere-Transport=long-polling&X-Atmosphere-TrackMessageSize=true&Content-Type=charset%3Dutf-8&X-atmo-protocol=true&_=1769048289065 HTTP/1.1" 200 -
119.136.155.129 - - [22/Jan/2026:10:13:26 +0800] "GET /InternetTrading/longpoll/51803?X-Atmosphere-tracking-id=0&X-Atmosphere-Framework=2.2.3-javascript&X-Atmosphere-Transport=long-polling&X-Atmosphere-TrackMessageSize=true&Content-Type=charset%3Dutf-8&X-atmo-protocol=true&_=1769048301300 HTTP/1.1" 200 -
116.48.142.110 - - [22/Jan/2026:10:13:27 +0800] "GET /InternetTrading/longpoll/56231?X-Atmosphere-tracking-id=0&X-Atmosphere-Framework=2.2.3-javascript&X-Atmosphere-Transport=long-polling&X-Atmosphere-TrackMessageSize=true&Content-Type=charset%3Dutf-8&X-atmo-protocol=true&_=1769048290308 HTTP/1.1" 200 -
14.155.90.194 - - [22/Jan/2026:10:13:28 +0800] "GET /InternetTrading/longpoll/13519?X-Atmosphere-tracking-id=0&X-Atmosphere-Framework=2.2.3-javascript&X-Atmosphere-Transport=long-polling&X-Atmosphere-TrackMessageSize=true&Content-Type=charset%3Dutf-8&X-atmo-protocol=true&_=1769048291684 HTTP/1.1" 200 -
14.0.173.64 - - [22/Jan/2026:10:13:30 +0800] "GET /InternetTrading/longpoll/A8127?X-Atmosphere-tracking-id=0&X-Atmosphere-Framework=2.2.3-javascript&X-Atmosphere-Transport=long-polling&X-Atmosphere-TrackMessageSize=true&Content-Type=charset%3Dutf-8&X-atmo-protocol=true&_=1769048295464 HTTP/1.1" 200 -
58.152.215.40 - - [22/Jan/2026:10:13:30 +0800] "GET /InternetTrading/longpoll/55136?X-Atmosphere-tracking-id=0&X-Atmosphere-Framework=2.2.3-javascript&X-Atmosphere-Transport=long-polling&X-Atmosphere-TrackMessageSize=true&Content-Type=charset%3Dutf-8&X-atmo-protocol=true&_=1769048294097 HTTP/1.1" 200 -
119.136.155.129 - - [22/Jan/2026:10:13:31 +0800] "GET /InternetTrading/longpoll/51803?X-Atmosphere-tracking-id=0&X-Atmosphere-Framework=2.2.3-javascript&X-Atmosphere-Transport=long-polling&X-Atmosphere-TrackMessageSize=true&Content-Type=charset%3Dutf-8&X-atmo-protocol=true&_=1769048306330 HTTP/1.1" 200 -
14.155.90.194 - - [22/Jan/2026:10:13:33 +0800] "GET /InternetTrading/longpoll/13519?X-Atmosphere-tracking-id=0&X-Atmosphere-Framework=2.2.3-javascript&X-Atmosphere-Transport=long-polling&X-Atmosphere-TrackMessageSize=true&Content-Type=charset%3Dutf-8&X-atmo-protocol=true&_=1769048296765 HTTP/1.1" 200 -
116.48.142.110 - - [22/Jan/2026:10:13:33 +0800] "GET /InternetTrading/longpoll/56231?X-Atmosphere-tracking-id=0&X-Atmosphere-Framework=2.2.3-javascript&X-Atmosphere-Transport=long-polling&X-Atmosphere-TrackMessageSize=true&Content-Type=charset%3Dutf-8&X-atmo-protocol=true&_=1769048296308 HTTP/1.1" 200 -
58.152.215.40 - - [22/Jan/2026:10:13:35 +0800] "GET /InternetTrading/longpoll/55136?X-Atmosphere-tracking-id=0&X-Atmosphere-Framework=2.2.3-javascript&X-Atmosphere-Transport=long-polling&X-Atmosphere-TrackMessageSize=true&Content-Type=charset%3Dutf-8&X-atmo-protocol=true&_=1769048299132 HTTP/1.1" 200 -
119.136.155.129 - - [22/Jan/2026:10:13:35 +0800] "POST /InternetTrading/SessionErrorLogger HTTP/1.1" 200 117
119.136.155.129 - - [22/Jan/2026:10:13:35 +0800] "POST /InternetTrading/Heartbeat HTTP/1.1" 200 32
14.0.173.64 - - [22/Jan/2026:10:13:35 +0800] "GET /InternetTrading/longpoll/A8127?X-Atmosphere-tracking-id=0&X-Atmosphere-Framework=2.2.3-javascript&X-Atmosphere-Transport=long-polling&X-Atmosphere-TrackMessageSize=true&Content-Type=charset%3Dutf-8&X-atmo-protocol=true&_=1769048300651 HTTP/1.1" 200 -
119.136.155.129 - - [22/Jan/2026:10:13:35 +0800] "POST /InternetTrading/SessionErrorLogger HTTP/1.1" 200 117
119.136.155.129 - - [22/Jan/2026:10:13:35 +0800] "POST /InternetTrading/MarketStatus HTTP/1.1" 200 772
119.136.155.129 - - [22/Jan/2026:10:13:37 +0800] "GET /InternetTrading/longpoll/51803?X-Atmosphere-tracking-id=0&X-Atmosphere-Framework=2.2.3-javascript&X-Atmosphere-Transport=long-polling&X-Atmosphere-TrackMessageSize=true&Content-Type=charset%3Dutf-8&X-atmo-protocol=true&_=1769048311393 HTTP/1.1" 200 -
14.155.90.194 - - [22/Jan/2026:10:13:38 +0800] "POST /InternetTrading/SessionErrorLogger HTTP/1.1" 200 117
14.155.90.194 - - [22/Jan/2026:10:13:38 +0800] "GET /InternetTrading/tc/sell_ticket.html? HTTP/1.1" 200 2261
14.155.90.194 - - [22/Jan/2026:10:13:38 +0800] "POST /InternetTrading/SessionErrorLogger HTTP/1.1" 200 117
14.155.90.194 - - [22/Jan/2026:10:13:38 +0800] "POST /InternetTrading/MarketStatus HTTP/1.1" 200 772
14.155.90.194 - - [22/Jan/2026:10:13:38 +0800] "POST /InternetTrading/SessionErrorLogger HTTP/1.1" 200 117
14.155.90.194 - - [22/Jan/2026:10:13:38 +0800] "POST /InternetTrading/MarketStatus HTTP/1.1" 200 772
14.155.90.194 - - [22/Jan/2026:10:13:38 +0800] "POST /InternetTrading/SessionErrorLogger HTTP/1.1" 200 117
14.155.90.194 - - [22/Jan/2026:10:13:38 +0800] "POST /InternetTrading/SessionErrorLogger HTTP/1.1" 200 117
14.155.90.194 - - [22/Jan/2026:10:13:38 +0800] "POST /InternetTrading/Product HTTP/1.1" 200 306
14.155.90.194 - - [22/Jan/2026:10:13:38 +0800] "POST /InternetTrading/OrderMaxQuantity HTTP/1.1" 200 8
14.155.90.194 - - [22/Jan/2026:10:13:38 +0800] "GET /InternetTrading/longpoll/13519?X-Atmosphere-tracking-id=0&X-Atmosphere-Framework=2.2.3-javascript&X-Atmosphere-Transport=long-polling&X-Atmosphere-TrackMessageSize=true&Content-Type=charset%3Dutf-8&X-atmo-protocol=true&_=1769048302271 HTTP/1.1" 200 -
116.48.142.110 - - [22/Jan/2026:10:13:39 +0800] "GET /InternetTrading/longpoll/56231?X-Atmosphere-tracking-id=0&X-Atmosphere-Framework=2.2.3-javascript&X-Atmosphere-Transport=long-polling&X-Atmosphere-TrackMessageSize=true&Content-Type=charset%3Dutf-8&X-atmo-protocol=true&_=1769048302315 HTTP/1.1" 200 -
58.152.215.40 - - [22/Jan/2026:10:13:40 +0800] "GET /InternetTrading/longpoll/55136?X-Atmosphere-tracking-id=0&X-Atmosphere-Framework=2.2.3-javascript&X-Atmosphere-Transport=long-polling&X-Atmosphere-TrackMessageSize=true&Content-Type=charset%3Dutf-8&X-atmo-protocol=true&_=1769048304165 HTTP/1.1" 200 -
14.0.173.64 - - [22/Jan/2026:10:13:40 +0800] "GET /InternetTrading/longpoll/A8127?X-Atmosphere-tracking-id=0&X-Atmosphere-Framework=2.2.3-javascript&X-Atmosphere-Transport=long-polling&X-Atmosphere-TrackMessageSize=true&Content-Type=charset%3Dutf-8&X-atmo-protocol=true&_=1769048305760 HTTP/1.1" 200 -
14.155.90.194 - - [22/Jan/2026:10:13:41 +0800] "POST /InternetTrading/SessionErrorLogger HTTP/1.1" 200 117
14.155.90.194 - - [22/Jan/2026:10:13:41 +0800] "POST /InternetTrading/Heartbeat HTTP/1.1" 200 32
119.136.155.129 - - [22/Jan/2026:10:13:42 +0800] "GET /InternetTrading/longpoll/51803?X-Atmosphere-tracking-id=0&X-Atmosphere-Framework=2.2.3-javascript&X-Atmosphere-Transport=long-polling&X-Atmosphere-TrackMessageSize=true&Content-Type=charset%3Dutf-8&X-atmo-protocol=true&_=1769048316417 HTTP/1.1" 200 -
14.155.90.194 - - [22/Jan/2026:10:13:43 +0800] "GET /InternetTrading/longpoll/13519?X-Atmosphere-tracking-id=0&X-Atmosphere-Framework=2.2.3-javascript&X-Atmosphere-Transport=long-polling&X-Atmosphere-TrackMessageSize=true&Content-Type=charset%3Dutf-8&X-atmo-protocol=true&_=1769048307405 HTTP/1.1" 200 -
58.152.215.40 - - [22/Jan/2026:10:13:45 +0800] "GET /InternetTrading/longpoll/55136?X-Atmosphere-tracking-id=0&X-Atmosphere-Framework=2.2.3-javascript&X-Atmosphere-Transport=long-polling&X-Atmosphere-TrackMessageSize=true&Content-Type=charset%3Dutf-8&X-atmo-protocol=true&_=1769048309211 HTTP/1.1" 200 -
116.48.142.110 - - [22/Jan/2026:10:13:45 +0800] "GET /InternetTrading/longpoll/56231?X-Atmosphere-tracking-id=0&X-Atmosphere-Framework=2.2.3-javascript&X-Atmosphere-Transport=long-polling&X-Atmosphere-TrackMessageSize=true&Content-Type=charset%3Dutf-8&X-atmo-protocol=true&_=1769048308320 HTTP/1.1" 200 -
14.0.173.64 - - [22/Jan/2026:10:13:45 +0800] "GET /InternetTrading/longpoll/A8127?X-Atmosphere-tracking-id=0&X-Atmosphere-Framework=2.2.3-javascript&X-Atmosphere-Transport=long-polling&X-Atmosphere-TrackMessageSize=true&Content-Type=charset%3Dutf-8&X-atmo-protocol=true&_=1769048311199 HTTP/1.1" 200 -
58.152.215.40 - - [22/Jan/2026:10:13:46 +0800] "POST /InternetTrading/SessionErrorLogger HTTP/1.1" 200 117
58.152.215.40 - - [22/Jan/2026:10:13:46 +0800] "POST /InternetTrading/Heartbeat HTTP/1.1" 200 32
58.152.215.40 - - [22/Jan/2026:10:13:46 +0800] "POST /InternetTrading/SessionErrorLogger HTTP/1.1" 200 117
58.152.215.40 - - [22/Jan/2026:10:13:46 +0800] "POST /InternetTrading/MarketStatus HTTP/1.1" 200 772
119.136.155.129 - - [22/Jan/2026:10:13:47 +0800] "GET /InternetTrading/longpoll/51803?X-Atmosphere-tracking-id=0&X-Atmosphere-Framework=2.2.3-javascript&X-Atmosphere-Transport=long-polling&X-Atmosphere-TrackMessageSize=true&Content-Type=charset%3Dutf-8&X-atmo-protocol=true&_=1769048321450 HTTP/1.1" 200 -
14.155.90.194 - - [22/Jan/2026:10:13:49 +0800] "GET /InternetTrading/longpoll/13519?X-Atmosphere-tracking-id=0&X-Atmosphere-Framework=2.2.3-javascript&X-Atmosphere-Transport=long-polling&X-Atmosphere-TrackMessageSize=true&Content-Type=charset%3Dutf-8&X-atmo-protocol=true&_=1769048312487 HTTP/1.1" 200 -
58.152.215.40 - - [22/Jan/2026:10:13:50 +0800] "GET /InternetTrading/longpoll/55136?X-Atmosphere-tracking-id=0&X-Atmosphere-Framework=2.2.3-javascript&X-Atmosphere-Transport=long-polling&X-Atmosphere-TrackMessageSize=true&Content-Type=charset%3Dutf-8&X-atmo-protocol=true&_=1769048314238 HTTP/1.1" 200 -
14.0.173.64 - - [22/Jan/2026:10:13:50 +0800] "GET /InternetTrading/longpoll/A8127?X-Atmosphere-tracking-id=0&X-Atmosphere-Framework=2.2.3-javascript&X-Atmosphere-Transport=long-polling&X-Atmosphere-TrackMessageSize=true&Content-Type=charset%3Dutf-8&X-atmo-protocol=true&_=1769048316438 HTTP/1.1" 200 -
116.48.142.110 - - [22/Jan/2026:10:13:51 +0800] "GET /InternetTrading/longpoll/56231?X-Atmosphere-tracking-id=0&X-Atmosphere-Framework=2.2.3-javascript&X-Atmosphere-Transport=long-polling&X-Atmosphere-TrackMessageSize=true&Content-Type=charset%3Dutf-8&X-atmo-protocol=true&_=1769048314315 HTTP/1.1" 200 -
119.136.155.129 - - [22/Jan/2026:10:13:52 +0800] "GET /InternetTrading/longpoll/51803?X-Atmosphere-tracking-id=0&X-Atmosphere-Framework=2.2.3-javascript&X-Atmosphere-Transport=long-polling&X-Atmosphere-TrackMessageSize=true&Content-Type=charset%3Dutf-8&X-atmo-protocol=true&_=1769048326507 HTTP/1.1" 200 -
14.155.90.194 - - [22/Jan/2026:10:13:54 +0800] "GET /InternetTrading/longpoll/13519?X-Atmosphere-tracking-id=0&X-Atmosphere-Framework=2.2.3-javascript&X-Atmosphere-Transport=long-polling&X-Atmosphere-TrackMessageSize=true&Content-Type=charset%3Dutf-8&X-atmo-protocol=true&_=1769048317729 HTTP/1.1" 200 -
14.0.173.64 - - [22/Jan/2026:10:13:54 +0800] "POST /InternetTrading/SessionErrorLogger HTTP/1.1" 200 117
14.0.173.64 - - [22/Jan/2026:10:13:54 +0800] "POST /InternetTrading/Heartbeat HTTP/1.1" 200 32
14.0.173.64 - - [22/Jan/2026:10:13:54 +0800] "POST /InternetTrading/SessionErrorLogger HTTP/1.1" 200 117
14.0.173.64 - - [22/Jan/2026:10:13:54 +0800] "POST /InternetTrading/MarketStatus HTTP/1.1" 200 772
58.152.215.40 - - [22/Jan/2026:10:13:55 +0800] "GET /InternetTrading/longpoll/55136?X-Atmosphere-tracking-id=0&X-Atmosphere-Framework=2.2.3-javascript&X-Atmosphere-Transport=long-polling&X-Atmosphere-TrackMessageSize=true&Content-Type=charset%3Dutf-8&X-atmo-protocol=true&_=1769048319260 HTTP/1.1" 200 -
14.0.173.64 - - [22/Jan/2026:10:13:56 +0800] "GET /InternetTrading/longpoll/A8127?X-Atmosphere-tracking-id=0&X-Atmosphere-Framework=2.2.3-javascript&X-Atmosphere-Transport=long-polling&X-Atmosphere-TrackMessageSize=true&Content-Type=charset%3Dutf-8&X-atmo-protocol=true&_=1769048321564 HTTP/1.1" 200 -
119.136.155.129 - - [22/Jan/2026:10:13:57 +0800] "GET /InternetTrading/longpoll/51803?X-Atmosphere-tracking-id=0&X-Atmosphere-Framework=2.2.3-javascript&X-Atmosphere-Transport=long-polling&X-Atmosphere-TrackMessageSize=true&Content-Type=charset%3Dutf-8&X-atmo-protocol=true&_=1769048331571 HTTP/1.1" 200 -
116.48.142.110 - - [22/Jan/2026:10:13:57 +0800] "GET /InternetTrading/longpoll/56231?X-Atmosphere-tracking-id=0&X-Atmosphere-Framework=2.2.3-javascript&X-Atmosphere-Transport=long-polling&X-Atmosphere-TrackMessageSize=true&Content-Type=charset%3Dutf-8&X-atmo-protocol=true&_=1769048320313 HTTP/1.1" 200 -
14.155.90.194 - - [22/Jan/2026:10:13:59 +0800] "GET /InternetTrading/longpoll/13519?X-Atmosphere-tracking-id=0&X-Atmosphere-Framework=2.2.3-javascript&X-Atmosphere-Transport=long-polling&X-Atmosphere-TrackMessageSize=true&Content-Type=charset%3Dutf-8&X-atmo-protocol=true&_=1769048322963 HTTP/1.1" 200 -
58.152.215.40 - - [22/Jan/2026:10:14:00 +0800] "GET /InternetTrading/longpoll/55136?X-Atmosphere-tracking-id=0&X-Atmosphere-Framework=2.2.3-javascript&X-Atmosphere-Transport=long-polling&X-Atmosphere-TrackMessageSize=true&Content-Type=charset%3Dutf-8&X-atmo-protocol=true&_=1769048324308 HTTP/1.1" 200 -
14.0.173.64 - - [22/Jan/2026:10:14:01 +0800] "GET /InternetTrading/longpoll/A8127?X-Atmosphere-tracking-id=0&X-Atmosphere-Framework=2.2.3-javascript&X-Atmosphere-Transport=long-polling&X-Atmosphere-TrackMessageSize=true&Content-Type=charset%3Dutf-8&X-atmo-protocol=true&_=1769048326607 HTTP/1.1" 200 -
119.136.155.129 - - [22/Jan/2026:10:14:02 +0800] "GET /InternetTrading/longpoll/51803?X-Atmosphere-tracking-id=0&X-Atmosphere-Framework=2.2.3-javascript&X-Atmosphere-Transport=long-polling&X-Atmosphere-TrackMessageSize=true&Content-Type=charset%3Dutf-8&X-atmo-protocol=true&_=1769048336621 HTTP/1.1" 200 -
116.48.142.110 - - [22/Jan/2026:10:14:03 +0800] "GET /InternetTrading/longpoll/56231?X-Atmosphere-tracking-id=0&X-Atmosphere-Framework=2.2.3-javascript&X-Atmosphere-Transport=long-polling&X-Atmosphere-TrackMessageSize=true&Content-Type=charset%3Dutf-8&X-atmo-protocol=true&_=1769048326319 HTTP/1.1" 200 -
116.48.142.110 - - [22/Jan/2026:10:14:04 +0800] "POST /InternetTrading/SessionErrorLogger HTTP/1.1" 200 117
116.48.142.110 - - [22/Jan/2026:10:14:04 +0800] "POST /InternetTrading/MarketStatus HTTP/1.1" 200 772
116.48.142.110 - - [22/Jan/2026:10:14:04 +0800] "POST /InternetTrading/SessionErrorLogger HTTP/1.1" 200 117
116.48.142.110 - - [22/Jan/2026:10:14:04 +0800] "POST /InternetTrading/Heartbeat HTTP/1.1" 200 32
14.155.90.194 - - [22/Jan/2026:10:14:04 +0800] "GET /InternetTrading/longpoll/13519?X-Atmosphere-tracking-id=0&X-Atmosphere-Framework=2.2.3-javascript&X-Atmosphere-Transport=long-polling&X-Atmosphere-TrackMessageSize=true&Content-Type=charset%3Dutf-8&X-atmo-protocol=true&_=1769048328200 HTTP/1.1" 200 -
119.136.155.129 - - [22/Jan/2026:10:14:05 +0800] "POST /InternetTrading/SessionErrorLogger HTTP/1.1" 200 117
119.136.155.129 - - [22/Jan/2026:10:14:05 +0800] "POST /InternetTrading/Heartbeat HTTP/1.1" 200 32
119.136.155.129 - - [22/Jan/2026:10:14:05 +0800] "POST /InternetTrading/SessionErrorLogger HTTP/1.1" 200 117
119.136.155.129 - - [22/Jan/2026:10:14:05 +0800] "POST /InternetTrading/MarketStatus HTTP/1.1" 200 772
14.155.90.194 - - [22/Jan/2026:10:14:05 +0800] "GET /InternetTrading/jquery/images/ui-icons_454545_256x240.png HTTP/1.1" 200 6992
58.152.215.40 - - [22/Jan/2026:10:14:05 +0800] "GET /InternetTrading/longpoll/55136?X-Atmosphere-tracking-id=0&X-Atmosphere-Framework=2.2.3-javascript&X-Atmosphere-Transport=long-polling&X-Atmosphere-TrackMessageSize=true&Content-Type=charset%3Dutf-8&X-atmo-protocol=true&_=1769048329354 HTTP/1.1" 200 -
14.0.173.64 - - [22/Jan/2026:10:14:06 +0800] "GET /InternetTrading/longpoll/A8127?X-Atmosphere-tracking-id=0&X-Atmosphere-Framework=2.2.3-javascript&X-Atmosphere-Transport=long-polling&X-Atmosphere-TrackMessageSize=true&Content-Type=charset%3Dutf-8&X-atmo-protocol=true&_=1769048331761 HTTP/1.1" 200 -
119.136.155.129 - - [22/Jan/2026:10:14:07 +0800] "GET /InternetTrading/longpoll/51803?X-Atmosphere-tracking-id=0&X-Atmosphere-Framework=2.2.3-javascript&X-Atmosphere-Transport=long-polling&X-Atmosphere-TrackMessageSize=true&Content-Type=charset%3Dutf-8&X-atmo-protocol=true&_=1769048341689 HTTP/1.1" 200 -
14.155.90.194 - - [22/Jan/2026:10:14:08 +0800] "POST /InternetTrading/SessionErrorLogger HTTP/1.1" 200 117
14.155.90.194 - - [22/Jan/2026:10:14:08 +0800] "POST /InternetTrading/MarketStatus HTTP/1.1" 200 772
116.48.142.110 - - [22/Jan/2026:10:14:09 +0800] "GET /InternetTrading/longpoll/56231?X-Atmosphere-tracking-id=0&X-Atmosphere-Framework=2.2.3-javascript&X-Atmosphere-Transport=long-polling&X-Atmosphere-TrackMessageSize=true&Content-Type=charset%3Dutf-8&X-atmo-protocol=true&_=1769048332312 HTTP/1.1" 200 -
14.155.90.194 - - [22/Jan/2026:10:14:09 +0800] "GET /InternetTrading/longpoll/13519?X-Atmosphere-tracking-id=0&X-Atmosphere-Framework=2.2.3-javascript&X-Atmosphere-Transport=long-polling&X-Atmosphere-TrackMessageSize=true&Content-Type=charset%3Dutf-8&X-atmo-protocol=true&_=1769048333446 HTTP/1.1" 200 -
58.152.215.40 - - [22/Jan/2026:10:14:10 +0800] "GET /InternetTrading/longpoll/55136?X-Atmosphere-tracking-id=0&X-Atmosphere-Framework=2.2.3-javascript&X-Atmosphere-Transport=long-polling&X-Atmosphere-TrackMessageSize=true&Content-Type=charset%3Dutf-8&X-atmo-protocol=true&_=1769048334390 HTTP/1.1" 200 -
14.155.90.194 - - [22/Jan/2026:10:14:11 +0800] "POST /InternetTrading/SessionErrorLogger HTTP/1.1" 200 117
14.155.90.194 - - [22/Jan/2026:10:14:11 +0800] "POST /InternetTrading/Heartbeat HTTP/1.1" 200 32
14.0.173.64 - - [22/Jan/2026:10:14:11 +0800] "GET /InternetTrading/longpoll/A8127?X-Atmosphere-tracking-id=0&X-Atmosphere-Framework=2.2.3-javascript&X-Atmosphere-Transport=long-polling&X-Atmosphere-TrackMessageSize=true&Content-Type=charset%3Dutf-8&X-atmo-protocol=true&_=1769048336882 HTTP/1.1" 200 -
14.155.90.194 - - [22/Jan/2026:10:14:11 +0800] "POST /InternetTrading/SessionErrorLogger HTTP/1.1" 200 117
14.155.90.194 - - [22/Jan/2026:10:14:11 +0800] "POST /InternetTrading/LoginKey HTTP/1.1" 200 -
14.155.90.194 - - [22/Jan/2026:10:14:11 +0800] "POST /InternetTrading/PreOrder HTTP/1.1" 200 1235
14.155.90.194 - - [22/Jan/2026:10:14:12 +0800] "GET /InternetTrading/jquery/wait.gif HTTP/1.1" 200 432
119.136.155.129 - - [22/Jan/2026:10:14:12 +0800] "GET /InternetTrading/longpoll/51803?X-Atmosphere-tracking-id=0&X-Atmosphere-Framework=2.2.3-javascript&X-Atmosphere-Transport=long-polling&X-Atmosphere-TrackMessageSize=true&Content-Type=charset%3Dutf-8&X-atmo-protocol=true&_=1769048346718 HTTP/1.1" 200 -
14.155.90.194 - - [22/Jan/2026:10:14:13 +0800] "POST /InternetTrading/SessionErrorLogger HTTP/1.1" 200 117
14.155.90.194 - - [22/Jan/2026:10:14:13 +0800] "GET /InternetTrading/Csrf?url=/Order HTTP/1.1" 200 126
14.155.90.194 - - [22/Jan/2026:10:14:13 +0800] "POST /InternetTrading/SessionErrorLogger HTTP/1.1" 200 117
14.155.90.194 - - [22/Jan/2026:10:14:13 +0800] "POST /InternetTrading/LoginKey HTTP/1.1" 200 -
14.155.90.194 - - [22/Jan/2026:10:14:13 +0800] "POST /InternetTrading/SessionErrorLogger HTTP/1.1" 200 117
14.155.90.194 - - [22/Jan/2026:10:14:13 +0800] "POST /InternetTrading/Order?csrf_nonce=E33491A6E406FEFE4D6A49742D51BB01 HTTP/1.1" 200 1021
14.155.90.194 - - [22/Jan/2026:10:14:13 +0800] "POST /InternetTrading/SessionErrorLogger HTTP/1.1" 200 117
14.155.90.194 - - [22/Jan/2026:10:14:13 +0800] "GET /InternetTrading/tc/sell_ticket.html? HTTP/1.1" 200 2261
14.155.90.194 - - [22/Jan/2026:10:14:13 +0800] "POST /InternetTrading/SessionErrorLogger HTTP/1.1" 200 117
14.155.90.194 - - [22/Jan/2026:10:14:14 +0800] "POST /InternetTrading/SessionErrorLogger HTTP/1.1" 200 117
14.155.90.194 - - [22/Jan/2026:10:14:14 +0800] "POST /InternetTrading/MarketStatus HTTP/1.1" 200 772
14.155.90.194 - - [22/Jan/2026:10:14:14 +0800] "POST /InternetTrading/MarketStatus HTTP/1.1" 200 772
14.155.90.194 - - [22/Jan/2026:10:14:15 +0800] "GET /InternetTrading/longpoll/13519?X-Atmosphere-tracking-id=0&X-Atmosphere-Framework=2.2.3-javascript&X-Atmosphere-Transport=long-polling&X-Atmosphere-TrackMessageSize=true&Content-Type=charset%3Dutf-8&X-atmo-protocol=true&_=1769048338532 HTTP/1.1" 200 -
58.152.215.40 - - [22/Jan/2026:10:14:15 +0800] "GET /InternetTrading/longpoll/55136?X-Atmosphere-tracking-id=0&X-Atmosphere-Framework=2.2.3-javascript&X-Atmosphere-Transport=long-polling&X-Atmosphere-TrackMessageSize=true&Content-Type=charset%3Dutf-8&X-atmo-protocol=true&_=1769048339411 HTTP/1.1" 200 -
116.48.142.110 - - [22/Jan/2026:10:14:15 +0800] "GET /InternetTrading/longpoll/56231?X-Atmosphere-tracking-id=0&X-Atmosphere-Framework=2.2.3-javascript&X-Atmosphere-Transport=long-polling&X-Atmosphere-TrackMessageSize=true&Content-Type=charset%3Dutf-8&X-atmo-protocol=true&_=1769048338307 HTTP/1.1" 200 -
14.155.90.194 - - [22/Jan/2026:10:14:15 +0800] "POST /InternetTrading/SessionErrorLogger HTTP/1.1" 200 117
14.155.90.194 - - [22/Jan/2026:10:14:15 +0800] "POST /InternetTrading/Orderbook HTTP/1.1" 200 1558
14.155.90.194 - - [22/Jan/2026:10:14:15 +0800] "GET /InternetTrading/jquery/wait.gif HTTP/1.1" 200 432
58.152.215.40 - - [22/Jan/2026:10:14:16 +0800] "POST /InternetTrading/SessionErrorLogger HTTP/1.1" 200 117
58.152.215.40 - - [22/Jan/2026:10:14:16 +0800] "POST /InternetTrading/Heartbeat HTTP/1.1" 200 32
58.152.215.40 - - [22/Jan/2026:10:14:16 +0800] "POST /InternetTrading/SessionErrorLogger HTTP/1.1" 200 117
58.152.215.40 - - [22/Jan/2026:10:14:16 +0800] "POST /InternetTrading/MarketStatus HTTP/1.1" 200 772
14.0.173.64 - - [22/Jan/2026:10:14:16 +0800] "GET /InternetTrading/longpoll/A8127?X-Atmosphere-tracking-id=0&X-Atmosphere-Framework=2.2.3-javascript&X-Atmosphere-Transport=long-polling&X-Atmosphere-TrackMessageSize=true&Content-Type=charset%3Dutf-8&X-atmo-protocol=true&_=1769048342058 HTTP/1.1" 200 -
119.136.155.129 - - [22/Jan/2026:10:14:17 +0800] "GET /InternetTrading/longpoll/51803?X-Atmosphere-tracking-id=0&X-Atmosphere-Framework=2.2.3-javascript&X-Atmosphere-Transport=long-polling&X-Atmosphere-TrackMessageSize=true&Content-Type=charset%3Dutf-8&X-atmo-protocol=true&_=1769048351775 HTTP/1.1" 200 -
14.155.90.194 - - [22/Jan/2026:10:14:20 +0800] "GET /InternetTrading/longpoll/13519?X-Atmosphere-tracking-id=0&X-Atmosphere-Framework=2.2.3-javascript&X-Atmosphere-Transport=long-polling&X-Atmosphere-TrackMessageSize=true&Content-Type=charset%3Dutf-8&X-atmo-protocol=true&_=1769048343611 HTTP/1.1" 200 -
58.152.215.40 - - [22/Jan/2026:10:14:20 +0800] "GET /InternetTrading/longpoll/55136?X-Atmosphere-tracking-id=0&X-Atmosphere-Framework=2.2.3-javascript&X-Atmosphere-Transport=long-polling&X-Atmosphere-TrackMessageSize=true&Content-Type=charset%3Dutf-8&X-atmo-protocol=true&_=1769048344443 HTTP/1.1" 200 -
14.155.90.194 - - [22/Jan/2026:10:14:21 +0800] "GET /InternetTrading/jquery/wait.gif HTTP/1.1" 200 432
14.155.90.194 - - [22/Jan/2026:10:14:21 +0800] "POST /InternetTrading/SessionErrorLogger HTTP/1.1" 200 117
116.48.142.110 - - [22/Jan/2026:10:14:21 +0800] "GET /InternetTrading/longpoll/56231?X-Atmosphere-tracking-id=0&X-Atmosphere-Framework=2.2.3-javascript&X-Atmosphere-Transport=long-polling&X-Atmosphere-TrackMessageSize=true&Content-Type=charset%3Dutf-8&X-atmo-protocol=true&_=1769048344314 HTTP/1.1" 200 -
14.155.90.194 - - [22/Jan/2026:10:14:21 +0800] "POST /InternetTrading/Portfolio HTTP/1.1" 200 1364
14.0.173.64 - - [22/Jan/2026:10:14:21 +0800] "GET /InternetTrading/longpoll/A8127?X-Atmosphere-tracking-id=0&X-Atmosphere-Framework=2.2.3-javascript&X-Atmosphere-Transport=long-polling&X-Atmosphere-TrackMessageSize=true&Content-Type=charset%3Dutf-8&X-atmo-protocol=true&_=1769048347284 HTTP/1.1" 200 -
119.136.155.129 - - [22/Jan/2026:10:14:22 +0800] "GET /InternetTrading/longpoll/51803?X-Atmosphere-tracking-id=0&X-Atmosphere-Framework=2.2.3-javascript&X-Atmosphere-Transport=long-polling&X-Atmosphere-TrackMessageSize=true&Content-Type=charset%3Dutf-8&X-atmo-protocol=true&_=1769048356848 HTTP/1.1" 200 -
14.0.173.64 - - [22/Jan/2026:10:14:24 +0800] "POST /InternetTrading/SessionErrorLogger HTTP/1.1" 200 117
14.0.173.64 - - [22/Jan/2026:10:14:24 +0800] "POST /InternetTrading/Heartbeat HTTP/1.1" 200 32
14.0.173.64 - - [22/Jan/2026:10:14:24 +0800] "POST /InternetTrading/SessionErrorLogger HTTP/1.1" 200 117
14.0.173.64 - - [22/Jan/2026:10:14:25 +0800] "POST /InternetTrading/MarketStatus HTTP/1.1" 200 772
14.155.90.194 - - [22/Jan/2026:10:14:25 +0800] "GET /InternetTrading/longpoll/13519?X-Atmosphere-tracking-id=0&X-Atmosphere-Framework=2.2.3-javascript&X-Atmosphere-Transport=long-polling&X-Atmosphere-TrackMessageSize=true&Content-Type=charset%3Dutf-8&X-atmo-protocol=true&_=1769048348692 HTTP/1.1" 200 -
58.152.215.40 - - [22/Jan/2026:10:14:25 +0800] "GET /InternetTrading/longpoll/55136?X-Atmosphere-tracking-id=0&X-Atmosphere-Framework=2.2.3-javascript&X-Atmosphere-Transport=long-polling&X-Atmosphere-TrackMessageSize=true&Content-Type=charset%3Dutf-8&X-atmo-protocol=true&_=1769048349477 HTTP/1.1" 200 -
14.155.90.194 - - [22/Jan/2026:10:14:25 +0800] "GET /InternetTrading/jquery/wait.gif HTTP/1.1" 200 432
14.155.90.194 - - [22/Jan/2026:10:14:25 +0800] "POST /InternetTrading/SessionErrorLogger HTTP/1.1" 200 117
14.155.90.194 - - [22/Jan/2026:10:14:25 +0800] "POST /InternetTrading/Orderbook HTTP/1.1" 200 1558
14.0.173.64 - - [22/Jan/2026:10:14:26 +0800] "GET /InternetTrading/longpoll/A8127?X-Atmosphere-tracking-id=0&X-Atmosphere-Framework=2.2.3-javascript&X-Atmosphere-Transport=long-polling&X-Atmosphere-TrackMessageSize=true&Content-Type=charset%3Dutf-8&X-atmo-protocol=true&_=1769048352441 HTTP/1.1" 200 -
119.136.155.129 - - [22/Jan/2026:10:14:27 +0800] "GET /InternetTrading/longpoll/51803?X-Atmosphere-tracking-id=0&X-Atmosphere-Framework=2.2.3-javascript&X-Atmosphere-Transport=long-polling&X-Atmosphere-TrackMessageSize=true&Content-Type=charset%3Dutf-8&X-atmo-protocol=true&_=1769048361876 HTTP/1.1" 200 -
116.48.142.110 - - [22/Jan/2026:10:14:27 +0800] "GET /InternetTrading/longpoll/56231?X-Atmosphere-tracking-id=0&X-Atmosphere-Framework=2.2.3-javascript&X-Atmosphere-Transport=long-polling&X-Atmosphere-TrackMessageSize=true&Content-Type=charset%3Dutf-8&X-atmo-protocol=true&_=1769048350309 HTTP/1.1" 200 -
14.155.90.194 - - [22/Jan/2026:10:14:29 +0800] "GET /InternetTrading/jquery/wait.gif HTTP/1.1" 200 432
14.155.90.194 - - [22/Jan/2026:10:14:29 +0800] "POST /InternetTrading/SessionErrorLogger HTTP/1.1" 200 117
14.155.90.194 - - [22/Jan/2026:10:14:29 +0800] "POST /InternetTrading/Portfolio HTTP/1.1" 200 1364
14.155.90.194 - - [22/Jan/2026:10:14:30 +0800] "GET /InternetTrading/longpoll/13519?X-Atmosphere-tracking-id=0&X-Atmosphere-Framework=2.2.3-javascript&X-Atmosphere-Transport=long-polling&X-Atmosphere-TrackMessageSize=true&Content-Type=charset%3Dutf-8&X-atmo-protocol=true&_=1769048353773 HTTP/1.1" 200 -
58.152.215.40 - - [22/Jan/2026:10:14:30 +0800] "GET /InternetTrading/longpoll/55136?X-Atmosphere-tracking-id=0&X-Atmosphere-Framework=2.2.3-javascript&X-Atmosphere-Transport=long-polling&X-Atmosphere-TrackMessageSize=true&Content-Type=charset%3Dutf-8&X-atmo-protocol=true&_=1769048354510 HTTP/1.1" 200 -
14.0.173.64 - - [22/Jan/2026:10:14:32 +0800] "GET /InternetTrading/longpoll/A8127?X-Atmosphere-tracking-id=0&X-Atmosphere-Framework=2.2.3-javascript&X-Atmosphere-Transport=long-polling&X-Atmosphere-TrackMessageSize=true&Content-Type=charset%3Dutf-8&X-atmo-protocol=true&_=1769048357500 HTTP/1.1" 200 -
119.136.155.129 - - [22/Jan/2026:10:14:32 +0800] "GET /InternetTrading/longpoll/51803?X-Atmosphere-tracking-id=0&X-Atmosphere-Framework=2.2.3-javascript&X-Atmosphere-Transport=long-polling&X-Atmosphere-TrackMessageSize=true&Content-Type=charset%3Dutf-8&X-atmo-protocol=true&_=1769048366943 HTTP/1.1" 200 -
116.48.142.110 - - [22/Jan/2026:10:14:33 +0800] "GET /InternetTrading/longpoll/56231?X-Atmosphere-tracking-id=0&X-Atmosphere-Framework=2.2.3-javascript&X-Atmosphere-Transport=long-polling&X-Atmosphere-TrackMessageSize=true&Content-Type=charset%3Dutf-8&X-atmo-protocol=true&_=1769048356308 HTTP/1.1" 200 -
14.155.90.194 - - [22/Jan/2026:10:14:34 +0800] "POST /InternetTrading/SessionErrorLogger HTTP/1.1" 200 117
14.155.90.194 - - [22/Jan/2026:10:14:34 +0800] "GET /InternetTrading/tc/sell_ticket.html? HTTP/1.1" 200 2261
14.155.90.194 - - [22/Jan/2026:10:14:34 +0800] "POST /InternetTrading/SessionErrorLogger HTTP/1.1" 200 117
14.155.90.194 - - [22/Jan/2026:10:14:34 +0800] "POST /InternetTrading/MarketStatus HTTP/1.1" 200 772
14.155.90.194 - - [22/Jan/2026:10:14:34 +0800] "POST /InternetTrading/SessionErrorLogger HTTP/1.1" 200 117
14.155.90.194 - - [22/Jan/2026:10:14:34 +0800] "POST /InternetTrading/MarketStatus HTTP/1.1" 200 772
14.155.90.194 - - [22/Jan/2026:10:14:34 +0800] "POST /InternetTrading/SessionErrorLogger HTTP/1.1" 200 117
14.155.90.194 - - [22/Jan/2026:10:14:35 +0800] "POST /InternetTrading/SessionErrorLogger HTTP/1.1" 200 117
14.155.90.194 - - [22/Jan/2026:10:14:35 +0800] "POST /InternetTrading/Product HTTP/1.1" 200 306
14.155.90.194 - - [22/Jan/2026:10:14:35 +0800] "POST /InternetTrading/OrderMaxQuantity HTTP/1.1" 200 7
119.136.155.129 - - [22/Jan/2026:10:14:35 +0800] "POST /InternetTrading/SessionErrorLogger HTTP/1.1" 200 117
119.136.155.129 - - [22/Jan/2026:10:14:35 +0800] "POST /InternetTrading/Heartbeat HTTP/1.1" 200 32
119.136.155.129 - - [22/Jan/2026:10:14:35 +0800] "POST /InternetTrading/SessionErrorLogger HTTP/1.1" 200 117
119.136.155.129 - - [22/Jan/2026:10:14:35 +0800] "POST /InternetTrading/MarketStatus HTTP/1.1" 200 772
14.155.90.194 - - [22/Jan/2026:10:14:35 +0800] "GET /InternetTrading/longpoll/13519?X-Atmosphere-tracking-id=0&X-Atmosphere-Framework=2.2.3-javascript&X-Atmosphere-Transport=long-polling&X-Atmosphere-TrackMessageSize=true&Content-Type=charset%3Dutf-8&X-atmo-protocol=true&_=1769048358853 HTTP/1.1" 200 -
58.152.215.40 - - [22/Jan/2026:10:14:35 +0800] "GET /InternetTrading/longpoll/55136?X-Atmosphere-tracking-id=0&X-Atmosphere-Framework=2.2.3-javascript&X-Atmosphere-Transport=long-polling&X-Atmosphere-TrackMessageSize=true&Content-Type=charset%3Dutf-8&X-atmo-protocol=true&_=1769048359546 HTTP/1.1" 200 -
14.0.173.64 - - [22/Jan/2026:10:14:37 +0800] "GET /InternetTrading/longpoll/A8127?X-Atmosphere-tracking-id=0&X-Atmosphere-Framework=2.2.3-javascript&X-Atmosphere-Transport=long-polling&X-Atmosphere-TrackMessageSize=true&Content-Type=charset%3Dutf-8&X-atmo-protocol=true&_=1769048362660 HTTP/1.1" 200 -
119.136.155.129 - - [22/Jan/2026:10:14:37 +0800] "GET /InternetTrading/longpoll/51803?X-Atmosphere-tracking-id=0&X-Atmosphere-Framework=2.2.3-javascript&X-Atmosphere-Transport=long-polling&X-Atmosphere-TrackMessageSize=true&Content-Type=charset%3Dutf-8&X-atmo-protocol=true&_=1769048372013 HTTP/1.1" 200 -
116.48.142.110 - - [22/Jan/2026:10:14:39 +0800] "GET /InternetTrading/longpoll/56231?X-Atmosphere-tracking-id=0&X-Atmosphere-Framework=2.2.3-javascript&X-Atmosphere-Transport=long-polling&X-Atmosphere-TrackMessageSize=true&Content-Type=charset%3Dutf-8&X-atmo-protocol=true&_=1769048362312 HTTP/1.1" 200 -
14.155.90.194 - - [22/Jan/2026:10:14:40 +0800] "GET /InternetTrading/longpoll/13519?X-Atmosphere-tracking-id=0&X-Atmosphere-Framework=2.2.3-javascript&X-Atmosphere-Transport=long-polling&X-Atmosphere-TrackMessageSize=true&Content-Type=charset%3Dutf-8&X-atmo-protocol=true&_=1769048363935 HTTP/1.1" 200 -
58.152.215.40 - - [22/Jan/2026:10:14:40 +0800] "GET /InternetTrading/longpoll/55136?X-Atmosphere-tracking-id=0&X-Atmosphere-Framework=2.2.3-javascript&X-Atmosphere-Transport=long-polling&X-Atmosphere-TrackMessageSize=true&Content-Type=charset%3Dutf-8&X-atmo-protocol=true&_=1769048364574 HTTP/1.1" 200 -
14.155.90.194 - - [22/Jan/2026:10:14:41 +0800] "POST /InternetTrading/SessionErrorLogger HTTP/1.1" 200 117
14.155.90.194 - - [22/Jan/2026:10:14:41 +0800] "POST /InternetTrading/Heartbeat HTTP/1.1" 200 32
14.0.173.64 - - [22/Jan/2026:10:14:42 +0800] "GET /InternetTrading/longpoll/A8127?X-Atmosphere-tracking-id=0&X-Atmosphere-Framework=2.2.3-javascript&X-Atmosphere-Transport=long-polling&X-Atmosphere-TrackMessageSize=true&Content-Type=charset%3Dutf-8&X-atmo-protocol=true&_=1769048367818 HTTP/1.1" 200 -
119.136.155.129 - - [22/Jan/2026:10:14:42 +0800] "GET /InternetTrading/longpoll/51803?X-Atmosphere-tracking-id=0&X-Atmosphere-Framework=2.2.3-javascript&X-Atmosphere-Transport=long-polling&X-Atmosphere-TrackMessageSize=true&Content-Type=charset%3Dutf-8&X-atmo-protocol=true&_=1769048377045 HTTP/1.1" 200 -
14.155.90.194 - - [22/Jan/2026:10:14:45 +0800] "GET /InternetTrading/longpoll/13519?X-Atmosphere-tracking-id=0&X-Atmosphere-Framework=2.2.3-javascript&X-Atmosphere-Transport=long-polling&X-Atmosphere-TrackMessageSize=true&Content-Type=charset%3Dutf-8&X-atmo-protocol=true&_=1769048369027 HTTP/1.1" 200 -
58.152.215.40 - - [22/Jan/2026:10:14:45 +0800] "GET /InternetTrading/longpoll/55136?X-Atmosphere-tracking-id=0&X-Atmosphere-Framework=2.2.3-javascript&X-Atmosphere-Transport=long-polling&X-Atmosphere-TrackMessageSize=true&Content-Type=charset%3Dutf-8&X-atmo-protocol=true&_=1769048369613 HTTP/1.1" 200 -
116.48.142.110 - - [22/Jan/2026:10:14:45 +0800] "GET /InternetTrading/longpoll/56231?X-Atmosphere-tracking-id=0&X-Atmosphere-Framework=2.2.3-javascript&X-Atmosphere-Transport=long-polling&X-Atmosphere-TrackMessageSize=true&Content-Type=charset%3Dutf-8&X-atmo-protocol=true&_=1769048368309 HTTP/1.1" 200 -
58.152.215.40 - - [22/Jan/2026:10:14:46 +0800] "POST /InternetTrading/SessionErrorLogger HTTP/1.1" 200 117
58.152.215.40 - - [22/Jan/2026:10:14:46 +0800] "POST /InternetTrading/Heartbeat HTTP/1.1" 200 32
58.152.215.40 - - [22/Jan/2026:10:14:46 +0800] "POST /InternetTrading/SessionErrorLogger HTTP/1.1" 200 117
