58.152.215.40 - - [22/Jan/2026:10:14:46 +0800] "POST /InternetTrading/MarketStatus HTTP/1.1" 200 772
14.0.173.64 - - [22/Jan/2026:10:14:47 +0800] "GET /InternetTrading/longpoll/A8127?X-Atmosphere-tracking-id=0&X-Atmosphere-Framework=2.2.3-javascript&X-Atmosphere-Transport=long-polling&X-Atmosphere-TrackMessageSize=true&Content-Type=charset%3Dutf-8&X-atmo-protocol=true&_=1769048373003 HTTP/1.1" 200 -
119.136.155.129 - - [22/Jan/2026:10:14:47 +0800] "GET /InternetTrading/longpoll/51803?X-Atmosphere-tracking-id=0&X-Atmosphere-Framework=2.2.3-javascript&X-Atmosphere-Transport=long-polling&X-Atmosphere-TrackMessageSize=true&Content-Type=charset%3Dutf-8&X-atmo-protocol=true&_=1769048382110 HTTP/1.1" 200 -
58.152.215.40 - - [22/Jan/2026:10:14:50 +0800] "GET /InternetTrading/longpoll/55136?X-Atmosphere-tracking-id=0&X-Atmosphere-Framework=2.2.3-javascript&X-Atmosphere-Transport=long-polling&X-Atmosphere-TrackMessageSize=true&Content-Type=charset%3Dutf-8&X-atmo-protocol=true&_=1769048374630 HTTP/1.1" 200 -
14.155.90.194 - - [22/Jan/2026:10:14:50 +0800] "GET /InternetTrading/longpoll/13519?X-Atmosphere-tracking-id=0&X-Atmosphere-Framework=2.2.3-javascript&X-Atmosphere-Transport=long-polling&X-Atmosphere-TrackMessageSize=true&Content-Type=charset%3Dutf-8&X-atmo-protocol=true&_=1769048374162 HTTP/1.1" 200 -
14.155.90.194 - - [22/Jan/2026:10:14:51 +0800] "POST /InternetTrading/SessionErrorLogger HTTP/1.1" 200 117
14.155.90.194 - - [22/Jan/2026:10:14:51 +0800] "POST /InternetTrading/LoginKey HTTP/1.1" 200 -
14.155.90.194 - - [22/Jan/2026:10:14:51 +0800] "POST /InternetTrading/PreOrder HTTP/1.1" 200 1228
14.155.90.194 - - [22/Jan/2026:10:14:51 +0800] "GET /InternetTrading/jquery/wait.gif HTTP/1.1" 200 432
116.48.142.110 - - [22/Jan/2026:10:14:51 +0800] "GET /InternetTrading/longpoll/56231?X-Atmosphere-tracking-id=0&X-Atmosphere-Framework=2.2.3-javascript&X-Atmosphere-Transport=long-polling&X-Atmosphere-TrackMessageSize=true&Content-Type=charset%3Dutf-8&X-atmo-protocol=true&_=1769048374313 HTTP/1.1" 200 -
14.155.90.194 - - [22/Jan/2026:10:14:52 +0800] "POST /InternetTrading/SessionErrorLogger HTTP/1.1" 200 117
14.155.90.194 - - [22/Jan/2026:10:14:52 +0800] "GET /InternetTrading/Csrf?url=/Order HTTP/1.1" 200 126
14.155.90.194 - - [22/Jan/2026:10:14:52 +0800] "POST /InternetTrading/SessionErrorLogger HTTP/1.1" 200 117
14.155.90.194 - - [22/Jan/2026:10:14:52 +0800] "POST /InternetTrading/LoginKey HTTP/1.1" 200 -
14.0.173.64 - - [22/Jan/2026:10:14:52 +0800] "GET /InternetTrading/longpoll/A8127?X-Atmosphere-tracking-id=0&X-Atmosphere-Framework=2.2.3-javascript&X-Atmosphere-Transport=long-polling&X-Atmosphere-TrackMessageSize=true&Content-Type=charset%3Dutf-8&X-atmo-protocol=true&_=1769048378155 HTTP/1.1" 200 -
14.155.90.194 - - [22/Jan/2026:10:14:52 +0800] "POST /InternetTrading/SessionErrorLogger HTTP/1.1" 200 117
119.136.155.129 - - [22/Jan/2026:10:14:52 +0800] "GET /InternetTrading/longpoll/51803?X-Atmosphere-tracking-id=0&X-Atmosphere-Framework=2.2.3-javascript&X-Atmosphere-Transport=long-polling&X-Atmosphere-TrackMessageSize=true&Content-Type=charset%3Dutf-8&X-atmo-protocol=true&_=1769048387165 HTTP/1.1" 200 -
14.155.90.194 - - [22/Jan/2026:10:14:52 +0800] "POST /InternetTrading/Order?csrf_nonce=E33491A6E406FEFE4D6A49742D51BB01 HTTP/1.1" 200 1019
14.155.90.194 - - [22/Jan/2026:10:14:52 +0800] "POST /InternetTrading/SessionErrorLogger HTTP/1.1" 200 117
14.155.90.194 - - [22/Jan/2026:10:14:53 +0800] "GET /InternetTrading/tc/sell_ticket.html? HTTP/1.1" 200 2261
14.155.90.194 - - [22/Jan/2026:10:14:53 +0800] "POST /InternetTrading/SessionErrorLogger HTTP/1.1" 200 117
14.155.90.194 - - [22/Jan/2026:10:14:53 +0800] "POST /InternetTrading/SessionErrorLogger HTTP/1.1" 200 117
14.155.90.194 - - [22/Jan/2026:10:14:53 +0800] "POST /InternetTrading/MarketStatus HTTP/1.1" 200 772
14.155.90.194 - - [22/Jan/2026:10:14:53 +0800] "POST /InternetTrading/MarketStatus HTTP/1.1" 200 772
14.0.173.64 - - [22/Jan/2026:10:14:54 +0800] "POST /InternetTrading/SessionErrorLogger HTTP/1.1" 200 117
14.0.173.64 - - [22/Jan/2026:10:14:54 +0800] "POST /InternetTrading/Heartbeat HTTP/1.1" 200 32
14.155.90.194 - - [22/Jan/2026:10:14:55 +0800] "GET /InternetTrading/jquery/wait.gif HTTP/1.1" 200 432
14.155.90.194 - - [22/Jan/2026:10:14:55 +0800] "POST /InternetTrading/SessionErrorLogger HTTP/1.1" 200 117
14.0.173.64 - - [22/Jan/2026:10:14:55 +0800] "POST /InternetTrading/SessionErrorLogger HTTP/1.1" 200 117
14.155.90.194 - - [22/Jan/2026:10:14:55 +0800] "POST /InternetTrading/Orderbook HTTP/1.1" 200 1664
14.0.173.64 - - [22/Jan/2026:10:14:55 +0800] "POST /InternetTrading/MarketStatus HTTP/1.1" 200 772
58.152.215.40 - - [22/Jan/2026:10:14:55 +0800] "GET /InternetTrading/longpoll/55136?X-Atmosphere-tracking-id=0&X-Atmosphere-Framework=2.2.3-javascript&X-Atmosphere-Transport=long-polling&X-Atmosphere-TrackMessageSize=true&Content-Type=charset%3Dutf-8&X-atmo-protocol=true&_=1769048379651 HTTP/1.1" 200 -
14.155.90.194 - - [22/Jan/2026:10:14:55 +0800] "GET /InternetTrading/longpoll/13519?X-Atmosphere-tracking-id=0&X-Atmosphere-Framework=2.2.3-javascript&X-Atmosphere-Transport=long-polling&X-Atmosphere-TrackMessageSize=true&Content-Type=charset%3Dutf-8&X-atmo-protocol=true&_=1769048379392 HTTP/1.1" 200 -
116.48.142.110 - - [22/Jan/2026:10:14:57 +0800] "GET /InternetTrading/longpoll/56231?X-Atmosphere-tracking-id=0&X-Atmosphere-Framework=2.2.3-javascript&X-Atmosphere-Transport=long-polling&X-Atmosphere-TrackMessageSize=true&Content-Type=charset%3Dutf-8&X-atmo-protocol=true&_=1769048380321 HTTP/1.1" 200 -
14.0.173.64 - - [22/Jan/2026:10:14:57 +0800] "GET /InternetTrading/longpoll/A8127?X-Atmosphere-tracking-id=0&X-Atmosphere-Framework=2.2.3-javascript&X-Atmosphere-Transport=long-polling&X-Atmosphere-TrackMessageSize=true&Content-Type=charset%3Dutf-8&X-atmo-protocol=true&_=1769048383337 HTTP/1.1" 200 -
119.136.155.129 - - [22/Jan/2026:10:14:57 +0800] "GET /InternetTrading/longpoll/51803?X-Atmosphere-tracking-id=0&X-Atmosphere-Framework=2.2.3-javascript&X-Atmosphere-Transport=long-polling&X-Atmosphere-TrackMessageSize=true&Content-Type=charset%3Dutf-8&X-atmo-protocol=true&_=1769048392229 HTTP/1.1" 200 -
14.155.90.194 - - [22/Jan/2026:10:14:57 +0800] "POST /InternetTrading/SessionErrorLogger HTTP/1.1" 200 117
14.155.90.194 - - [22/Jan/2026:10:14:57 +0800] "GET /InternetTrading/jquery/wait.gif HTTP/1.1" 200 432
14.155.90.194 - - [22/Jan/2026:10:14:57 +0800] "POST /InternetTrading/Portfolio HTTP/1.1" 200 1369
58.152.215.40 - - [22/Jan/2026:10:15:00 +0800] "GET /InternetTrading/longpoll/55136?X-Atmosphere-tracking-id=0&X-Atmosphere-Framework=2.2.3-javascript&X-Atmosphere-Transport=long-polling&X-Atmosphere-TrackMessageSize=true&Content-Type=charset%3Dutf-8&X-atmo-protocol=true&_=1769048384669 HTTP/1.1" 200 -
14.155.90.194 - - [22/Jan/2026:10:15:01 +0800] "GET /InternetTrading/longpoll/13519?X-Atmosphere-tracking-id=0&X-Atmosphere-Framework=2.2.3-javascript&X-Atmosphere-Transport=long-polling&X-Atmosphere-TrackMessageSize=true&Content-Type=charset%3Dutf-8&X-atmo-protocol=true&_=1769048384479 HTTP/1.1" 200 -
14.155.90.194 - - [22/Jan/2026:10:15:01 +0800] "GET /InternetTrading/jquery/wait.gif HTTP/1.1" 200 432
14.155.90.194 - - [22/Jan/2026:10:15:01 +0800] "POST /InternetTrading/SessionErrorLogger HTTP/1.1" 200 117
14.155.90.194 - - [22/Jan/2026:10:15:01 +0800] "POST /InternetTrading/Orderbook HTTP/1.1" 200 1657
119.136.155.129 - - [22/Jan/2026:10:15:02 +0800] "GET /InternetTrading/longpoll/51803?X-Atmosphere-tracking-id=0&X-Atmosphere-Framework=2.2.3-javascript&X-Atmosphere-Transport=long-polling&X-Atmosphere-TrackMessageSize=true&Content-Type=charset%3Dutf-8&X-atmo-protocol=true&_=1769048397293 HTTP/1.1" 200 -
14.0.173.64 - - [22/Jan/2026:10:15:03 +0800] "GET /InternetTrading/longpoll/A8127?X-Atmosphere-tracking-id=0&X-Atmosphere-Framework=2.2.3-javascript&X-Atmosphere-Transport=long-polling&X-Atmosphere-TrackMessageSize=true&Content-Type=charset%3Dutf-8&X-atmo-protocol=true&_=1769048388415 HTTP/1.1" 200 -
14.155.90.194 - - [22/Jan/2026:10:15:03 +0800] "POST /InternetTrading/SessionErrorLogger HTTP/1.1" 200 117
116.48.142.110 - - [22/Jan/2026:10:15:03 +0800] "GET /InternetTrading/longpoll/56231?X-Atmosphere-tracking-id=0&X-Atmosphere-Framework=2.2.3-javascript&X-Atmosphere-Transport=long-polling&X-Atmosphere-TrackMessageSize=true&Content-Type=charset%3Dutf-8&X-atmo-protocol=true&_=1769048386317 HTTP/1.1" 200 -
14.155.90.194 - - [22/Jan/2026:10:15:03 +0800] "GET /InternetTrading/jquery/wait.gif HTTP/1.1" 200 432
14.155.90.194 - - [22/Jan/2026:10:15:03 +0800] "POST /InternetTrading/Portfolio HTTP/1.1" 200 1366
116.48.142.110 - - [22/Jan/2026:10:15:04 +0800] "POST /InternetTrading/SessionErrorLogger HTTP/1.1" 200 117
116.48.142.110 - - [22/Jan/2026:10:15:04 +0800] "POST /InternetTrading/MarketStatus HTTP/1.1" 200 772
116.48.142.110 - - [22/Jan/2026:10:15:04 +0800] "POST /InternetTrading/SessionErrorLogger HTTP/1.1" 200 117
116.48.142.110 - - [22/Jan/2026:10:15:04 +0800] "POST /InternetTrading/Heartbeat HTTP/1.1" 200 32
119.136.155.129 - - [22/Jan/2026:10:15:05 +0800] "POST /InternetTrading/SessionErrorLogger HTTP/1.1" 200 117
14.155.90.194 - - [22/Jan/2026:10:15:05 +0800] "GET /InternetTrading/jquery/wait.gif HTTP/1.1" 200 432
14.155.90.194 - - [22/Jan/2026:10:15:05 +0800] "POST /InternetTrading/SessionErrorLogger HTTP/1.1" 200 117
119.136.155.129 - - [22/Jan/2026:10:15:05 +0800] "POST /InternetTrading/Heartbeat HTTP/1.1" 200 32
119.136.155.129 - - [22/Jan/2026:10:15:05 +0800] "POST /InternetTrading/SessionErrorLogger HTTP/1.1" 200 117
119.136.155.129 - - [22/Jan/2026:10:15:05 +0800] "POST /InternetTrading/MarketStatus HTTP/1.1" 200 772
14.155.90.194 - - [22/Jan/2026:10:15:05 +0800] "POST /InternetTrading/Orderbook HTTP/1.1" 200 1659
58.152.215.40 - - [22/Jan/2026:10:15:05 +0800] "GET /InternetTrading/longpoll/55136?X-Atmosphere-tracking-id=0&X-Atmosphere-Framework=2.2.3-javascript&X-Atmosphere-Transport=long-polling&X-Atmosphere-TrackMessageSize=true&Content-Type=charset%3Dutf-8&X-atmo-protocol=true&_=1769048389696 HTTP/1.1" 200 -
14.155.90.194 - - [22/Jan/2026:10:15:06 +0800] "GET /InternetTrading/longpoll/13519?X-Atmosphere-tracking-id=0&X-Atmosphere-Framework=2.2.3-javascript&X-Atmosphere-Transport=long-polling&X-Atmosphere-TrackMessageSize=true&Content-Type=charset%3Dutf-8&X-atmo-protocol=true&_=1769048389561 HTTP/1.1" 200 -
14.155.90.194 - - [22/Jan/2026:10:15:06 +0800] "GET /InternetTrading/jquery/wait.gif HTTP/1.1" 200 432
14.155.90.194 - - [22/Jan/2026:10:15:06 +0800] "POST /InternetTrading/SessionErrorLogger HTTP/1.1" 200 117
14.155.90.194 - - [22/Jan/2026:10:15:06 +0800] "POST /InternetTrading/Orderbook HTTP/1.1" 200 1659
119.136.155.129 - - [22/Jan/2026:10:15:07 +0800] "GET /InternetTrading/longpoll/51803?X-Atmosphere-tracking-id=0&X-Atmosphere-Framework=2.2.3-javascript&X-Atmosphere-Transport=long-polling&X-Atmosphere-TrackMessageSize=true&Content-Type=charset%3Dutf-8&X-atmo-protocol=true&_=1769048402357 HTTP/1.1" 200 -
14.0.173.64 - - [22/Jan/2026:10:15:08 +0800] "GET /InternetTrading/longpoll/A8127?X-Atmosphere-tracking-id=0&X-Atmosphere-Framework=2.2.3-javascript&X-Atmosphere-Transport=long-polling&X-Atmosphere-TrackMessageSize=true&Content-Type=charset%3Dutf-8&X-atmo-protocol=true&_=1769048393861 HTTP/1.1" 200 -
116.48.142.110 - - [22/Jan/2026:10:15:09 +0800] "GET /InternetTrading/longpoll/56231?X-Atmosphere-tracking-id=0&X-Atmosphere-Framework=2.2.3-javascript&X-Atmosphere-Transport=long-polling&X-Atmosphere-TrackMessageSize=true&Content-Type=charset%3Dutf-8&X-atmo-protocol=true&_=1769048392310 HTTP/1.1" 200 -
58.152.215.40 - - [22/Jan/2026:10:15:10 +0800] "GET /InternetTrading/longpoll/55136?X-Atmosphere-tracking-id=0&X-Atmosphere-Framework=2.2.3-javascript&X-Atmosphere-Transport=long-polling&X-Atmosphere-TrackMessageSize=true&Content-Type=charset%3Dutf-8&X-atmo-protocol=true&_=1769048394734 HTTP/1.1" 200 -
14.155.90.194 - - [22/Jan/2026:10:15:11 +0800] "GET /InternetTrading/longpoll/13519?X-Atmosphere-tracking-id=0&X-Atmosphere-Framework=2.2.3-javascript&X-Atmosphere-Transport=long-polling&X-Atmosphere-TrackMessageSize=true&Content-Type=charset%3Dutf-8&X-atmo-protocol=true&_=1769048394724 HTTP/1.1" 200 -
14.155.90.194 - - [22/Jan/2026:10:15:11 +0800] "POST /InternetTrading/SessionErrorLogger HTTP/1.1" 200 117
14.155.90.194 - - [22/Jan/2026:10:15:11 +0800] "POST /InternetTrading/Heartbeat HTTP/1.1" 200 32
14.155.90.194 - - [22/Jan/2026:10:15:12 +0800] "POST /InternetTrading/SessionErrorLogger HTTP/1.1" 200 117
14.155.90.194 - - [22/Jan/2026:10:15:12 +0800] "GET /InternetTrading/jquery/wait.gif HTTP/1.1" 200 432
14.155.90.194 - - [22/Jan/2026:10:15:12 +0800] "POST /InternetTrading/Orderbook HTTP/1.1" 200 1662
119.136.155.129 - - [22/Jan/2026:10:15:13 +0800] "GET /InternetTrading/longpoll/51803?X-Atmosphere-tracking-id=0&X-Atmosphere-Framework=2.2.3-javascript&X-Atmosphere-Transport=long-polling&X-Atmosphere-TrackMessageSize=true&Content-Type=charset%3Dutf-8&X-atmo-protocol=true&_=1769048407391 HTTP/1.1" 200 -
14.0.173.64 - - [22/Jan/2026:10:15:13 +0800] "GET /InternetTrading/longpoll/A8127?X-Atmosphere-tracking-id=0&X-Atmosphere-Framework=2.2.3-javascript&X-Atmosphere-Transport=long-polling&X-Atmosphere-TrackMessageSize=true&Content-Type=charset%3Dutf-8&X-atmo-protocol=true&_=1769048399078 HTTP/1.1" 200 -
14.155.90.194 - - [22/Jan/2026:10:15:13 +0800] "GET /InternetTrading/jquery/wait.gif HTTP/1.1" 200 432
14.155.90.194 - - [22/Jan/2026:10:15:13 +0800] "POST /InternetTrading/SessionErrorLogger HTTP/1.1" 200 117
14.155.90.194 - - [22/Jan/2026:10:15:13 +0800] "POST /InternetTrading/Portfolio HTTP/1.1" 200 1372
27.150.182.15 - - [22/Jan/2026:10:15:14 +0800] "GET /InternetTrading/tc/main.html?language=tc&version=HTML HTTP/1.1" 200 3578
27.150.182.15 - - [22/Jan/2026:10:15:14 +0800] "GET /InternetTrading/jquery/ui.datepicker.css HTTP/1.1" 200 1145
27.150.182.15 - - [22/Jan/2026:10:15:14 +0800] "GET /InternetTrading/jquery/jquery.tablesorter-theme.blue.css HTTP/1.1" 200 2083
27.150.182.15 - - [22/Jan/2026:10:15:14 +0800] "GET /InternetTrading/jquery/jquery-ui-1.10.3.css HTTP/1.1" 200 5283
27.150.182.15 - - [22/Jan/2026:10:15:14 +0800] "GET /InternetTrading/jquery/dragtable-2.0.9.css HTTP/1.1" 200 316
27.150.182.15 - - [22/Jan/2026:10:15:14 +0800] "GET /InternetTrading/tc/style_common.css?v=20200819161914 HTTP/1.1" 200 2540
27.150.182.15 - - [22/Jan/2026:10:15:14 +0800] "GET /InternetTrading/tc/style.css?v=20200819161914 HTTP/1.1" 200 1435
27.150.182.15 - - [22/Jan/2026:10:15:14 +0800] "GET /InternetTrading/tc/css/jquery.jscrollpane.css HTTP/1.1" 404 690
27.150.182.15 - - [22/Jan/2026:10:15:14 +0800] "GET /InternetTrading/jquery/jquery.ba-postmessage.js HTTP/1.1" 200 2990
27.150.182.15 - - [22/Jan/2026:10:15:14 +0800] "GET /InternetTrading/js/aastock.js HTTP/1.1" 200 553
27.150.182.15 - - [22/Jan/2026:10:15:14 +0800] "GET /InternetTrading/jquery/jquery-1.6.3.min.js HTTP/1.1" 200 32057
27.150.182.15 - - [22/Jan/2026:10:15:14 +0800] "GET /InternetTrading/jquery/jquery-migrate-3.0.0.js HTTP/1.1" 200 4963
27.150.182.15 - - [22/Jan/2026:10:15:14 +0800] "GET /InternetTrading/jquery/jquery-3.3.1.js HTTP/1.1" 200 80650
27.150.182.15 - - [22/Jan/2026:10:15:14 +0800] "GET /InternetTrading/js/atmosphere.js HTTP/1.1" 200 13461
27.150.182.15 - - [22/Jan/2026:10:15:14 +0800] "GET /InternetTrading/jquery/jquery-ui-1.10.3.js HTTP/1.1" 200 69642
27.150.182.15 - - [22/Jan/2026:10:15:14 +0800] "GET /InternetTrading/js/cache.js?jsv=20200819161914 HTTP/1.1" 200 940
27.150.182.15 - - [22/Jan/2026:10:15:14 +0800] "GET /InternetTrading/jquery/jquery.form-3.46.0.js HTTP/1.1" 200 5673
27.150.182.15 - - [22/Jan/2026:10:15:14 +0800] "GET /InternetTrading/jquery/jquery.blockUI-2.66.0.js HTTP/1.1" 200 6651
27.150.182.15 - - [22/Jan/2026:10:15:14 +0800] "GET /InternetTrading/jquery/jquery.validate-1.11.1.js HTTP/1.1" 200 7041
27.150.182.15 - - [22/Jan/2026:10:15:14 +0800] "GET /InternetTrading/jquery/jquery.mousewheel-3.1.4.js HTTP/1.1" 200 822
27.150.182.15 - - [22/Jan/2026:10:15:14 +0800] "GET /InternetTrading/jquery/additional-methods.js HTTP/1.1" 200 2238
27.150.182.15 - - [22/Jan/2026:10:15:14 +0800] "GET /InternetTrading/jquery/jquery.tablesorter-2.14.5.js HTTP/1.1" 200 8901
27.150.182.15 - - [22/Jan/2026:10:15:14 +0800] "GET /InternetTrading/jquery/jquery.tablesorter.widgets-2.14.5.js HTTP/1.1" 200 8611
27.150.182.15 - - [22/Jan/2026:10:15:14 +0800] "GET /InternetTrading/jquery/jquery.combobox.packed.js HTTP/1.1" 200 3387
27.150.182.15 - - [22/Jan/2026:10:15:14 +0800] "GET /InternetTrading/jquery/jquery.timer-0.9.16.js HTTP/1.1" 200 542
27.150.182.15 - - [22/Jan/2026:10:15:14 +0800] "GET /InternetTrading/jquery/jquery.selectboxes.pack.js HTTP/1.1" 200 1640
27.150.182.15 - - [22/Jan/2026:10:15:14 +0800] "GET /InternetTrading/jquery/jquery.getParams.js HTTP/1.1" 200 587
27.150.182.15 - - [22/Jan/2026:10:15:14 +0800] "GET /InternetTrading/jquery/date.js HTTP/1.1" 200 2807
27.150.182.15 - - [22/Jan/2026:10:15:14 +0800] "GET /InternetTrading/jquery/globalize-0.1.0a1.js HTTP/1.1" 200 6984
27.150.182.15 - - [22/Jan/2026:10:15:14 +0800] "GET /InternetTrading/json/json2.js?jsv=20200819161914 HTTP/1.1" 200 1372
27.150.182.15 - - [22/Jan/2026:10:15:14 +0800] "GET /InternetTrading/settings/crm_display_settings.js?jsv=20200819161914 HTTP/1.1" 200 1781
27.150.182.15 - - [22/Jan/2026:10:15:14 +0800] "GET /InternetTrading/js/constants.js?jsv=20200819161914 HTTP/1.1" 200 400
27.150.182.15 - - [22/Jan/2026:10:15:14 +0800] "GET /InternetTrading/tc/user/translation.js?jsv=20200819161914 HTTP/1.1" 200 12818
27.150.182.15 - - [22/Jan/2026:10:15:15 +0800] "GET /InternetTrading/tc/user/custom_variables.js?jsv=20200819161914 HTTP/1.1" 200 275
27.150.182.15 - - [22/Jan/2026:10:15:15 +0800] "GET /InternetTrading/js/util.js?jsv=20200819161914 HTTP/1.1" 200 6636
27.150.182.15 - - [22/Jan/2026:10:15:15 +0800] "GET /InternetTrading/js/haitong.js?jsv=20200819161914 HTTP/1.1" 200 3881
27.150.182.15 - - [22/Jan/2026:10:15:15 +0800] "GET /InternetTrading/js/init.js?jsv=20200819161914 HTTP/1.1" 200 886
27.150.182.15 - - [22/Jan/2026:10:15:15 +0800] "GET /InternetTrading/js/corporate.js?jsv=20200819161914 HTTP/1.1" 200 1575
27.150.182.15 - - [22/Jan/2026:10:15:15 +0800] "GET /InternetTrading/js/rsautil.js?jsv=20200819161914 HTTP/1.1" 200 1017
27.150.182.15 - - [22/Jan/2026:10:15:15 +0800] "GET /InternetTrading/js/main.js?jsv=20200819161914 HTTP/1.1" 200 30725
27.150.182.15 - - [22/Jan/2026:10:15:15 +0800] "GET /InternetTrading/js/update_mdf.js?jsv=20200819161914 HTTP/1.1" 200 856
27.150.182.15 - - [22/Jan/2026:10:15:15 +0800] "GET /InternetTrading/js/validation_hkex.js?jsv=20200819161914 HTTP/1.1" 200 2300
27.150.182.15 - - [22/Jan/2026:10:15:15 +0800] "GET /InternetTrading/js/validation_bshare.js?jsv=20200819161914 HTTP/1.1" 200 1567
27.150.182.15 - - [22/Jan/2026:10:15:15 +0800] "GET /InternetTrading/js/validation_ashare.js?jsv=20200819161914 HTTP/1.1" 200 2482
27.150.182.15 - - [22/Jan/2026:10:15:15 +0800] "GET /InternetTrading/js/validation_global.js?jsv=20200819161914 HTTP/1.1" 200 1564
27.150.182.15 - - [22/Jan/2026:10:15:15 +0800] "GET /InternetTrading/js/ipo.js?jsv=20200819161914 HTTP/1.1" 200 5726
27.150.182.15 - - [22/Jan/2026:10:15:15 +0800] "GET /InternetTrading/js/account.js?jsv=20200819161914 HTTP/1.1" 200 2656
27.150.182.15 - - [22/Jan/2026:10:15:15 +0800] "GET /InternetTrading/js/cash_transfer.js?jsv=20200819161914 HTTP/1.1" 200 2712
27.150.182.15 - - [22/Jan/2026:10:15:15 +0800] "GET /InternetTrading/js/mm.js?jsv=20200819161914 HTTP/1.1" 200 487
27.150.182.15 - - [22/Jan/2026:10:15:15 +0800] "GET /InternetTrading/js/spread_cache.js?jsv=20200819161914 HTTP/1.1" 200 908
27.150.182.15 - - [22/Jan/2026:10:15:15 +0800] "GET /InternetTrading/js/payment_instruction.js?jsv=20200819161914 HTTP/1.1" 200 2178
27.150.182.15 - - [22/Jan/2026:10:15:15 +0800] "GET /InternetTrading/js/isec_calculator.js?jsv=20200819161914 HTTP/1.1" 200 1364
27.150.182.15 - - [22/Jan/2026:10:15:15 +0800] "GET /InternetTrading/js/payment_instruction_IMOS.js?jsv=20200819161914 HTTP/1.1" 200 6874
27.150.182.15 - - [22/Jan/2026:10:15:15 +0800] "GET /InternetTrading/js/eStatement.js?jsv=20200819161914 HTTP/1.1" 200 562
27.150.182.15 - - [22/Jan/2026:10:15:15 +0800] "GET /InternetTrading/ExchangeList?fmt=js&jsv=20200819161914 HTTP/1.1" 200 146
27.150.182.15 - - [22/Jan/2026:10:15:15 +0800] "GET /InternetTrading/GoodTillDateValidExch?fmt=js&jsv=20200819161914 HTTP/1.1" 200 29
27.150.182.15 - - [22/Jan/2026:10:15:15 +0800] "GET /InternetTrading/js/pidcrypt.js?jsv=20200819161914 HTTP/1.1" 200 982
27.150.182.15 - - [22/Jan/2026:10:15:15 +0800] "GET /InternetTrading/js/string_extend.js?jsv=20200819161914 HTTP/1.1" 200 272
27.150.182.15 - - [22/Jan/2026:10:15:15 +0800] "GET /InternetTrading/js/aes_core.js?jsv=20200819161914 HTTP/1.1" 200 2106
27.150.182.15 - - [22/Jan/2026:10:15:15 +0800] "GET /InternetTrading/js/aes_cbc.js?jsv=20200819161914 HTTP/1.1" 200 2043
27.150.182.15 - - [22/Jan/2026:10:15:15 +0800] "GET /InternetTrading/js/asn1.js?jsv=20200819161914 HTTP/1.1" 200 3099
27.150.182.15 - - [22/Jan/2026:10:15:15 +0800] "GET /InternetTrading/js/pidcrypt_util.js?jsv=20200819161914 HTTP/1.1" 200 1206
27.150.182.15 - - [22/Jan/2026:10:15:15 +0800] "GET /InternetTrading/js/md5.js?jsv=20200819161914 HTTP/1.1" 200 1730
27.150.182.15 - - [22/Jan/2026:10:15:15 +0800] "GET /InternetTrading/js/sha256.js?jsv=20200819161914 HTTP/1.1" 200 1362
27.150.182.15 - - [22/Jan/2026:10:15:15 +0800] "GET /InternetTrading/js/prng4.js?jsv=20200819161914 HTTP/1.1" 200 303
27.150.182.15 - - [22/Jan/2026:10:15:15 +0800] "GET /InternetTrading/js/jsbn.js?jsv=20200819161914 HTTP/1.1" 200 6736
27.150.182.15 - - [22/Jan/2026:10:15:15 +0800] "GET /InternetTrading/js/rng.js?jsv=20200819161914 HTTP/1.1" 200 481
27.150.182.15 - - [22/Jan/2026:10:15:15 +0800] "GET /InternetTrading/js/aes.js?jsv=20200819161914 HTTP/1.1" 200 4816
27.150.182.15 - - [22/Jan/2026:10:15:15 +0800] "GET /InternetTrading/js/rsa.js?jsv=20200819161914 HTTP/1.1" 200 1658
27.150.182.15 - - [22/Jan/2026:10:15:15 +0800] "GET /InternetTrading/js/mode-ecb.js?jsv=20200819161914 HTTP/1.1" 200 199
27.150.182.15 - - [22/Jan/2026:10:15:15 +0800] "GET /InternetTrading/js/utilSpec.js?jsv=20200819161914 HTTP/1.1" 200 27
27.150.182.15 - - [22/Jan/2026:10:15:15 +0800] "GET /InternetTrading/js/update_lastlogin.js?jsv=20200819161914 HTTP/1.1" 200 980
27.150.182.15 - - [22/Jan/2026:10:15:15 +0800] "GET /InternetTrading/js/pw_alert.js?jsv=20200819161914 HTTP/1.1" 200 418
27.150.182.15 - - [22/Jan/2026:10:15:15 +0800] "GET /InternetTrading/js/jquery.jscrollpane.js HTTP/1.1" 404 685
27.150.182.15 - - [22/Jan/2026:10:15:15 +0800] "GET /InternetTrading/js/jquery.mousewheel.js HTTP/1.1" 404 684
27.150.182.15 - - [22/Jan/2026:10:15:15 +0800] "GET /InternetTrading/js/jquery.cookie.js HTTP/1.1" 200 834
27.150.182.15 - - [22/Jan/2026:10:15:15 +0800] "GET /InternetTrading/tc/images/logo.png HTTP/1.1" 200 7042
27.150.182.15 - - [22/Jan/2026:10:15:15 +0800] "GET /InternetTrading/js/decimal.js HTTP/1.1" 200 13492
27.150.182.15 - - [22/Jan/2026:10:15:15 +0800] "GET /InternetTrading/tc/images/top_menu01.jpg HTTP/1.1" 200 3466
27.150.182.15 - - [22/Jan/2026:10:15:15 +0800] "GET /InternetTrading/tc/images/top_menu04.jpg HTTP/1.1" 200 3430
27.150.182.15 - - [22/Jan/2026:10:15:15 +0800] "GET /InternetTrading/tc/images/top_menu_logout.jpg HTTP/1.1" 200 1016
27.150.182.15 - - [22/Jan/2026:10:15:15 +0800] "GET /InternetTrading/images/top_bg3.jpg HTTP/1.1" 200 878
27.150.182.15 - - [22/Jan/2026:10:15:15 +0800] "GET /InternetTrading/images/top_bg1.jpg HTTP/1.1" 200 329
27.150.182.15 - - [22/Jan/2026:10:15:15 +0800] "GET /InternetTrading/images/top_bg2.jpg HTTP/1.1" 200 330
27.150.182.15 - - [22/Jan/2026:10:15:15 +0800] "POST /InternetTrading/Heartbeat HTTP/1.1" 200 16
27.150.182.15 - - [22/Jan/2026:10:15:15 +0800] "GET /InternetTrading/tc/dialog.html?1769048398896 HTTP/1.1" 200 3188
27.150.182.15 - - [22/Jan/2026:10:15:15 +0800] "POST /InternetTrading/PopUpConfig HTTP/1.1" 500 693
116.48.142.110 - - [22/Jan/2026:10:15:15 +0800] "GET /InternetTrading/longpoll/56231?X-Atmosphere-tracking-id=0&X-Atmosphere-Framework=2.2.3-javascript&X-Atmosphere-Transport=long-polling&X-Atmosphere-TrackMessageSize=true&Content-Type=charset%3Dutf-8&X-atmo-protocol=true&_=1769048398310 HTTP/1.1" 200 -
58.152.215.40 - - [22/Jan/2026:10:15:15 +0800] "GET /InternetTrading/longpoll/55136?X-Atmosphere-tracking-id=0&X-Atmosphere-Framework=2.2.3-javascript&X-Atmosphere-Transport=long-polling&X-Atmosphere-TrackMessageSize=true&Content-Type=charset%3Dutf-8&X-atmo-protocol=true&_=1769048399784 HTTP/1.1" 200 -
14.155.90.194 - - [22/Jan/2026:10:15:16 +0800] "GET /InternetTrading/longpoll/13519?X-Atmosphere-tracking-id=0&X-Atmosphere-Framework=2.2.3-javascript&X-Atmosphere-Transport=long-polling&X-Atmosphere-TrackMessageSize=true&Content-Type=charset%3Dutf-8&X-atmo-protocol=true&_=1769048399814 HTTP/1.1" 200 -
58.152.215.40 - - [22/Jan/2026:10:15:16 +0800] "POST /InternetTrading/SessionErrorLogger HTTP/1.1" 200 117
58.152.215.40 - - [22/Jan/2026:10:15:16 +0800] "POST /InternetTrading/Heartbeat HTTP/1.1" 200 32
58.152.215.40 - - [22/Jan/2026:10:15:16 +0800] "POST /InternetTrading/SessionErrorLogger HTTP/1.1" 200 117
58.152.215.40 - - [22/Jan/2026:10:15:16 +0800] "POST /InternetTrading/MarketStatus HTTP/1.1" 200 772
14.155.90.194 - - [22/Jan/2026:10:15:18 +0800] "POST /InternetTrading/SessionErrorLogger HTTP/1.1" 200 117
119.136.155.129 - - [22/Jan/2026:10:15:18 +0800] "GET /InternetTrading/longpoll/51803?X-Atmosphere-tracking-id=0&X-Atmosphere-Framework=2.2.3-javascript&X-Atmosphere-Transport=long-polling&X-Atmosphere-TrackMessageSize=true&Content-Type=charset%3Dutf-8&X-atmo-protocol=true&_=1769048412457 HTTP/1.1" 200 -
14.155.90.194 - - [22/Jan/2026:10:15:18 +0800] "GET /InternetTrading/tc/sell_ticket.html? HTTP/1.1" 200 2261
14.155.90.194 - - [22/Jan/2026:10:15:18 +0800] "POST /InternetTrading/SessionErrorLogger HTTP/1.1" 200 117
14.155.90.194 - - [22/Jan/2026:10:15:18 +0800] "POST /InternetTrading/SessionErrorLogger HTTP/1.1" 200 117
14.155.90.194 - - [22/Jan/2026:10:15:18 +0800] "POST /InternetTrading/MarketStatus HTTP/1.1" 200 772
14.155.90.194 - - [22/Jan/2026:10:15:18 +0800] "POST /InternetTrading/MarketStatus HTTP/1.1" 200 772
14.155.90.194 - - [22/Jan/2026:10:15:18 +0800] "POST /InternetTrading/SessionErrorLogger HTTP/1.1" 200 117
14.155.90.194 - - [22/Jan/2026:10:15:18 +0800] "POST /InternetTrading/SessionErrorLogger HTTP/1.1" 200 117
14.155.90.194 - - [22/Jan/2026:10:15:18 +0800] "POST /InternetTrading/Product HTTP/1.1" 200 306
14.155.90.194 - - [22/Jan/2026:10:15:18 +0800] "POST /InternetTrading/OrderMaxQuantity HTTP/1.1" 200 7
14.0.173.64 - - [22/Jan/2026:10:15:18 +0800] "GET /InternetTrading/longpoll/A8127?X-Atmosphere-tracking-id=0&X-Atmosphere-Framework=2.2.3-javascript&X-Atmosphere-Transport=long-polling&X-Atmosphere-TrackMessageSize=true&Content-Type=charset%3Dutf-8&X-atmo-protocol=true&_=1769048404214 HTTP/1.1" 200 -
58.152.215.40 - - [22/Jan/2026:10:15:20 +0800] "GET /InternetTrading/longpoll/55136?X-Atmosphere-tracking-id=0&X-Atmosphere-Framework=2.2.3-javascript&X-Atmosphere-Transport=long-polling&X-Atmosphere-TrackMessageSize=true&Content-Type=charset%3Dutf-8&X-atmo-protocol=true&_=1769048404829 HTTP/1.1" 200 -
14.155.90.194 - - [22/Jan/2026:10:15:21 +0800] "GET /InternetTrading/longpoll/13519?X-Atmosphere-tracking-id=0&X-Atmosphere-Framework=2.2.3-javascript&X-Atmosphere-Transport=long-polling&X-Atmosphere-TrackMessageSize=true&Content-Type=charset%3Dutf-8&X-atmo-protocol=true&_=1769048404896 HTTP/1.1" 200 -
116.48.142.110 - - [22/Jan/2026:10:15:21 +0800] "GET /InternetTrading/longpoll/56231?X-Atmosphere-tracking-id=0&X-Atmosphere-Framework=2.2.3-javascript&X-Atmosphere-Transport=long-polling&X-Atmosphere-TrackMessageSize=true&Content-Type=charset%3Dutf-8&X-atmo-protocol=true&_=1769048404316 HTTP/1.1" 200 -
119.136.155.129 - - [22/Jan/2026:10:15:23 +0800] "GET /InternetTrading/longpoll/51803?X-Atmosphere-tracking-id=0&X-Atmosphere-Framework=2.2.3-javascript&X-Atmosphere-Transport=long-polling&X-Atmosphere-TrackMessageSize=true&Content-Type=charset%3Dutf-8&X-atmo-protocol=true&_=1769048417527 HTTP/1.1" 200 -
14.0.173.64 - - [22/Jan/2026:10:15:23 +0800] "GET /InternetTrading/longpoll/A8127?X-Atmosphere-tracking-id=0&X-Atmosphere-Framework=2.2.3-javascript&X-Atmosphere-Transport=long-polling&X-Atmosphere-TrackMessageSize=true&Content-Type=charset%3Dutf-8&X-atmo-protocol=true&_=1769048409332 HTTP/1.1" 200 -
14.0.173.64 - - [22/Jan/2026:10:15:24 +0800] "POST /InternetTrading/SessionErrorLogger HTTP/1.1" 200 117
14.0.173.64 - - [22/Jan/2026:10:15:24 +0800] "POST /InternetTrading/Heartbeat HTTP/1.1" 200 32
14.0.173.64 - - [22/Jan/2026:10:15:25 +0800] "POST /InternetTrading/SessionErrorLogger HTTP/1.1" 200 117
14.0.173.64 - - [22/Jan/2026:10:15:25 +0800] "POST /InternetTrading/MarketStatus HTTP/1.1" 200 772
58.152.215.40 - - [22/Jan/2026:10:15:25 +0800] "GET /InternetTrading/longpoll/55136?X-Atmosphere-tracking-id=0&X-Atmosphere-Framework=2.2.3-javascript&X-Atmosphere-Transport=long-polling&X-Atmosphere-TrackMessageSize=true&Content-Type=charset%3Dutf-8&X-atmo-protocol=true&_=1769048409852 HTTP/1.1" 200 -
27.150.182.15 - - [22/Jan/2026:10:15:25 +0800] "POST /InternetTrading/CustomerInfoLite HTTP/1.1" 200 131
27.150.182.15 - - [22/Jan/2026:10:15:26 +0800] "GET /InternetTrading/tc/login.html HTTP/1.1" 200 1755
27.150.182.15 - - [22/Jan/2026:10:15:26 +0800] "POST /InternetTrading/tc/dialog.html HTTP/1.1" 200 3188
27.150.182.15 - - [22/Jan/2026:10:15:26 +0800] "POST /InternetTrading/SessionErrorLogger HTTP/1.1" 200 117
27.150.182.15 - - [22/Jan/2026:10:15:26 +0800] "GET /InternetTrading/tc/trade.html HTTP/1.1" 200 2113
27.150.182.15 - - [22/Jan/2026:10:15:26 +0800] "POST /InternetTrading/SpreadPriceCache HTTP/1.1" 200 1947
27.150.182.15 - - [22/Jan/2026:10:15:26 +0800] "GET /InternetTrading/tc/images/top_menu01_o.jpg HTTP/1.1" 200 3339
27.150.182.15 - - [22/Jan/2026:10:15:26 +0800] "GET /InternetTrading/jquery/wait.gif HTTP/1.1" 200 432
27.150.182.15 - - [22/Jan/2026:10:15:26 +0800] "POST /InternetTrading/SessionErrorLogger HTTP/1.1" 200 117
27.150.182.15 - - [22/Jan/2026:10:15:26 +0800] "POST /InternetTrading/GetLastLoginDate HTTP/1.1" 500 698
27.150.182.15 - - [22/Jan/2026:10:15:26 +0800] "GET /InternetTrading/tc/style.css?v=20200819161914 HTTP/1.1" 200 1435
27.150.182.15 - - [22/Jan/2026:10:15:26 +0800] "GET /InternetTrading/tc/style_common.css?v=20200819161914 HTTP/1.1" 200 2540
27.150.182.15 - - [22/Jan/2026:10:15:26 +0800] "GET /InternetTrading/jquery/jquery-migrate-3.0.0.js HTTP/1.1" 200 4963
27.150.182.15 - - [22/Jan/2026:10:15:26 +0800] "GET /InternetTrading/jquery/jquery-3.3.1.js HTTP/1.1" 200 80650
27.150.182.15 - - [22/Jan/2026:10:15:26 +0800] "GET /InternetTrading/jquery/jquery.form-3.46.0.js HTTP/1.1" 200 5673
27.150.182.15 - - [22/Jan/2026:10:15:26 +0800] "GET /InternetTrading/jquery/jquery.validate-1.11.1.js HTTP/1.1" 200 7041
27.150.182.15 - - [22/Jan/2026:10:15:26 +0800] "GET /InternetTrading/jquery/additional-methods.js HTTP/1.1" 200 2238
27.150.182.15 - - [22/Jan/2026:10:15:26 +0800] "GET /InternetTrading/jquery/jquery.blockUI-2.66.0.js HTTP/1.1" 200 6651
27.150.182.15 - - [22/Jan/2026:10:15:26 +0800] "GET /InternetTrading/jquery/jquery.timer-0.9.16.js HTTP/1.1" 200 542
27.150.182.15 - - [22/Jan/2026:10:15:26 +0800] "GET /InternetTrading/jquery/jquery-ui-personalized-1.6rc2.min.js HTTP/1.1" 200 55543
27.150.182.15 - - [22/Jan/2026:10:15:26 +0800] "GET /InternetTrading/jquery/jquery.getParams.js HTTP/1.1" 200 587
27.150.182.15 - - [22/Jan/2026:10:15:26 +0800] "GET /InternetTrading/tc/user/translation.js?jsv=20200819161914 HTTP/1.1" 200 12818
14.155.90.194 - - [22/Jan/2026:10:15:26 +0800] "GET /InternetTrading/longpoll/13519?X-Atmosphere-tracking-id=0&X-Atmosphere-Framework=2.2.3-javascript&X-Atmosphere-Transport=long-polling&X-Atmosphere-TrackMessageSize=true&Content-Type=charset%3Dutf-8&X-atmo-protocol=true&_=1769048409977 HTTP/1.1" 200 -
27.150.182.15 - - [22/Jan/2026:10:15:26 +0800] "GET /InternetTrading/js/constants.js?jsv=20200819161914 HTTP/1.1" 200 400
27.150.182.15 - - [22/Jan/2026:10:15:26 +0800] "GET /InternetTrading/js/haitong.js?jsv=20200819161914 HTTP/1.1" 200 3881
27.150.182.15 - - [22/Jan/2026:10:15:26 +0800] "GET /InternetTrading/js/util.js?jsv=20200819161914 HTTP/1.1" 200 6636
27.150.182.15 - - [22/Jan/2026:10:15:26 +0800] "GET /InternetTrading/js/rsautil.js?jsv=20200819161914 HTTP/1.1" 200 1017
27.150.182.15 - - [22/Jan/2026:10:15:26 +0800] "GET /InternetTrading/js/init.js?jsv=20200819161914 HTTP/1.1" 200 886
27.150.182.15 - - [22/Jan/2026:10:15:26 +0800] "GET /InternetTrading/js/login.js?jsv=20200819161914 HTTP/1.1" 200 1684
27.150.182.15 - - [22/Jan/2026:10:15:26 +0800] "GET /InternetTrading/js/version.js?jsv=20200819161914 HTTP/1.1" 200 85
27.150.182.15 - - [22/Jan/2026:10:15:26 +0800] "GET /InternetTrading/tc/user/custom_variables.js?jsv=20200819161914 HTTP/1.1" 200 275
27.150.182.15 - - [22/Jan/2026:10:15:26 +0800] "GET /InternetTrading/js/string_extend.js?jsv=20200819161914 HTTP/1.1" 200 272
27.150.182.15 - - [22/Jan/2026:10:15:26 +0800] "GET /InternetTrading/js/pidcrypt.js?jsv=20200819161914 HTTP/1.1" 200 982
27.150.182.15 - - [22/Jan/2026:10:15:26 +0800] "GET /InternetTrading/js/pidcrypt_util.js?jsv=20200819161914 HTTP/1.1" 200 1206
27.150.182.15 - - [22/Jan/2026:10:15:26 +0800] "GET /InternetTrading/js/aes_cbc.js?jsv=20200819161914 HTTP/1.1" 200 2043
27.150.182.15 - - [22/Jan/2026:10:15:26 +0800] "GET /InternetTrading/js/aes_core.js?jsv=20200819161914 HTTP/1.1" 200 2106
27.150.182.15 - - [22/Jan/2026:10:15:26 +0800] "GET /InternetTrading/js/asn1.js?jsv=20200819161914 HTTP/1.1" 200 3099
27.150.182.15 - - [22/Jan/2026:10:15:26 +0800] "GET /InternetTrading/js/sha256.js?jsv=20200819161914 HTTP/1.1" 200 1362
27.150.182.15 - - [22/Jan/2026:10:15:26 +0800] "GET /InternetTrading/js/md5.js?jsv=20200819161914 HTTP/1.1" 200 1730
27.150.182.15 - - [22/Jan/2026:10:15:26 +0800] "GET /InternetTrading/js/prng4.js?jsv=20200819161914 HTTP/1.1" 200 303
27.150.182.15 - - [22/Jan/2026:10:15:26 +0800] "GET /InternetTrading/js/rng.js?jsv=20200819161914 HTTP/1.1" 200 481
27.150.182.15 - - [22/Jan/2026:10:15:26 +0800] "GET /InternetTrading/js/jsbn.js?jsv=20200819161914 HTTP/1.1" 200 6736
27.150.182.15 - - [22/Jan/2026:10:15:26 +0800] "GET /InternetTrading/js/rsa.js?jsv=20200819161914 HTTP/1.1" 200 1658
27.150.182.15 - - [22/Jan/2026:10:15:26 +0800] "GET /InternetTrading/tc/images/bg_login.jpg HTTP/1.1" 200 29296
27.150.182.15 - - [22/Jan/2026:10:15:26 +0800] "GET /InternetTrading/tc/dialog.html?1769048410211 HTTP/1.1" 200 3188
27.150.182.15 - - [22/Jan/2026:10:15:26 +0800] "POST /InternetTrading/SystemMaintenanceCheck HTTP/1.1" 200 119
27.150.182.15 - - [22/Jan/2026:10:15:27 +0800] "GET /InternetTrading/tc/images/favicon.ico HTTP/1.1" 404 682
116.48.142.110 - - [22/Jan/2026:10:15:27 +0800] "GET /InternetTrading/longpoll/56231?X-Atmosphere-tracking-id=0&X-Atmosphere-Framework=2.2.3-javascript&X-Atmosphere-Transport=long-polling&X-Atmosphere-TrackMessageSize=true&Content-Type=charset%3Dutf-8&X-atmo-protocol=true&_=1769048410319 HTTP/1.1" 200 -
119.136.155.129 - - [22/Jan/2026:10:15:28 +0800] "GET /InternetTrading/longpoll/51803?X-Atmosphere-tracking-id=0&X-Atmosphere-Framework=2.2.3-javascript&X-Atmosphere-Transport=long-polling&X-Atmosphere-TrackMessageSize=true&Content-Type=charset%3Dutf-8&X-atmo-protocol=true&_=1769048422588 HTTP/1.1" 200 -
14.0.173.64 - - [22/Jan/2026:10:15:28 +0800] "GET /InternetTrading/longpoll/A8127?X-Atmosphere-tracking-id=0&X-Atmosphere-Framework=2.2.3-javascript&X-Atmosphere-Transport=long-polling&X-Atmosphere-TrackMessageSize=true&Content-Type=charset%3Dutf-8&X-atmo-protocol=true&_=1769048414440 HTTP/1.1" 200 -
14.155.90.194 - - [22/Jan/2026:10:15:29 +0800] "POST /InternetTrading/SessionErrorLogger HTTP/1.1" 200 117
14.155.90.194 - - [22/Jan/2026:10:15:29 +0800] "POST /InternetTrading/LoginKey HTTP/1.1" 200 -
14.155.90.194 - - [22/Jan/2026:10:15:29 +0800] "POST /InternetTrading/PreOrder HTTP/1.1" 200 1222
14.155.90.194 - - [22/Jan/2026:10:15:29 +0800] "GET /InternetTrading/jquery/wait.gif HTTP/1.1" 200 432
58.152.215.40 - - [22/Jan/2026:10:15:30 +0800] "GET /InternetTrading/longpoll/55136?X-Atmosphere-tracking-id=0&X-Atmosphere-Framework=2.2.3-javascript&X-Atmosphere-Transport=long-polling&X-Atmosphere-TrackMessageSize=true&Content-Type=charset%3Dutf-8&X-atmo-protocol=true&_=1769048414892 HTTP/1.1" 200 -
14.155.90.194 - - [22/Jan/2026:10:15:31 +0800] "POST /InternetTrading/SessionErrorLogger HTTP/1.1" 200 117
14.155.90.194 - - [22/Jan/2026:10:15:31 +0800] "GET /InternetTrading/Csrf?url=/Order HTTP/1.1" 200 126
14.155.90.194 - - [22/Jan/2026:10:15:31 +0800] "POST /InternetTrading/SessionErrorLogger HTTP/1.1" 200 117
14.155.90.194 - - [22/Jan/2026:10:15:31 +0800] "POST /InternetTrading/LoginKey HTTP/1.1" 200 -
14.155.90.194 - - [22/Jan/2026:10:15:31 +0800] "POST /InternetTrading/SessionErrorLogger HTTP/1.1" 200 117
14.155.90.194 - - [22/Jan/2026:10:15:31 +0800] "POST /InternetTrading/Order?csrf_nonce=E33491A6E406FEFE4D6A49742D51BB01 HTTP/1.1" 200 1017
14.155.90.194 - - [22/Jan/2026:10:15:31 +0800] "POST /InternetTrading/SessionErrorLogger HTTP/1.1" 200 117
14.155.90.194 - - [22/Jan/2026:10:15:31 +0800] "GET /InternetTrading/tc/sell_ticket.html? HTTP/1.1" 200 2261
14.155.90.194 - - [22/Jan/2026:10:15:31 +0800] "GET /InternetTrading/longpoll/13519?X-Atmosphere-tracking-id=0&X-Atmosphere-Framework=2.2.3-javascript&X-Atmosphere-Transport=long-polling&X-Atmosphere-TrackMessageSize=true&Content-Type=charset%3Dutf-8&X-atmo-protocol=true&_=1769048415251 HTTP/1.1" 200 -
14.155.90.194 - - [22/Jan/2026:10:15:31 +0800] "POST /InternetTrading/SessionErrorLogger HTTP/1.1" 200 117
14.155.90.194 - - [22/Jan/2026:10:15:31 +0800] "POST /InternetTrading/SessionErrorLogger HTTP/1.1" 200 117
14.155.90.194 - - [22/Jan/2026:10:15:31 +0800] "POST /InternetTrading/MarketStatus HTTP/1.1" 200 772
14.155.90.194 - - [22/Jan/2026:10:15:32 +0800] "POST /InternetTrading/MarketStatus HTTP/1.1" 200 772
119.136.155.129 - - [22/Jan/2026:10:15:33 +0800] "GET /InternetTrading/longpoll/51803?X-Atmosphere-tracking-id=0&X-Atmosphere-Framework=2.2.3-javascript&X-Atmosphere-Transport=long-polling&X-Atmosphere-TrackMessageSize=true&Content-Type=charset%3Dutf-8&X-atmo-protocol=true&_=1769048427646 HTTP/1.1" 200 -
116.48.142.110 - - [22/Jan/2026:10:15:33 +0800] "GET /InternetTrading/longpoll/56231?X-Atmosphere-tracking-id=0&X-Atmosphere-Framework=2.2.3-javascript&X-Atmosphere-Transport=long-polling&X-Atmosphere-TrackMessageSize=true&Content-Type=charset%3Dutf-8&X-atmo-protocol=true&_=1769048416319 HTTP/1.1" 200 -
14.155.90.194 - - [22/Jan/2026:10:15:33 +0800] "GET /InternetTrading/jquery/wait.gif HTTP/1.1" 200 432
14.155.90.194 - - [22/Jan/2026:10:15:33 +0800] "POST /InternetTrading/SessionErrorLogger HTTP/1.1" 200 117
14.155.90.194 - - [22/Jan/2026:10:15:33 +0800] "POST /InternetTrading/Orderbook HTTP/1.1" 200 1671
14.0.173.64 - - [22/Jan/2026:10:15:34 +0800] "GET /InternetTrading/longpoll/A8127?X-Atmosphere-tracking-id=0&X-Atmosphere-Framework=2.2.3-javascript&X-Atmosphere-Transport=long-polling&X-Atmosphere-TrackMessageSize=true&Content-Type=charset%3Dutf-8&X-atmo-protocol=true&_=1769048419535 HTTP/1.1" 200 -
14.155.90.194 - - [22/Jan/2026:10:15:34 +0800] "POST /InternetTrading/SessionErrorLogger HTTP/1.1" 200 117
14.155.90.194 - - [22/Jan/2026:10:15:34 +0800] "GET /InternetTrading/jquery/wait.gif HTTP/1.1" 200 432
14.155.90.194 - - [22/Jan/2026:10:15:34 +0800] "POST /InternetTrading/Orderbook HTTP/1.1" 200 1671
119.136.155.129 - - [22/Jan/2026:10:15:35 +0800] "POST /InternetTrading/SessionErrorLogger HTTP/1.1" 200 117
119.136.155.129 - - [22/Jan/2026:10:15:35 +0800] "POST /InternetTrading/Heartbeat HTTP/1.1" 200 32
119.136.155.129 - - [22/Jan/2026:10:15:35 +0800] "POST /InternetTrading/SessionErrorLogger HTTP/1.1" 200 117
119.136.155.129 - - [22/Jan/2026:10:15:35 +0800] "POST /InternetTrading/MarketStatus HTTP/1.1" 200 772
14.155.90.194 - - [22/Jan/2026:10:15:35 +0800] "GET /InternetTrading/jquery/wait.gif HTTP/1.1" 200 432
14.155.90.194 - - [22/Jan/2026:10:15:35 +0800] "POST /InternetTrading/SessionErrorLogger HTTP/1.1" 200 117
14.155.90.194 - - [22/Jan/2026:10:15:35 +0800] "POST /InternetTrading/Portfolio HTTP/1.1" 200 1372
58.152.215.40 - - [22/Jan/2026:10:15:35 +0800] "GET /InternetTrading/longpoll/55136?X-Atmosphere-tracking-id=0&X-Atmosphere-Framework=2.2.3-javascript&X-Atmosphere-Transport=long-polling&X-Atmosphere-TrackMessageSize=true&Content-Type=charset%3Dutf-8&X-atmo-protocol=true&_=1769048419933 HTTP/1.1" 200 -
14.155.90.194 - - [22/Jan/2026:10:15:37 +0800] "GET /InternetTrading/longpoll/13519?X-Atmosphere-tracking-id=0&X-Atmosphere-Framework=2.2.3-javascript&X-Atmosphere-Transport=long-polling&X-Atmosphere-TrackMessageSize=true&Content-Type=charset%3Dutf-8&X-atmo-protocol=true&_=1769048420520 HTTP/1.1" 200 -
119.136.155.129 - - [22/Jan/2026:10:15:38 +0800] "GET /InternetTrading/longpoll/51803?X-Atmosphere-tracking-id=0&X-Atmosphere-Framework=2.2.3-javascript&X-Atmosphere-Transport=long-polling&X-Atmosphere-TrackMessageSize=true&Content-Type=charset%3Dutf-8&X-atmo-protocol=true&_=1769048432713 HTTP/1.1" 200 -
14.0.173.64 - - [22/Jan/2026:10:15:39 +0800] "GET /InternetTrading/longpoll/A8127?X-Atmosphere-tracking-id=0&X-Atmosphere-Framework=2.2.3-javascript&X-Atmosphere-Transport=long-polling&X-Atmosphere-TrackMessageSize=true&Content-Type=charset%3Dutf-8&X-atmo-protocol=true&_=1769048424735 HTTP/1.1" 200 -
116.48.142.110 - - [22/Jan/2026:10:15:39 +0800] "GET /InternetTrading/longpoll/56231?X-Atmosphere-tracking-id=0&X-Atmosphere-Framework=2.2.3-javascript&X-Atmosphere-Transport=long-polling&X-Atmosphere-TrackMessageSize=true&Content-Type=charset%3Dutf-8&X-atmo-protocol=true&_=1769048422307 HTTP/1.1" 200 -
14.155.90.194 - - [22/Jan/2026:10:15:40 +0800] "GET /InternetTrading/jquery/wait.gif HTTP/1.1" 200 432
14.155.90.194 - - [22/Jan/2026:10:15:40 +0800] "POST /InternetTrading/SessionErrorLogger HTTP/1.1" 200 117
14.155.90.194 - - [22/Jan/2026:10:15:40 +0800] "POST /InternetTrading/Orderbook HTTP/1.1" 200 1671
58.152.215.40 - - [22/Jan/2026:10:15:40 +0800] "GET /InternetTrading/longpoll/55136?X-Atmosphere-tracking-id=0&X-Atmosphere-Framework=2.2.3-javascript&X-Atmosphere-Transport=long-polling&X-Atmosphere-TrackMessageSize=true&Content-Type=charset%3Dutf-8&X-atmo-protocol=true&_=1769048424954 HTTP/1.1" 200 -
14.155.90.194 - - [22/Jan/2026:10:15:41 +0800] "POST /InternetTrading/SessionErrorLogger HTTP/1.1" 200 117
14.155.90.194 - - [22/Jan/2026:10:15:41 +0800] "POST /InternetTrading/Heartbeat HTTP/1.1" 200 32
14.155.90.194 - - [22/Jan/2026:10:15:42 +0800] "GET /InternetTrading/longpoll/13519?X-Atmosphere-tracking-id=0&X-Atmosphere-Framework=2.2.3-javascript&X-Atmosphere-Transport=long-polling&X-Atmosphere-TrackMessageSize=true&Content-Type=charset%3Dutf-8&X-atmo-protocol=true&_=1769048425602 HTTP/1.1" 200 -
119.136.155.129 - - [22/Jan/2026:10:15:43 +0800] "GET /InternetTrading/longpoll/51803?X-Atmosphere-tracking-id=0&X-Atmosphere-Framework=2.2.3-javascript&X-Atmosphere-Transport=long-polling&X-Atmosphere-TrackMessageSize=true&Content-Type=charset%3Dutf-8&X-atmo-protocol=true&_=1769048437744 HTTP/1.1" 200 -
14.155.90.194 - - [22/Jan/2026:10:15:43 +0800] "GET /InternetTrading/jquery/wait.gif HTTP/1.1" 200 432
14.155.90.194 - - [22/Jan/2026:10:15:43 +0800] "POST /InternetTrading/SessionErrorLogger HTTP/1.1" 200 117
14.155.90.194 - - [22/Jan/2026:10:15:43 +0800] "POST /InternetTrading/Portfolio HTTP/1.1" 200 1372
14.0.173.64 - - [22/Jan/2026:10:15:44 +0800] "GET /InternetTrading/longpoll/A8127?X-Atmosphere-tracking-id=0&X-Atmosphere-Framework=2.2.3-javascript&X-Atmosphere-Transport=long-polling&X-Atmosphere-TrackMessageSize=true&Content-Type=charset%3Dutf-8&X-atmo-protocol=true&_=1769048429838 HTTP/1.1" 200 -
116.48.142.110 - - [22/Jan/2026:10:15:45 +0800] "GET /InternetTrading/longpoll/56231?X-Atmosphere-tracking-id=0&X-Atmosphere-Framework=2.2.3-javascript&X-Atmosphere-Transport=long-polling&X-Atmosphere-TrackMessageSize=true&Content-Type=charset%3Dutf-8&X-atmo-protocol=true&_=1769048428313 HTTP/1.1" 200 -
58.152.215.40 - - [22/Jan/2026:10:15:45 +0800] "GET /InternetTrading/longpoll/55136?X-Atmosphere-tracking-id=0&X-Atmosphere-Framework=2.2.3-javascript&X-Atmosphere-Transport=long-polling&X-Atmosphere-TrackMessageSize=true&Content-Type=charset%3Dutf-8&X-atmo-protocol=true&_=1769048430003 HTTP/1.1" 200 -
58.152.215.40 - - [22/Jan/2026:10:15:46 +0800] "POST /InternetTrading/SessionErrorLogger HTTP/1.1" 200 117
58.152.215.40 - - [22/Jan/2026:10:15:46 +0800] "POST /InternetTrading/Heartbeat HTTP/1.1" 200 32
58.152.215.40 - - [22/Jan/2026:10:15:46 +0800] "POST /InternetTrading/SessionErrorLogger HTTP/1.1" 200 117
58.152.215.40 - - [22/Jan/2026:10:15:46 +0800] "POST /InternetTrading/MarketStatus HTTP/1.1" 200 772
14.155.90.194 - - [22/Jan/2026:10:15:47 +0800] "GET /InternetTrading/longpoll/13519?X-Atmosphere-tracking-id=0&X-Atmosphere-Framework=2.2.3-javascript&X-Atmosphere-Transport=long-polling&X-Atmosphere-TrackMessageSize=true&Content-Type=charset%3Dutf-8&X-atmo-protocol=true&_=1769048430682 HTTP/1.1" 200 -
119.136.155.129 - - [22/Jan/2026:10:15:48 +0800] "GET /InternetTrading/longpoll/51803?X-Atmosphere-tracking-id=0&X-Atmosphere-Framework=2.2.3-javascript&X-Atmosphere-Transport=long-polling&X-Atmosphere-TrackMessageSize=true&Content-Type=charset%3Dutf-8&X-atmo-protocol=true&_=1769048442769 HTTP/1.1" 200 -
14.0.173.64 - - [22/Jan/2026:10:15:49 +0800] "GET /InternetTrading/longpoll/A8127?X-Atmosphere-tracking-id=0&X-Atmosphere-Framework=2.2.3-javascript&X-Atmosphere-Transport=long-polling&X-Atmosphere-TrackMessageSize=true&Content-Type=charset%3Dutf-8&X-atmo-protocol=true&_=1769048434973 HTTP/1.1" 200 -
58.152.215.40 - - [22/Jan/2026:10:15:51 +0800] "GET /InternetTrading/longpoll/55136?X-Atmosphere-tracking-id=0&X-Atmosphere-Framework=2.2.3-javascript&X-Atmosphere-Transport=long-polling&X-Atmosphere-TrackMessageSize=true&Content-Type=charset%3Dutf-8&X-atmo-protocol=true&_=1769048435036 HTTP/1.1" 200 -
116.48.142.110 - - [22/Jan/2026:10:15:51 +0800] "GET /InternetTrading/longpoll/56231?X-Atmosphere-tracking-id=0&X-Atmosphere-Framework=2.2.3-javascript&X-Atmosphere-Transport=long-polling&X-Atmosphere-TrackMessageSize=true&Content-Type=charset%3Dutf-8&X-atmo-protocol=true&_=1769048434313 HTTP/1.1" 200 -
119.136.155.129 - - [22/Jan/2026:10:15:53 +0800] "GET /InternetTrading/longpoll/51803?X-Atmosphere-tracking-id=0&X-Atmosphere-Framework=2.2.3-javascript&X-Atmosphere-Transport=long-polling&X-Atmosphere-TrackMessageSize=true&Content-Type=charset%3Dutf-8&X-atmo-protocol=true&_=1769048447834 HTTP/1.1" 200 -
14.155.90.194 - - [22/Jan/2026:10:15:54 +0800] "GET /InternetTrading/longpoll/13519?X-Atmosphere-tracking-id=0&X-Atmosphere-Framework=2.2.3-javascript&X-Atmosphere-Transport=long-polling&X-Atmosphere-TrackMessageSize=true&Content-Type=charset%3Dutf-8&X-atmo-protocol=true&_=1769048437557 HTTP/1.1" 200 -
14.0.173.64 - - [22/Jan/2026:10:15:54 +0800] "GET /InternetTrading/longpoll/A8127?X-Atmosphere-tracking-id=0&X-Atmosphere-Framework=2.2.3-javascript&X-Atmosphere-Transport=long-polling&X-Atmosphere-TrackMessageSize=true&Content-Type=charset%3Dutf-8&X-atmo-protocol=true&_=1769048440089 HTTP/1.1" 200 -
14.0.173.64 - - [22/Jan/2026:10:15:54 +0800] "POST /InternetTrading/SessionErrorLogger HTTP/1.1" 200 117
14.0.173.64 - - [22/Jan/2026:10:15:54 +0800] "POST /InternetTrading/Heartbeat HTTP/1.1" 200 32
14.0.173.64 - - [22/Jan/2026:10:15:55 +0800] "POST /InternetTrading/SessionErrorLogger HTTP/1.1" 200 117
14.0.173.64 - - [22/Jan/2026:10:15:55 +0800] "POST /InternetTrading/MarketStatus HTTP/1.1" 200 772
58.152.215.40 - - [22/Jan/2026:10:15:56 +0800] "GET /InternetTrading/longpoll/55136?X-Atmosphere-tracking-id=0&X-Atmosphere-Framework=2.2.3-javascript&X-Atmosphere-Transport=long-polling&X-Atmosphere-TrackMessageSize=true&Content-Type=charset%3Dutf-8&X-atmo-protocol=true&_=1769048440063 HTTP/1.1" 200 -
116.48.142.110 - - [22/Jan/2026:10:15:57 +0800] "GET /InternetTrading/longpoll/56231?X-Atmosphere-tracking-id=0&X-Atmosphere-Framework=2.2.3-javascript&X-Atmosphere-Transport=long-polling&X-Atmosphere-TrackMessageSize=true&Content-Type=charset%3Dutf-8&X-atmo-protocol=true&_=1769048440309 HTTP/1.1" 200 -
119.136.155.129 - - [22/Jan/2026:10:15:58 +0800] "GET /InternetTrading/longpoll/51803?X-Atmosphere-tracking-id=0&X-Atmosphere-Framework=2.2.3-javascript&X-Atmosphere-Transport=long-polling&X-Atmosphere-TrackMessageSize=true&Content-Type=charset%3Dutf-8&X-atmo-protocol=true&_=1769048452911 HTTP/1.1" 200 -
14.155.90.194 - - [22/Jan/2026:10:15:59 +0800] "GET /InternetTrading/longpoll/13519?X-Atmosphere-tracking-id=0&X-Atmosphere-Framework=2.2.3-javascript&X-Atmosphere-Transport=long-polling&X-Atmosphere-TrackMessageSize=true&Content-Type=charset%3Dutf-8&X-atmo-protocol=true&_=1769048442786 HTTP/1.1" 200 -
14.155.90.194 - - [22/Jan/2026:10:15:59 +0800] "GET /InternetTrading/tc/images/refresh.gif HTTP/1.1" 200 1145
14.0.173.64 - - [22/Jan/2026:10:16:00 +0800] "GET /InternetTrading/longpoll/A8127?X-Atmosphere-tracking-id=0&X-Atmosphere-Framework=2.2.3-javascript&X-Atmosphere-Transport=long-polling&X-Atmosphere-TrackMessageSize=true&Content-Type=charset%3Dutf-8&X-atmo-protocol=true&_=1769048445504 HTTP/1.1" 200 -
58.152.215.40 - - [22/Jan/2026:10:16:01 +0800] "GET /InternetTrading/longpoll/55136?X-Atmosphere-tracking-id=0&X-Atmosphere-Framework=2.2.3-javascript&X-Atmosphere-Transport=long-polling&X-Atmosphere-TrackMessageSize=true&Content-Type=charset%3Dutf-8&X-atmo-protocol=true&_=1769048445108 HTTP/1.1" 200 -
14.155.90.194 - - [22/Jan/2026:10:16:01 +0800] "GET /InternetTrading/jquery/wait.gif HTTP/1.1" 200 432
14.155.90.194 - - [22/Jan/2026:10:16:01 +0800] "POST /InternetTrading/SessionErrorLogger HTTP/1.1" 200 117
