14.155.90.194 - - [22/Jan/2026:10:08:48 +0800] "GET /InternetTrading/longpoll/13519?X-Atmosphere-tracking-id=0&X-Atmosphere-Framework=2.2.3-javascript&X-Atmosphere-Transport=long-polling&X-Atmosphere-TrackMessageSize=true&Content-Type=charset%3Dutf-8&X-atmo-protocol=true&_=1769048011307 HTTP/1.1" 200 -
58.152.215.40 - - [22/Jan/2026:10:08:48 +0800] "GET /InternetTrading/longpoll/55136?X-Atmosphere-tracking-id=0&X-Atmosphere-Framework=2.2.3-javascript&X-Atmosphere-Transport=long-polling&X-Atmosphere-TrackMessageSize=true&Content-Type=charset%3Dutf-8&X-atmo-protocol=true&_=1769048012367 HTTP/1.1" 200 -
119.136.155.129 - - [22/Jan/2026:10:08:48 +0800] "GET /InternetTrading/longpoll/51803?X-Atmosphere-tracking-id=0&X-Atmosphere-Framework=2.2.3-javascript&X-Atmosphere-Transport=long-polling&X-Atmosphere-TrackMessageSize=true&Content-Type=charset%3Dutf-8&X-atmo-protocol=true&_=1769048023236 HTTP/1.1" 200 -
14.155.90.194 - - [22/Jan/2026:10:08:51 +0800] "GET /InternetTrading/jquery/wait.gif HTTP/1.1" 200 432
14.155.90.194 - - [22/Jan/2026:10:08:51 +0800] "POST /InternetTrading/SessionErrorLogger HTTP/1.1" 200 117
14.155.90.194 - - [22/Jan/2026:10:08:51 +0800] "POST /InternetTrading/Orderbook HTTP/1.1" 200 94
14.0.173.64 - - [22/Jan/2026:10:08:51 +0800] "GET /InternetTrading/longpoll/A8127?X-Atmosphere-tracking-id=0&X-Atmosphere-Framework=2.2.3-javascript&X-Atmosphere-Transport=long-polling&X-Atmosphere-TrackMessageSize=true&Content-Type=charset%3Dutf-8&X-atmo-protocol=true&_=1769048017104 HTTP/1.1" 200 -
116.48.142.110 - - [22/Jan/2026:10:08:51 +0800] "GET /InternetTrading/longpoll/56231?X-Atmosphere-tracking-id=0&X-Atmosphere-Framework=2.2.3-javascript&X-Atmosphere-Transport=long-polling&X-Atmosphere-TrackMessageSize=true&Content-Type=charset%3Dutf-8&X-atmo-protocol=true&_=1769048014307 HTTP/1.1" 200 -
14.155.90.194 - - [22/Jan/2026:10:08:52 +0800] "GET /InternetTrading/jquery/wait.gif HTTP/1.1" 200 432
14.155.90.194 - - [22/Jan/2026:10:08:52 +0800] "POST /InternetTrading/SessionErrorLogger HTTP/1.1" 200 117
14.155.90.194 - - [22/Jan/2026:10:08:52 +0800] "POST /InternetTrading/Orderbook HTTP/1.1" 200 94
14.155.90.194 - - [22/Jan/2026:10:08:53 +0800] "GET /InternetTrading/longpoll/13519?X-Atmosphere-tracking-id=0&X-Atmosphere-Framework=2.2.3-javascript&X-Atmosphere-Transport=long-polling&X-Atmosphere-TrackMessageSize=true&Content-Type=charset%3Dutf-8&X-atmo-protocol=true&_=1769048016556 HTTP/1.1" 200 -
58.152.215.40 - - [22/Jan/2026:10:08:53 +0800] "GET /InternetTrading/longpoll/55136?X-Atmosphere-tracking-id=0&X-Atmosphere-Framework=2.2.3-javascript&X-Atmosphere-Transport=long-polling&X-Atmosphere-TrackMessageSize=true&Content-Type=charset%3Dutf-8&X-atmo-protocol=true&_=1769048017386 HTTP/1.1" 200 -
14.0.173.64 - - [22/Jan/2026:10:08:53 +0800] "POST /InternetTrading/SessionErrorLogger HTTP/1.1" 200 117
14.0.173.64 - - [22/Jan/2026:10:08:53 +0800] "POST /InternetTrading/Heartbeat HTTP/1.1" 200 32
14.0.173.64 - - [22/Jan/2026:10:08:53 +0800] "POST /InternetTrading/SessionErrorLogger HTTP/1.1" 200 117
14.0.173.64 - - [22/Jan/2026:10:08:53 +0800] "POST /InternetTrading/MarketStatus HTTP/1.1" 200 772
119.136.155.129 - - [22/Jan/2026:10:08:54 +0800] "GET /InternetTrading/longpoll/51803?X-Atmosphere-tracking-id=0&X-Atmosphere-Framework=2.2.3-javascript&X-Atmosphere-Transport=long-polling&X-Atmosphere-TrackMessageSize=true&Content-Type=charset%3Dutf-8&X-atmo-protocol=true&_=1769048028779 HTTP/1.1" 200 -
14.155.90.194 - - [22/Jan/2026:10:08:54 +0800] "GET /InternetTrading/jquery/wait.gif HTTP/1.1" 200 432
14.155.90.194 - - [22/Jan/2026:10:08:54 +0800] "POST /InternetTrading/SessionErrorLogger HTTP/1.1" 200 117
14.155.90.194 - - [22/Jan/2026:10:08:54 +0800] "POST /InternetTrading/Portfolio HTTP/1.1" 200 1325
14.0.173.64 - - [22/Jan/2026:10:08:56 +0800] "GET /InternetTrading/longpoll/A8127?X-Atmosphere-tracking-id=0&X-Atmosphere-Framework=2.2.3-javascript&X-Atmosphere-Transport=long-polling&X-Atmosphere-TrackMessageSize=true&Content-Type=charset%3Dutf-8&X-atmo-protocol=true&_=1769048022259 HTTP/1.1" 200 -
116.48.142.110 - - [22/Jan/2026:10:08:57 +0800] "GET /InternetTrading/longpoll/56231?X-Atmosphere-tracking-id=0&X-Atmosphere-Framework=2.2.3-javascript&X-Atmosphere-Transport=long-polling&X-Atmosphere-TrackMessageSize=true&Content-Type=charset%3Dutf-8&X-atmo-protocol=true&_=1769048020309 HTTP/1.1" 200 -
14.155.90.194 - - [22/Jan/2026:10:08:58 +0800] "GET /InternetTrading/longpoll/13519?X-Atmosphere-tracking-id=0&X-Atmosphere-Framework=2.2.3-javascript&X-Atmosphere-Transport=long-polling&X-Atmosphere-TrackMessageSize=true&Content-Type=charset%3Dutf-8&X-atmo-protocol=true&_=1769048021635 HTTP/1.1" 200 -
58.152.215.40 - - [22/Jan/2026:10:08:58 +0800] "GET /InternetTrading/longpoll/55136?X-Atmosphere-tracking-id=0&X-Atmosphere-Framework=2.2.3-javascript&X-Atmosphere-Transport=long-polling&X-Atmosphere-TrackMessageSize=true&Content-Type=charset%3Dutf-8&X-atmo-protocol=true&_=1769048022419 HTTP/1.1" 200 -
119.136.155.129 - - [22/Jan/2026:10:08:59 +0800] "GET /InternetTrading/longpoll/51803?X-Atmosphere-tracking-id=0&X-Atmosphere-Framework=2.2.3-javascript&X-Atmosphere-Transport=long-polling&X-Atmosphere-TrackMessageSize=true&Content-Type=charset%3Dutf-8&X-atmo-protocol=true&_=1769048033848 HTTP/1.1" 200 -
14.0.173.64 - - [22/Jan/2026:10:09:01 +0800] "GET /InternetTrading/longpoll/A8127?X-Atmosphere-tracking-id=0&X-Atmosphere-Framework=2.2.3-javascript&X-Atmosphere-Transport=long-polling&X-Atmosphere-TrackMessageSize=true&Content-Type=charset%3Dutf-8&X-atmo-protocol=true&_=1769048027376 HTTP/1.1" 200 -
58.152.215.40 - - [22/Jan/2026:10:09:03 +0800] "GET /InternetTrading/longpoll/55136?X-Atmosphere-tracking-id=0&X-Atmosphere-Framework=2.2.3-javascript&X-Atmosphere-Transport=long-polling&X-Atmosphere-TrackMessageSize=true&Content-Type=charset%3Dutf-8&X-atmo-protocol=true&_=1769048027463 HTTP/1.1" 200 -
14.155.90.194 - - [22/Jan/2026:10:09:03 +0800] "GET /InternetTrading/longpoll/13519?X-Atmosphere-tracking-id=0&X-Atmosphere-Framework=2.2.3-javascript&X-Atmosphere-Transport=long-polling&X-Atmosphere-TrackMessageSize=true&Content-Type=charset%3Dutf-8&X-atmo-protocol=true&_=1769048026967 HTTP/1.1" 200 -
116.48.142.110 - - [22/Jan/2026:10:09:03 +0800] "GET /InternetTrading/longpoll/56231?X-Atmosphere-tracking-id=0&X-Atmosphere-Framework=2.2.3-javascript&X-Atmosphere-Transport=long-polling&X-Atmosphere-TrackMessageSize=true&Content-Type=charset%3Dutf-8&X-atmo-protocol=true&_=1769048026313 HTTP/1.1" 200 -
119.136.155.129 - - [22/Jan/2026:10:09:04 +0800] "GET /InternetTrading/longpoll/51803?X-Atmosphere-tracking-id=0&X-Atmosphere-Framework=2.2.3-javascript&X-Atmosphere-Transport=long-polling&X-Atmosphere-TrackMessageSize=true&Content-Type=charset%3Dutf-8&X-atmo-protocol=true&_=1769048038915 HTTP/1.1" 200 -
116.48.142.110 - - [22/Jan/2026:10:09:04 +0800] "POST /InternetTrading/SessionErrorLogger HTTP/1.1" 200 117
116.48.142.110 - - [22/Jan/2026:10:09:04 +0800] "POST /InternetTrading/MarketStatus HTTP/1.1" 200 772
116.48.142.110 - - [22/Jan/2026:10:09:04 +0800] "POST /InternetTrading/SessionErrorLogger HTTP/1.1" 200 117
116.48.142.110 - - [22/Jan/2026:10:09:04 +0800] "POST /InternetTrading/Heartbeat HTTP/1.1" 200 32
119.136.155.129 - - [22/Jan/2026:10:09:04 +0800] "POST /InternetTrading/SessionErrorLogger HTTP/1.1" 200 117
119.136.155.129 - - [22/Jan/2026:10:09:04 +0800] "POST /InternetTrading/Heartbeat HTTP/1.1" 200 32
119.136.155.129 - - [22/Jan/2026:10:09:04 +0800] "POST /InternetTrading/SessionErrorLogger HTTP/1.1" 200 117
119.136.155.129 - - [22/Jan/2026:10:09:04 +0800] "POST /InternetTrading/MarketStatus HTTP/1.1" 200 772
14.155.90.194 - - [22/Jan/2026:10:09:04 +0800] "POST /InternetTrading/SessionErrorLogger HTTP/1.1" 200 117
14.155.90.194 - - [22/Jan/2026:10:09:05 +0800] "POST /InternetTrading/Heartbeat HTTP/1.1" 200 32
14.155.90.194 - - [22/Jan/2026:10:09:05 +0800] "POST /InternetTrading/SessionErrorLogger HTTP/1.1" 200 117
14.155.90.194 - - [22/Jan/2026:10:09:05 +0800] "POST /InternetTrading/MarketStatus HTTP/1.1" 200 772
14.0.173.64 - - [22/Jan/2026:10:09:07 +0800] "GET /InternetTrading/longpoll/A8127?X-Atmosphere-tracking-id=0&X-Atmosphere-Framework=2.2.3-javascript&X-Atmosphere-Transport=long-polling&X-Atmosphere-TrackMessageSize=true&Content-Type=charset%3Dutf-8&X-atmo-protocol=true&_=1769048032487 HTTP/1.1" 200 -
58.152.215.40 - - [22/Jan/2026:10:09:08 +0800] "GET /InternetTrading/longpoll/55136?X-Atmosphere-tracking-id=0&X-Atmosphere-Framework=2.2.3-javascript&X-Atmosphere-Transport=long-polling&X-Atmosphere-TrackMessageSize=true&Content-Type=charset%3Dutf-8&X-atmo-protocol=true&_=1769048032501 HTTP/1.1" 200 -
119.136.155.129 - - [22/Jan/2026:10:09:09 +0800] "GET /InternetTrading/longpoll/51803?X-Atmosphere-tracking-id=0&X-Atmosphere-Framework=2.2.3-javascript&X-Atmosphere-Transport=long-polling&X-Atmosphere-TrackMessageSize=true&Content-Type=charset%3Dutf-8&X-atmo-protocol=true&_=1769048043966 HTTP/1.1" 200 -
14.155.90.194 - - [22/Jan/2026:10:09:09 +0800] "GET /InternetTrading/longpoll/13519?X-Atmosphere-tracking-id=0&X-Atmosphere-Framework=2.2.3-javascript&X-Atmosphere-Transport=long-polling&X-Atmosphere-TrackMessageSize=true&Content-Type=charset%3Dutf-8&X-atmo-protocol=true&_=1769048033169 HTTP/1.1" 200 -
116.48.142.110 - - [22/Jan/2026:10:09:09 +0800] "GET /InternetTrading/longpoll/56231?X-Atmosphere-tracking-id=0&X-Atmosphere-Framework=2.2.3-javascript&X-Atmosphere-Transport=long-polling&X-Atmosphere-TrackMessageSize=true&Content-Type=charset%3Dutf-8&X-atmo-protocol=true&_=1769048032318 HTTP/1.1" 200 -
14.0.173.64 - - [22/Jan/2026:10:09:12 +0800] "GET /InternetTrading/longpoll/A8127?X-Atmosphere-tracking-id=0&X-Atmosphere-Framework=2.2.3-javascript&X-Atmosphere-Transport=long-polling&X-Atmosphere-TrackMessageSize=true&Content-Type=charset%3Dutf-8&X-atmo-protocol=true&_=1769048037859 HTTP/1.1" 200 -
58.152.215.40 - - [22/Jan/2026:10:09:13 +0800] "GET /InternetTrading/longpoll/55136?X-Atmosphere-tracking-id=0&X-Atmosphere-Framework=2.2.3-javascript&X-Atmosphere-Transport=long-polling&X-Atmosphere-TrackMessageSize=true&Content-Type=charset%3Dutf-8&X-atmo-protocol=true&_=1769048037523 HTTP/1.1" 200 -
119.136.155.129 - - [22/Jan/2026:10:09:14 +0800] "GET /InternetTrading/longpoll/51803?X-Atmosphere-tracking-id=0&X-Atmosphere-Framework=2.2.3-javascript&X-Atmosphere-Transport=long-polling&X-Atmosphere-TrackMessageSize=true&Content-Type=charset%3Dutf-8&X-atmo-protocol=true&_=1769048048996 HTTP/1.1" 200 -
116.48.142.110 - - [22/Jan/2026:10:09:15 +0800] "GET /InternetTrading/longpoll/56231?X-Atmosphere-tracking-id=0&X-Atmosphere-Framework=2.2.3-javascript&X-Atmosphere-Transport=long-polling&X-Atmosphere-TrackMessageSize=true&Content-Type=charset%3Dutf-8&X-atmo-protocol=true&_=1769048038309 HTTP/1.1" 200 -
58.152.215.40 - - [22/Jan/2026:10:09:16 +0800] "POST /InternetTrading/SessionErrorLogger HTTP/1.1" 200 117
58.152.215.40 - - [22/Jan/2026:10:09:16 +0800] "POST /InternetTrading/Heartbeat HTTP/1.1" 200 32
58.152.215.40 - - [22/Jan/2026:10:09:16 +0800] "POST /InternetTrading/SessionErrorLogger HTTP/1.1" 200 117
58.152.215.40 - - [22/Jan/2026:10:09:16 +0800] "POST /InternetTrading/MarketStatus HTTP/1.1" 200 772
14.155.90.194 - - [22/Jan/2026:10:09:17 +0800] "GET /InternetTrading/longpoll/13519?X-Atmosphere-tracking-id=0&X-Atmosphere-Framework=2.2.3-javascript&X-Atmosphere-Transport=long-polling&X-Atmosphere-TrackMessageSize=true&Content-Type=charset%3Dutf-8&X-atmo-protocol=true&_=1769048040637 HTTP/1.1" 200 -
14.0.173.64 - - [22/Jan/2026:10:09:17 +0800] "GET /InternetTrading/longpoll/A8127?X-Atmosphere-tracking-id=0&X-Atmosphere-Framework=2.2.3-javascript&X-Atmosphere-Transport=long-polling&X-Atmosphere-TrackMessageSize=true&Content-Type=charset%3Dutf-8&X-atmo-protocol=true&_=1769048042961 HTTP/1.1" 200 -
58.152.215.40 - - [22/Jan/2026:10:09:18 +0800] "GET /InternetTrading/longpoll/55136?X-Atmosphere-tracking-id=0&X-Atmosphere-Framework=2.2.3-javascript&X-Atmosphere-Transport=long-polling&X-Atmosphere-TrackMessageSize=true&Content-Type=charset%3Dutf-8&X-atmo-protocol=true&_=1769048042565 HTTP/1.1" 200 -
119.136.155.129 - - [22/Jan/2026:10:09:19 +0800] "GET /InternetTrading/longpoll/51803?X-Atmosphere-tracking-id=0&X-Atmosphere-Framework=2.2.3-javascript&X-Atmosphere-Transport=long-polling&X-Atmosphere-TrackMessageSize=true&Content-Type=charset%3Dutf-8&X-atmo-protocol=true&_=1769048054021 HTTP/1.1" 200 -
116.48.142.110 - - [22/Jan/2026:10:09:21 +0800] "GET /InternetTrading/longpoll/56231?X-Atmosphere-tracking-id=0&X-Atmosphere-Framework=2.2.3-javascript&X-Atmosphere-Transport=long-polling&X-Atmosphere-TrackMessageSize=true&Content-Type=charset%3Dutf-8&X-atmo-protocol=true&_=1769048044314 HTTP/1.1" 200 -
14.0.173.64 - - [22/Jan/2026:10:09:22 +0800] "GET /InternetTrading/longpoll/A8127?X-Atmosphere-tracking-id=0&X-Atmosphere-Framework=2.2.3-javascript&X-Atmosphere-Transport=long-polling&X-Atmosphere-TrackMessageSize=true&Content-Type=charset%3Dutf-8&X-atmo-protocol=true&_=1769048048070 HTTP/1.1" 200 -
58.152.215.40 - - [22/Jan/2026:10:09:23 +0800] "GET /InternetTrading/longpoll/55136?X-Atmosphere-tracking-id=0&X-Atmosphere-Framework=2.2.3-javascript&X-Atmosphere-Transport=long-polling&X-Atmosphere-TrackMessageSize=true&Content-Type=charset%3Dutf-8&X-atmo-protocol=true&_=1769048047587 HTTP/1.1" 200 -
14.0.173.64 - - [22/Jan/2026:10:09:23 +0800] "POST /InternetTrading/SessionErrorLogger HTTP/1.1" 200 117
14.0.173.64 - - [22/Jan/2026:10:09:23 +0800] "POST /InternetTrading/Heartbeat HTTP/1.1" 200 32
14.0.173.64 - - [22/Jan/2026:10:09:23 +0800] "POST /InternetTrading/SessionErrorLogger HTTP/1.1" 200 117
14.0.173.64 - - [22/Jan/2026:10:09:23 +0800] "POST /InternetTrading/MarketStatus HTTP/1.1" 200 772
119.136.155.129 - - [22/Jan/2026:10:09:24 +0800] "GET /InternetTrading/longpoll/51803?X-Atmosphere-tracking-id=0&X-Atmosphere-Framework=2.2.3-javascript&X-Atmosphere-Transport=long-polling&X-Atmosphere-TrackMessageSize=true&Content-Type=charset%3Dutf-8&X-atmo-protocol=true&_=1769048059081 HTTP/1.1" 200 -
14.0.173.64 - - [22/Jan/2026:10:09:27 +0800] "GET /InternetTrading/longpoll/A8127?X-Atmosphere-tracking-id=0&X-Atmosphere-Framework=2.2.3-javascript&X-Atmosphere-Transport=long-polling&X-Atmosphere-TrackMessageSize=true&Content-Type=charset%3Dutf-8&X-atmo-protocol=true&_=1769048053177 HTTP/1.1" 200 -
14.155.90.194 - - [22/Jan/2026:10:09:27 +0800] "GET /InternetTrading/longpoll/13519?X-Atmosphere-tracking-id=0&X-Atmosphere-Framework=2.2.3-javascript&X-Atmosphere-Transport=long-polling&X-Atmosphere-TrackMessageSize=true&Content-Type=charset%3Dutf-8&X-atmo-protocol=true&_=1769048050987 HTTP/1.1" 200 -
116.48.142.110 - - [22/Jan/2026:10:09:27 +0800] "GET /InternetTrading/longpoll/56231?X-Atmosphere-tracking-id=0&X-Atmosphere-Framework=2.2.3-javascript&X-Atmosphere-Transport=long-polling&X-Atmosphere-TrackMessageSize=true&Content-Type=charset%3Dutf-8&X-atmo-protocol=true&_=1769048050313 HTTP/1.1" 200 -
58.152.215.40 - - [22/Jan/2026:10:09:28 +0800] "GET /InternetTrading/longpoll/55136?X-Atmosphere-tracking-id=0&X-Atmosphere-Framework=2.2.3-javascript&X-Atmosphere-Transport=long-polling&X-Atmosphere-TrackMessageSize=true&Content-Type=charset%3Dutf-8&X-atmo-protocol=true&_=1769048052622 HTTP/1.1" 200 -
119.136.155.129 - - [22/Jan/2026:10:09:29 +0800] "GET /InternetTrading/longpoll/51803?X-Atmosphere-tracking-id=0&X-Atmosphere-Framework=2.2.3-javascript&X-Atmosphere-Transport=long-polling&X-Atmosphere-TrackMessageSize=true&Content-Type=charset%3Dutf-8&X-atmo-protocol=true&_=1769048064107 HTTP/1.1" 200 -
14.0.173.64 - - [22/Jan/2026:10:09:32 +0800] "GET /InternetTrading/longpoll/A8127?X-Atmosphere-tracking-id=0&X-Atmosphere-Framework=2.2.3-javascript&X-Atmosphere-Transport=long-polling&X-Atmosphere-TrackMessageSize=true&Content-Type=charset%3Dutf-8&X-atmo-protocol=true&_=1769048058256 HTTP/1.1" 200 -
58.152.215.40 - - [22/Jan/2026:10:09:33 +0800] "GET /InternetTrading/longpoll/55136?X-Atmosphere-tracking-id=0&X-Atmosphere-Framework=2.2.3-javascript&X-Atmosphere-Transport=long-polling&X-Atmosphere-TrackMessageSize=true&Content-Type=charset%3Dutf-8&X-atmo-protocol=true&_=1769048057651 HTTP/1.1" 200 -
116.48.142.110 - - [22/Jan/2026:10:09:33 +0800] "GET /InternetTrading/longpoll/56231?X-Atmosphere-tracking-id=0&X-Atmosphere-Framework=2.2.3-javascript&X-Atmosphere-Transport=long-polling&X-Atmosphere-TrackMessageSize=true&Content-Type=charset%3Dutf-8&X-atmo-protocol=true&_=1769048056308 HTTP/1.1" 200 -
119.136.155.129 - - [22/Jan/2026:10:09:34 +0800] "GET /InternetTrading/longpoll/51803?X-Atmosphere-tracking-id=0&X-Atmosphere-Framework=2.2.3-javascript&X-Atmosphere-Transport=long-polling&X-Atmosphere-TrackMessageSize=true&Content-Type=charset%3Dutf-8&X-atmo-protocol=true&_=1769048069169 HTTP/1.1" 200 -
119.136.155.129 - - [22/Jan/2026:10:09:34 +0800] "POST /InternetTrading/SessionErrorLogger HTTP/1.1" 200 117
119.136.155.129 - - [22/Jan/2026:10:09:34 +0800] "POST /InternetTrading/Heartbeat HTTP/1.1" 200 32
119.136.155.129 - - [22/Jan/2026:10:09:34 +0800] "POST /InternetTrading/SessionErrorLogger HTTP/1.1" 200 117
119.136.155.129 - - [22/Jan/2026:10:09:34 +0800] "POST /InternetTrading/MarketStatus HTTP/1.1" 200 772
14.0.173.64 - - [22/Jan/2026:10:09:37 +0800] "GET /InternetTrading/longpoll/A8127?X-Atmosphere-tracking-id=0&X-Atmosphere-Framework=2.2.3-javascript&X-Atmosphere-Transport=long-polling&X-Atmosphere-TrackMessageSize=true&Content-Type=charset%3Dutf-8&X-atmo-protocol=true&_=1769048063356 HTTP/1.1" 200 -
58.152.215.40 - - [22/Jan/2026:10:09:38 +0800] "GET /InternetTrading/longpoll/55136?X-Atmosphere-tracking-id=0&X-Atmosphere-Framework=2.2.3-javascript&X-Atmosphere-Transport=long-polling&X-Atmosphere-TrackMessageSize=true&Content-Type=charset%3Dutf-8&X-atmo-protocol=true&_=1769048062698 HTTP/1.1" 200 -
116.48.142.110 - - [22/Jan/2026:10:09:39 +0800] "GET /InternetTrading/longpoll/56231?X-Atmosphere-tracking-id=0&X-Atmosphere-Framework=2.2.3-javascript&X-Atmosphere-Transport=long-polling&X-Atmosphere-TrackMessageSize=true&Content-Type=charset%3Dutf-8&X-atmo-protocol=true&_=1769048062310 HTTP/1.1" 200 -
119.136.155.129 - - [22/Jan/2026:10:09:39 +0800] "GET /InternetTrading/longpoll/51803?X-Atmosphere-tracking-id=0&X-Atmosphere-Framework=2.2.3-javascript&X-Atmosphere-Transport=long-polling&X-Atmosphere-TrackMessageSize=true&Content-Type=charset%3Dutf-8&X-atmo-protocol=true&_=1769048074227 HTTP/1.1" 200 -
14.155.90.194 - - [22/Jan/2026:10:09:40 +0800] "POST /InternetTrading/SessionErrorLogger HTTP/1.1" 200 117
14.155.90.194 - - [22/Jan/2026:10:09:40 +0800] "GET /InternetTrading/longpoll/13519?X-Atmosphere-tracking-id=0&X-Atmosphere-Framework=2.2.3-javascript&X-Atmosphere-Transport=long-polling&X-Atmosphere-TrackMessageSize=true&Content-Type=charset%3Dutf-8&X-atmo-protocol=true&_=1769048063763 HTTP/1.1" 200 -
14.155.90.194 - - [22/Jan/2026:10:09:40 +0800] "POST /InternetTrading/Heartbeat HTTP/1.1" 200 32
14.155.90.194 - - [22/Jan/2026:10:09:40 +0800] "POST /InternetTrading/SessionErrorLogger HTTP/1.1" 200 117
14.155.90.194 - - [22/Jan/2026:10:09:40 +0800] "POST /InternetTrading/MarketStatus HTTP/1.1" 200 772
14.0.173.64 - - [22/Jan/2026:10:09:43 +0800] "GET /InternetTrading/longpoll/A8127?X-Atmosphere-tracking-id=0&X-Atmosphere-Framework=2.2.3-javascript&X-Atmosphere-Transport=long-polling&X-Atmosphere-TrackMessageSize=true&Content-Type=charset%3Dutf-8&X-atmo-protocol=true&_=1769048068496 HTTP/1.1" 200 -
14.155.90.194 - - [22/Jan/2026:10:09:43 +0800] "POST /InternetTrading/SessionErrorLogger HTTP/1.1" 200 117
14.155.90.194 - - [22/Jan/2026:10:09:43 +0800] "GET /InternetTrading/tc/sell_ticket.html? HTTP/1.1" 200 2261
58.152.215.40 - - [22/Jan/2026:10:09:43 +0800] "GET /InternetTrading/longpoll/55136?X-Atmosphere-tracking-id=0&X-Atmosphere-Framework=2.2.3-javascript&X-Atmosphere-Transport=long-polling&X-Atmosphere-TrackMessageSize=true&Content-Type=charset%3Dutf-8&X-atmo-protocol=true&_=1769048067721 HTTP/1.1" 200 -
14.155.90.194 - - [22/Jan/2026:10:09:43 +0800] "POST /InternetTrading/SessionErrorLogger HTTP/1.1" 200 117
14.155.90.194 - - [22/Jan/2026:10:09:43 +0800] "POST /InternetTrading/SessionErrorLogger HTTP/1.1" 200 117
14.155.90.194 - - [22/Jan/2026:10:09:43 +0800] "POST /InternetTrading/MarketStatus HTTP/1.1" 200 772
14.155.90.194 - - [22/Jan/2026:10:09:43 +0800] "POST /InternetTrading/MarketStatus HTTP/1.1" 200 772
14.155.90.194 - - [22/Jan/2026:10:09:43 +0800] "POST /InternetTrading/SessionErrorLogger HTTP/1.1" 200 117
14.155.90.194 - - [22/Jan/2026:10:09:43 +0800] "POST /InternetTrading/SessionErrorLogger HTTP/1.1" 200 117
14.155.90.194 - - [22/Jan/2026:10:09:43 +0800] "POST /InternetTrading/Product HTTP/1.1" 200 306
14.155.90.194 - - [22/Jan/2026:10:09:44 +0800] "POST /InternetTrading/OrderMaxQuantity HTTP/1.1" 200 8
119.136.155.129 - - [22/Jan/2026:10:09:44 +0800] "GET /InternetTrading/longpoll/51803?X-Atmosphere-tracking-id=0&X-Atmosphere-Framework=2.2.3-javascript&X-Atmosphere-Transport=long-polling&X-Atmosphere-TrackMessageSize=true&Content-Type=charset%3Dutf-8&X-atmo-protocol=true&_=1769048079251 HTTP/1.1" 200 -
14.155.90.194 - - [22/Jan/2026:10:09:45 +0800] "GET /InternetTrading/longpoll/13519?X-Atmosphere-tracking-id=0&X-Atmosphere-Framework=2.2.3-javascript&X-Atmosphere-Transport=long-polling&X-Atmosphere-TrackMessageSize=true&Content-Type=charset%3Dutf-8&X-atmo-protocol=true&_=1769048069098 HTTP/1.1" 200 -
116.48.142.110 - - [22/Jan/2026:10:09:45 +0800] "GET /InternetTrading/longpoll/56231?X-Atmosphere-tracking-id=0&X-Atmosphere-Framework=2.2.3-javascript&X-Atmosphere-Transport=long-polling&X-Atmosphere-TrackMessageSize=true&Content-Type=charset%3Dutf-8&X-atmo-protocol=true&_=1769048068318 HTTP/1.1" 200 -
58.152.215.40 - - [22/Jan/2026:10:09:46 +0800] "POST /InternetTrading/SessionErrorLogger HTTP/1.1" 200 117
58.152.215.40 - - [22/Jan/2026:10:09:46 +0800] "POST /InternetTrading/Heartbeat HTTP/1.1" 200 32
58.152.215.40 - - [22/Jan/2026:10:09:46 +0800] "POST /InternetTrading/SessionErrorLogger HTTP/1.1" 200 117
58.152.215.40 - - [22/Jan/2026:10:09:46 +0800] "POST /InternetTrading/MarketStatus HTTP/1.1" 200 772
14.0.173.64 - - [22/Jan/2026:10:09:48 +0800] "GET /InternetTrading/longpoll/A8127?X-Atmosphere-tracking-id=0&X-Atmosphere-Framework=2.2.3-javascript&X-Atmosphere-Transport=long-polling&X-Atmosphere-TrackMessageSize=true&Content-Type=charset%3Dutf-8&X-atmo-protocol=true&_=1769048073659 HTTP/1.1" 200 -
58.152.215.40 - - [22/Jan/2026:10:09:48 +0800] "GET /InternetTrading/longpoll/55136?X-Atmosphere-tracking-id=0&X-Atmosphere-Framework=2.2.3-javascript&X-Atmosphere-Transport=long-polling&X-Atmosphere-TrackMessageSize=true&Content-Type=charset%3Dutf-8&X-atmo-protocol=true&_=1769048072753 HTTP/1.1" 200 -
119.136.155.129 - - [22/Jan/2026:10:09:49 +0800] "GET /InternetTrading/longpoll/51803?X-Atmosphere-tracking-id=0&X-Atmosphere-Framework=2.2.3-javascript&X-Atmosphere-Transport=long-polling&X-Atmosphere-TrackMessageSize=true&Content-Type=charset%3Dutf-8&X-atmo-protocol=true&_=1769048084271 HTTP/1.1" 200 -
14.155.90.194 - - [22/Jan/2026:10:09:50 +0800] "GET /InternetTrading/longpoll/13519?X-Atmosphere-tracking-id=0&X-Atmosphere-Framework=2.2.3-javascript&X-Atmosphere-Transport=long-polling&X-Atmosphere-TrackMessageSize=true&Content-Type=charset%3Dutf-8&X-atmo-protocol=true&_=1769048074180 HTTP/1.1" 200 -
116.48.142.110 - - [22/Jan/2026:10:09:51 +0800] "GET /InternetTrading/longpoll/56231?X-Atmosphere-tracking-id=0&X-Atmosphere-Framework=2.2.3-javascript&X-Atmosphere-Transport=long-polling&X-Atmosphere-TrackMessageSize=true&Content-Type=charset%3Dutf-8&X-atmo-protocol=true&_=1769048074310 HTTP/1.1" 200 -
14.0.173.64 - - [22/Jan/2026:10:09:53 +0800] "GET /InternetTrading/longpoll/A8127?X-Atmosphere-tracking-id=0&X-Atmosphere-Framework=2.2.3-javascript&X-Atmosphere-Transport=long-polling&X-Atmosphere-TrackMessageSize=true&Content-Type=charset%3Dutf-8&X-atmo-protocol=true&_=1769048078746 HTTP/1.1" 200 -
14.0.173.64 - - [22/Jan/2026:10:09:53 +0800] "POST /InternetTrading/SessionErrorLogger HTTP/1.1" 200 117
14.0.173.64 - - [22/Jan/2026:10:09:53 +0800] "POST /InternetTrading/Heartbeat HTTP/1.1" 200 32
58.152.215.40 - - [22/Jan/2026:10:09:53 +0800] "GET /InternetTrading/longpoll/55136?X-Atmosphere-tracking-id=0&X-Atmosphere-Framework=2.2.3-javascript&X-Atmosphere-Transport=long-polling&X-Atmosphere-TrackMessageSize=true&Content-Type=charset%3Dutf-8&X-atmo-protocol=true&_=1769048077790 HTTP/1.1" 200 -
14.0.173.64 - - [22/Jan/2026:10:09:53 +0800] "POST /InternetTrading/SessionErrorLogger HTTP/1.1" 200 117
14.0.173.64 - - [22/Jan/2026:10:09:53 +0800] "POST /InternetTrading/MarketStatus HTTP/1.1" 200 772
119.136.155.129 - - [22/Jan/2026:10:09:54 +0800] "GET /InternetTrading/longpoll/51803?X-Atmosphere-tracking-id=0&X-Atmosphere-Framework=2.2.3-javascript&X-Atmosphere-Transport=long-polling&X-Atmosphere-TrackMessageSize=true&Content-Type=charset%3Dutf-8&X-atmo-protocol=true&_=1769048089296 HTTP/1.1" 200 -
14.155.90.194 - - [22/Jan/2026:10:09:57 +0800] "GET /InternetTrading/longpoll/13519?X-Atmosphere-tracking-id=0&X-Atmosphere-Framework=2.2.3-javascript&X-Atmosphere-Transport=long-polling&X-Atmosphere-TrackMessageSize=true&Content-Type=charset%3Dutf-8&X-atmo-protocol=true&_=1769048080804 HTTP/1.1" 200 -
116.48.142.110 - - [22/Jan/2026:10:09:57 +0800] "GET /InternetTrading/longpoll/56231?X-Atmosphere-tracking-id=0&X-Atmosphere-Framework=2.2.3-javascript&X-Atmosphere-Transport=long-polling&X-Atmosphere-TrackMessageSize=true&Content-Type=charset%3Dutf-8&X-atmo-protocol=true&_=1769048080471 HTTP/1.1" 200 -
14.0.173.64 - - [22/Jan/2026:10:09:58 +0800] "GET /InternetTrading/longpoll/A8127?X-Atmosphere-tracking-id=0&X-Atmosphere-Framework=2.2.3-javascript&X-Atmosphere-Transport=long-polling&X-Atmosphere-TrackMessageSize=true&Content-Type=charset%3Dutf-8&X-atmo-protocol=true&_=1769048083893 HTTP/1.1" 200 -
58.152.215.40 - - [22/Jan/2026:10:09:58 +0800] "GET /InternetTrading/longpoll/55136?X-Atmosphere-tracking-id=0&X-Atmosphere-Framework=2.2.3-javascript&X-Atmosphere-Transport=long-polling&X-Atmosphere-TrackMessageSize=true&Content-Type=charset%3Dutf-8&X-atmo-protocol=true&_=1769048082814 HTTP/1.1" 200 -
14.155.90.194 - - [22/Jan/2026:10:09:58 +0800] "GET /InternetTrading/jquery/images/ui-icons_888888_256x240.png HTTP/1.1" 200 6999
119.136.155.129 - - [22/Jan/2026:10:09:59 +0800] "GET /InternetTrading/longpoll/51803?X-Atmosphere-tracking-id=0&X-Atmosphere-Framework=2.2.3-javascript&X-Atmosphere-Transport=long-polling&X-Atmosphere-TrackMessageSize=true&Content-Type=charset%3Dutf-8&X-atmo-protocol=true&_=1769048094355 HTTP/1.1" 200 -
14.155.90.194 - - [22/Jan/2026:10:10:02 +0800] "GET /InternetTrading/longpoll/13519?X-Atmosphere-tracking-id=0&X-Atmosphere-Framework=2.2.3-javascript&X-Atmosphere-Transport=long-polling&X-Atmosphere-TrackMessageSize=true&Content-Type=charset%3Dutf-8&X-atmo-protocol=true&_=1769048086038 HTTP/1.1" 200 -
14.0.173.64 - - [22/Jan/2026:10:10:03 +0800] "GET /InternetTrading/longpoll/A8127?X-Atmosphere-tracking-id=0&X-Atmosphere-Framework=2.2.3-javascript&X-Atmosphere-Transport=long-polling&X-Atmosphere-TrackMessageSize=true&Content-Type=charset%3Dutf-8&X-atmo-protocol=true&_=1769048088937 HTTP/1.1" 200 -
116.48.142.110 - - [22/Jan/2026:10:10:03 +0800] "GET /InternetTrading/longpoll/56231?X-Atmosphere-tracking-id=0&X-Atmosphere-Framework=2.2.3-javascript&X-Atmosphere-Transport=long-polling&X-Atmosphere-TrackMessageSize=true&Content-Type=charset%3Dutf-8&X-atmo-protocol=true&_=1769048086319 HTTP/1.1" 200 -
58.152.215.40 - - [22/Jan/2026:10:10:03 +0800] "GET /InternetTrading/longpoll/55136?X-Atmosphere-tracking-id=0&X-Atmosphere-Framework=2.2.3-javascript&X-Atmosphere-Transport=long-polling&X-Atmosphere-TrackMessageSize=true&Content-Type=charset%3Dutf-8&X-atmo-protocol=true&_=1769048087844 HTTP/1.1" 200 -
116.48.142.110 - - [22/Jan/2026:10:10:04 +0800] "POST /InternetTrading/SessionErrorLogger HTTP/1.1" 200 117
116.48.142.110 - - [22/Jan/2026:10:10:04 +0800] "POST /InternetTrading/MarketStatus HTTP/1.1" 200 772
116.48.142.110 - - [22/Jan/2026:10:10:04 +0800] "POST /InternetTrading/SessionErrorLogger HTTP/1.1" 200 117
116.48.142.110 - - [22/Jan/2026:10:10:04 +0800] "POST /InternetTrading/Heartbeat HTTP/1.1" 200 32
119.136.155.129 - - [22/Jan/2026:10:10:04 +0800] "POST /InternetTrading/SessionErrorLogger HTTP/1.1" 200 117
119.136.155.129 - - [22/Jan/2026:10:10:04 +0800] "POST /InternetTrading/Heartbeat HTTP/1.1" 200 32
119.136.155.129 - - [22/Jan/2026:10:10:04 +0800] "POST /InternetTrading/SessionErrorLogger HTTP/1.1" 200 117
119.136.155.129 - - [22/Jan/2026:10:10:04 +0800] "POST /InternetTrading/MarketStatus HTTP/1.1" 200 772
119.136.155.129 - - [22/Jan/2026:10:10:05 +0800] "GET /InternetTrading/longpoll/51803?X-Atmosphere-tracking-id=0&X-Atmosphere-Framework=2.2.3-javascript&X-Atmosphere-Transport=long-polling&X-Atmosphere-TrackMessageSize=true&Content-Type=charset%3Dutf-8&X-atmo-protocol=true&_=1769048099388 HTTP/1.1" 200 -
14.155.90.194 - - [22/Jan/2026:10:10:07 +0800] "GET /InternetTrading/longpoll/13519?X-Atmosphere-tracking-id=0&X-Atmosphere-Framework=2.2.3-javascript&X-Atmosphere-Transport=long-polling&X-Atmosphere-TrackMessageSize=true&Content-Type=charset%3Dutf-8&X-atmo-protocol=true&_=1769048091136 HTTP/1.1" 200 -
58.152.215.40 - - [22/Jan/2026:10:10:08 +0800] "GET /InternetTrading/longpoll/55136?X-Atmosphere-tracking-id=0&X-Atmosphere-Framework=2.2.3-javascript&X-Atmosphere-Transport=long-polling&X-Atmosphere-TrackMessageSize=true&Content-Type=charset%3Dutf-8&X-atmo-protocol=true&_=1769048092888 HTTP/1.1" 200 -
14.0.173.64 - - [22/Jan/2026:10:10:08 +0800] "GET /InternetTrading/longpoll/A8127?X-Atmosphere-tracking-id=0&X-Atmosphere-Framework=2.2.3-javascript&X-Atmosphere-Transport=long-polling&X-Atmosphere-TrackMessageSize=true&Content-Type=charset%3Dutf-8&X-atmo-protocol=true&_=1769048094254 HTTP/1.1" 200 -
14.155.90.194 - - [22/Jan/2026:10:10:09 +0800] "POST /InternetTrading/SessionErrorLogger HTTP/1.1" 200 117
14.155.90.194 - - [22/Jan/2026:10:10:09 +0800] "POST /InternetTrading/LoginKey HTTP/1.1" 200 -
14.155.90.194 - - [22/Jan/2026:10:10:09 +0800] "POST /InternetTrading/PreOrder HTTP/1.1" 200 1223
14.155.90.194 - - [22/Jan/2026:10:10:09 +0800] "GET /InternetTrading/jquery/wait.gif HTTP/1.1" 200 432
116.48.142.110 - - [22/Jan/2026:10:10:09 +0800] "GET /InternetTrading/longpoll/56231?X-Atmosphere-tracking-id=0&X-Atmosphere-Framework=2.2.3-javascript&X-Atmosphere-Transport=long-polling&X-Atmosphere-TrackMessageSize=true&Content-Type=charset%3Dutf-8&X-atmo-protocol=true&_=1769048092311 HTTP/1.1" 200 -
119.136.155.129 - - [22/Jan/2026:10:10:10 +0800] "GET /InternetTrading/longpoll/51803?X-Atmosphere-tracking-id=0&X-Atmosphere-Framework=2.2.3-javascript&X-Atmosphere-Transport=long-polling&X-Atmosphere-TrackMessageSize=true&Content-Type=charset%3Dutf-8&X-atmo-protocol=true&_=1769048104415 HTTP/1.1" 200 -
14.155.90.194 - - [22/Jan/2026:10:10:10 +0800] "POST /InternetTrading/SessionErrorLogger HTTP/1.1" 200 117
14.155.90.194 - - [22/Jan/2026:10:10:10 +0800] "POST /InternetTrading/Heartbeat HTTP/1.1" 200 32
14.155.90.194 - - [22/Jan/2026:10:10:11 +0800] "POST /InternetTrading/SessionErrorLogger HTTP/1.1" 200 117
14.155.90.194 - - [22/Jan/2026:10:10:11 +0800] "GET /InternetTrading/Csrf?url=/Order HTTP/1.1" 200 126
14.155.90.194 - - [22/Jan/2026:10:10:11 +0800] "POST /InternetTrading/SessionErrorLogger HTTP/1.1" 200 117
14.155.90.194 - - [22/Jan/2026:10:10:11 +0800] "POST /InternetTrading/LoginKey HTTP/1.1" 200 -
14.155.90.194 - - [22/Jan/2026:10:10:11 +0800] "POST /InternetTrading/SessionErrorLogger HTTP/1.1" 200 117
14.155.90.194 - - [22/Jan/2026:10:10:11 +0800] "POST /InternetTrading/Order?csrf_nonce=E33491A6E406FEFE4D6A49742D51BB01 HTTP/1.1" 200 1016
14.155.90.194 - - [22/Jan/2026:10:10:12 +0800] "POST /InternetTrading/SessionErrorLogger HTTP/1.1" 200 117
14.155.90.194 - - [22/Jan/2026:10:10:12 +0800] "GET /InternetTrading/tc/sell_ticket.html? HTTP/1.1" 200 2261
14.155.90.194 - - [22/Jan/2026:10:10:12 +0800] "POST /InternetTrading/SessionErrorLogger HTTP/1.1" 200 117
14.155.90.194 - - [22/Jan/2026:10:10:12 +0800] "POST /InternetTrading/SessionErrorLogger HTTP/1.1" 200 117
14.155.90.194 - - [22/Jan/2026:10:10:12 +0800] "POST /InternetTrading/MarketStatus HTTP/1.1" 200 772
14.155.90.194 - - [22/Jan/2026:10:10:12 +0800] "POST /InternetTrading/MarketStatus HTTP/1.1" 200 772
14.155.90.194 - - [22/Jan/2026:10:10:12 +0800] "GET /InternetTrading/longpoll/13519?X-Atmosphere-tracking-id=0&X-Atmosphere-Framework=2.2.3-javascript&X-Atmosphere-Transport=long-polling&X-Atmosphere-TrackMessageSize=true&Content-Type=charset%3Dutf-8&X-atmo-protocol=true&_=1769048096367 HTTP/1.1" 200 -
58.152.215.40 - - [22/Jan/2026:10:10:13 +0800] "GET /InternetTrading/longpoll/55136?X-Atmosphere-tracking-id=0&X-Atmosphere-Framework=2.2.3-javascript&X-Atmosphere-Transport=long-polling&X-Atmosphere-TrackMessageSize=true&Content-Type=charset%3Dutf-8&X-atmo-protocol=true&_=1769048097936 HTTP/1.1" 200 -
14.0.173.64 - - [22/Jan/2026:10:10:14 +0800] "GET /InternetTrading/longpoll/A8127?X-Atmosphere-tracking-id=0&X-Atmosphere-Framework=2.2.3-javascript&X-Atmosphere-Transport=long-polling&X-Atmosphere-TrackMessageSize=true&Content-Type=charset%3Dutf-8&X-atmo-protocol=true&_=1769048099473 HTTP/1.1" 200 -
14.155.90.194 - - [22/Jan/2026:10:10:14 +0800] "POST /InternetTrading/SessionErrorLogger HTTP/1.1" 200 117
14.155.90.194 - - [22/Jan/2026:10:10:14 +0800] "GET /InternetTrading/jquery/wait.gif HTTP/1.1" 200 432
14.155.90.194 - - [22/Jan/2026:10:10:14 +0800] "POST /InternetTrading/Orderbook HTTP/1.1" 200 1187
119.136.155.129 - - [22/Jan/2026:10:10:15 +0800] "GET /InternetTrading/longpoll/51803?X-Atmosphere-tracking-id=0&X-Atmosphere-Framework=2.2.3-javascript&X-Atmosphere-Transport=long-polling&X-Atmosphere-TrackMessageSize=true&Content-Type=charset%3Dutf-8&X-atmo-protocol=true&_=1769048109476 HTTP/1.1" 200 -
116.48.142.110 - - [22/Jan/2026:10:10:15 +0800] "GET /InternetTrading/longpoll/56231?X-Atmosphere-tracking-id=0&X-Atmosphere-Framework=2.2.3-javascript&X-Atmosphere-Transport=long-polling&X-Atmosphere-TrackMessageSize=true&Content-Type=charset%3Dutf-8&X-atmo-protocol=true&_=1769048098317 HTTP/1.1" 200 -
58.152.215.40 - - [22/Jan/2026:10:10:16 +0800] "POST /InternetTrading/SessionErrorLogger HTTP/1.1" 200 117
58.152.215.40 - - [22/Jan/2026:10:10:16 +0800] "POST /InternetTrading/Heartbeat HTTP/1.1" 200 32
58.152.215.40 - - [22/Jan/2026:10:10:16 +0800] "POST /InternetTrading/SessionErrorLogger HTTP/1.1" 200 117
58.152.215.40 - - [22/Jan/2026:10:10:16 +0800] "POST /InternetTrading/MarketStatus HTTP/1.1" 200 772
58.152.215.40 - - [22/Jan/2026:10:10:18 +0800] "GET /InternetTrading/longpoll/55136?X-Atmosphere-tracking-id=0&X-Atmosphere-Framework=2.2.3-javascript&X-Atmosphere-Transport=long-polling&X-Atmosphere-TrackMessageSize=true&Content-Type=charset%3Dutf-8&X-atmo-protocol=true&_=1769048102980 HTTP/1.1" 200 -
14.0.173.64 - - [22/Jan/2026:10:10:19 +0800] "GET /InternetTrading/longpoll/A8127?X-Atmosphere-tracking-id=0&X-Atmosphere-Framework=2.2.3-javascript&X-Atmosphere-Transport=long-polling&X-Atmosphere-TrackMessageSize=true&Content-Type=charset%3Dutf-8&X-atmo-protocol=true&_=1769048104666 HTTP/1.1" 200 -
119.136.155.129 - - [22/Jan/2026:10:10:20 +0800] "GET /InternetTrading/longpoll/51803?X-Atmosphere-tracking-id=0&X-Atmosphere-Framework=2.2.3-javascript&X-Atmosphere-Transport=long-polling&X-Atmosphere-TrackMessageSize=true&Content-Type=charset%3Dutf-8&X-atmo-protocol=true&_=1769048114551 HTTP/1.1" 200 -
14.155.90.194 - - [22/Jan/2026:10:10:20 +0800] "GET /InternetTrading/longpoll/13519?X-Atmosphere-tracking-id=0&X-Atmosphere-Framework=2.2.3-javascript&X-Atmosphere-Transport=long-polling&X-Atmosphere-TrackMessageSize=true&Content-Type=charset%3Dutf-8&X-atmo-protocol=true&_=1769048104250 HTTP/1.1" 200 -
116.48.142.110 - - [22/Jan/2026:10:10:21 +0800] "GET /InternetTrading/longpoll/56231?X-Atmosphere-tracking-id=0&X-Atmosphere-Framework=2.2.3-javascript&X-Atmosphere-Transport=long-polling&X-Atmosphere-TrackMessageSize=true&Content-Type=charset%3Dutf-8&X-atmo-protocol=true&_=1769048104321 HTTP/1.1" 200 -
14.0.173.64 - - [22/Jan/2026:10:10:23 +0800] "POST /InternetTrading/SessionErrorLogger HTTP/1.1" 200 117
14.0.173.64 - - [22/Jan/2026:10:10:23 +0800] "POST /InternetTrading/Heartbeat HTTP/1.1" 200 32
58.152.215.40 - - [22/Jan/2026:10:10:23 +0800] "GET /InternetTrading/longpoll/55136?X-Atmosphere-tracking-id=0&X-Atmosphere-Framework=2.2.3-javascript&X-Atmosphere-Transport=long-polling&X-Atmosphere-TrackMessageSize=true&Content-Type=charset%3Dutf-8&X-atmo-protocol=true&_=1769048107997 HTTP/1.1" 200 -
14.0.173.64 - - [22/Jan/2026:10:10:24 +0800] "POST /InternetTrading/SessionErrorLogger HTTP/1.1" 200 117
14.155.90.194 - - [22/Jan/2026:10:10:24 +0800] "GET /InternetTrading/jquery/wait.gif HTTP/1.1" 200 432
14.0.173.64 - - [22/Jan/2026:10:10:24 +0800] "POST /InternetTrading/MarketStatus HTTP/1.1" 200 772
14.155.90.194 - - [22/Jan/2026:10:10:24 +0800] "POST /InternetTrading/SessionErrorLogger HTTP/1.1" 200 117
14.0.173.64 - - [22/Jan/2026:10:10:24 +0800] "GET /InternetTrading/longpoll/A8127?X-Atmosphere-tracking-id=0&X-Atmosphere-Framework=2.2.3-javascript&X-Atmosphere-Transport=long-polling&X-Atmosphere-TrackMessageSize=true&Content-Type=charset%3Dutf-8&X-atmo-protocol=true&_=1769048109839 HTTP/1.1" 200 -
14.155.90.194 - - [22/Jan/2026:10:10:24 +0800] "POST /InternetTrading/Portfolio HTTP/1.1" 200 1353
119.136.155.129 - - [22/Jan/2026:10:10:25 +0800] "GET /InternetTrading/longpoll/51803?X-Atmosphere-tracking-id=0&X-Atmosphere-Framework=2.2.3-javascript&X-Atmosphere-Transport=long-polling&X-Atmosphere-TrackMessageSize=true&Content-Type=charset%3Dutf-8&X-atmo-protocol=true&_=1769048119609 HTTP/1.1" 200 -
14.155.90.194 - - [22/Jan/2026:10:10:25 +0800] "POST /InternetTrading/SessionErrorLogger HTTP/1.1" 200 117
14.155.90.194 - - [22/Jan/2026:10:10:25 +0800] "GET /InternetTrading/tc/sell_ticket.html? HTTP/1.1" 200 2261
14.155.90.194 - - [22/Jan/2026:10:10:25 +0800] "POST /InternetTrading/SessionErrorLogger HTTP/1.1" 200 117
14.155.90.194 - - [22/Jan/2026:10:10:25 +0800] "POST /InternetTrading/SessionErrorLogger HTTP/1.1" 200 117
14.155.90.194 - - [22/Jan/2026:10:10:25 +0800] "POST /InternetTrading/MarketStatus HTTP/1.1" 200 772
14.155.90.194 - - [22/Jan/2026:10:10:25 +0800] "POST /InternetTrading/MarketStatus HTTP/1.1" 200 772
14.155.90.194 - - [22/Jan/2026:10:10:25 +0800] "POST /InternetTrading/SessionErrorLogger HTTP/1.1" 200 117
14.155.90.194 - - [22/Jan/2026:10:10:25 +0800] "POST /InternetTrading/SessionErrorLogger HTTP/1.1" 200 117
14.155.90.194 - - [22/Jan/2026:10:10:25 +0800] "POST /InternetTrading/Product HTTP/1.1" 200 306
14.155.90.194 - - [22/Jan/2026:10:10:26 +0800] "POST /InternetTrading/OrderMaxQuantity HTTP/1.1" 200 8
14.155.90.194 - - [22/Jan/2026:10:10:26 +0800] "GET /InternetTrading/longpoll/13519?X-Atmosphere-tracking-id=0&X-Atmosphere-Framework=2.2.3-javascript&X-Atmosphere-Transport=long-polling&X-Atmosphere-TrackMessageSize=true&Content-Type=charset%3Dutf-8&X-atmo-protocol=true&_=1769048109518 HTTP/1.1" 200 -
116.48.142.110 - - [22/Jan/2026:10:10:28 +0800] "GET /InternetTrading/longpoll/56231?X-Atmosphere-tracking-id=0&X-Atmosphere-Framework=2.2.3-javascript&X-Atmosphere-Transport=long-polling&X-Atmosphere-TrackMessageSize=true&Content-Type=charset%3Dutf-8&X-atmo-protocol=true&_=1769048110520 HTTP/1.1" 200 -
58.152.215.40 - - [22/Jan/2026:10:10:28 +0800] "GET /InternetTrading/longpoll/55136?X-Atmosphere-tracking-id=0&X-Atmosphere-Framework=2.2.3-javascript&X-Atmosphere-Transport=long-polling&X-Atmosphere-TrackMessageSize=true&Content-Type=charset%3Dutf-8&X-atmo-protocol=true&_=1769048113015 HTTP/1.1" 200 -
14.0.173.64 - - [22/Jan/2026:10:10:29 +0800] "GET /InternetTrading/longpoll/A8127?X-Atmosphere-tracking-id=0&X-Atmosphere-Framework=2.2.3-javascript&X-Atmosphere-Transport=long-polling&X-Atmosphere-TrackMessageSize=true&Content-Type=charset%3Dutf-8&X-atmo-protocol=true&_=1769048114973 HTTP/1.1" 200 -
119.136.155.129 - - [22/Jan/2026:10:10:30 +0800] "GET /InternetTrading/longpoll/51803?X-Atmosphere-tracking-id=0&X-Atmosphere-Framework=2.2.3-javascript&X-Atmosphere-Transport=long-polling&X-Atmosphere-TrackMessageSize=true&Content-Type=charset%3Dutf-8&X-atmo-protocol=true&_=1769048124637 HTTP/1.1" 200 -
14.155.90.194 - - [22/Jan/2026:10:10:31 +0800] "GET /InternetTrading/longpoll/13519?X-Atmosphere-tracking-id=0&X-Atmosphere-Framework=2.2.3-javascript&X-Atmosphere-Transport=long-polling&X-Atmosphere-TrackMessageSize=true&Content-Type=charset%3Dutf-8&X-atmo-protocol=true&_=1769048114657 HTTP/1.1" 200 -
116.48.142.110 - - [22/Jan/2026:10:10:33 +0800] "GET /InternetTrading/longpoll/56231?X-Atmosphere-tracking-id=0&X-Atmosphere-Framework=2.2.3-javascript&X-Atmosphere-Transport=long-polling&X-Atmosphere-TrackMessageSize=true&Content-Type=charset%3Dutf-8&X-atmo-protocol=true&_=1769048116323 HTTP/1.1" 200 -
58.152.215.40 - - [22/Jan/2026:10:10:34 +0800] "GET /InternetTrading/longpoll/55136?X-Atmosphere-tracking-id=0&X-Atmosphere-Framework=2.2.3-javascript&X-Atmosphere-Transport=long-polling&X-Atmosphere-TrackMessageSize=true&Content-Type=charset%3Dutf-8&X-atmo-protocol=true&_=1769048118057 HTTP/1.1" 200 -
115.44.236.162 - - [22/Jan/2026:10:10:34 +0800] "POST /InternetTrading/SessionErrorLogger HTTP/1.1" 200 117
115.44.236.162 - - [22/Jan/2026:10:10:34 +0800] "POST /InternetTrading/MarketStatus HTTP/1.1" 200 772
115.44.236.162 - - [22/Jan/2026:10:10:34 +0800] "POST /InternetTrading/SessionErrorLogger HTTP/1.1" 200 117
14.0.173.64 - - [22/Jan/2026:10:10:34 +0800] "GET /InternetTrading/longpoll/A8127?X-Atmosphere-tracking-id=0&X-Atmosphere-Framework=2.2.3-javascript&X-Atmosphere-Transport=long-polling&X-Atmosphere-TrackMessageSize=true&Content-Type=charset%3Dutf-8&X-atmo-protocol=true&_=1769048120085 HTTP/1.1" 200 -
115.44.236.162 - - [22/Jan/2026:10:10:34 +0800] "POST /InternetTrading/Heartbeat HTTP/1.1" 200 32
115.44.236.162 - - [22/Jan/2026:10:10:34 +0800] "GET /InternetTrading/tc/2FA_authentication.html?language=tc&version=HTML HTTP/1.1" 200 1468
115.44.236.162 - - [22/Jan/2026:10:10:34 +0800] "GET /InternetTrading/tc/style.css?v=20200819161914 HTTP/1.1" 200 1435
115.44.236.162 - - [22/Jan/2026:10:10:34 +0800] "GET /InternetTrading/tc/style_common.css?v=20200819161914 HTTP/1.1" 200 2540
115.44.236.162 - - [22/Jan/2026:10:10:34 +0800] "GET /InternetTrading/jquery/jquery-migrate-3.0.0.js HTTP/1.1" 200 4963
115.44.236.162 - - [22/Jan/2026:10:10:34 +0800] "GET /InternetTrading/jquery/jquery-3.3.1.js HTTP/1.1" 200 80650
119.136.155.129 - - [22/Jan/2026:10:10:34 +0800] "POST /InternetTrading/SessionErrorLogger HTTP/1.1" 200 117
115.44.236.162 - - [22/Jan/2026:10:10:34 +0800] "GET /InternetTrading/jquery/jquery.form-3.46.0.js HTTP/1.1" 200 5673
119.136.155.129 - - [22/Jan/2026:10:10:34 +0800] "POST /InternetTrading/Heartbeat HTTP/1.1" 200 32
115.44.236.162 - - [22/Jan/2026:10:10:34 +0800] "GET /InternetTrading/jquery/jquery-ui-1.10.3.js HTTP/1.1" 200 69642
115.44.236.162 - - [22/Jan/2026:10:10:34 +0800] "GET /InternetTrading/jquery/jquery.validate-1.11.1.js HTTP/1.1" 200 7041
115.44.236.162 - - [22/Jan/2026:10:10:35 +0800] "GET /InternetTrading/jquery/additional-methods.js HTTP/1.1" 200 2238
119.136.155.129 - - [22/Jan/2026:10:10:35 +0800] "POST /InternetTrading/SessionErrorLogger HTTP/1.1" 200 117
115.44.236.162 - - [22/Jan/2026:10:10:35 +0800] "GET /InternetTrading/jquery/jquery.blockUI-2.66.0-iAsiaEdition.js HTTP/1.1" 200 6651
119.136.155.129 - - [22/Jan/2026:10:10:35 +0800] "POST /InternetTrading/MarketStatus HTTP/1.1" 200 772
115.44.236.162 - - [22/Jan/2026:10:10:35 +0800] "GET /InternetTrading/tc/user/translation.js?jsv=20200819161914 HTTP/1.1" 200 12818
115.44.236.162 - - [22/Jan/2026:10:10:35 +0800] "GET /InternetTrading/js/constants.js?jsv=20200819161914 HTTP/1.1" 200 400
115.44.236.162 - - [22/Jan/2026:10:10:35 +0800] "GET /InternetTrading/jquery/jquery.timer-0.9.16.js HTTP/1.1" 200 542
115.44.236.162 - - [22/Jan/2026:10:10:35 +0800] "GET /InternetTrading/jquery/jquery.getParams.js HTTP/1.1" 200 587
115.44.236.162 - - [22/Jan/2026:10:10:35 +0800] "GET /InternetTrading/js/util.js?jsv=20200819161914 HTTP/1.1" 200 6636
115.44.236.162 - - [22/Jan/2026:10:10:35 +0800] "GET /InternetTrading/js/haitong.js?jsv=20200819161914 HTTP/1.1" 200 3881
115.44.236.162 - - [22/Jan/2026:10:10:35 +0800] "GET /InternetTrading/js/init.js?jsv=20200819161914 HTTP/1.1" 200 886
115.44.236.162 - - [22/Jan/2026:10:10:35 +0800] "GET /InternetTrading/js/2fa.js?jsv=20200819161914 HTTP/1.1" 200 1953
115.44.236.162 - - [22/Jan/2026:10:10:35 +0800] "GET /InternetTrading/tc/user/custom_variables.js?jsv=20200819161914 HTTP/1.1" 200 275
115.44.236.162 - - [22/Jan/2026:10:10:35 +0800] "GET /InternetTrading/settings/webpage_settings.js?jsv=20200819161914 HTTP/1.1" 200 33
115.44.236.162 - - [22/Jan/2026:10:10:35 +0800] "GET /InternetTrading/js/login.js?jsv=20200819161914 HTTP/1.1" 200 1684
115.44.236.162 - - [22/Jan/2026:10:10:35 +0800] "GET /InternetTrading/js/login.js?jsv=20200819161914 HTTP/1.1" 200 1684
119.136.155.129 - - [22/Jan/2026:10:10:35 +0800] "GET /InternetTrading/longpoll/51803?X-Atmosphere-tracking-id=0&X-Atmosphere-Framework=2.2.3-javascript&X-Atmosphere-Transport=long-polling&X-Atmosphere-TrackMessageSize=true&Content-Type=charset%3Dutf-8&X-atmo-protocol=true&_=1769048129702 HTTP/1.1" 200 -
115.44.236.162 - - [22/Jan/2026:10:10:35 +0800] "GET /InternetTrading/tc/dialog.html?1769048119572 HTTP/1.1" 200 3188
115.44.236.162 - - [22/Jan/2026:10:10:35 +0800] "GET /InternetTrading/jquery/wait.gif HTTP/1.1" 200 432
115.44.236.162 - - [22/Jan/2026:10:10:35 +0800] "POST /InternetTrading/SystemMaintenanceCheck HTTP/1.1" 200 119
115.44.236.162 - - [22/Jan/2026:10:10:35 +0800] "POST /InternetTrading/SystemMaintenanceCheck HTTP/1.1" 200 119
115.44.236.162 - - [22/Jan/2026:10:10:35 +0800] "POST /InternetTrading/Get2FAInfoService HTTP/1.1" 200 15
14.155.90.194 - - [22/Jan/2026:10:10:36 +0800] "GET /InternetTrading/longpoll/13519?X-Atmosphere-tracking-id=0&X-Atmosphere-Framework=2.2.3-javascript&X-Atmosphere-Transport=long-polling&X-Atmosphere-TrackMessageSize=true&Content-Type=charset%3Dutf-8&X-atmo-protocol=true&_=1769048119927 HTTP/1.1" 200 -
14.155.90.194 - - [22/Jan/2026:10:10:38 +0800] "POST /InternetTrading/SessionErrorLogger HTTP/1.1" 200 117
14.155.90.194 - - [22/Jan/2026:10:10:38 +0800] "POST /InternetTrading/LoginKey HTTP/1.1" 200 -
14.155.90.194 - - [22/Jan/2026:10:10:38 +0800] "POST /InternetTrading/PreOrder HTTP/1.1" 200 1223
14.155.90.194 - - [22/Jan/2026:10:10:38 +0800] "GET /InternetTrading/jquery/wait.gif HTTP/1.1" 200 432
58.152.215.40 - - [22/Jan/2026:10:10:39 +0800] "GET /InternetTrading/longpoll/55136?X-Atmosphere-tracking-id=0&X-Atmosphere-Framework=2.2.3-javascript&X-Atmosphere-Transport=long-polling&X-Atmosphere-TrackMessageSize=true&Content-Type=charset%3Dutf-8&X-atmo-protocol=true&_=1769048123104 HTTP/1.1" 200 -
116.48.142.110 - - [22/Jan/2026:10:10:39 +0800] "GET /InternetTrading/longpoll/56231?X-Atmosphere-tracking-id=0&X-Atmosphere-Framework=2.2.3-javascript&X-Atmosphere-Transport=long-polling&X-Atmosphere-TrackMessageSize=true&Content-Type=charset%3Dutf-8&X-atmo-protocol=true&_=1769048122323 HTTP/1.1" 200 -
14.0.173.64 - - [22/Jan/2026:10:10:39 +0800] "GET /InternetTrading/longpoll/A8127?X-Atmosphere-tracking-id=0&X-Atmosphere-Framework=2.2.3-javascript&X-Atmosphere-Transport=long-polling&X-Atmosphere-TrackMessageSize=true&Content-Type=charset%3Dutf-8&X-atmo-protocol=true&_=1769048125207 HTTP/1.1" 200 -
119.136.155.129 - - [22/Jan/2026:10:10:40 +0800] "GET /InternetTrading/longpoll/51803?X-Atmosphere-tracking-id=0&X-Atmosphere-Framework=2.2.3-javascript&X-Atmosphere-Transport=long-polling&X-Atmosphere-TrackMessageSize=true&Content-Type=charset%3Dutf-8&X-atmo-protocol=true&_=1769048134733 HTTP/1.1" 200 -
14.155.90.194 - - [22/Jan/2026:10:10:40 +0800] "POST /InternetTrading/SessionErrorLogger HTTP/1.1" 200 117
14.155.90.194 - - [22/Jan/2026:10:10:40 +0800] "GET /InternetTrading/Csrf?url=/Order HTTP/1.1" 200 126
14.155.90.194 - - [22/Jan/2026:10:10:40 +0800] "POST /InternetTrading/SessionErrorLogger HTTP/1.1" 200 117
14.155.90.194 - - [22/Jan/2026:10:10:40 +0800] "POST /InternetTrading/Heartbeat HTTP/1.1" 200 32
14.155.90.194 - - [22/Jan/2026:10:10:40 +0800] "POST /InternetTrading/SessionErrorLogger HTTP/1.1" 200 117
14.155.90.194 - - [22/Jan/2026:10:10:40 +0800] "POST /InternetTrading/LoginKey HTTP/1.1" 200 -
14.155.90.194 - - [22/Jan/2026:10:10:40 +0800] "POST /InternetTrading/SessionErrorLogger HTTP/1.1" 200 117
14.155.90.194 - - [22/Jan/2026:10:10:40 +0800] "POST /InternetTrading/Order?csrf_nonce=E33491A6E406FEFE4D6A49742D51BB01 HTTP/1.1" 200 1016
14.155.90.194 - - [22/Jan/2026:10:10:41 +0800] "POST /InternetTrading/SessionErrorLogger HTTP/1.1" 200 117
14.155.90.194 - - [22/Jan/2026:10:10:41 +0800] "GET /InternetTrading/tc/sell_ticket.html? HTTP/1.1" 200 2261
14.155.90.194 - - [22/Jan/2026:10:10:41 +0800] "POST /InternetTrading/SessionErrorLogger HTTP/1.1" 200 117
14.155.90.194 - - [22/Jan/2026:10:10:41 +0800] "POST /InternetTrading/SessionErrorLogger HTTP/1.1" 200 117
14.155.90.194 - - [22/Jan/2026:10:10:41 +0800] "POST /InternetTrading/MarketStatus HTTP/1.1" 200 772
14.155.90.194 - - [22/Jan/2026:10:10:41 +0800] "POST /InternetTrading/MarketStatus HTTP/1.1" 200 772
14.155.90.194 - - [22/Jan/2026:10:10:41 +0800] "GET /InternetTrading/longpoll/13519?X-Atmosphere-tracking-id=0&X-Atmosphere-Framework=2.2.3-javascript&X-Atmosphere-Transport=long-polling&X-Atmosphere-TrackMessageSize=true&Content-Type=charset%3Dutf-8&X-atmo-protocol=true&_=1769048125174 HTTP/1.1" 200 -
14.155.90.194 - - [22/Jan/2026:10:10:43 +0800] "GET /InternetTrading/jquery/wait.gif HTTP/1.1" 200 432
14.155.90.194 - - [22/Jan/2026:10:10:43 +0800] "POST /InternetTrading/SessionErrorLogger HTTP/1.1" 200 117
14.155.90.194 - - [22/Jan/2026:10:10:43 +0800] "POST /InternetTrading/Orderbook HTTP/1.1" 200 1289
