104.28.70.178 - - [23/Feb/2026:10:43:28 +0800] "POST /InternetTrading/MarketStatus HTTP/1.1" 200 772
221.124.232.198 - - [23/Feb/2026:10:43:28 +0800] "GET /InternetTrading/longpoll/13511?X-Atmosphere-tracking-id=0&X-Atmosphere-Framework=2.2.3-javascript&X-Atmosphere-Transport=long-polling&X-Atmosphere-TrackMessageSize=true&Content-Type=charset%3Dutf-8&X-atmo-protocol=true&_=1771814928240 HTTP/1.1" 200 -
220.246.38.37 - - [23/Feb/2026:10:43:28 +0800] "GET /InternetTrading/longpoll/54906?X-Atmosphere-tracking-id=0&X-Atmosphere-Framework=2.2.3-javascript&X-Atmosphere-Transport=long-polling&X-Atmosphere-TrackMessageSize=true&Content-Type=charset%3Dutf-8&X-atmo-protocol=true&_=1771814928319 HTTP/1.1" 200 -
219.73.99.100 - - [23/Feb/2026:10:43:29 +0800] "GET /InternetTrading/longpoll/55136?X-Atmosphere-tracking-id=0&X-Atmosphere-Framework=2.2.3-javascript&X-Atmosphere-Transport=long-polling&X-Atmosphere-TrackMessageSize=true&Content-Type=charset%3Dutf-8&X-atmo-protocol=true&_=1771814929130 HTTP/1.1" 200 -
110.81.58.86 - - [23/Feb/2026:10:43:29 +0800] "GET /InternetTrading/jquery/wait.gif HTTP/1.1" 200 432
110.81.58.86 - - [23/Feb/2026:10:43:29 +0800] "POST /InternetTrading/Verify2FAService HTTP/1.1" 200 419
110.81.58.86 - - [23/Feb/2026:10:43:30 +0800] "GET /InternetTrading/tc/main.html?language=tc&version=HTML HTTP/1.1" 200 3578
110.81.58.86 - - [23/Feb/2026:10:43:30 +0800] "POST /InternetTrading/Heartbeat2FAService HTTP/1.1" 200 1
110.81.58.86 - - [23/Feb/2026:10:43:30 +0800] "GET /InternetTrading/jquery/ui.datepicker.css HTTP/1.1" 200 1145
110.81.58.86 - - [23/Feb/2026:10:43:30 +0800] "GET /InternetTrading/jquery/jquery.tablesorter-theme.blue.css HTTP/1.1" 200 2083
110.81.58.86 - - [23/Feb/2026:10:43:30 +0800] "GET /InternetTrading/jquery/dragtable-2.0.9.css HTTP/1.1" 200 316
110.81.58.86 - - [23/Feb/2026:10:43:30 +0800] "GET /InternetTrading/jquery/jquery-ui-1.10.3.css HTTP/1.1" 200 5283
14.0.170.98 - - [23/Feb/2026:10:43:30 +0800] "GET /InternetTrading/longpoll/A8127?X-Atmosphere-tracking-id=0&X-Atmosphere-Framework=2.2.3-javascript&X-Atmosphere-Transport=long-polling&X-Atmosphere-TrackMessageSize=true&Content-Type=charset%3Dutf-8&X-atmo-protocol=true&_=1771814930138 HTTP/1.1" 200 -
104.28.70.178 - - [23/Feb/2026:10:43:30 +0800] "GET /InternetTrading/longpoll/56423?X-Atmosphere-tracking-id=0&X-Atmosphere-Framework=2.2.3-javascript&X-Atmosphere-Transport=long-polling&X-Atmosphere-TrackMessageSize=true&Content-Type=charset%3Dutf-8&X-atmo-protocol=true&_=1771814930547 HTTP/1.1" 200 -
110.81.58.86 - - [23/Feb/2026:10:43:30 +0800] "GET /InternetTrading/tc/style_common.css?v=20200819161914 HTTP/1.1" 200 2540
110.81.58.86 - - [23/Feb/2026:10:43:30 +0800] "GET /InternetTrading/tc/style.css?v=20200819161914 HTTP/1.1" 200 1435
110.81.58.86 - - [23/Feb/2026:10:43:30 +0800] "GET /InternetTrading/tc/css/jquery.jscrollpane.css HTTP/1.1" 404 690
110.81.58.86 - - [23/Feb/2026:10:43:30 +0800] "GET /InternetTrading/jquery/jquery.ba-postmessage.js HTTP/1.1" 200 2990
110.81.58.86 - - [23/Feb/2026:10:43:30 +0800] "GET /InternetTrading/jquery/jquery-1.6.3.min.js HTTP/1.1" 200 32057
110.81.58.86 - - [23/Feb/2026:10:43:30 +0800] "GET /InternetTrading/js/aastock.js HTTP/1.1" 200 553
110.81.58.86 - - [23/Feb/2026:10:43:30 +0800] "GET /InternetTrading/jquery/jquery-ui-1.10.3.js HTTP/1.1" 200 69642
110.81.58.86 - - [23/Feb/2026:10:43:30 +0800] "GET /InternetTrading/jquery/jquery-3.3.1.js HTTP/1.1" 200 80650
110.81.58.86 - - [23/Feb/2026:10:43:30 +0800] "GET /InternetTrading/js/cache.js?jsv=20200819161914 HTTP/1.1" 200 940
110.81.58.86 - - [23/Feb/2026:10:43:30 +0800] "GET /InternetTrading/jquery/jquery-migrate-3.0.0.js HTTP/1.1" 200 4963
110.81.58.86 - - [23/Feb/2026:10:43:30 +0800] "GET /InternetTrading/js/atmosphere.js HTTP/1.1" 200 13461
110.81.58.86 - - [23/Feb/2026:10:43:30 +0800] "GET /InternetTrading/jquery/jquery.form-3.46.0.js HTTP/1.1" 200 5673
110.81.58.86 - - [23/Feb/2026:10:43:31 +0800] "GET /InternetTrading/jquery/jquery.mousewheel-3.1.4.js HTTP/1.1" 200 822
110.81.58.86 - - [23/Feb/2026:10:43:31 +0800] "GET /InternetTrading/jquery/additional-methods.js HTTP/1.1" 200 2238
110.81.58.86 - - [23/Feb/2026:10:43:31 +0800] "GET /InternetTrading/jquery/jquery.validate-1.11.1.js HTTP/1.1" 200 7041
110.81.58.86 - - [23/Feb/2026:10:43:31 +0800] "GET /InternetTrading/jquery/jquery.blockUI-2.66.0.js HTTP/1.1" 200 6651
110.81.58.86 - - [23/Feb/2026:10:43:31 +0800] "GET /InternetTrading/jquery/jquery.tablesorter.widgets-2.14.5.js HTTP/1.1" 200 8611
110.81.58.86 - - [23/Feb/2026:10:43:31 +0800] "GET /InternetTrading/jquery/jquery.tablesorter-2.14.5.js HTTP/1.1" 200 8901
110.81.58.86 - - [23/Feb/2026:10:43:31 +0800] "GET /InternetTrading/jquery/jquery.combobox.packed.js HTTP/1.1" 200 3387
110.81.58.86 - - [23/Feb/2026:10:43:31 +0800] "GET /InternetTrading/jquery/jquery.getParams.js HTTP/1.1" 200 587
110.81.58.86 - - [23/Feb/2026:10:43:31 +0800] "GET /InternetTrading/jquery/jquery.timer-0.9.16.js HTTP/1.1" 200 542
110.81.58.86 - - [23/Feb/2026:10:43:31 +0800] "GET /InternetTrading/jquery/jquery.selectboxes.pack.js HTTP/1.1" 200 1640
110.81.58.86 - - [23/Feb/2026:10:43:31 +0800] "GET /InternetTrading/jquery/date.js HTTP/1.1" 200 2807
110.81.58.86 - - [23/Feb/2026:10:43:31 +0800] "GET /InternetTrading/jquery/globalize-0.1.0a1.js HTTP/1.1" 200 6984
110.81.58.86 - - [23/Feb/2026:10:43:31 +0800] "GET /InternetTrading/settings/crm_display_settings.js?jsv=20200819161914 HTTP/1.1" 200 1781
110.81.58.86 - - [23/Feb/2026:10:43:31 +0800] "GET /InternetTrading/json/json2.js?jsv=20200819161914 HTTP/1.1" 200 1372
110.81.58.86 - - [23/Feb/2026:10:43:31 +0800] "GET /InternetTrading/js/constants.js?jsv=20200819161914 HTTP/1.1" 200 400
110.81.58.86 - - [23/Feb/2026:10:43:31 +0800] "GET /InternetTrading/tc/user/custom_variables.js?jsv=20200819161914 HTTP/1.1" 200 275
110.81.58.86 - - [23/Feb/2026:10:43:31 +0800] "GET /InternetTrading/tc/user/translation.js?jsv=20200819161914 HTTP/1.1" 200 12818
110.81.58.86 - - [23/Feb/2026:10:43:31 +0800] "GET /InternetTrading/js/haitong.js?jsv=20200819161914 HTTP/1.1" 200 3881
110.81.58.86 - - [23/Feb/2026:10:43:31 +0800] "GET /InternetTrading/js/init.js?jsv=20200819161914 HTTP/1.1" 200 886
110.81.58.86 - - [23/Feb/2026:10:43:31 +0800] "GET /InternetTrading/js/rsautil.js?jsv=20200819161914 HTTP/1.1" 200 1017
110.81.58.86 - - [23/Feb/2026:10:43:31 +0800] "GET /InternetTrading/js/util.js?jsv=20200819161914 HTTP/1.1" 200 6636
110.81.58.86 - - [23/Feb/2026:10:43:31 +0800] "GET /InternetTrading/js/corporate.js?jsv=20200819161914 HTTP/1.1" 200 1575
110.81.58.86 - - [23/Feb/2026:10:43:31 +0800] "GET /InternetTrading/js/update_mdf.js?jsv=20200819161914 HTTP/1.1" 200 856
110.81.58.86 - - [23/Feb/2026:10:43:31 +0800] "GET /InternetTrading/js/validation_hkex.js?jsv=20200819161914 HTTP/1.1" 200 2300
110.81.58.86 - - [23/Feb/2026:10:43:31 +0800] "GET /InternetTrading/js/main.js?jsv=20200819161914 HTTP/1.1" 200 30725
110.81.58.86 - - [23/Feb/2026:10:43:31 +0800] "GET /InternetTrading/js/validation_bshare.js?jsv=20200819161914 HTTP/1.1" 200 1567
110.81.58.86 - - [23/Feb/2026:10:43:31 +0800] "GET /InternetTrading/js/validation_ashare.js?jsv=20200819161914 HTTP/1.1" 200 2482
110.81.58.86 - - [23/Feb/2026:10:43:31 +0800] "GET /InternetTrading/js/validation_global.js?jsv=20200819161914 HTTP/1.1" 200 1564
110.81.58.86 - - [23/Feb/2026:10:43:31 +0800] "GET /InternetTrading/js/account.js?jsv=20200819161914 HTTP/1.1" 200 2656
110.81.58.86 - - [23/Feb/2026:10:43:31 +0800] "GET /InternetTrading/js/cash_transfer.js?jsv=20200819161914 HTTP/1.1" 200 2712
110.81.58.86 - - [23/Feb/2026:10:43:31 +0800] "GET /InternetTrading/js/ipo.js?jsv=20200819161914 HTTP/1.1" 200 5726
110.81.58.86 - - [23/Feb/2026:10:43:31 +0800] "GET /InternetTrading/js/spread_cache.js?jsv=20200819161914 HTTP/1.1" 200 908
110.81.58.86 - - [23/Feb/2026:10:43:31 +0800] "GET /InternetTrading/js/mm.js?jsv=20200819161914 HTTP/1.1" 200 487
110.81.58.86 - - [23/Feb/2026:10:43:31 +0800] "GET /InternetTrading/js/isec_calculator.js?jsv=20200819161914 HTTP/1.1" 200 1364
110.81.58.86 - - [23/Feb/2026:10:43:31 +0800] "GET /InternetTrading/js/payment_instruction.js?jsv=20200819161914 HTTP/1.1" 200 2178
110.81.58.86 - - [23/Feb/2026:10:43:31 +0800] "GET /InternetTrading/js/payment_instruction_IMOS.js?jsv=20200819161914 HTTP/1.1" 200 6874
110.81.58.86 - - [23/Feb/2026:10:43:31 +0800] "GET /InternetTrading/js/eStatement.js?jsv=20200819161914 HTTP/1.1" 200 562
110.81.58.86 - - [23/Feb/2026:10:43:31 +0800] "GET /InternetTrading/ExchangeList?fmt=js&jsv=20200819161914 HTTP/1.1" 200 146
110.81.58.86 - - [23/Feb/2026:10:43:31 +0800] "GET /InternetTrading/js/string_extend.js?jsv=20200819161914 HTTP/1.1" 200 272
110.81.58.86 - - [23/Feb/2026:10:43:31 +0800] "GET /InternetTrading/js/pidcrypt.js?jsv=20200819161914 HTTP/1.1" 200 982
110.81.58.86 - - [23/Feb/2026:10:43:31 +0800] "GET /InternetTrading/js/pidcrypt_util.js?jsv=20200819161914 HTTP/1.1" 200 1206
110.81.58.86 - - [23/Feb/2026:10:43:31 +0800] "GET /InternetTrading/js/aes_cbc.js?jsv=20200819161914 HTTP/1.1" 200 2043
110.81.58.86 - - [23/Feb/2026:10:43:31 +0800] "GET /InternetTrading/js/aes_core.js?jsv=20200819161914 HTTP/1.1" 200 2106
110.81.58.86 - - [23/Feb/2026:10:43:31 +0800] "GET /InternetTrading/js/asn1.js?jsv=20200819161914 HTTP/1.1" 200 3099
110.81.58.86 - - [23/Feb/2026:10:43:31 +0800] "GET /InternetTrading/js/sha256.js?jsv=20200819161914 HTTP/1.1" 200 1362
110.81.58.86 - - [23/Feb/2026:10:43:31 +0800] "GET /InternetTrading/js/md5.js?jsv=20200819161914 HTTP/1.1" 200 1730
110.81.58.86 - - [23/Feb/2026:10:43:31 +0800] "GET /InternetTrading/js/jsbn.js?jsv=20200819161914 HTTP/1.1" 200 6736
110.81.58.86 - - [23/Feb/2026:10:43:31 +0800] "GET /InternetTrading/js/prng4.js?jsv=20200819161914 HTTP/1.1" 200 303
110.81.58.86 - - [23/Feb/2026:10:43:31 +0800] "GET /InternetTrading/js/rsa.js?jsv=20200819161914 HTTP/1.1" 200 1658
110.81.58.86 - - [23/Feb/2026:10:43:31 +0800] "GET /InternetTrading/js/rng.js?jsv=20200819161914 HTTP/1.1" 200 481
110.81.58.86 - - [23/Feb/2026:10:43:31 +0800] "GET /InternetTrading/js/aes.js?jsv=20200819161914 HTTP/1.1" 200 4816
110.81.58.86 - - [23/Feb/2026:10:43:31 +0800] "GET /InternetTrading/js/utilSpec.js?jsv=20200819161914 HTTP/1.1" 200 27
110.81.58.86 - - [23/Feb/2026:10:43:31 +0800] "GET /InternetTrading/js/update_lastlogin.js?jsv=20200819161914 HTTP/1.1" 200 980
110.81.58.86 - - [23/Feb/2026:10:43:31 +0800] "GET /InternetTrading/js/pw_alert.js?jsv=20200819161914 HTTP/1.1" 200 418
110.81.58.86 - - [23/Feb/2026:10:43:31 +0800] "GET /InternetTrading/js/mode-ecb.js?jsv=20200819161914 HTTP/1.1" 200 199
110.81.58.86 - - [23/Feb/2026:10:43:31 +0800] "GET /InternetTrading/js/jquery.jscrollpane.js HTTP/1.1" 404 685
110.81.58.86 - - [23/Feb/2026:10:43:31 +0800] "GET /InternetTrading/js/jquery.mousewheel.js HTTP/1.1" 404 684
110.81.58.86 - - [23/Feb/2026:10:43:31 +0800] "GET /InternetTrading/js/jquery.cookie.js HTTP/1.1" 200 834
110.81.58.86 - - [23/Feb/2026:10:43:31 +0800] "GET /InternetTrading/GoodTillDateValidExch?fmt=js&jsv=20200819161914 HTTP/1.1" 200 29
110.81.58.86 - - [23/Feb/2026:10:43:31 +0800] "GET /InternetTrading/tc/images/logo.png HTTP/1.1" 200 7042
110.81.58.86 - - [23/Feb/2026:10:43:31 +0800] "GET /InternetTrading/js/decimal.js HTTP/1.1" 200 13492
110.81.58.86 - - [23/Feb/2026:10:43:31 +0800] "GET /InternetTrading/tc/images/top_menu01.jpg HTTP/1.1" 200 3466
110.81.58.86 - - [23/Feb/2026:10:43:31 +0800] "GET /InternetTrading/tc/images/top_menu04.jpg HTTP/1.1" 200 3430
110.81.58.86 - - [23/Feb/2026:10:43:31 +0800] "GET /InternetTrading/tc/images/top_menu_logout.jpg HTTP/1.1" 200 1016
110.81.58.86 - - [23/Feb/2026:10:43:31 +0800] "GET /InternetTrading/images/top_bg1.jpg HTTP/1.1" 200 329
110.81.58.86 - - [23/Feb/2026:10:43:31 +0800] "GET /InternetTrading/images/top_bg2.jpg HTTP/1.1" 200 330
110.81.58.86 - - [23/Feb/2026:10:43:31 +0800] "GET /InternetTrading/images/top_bg3.jpg HTTP/1.1" 200 878
110.81.58.86 - - [23/Feb/2026:10:43:31 +0800] "GET /InternetTrading/tc/dialog.html?1771814934210 HTTP/1.1" 200 3188
110.81.58.86 - - [23/Feb/2026:10:43:31 +0800] "POST /InternetTrading/PopUpConfig HTTP/1.1" 200 2
110.81.58.86 - - [23/Feb/2026:10:43:31 +0800] "POST /InternetTrading/Heartbeat HTTP/1.1" 200 32
110.81.58.86 - - [23/Feb/2026:10:43:31 +0800] "POST /InternetTrading/CustomerInfoLite HTTP/1.1" 200 116
110.81.58.86 - - [23/Feb/2026:10:43:31 +0800] "GET /InternetTrading/jquery/wait.gif HTTP/1.1" 200 432
110.81.58.86 - - [23/Feb/2026:10:43:31 +0800] "POST /InternetTrading/SpreadPriceCache HTTP/1.1" 200 1947
110.81.58.86 - - [23/Feb/2026:10:43:31 +0800] "GET /InternetTrading/tc/trade.html HTTP/1.1" 200 2113
110.81.58.86 - - [23/Feb/2026:10:43:31 +0800] "GET /InternetTrading/tc/images/top_menu04.jpg HTTP/1.1" 200 3430
110.81.58.86 - - [23/Feb/2026:10:43:31 +0800] "GET /InternetTrading/tc/images/top_menu01_o.jpg HTTP/1.1" 200 3339
110.81.58.86 - - [23/Feb/2026:10:43:31 +0800] "POST /InternetTrading/SessionErrorLogger HTTP/1.1" 200 117
110.81.58.86 - - [23/Feb/2026:10:43:31 +0800] "POST /InternetTrading/GetLastLoginDate HTTP/1.1" 200 31
110.81.58.86 - - [23/Feb/2026:10:43:31 +0800] "POST /InternetTrading/SessionErrorLogger HTTP/1.1" 200 117
110.81.58.86 - - [23/Feb/2026:10:43:31 +0800] "GET /InternetTrading/tc/getpopupMsgName.jsp HTTP/1.1" 200 -
110.81.58.86 - - [23/Feb/2026:10:43:31 +0800] "GET /InternetTrading/tc/applet_dummy.html HTTP/1.1" 200 330
110.81.58.86 - - [23/Feb/2026:10:43:31 +0800] "POST /InternetTrading/SessionErrorLogger HTTP/1.1" 200 117
110.81.58.86 - - [23/Feb/2026:10:43:32 +0800] "GET /InternetTrading/tc/buy_ticket.html? HTTP/1.1" 200 1995
110.81.58.86 - - [23/Feb/2026:10:43:32 +0800] "POST /InternetTrading/SessionErrorLogger HTTP/1.1" 200 117
110.81.58.86 - - [23/Feb/2026:10:43:32 +0800] "POST /InternetTrading/MarketStatus HTTP/1.1" 200 772
110.81.58.86 - - [23/Feb/2026:10:43:32 +0800] "POST /InternetTrading/SessionErrorLogger HTTP/1.1" 200 117
110.81.58.86 - - [23/Feb/2026:10:43:32 +0800] "GET /InternetTrading/tc/multi_currency_balance.html HTTP/1.1" 200 295
110.81.58.86 - - [23/Feb/2026:10:43:32 +0800] "GET /InternetTrading/jquery/wait.gif HTTP/1.1" 200 432
110.81.58.86 - - [23/Feb/2026:10:43:32 +0800] "GET /InternetTrading/Home/PostToAA.jsp?hl=tc HTTP/1.1" 200 287
110.81.58.86 - - [23/Feb/2026:10:43:32 +0800] "GET /InternetTrading/jquery/images/ui-icons_222222_256x240.png HTTP/1.1" 200 6922
110.81.58.86 - - [23/Feb/2026:10:43:32 +0800] "GET /InternetTrading/tc/images/refresh.gif HTTP/1.1" 200 1145
110.81.58.86 - - [23/Feb/2026:10:43:32 +0800] "GET /InternetTrading/tc/images/trade_point01.jpg HTTP/1.1" 200 358
110.81.58.86 - - [23/Feb/2026:10:43:32 +0800] "GET /InternetTrading/jquery/images/ui-bg_flat_75_ffffff_40x100.png HTTP/1.1" 200 208
110.81.58.86 - - [23/Feb/2026:10:43:32 +0800] "POST /InternetTrading/SessionErrorLogger HTTP/1.1" 200 117
110.81.58.86 - - [23/Feb/2026:10:43:32 +0800] "POST /InternetTrading/SessionErrorLogger HTTP/1.1" 200 117
110.81.58.86 - - [23/Feb/2026:10:43:32 +0800] "POST /InternetTrading/MarketStatus HTTP/1.1" 200 772
110.81.58.86 - - [23/Feb/2026:10:43:32 +0800] "POST /InternetTrading/MarketStatus HTTP/1.1" 200 772
104.28.70.178 - - [23/Feb/2026:10:43:33 +0800] "POST /InternetTrading/SessionErrorLogger HTTP/1.1" 200 117
104.28.70.178 - - [23/Feb/2026:10:43:33 +0800] "POST /InternetTrading/Heartbeat HTTP/1.1" 200 32
219.73.99.100 - - [23/Feb/2026:10:43:33 +0800] "POST /InternetTrading/SessionErrorLogger HTTP/1.1" 200 117
219.73.99.100 - - [23/Feb/2026:10:43:33 +0800] "POST /InternetTrading/Heartbeat HTTP/1.1" 200 32
220.246.38.37 - - [23/Feb/2026:10:43:33 +0800] "GET /InternetTrading/longpoll/54906?X-Atmosphere-tracking-id=0&X-Atmosphere-Framework=2.2.3-javascript&X-Atmosphere-Transport=long-polling&X-Atmosphere-TrackMessageSize=true&Content-Type=charset%3Dutf-8&X-atmo-protocol=true&_=1771814933355 HTTP/1.1" 200 -
110.81.58.86 - - [23/Feb/2026:10:43:34 +0800] "POST /InternetTrading/SessionErrorLogger HTTP/1.1" 200 117
110.81.58.86 - - [23/Feb/2026:10:43:34 +0800] "POST /InternetTrading/CustomerInfo HTTP/1.1" 200 206
110.81.58.86 - - [23/Feb/2026:10:43:34 +0800] "POST /InternetTrading/SessionErrorLogger HTTP/1.1" 200 117
110.81.58.86 - - [23/Feb/2026:10:43:34 +0800] "GET /InternetTrading/tc/account_status.html HTTP/1.1" 200 426
110.81.58.86 - - [23/Feb/2026:10:43:34 +0800] "POST /InternetTrading/SessionErrorLogger HTTP/1.1" 200 117
110.81.58.86 - - [23/Feb/2026:10:43:34 +0800] "POST /InternetTrading/SessionErrorLogger HTTP/1.1" 200 117
110.81.58.86 - - [23/Feb/2026:10:43:34 +0800] "POST /InternetTrading/MarketStatus HTTP/1.1" 200 772
110.81.58.86 - - [23/Feb/2026:10:43:34 +0800] "GET /InternetTrading/jquery/wait.gif HTTP/1.1" 200 432
110.81.58.86 - - [23/Feb/2026:10:43:34 +0800] "POST /InternetTrading/SessionErrorLogger HTTP/1.1" 200 117
110.81.58.86 - - [23/Feb/2026:10:43:34 +0800] "POST /InternetTrading/LongPollingConfig HTTP/1.1" 200 4
110.81.58.86 - - [23/Feb/2026:10:43:34 +0800] "GET /InternetTrading/jquery/wait.gif HTTP/1.1" 200 432
110.81.58.86 - - [23/Feb/2026:10:43:34 +0800] "POST /InternetTrading/SessionErrorLogger HTTP/1.1" 200 117
110.81.58.86 - - [23/Feb/2026:10:43:34 +0800] "GET /InternetTrading/longpoll/M8773?X-Atmosphere-tracking-id=0&X-Atmosphere-Framework=2.2.3-javascript&X-Atmosphere-Transport=long-polling&X-Atmosphere-TrackMessageSize=true&Content-Type=charset%3Dutf-8&X-atmo-protocol=true&_=1771814937031 HTTP/1.1" 200 -
110.81.58.86 - - [23/Feb/2026:10:43:34 +0800] "POST /InternetTrading/Portfolio HTTP/1.1" 200 4323
219.73.99.100 - - [23/Feb/2026:10:43:34 +0800] "GET /InternetTrading/longpoll/55136?X-Atmosphere-tracking-id=0&X-Atmosphere-Framework=2.2.3-javascript&X-Atmosphere-Transport=long-polling&X-Atmosphere-TrackMessageSize=true&Content-Type=charset%3Dutf-8&X-atmo-protocol=true&_=1771814934181 HTTP/1.1" 200 -
221.124.232.198 - - [23/Feb/2026:10:43:34 +0800] "GET /InternetTrading/longpoll/13511?X-Atmosphere-tracking-id=0&X-Atmosphere-Framework=2.2.3-javascript&X-Atmosphere-Transport=long-polling&X-Atmosphere-TrackMessageSize=true&Content-Type=charset%3Dutf-8&X-atmo-protocol=true&_=1771814934232 HTTP/1.1" 200 -
220.246.38.37 - - [23/Feb/2026:10:43:35 +0800] "POST /InternetTrading/SessionErrorLogger HTTP/1.1" 200 117
220.246.38.37 - - [23/Feb/2026:10:43:35 +0800] "POST /InternetTrading/Heartbeat HTTP/1.1" 200 32
104.28.70.178 - - [23/Feb/2026:10:43:36 +0800] "GET /InternetTrading/longpoll/56423?X-Atmosphere-tracking-id=0&X-Atmosphere-Framework=2.2.3-javascript&X-Atmosphere-Transport=long-polling&X-Atmosphere-TrackMessageSize=true&Content-Type=charset%3Dutf-8&X-atmo-protocol=true&_=1771814935685 HTTP/1.1" 200 -
14.0.170.98 - - [23/Feb/2026:10:43:36 +0800] "GET /InternetTrading/longpoll/A8127?X-Atmosphere-tracking-id=0&X-Atmosphere-Framework=2.2.3-javascript&X-Atmosphere-Transport=long-polling&X-Atmosphere-TrackMessageSize=true&Content-Type=charset%3Dutf-8&X-atmo-protocol=true&_=1771814935408 HTTP/1.1" 200 -
219.73.99.100 - - [23/Feb/2026:10:43:36 +0800] "POST /InternetTrading/SessionErrorLogger HTTP/1.1" 200 117
219.73.99.100 - - [23/Feb/2026:10:43:36 +0800] "POST /InternetTrading/MarketStatus HTTP/1.1" 200 772
220.246.38.37 - - [23/Feb/2026:10:43:38 +0800] "POST /InternetTrading/SessionErrorLogger HTTP/1.1" 200 117
220.246.38.37 - - [23/Feb/2026:10:43:38 +0800] "POST /InternetTrading/MarketStatus HTTP/1.1" 200 772
220.246.38.37 - - [23/Feb/2026:10:43:38 +0800] "GET /InternetTrading/longpoll/54906?X-Atmosphere-tracking-id=0&X-Atmosphere-Framework=2.2.3-javascript&X-Atmosphere-Transport=long-polling&X-Atmosphere-TrackMessageSize=true&Content-Type=charset%3Dutf-8&X-atmo-protocol=true&_=1771814938391 HTTP/1.1" 200 -
110.81.58.86 - - [23/Feb/2026:10:43:39 +0800] "GET /InternetTrading/longpoll/M8773?X-Atmosphere-tracking-id=0&X-Atmosphere-Framework=2.2.3-javascript&X-Atmosphere-Transport=long-polling&X-Atmosphere-TrackMessageSize=true&Content-Type=charset%3Dutf-8&X-atmo-protocol=true&_=1771814942065 HTTP/1.1" 200 -
219.73.99.100 - - [23/Feb/2026:10:43:39 +0800] "GET /InternetTrading/longpoll/55136?X-Atmosphere-tracking-id=0&X-Atmosphere-Framework=2.2.3-javascript&X-Atmosphere-Transport=long-polling&X-Atmosphere-TrackMessageSize=true&Content-Type=charset%3Dutf-8&X-atmo-protocol=true&_=1771814939227 HTTP/1.1" 200 -
221.124.232.198 - - [23/Feb/2026:10:43:40 +0800] "GET /InternetTrading/longpoll/13511?X-Atmosphere-tracking-id=0&X-Atmosphere-Framework=2.2.3-javascript&X-Atmosphere-Transport=long-polling&X-Atmosphere-TrackMessageSize=true&Content-Type=charset%3Dutf-8&X-atmo-protocol=true&_=1771814940234 HTTP/1.1" 200 -
104.28.70.178 - - [23/Feb/2026:10:43:41 +0800] "GET /InternetTrading/longpoll/56423?X-Atmosphere-tracking-id=0&X-Atmosphere-Framework=2.2.3-javascript&X-Atmosphere-Transport=long-polling&X-Atmosphere-TrackMessageSize=true&Content-Type=charset%3Dutf-8&X-atmo-protocol=true&_=1771814940748 HTTP/1.1" 200 -
14.0.170.98 - - [23/Feb/2026:10:43:41 +0800] "GET /InternetTrading/longpoll/A8127?X-Atmosphere-tracking-id=0&X-Atmosphere-Framework=2.2.3-javascript&X-Atmosphere-Transport=long-polling&X-Atmosphere-TrackMessageSize=true&Content-Type=charset%3Dutf-8&X-atmo-protocol=true&_=1771814940613 HTTP/1.1" 200 -
220.246.38.37 - - [23/Feb/2026:10:43:43 +0800] "GET /InternetTrading/longpoll/54906?X-Atmosphere-tracking-id=0&X-Atmosphere-Framework=2.2.3-javascript&X-Atmosphere-Transport=long-polling&X-Atmosphere-TrackMessageSize=true&Content-Type=charset%3Dutf-8&X-atmo-protocol=true&_=1771814943407 HTTP/1.1" 200 -
14.0.170.98 - - [23/Feb/2026:10:43:44 +0800] "POST /InternetTrading/SessionErrorLogger HTTP/1.1" 200 117
110.81.58.86 - - [23/Feb/2026:10:43:44 +0800] "GET /InternetTrading/longpoll/M8773?X-Atmosphere-tracking-id=0&X-Atmosphere-Framework=2.2.3-javascript&X-Atmosphere-Transport=long-polling&X-Atmosphere-TrackMessageSize=true&Content-Type=charset%3Dutf-8&X-atmo-protocol=true&_=1771814947194 HTTP/1.1" 200 -
14.0.170.98 - - [23/Feb/2026:10:43:44 +0800] "POST /InternetTrading/Heartbeat HTTP/1.1" 200 32
219.73.99.100 - - [23/Feb/2026:10:43:44 +0800] "GET /InternetTrading/longpoll/55136?X-Atmosphere-tracking-id=0&X-Atmosphere-Framework=2.2.3-javascript&X-Atmosphere-Transport=long-polling&X-Atmosphere-TrackMessageSize=true&Content-Type=charset%3Dutf-8&X-atmo-protocol=true&_=1771814944258 HTTP/1.1" 200 -
14.0.170.98 - - [23/Feb/2026:10:43:44 +0800] "POST /InternetTrading/SessionErrorLogger HTTP/1.1" 200 117
14.0.170.98 - - [23/Feb/2026:10:43:44 +0800] "POST /InternetTrading/MarketStatus HTTP/1.1" 200 772
104.28.70.178 - - [23/Feb/2026:10:43:46 +0800] "GET /InternetTrading/longpoll/56423?X-Atmosphere-tracking-id=0&X-Atmosphere-Framework=2.2.3-javascript&X-Atmosphere-Transport=long-polling&X-Atmosphere-TrackMessageSize=true&Content-Type=charset%3Dutf-8&X-atmo-protocol=true&_=1771814945910 HTTP/1.1" 200 -
221.124.232.198 - - [23/Feb/2026:10:43:46 +0800] "GET /InternetTrading/longpoll/13511?X-Atmosphere-tracking-id=0&X-Atmosphere-Framework=2.2.3-javascript&X-Atmosphere-Transport=long-polling&X-Atmosphere-TrackMessageSize=true&Content-Type=charset%3Dutf-8&X-atmo-protocol=true&_=1771814946228 HTTP/1.1" 200 -
14.0.170.98 - - [23/Feb/2026:10:43:46 +0800] "GET /InternetTrading/longpoll/A8127?X-Atmosphere-tracking-id=0&X-Atmosphere-Framework=2.2.3-javascript&X-Atmosphere-Transport=long-polling&X-Atmosphere-TrackMessageSize=true&Content-Type=charset%3Dutf-8&X-atmo-protocol=true&_=1771814945976 HTTP/1.1" 200 -
220.246.38.37 - - [23/Feb/2026:10:43:48 +0800] "GET /InternetTrading/longpoll/54906?X-Atmosphere-tracking-id=0&X-Atmosphere-Framework=2.2.3-javascript&X-Atmosphere-Transport=long-polling&X-Atmosphere-TrackMessageSize=true&Content-Type=charset%3Dutf-8&X-atmo-protocol=true&_=1771814948445 HTTP/1.1" 200 -
110.81.58.86 - - [23/Feb/2026:10:43:49 +0800] "GET /InternetTrading/longpoll/M8773?X-Atmosphere-tracking-id=0&X-Atmosphere-Framework=2.2.3-javascript&X-Atmosphere-Transport=long-polling&X-Atmosphere-TrackMessageSize=true&Content-Type=charset%3Dutf-8&X-atmo-protocol=true&_=1771814952278 HTTP/1.1" 200 -
219.73.99.100 - - [23/Feb/2026:10:43:49 +0800] "GET /InternetTrading/longpoll/55136?X-Atmosphere-tracking-id=0&X-Atmosphere-Framework=2.2.3-javascript&X-Atmosphere-Transport=long-polling&X-Atmosphere-TrackMessageSize=true&Content-Type=charset%3Dutf-8&X-atmo-protocol=true&_=1771814949317 HTTP/1.1" 200 -
14.0.170.98 - - [23/Feb/2026:10:43:51 +0800] "GET /InternetTrading/longpoll/A8127?X-Atmosphere-tracking-id=0&X-Atmosphere-Framework=2.2.3-javascript&X-Atmosphere-Transport=long-polling&X-Atmosphere-TrackMessageSize=true&Content-Type=charset%3Dutf-8&X-atmo-protocol=true&_=1771814951096 HTTP/1.1" 200 -
221.124.232.198 - - [23/Feb/2026:10:43:52 +0800] "POST /InternetTrading/SessionErrorLogger HTTP/1.1" 200 117
221.124.232.198 - - [23/Feb/2026:10:43:52 +0800] "POST /InternetTrading/Heartbeat HTTP/1.1" 200 32
221.124.232.198 - - [23/Feb/2026:10:43:52 +0800] "POST /InternetTrading/SessionErrorLogger HTTP/1.1" 200 117
221.124.232.198 - - [23/Feb/2026:10:43:52 +0800] "GET /InternetTrading/longpoll/13511?X-Atmosphere-tracking-id=0&X-Atmosphere-Framework=2.2.3-javascript&X-Atmosphere-Transport=long-polling&X-Atmosphere-TrackMessageSize=true&Content-Type=charset%3Dutf-8&X-atmo-protocol=true&_=1771814952293 HTTP/1.1" 200 -
221.124.232.198 - - [23/Feb/2026:10:43:52 +0800] "POST /InternetTrading/MarketStatus HTTP/1.1" 200 772
220.246.38.37 - - [23/Feb/2026:10:43:53 +0800] "POST /InternetTrading/SessionErrorLogger HTTP/1.1" 200 117
220.246.38.37 - - [23/Feb/2026:10:43:53 +0800] "POST /InternetTrading/LoginKey HTTP/1.1" 200 -
220.246.38.37 - - [23/Feb/2026:10:43:53 +0800] "GET /InternetTrading/jquery/wait.gif HTTP/1.1" 200 432
220.246.38.37 - - [23/Feb/2026:10:43:53 +0800] "POST /InternetTrading/PreOrder HTTP/1.1" 200 1232
220.246.38.37 - - [23/Feb/2026:10:43:53 +0800] "GET /InternetTrading/longpoll/54906?X-Atmosphere-tracking-id=0&X-Atmosphere-Framework=2.2.3-javascript&X-Atmosphere-Transport=long-polling&X-Atmosphere-TrackMessageSize=true&Content-Type=charset%3Dutf-8&X-atmo-protocol=true&_=1771814953479 HTTP/1.1" 200 -
110.81.58.86 - - [23/Feb/2026:10:43:54 +0800] "GET /InternetTrading/longpoll/M8773?X-Atmosphere-tracking-id=0&X-Atmosphere-Framework=2.2.3-javascript&X-Atmosphere-Transport=long-polling&X-Atmosphere-TrackMessageSize=true&Content-Type=charset%3Dutf-8&X-atmo-protocol=true&_=1771814957381 HTTP/1.1" 200 -
219.73.99.100 - - [23/Feb/2026:10:43:54 +0800] "GET /InternetTrading/longpoll/55136?X-Atmosphere-tracking-id=0&X-Atmosphere-Framework=2.2.3-javascript&X-Atmosphere-Transport=long-polling&X-Atmosphere-TrackMessageSize=true&Content-Type=charset%3Dutf-8&X-atmo-protocol=true&_=1771814954460 HTTP/1.1" 200 -
220.246.38.37 - - [23/Feb/2026:10:43:56 +0800] "POST /InternetTrading/SessionErrorLogger HTTP/1.1" 200 117
220.246.38.37 - - [23/Feb/2026:10:43:56 +0800] "GET /InternetTrading/Csrf?url=/Order HTTP/1.1" 200 126
220.246.38.37 - - [23/Feb/2026:10:43:56 +0800] "POST /InternetTrading/SessionErrorLogger HTTP/1.1" 200 117
220.246.38.37 - - [23/Feb/2026:10:43:56 +0800] "POST /InternetTrading/LoginKey HTTP/1.1" 200 -
220.246.38.37 - - [23/Feb/2026:10:43:56 +0800] "POST /InternetTrading/SessionErrorLogger HTTP/1.1" 200 117
220.246.38.37 - - [23/Feb/2026:10:43:56 +0800] "POST /InternetTrading/Order?csrf_nonce=0193AA9A0066AFC6A46C8C612641300E HTTP/1.1" 200 1021
220.246.38.37 - - [23/Feb/2026:10:43:56 +0800] "POST /InternetTrading/SessionErrorLogger HTTP/1.1" 200 117
220.246.38.37 - - [23/Feb/2026:10:43:56 +0800] "GET /InternetTrading/tc/sell_ticket.html? HTTP/1.1" 200 2261
220.246.38.37 - - [23/Feb/2026:10:43:56 +0800] "POST /InternetTrading/SessionErrorLogger HTTP/1.1" 200 117
220.246.38.37 - - [23/Feb/2026:10:43:56 +0800] "POST /InternetTrading/SessionErrorLogger HTTP/1.1" 200 117
220.246.38.37 - - [23/Feb/2026:10:43:56 +0800] "POST /InternetTrading/MarketStatus HTTP/1.1" 200 772
220.246.38.37 - - [23/Feb/2026:10:43:56 +0800] "POST /InternetTrading/MarketStatus HTTP/1.1" 200 772
14.0.170.98 - - [23/Feb/2026:10:43:57 +0800] "GET /InternetTrading/longpoll/A8127?X-Atmosphere-tracking-id=0&X-Atmosphere-Framework=2.2.3-javascript&X-Atmosphere-Transport=long-polling&X-Atmosphere-TrackMessageSize=true&Content-Type=charset%3Dutf-8&X-atmo-protocol=true&_=1771814956196 HTTP/1.1" 200 -
220.246.38.37 - - [23/Feb/2026:10:43:58 +0800] "GET /InternetTrading/jquery/wait.gif HTTP/1.1" 200 432
220.246.38.37 - - [23/Feb/2026:10:43:58 +0800] "POST /InternetTrading/SessionErrorLogger HTTP/1.1" 200 117
220.246.38.37 - - [23/Feb/2026:10:43:58 +0800] "POST /InternetTrading/Orderbook HTTP/1.1" 200 1191
221.124.232.198 - - [23/Feb/2026:10:43:58 +0800] "GET /InternetTrading/longpoll/13511?X-Atmosphere-tracking-id=0&X-Atmosphere-Framework=2.2.3-javascript&X-Atmosphere-Transport=long-polling&X-Atmosphere-TrackMessageSize=true&Content-Type=charset%3Dutf-8&X-atmo-protocol=true&_=1771814958231 HTTP/1.1" 200 -
220.246.38.37 - - [23/Feb/2026:10:43:58 +0800] "GET /InternetTrading/longpoll/54906?X-Atmosphere-tracking-id=0&X-Atmosphere-Framework=2.2.3-javascript&X-Atmosphere-Transport=long-polling&X-Atmosphere-TrackMessageSize=true&Content-Type=charset%3Dutf-8&X-atmo-protocol=true&_=1771814958496 HTTP/1.1" 200 -
219.73.99.100 - - [23/Feb/2026:10:43:59 +0800] "GET /InternetTrading/longpoll/55136?X-Atmosphere-tracking-id=0&X-Atmosphere-Framework=2.2.3-javascript&X-Atmosphere-Transport=long-polling&X-Atmosphere-TrackMessageSize=true&Content-Type=charset%3Dutf-8&X-atmo-protocol=true&_=1771814959510 HTTP/1.1" 200 -
110.81.58.86 - - [23/Feb/2026:10:43:59 +0800] "GET /InternetTrading/longpoll/M8773?X-Atmosphere-tracking-id=0&X-Atmosphere-Framework=2.2.3-javascript&X-Atmosphere-Transport=long-polling&X-Atmosphere-TrackMessageSize=true&Content-Type=charset%3Dutf-8&X-atmo-protocol=true&_=1771814962499 HTTP/1.1" 200 -
110.81.58.86 - - [23/Feb/2026:10:44:02 +0800] "POST /InternetTrading/SessionErrorLogger HTTP/1.1" 200 117
110.81.58.86 - - [23/Feb/2026:10:44:02 +0800] "POST /InternetTrading/Heartbeat HTTP/1.1" 200 32
110.81.58.86 - - [23/Feb/2026:10:44:02 +0800] "POST /InternetTrading/SessionErrorLogger HTTP/1.1" 200 117
14.0.170.98 - - [23/Feb/2026:10:44:02 +0800] "GET /InternetTrading/longpoll/A8127?X-Atmosphere-tracking-id=0&X-Atmosphere-Framework=2.2.3-javascript&X-Atmosphere-Transport=long-polling&X-Atmosphere-TrackMessageSize=true&Content-Type=charset%3Dutf-8&X-atmo-protocol=true&_=1771814961721 HTTP/1.1" 200 -
110.81.58.86 - - [23/Feb/2026:10:44:02 +0800] "POST /InternetTrading/MarketStatus HTTP/1.1" 200 772
219.73.99.100 - - [23/Feb/2026:10:44:03 +0800] "POST /InternetTrading/SessionErrorLogger HTTP/1.1" 200 117
219.73.99.100 - - [23/Feb/2026:10:44:03 +0800] "POST /InternetTrading/Heartbeat HTTP/1.1" 200 32
220.246.38.37 - - [23/Feb/2026:10:44:03 +0800] "GET /InternetTrading/longpoll/54906?X-Atmosphere-tracking-id=0&X-Atmosphere-Framework=2.2.3-javascript&X-Atmosphere-Transport=long-polling&X-Atmosphere-TrackMessageSize=true&Content-Type=charset%3Dutf-8&X-atmo-protocol=true&_=1771814963514 HTTP/1.1" 200 -
221.124.232.198 - - [23/Feb/2026:10:44:04 +0800] "GET /InternetTrading/longpoll/13511?X-Atmosphere-tracking-id=0&X-Atmosphere-Framework=2.2.3-javascript&X-Atmosphere-Transport=long-polling&X-Atmosphere-TrackMessageSize=true&Content-Type=charset%3Dutf-8&X-atmo-protocol=true&_=1771814964233 HTTP/1.1" 200 -
219.73.99.100 - - [23/Feb/2026:10:44:04 +0800] "GET /InternetTrading/longpoll/55136?X-Atmosphere-tracking-id=0&X-Atmosphere-Framework=2.2.3-javascript&X-Atmosphere-Transport=long-polling&X-Atmosphere-TrackMessageSize=true&Content-Type=charset%3Dutf-8&X-atmo-protocol=true&_=1771814964552 HTTP/1.1" 200 -
110.81.58.86 - - [23/Feb/2026:10:44:04 +0800] "GET /InternetTrading/longpoll/M8773?X-Atmosphere-tracking-id=0&X-Atmosphere-Framework=2.2.3-javascript&X-Atmosphere-Transport=long-polling&X-Atmosphere-TrackMessageSize=true&Content-Type=charset%3Dutf-8&X-atmo-protocol=true&_=1771814967593 HTTP/1.1" 200 -
220.246.38.37 - - [23/Feb/2026:10:44:05 +0800] "POST /InternetTrading/SessionErrorLogger HTTP/1.1" 200 117
220.246.38.37 - - [23/Feb/2026:10:44:05 +0800] "POST /InternetTrading/Heartbeat HTTP/1.1" 200 32
219.73.99.100 - - [23/Feb/2026:10:44:06 +0800] "POST /InternetTrading/SessionErrorLogger HTTP/1.1" 200 117
219.73.99.100 - - [23/Feb/2026:10:44:06 +0800] "POST /InternetTrading/MarketStatus HTTP/1.1" 200 772
14.0.154.193 - - [23/Feb/2026:10:44:07 +0800] "POST /InternetTrading/CheckIsEnableRSA HTTP/1.1" 200 1
14.0.170.98 - - [23/Feb/2026:10:44:07 +0800] "GET /InternetTrading/longpoll/A8127?X-Atmosphere-tracking-id=0&X-Atmosphere-Framework=2.2.3-javascript&X-Atmosphere-Transport=long-polling&X-Atmosphere-TrackMessageSize=true&Content-Type=charset%3Dutf-8&X-atmo-protocol=true&_=1771814966796 HTTP/1.1" 200 -
14.0.154.193 - - [23/Feb/2026:10:44:07 +0800] "POST /InternetTrading/CheckPwEncryptType HTTP/1.1" 200 -
14.0.154.193 - - [23/Feb/2026:10:44:07 +0800] "POST /InternetTrading/LoginKey HTTP/1.1" 200 -
14.0.154.193 - - [23/Feb/2026:10:44:07 +0800] "GET /InternetTrading/jquery/wait.gif HTTP/1.1" 200 432
220.246.38.37 - - [23/Feb/2026:10:44:08 +0800] "GET /InternetTrading/longpoll/54906?X-Atmosphere-tracking-id=0&X-Atmosphere-Framework=2.2.3-javascript&X-Atmosphere-Transport=long-polling&X-Atmosphere-TrackMessageSize=true&Content-Type=charset%3Dutf-8&X-atmo-protocol=true&_=1771814968552 HTTP/1.1" 200 -
14.0.154.193 - - [23/Feb/2026:10:44:07 +0800] "POST /InternetTrading/Login HTTP/1.1" 200 460
104.28.70.178 - - [23/Feb/2026:10:44:09 +0800] "POST /InternetTrading/SessionErrorLogger HTTP/1.1" 200 117
104.28.70.178 - - [23/Feb/2026:10:44:09 +0800] "POST /InternetTrading/MarketStatus HTTP/1.1" 200 772
219.73.99.100 - - [23/Feb/2026:10:44:09 +0800] "GET /InternetTrading/longpoll/55136?X-Atmosphere-tracking-id=0&X-Atmosphere-Framework=2.2.3-javascript&X-Atmosphere-Transport=long-polling&X-Atmosphere-TrackMessageSize=true&Content-Type=charset%3Dutf-8&X-atmo-protocol=true&_=1771814969581 HTTP/1.1" 200 -
104.28.70.178 - - [23/Feb/2026:10:44:10 +0800] "POST /InternetTrading/SessionErrorLogger HTTP/1.1" 200 117
104.28.70.178 - - [23/Feb/2026:10:44:10 +0800] "POST /InternetTrading/Heartbeat HTTP/1.1" 200 32
14.0.154.193 - - [23/Feb/2026:10:44:10 +0800] "GET /InternetTrading/tc/2FA_authentication.html?language=tc&version=HTML HTTP/1.1" 200 1468
110.81.58.86 - - [23/Feb/2026:10:44:10 +0800] "GET /InternetTrading/longpoll/M8773?X-Atmosphere-tracking-id=0&X-Atmosphere-Framework=2.2.3-javascript&X-Atmosphere-Transport=long-polling&X-Atmosphere-TrackMessageSize=true&Content-Type=charset%3Dutf-8&X-atmo-protocol=true&_=1771814972635 HTTP/1.1" 200 -
14.0.154.193 - - [23/Feb/2026:10:44:10 +0800] "GET /InternetTrading/tc/style_common.css?v=20200819161914 HTTP/1.1" 200 2540
14.0.154.193 - - [23/Feb/2026:10:44:10 +0800] "GET /InternetTrading/tc/style.css?v=20200819161914 HTTP/1.1" 200 1435
14.0.154.193 - - [23/Feb/2026:10:44:10 +0800] "GET /InternetTrading/jquery/jquery-3.3.1.js HTTP/1.1" 200 80650
14.0.154.193 - - [23/Feb/2026:10:44:10 +0800] "GET /InternetTrading/jquery/jquery-migrate-3.0.0.js HTTP/1.1" 200 4963
14.0.154.193 - - [23/Feb/2026:10:44:10 +0800] "GET /InternetTrading/jquery/additional-methods.js HTTP/1.1" 200 2238
14.0.154.193 - - [23/Feb/2026:10:44:10 +0800] "GET /InternetTrading/jquery/jquery.validate-1.11.1.js HTTP/1.1" 200 7041
14.0.154.193 - - [23/Feb/2026:10:44:10 +0800] "GET /InternetTrading/jquery/jquery.blockUI-2.66.0-iAsiaEdition.js HTTP/1.1" 200 6651
14.0.154.193 - - [23/Feb/2026:10:44:10 +0800] "GET /InternetTrading/jquery/jquery.form-3.46.0.js HTTP/1.1" 200 5673
14.0.154.193 - - [23/Feb/2026:10:44:10 +0800] "GET /InternetTrading/jquery/jquery-ui-1.10.3.js HTTP/1.1" 200 69642
14.0.154.193 - - [23/Feb/2026:10:44:10 +0800] "GET /InternetTrading/jquery/jquery.timer-0.9.16.js HTTP/1.1" 200 542
14.0.154.193 - - [23/Feb/2026:10:44:10 +0800] "GET /InternetTrading/jquery/jquery.getParams.js HTTP/1.1" 200 587
14.0.154.193 - - [23/Feb/2026:10:44:10 +0800] "GET /InternetTrading/tc/user/translation.js?jsv=20200819161914 HTTP/1.1" 200 12818
14.0.154.193 - - [23/Feb/2026:10:44:10 +0800] "GET /InternetTrading/js/constants.js?jsv=20200819161914 HTTP/1.1" 200 400
14.0.154.193 - - [23/Feb/2026:10:44:10 +0800] "GET /InternetTrading/js/util.js?jsv=20200819161914 HTTP/1.1" 200 6636
14.0.154.193 - - [23/Feb/2026:10:44:10 +0800] "GET /InternetTrading/js/init.js?jsv=20200819161914 HTTP/1.1" 200 886
14.0.154.193 - - [23/Feb/2026:10:44:10 +0800] "GET /InternetTrading/tc/user/custom_variables.js?jsv=20200819161914 HTTP/1.1" 200 275
14.0.154.193 - - [23/Feb/2026:10:44:10 +0800] "GET /InternetTrading/js/haitong.js?jsv=20200819161914 HTTP/1.1" 200 3881
14.0.154.193 - - [23/Feb/2026:10:44:10 +0800] "GET /InternetTrading/js/2fa.js?jsv=20200819161914 HTTP/1.1" 200 1953
14.0.154.193 - - [23/Feb/2026:10:44:10 +0800] "GET /InternetTrading/settings/webpage_settings.js?jsv=20200819161914 HTTP/1.1" 200 33
14.0.154.193 - - [23/Feb/2026:10:44:10 +0800] "GET /InternetTrading/js/login.js?jsv=20200819161914 HTTP/1.1" 200 1684
14.0.154.193 - - [23/Feb/2026:10:44:10 +0800] "GET /InternetTrading/jquery/wait.gif HTTP/1.1" 200 432
14.0.154.193 - - [23/Feb/2026:10:44:10 +0800] "GET /InternetTrading/tc/images/logo.png HTTP/1.1" 200 7042
221.124.232.198 - - [23/Feb/2026:10:44:10 +0800] "GET /InternetTrading/longpoll/13511?X-Atmosphere-tracking-id=0&X-Atmosphere-Framework=2.2.3-javascript&X-Atmosphere-Transport=long-polling&X-Atmosphere-TrackMessageSize=true&Content-Type=charset%3Dutf-8&X-atmo-protocol=true&_=1771814970230 HTTP/1.1" 200 -
14.0.154.193 - - [23/Feb/2026:10:44:10 +0800] "GET /InternetTrading/tc/dialog.html?1771814968107 HTTP/1.1" 200 3188
14.0.154.193 - - [23/Feb/2026:10:44:10 +0800] "POST /InternetTrading/Get2FAInfoService HTTP/1.1" 200 109
14.0.154.193 - - [23/Feb/2026:10:44:10 +0800] "POST /InternetTrading/SystemMaintenanceCheck HTTP/1.1" 200 119
14.0.154.193 - - [23/Feb/2026:10:44:10 +0800] "POST /InternetTrading/SystemMaintenanceCheck HTTP/1.1" 200 119
14.0.154.193 - - [23/Feb/2026:10:44:11 +0800] "GET /favicon.ico HTTP/1.1" 404 196
14.0.170.98 - - [23/Feb/2026:10:44:12 +0800] "GET /InternetTrading/longpoll/A8127?X-Atmosphere-tracking-id=0&X-Atmosphere-Framework=2.2.3-javascript&X-Atmosphere-Transport=long-polling&X-Atmosphere-TrackMessageSize=true&Content-Type=charset%3Dutf-8&X-atmo-protocol=true&_=1771814972061 HTTP/1.1" 200 -
220.246.38.37 - - [23/Feb/2026:10:44:13 +0800] "GET /InternetTrading/longpoll/54906?X-Atmosphere-tracking-id=0&X-Atmosphere-Framework=2.2.3-javascript&X-Atmosphere-Transport=long-polling&X-Atmosphere-TrackMessageSize=true&Content-Type=charset%3Dutf-8&X-atmo-protocol=true&_=1771814973586 HTTP/1.1" 200 -
14.0.170.98 - - [23/Feb/2026:10:44:14 +0800] "POST /InternetTrading/SessionErrorLogger HTTP/1.1" 200 117
14.0.170.98 - - [23/Feb/2026:10:44:14 +0800] "POST /InternetTrading/Heartbeat HTTP/1.1" 200 32
14.0.170.98 - - [23/Feb/2026:10:44:14 +0800] "POST /InternetTrading/SessionErrorLogger HTTP/1.1" 200 117
14.0.170.98 - - [23/Feb/2026:10:44:14 +0800] "POST /InternetTrading/MarketStatus HTTP/1.1" 200 772
219.73.99.100 - - [23/Feb/2026:10:44:15 +0800] "GET /InternetTrading/longpoll/55136?X-Atmosphere-tracking-id=0&X-Atmosphere-Framework=2.2.3-javascript&X-Atmosphere-Transport=long-polling&X-Atmosphere-TrackMessageSize=true&Content-Type=charset%3Dutf-8&X-atmo-protocol=true&_=1771814974610 HTTP/1.1" 200 -
104.28.70.178 - - [23/Feb/2026:10:44:15 +0800] "GET /InternetTrading/longpoll/56423?X-Atmosphere-tracking-id=0&X-Atmosphere-Framework=2.2.3-javascript&X-Atmosphere-Transport=long-polling&X-Atmosphere-TrackMessageSize=true&Content-Type=charset%3Dutf-8&X-atmo-protocol=true&_=1771814974591 HTTP/1.1" 200 -
110.81.58.86 - - [23/Feb/2026:10:44:15 +0800] "GET /InternetTrading/longpoll/M8773?X-Atmosphere-tracking-id=0&X-Atmosphere-Framework=2.2.3-javascript&X-Atmosphere-Transport=long-polling&X-Atmosphere-TrackMessageSize=true&Content-Type=charset%3Dutf-8&X-atmo-protocol=true&_=1771814977797 HTTP/1.1" 200 -
221.124.232.198 - - [23/Feb/2026:10:44:16 +0800] "GET /InternetTrading/longpoll/13511?X-Atmosphere-tracking-id=0&X-Atmosphere-Framework=2.2.3-javascript&X-Atmosphere-Transport=long-polling&X-Atmosphere-TrackMessageSize=true&Content-Type=charset%3Dutf-8&X-atmo-protocol=true&_=1771814976234 HTTP/1.1" 200 -
14.0.170.98 - - [23/Feb/2026:10:44:17 +0800] "GET /InternetTrading/longpoll/A8127?X-Atmosphere-tracking-id=0&X-Atmosphere-Framework=2.2.3-javascript&X-Atmosphere-Transport=long-polling&X-Atmosphere-TrackMessageSize=true&Content-Type=charset%3Dutf-8&X-atmo-protocol=true&_=1771814977335 HTTP/1.1" 200 -
220.246.38.37 - - [23/Feb/2026:10:44:19 +0800] "GET /InternetTrading/longpoll/54906?X-Atmosphere-tracking-id=0&X-Atmosphere-Framework=2.2.3-javascript&X-Atmosphere-Transport=long-polling&X-Atmosphere-TrackMessageSize=true&Content-Type=charset%3Dutf-8&X-atmo-protocol=true&_=1771814978622 HTTP/1.1" 200 -
219.73.99.100 - - [23/Feb/2026:10:44:20 +0800] "GET /InternetTrading/longpoll/55136?X-Atmosphere-tracking-id=0&X-Atmosphere-Framework=2.2.3-javascript&X-Atmosphere-Transport=long-polling&X-Atmosphere-TrackMessageSize=true&Content-Type=charset%3Dutf-8&X-atmo-protocol=true&_=1771814979672 HTTP/1.1" 200 -
104.28.70.178 - - [23/Feb/2026:10:44:20 +0800] "GET /InternetTrading/longpoll/56423?X-Atmosphere-tracking-id=0&X-Atmosphere-Framework=2.2.3-javascript&X-Atmosphere-Transport=long-polling&X-Atmosphere-TrackMessageSize=true&Content-Type=charset%3Dutf-8&X-atmo-protocol=true&_=1771814979748 HTTP/1.1" 200 -
110.81.58.86 - - [23/Feb/2026:10:44:20 +0800] "GET /InternetTrading/longpoll/M8773?X-Atmosphere-tracking-id=0&X-Atmosphere-Framework=2.2.3-javascript&X-Atmosphere-Transport=long-polling&X-Atmosphere-TrackMessageSize=true&Content-Type=charset%3Dutf-8&X-atmo-protocol=true&_=1771814982966 HTTP/1.1" 200 -
221.124.232.198 - - [23/Feb/2026:10:44:22 +0800] "GET /InternetTrading/longpoll/13511?X-Atmosphere-tracking-id=0&X-Atmosphere-Framework=2.2.3-javascript&X-Atmosphere-Transport=long-polling&X-Atmosphere-TrackMessageSize=true&Content-Type=charset%3Dutf-8&X-atmo-protocol=true&_=1771814982238 HTTP/1.1" 200 -
14.0.170.98 - - [23/Feb/2026:10:44:22 +0800] "GET /InternetTrading/longpoll/A8127?X-Atmosphere-tracking-id=0&X-Atmosphere-Framework=2.2.3-javascript&X-Atmosphere-Transport=long-polling&X-Atmosphere-TrackMessageSize=true&Content-Type=charset%3Dutf-8&X-atmo-protocol=true&_=1771814982415 HTTP/1.1" 200 -
220.246.38.37 - - [23/Feb/2026:10:44:24 +0800] "GET /InternetTrading/longpoll/54906?X-Atmosphere-tracking-id=0&X-Atmosphere-Framework=2.2.3-javascript&X-Atmosphere-Transport=long-polling&X-Atmosphere-TrackMessageSize=true&Content-Type=charset%3Dutf-8&X-atmo-protocol=true&_=1771814983658 HTTP/1.1" 200 -
219.73.99.100 - - [23/Feb/2026:10:44:25 +0800] "GET /InternetTrading/longpoll/55136?X-Atmosphere-tracking-id=0&X-Atmosphere-Framework=2.2.3-javascript&X-Atmosphere-Transport=long-polling&X-Atmosphere-TrackMessageSize=true&Content-Type=charset%3Dutf-8&X-atmo-protocol=true&_=1771814984724 HTTP/1.1" 200 -
104.28.70.178 - - [23/Feb/2026:10:44:25 +0800] "GET /InternetTrading/longpoll/56423?X-Atmosphere-tracking-id=0&X-Atmosphere-Framework=2.2.3-javascript&X-Atmosphere-Transport=long-polling&X-Atmosphere-TrackMessageSize=true&Content-Type=charset%3Dutf-8&X-atmo-protocol=true&_=1771814984913 HTTP/1.1" 200 -
110.81.58.86 - - [23/Feb/2026:10:44:25 +0800] "GET /InternetTrading/longpoll/M8773?X-Atmosphere-tracking-id=0&X-Atmosphere-Framework=2.2.3-javascript&X-Atmosphere-Transport=long-polling&X-Atmosphere-TrackMessageSize=true&Content-Type=charset%3Dutf-8&X-atmo-protocol=true&_=1771814988099 HTTP/1.1" 200 -
220.246.38.37 - - [23/Feb/2026:10:44:26 +0800] "POST /InternetTrading/SessionErrorLogger HTTP/1.1" 200 117
220.246.38.37 - - [23/Feb/2026:10:44:26 +0800] "POST /InternetTrading/MarketStatus HTTP/1.1" 200 772
14.0.154.193 - - [23/Feb/2026:10:44:27 +0800] "GET /InternetTrading/jquery/wait.gif HTTP/1.1" 200 432
14.0.170.98 - - [23/Feb/2026:10:44:28 +0800] "GET /InternetTrading/longpoll/A8127?X-Atmosphere-tracking-id=0&X-Atmosphere-Framework=2.2.3-javascript&X-Atmosphere-Transport=long-polling&X-Atmosphere-TrackMessageSize=true&Content-Type=charset%3Dutf-8&X-atmo-protocol=true&_=1771814987464 HTTP/1.1" 200 -
104.28.70.178 - - [23/Feb/2026:10:44:28 +0800] "POST /InternetTrading/SessionErrorLogger HTTP/1.1" 200 117
14.0.154.193 - - [23/Feb/2026:10:44:27 +0800] "POST /InternetTrading/Verify2FAService HTTP/1.1" 200 423
104.28.70.178 - - [23/Feb/2026:10:44:28 +0800] "POST /InternetTrading/LoginKey HTTP/1.1" 200 -
104.28.70.178 - - [23/Feb/2026:10:44:28 +0800] "GET /InternetTrading/jquery/wait.gif HTTP/1.1" 200 432
221.124.232.198 - - [23/Feb/2026:10:44:28 +0800] "GET /InternetTrading/longpoll/13511?X-Atmosphere-tracking-id=0&X-Atmosphere-Framework=2.2.3-javascript&X-Atmosphere-Transport=long-polling&X-Atmosphere-TrackMessageSize=true&Content-Type=charset%3Dutf-8&X-atmo-protocol=true&_=1771814988236 HTTP/1.1" 200 -
104.28.70.178 - - [23/Feb/2026:10:44:28 +0800] "POST /InternetTrading/PreOrder HTTP/1.1" 200 1227
14.0.154.193 - - [23/Feb/2026:10:44:28 +0800] "GET /InternetTrading/tc/main.html?language=tc&version=HTML HTTP/1.1" 200 3578
14.0.154.193 - - [23/Feb/2026:10:44:28 +0800] "GET /InternetTrading/jquery/ui.datepicker.css HTTP/1.1" 200 1145
14.0.154.193 - - [23/Feb/2026:10:44:28 +0800] "GET /InternetTrading/jquery/jquery.tablesorter-theme.blue.css HTTP/1.1" 200 2083
14.0.154.193 - - [23/Feb/2026:10:44:28 +0800] "GET /InternetTrading/jquery/jquery.ba-postmessage.js HTTP/1.1" 200 2990
14.0.154.193 - - [23/Feb/2026:10:44:28 +0800] "GET /InternetTrading/jquery/jquery-1.6.3.min.js HTTP/1.1" 200 32057
14.0.154.193 - - [23/Feb/2026:10:44:28 +0800] "GET /InternetTrading/jquery/dragtable-2.0.9.css HTTP/1.1" 200 316
14.0.154.193 - - [23/Feb/2026:10:44:29 +0800] "GET /InternetTrading/js/aastock.js HTTP/1.1" 200 553
14.0.154.193 - - [23/Feb/2026:10:44:29 +0800] "GET /InternetTrading/tc/style_common.css?v=20200819161914 HTTP/1.1" 200 2540
14.0.154.193 - - [23/Feb/2026:10:44:29 +0800] "GET /InternetTrading/jquery/jquery-3.3.1.js HTTP/1.1" 200 80650
14.0.154.193 - - [23/Feb/2026:10:44:29 +0800] "GET /InternetTrading/jquery/jquery-migrate-3.0.0.js HTTP/1.1" 200 4963
14.0.154.193 - - [23/Feb/2026:10:44:29 +0800] "GET /InternetTrading/tc/style.css?v=20200819161914 HTTP/1.1" 200 1435
14.0.154.193 - - [23/Feb/2026:10:44:29 +0800] "GET /InternetTrading/jquery/jquery-ui-1.10.3.css HTTP/1.1" 200 5283
14.0.154.193 - - [23/Feb/2026:10:44:29 +0800] "GET /InternetTrading/jquery/jquery-ui-1.10.3.js HTTP/1.1" 200 69642
14.0.154.193 - - [23/Feb/2026:10:44:29 +0800] "GET /InternetTrading/js/atmosphere.js HTTP/1.1" 200 13461
14.0.154.193 - - [23/Feb/2026:10:44:29 +0800] "GET /InternetTrading/js/cache.js?jsv=20200819161914 HTTP/1.1" 200 940
14.0.154.193 - - [23/Feb/2026:10:44:29 +0800] "GET /InternetTrading/jquery/jquery.form-3.46.0.js HTTP/1.1" 200 5673
220.246.38.37 - - [23/Feb/2026:10:44:29 +0800] "GET /InternetTrading/longpoll/54906?X-Atmosphere-tracking-id=0&X-Atmosphere-Framework=2.2.3-javascript&X-Atmosphere-Transport=long-polling&X-Atmosphere-TrackMessageSize=true&Content-Type=charset%3Dutf-8&X-atmo-protocol=true&_=1771814988694 HTTP/1.1" 200 -
14.0.154.193 - - [23/Feb/2026:10:44:29 +0800] "GET /InternetTrading/jquery/jquery.blockUI-2.66.0.js HTTP/1.1" 200 6651
14.0.154.193 - - [23/Feb/2026:10:44:29 +0800] "GET /InternetTrading/jquery/jquery.validate-1.11.1.js HTTP/1.1" 200 7041
14.0.154.193 - - [23/Feb/2026:10:44:29 +0800] "GET /InternetTrading/jquery/jquery.mousewheel-3.1.4.js HTTP/1.1" 200 822
14.0.154.193 - - [23/Feb/2026:10:44:29 +0800] "GET /InternetTrading/jquery/additional-methods.js HTTP/1.1" 200 2238
14.0.154.193 - - [23/Feb/2026:10:44:29 +0800] "GET /InternetTrading/jquery/jquery.tablesorter-2.14.5.js HTTP/1.1" 200 8901
14.0.154.193 - - [23/Feb/2026:10:44:29 +0800] "GET /InternetTrading/jquery/jquery.combobox.packed.js HTTP/1.1" 200 3387
14.0.154.193 - - [23/Feb/2026:10:44:29 +0800] "GET /InternetTrading/jquery/jquery.tablesorter.widgets-2.14.5.js HTTP/1.1" 200 8611
14.0.154.193 - - [23/Feb/2026:10:44:29 +0800] "GET /InternetTrading/jquery/jquery.timer-0.9.16.js HTTP/1.1" 200 542
14.0.154.193 - - [23/Feb/2026:10:44:29 +0800] "GET /InternetTrading/jquery/jquery.getParams.js HTTP/1.1" 200 587
14.0.154.193 - - [23/Feb/2026:10:44:29 +0800] "GET /InternetTrading/jquery/jquery.selectboxes.pack.js HTTP/1.1" 200 1640
14.0.154.193 - - [23/Feb/2026:10:44:29 +0800] "GET /InternetTrading/jquery/date.js HTTP/1.1" 200 2807
14.0.154.193 - - [23/Feb/2026:10:44:29 +0800] "GET /InternetTrading/json/json2.js?jsv=20200819161914 HTTP/1.1" 200 1372
14.0.154.193 - - [23/Feb/2026:10:44:29 +0800] "GET /InternetTrading/settings/crm_display_settings.js?jsv=20200819161914 HTTP/1.1" 200 1781
14.0.154.193 - - [23/Feb/2026:10:44:29 +0800] "GET /InternetTrading/jquery/globalize-0.1.0a1.js HTTP/1.1" 200 6984
14.0.154.193 - - [23/Feb/2026:10:44:29 +0800] "GET /InternetTrading/tc/user/translation.js?jsv=20200819161914 HTTP/1.1" 200 12818
14.0.154.193 - - [23/Feb/2026:10:44:29 +0800] "GET /InternetTrading/js/constants.js?jsv=20200819161914 HTTP/1.1" 200 400
14.0.154.193 - - [23/Feb/2026:10:44:29 +0800] "GET /InternetTrading/tc/user/custom_variables.js?jsv=20200819161914 HTTP/1.1" 200 275
14.0.154.193 - - [23/Feb/2026:10:44:29 +0800] "GET /InternetTrading/js/util.js?jsv=20200819161914 HTTP/1.1" 200 6636
14.0.154.193 - - [23/Feb/2026:10:44:29 +0800] "GET /InternetTrading/js/haitong.js?jsv=20200819161914 HTTP/1.1" 200 3881
14.0.154.193 - - [23/Feb/2026:10:44:29 +0800] "GET /InternetTrading/js/init.js?jsv=20200819161914 HTTP/1.1" 200 886
14.0.154.193 - - [23/Feb/2026:10:44:29 +0800] "GET /InternetTrading/js/corporate.js?jsv=20200819161914 HTTP/1.1" 200 1575
14.0.154.193 - - [23/Feb/2026:10:44:29 +0800] "GET /InternetTrading/js/rsautil.js?jsv=20200819161914 HTTP/1.1" 200 1017
14.0.154.193 - - [23/Feb/2026:10:44:29 +0800] "GET /InternetTrading/js/main.js?jsv=20200819161914 HTTP/1.1" 200 30725
