14.0.170.98 - - [23/Feb/2026:10:47:39 +0800] "GET /InternetTrading/longpoll/A8127?X-Atmosphere-tracking-id=0&X-Atmosphere-Framework=2.2.3-javascript&X-Atmosphere-Transport=long-polling&X-Atmosphere-TrackMessageSize=true&Content-Type=charset%3Dutf-8&X-atmo-protocol=true&_=1771815178898 HTTP/1.1" 200 -
14.0.154.193 - - [23/Feb/2026:10:47:41 +0800] "GET /InternetTrading/longpoll/54822?X-Atmosphere-tracking-id=0&X-Atmosphere-Framework=2.2.3-javascript&X-Atmosphere-Transport=long-polling&X-Atmosphere-TrackMessageSize=true&Content-Type=charset%3Dutf-8&X-atmo-protocol=true&_=1771815178371 HTTP/1.1" 200 -
219.73.99.100 - - [23/Feb/2026:10:47:41 +0800] "GET /InternetTrading/longpoll/55136?X-Atmosphere-tracking-id=0&X-Atmosphere-Framework=2.2.3-javascript&X-Atmosphere-Transport=long-polling&X-Atmosphere-TrackMessageSize=true&Content-Type=charset%3Dutf-8&X-atmo-protocol=true&_=1771815181340 HTTP/1.1" 200 -
110.81.58.86 - - [23/Feb/2026:10:47:42 +0800] "GET /InternetTrading/longpoll/M8773?X-Atmosphere-tracking-id=0&X-Atmosphere-Framework=2.2.3-javascript&X-Atmosphere-Transport=long-polling&X-Atmosphere-TrackMessageSize=true&Content-Type=charset%3Dutf-8&X-atmo-protocol=true&_=1771815185486 HTTP/1.1" 200 -
220.246.38.37 - - [23/Feb/2026:10:47:43 +0800] "GET /InternetTrading/longpoll/54906?X-Atmosphere-tracking-id=0&X-Atmosphere-Framework=2.2.3-javascript&X-Atmosphere-Transport=long-polling&X-Atmosphere-TrackMessageSize=true&Content-Type=charset%3Dutf-8&X-atmo-protocol=true&_=1771815182684 HTTP/1.1" 200 -
221.124.232.198 - - [23/Feb/2026:10:47:44 +0800] "GET /InternetTrading/longpoll/13511?X-Atmosphere-tracking-id=0&X-Atmosphere-Framework=2.2.3-javascript&X-Atmosphere-Transport=long-polling&X-Atmosphere-TrackMessageSize=true&Content-Type=charset%3Dutf-8&X-atmo-protocol=true&_=1771815184228 HTTP/1.1" 200 -
14.0.170.98 - - [23/Feb/2026:10:47:44 +0800] "GET /InternetTrading/longpoll/A8127?X-Atmosphere-tracking-id=0&X-Atmosphere-Framework=2.2.3-javascript&X-Atmosphere-Transport=long-polling&X-Atmosphere-TrackMessageSize=true&Content-Type=charset%3Dutf-8&X-atmo-protocol=true&_=1771815184065 HTTP/1.1" 200 -
14.0.170.98 - - [23/Feb/2026:10:47:45 +0800] "POST /InternetTrading/SessionErrorLogger HTTP/1.1" 200 117
14.0.170.98 - - [23/Feb/2026:10:47:45 +0800] "POST /InternetTrading/Heartbeat HTTP/1.1" 200 32
14.0.170.98 - - [23/Feb/2026:10:47:45 +0800] "POST /InternetTrading/SessionErrorLogger HTTP/1.1" 200 117
14.0.170.98 - - [23/Feb/2026:10:47:45 +0800] "POST /InternetTrading/MarketStatus HTTP/1.1" 200 772
14.0.154.193 - - [23/Feb/2026:10:47:46 +0800] "GET /InternetTrading/longpoll/54822?X-Atmosphere-tracking-id=0&X-Atmosphere-Framework=2.2.3-javascript&X-Atmosphere-Transport=long-polling&X-Atmosphere-TrackMessageSize=true&Content-Type=charset%3Dutf-8&X-atmo-protocol=true&_=1771815183582 HTTP/1.1" 200 -
221.124.232.198 - - [23/Feb/2026:10:47:46 +0800] "POST /InternetTrading/SessionErrorLogger HTTP/1.1" 200 117
221.124.232.198 - - [23/Feb/2026:10:47:46 +0800] "POST /InternetTrading/Heartbeat HTTP/1.1" 200 32
221.124.232.198 - - [23/Feb/2026:10:47:46 +0800] "POST /InternetTrading/SessionErrorLogger HTTP/1.1" 200 117
221.124.232.198 - - [23/Feb/2026:10:47:46 +0800] "POST /InternetTrading/MarketStatus HTTP/1.1" 200 772
219.73.99.100 - - [23/Feb/2026:10:47:46 +0800] "GET /InternetTrading/longpoll/55136?X-Atmosphere-tracking-id=0&X-Atmosphere-Framework=2.2.3-javascript&X-Atmosphere-Transport=long-polling&X-Atmosphere-TrackMessageSize=true&Content-Type=charset%3Dutf-8&X-atmo-protocol=true&_=1771815186381 HTTP/1.1" 200 -
110.81.58.86 - - [23/Feb/2026:10:47:47 +0800] "POST /InternetTrading/SessionErrorLogger HTTP/1.1" 200 117
110.81.58.86 - - [23/Feb/2026:10:47:47 +0800] "POST /InternetTrading/MarketStatus HTTP/1.1" 200 772
110.81.58.86 - - [23/Feb/2026:10:47:47 +0800] "GET /InternetTrading/longpoll/M8773?X-Atmosphere-tracking-id=0&X-Atmosphere-Framework=2.2.3-javascript&X-Atmosphere-Transport=long-polling&X-Atmosphere-TrackMessageSize=true&Content-Type=charset%3Dutf-8&X-atmo-protocol=true&_=1771815190621 HTTP/1.1" 200 -
220.246.38.37 - - [23/Feb/2026:10:47:49 +0800] "GET /InternetTrading/longpoll/54906?X-Atmosphere-tracking-id=0&X-Atmosphere-Framework=2.2.3-javascript&X-Atmosphere-Transport=long-polling&X-Atmosphere-TrackMessageSize=true&Content-Type=charset%3Dutf-8&X-atmo-protocol=true&_=1771815188684 HTTP/1.1" 200 -
14.0.170.98 - - [23/Feb/2026:10:47:49 +0800] "GET /InternetTrading/longpoll/A8127?X-Atmosphere-tracking-id=0&X-Atmosphere-Framework=2.2.3-javascript&X-Atmosphere-Transport=long-polling&X-Atmosphere-TrackMessageSize=true&Content-Type=charset%3Dutf-8&X-atmo-protocol=true&_=1771815189199 HTTP/1.1" 200 -
221.124.232.198 - - [23/Feb/2026:10:47:50 +0800] "GET /InternetTrading/longpoll/13511?X-Atmosphere-tracking-id=0&X-Atmosphere-Framework=2.2.3-javascript&X-Atmosphere-Transport=long-polling&X-Atmosphere-TrackMessageSize=true&Content-Type=charset%3Dutf-8&X-atmo-protocol=true&_=1771815190240 HTTP/1.1" 200 -
14.0.154.193 - - [23/Feb/2026:10:47:51 +0800] "GET /InternetTrading/longpoll/54822?X-Atmosphere-tracking-id=0&X-Atmosphere-Framework=2.2.3-javascript&X-Atmosphere-Transport=long-polling&X-Atmosphere-TrackMessageSize=true&Content-Type=charset%3Dutf-8&X-atmo-protocol=true&_=1771815188855 HTTP/1.1" 200 -
219.73.99.100 - - [23/Feb/2026:10:47:51 +0800] "GET /InternetTrading/longpoll/55136?X-Atmosphere-tracking-id=0&X-Atmosphere-Framework=2.2.3-javascript&X-Atmosphere-Transport=long-polling&X-Atmosphere-TrackMessageSize=true&Content-Type=charset%3Dutf-8&X-atmo-protocol=true&_=1771815191410 HTTP/1.1" 200 -
110.81.58.86 - - [23/Feb/2026:10:47:53 +0800] "GET /InternetTrading/longpoll/M8773?X-Atmosphere-tracking-id=0&X-Atmosphere-Framework=2.2.3-javascript&X-Atmosphere-Transport=long-polling&X-Atmosphere-TrackMessageSize=true&Content-Type=charset%3Dutf-8&X-atmo-protocol=true&_=1771815195657 HTTP/1.1" 200 -
14.0.170.98 - - [23/Feb/2026:10:47:54 +0800] "GET /InternetTrading/longpoll/A8127?X-Atmosphere-tracking-id=0&X-Atmosphere-Framework=2.2.3-javascript&X-Atmosphere-Transport=long-polling&X-Atmosphere-TrackMessageSize=true&Content-Type=charset%3Dutf-8&X-atmo-protocol=true&_=1771815194281 HTTP/1.1" 200 -
220.246.38.37 - - [23/Feb/2026:10:47:55 +0800] "GET /InternetTrading/longpoll/54906?X-Atmosphere-tracking-id=0&X-Atmosphere-Framework=2.2.3-javascript&X-Atmosphere-Transport=long-polling&X-Atmosphere-TrackMessageSize=true&Content-Type=charset%3Dutf-8&X-atmo-protocol=true&_=1771815194684 HTTP/1.1" 200 -
221.124.232.198 - - [23/Feb/2026:10:47:56 +0800] "GET /InternetTrading/longpoll/13511?X-Atmosphere-tracking-id=0&X-Atmosphere-Framework=2.2.3-javascript&X-Atmosphere-Transport=long-polling&X-Atmosphere-TrackMessageSize=true&Content-Type=charset%3Dutf-8&X-atmo-protocol=true&_=1771815196233 HTTP/1.1" 200 -
14.0.154.193 - - [23/Feb/2026:10:47:56 +0800] "GET /InternetTrading/longpoll/54822?X-Atmosphere-tracking-id=0&X-Atmosphere-Framework=2.2.3-javascript&X-Atmosphere-Transport=long-polling&X-Atmosphere-TrackMessageSize=true&Content-Type=charset%3Dutf-8&X-atmo-protocol=true&_=1771815194068 HTTP/1.1" 200 -
219.73.99.100 - - [23/Feb/2026:10:47:56 +0800] "GET /InternetTrading/longpoll/55136?X-Atmosphere-tracking-id=0&X-Atmosphere-Framework=2.2.3-javascript&X-Atmosphere-Transport=long-polling&X-Atmosphere-TrackMessageSize=true&Content-Type=charset%3Dutf-8&X-atmo-protocol=true&_=1771815196461 HTTP/1.1" 200 -
220.246.38.37 - - [23/Feb/2026:10:47:58 +0800] "POST /InternetTrading/SessionErrorLogger HTTP/1.1" 200 117
220.246.38.37 - - [23/Feb/2026:10:47:58 +0800] "POST /InternetTrading/MarketStatus HTTP/1.1" 200 772
110.81.58.86 - - [23/Feb/2026:10:47:58 +0800] "GET /InternetTrading/longpoll/M8773?X-Atmosphere-tracking-id=0&X-Atmosphere-Framework=2.2.3-javascript&X-Atmosphere-Transport=long-polling&X-Atmosphere-TrackMessageSize=true&Content-Type=charset%3Dutf-8&X-atmo-protocol=true&_=1771815200851 HTTP/1.1" 200 -
14.0.170.98 - - [23/Feb/2026:10:48:00 +0800] "GET /InternetTrading/longpoll/A8127?X-Atmosphere-tracking-id=0&X-Atmosphere-Framework=2.2.3-javascript&X-Atmosphere-Transport=long-polling&X-Atmosphere-TrackMessageSize=true&Content-Type=charset%3Dutf-8&X-atmo-protocol=true&_=1771815199412 HTTP/1.1" 200 -
14.0.154.193 - - [23/Feb/2026:10:48:00 +0800] "POST /InternetTrading/SessionErrorLogger HTTP/1.1" 200 117
14.0.154.193 - - [23/Feb/2026:10:48:00 +0800] "POST /InternetTrading/MarketStatus HTTP/1.1" 200 772
14.0.154.193 - - [23/Feb/2026:10:48:01 +0800] "POST /InternetTrading/SessionErrorLogger HTTP/1.1" 200 117
220.246.38.37 - - [23/Feb/2026:10:48:01 +0800] "GET /InternetTrading/longpoll/54906?X-Atmosphere-tracking-id=0&X-Atmosphere-Framework=2.2.3-javascript&X-Atmosphere-Transport=long-polling&X-Atmosphere-TrackMessageSize=true&Content-Type=charset%3Dutf-8&X-atmo-protocol=true&_=1771815200684 HTTP/1.1" 200 -
14.0.154.193 - - [23/Feb/2026:10:48:01 +0800] "POST /InternetTrading/Heartbeat HTTP/1.1" 200 32
221.124.232.198 - - [23/Feb/2026:10:48:01 +0800] "GET /InternetTrading/longpoll/13511?X-Atmosphere-tracking-id=0&X-Atmosphere-Framework=2.2.3-javascript&X-Atmosphere-Transport=long-polling&X-Atmosphere-TrackMessageSize=true&Content-Type=charset%3Dutf-8&X-atmo-protocol=true&_=1771815201263 HTTP/1.1" 200 -
14.0.154.193 - - [23/Feb/2026:10:48:01 +0800] "GET /InternetTrading/longpoll/54822?X-Atmosphere-tracking-id=0&X-Atmosphere-Framework=2.2.3-javascript&X-Atmosphere-Transport=long-polling&X-Atmosphere-TrackMessageSize=true&Content-Type=charset%3Dutf-8&X-atmo-protocol=true&_=1771815199322 HTTP/1.1" 200 -
219.73.99.100 - - [23/Feb/2026:10:48:01 +0800] "GET /InternetTrading/longpoll/55136?X-Atmosphere-tracking-id=0&X-Atmosphere-Framework=2.2.3-javascript&X-Atmosphere-Transport=long-polling&X-Atmosphere-TrackMessageSize=true&Content-Type=charset%3Dutf-8&X-atmo-protocol=true&_=1771815201516 HTTP/1.1" 200 -
110.81.58.86 - - [23/Feb/2026:10:48:02 +0800] "POST /InternetTrading/SessionErrorLogger HTTP/1.1" 200 117
110.81.58.86 - - [23/Feb/2026:10:48:02 +0800] "POST /InternetTrading/Heartbeat HTTP/1.1" 200 32
110.81.58.86 - - [23/Feb/2026:10:48:03 +0800] "GET /InternetTrading/longpoll/M8773?X-Atmosphere-tracking-id=0&X-Atmosphere-Framework=2.2.3-javascript&X-Atmosphere-Transport=long-polling&X-Atmosphere-TrackMessageSize=true&Content-Type=charset%3Dutf-8&X-atmo-protocol=true&_=1771815206033 HTTP/1.1" 200 -
219.73.99.100 - - [23/Feb/2026:10:48:03 +0800] "POST /InternetTrading/SessionErrorLogger HTTP/1.1" 200 117
219.73.99.100 - - [23/Feb/2026:10:48:03 +0800] "POST /InternetTrading/Heartbeat HTTP/1.1" 200 32
14.0.170.98 - - [23/Feb/2026:10:48:05 +0800] "GET /InternetTrading/longpoll/A8127?X-Atmosphere-tracking-id=0&X-Atmosphere-Framework=2.2.3-javascript&X-Atmosphere-Transport=long-polling&X-Atmosphere-TrackMessageSize=true&Content-Type=charset%3Dutf-8&X-atmo-protocol=true&_=1771815204701 HTTP/1.1" 200 -
219.73.99.100 - - [23/Feb/2026:10:48:06 +0800] "POST /InternetTrading/SessionErrorLogger HTTP/1.1" 200 117
219.73.99.100 - - [23/Feb/2026:10:48:06 +0800] "POST /InternetTrading/MarketStatus HTTP/1.1" 200 772
219.73.99.100 - - [23/Feb/2026:10:48:06 +0800] "GET /InternetTrading/longpoll/55136?X-Atmosphere-tracking-id=0&X-Atmosphere-Framework=2.2.3-javascript&X-Atmosphere-Transport=long-polling&X-Atmosphere-TrackMessageSize=true&Content-Type=charset%3Dutf-8&X-atmo-protocol=true&_=1771815206565 HTTP/1.1" 200 -
220.246.38.37 - - [23/Feb/2026:10:48:07 +0800] "GET /InternetTrading/longpoll/54906?X-Atmosphere-tracking-id=0&X-Atmosphere-Framework=2.2.3-javascript&X-Atmosphere-Transport=long-polling&X-Atmosphere-TrackMessageSize=true&Content-Type=charset%3Dutf-8&X-atmo-protocol=true&_=1771815206685 HTTP/1.1" 200 -
14.0.154.193 - - [23/Feb/2026:10:48:07 +0800] "GET /InternetTrading/longpoll/54822?X-Atmosphere-tracking-id=0&X-Atmosphere-Framework=2.2.3-javascript&X-Atmosphere-Transport=long-polling&X-Atmosphere-TrackMessageSize=true&Content-Type=charset%3Dutf-8&X-atmo-protocol=true&_=1771815204444 HTTP/1.1" 200 -
221.124.232.198 - - [23/Feb/2026:10:48:07 +0800] "GET /InternetTrading/longpoll/13511?X-Atmosphere-tracking-id=0&X-Atmosphere-Framework=2.2.3-javascript&X-Atmosphere-Transport=long-polling&X-Atmosphere-TrackMessageSize=true&Content-Type=charset%3Dutf-8&X-atmo-protocol=true&_=1771815207232 HTTP/1.1" 200 -
110.81.58.86 - - [23/Feb/2026:10:48:08 +0800] "GET /InternetTrading/longpoll/M8773?X-Atmosphere-tracking-id=0&X-Atmosphere-Framework=2.2.3-javascript&X-Atmosphere-Transport=long-polling&X-Atmosphere-TrackMessageSize=true&Content-Type=charset%3Dutf-8&X-atmo-protocol=true&_=1771815211452 HTTP/1.1" 200 -
14.0.170.98 - - [23/Feb/2026:10:48:10 +0800] "GET /InternetTrading/longpoll/A8127?X-Atmosphere-tracking-id=0&X-Atmosphere-Framework=2.2.3-javascript&X-Atmosphere-Transport=long-polling&X-Atmosphere-TrackMessageSize=true&Content-Type=charset%3Dutf-8&X-atmo-protocol=true&_=1771815209958 HTTP/1.1" 200 -
219.73.99.100 - - [23/Feb/2026:10:48:12 +0800] "GET /InternetTrading/longpoll/55136?X-Atmosphere-tracking-id=0&X-Atmosphere-Framework=2.2.3-javascript&X-Atmosphere-Transport=long-polling&X-Atmosphere-TrackMessageSize=true&Content-Type=charset%3Dutf-8&X-atmo-protocol=true&_=1771815211596 HTTP/1.1" 200 -
14.0.154.193 - - [23/Feb/2026:10:48:12 +0800] "GET /InternetTrading/longpoll/54822?X-Atmosphere-tracking-id=0&X-Atmosphere-Framework=2.2.3-javascript&X-Atmosphere-Transport=long-polling&X-Atmosphere-TrackMessageSize=true&Content-Type=charset%3Dutf-8&X-atmo-protocol=true&_=1771815209730 HTTP/1.1" 200 -
220.246.38.37 - - [23/Feb/2026:10:48:13 +0800] "GET /InternetTrading/longpoll/54906?X-Atmosphere-tracking-id=0&X-Atmosphere-Framework=2.2.3-javascript&X-Atmosphere-Transport=long-polling&X-Atmosphere-TrackMessageSize=true&Content-Type=charset%3Dutf-8&X-atmo-protocol=true&_=1771815212684 HTTP/1.1" 200 -
221.124.232.198 - - [23/Feb/2026:10:48:13 +0800] "GET /InternetTrading/longpoll/13511?X-Atmosphere-tracking-id=0&X-Atmosphere-Framework=2.2.3-javascript&X-Atmosphere-Transport=long-polling&X-Atmosphere-TrackMessageSize=true&Content-Type=charset%3Dutf-8&X-atmo-protocol=true&_=1771815213236 HTTP/1.1" 200 -
110.81.58.86 - - [23/Feb/2026:10:48:14 +0800] "GET /InternetTrading/longpoll/M8773?X-Atmosphere-tracking-id=0&X-Atmosphere-Framework=2.2.3-javascript&X-Atmosphere-Transport=long-polling&X-Atmosphere-TrackMessageSize=true&Content-Type=charset%3Dutf-8&X-atmo-protocol=true&_=1771815216574 HTTP/1.1" 200 -
14.0.170.98 - - [23/Feb/2026:10:48:15 +0800] "POST /InternetTrading/SessionErrorLogger HTTP/1.1" 200 117
14.0.170.98 - - [23/Feb/2026:10:48:15 +0800] "POST /InternetTrading/Heartbeat HTTP/1.1" 200 32
14.0.170.98 - - [23/Feb/2026:10:48:15 +0800] "GET /InternetTrading/longpoll/A8127?X-Atmosphere-tracking-id=0&X-Atmosphere-Framework=2.2.3-javascript&X-Atmosphere-Transport=long-polling&X-Atmosphere-TrackMessageSize=true&Content-Type=charset%3Dutf-8&X-atmo-protocol=true&_=1771815215237 HTTP/1.1" 200 -
14.0.170.98 - - [23/Feb/2026:10:48:15 +0800] "POST /InternetTrading/SessionErrorLogger HTTP/1.1" 200 117
14.0.170.98 - - [23/Feb/2026:10:48:15 +0800] "POST /InternetTrading/MarketStatus HTTP/1.1" 200 772
219.73.99.100 - - [23/Feb/2026:10:48:17 +0800] "GET /InternetTrading/longpoll/55136?X-Atmosphere-tracking-id=0&X-Atmosphere-Framework=2.2.3-javascript&X-Atmosphere-Transport=long-polling&X-Atmosphere-TrackMessageSize=true&Content-Type=charset%3Dutf-8&X-atmo-protocol=true&_=1771815216647 HTTP/1.1" 200 -
221.124.232.198 - - [23/Feb/2026:10:48:17 +0800] "POST /InternetTrading/SessionErrorLogger HTTP/1.1" 200 117
221.124.232.198 - - [23/Feb/2026:10:48:17 +0800] "POST /InternetTrading/Heartbeat HTTP/1.1" 200 32
221.124.232.198 - - [23/Feb/2026:10:48:17 +0800] "POST /InternetTrading/SessionErrorLogger HTTP/1.1" 200 117
221.124.232.198 - - [23/Feb/2026:10:48:17 +0800] "POST /InternetTrading/MarketStatus HTTP/1.1" 200 772
110.81.58.86 - - [23/Feb/2026:10:48:17 +0800] "POST /InternetTrading/SessionErrorLogger HTTP/1.1" 200 117
14.0.154.193 - - [23/Feb/2026:10:48:17 +0800] "GET /InternetTrading/longpoll/54822?X-Atmosphere-tracking-id=0&X-Atmosphere-Framework=2.2.3-javascript&X-Atmosphere-Transport=long-polling&X-Atmosphere-TrackMessageSize=true&Content-Type=charset%3Dutf-8&X-atmo-protocol=true&_=1771815214963 HTTP/1.1" 200 -
110.81.58.86 - - [23/Feb/2026:10:48:17 +0800] "POST /InternetTrading/MarketStatus HTTP/1.1" 200 772
110.81.58.86 - - [23/Feb/2026:10:48:19 +0800] "GET /InternetTrading/longpoll/M8773?X-Atmosphere-tracking-id=0&X-Atmosphere-Framework=2.2.3-javascript&X-Atmosphere-Transport=long-polling&X-Atmosphere-TrackMessageSize=true&Content-Type=charset%3Dutf-8&X-atmo-protocol=true&_=1771815221697 HTTP/1.1" 200 -
220.246.38.37 - - [23/Feb/2026:10:48:19 +0800] "GET /InternetTrading/longpoll/54906?X-Atmosphere-tracking-id=0&X-Atmosphere-Framework=2.2.3-javascript&X-Atmosphere-Transport=long-polling&X-Atmosphere-TrackMessageSize=true&Content-Type=charset%3Dutf-8&X-atmo-protocol=true&_=1771815218683 HTTP/1.1" 200 -
221.124.232.198 - - [23/Feb/2026:10:48:19 +0800] "GET /InternetTrading/longpoll/13511?X-Atmosphere-tracking-id=0&X-Atmosphere-Framework=2.2.3-javascript&X-Atmosphere-Transport=long-polling&X-Atmosphere-TrackMessageSize=true&Content-Type=charset%3Dutf-8&X-atmo-protocol=true&_=1771815219232 HTTP/1.1" 200 -
14.0.170.98 - - [23/Feb/2026:10:48:20 +0800] "GET /InternetTrading/longpoll/A8127?X-Atmosphere-tracking-id=0&X-Atmosphere-Framework=2.2.3-javascript&X-Atmosphere-Transport=long-polling&X-Atmosphere-TrackMessageSize=true&Content-Type=charset%3Dutf-8&X-atmo-protocol=true&_=1771815220344 HTTP/1.1" 200 -
219.73.99.100 - - [23/Feb/2026:10:48:22 +0800] "GET /InternetTrading/longpoll/55136?X-Atmosphere-tracking-id=0&X-Atmosphere-Framework=2.2.3-javascript&X-Atmosphere-Transport=long-polling&X-Atmosphere-TrackMessageSize=true&Content-Type=charset%3Dutf-8&X-atmo-protocol=true&_=1771815221697 HTTP/1.1" 200 -
14.0.154.193 - - [23/Feb/2026:10:48:22 +0800] "GET /InternetTrading/longpoll/54822?X-Atmosphere-tracking-id=0&X-Atmosphere-Framework=2.2.3-javascript&X-Atmosphere-Transport=long-polling&X-Atmosphere-TrackMessageSize=true&Content-Type=charset%3Dutf-8&X-atmo-protocol=true&_=1771815220240 HTTP/1.1" 200 -
110.81.58.86 - - [23/Feb/2026:10:48:24 +0800] "GET /InternetTrading/longpoll/M8773?X-Atmosphere-tracking-id=0&X-Atmosphere-Framework=2.2.3-javascript&X-Atmosphere-Transport=long-polling&X-Atmosphere-TrackMessageSize=true&Content-Type=charset%3Dutf-8&X-atmo-protocol=true&_=1771815226763 HTTP/1.1" 200 -
220.246.38.37 - - [23/Feb/2026:10:48:25 +0800] "GET /InternetTrading/longpoll/54906?X-Atmosphere-tracking-id=0&X-Atmosphere-Framework=2.2.3-javascript&X-Atmosphere-Transport=long-polling&X-Atmosphere-TrackMessageSize=true&Content-Type=charset%3Dutf-8&X-atmo-protocol=true&_=1771815224683 HTTP/1.1" 200 -
221.124.232.198 - - [23/Feb/2026:10:48:25 +0800] "GET /InternetTrading/longpoll/13511?X-Atmosphere-tracking-id=0&X-Atmosphere-Framework=2.2.3-javascript&X-Atmosphere-Transport=long-polling&X-Atmosphere-TrackMessageSize=true&Content-Type=charset%3Dutf-8&X-atmo-protocol=true&_=1771815225235 HTTP/1.1" 200 -
14.0.170.98 - - [23/Feb/2026:10:48:25 +0800] "GET /InternetTrading/longpoll/A8127?X-Atmosphere-tracking-id=0&X-Atmosphere-Framework=2.2.3-javascript&X-Atmosphere-Transport=long-polling&X-Atmosphere-TrackMessageSize=true&Content-Type=charset%3Dutf-8&X-atmo-protocol=true&_=1771815225393 HTTP/1.1" 200 -
219.73.99.100 - - [23/Feb/2026:10:48:27 +0800] "GET /InternetTrading/longpoll/55136?X-Atmosphere-tracking-id=0&X-Atmosphere-Framework=2.2.3-javascript&X-Atmosphere-Transport=long-polling&X-Atmosphere-TrackMessageSize=true&Content-Type=charset%3Dutf-8&X-atmo-protocol=true&_=1771815226718 HTTP/1.1" 200 -
14.0.154.193 - - [23/Feb/2026:10:48:28 +0800] "GET /InternetTrading/longpoll/54822?X-Atmosphere-tracking-id=0&X-Atmosphere-Framework=2.2.3-javascript&X-Atmosphere-Transport=long-polling&X-Atmosphere-TrackMessageSize=true&Content-Type=charset%3Dutf-8&X-atmo-protocol=true&_=1771815225438 HTTP/1.1" 200 -
110.81.58.86 - - [23/Feb/2026:10:48:29 +0800] "GET /InternetTrading/longpoll/M8773?X-Atmosphere-tracking-id=0&X-Atmosphere-Framework=2.2.3-javascript&X-Atmosphere-Transport=long-polling&X-Atmosphere-TrackMessageSize=true&Content-Type=charset%3Dutf-8&X-atmo-protocol=true&_=1771815231907 HTTP/1.1" 200 -
14.0.154.193 - - [23/Feb/2026:10:48:30 +0800] "POST /InternetTrading/SessionErrorLogger HTTP/1.1" 200 117
14.0.154.193 - - [23/Feb/2026:10:48:30 +0800] "POST /InternetTrading/MarketStatus HTTP/1.1" 200 772
14.0.170.98 - - [23/Feb/2026:10:48:31 +0800] "GET /InternetTrading/longpoll/A8127?X-Atmosphere-tracking-id=0&X-Atmosphere-Framework=2.2.3-javascript&X-Atmosphere-Transport=long-polling&X-Atmosphere-TrackMessageSize=true&Content-Type=charset%3Dutf-8&X-atmo-protocol=true&_=1771815230457 HTTP/1.1" 200 -
220.246.38.37 - - [23/Feb/2026:10:48:31 +0800] "GET /InternetTrading/longpoll/54906?X-Atmosphere-tracking-id=0&X-Atmosphere-Framework=2.2.3-javascript&X-Atmosphere-Transport=long-polling&X-Atmosphere-TrackMessageSize=true&Content-Type=charset%3Dutf-8&X-atmo-protocol=true&_=1771815230683 HTTP/1.1" 200 -
14.0.154.193 - - [23/Feb/2026:10:48:31 +0800] "POST /InternetTrading/SessionErrorLogger HTTP/1.1" 200 117
14.0.154.193 - - [23/Feb/2026:10:48:31 +0800] "POST /InternetTrading/Heartbeat HTTP/1.1" 200 32
221.124.232.198 - - [23/Feb/2026:10:48:31 +0800] "GET /InternetTrading/longpoll/13511?X-Atmosphere-tracking-id=0&X-Atmosphere-Framework=2.2.3-javascript&X-Atmosphere-Transport=long-polling&X-Atmosphere-TrackMessageSize=true&Content-Type=charset%3Dutf-8&X-atmo-protocol=true&_=1771815231231 HTTP/1.1" 200 -
219.73.99.100 - - [23/Feb/2026:10:48:32 +0800] "GET /InternetTrading/longpoll/55136?X-Atmosphere-tracking-id=0&X-Atmosphere-Framework=2.2.3-javascript&X-Atmosphere-Transport=long-polling&X-Atmosphere-TrackMessageSize=true&Content-Type=charset%3Dutf-8&X-atmo-protocol=true&_=1771815231773 HTTP/1.1" 200 -
110.81.58.86 - - [23/Feb/2026:10:48:32 +0800] "POST /InternetTrading/SessionErrorLogger HTTP/1.1" 200 117
110.81.58.86 - - [23/Feb/2026:10:48:33 +0800] "POST /InternetTrading/Heartbeat HTTP/1.1" 200 32
14.0.154.193 - - [23/Feb/2026:10:48:33 +0800] "GET /InternetTrading/longpoll/54822?X-Atmosphere-tracking-id=0&X-Atmosphere-Framework=2.2.3-javascript&X-Atmosphere-Transport=long-polling&X-Atmosphere-TrackMessageSize=true&Content-Type=charset%3Dutf-8&X-atmo-protocol=true&_=1771815230706 HTTP/1.1" 200 -
219.73.99.100 - - [23/Feb/2026:10:48:33 +0800] "POST /InternetTrading/SessionErrorLogger HTTP/1.1" 200 117
219.73.99.100 - - [23/Feb/2026:10:48:33 +0800] "POST /InternetTrading/Heartbeat HTTP/1.1" 200 32
110.81.58.86 - - [23/Feb/2026:10:48:34 +0800] "GET /InternetTrading/longpoll/M8773?X-Atmosphere-tracking-id=0&X-Atmosphere-Framework=2.2.3-javascript&X-Atmosphere-Transport=long-polling&X-Atmosphere-TrackMessageSize=true&Content-Type=charset%3Dutf-8&X-atmo-protocol=true&_=1771815237066 HTTP/1.1" 200 -
14.0.170.98 - - [23/Feb/2026:10:48:36 +0800] "GET /InternetTrading/longpoll/A8127?X-Atmosphere-tracking-id=0&X-Atmosphere-Framework=2.2.3-javascript&X-Atmosphere-Transport=long-polling&X-Atmosphere-TrackMessageSize=true&Content-Type=charset%3Dutf-8&X-atmo-protocol=true&_=1771815235598 HTTP/1.1" 200 -
219.73.99.100 - - [23/Feb/2026:10:48:36 +0800] "POST /InternetTrading/SessionErrorLogger HTTP/1.1" 200 117
219.73.99.100 - - [23/Feb/2026:10:48:36 +0800] "POST /InternetTrading/MarketStatus HTTP/1.1" 200 772
220.246.38.37 - - [23/Feb/2026:10:48:37 +0800] "GET /InternetTrading/longpoll/54906?X-Atmosphere-tracking-id=0&X-Atmosphere-Framework=2.2.3-javascript&X-Atmosphere-Transport=long-polling&X-Atmosphere-TrackMessageSize=true&Content-Type=charset%3Dutf-8&X-atmo-protocol=true&_=1771815236684 HTTP/1.1" 200 -
219.73.99.100 - - [23/Feb/2026:10:48:37 +0800] "GET /InternetTrading/longpoll/55136?X-Atmosphere-tracking-id=0&X-Atmosphere-Framework=2.2.3-javascript&X-Atmosphere-Transport=long-polling&X-Atmosphere-TrackMessageSize=true&Content-Type=charset%3Dutf-8&X-atmo-protocol=true&_=1771815236827 HTTP/1.1" 200 -
221.124.232.198 - - [23/Feb/2026:10:48:37 +0800] "GET /InternetTrading/longpoll/13511?X-Atmosphere-tracking-id=0&X-Atmosphere-Framework=2.2.3-javascript&X-Atmosphere-Transport=long-polling&X-Atmosphere-TrackMessageSize=true&Content-Type=charset%3Dutf-8&X-atmo-protocol=true&_=1771815237240 HTTP/1.1" 200 -
14.0.154.193 - - [23/Feb/2026:10:48:38 +0800] "GET /InternetTrading/longpoll/54822?X-Atmosphere-tracking-id=0&X-Atmosphere-Framework=2.2.3-javascript&X-Atmosphere-Transport=long-polling&X-Atmosphere-TrackMessageSize=true&Content-Type=charset%3Dutf-8&X-atmo-protocol=true&_=1771815235957 HTTP/1.1" 200 -
110.81.58.86 - - [23/Feb/2026:10:48:39 +0800] "GET /InternetTrading/longpoll/M8773?X-Atmosphere-tracking-id=0&X-Atmosphere-Framework=2.2.3-javascript&X-Atmosphere-Transport=long-polling&X-Atmosphere-TrackMessageSize=true&Content-Type=charset%3Dutf-8&X-atmo-protocol=true&_=1771815242129 HTTP/1.1" 200 -
14.0.170.98 - - [23/Feb/2026:10:48:41 +0800] "GET /InternetTrading/longpoll/A8127?X-Atmosphere-tracking-id=0&X-Atmosphere-Framework=2.2.3-javascript&X-Atmosphere-Transport=long-polling&X-Atmosphere-TrackMessageSize=true&Content-Type=charset%3Dutf-8&X-atmo-protocol=true&_=1771815240715 HTTP/1.1" 200 -
219.73.99.100 - - [23/Feb/2026:10:48:42 +0800] "GET /InternetTrading/longpoll/55136?X-Atmosphere-tracking-id=0&X-Atmosphere-Framework=2.2.3-javascript&X-Atmosphere-Transport=long-polling&X-Atmosphere-TrackMessageSize=true&Content-Type=charset%3Dutf-8&X-atmo-protocol=true&_=1771815241853 HTTP/1.1" 200 -
220.246.38.37 - - [23/Feb/2026:10:48:43 +0800] "GET /InternetTrading/longpoll/54906?X-Atmosphere-tracking-id=0&X-Atmosphere-Framework=2.2.3-javascript&X-Atmosphere-Transport=long-polling&X-Atmosphere-TrackMessageSize=true&Content-Type=charset%3Dutf-8&X-atmo-protocol=true&_=1771815242683 HTTP/1.1" 200 -
221.124.232.198 - - [23/Feb/2026:10:48:43 +0800] "GET /InternetTrading/longpoll/13511?X-Atmosphere-tracking-id=0&X-Atmosphere-Framework=2.2.3-javascript&X-Atmosphere-Transport=long-polling&X-Atmosphere-TrackMessageSize=true&Content-Type=charset%3Dutf-8&X-atmo-protocol=true&_=1771815243238 HTTP/1.1" 200 -
110.81.58.86 - - [23/Feb/2026:10:48:44 +0800] "GET /InternetTrading/longpoll/M8773?X-Atmosphere-tracking-id=0&X-Atmosphere-Framework=2.2.3-javascript&X-Atmosphere-Transport=long-polling&X-Atmosphere-TrackMessageSize=true&Content-Type=charset%3Dutf-8&X-atmo-protocol=true&_=1771815247252 HTTP/1.1" 200 -
14.0.154.193 - - [23/Feb/2026:10:48:45 +0800] "GET /InternetTrading/longpoll/54822?X-Atmosphere-tracking-id=0&X-Atmosphere-Framework=2.2.3-javascript&X-Atmosphere-Transport=long-polling&X-Atmosphere-TrackMessageSize=true&Content-Type=charset%3Dutf-8&X-atmo-protocol=true&_=1771815241166 HTTP/1.1" 200 -
14.0.170.98 - - [23/Feb/2026:10:48:45 +0800] "POST /InternetTrading/SessionErrorLogger HTTP/1.1" 200 117
14.0.170.98 - - [23/Feb/2026:10:48:45 +0800] "POST /InternetTrading/Heartbeat HTTP/1.1" 200 32
14.0.170.98 - - [23/Feb/2026:10:48:45 +0800] "POST /InternetTrading/SessionErrorLogger HTTP/1.1" 200 117
14.0.170.98 - - [23/Feb/2026:10:48:45 +0800] "POST /InternetTrading/MarketStatus HTTP/1.1" 200 772
14.0.170.98 - - [23/Feb/2026:10:48:46 +0800] "GET /InternetTrading/longpoll/A8127?X-Atmosphere-tracking-id=0&X-Atmosphere-Framework=2.2.3-javascript&X-Atmosphere-Transport=long-polling&X-Atmosphere-TrackMessageSize=true&Content-Type=charset%3Dutf-8&X-atmo-protocol=true&_=1771815245839 HTTP/1.1" 200 -
219.73.99.100 - - [23/Feb/2026:10:48:47 +0800] "GET /InternetTrading/longpoll/55136?X-Atmosphere-tracking-id=0&X-Atmosphere-Framework=2.2.3-javascript&X-Atmosphere-Transport=long-polling&X-Atmosphere-TrackMessageSize=true&Content-Type=charset%3Dutf-8&X-atmo-protocol=true&_=1771815246903 HTTP/1.1" 200 -
110.81.58.86 - - [23/Feb/2026:10:48:47 +0800] "POST /InternetTrading/SessionErrorLogger HTTP/1.1" 200 117
110.81.58.86 - - [23/Feb/2026:10:48:47 +0800] "POST /InternetTrading/MarketStatus HTTP/1.1" 200 772
221.124.232.198 - - [23/Feb/2026:10:48:48 +0800] "POST /InternetTrading/SessionErrorLogger HTTP/1.1" 200 117
221.124.232.198 - - [23/Feb/2026:10:48:48 +0800] "POST /InternetTrading/Heartbeat HTTP/1.1" 200 32
221.124.232.198 - - [23/Feb/2026:10:48:48 +0800] "POST /InternetTrading/SessionErrorLogger HTTP/1.1" 200 117
221.124.232.198 - - [23/Feb/2026:10:48:48 +0800] "POST /InternetTrading/MarketStatus HTTP/1.1" 200 772
220.246.38.37 - - [23/Feb/2026:10:48:49 +0800] "GET /InternetTrading/longpoll/54906?X-Atmosphere-tracking-id=0&X-Atmosphere-Framework=2.2.3-javascript&X-Atmosphere-Transport=long-polling&X-Atmosphere-TrackMessageSize=true&Content-Type=charset%3Dutf-8&X-atmo-protocol=true&_=1771815248683 HTTP/1.1" 200 -
221.124.232.198 - - [23/Feb/2026:10:48:49 +0800] "GET /InternetTrading/longpoll/13511?X-Atmosphere-tracking-id=0&X-Atmosphere-Framework=2.2.3-javascript&X-Atmosphere-Transport=long-polling&X-Atmosphere-TrackMessageSize=true&Content-Type=charset%3Dutf-8&X-atmo-protocol=true&_=1771815249228 HTTP/1.1" 200 -
110.81.58.86 - - [23/Feb/2026:10:48:49 +0800] "GET /InternetTrading/longpoll/M8773?X-Atmosphere-tracking-id=0&X-Atmosphere-Framework=2.2.3-javascript&X-Atmosphere-Transport=long-polling&X-Atmosphere-TrackMessageSize=true&Content-Type=charset%3Dutf-8&X-atmo-protocol=true&_=1771815252421 HTTP/1.1" 200 -
14.0.154.193 - - [23/Feb/2026:10:48:50 +0800] "GET /InternetTrading/longpoll/54822?X-Atmosphere-tracking-id=0&X-Atmosphere-Framework=2.2.3-javascript&X-Atmosphere-Transport=long-polling&X-Atmosphere-TrackMessageSize=true&Content-Type=charset%3Dutf-8&X-atmo-protocol=true&_=1771815248043 HTTP/1.1" 200 -
14.0.170.98 - - [23/Feb/2026:10:48:51 +0800] "GET /InternetTrading/longpoll/A8127?X-Atmosphere-tracking-id=0&X-Atmosphere-Framework=2.2.3-javascript&X-Atmosphere-Transport=long-polling&X-Atmosphere-TrackMessageSize=true&Content-Type=charset%3Dutf-8&X-atmo-protocol=true&_=1771815251071 HTTP/1.1" 200 -
219.73.99.100 - - [23/Feb/2026:10:48:52 +0800] "GET /InternetTrading/longpoll/55136?X-Atmosphere-tracking-id=0&X-Atmosphere-Framework=2.2.3-javascript&X-Atmosphere-Transport=long-polling&X-Atmosphere-TrackMessageSize=true&Content-Type=charset%3Dutf-8&X-atmo-protocol=true&_=1771815251957 HTTP/1.1" 200 -
110.81.58.86 - - [23/Feb/2026:10:48:54 +0800] "GET /InternetTrading/longpoll/M8773?X-Atmosphere-tracking-id=0&X-Atmosphere-Framework=2.2.3-javascript&X-Atmosphere-Transport=long-polling&X-Atmosphere-TrackMessageSize=true&Content-Type=charset%3Dutf-8&X-atmo-protocol=true&_=1771815257456 HTTP/1.1" 200 -
220.246.38.37 - - [23/Feb/2026:10:48:55 +0800] "GET /InternetTrading/longpoll/54906?X-Atmosphere-tracking-id=0&X-Atmosphere-Framework=2.2.3-javascript&X-Atmosphere-Transport=long-polling&X-Atmosphere-TrackMessageSize=true&Content-Type=charset%3Dutf-8&X-atmo-protocol=true&_=1771815254684 HTTP/1.1" 200 -
221.124.232.198 - - [23/Feb/2026:10:48:55 +0800] "GET /InternetTrading/longpoll/13511?X-Atmosphere-tracking-id=0&X-Atmosphere-Framework=2.2.3-javascript&X-Atmosphere-Transport=long-polling&X-Atmosphere-TrackMessageSize=true&Content-Type=charset%3Dutf-8&X-atmo-protocol=true&_=1771815255229 HTTP/1.1" 200 -
14.0.154.193 - - [23/Feb/2026:10:48:56 +0800] "GET /InternetTrading/longpoll/54822?X-Atmosphere-tracking-id=0&X-Atmosphere-Framework=2.2.3-javascript&X-Atmosphere-Transport=long-polling&X-Atmosphere-TrackMessageSize=true&Content-Type=charset%3Dutf-8&X-atmo-protocol=true&_=1771815253211 HTTP/1.1" 200 -
14.0.170.98 - - [23/Feb/2026:10:48:56 +0800] "GET /InternetTrading/longpoll/A8127?X-Atmosphere-tracking-id=0&X-Atmosphere-Framework=2.2.3-javascript&X-Atmosphere-Transport=long-polling&X-Atmosphere-TrackMessageSize=true&Content-Type=charset%3Dutf-8&X-atmo-protocol=true&_=1771815256143 HTTP/1.1" 200 -
14.0.154.193 - - [23/Feb/2026:10:48:57 +0800] "POST /InternetTrading/SessionErrorLogger HTTP/1.1" 200 117
14.0.154.193 - - [23/Feb/2026:10:48:57 +0800] "POST /InternetTrading/Product HTTP/1.1" 200 320
14.0.154.193 - - [23/Feb/2026:10:48:57 +0800] "POST /InternetTrading/SessionErrorLogger HTTP/1.1" 200 117
14.0.154.193 - - [23/Feb/2026:10:48:57 +0800] "POST /InternetTrading/OrderMaxQuantity HTTP/1.1" 200 9
219.73.99.100 - - [23/Feb/2026:10:48:57 +0800] "GET /InternetTrading/longpoll/55136?X-Atmosphere-tracking-id=0&X-Atmosphere-Framework=2.2.3-javascript&X-Atmosphere-Transport=long-polling&X-Atmosphere-TrackMessageSize=true&Content-Type=charset%3Dutf-8&X-atmo-protocol=true&_=1771815257007 HTTP/1.1" 200 -
110.81.58.86 - - [23/Feb/2026:10:48:59 +0800] "GET /InternetTrading/longpoll/M8773?X-Atmosphere-tracking-id=0&X-Atmosphere-Framework=2.2.3-javascript&X-Atmosphere-Transport=long-polling&X-Atmosphere-TrackMessageSize=true&Content-Type=charset%3Dutf-8&X-atmo-protocol=true&_=1771815262566 HTTP/1.1" 200 -
14.0.154.193 - - [23/Feb/2026:10:49:01 +0800] "POST /InternetTrading/SessionErrorLogger HTTP/1.1" 200 117
14.0.154.193 - - [23/Feb/2026:10:49:01 +0800] "POST /InternetTrading/MarketStatus HTTP/1.1" 200 772
220.246.38.37 - - [23/Feb/2026:10:49:01 +0800] "GET /InternetTrading/longpoll/54906?X-Atmosphere-tracking-id=0&X-Atmosphere-Framework=2.2.3-javascript&X-Atmosphere-Transport=long-polling&X-Atmosphere-TrackMessageSize=true&Content-Type=charset%3Dutf-8&X-atmo-protocol=true&_=1771815260684 HTTP/1.1" 200 -
14.0.154.193 - - [23/Feb/2026:10:49:01 +0800] "POST /InternetTrading/SessionErrorLogger HTTP/1.1" 200 117
14.0.154.193 - - [23/Feb/2026:10:49:01 +0800] "POST /InternetTrading/Heartbeat HTTP/1.1" 200 32
14.0.154.193 - - [23/Feb/2026:10:49:01 +0800] "GET /InternetTrading/longpoll/54822?X-Atmosphere-tracking-id=0&X-Atmosphere-Framework=2.2.3-javascript&X-Atmosphere-Transport=long-polling&X-Atmosphere-TrackMessageSize=true&Content-Type=charset%3Dutf-8&X-atmo-protocol=true&_=1771815258763 HTTP/1.1" 200 -
221.124.232.198 - - [23/Feb/2026:10:49:01 +0800] "GET /InternetTrading/longpoll/13511?X-Atmosphere-tracking-id=0&X-Atmosphere-Framework=2.2.3-javascript&X-Atmosphere-Transport=long-polling&X-Atmosphere-TrackMessageSize=true&Content-Type=charset%3Dutf-8&X-atmo-protocol=true&_=1771815261228 HTTP/1.1" 200 -
14.0.170.98 - - [23/Feb/2026:10:49:01 +0800] "GET /InternetTrading/longpoll/A8127?X-Atmosphere-tracking-id=0&X-Atmosphere-Framework=2.2.3-javascript&X-Atmosphere-Transport=long-polling&X-Atmosphere-TrackMessageSize=true&Content-Type=charset%3Dutf-8&X-atmo-protocol=true&_=1771815261240 HTTP/1.1" 200 -
219.73.99.100 - - [23/Feb/2026:10:49:02 +0800] "GET /InternetTrading/longpoll/55136?X-Atmosphere-tracking-id=0&X-Atmosphere-Framework=2.2.3-javascript&X-Atmosphere-Transport=long-polling&X-Atmosphere-TrackMessageSize=true&Content-Type=charset%3Dutf-8&X-atmo-protocol=true&_=1771815262041 HTTP/1.1" 200 -
110.81.58.86 - - [23/Feb/2026:10:49:02 +0800] "POST /InternetTrading/SessionErrorLogger HTTP/1.1" 200 117
110.81.58.86 - - [23/Feb/2026:10:49:03 +0800] "POST /InternetTrading/Heartbeat HTTP/1.1" 200 32
219.73.99.100 - - [23/Feb/2026:10:49:03 +0800] "POST /InternetTrading/SessionErrorLogger HTTP/1.1" 200 117
219.73.99.100 - - [23/Feb/2026:10:49:03 +0800] "POST /InternetTrading/Heartbeat HTTP/1.1" 200 32
110.81.58.86 - - [23/Feb/2026:10:49:05 +0800] "GET /InternetTrading/longpoll/M8773?X-Atmosphere-tracking-id=0&X-Atmosphere-Framework=2.2.3-javascript&X-Atmosphere-Transport=long-polling&X-Atmosphere-TrackMessageSize=true&Content-Type=charset%3Dutf-8&X-atmo-protocol=true&_=1771815267662 HTTP/1.1" 200 -
14.0.154.193 - - [23/Feb/2026:10:49:05 +0800] "POST /InternetTrading/SessionErrorLogger HTTP/1.1" 200 117
14.0.154.193 - - [23/Feb/2026:10:49:05 +0800] "POST /InternetTrading/LoginKey HTTP/1.1" 200 -
14.0.154.193 - - [23/Feb/2026:10:49:05 +0800] "GET /InternetTrading/jquery/wait.gif HTTP/1.1" 200 432
14.0.154.193 - - [23/Feb/2026:10:49:05 +0800] "POST /InternetTrading/PreOrder HTTP/1.1" 200 1234
14.0.154.193 - - [23/Feb/2026:10:49:06 +0800] "GET /InternetTrading/longpoll/54822?X-Atmosphere-tracking-id=0&X-Atmosphere-Framework=2.2.3-javascript&X-Atmosphere-Transport=long-polling&X-Atmosphere-TrackMessageSize=true&Content-Type=charset%3Dutf-8&X-atmo-protocol=true&_=1771815263886 HTTP/1.1" 200 -
219.73.99.100 - - [23/Feb/2026:10:49:06 +0800] "POST /InternetTrading/SessionErrorLogger HTTP/1.1" 200 117
219.73.99.100 - - [23/Feb/2026:10:49:06 +0800] "POST /InternetTrading/MarketStatus HTTP/1.1" 200 772
14.0.154.193 - - [23/Feb/2026:10:49:06 +0800] "POST /InternetTrading/SessionErrorLogger HTTP/1.1" 200 117
14.0.154.193 - - [23/Feb/2026:10:49:06 +0800] "GET /InternetTrading/Csrf?url=/Order HTTP/1.1" 200 126
14.0.154.193 - - [23/Feb/2026:10:49:07 +0800] "POST /InternetTrading/SessionErrorLogger HTTP/1.1" 200 117
14.0.170.98 - - [23/Feb/2026:10:49:07 +0800] "GET /InternetTrading/longpoll/A8127?X-Atmosphere-tracking-id=0&X-Atmosphere-Framework=2.2.3-javascript&X-Atmosphere-Transport=long-polling&X-Atmosphere-TrackMessageSize=true&Content-Type=charset%3Dutf-8&X-atmo-protocol=true&_=1771815266328 HTTP/1.1" 200 -
14.0.154.193 - - [23/Feb/2026:10:49:07 +0800] "POST /InternetTrading/LoginKey HTTP/1.1" 200 -
220.246.38.37 - - [23/Feb/2026:10:49:07 +0800] "POST /InternetTrading/SessionErrorLogger HTTP/1.1" 200 117
14.0.154.193 - - [23/Feb/2026:10:49:07 +0800] "POST /InternetTrading/SessionErrorLogger HTTP/1.1" 200 117
220.246.38.37 - - [23/Feb/2026:10:49:07 +0800] "POST /InternetTrading/Heartbeat HTTP/1.1" 200 32
220.246.38.37 - - [23/Feb/2026:10:49:07 +0800] "POST /InternetTrading/SessionErrorLogger HTTP/1.1" 200 117
220.246.38.37 - - [23/Feb/2026:10:49:07 +0800] "GET /InternetTrading/longpoll/54906?X-Atmosphere-tracking-id=0&X-Atmosphere-Framework=2.2.3-javascript&X-Atmosphere-Transport=long-polling&X-Atmosphere-TrackMessageSize=true&Content-Type=charset%3Dutf-8&X-atmo-protocol=true&_=1771815266752 HTTP/1.1" 200 -
220.246.38.37 - - [23/Feb/2026:10:49:07 +0800] "POST /InternetTrading/MarketStatus HTTP/1.1" 200 772
14.0.154.193 - - [23/Feb/2026:10:49:07 +0800] "POST /InternetTrading/Order?csrf_nonce=F6D35D49A39DD3CA027B6D743CB05315 HTTP/1.1" 200 1017
14.0.154.193 - - [23/Feb/2026:10:49:07 +0800] "POST /InternetTrading/SessionErrorLogger HTTP/1.1" 200 117
14.0.154.193 - - [23/Feb/2026:10:49:07 +0800] "GET /InternetTrading/tc/sell_ticket.html? HTTP/1.1" 200 2261
14.0.154.193 - - [23/Feb/2026:10:49:07 +0800] "POST /InternetTrading/SessionErrorLogger HTTP/1.1" 200 117
219.73.99.100 - - [23/Feb/2026:10:49:07 +0800] "GET /InternetTrading/longpoll/55136?X-Atmosphere-tracking-id=0&X-Atmosphere-Framework=2.2.3-javascript&X-Atmosphere-Transport=long-polling&X-Atmosphere-TrackMessageSize=true&Content-Type=charset%3Dutf-8&X-atmo-protocol=true&_=1771815267085 HTTP/1.1" 200 -
14.0.154.193 - - [23/Feb/2026:10:49:07 +0800] "POST /InternetTrading/MarketStatus HTTP/1.1" 200 772
221.124.232.198 - - [23/Feb/2026:10:49:07 +0800] "GET /InternetTrading/longpoll/13511?X-Atmosphere-tracking-id=0&X-Atmosphere-Framework=2.2.3-javascript&X-Atmosphere-Transport=long-polling&X-Atmosphere-TrackMessageSize=true&Content-Type=charset%3Dutf-8&X-atmo-protocol=true&_=1771815267231 HTTP/1.1" 200 -
14.0.154.193 - - [23/Feb/2026:10:49:07 +0800] "POST /InternetTrading/SessionErrorLogger HTTP/1.1" 200 117
14.0.154.193 - - [23/Feb/2026:10:49:07 +0800] "POST /InternetTrading/MarketStatus HTTP/1.1" 200 772
14.0.154.193 - - [23/Feb/2026:10:49:09 +0800] "POST /InternetTrading/SessionErrorLogger HTTP/1.1" 200 117
14.0.154.193 - - [23/Feb/2026:10:49:09 +0800] "POST /InternetTrading/Orderbook HTTP/1.1" 200 1315
110.81.58.86 - - [23/Feb/2026:10:49:10 +0800] "GET /InternetTrading/longpoll/M8773?X-Atmosphere-tracking-id=0&X-Atmosphere-Framework=2.2.3-javascript&X-Atmosphere-Transport=long-polling&X-Atmosphere-TrackMessageSize=true&Content-Type=charset%3Dutf-8&X-atmo-protocol=true&_=1771815272700 HTTP/1.1" 200 -
14.0.154.193 - - [23/Feb/2026:10:49:11 +0800] "POST /InternetTrading/SessionErrorLogger HTTP/1.1" 200 117
14.0.154.193 - - [23/Feb/2026:10:49:11 +0800] "POST /InternetTrading/Portfolio HTTP/1.1" 200 1641
14.0.154.193 - - [23/Feb/2026:10:49:11 +0800] "GET /InternetTrading/longpoll/54822?X-Atmosphere-tracking-id=0&X-Atmosphere-Framework=2.2.3-javascript&X-Atmosphere-Transport=long-polling&X-Atmosphere-TrackMessageSize=true&Content-Type=charset%3Dutf-8&X-atmo-protocol=true&_=1771815268951 HTTP/1.1" 200 -
14.0.170.98 - - [23/Feb/2026:10:49:12 +0800] "GET /InternetTrading/longpoll/A8127?X-Atmosphere-tracking-id=0&X-Atmosphere-Framework=2.2.3-javascript&X-Atmosphere-Transport=long-polling&X-Atmosphere-TrackMessageSize=true&Content-Type=charset%3Dutf-8&X-atmo-protocol=true&_=1771815271550 HTTP/1.1" 200 -
219.73.99.100 - - [23/Feb/2026:10:49:12 +0800] "GET /InternetTrading/longpoll/55136?X-Atmosphere-tracking-id=0&X-Atmosphere-Framework=2.2.3-javascript&X-Atmosphere-Transport=long-polling&X-Atmosphere-TrackMessageSize=true&Content-Type=charset%3Dutf-8&X-atmo-protocol=true&_=1771815272110 HTTP/1.1" 200 -
220.246.38.37 - - [23/Feb/2026:10:49:13 +0800] "GET /InternetTrading/longpoll/54906?X-Atmosphere-tracking-id=0&X-Atmosphere-Framework=2.2.3-javascript&X-Atmosphere-Transport=long-polling&X-Atmosphere-TrackMessageSize=true&Content-Type=charset%3Dutf-8&X-atmo-protocol=true&_=1771815272683 HTTP/1.1" 200 -
221.124.232.198 - - [23/Feb/2026:10:49:13 +0800] "GET /InternetTrading/longpoll/13511?X-Atmosphere-tracking-id=0&X-Atmosphere-Framework=2.2.3-javascript&X-Atmosphere-Transport=long-polling&X-Atmosphere-TrackMessageSize=true&Content-Type=charset%3Dutf-8&X-atmo-protocol=true&_=1771815273233 HTTP/1.1" 200 -
110.81.58.86 - - [23/Feb/2026:10:49:15 +0800] "GET /InternetTrading/longpoll/M8773?X-Atmosphere-tracking-id=0&X-Atmosphere-Framework=2.2.3-javascript&X-Atmosphere-Transport=long-polling&X-Atmosphere-TrackMessageSize=true&Content-Type=charset%3Dutf-8&X-atmo-protocol=true&_=1771815277894 HTTP/1.1" 200 -
14.0.170.98 - - [23/Feb/2026:10:49:15 +0800] "POST /InternetTrading/SessionErrorLogger HTTP/1.1" 200 117
14.0.170.98 - - [23/Feb/2026:10:49:15 +0800] "POST /InternetTrading/Heartbeat HTTP/1.1" 200 32
14.0.170.98 - - [23/Feb/2026:10:49:16 +0800] "POST /InternetTrading/SessionErrorLogger HTTP/1.1" 200 117
14.0.170.98 - - [23/Feb/2026:10:49:16 +0800] "POST /InternetTrading/MarketStatus HTTP/1.1" 200 772
14.0.154.193 - - [23/Feb/2026:10:49:16 +0800] "GET /InternetTrading/longpoll/54822?X-Atmosphere-tracking-id=0&X-Atmosphere-Framework=2.2.3-javascript&X-Atmosphere-Transport=long-polling&X-Atmosphere-TrackMessageSize=true&Content-Type=charset%3Dutf-8&X-atmo-protocol=true&_=1771815273998 HTTP/1.1" 200 -
14.0.154.193 - - [23/Feb/2026:10:49:16 +0800] "POST /InternetTrading/SessionErrorLogger HTTP/1.1" 200 117
14.0.154.193 - - [23/Feb/2026:10:49:16 +0800] "POST /InternetTrading/SessionErrorLogger HTTP/1.1" 200 117
14.0.154.193 - - [23/Feb/2026:10:49:16 +0800] "POST /InternetTrading/Product HTTP/1.1" 200 309
14.0.154.193 - - [23/Feb/2026:10:49:16 +0800] "POST /InternetTrading/OrderMaxQuantity HTTP/1.1" 200 8
14.0.170.98 - - [23/Feb/2026:10:49:17 +0800] "GET /InternetTrading/longpoll/A8127?X-Atmosphere-tracking-id=0&X-Atmosphere-Framework=2.2.3-javascript&X-Atmosphere-Transport=long-polling&X-Atmosphere-TrackMessageSize=true&Content-Type=charset%3Dutf-8&X-atmo-protocol=true&_=1771815276657 HTTP/1.1" 200 -
219.73.99.100 - - [23/Feb/2026:10:49:17 +0800] "GET /InternetTrading/longpoll/55136?X-Atmosphere-tracking-id=0&X-Atmosphere-Framework=2.2.3-javascript&X-Atmosphere-Transport=long-polling&X-Atmosphere-TrackMessageSize=true&Content-Type=charset%3Dutf-8&X-atmo-protocol=true&_=1771815277136 HTTP/1.1" 200 -
110.81.58.86 - - [23/Feb/2026:10:49:17 +0800] "POST /InternetTrading/SessionErrorLogger HTTP/1.1" 200 117
110.81.58.86 - - [23/Feb/2026:10:49:17 +0800] "POST /InternetTrading/MarketStatus HTTP/1.1" 200 772
220.246.38.37 - - [23/Feb/2026:10:49:19 +0800] "GET /InternetTrading/longpoll/54906?X-Atmosphere-tracking-id=0&X-Atmosphere-Framework=2.2.3-javascript&X-Atmosphere-Transport=long-polling&X-Atmosphere-TrackMessageSize=true&Content-Type=charset%3Dutf-8&X-atmo-protocol=true&_=1771815278684 HTTP/1.1" 200 -
221.124.232.198 - - [23/Feb/2026:10:49:19 +0800] "GET /InternetTrading/longpoll/13511?X-Atmosphere-tracking-id=0&X-Atmosphere-Framework=2.2.3-javascript&X-Atmosphere-Transport=long-polling&X-Atmosphere-TrackMessageSize=true&Content-Type=charset%3Dutf-8&X-atmo-protocol=true&_=1771815279241 HTTP/1.1" 200 -
110.81.58.86 - - [23/Feb/2026:10:49:20 +0800] "GET /InternetTrading/longpoll/M8773?X-Atmosphere-tracking-id=0&X-Atmosphere-Framework=2.2.3-javascript&X-Atmosphere-Transport=long-polling&X-Atmosphere-TrackMessageSize=true&Content-Type=charset%3Dutf-8&X-atmo-protocol=true&_=1771815283051 HTTP/1.1" 200 -
14.0.154.193 - - [23/Feb/2026:10:49:22 +0800] "GET /InternetTrading/longpoll/54822?X-Atmosphere-tracking-id=0&X-Atmosphere-Framework=2.2.3-javascript&X-Atmosphere-Transport=long-polling&X-Atmosphere-TrackMessageSize=true&Content-Type=charset%3Dutf-8&X-atmo-protocol=true&_=1771815279675 HTTP/1.1" 200 -
14.0.170.98 - - [23/Feb/2026:10:49:22 +0800] "GET /InternetTrading/longpoll/A8127?X-Atmosphere-tracking-id=0&X-Atmosphere-Framework=2.2.3-javascript&X-Atmosphere-Transport=long-polling&X-Atmosphere-TrackMessageSize=true&Content-Type=charset%3Dutf-8&X-atmo-protocol=true&_=1771815281724 HTTP/1.1" 200 -
219.73.99.100 - - [23/Feb/2026:10:49:22 +0800] "GET /InternetTrading/longpoll/55136?X-Atmosphere-tracking-id=0&X-Atmosphere-Framework=2.2.3-javascript&X-Atmosphere-Transport=long-polling&X-Atmosphere-TrackMessageSize=true&Content-Type=charset%3Dutf-8&X-atmo-protocol=true&_=1771815282184 HTTP/1.1" 200 -
220.246.38.37 - - [23/Feb/2026:10:49:25 +0800] "GET /InternetTrading/longpoll/54906?X-Atmosphere-tracking-id=0&X-Atmosphere-Framework=2.2.3-javascript&X-Atmosphere-Transport=long-polling&X-Atmosphere-TrackMessageSize=true&Content-Type=charset%3Dutf-8&X-atmo-protocol=true&_=1771815284684 HTTP/1.1" 200 -
221.124.232.198 - - [23/Feb/2026:10:49:25 +0800] "GET /InternetTrading/longpoll/13511?X-Atmosphere-tracking-id=0&X-Atmosphere-Framework=2.2.3-javascript&X-Atmosphere-Transport=long-polling&X-Atmosphere-TrackMessageSize=true&Content-Type=charset%3Dutf-8&X-atmo-protocol=true&_=1771815285229 HTTP/1.1" 200 -
110.81.58.86 - - [23/Feb/2026:10:49:25 +0800] "GET /InternetTrading/longpoll/M8773?X-Atmosphere-tracking-id=0&X-Atmosphere-Framework=2.2.3-javascript&X-Atmosphere-Transport=long-polling&X-Atmosphere-TrackMessageSize=true&Content-Type=charset%3Dutf-8&X-atmo-protocol=true&_=1771815288096 HTTP/1.1" 200 -
14.0.170.98 - - [23/Feb/2026:10:49:27 +0800] "GET /InternetTrading/longpoll/A8127?X-Atmosphere-tracking-id=0&X-Atmosphere-Framework=2.2.3-javascript&X-Atmosphere-Transport=long-polling&X-Atmosphere-TrackMessageSize=true&Content-Type=charset%3Dutf-8&X-atmo-protocol=true&_=1771815286782 HTTP/1.1" 200 -
14.0.154.193 - - [23/Feb/2026:10:49:27 +0800] "GET /InternetTrading/longpoll/54822?X-Atmosphere-tracking-id=0&X-Atmosphere-Framework=2.2.3-javascript&X-Atmosphere-Transport=long-polling&X-Atmosphere-TrackMessageSize=true&Content-Type=charset%3Dutf-8&X-atmo-protocol=true&_=1771815284791 HTTP/1.1" 200 -
219.73.99.100 - - [23/Feb/2026:10:49:27 +0800] "GET /InternetTrading/longpoll/55136?X-Atmosphere-tracking-id=0&X-Atmosphere-Framework=2.2.3-javascript&X-Atmosphere-Transport=long-polling&X-Atmosphere-TrackMessageSize=true&Content-Type=charset%3Dutf-8&X-atmo-protocol=true&_=1771815287236 HTTP/1.1" 200 -
110.81.58.86 - - [23/Feb/2026:10:49:30 +0800] "GET /InternetTrading/longpoll/M8773?X-Atmosphere-tracking-id=0&X-Atmosphere-Framework=2.2.3-javascript&X-Atmosphere-Transport=long-polling&X-Atmosphere-TrackMessageSize=true&Content-Type=charset%3Dutf-8&X-atmo-protocol=true&_=1771815293460 HTTP/1.1" 200 -
220.246.38.37 - - [23/Feb/2026:10:49:31 +0800] "GET /InternetTrading/longpoll/54906?X-Atmosphere-tracking-id=0&X-Atmosphere-Framework=2.2.3-javascript&X-Atmosphere-Transport=long-polling&X-Atmosphere-TrackMessageSize=true&Content-Type=charset%3Dutf-8&X-atmo-protocol=true&_=1771815290683 HTTP/1.1" 200 -
14.0.154.193 - - [23/Feb/2026:10:49:31 +0800] "POST /InternetTrading/SessionErrorLogger HTTP/1.1" 200 117
14.0.154.193 - - [23/Feb/2026:10:49:31 +0800] "POST /InternetTrading/Heartbeat HTTP/1.1" 200 32
221.124.232.198 - - [23/Feb/2026:10:49:31 +0800] "GET /InternetTrading/longpoll/13511?X-Atmosphere-tracking-id=0&X-Atmosphere-Framework=2.2.3-javascript&X-Atmosphere-Transport=long-polling&X-Atmosphere-TrackMessageSize=true&Content-Type=charset%3Dutf-8&X-atmo-protocol=true&_=1771815291233 HTTP/1.1" 200 -
14.0.154.193 - - [23/Feb/2026:10:49:32 +0800] "GET /InternetTrading/longpoll/54822?X-Atmosphere-tracking-id=0&X-Atmosphere-Framework=2.2.3-javascript&X-Atmosphere-Transport=long-polling&X-Atmosphere-TrackMessageSize=true&Content-Type=charset%3Dutf-8&X-atmo-protocol=true&_=1771815289955 HTTP/1.1" 200 -
219.73.99.100 - - [23/Feb/2026:10:49:32 +0800] "GET /InternetTrading/longpoll/55136?X-Atmosphere-tracking-id=0&X-Atmosphere-Framework=2.2.3-javascript&X-Atmosphere-Transport=long-polling&X-Atmosphere-TrackMessageSize=true&Content-Type=charset%3Dutf-8&X-atmo-protocol=true&_=1771815292281 HTTP/1.1" 200 -
14.0.170.98 - - [23/Feb/2026:10:49:32 +0800] "GET /InternetTrading/longpoll/A8127?X-Atmosphere-tracking-id=0&X-Atmosphere-Framework=2.2.3-javascript&X-Atmosphere-Transport=long-polling&X-Atmosphere-TrackMessageSize=true&Content-Type=charset%3Dutf-8&X-atmo-protocol=true&_=1771815291895 HTTP/1.1" 200 -
110.81.58.86 - - [23/Feb/2026:10:49:33 +0800] "POST /InternetTrading/SessionErrorLogger HTTP/1.1" 200 117
110.81.58.86 - - [23/Feb/2026:10:49:33 +0800] "POST /InternetTrading/Heartbeat HTTP/1.1" 200 32
219.73.99.100 - - [23/Feb/2026:10:49:33 +0800] "POST /InternetTrading/SessionErrorLogger HTTP/1.1" 200 117
219.73.99.100 - - [23/Feb/2026:10:49:33 +0800] "POST /InternetTrading/Heartbeat HTTP/1.1" 200 32
14.0.154.193 - - [23/Feb/2026:10:49:35 +0800] "POST /InternetTrading/SessionErrorLogger HTTP/1.1" 200 117
14.0.154.193 - - [23/Feb/2026:10:49:35 +0800] "POST /InternetTrading/LoginKey HTTP/1.1" 200 -
