14.0.170.98 - - [23/Feb/2026:10:35:04 +0800] "GET /InternetTrading/longpoll/A8127?X-Atmosphere-tracking-id=0&X-Atmosphere-Framework=2.2.3-javascript&X-Atmosphere-Transport=long-polling&X-Atmosphere-TrackMessageSize=true&Content-Type=charset%3Dutf-8&X-atmo-protocol=true&_=1771814423906 HTTP/1.1" 200 -
219.73.99.100 - - [23/Feb/2026:10:35:04 +0800] "GET /InternetTrading/longpoll/55136?X-Atmosphere-tracking-id=0&X-Atmosphere-Framework=2.2.3-javascript&X-Atmosphere-Transport=long-polling&X-Atmosphere-TrackMessageSize=true&Content-Type=charset%3Dutf-8&X-atmo-protocol=true&_=1771814424398 HTTP/1.1" 200 -
219.73.99.100 - - [23/Feb/2026:10:35:05 +0800] "POST /InternetTrading/SessionErrorLogger HTTP/1.1" 200 117
219.73.99.100 - - [23/Feb/2026:10:35:05 +0800] "POST /InternetTrading/MarketStatus HTTP/1.1" 200 772
221.124.232.198 - - [23/Feb/2026:10:35:06 +0800] "GET /InternetTrading/longpoll/13511?X-Atmosphere-tracking-id=0&X-Atmosphere-Framework=2.2.3-javascript&X-Atmosphere-Transport=long-polling&X-Atmosphere-TrackMessageSize=true&Content-Type=charset%3Dutf-8&X-atmo-protocol=true&_=1771814426241 HTTP/1.1" 200 -
110.81.58.86 - - [23/Feb/2026:10:35:09 +0800] "GET /InternetTrading/longpoll/M8773?X-Atmosphere-tracking-id=0&X-Atmosphere-Framework=2.2.3-javascript&X-Atmosphere-Transport=long-polling&X-Atmosphere-TrackMessageSize=true&Content-Type=charset%3Dutf-8&X-atmo-protocol=true&_=1771814432253 HTTP/1.1" 200 -
219.73.99.100 - - [23/Feb/2026:10:35:09 +0800] "GET /InternetTrading/longpoll/55136?X-Atmosphere-tracking-id=0&X-Atmosphere-Framework=2.2.3-javascript&X-Atmosphere-Transport=long-polling&X-Atmosphere-TrackMessageSize=true&Content-Type=charset%3Dutf-8&X-atmo-protocol=true&_=1771814429422 HTTP/1.1" 200 -
14.0.170.98 - - [23/Feb/2026:10:35:09 +0800] "GET /InternetTrading/longpoll/A8127?X-Atmosphere-tracking-id=0&X-Atmosphere-Framework=2.2.3-javascript&X-Atmosphere-Transport=long-polling&X-Atmosphere-TrackMessageSize=true&Content-Type=charset%3Dutf-8&X-atmo-protocol=true&_=1771814429184 HTTP/1.1" 200 -
221.124.232.198 - - [23/Feb/2026:10:35:12 +0800] "GET /InternetTrading/longpoll/13511?X-Atmosphere-tracking-id=0&X-Atmosphere-Framework=2.2.3-javascript&X-Atmosphere-Transport=long-polling&X-Atmosphere-TrackMessageSize=true&Content-Type=charset%3Dutf-8&X-atmo-protocol=true&_=1771814432235 HTTP/1.1" 200 -
14.0.170.98 - - [23/Feb/2026:10:35:12 +0800] "POST /InternetTrading/SessionErrorLogger HTTP/1.1" 200 117
14.0.170.98 - - [23/Feb/2026:10:35:13 +0800] "POST /InternetTrading/Heartbeat HTTP/1.1" 200 32
14.0.170.98 - - [23/Feb/2026:10:35:13 +0800] "POST /InternetTrading/SessionErrorLogger HTTP/1.1" 200 117
14.0.170.98 - - [23/Feb/2026:10:35:13 +0800] "POST /InternetTrading/MarketStatus HTTP/1.1" 200 772
219.73.99.100 - - [23/Feb/2026:10:35:14 +0800] "GET /InternetTrading/longpoll/55136?X-Atmosphere-tracking-id=0&X-Atmosphere-Framework=2.2.3-javascript&X-Atmosphere-Transport=long-polling&X-Atmosphere-TrackMessageSize=true&Content-Type=charset%3Dutf-8&X-atmo-protocol=true&_=1771814434435 HTTP/1.1" 200 -
14.0.170.98 - - [23/Feb/2026:10:35:14 +0800] "GET /InternetTrading/longpoll/A8127?X-Atmosphere-tracking-id=0&X-Atmosphere-Framework=2.2.3-javascript&X-Atmosphere-Transport=long-polling&X-Atmosphere-TrackMessageSize=true&Content-Type=charset%3Dutf-8&X-atmo-protocol=true&_=1771814434336 HTTP/1.1" 200 -
110.81.58.86 - - [23/Feb/2026:10:35:15 +0800] "GET /InternetTrading/longpoll/M8773?X-Atmosphere-tracking-id=0&X-Atmosphere-Framework=2.2.3-javascript&X-Atmosphere-Transport=long-polling&X-Atmosphere-TrackMessageSize=true&Content-Type=charset%3Dutf-8&X-atmo-protocol=true&_=1771814438259 HTTP/1.1" 200 -
221.124.232.198 - - [23/Feb/2026:10:35:18 +0800] "GET /InternetTrading/longpoll/13511?X-Atmosphere-tracking-id=0&X-Atmosphere-Framework=2.2.3-javascript&X-Atmosphere-Transport=long-polling&X-Atmosphere-TrackMessageSize=true&Content-Type=charset%3Dutf-8&X-atmo-protocol=true&_=1771814438237 HTTP/1.1" 200 -
219.73.99.100 - - [23/Feb/2026:10:35:19 +0800] "GET /InternetTrading/longpoll/55136?X-Atmosphere-tracking-id=0&X-Atmosphere-Framework=2.2.3-javascript&X-Atmosphere-Transport=long-polling&X-Atmosphere-TrackMessageSize=true&Content-Type=charset%3Dutf-8&X-atmo-protocol=true&_=1771814439456 HTTP/1.1" 200 -
14.0.170.98 - - [23/Feb/2026:10:35:20 +0800] "GET /InternetTrading/longpoll/A8127?X-Atmosphere-tracking-id=0&X-Atmosphere-Framework=2.2.3-javascript&X-Atmosphere-Transport=long-polling&X-Atmosphere-TrackMessageSize=true&Content-Type=charset%3Dutf-8&X-atmo-protocol=true&_=1771814439380 HTTP/1.1" 200 -
110.81.58.86 - - [23/Feb/2026:10:35:21 +0800] "GET /InternetTrading/longpoll/M8773?X-Atmosphere-tracking-id=0&X-Atmosphere-Framework=2.2.3-javascript&X-Atmosphere-Transport=long-polling&X-Atmosphere-TrackMessageSize=true&Content-Type=charset%3Dutf-8&X-atmo-protocol=true&_=1771814444260 HTTP/1.1" 200 -
221.124.232.198 - - [23/Feb/2026:10:35:24 +0800] "GET /InternetTrading/longpoll/13511?X-Atmosphere-tracking-id=0&X-Atmosphere-Framework=2.2.3-javascript&X-Atmosphere-Transport=long-polling&X-Atmosphere-TrackMessageSize=true&Content-Type=charset%3Dutf-8&X-atmo-protocol=true&_=1771814444236 HTTP/1.1" 200 -
219.73.99.100 - - [23/Feb/2026:10:35:24 +0800] "GET /InternetTrading/longpoll/55136?X-Atmosphere-tracking-id=0&X-Atmosphere-Framework=2.2.3-javascript&X-Atmosphere-Transport=long-polling&X-Atmosphere-TrackMessageSize=true&Content-Type=charset%3Dutf-8&X-atmo-protocol=true&_=1771814444486 HTTP/1.1" 200 -
14.0.170.98 - - [23/Feb/2026:10:35:25 +0800] "GET /InternetTrading/longpoll/A8127?X-Atmosphere-tracking-id=0&X-Atmosphere-Framework=2.2.3-javascript&X-Atmosphere-Transport=long-polling&X-Atmosphere-TrackMessageSize=true&Content-Type=charset%3Dutf-8&X-atmo-protocol=true&_=1771814444789 HTTP/1.1" 200 -
110.81.58.86 - - [23/Feb/2026:10:35:27 +0800] "GET /InternetTrading/longpoll/M8773?X-Atmosphere-tracking-id=0&X-Atmosphere-Framework=2.2.3-javascript&X-Atmosphere-Transport=long-polling&X-Atmosphere-TrackMessageSize=true&Content-Type=charset%3Dutf-8&X-atmo-protocol=true&_=1771814450259 HTTP/1.1" 200 -
219.73.99.100 - - [23/Feb/2026:10:35:29 +0800] "GET /InternetTrading/longpoll/55136?X-Atmosphere-tracking-id=0&X-Atmosphere-Framework=2.2.3-javascript&X-Atmosphere-Transport=long-polling&X-Atmosphere-TrackMessageSize=true&Content-Type=charset%3Dutf-8&X-atmo-protocol=true&_=1771814449529 HTTP/1.1" 200 -
221.124.232.198 - - [23/Feb/2026:10:35:30 +0800] "GET /InternetTrading/longpoll/13511?X-Atmosphere-tracking-id=0&X-Atmosphere-Framework=2.2.3-javascript&X-Atmosphere-Transport=long-polling&X-Atmosphere-TrackMessageSize=true&Content-Type=charset%3Dutf-8&X-atmo-protocol=true&_=1771814450227 HTTP/1.1" 200 -
14.0.170.98 - - [23/Feb/2026:10:35:30 +0800] "GET /InternetTrading/longpoll/A8127?X-Atmosphere-tracking-id=0&X-Atmosphere-Framework=2.2.3-javascript&X-Atmosphere-Transport=long-polling&X-Atmosphere-TrackMessageSize=true&Content-Type=charset%3Dutf-8&X-atmo-protocol=true&_=1771814450133 HTTP/1.1" 200 -
219.73.99.100 - - [23/Feb/2026:10:35:33 +0800] "POST /InternetTrading/SessionErrorLogger HTTP/1.1" 200 117
219.73.99.100 - - [23/Feb/2026:10:35:33 +0800] "POST /InternetTrading/Heartbeat HTTP/1.1" 200 32
110.81.58.86 - - [23/Feb/2026:10:35:33 +0800] "GET /InternetTrading/longpoll/M8773?X-Atmosphere-tracking-id=0&X-Atmosphere-Framework=2.2.3-javascript&X-Atmosphere-Transport=long-polling&X-Atmosphere-TrackMessageSize=true&Content-Type=charset%3Dutf-8&X-atmo-protocol=true&_=1771814456259 HTTP/1.1" 200 -
219.73.99.100 - - [23/Feb/2026:10:35:34 +0800] "GET /InternetTrading/longpoll/55136?X-Atmosphere-tracking-id=0&X-Atmosphere-Framework=2.2.3-javascript&X-Atmosphere-Transport=long-polling&X-Atmosphere-TrackMessageSize=true&Content-Type=charset%3Dutf-8&X-atmo-protocol=true&_=1771814454555 HTTP/1.1" 200 -
219.73.99.100 - - [23/Feb/2026:10:35:35 +0800] "POST /InternetTrading/SessionErrorLogger HTTP/1.1" 200 117
219.73.99.100 - - [23/Feb/2026:10:35:35 +0800] "POST /InternetTrading/MarketStatus HTTP/1.1" 200 772
14.0.170.98 - - [23/Feb/2026:10:35:35 +0800] "GET /InternetTrading/longpoll/A8127?X-Atmosphere-tracking-id=0&X-Atmosphere-Framework=2.2.3-javascript&X-Atmosphere-Transport=long-polling&X-Atmosphere-TrackMessageSize=true&Content-Type=charset%3Dutf-8&X-atmo-protocol=true&_=1771814455274 HTTP/1.1" 200 -
221.124.232.198 - - [23/Feb/2026:10:35:36 +0800] "GET /InternetTrading/longpoll/13511?X-Atmosphere-tracking-id=0&X-Atmosphere-Framework=2.2.3-javascript&X-Atmosphere-Transport=long-polling&X-Atmosphere-TrackMessageSize=true&Content-Type=charset%3Dutf-8&X-atmo-protocol=true&_=1771814456234 HTTP/1.1" 200 -
110.81.58.86 - - [23/Feb/2026:10:35:39 +0800] "GET /InternetTrading/longpoll/M8773?X-Atmosphere-tracking-id=0&X-Atmosphere-Framework=2.2.3-javascript&X-Atmosphere-Transport=long-polling&X-Atmosphere-TrackMessageSize=true&Content-Type=charset%3Dutf-8&X-atmo-protocol=true&_=1771814462259 HTTP/1.1" 200 -
219.73.99.100 - - [23/Feb/2026:10:35:39 +0800] "GET /InternetTrading/longpoll/55136?X-Atmosphere-tracking-id=0&X-Atmosphere-Framework=2.2.3-javascript&X-Atmosphere-Transport=long-polling&X-Atmosphere-TrackMessageSize=true&Content-Type=charset%3Dutf-8&X-atmo-protocol=true&_=1771814459574 HTTP/1.1" 200 -
14.0.170.98 - - [23/Feb/2026:10:35:41 +0800] "GET /InternetTrading/longpoll/A8127?X-Atmosphere-tracking-id=0&X-Atmosphere-Framework=2.2.3-javascript&X-Atmosphere-Transport=long-polling&X-Atmosphere-TrackMessageSize=true&Content-Type=charset%3Dutf-8&X-atmo-protocol=true&_=1771814460417 HTTP/1.1" 200 -
221.124.232.198 - - [23/Feb/2026:10:35:42 +0800] "GET /InternetTrading/longpoll/13511?X-Atmosphere-tracking-id=0&X-Atmosphere-Framework=2.2.3-javascript&X-Atmosphere-Transport=long-polling&X-Atmosphere-TrackMessageSize=true&Content-Type=charset%3Dutf-8&X-atmo-protocol=true&_=1771814462241 HTTP/1.1" 200 -
14.0.170.98 - - [23/Feb/2026:10:35:43 +0800] "POST /InternetTrading/SessionErrorLogger HTTP/1.1" 200 117
14.0.170.98 - - [23/Feb/2026:10:35:43 +0800] "POST /InternetTrading/Heartbeat HTTP/1.1" 200 32
14.0.170.98 - - [23/Feb/2026:10:35:43 +0800] "POST /InternetTrading/SessionErrorLogger HTTP/1.1" 200 117
14.0.170.98 - - [23/Feb/2026:10:35:43 +0800] "POST /InternetTrading/MarketStatus HTTP/1.1" 200 772
219.73.99.100 - - [23/Feb/2026:10:35:45 +0800] "GET /InternetTrading/longpoll/55136?X-Atmosphere-tracking-id=0&X-Atmosphere-Framework=2.2.3-javascript&X-Atmosphere-Transport=long-polling&X-Atmosphere-TrackMessageSize=true&Content-Type=charset%3Dutf-8&X-atmo-protocol=true&_=1771814464601 HTTP/1.1" 200 -
110.81.58.86 - - [23/Feb/2026:10:35:45 +0800] "GET /InternetTrading/longpoll/M8773?X-Atmosphere-tracking-id=0&X-Atmosphere-Framework=2.2.3-javascript&X-Atmosphere-Transport=long-polling&X-Atmosphere-TrackMessageSize=true&Content-Type=charset%3Dutf-8&X-atmo-protocol=true&_=1771814468259 HTTP/1.1" 200 -
14.0.170.98 - - [23/Feb/2026:10:35:46 +0800] "GET /InternetTrading/longpoll/A8127?X-Atmosphere-tracking-id=0&X-Atmosphere-Framework=2.2.3-javascript&X-Atmosphere-Transport=long-polling&X-Atmosphere-TrackMessageSize=true&Content-Type=charset%3Dutf-8&X-atmo-protocol=true&_=1771814465556 HTTP/1.1" 200 -
221.124.232.198 - - [23/Feb/2026:10:35:48 +0800] "GET /InternetTrading/longpoll/13511?X-Atmosphere-tracking-id=0&X-Atmosphere-Framework=2.2.3-javascript&X-Atmosphere-Transport=long-polling&X-Atmosphere-TrackMessageSize=true&Content-Type=charset%3Dutf-8&X-atmo-protocol=true&_=1771814468238 HTTP/1.1" 200 -
219.73.99.100 - - [23/Feb/2026:10:35:50 +0800] "GET /InternetTrading/longpoll/55136?X-Atmosphere-tracking-id=0&X-Atmosphere-Framework=2.2.3-javascript&X-Atmosphere-Transport=long-polling&X-Atmosphere-TrackMessageSize=true&Content-Type=charset%3Dutf-8&X-atmo-protocol=true&_=1771814469654 HTTP/1.1" 200 -
110.81.58.86 - - [23/Feb/2026:10:35:50 +0800] "POST /InternetTrading/SessionErrorLogger HTTP/1.1" 200 117
110.81.58.86 - - [23/Feb/2026:10:35:50 +0800] "POST /InternetTrading/Heartbeat HTTP/1.1" 200 32
110.81.58.86 - - [23/Feb/2026:10:35:50 +0800] "POST /InternetTrading/SessionErrorLogger HTTP/1.1" 200 117
110.81.58.86 - - [23/Feb/2026:10:35:50 +0800] "POST /InternetTrading/MarketStatus HTTP/1.1" 200 772
14.0.170.98 - - [23/Feb/2026:10:35:51 +0800] "GET /InternetTrading/longpoll/A8127?X-Atmosphere-tracking-id=0&X-Atmosphere-Framework=2.2.3-javascript&X-Atmosphere-Transport=long-polling&X-Atmosphere-TrackMessageSize=true&Content-Type=charset%3Dutf-8&X-atmo-protocol=true&_=1771814470696 HTTP/1.1" 200 -
110.81.58.86 - - [23/Feb/2026:10:35:51 +0800] "GET /InternetTrading/longpoll/M8773?X-Atmosphere-tracking-id=0&X-Atmosphere-Framework=2.2.3-javascript&X-Atmosphere-Transport=long-polling&X-Atmosphere-TrackMessageSize=true&Content-Type=charset%3Dutf-8&X-atmo-protocol=true&_=1771814474259 HTTP/1.1" 200 -
221.124.232.198 - - [23/Feb/2026:10:35:52 +0800] "POST /InternetTrading/SessionErrorLogger HTTP/1.1" 200 117
221.124.232.198 - - [23/Feb/2026:10:35:52 +0800] "POST /InternetTrading/Heartbeat HTTP/1.1" 200 32
221.124.232.198 - - [23/Feb/2026:10:35:52 +0800] "POST /InternetTrading/SessionErrorLogger HTTP/1.1" 200 117
221.124.232.198 - - [23/Feb/2026:10:35:52 +0800] "POST /InternetTrading/MarketStatus HTTP/1.1" 200 772
221.124.232.198 - - [23/Feb/2026:10:35:54 +0800] "GET /InternetTrading/longpoll/13511?X-Atmosphere-tracking-id=0&X-Atmosphere-Framework=2.2.3-javascript&X-Atmosphere-Transport=long-polling&X-Atmosphere-TrackMessageSize=true&Content-Type=charset%3Dutf-8&X-atmo-protocol=true&_=1771814474228 HTTP/1.1" 200 -
219.73.99.100 - - [23/Feb/2026:10:35:55 +0800] "GET /InternetTrading/longpoll/55136?X-Atmosphere-tracking-id=0&X-Atmosphere-Framework=2.2.3-javascript&X-Atmosphere-Transport=long-polling&X-Atmosphere-TrackMessageSize=true&Content-Type=charset%3Dutf-8&X-atmo-protocol=true&_=1771814474690 HTTP/1.1" 200 -
14.0.170.98 - - [23/Feb/2026:10:35:56 +0800] "GET /InternetTrading/longpoll/A8127?X-Atmosphere-tracking-id=0&X-Atmosphere-Framework=2.2.3-javascript&X-Atmosphere-Transport=long-polling&X-Atmosphere-TrackMessageSize=true&Content-Type=charset%3Dutf-8&X-atmo-protocol=true&_=1771814475758 HTTP/1.1" 200 -
110.81.58.86 - - [23/Feb/2026:10:35:57 +0800] "GET /InternetTrading/longpoll/M8773?X-Atmosphere-tracking-id=0&X-Atmosphere-Framework=2.2.3-javascript&X-Atmosphere-Transport=long-polling&X-Atmosphere-TrackMessageSize=true&Content-Type=charset%3Dutf-8&X-atmo-protocol=true&_=1771814480259 HTTP/1.1" 200 -
219.73.99.100 - - [23/Feb/2026:10:36:00 +0800] "GET /InternetTrading/longpoll/55136?X-Atmosphere-tracking-id=0&X-Atmosphere-Framework=2.2.3-javascript&X-Atmosphere-Transport=long-polling&X-Atmosphere-TrackMessageSize=true&Content-Type=charset%3Dutf-8&X-atmo-protocol=true&_=1771814479746 HTTP/1.1" 200 -
221.124.232.198 - - [23/Feb/2026:10:36:00 +0800] "GET /InternetTrading/longpoll/13511?X-Atmosphere-tracking-id=0&X-Atmosphere-Framework=2.2.3-javascript&X-Atmosphere-Transport=long-polling&X-Atmosphere-TrackMessageSize=true&Content-Type=charset%3Dutf-8&X-atmo-protocol=true&_=1771814480236 HTTP/1.1" 200 -
14.0.170.98 - - [23/Feb/2026:10:36:01 +0800] "GET /InternetTrading/longpoll/A8127?X-Atmosphere-tracking-id=0&X-Atmosphere-Framework=2.2.3-javascript&X-Atmosphere-Transport=long-polling&X-Atmosphere-TrackMessageSize=true&Content-Type=charset%3Dutf-8&X-atmo-protocol=true&_=1771814481024 HTTP/1.1" 200 -
219.73.99.100 - - [23/Feb/2026:10:36:03 +0800] "POST /InternetTrading/SessionErrorLogger HTTP/1.1" 200 117
219.73.99.100 - - [23/Feb/2026:10:36:03 +0800] "POST /InternetTrading/Heartbeat HTTP/1.1" 200 32
110.81.58.86 - - [23/Feb/2026:10:36:03 +0800] "GET /InternetTrading/longpoll/M8773?X-Atmosphere-tracking-id=0&X-Atmosphere-Framework=2.2.3-javascript&X-Atmosphere-Transport=long-polling&X-Atmosphere-TrackMessageSize=true&Content-Type=charset%3Dutf-8&X-atmo-protocol=true&_=1771814486259 HTTP/1.1" 200 -
219.73.99.100 - - [23/Feb/2026:10:36:05 +0800] "GET /InternetTrading/longpoll/55136?X-Atmosphere-tracking-id=0&X-Atmosphere-Framework=2.2.3-javascript&X-Atmosphere-Transport=long-polling&X-Atmosphere-TrackMessageSize=true&Content-Type=charset%3Dutf-8&X-atmo-protocol=true&_=1771814484769 HTTP/1.1" 200 -
219.73.99.100 - - [23/Feb/2026:10:36:05 +0800] "POST /InternetTrading/SessionErrorLogger HTTP/1.1" 200 117
219.73.99.100 - - [23/Feb/2026:10:36:05 +0800] "POST /InternetTrading/MarketStatus HTTP/1.1" 200 772
221.124.232.198 - - [23/Feb/2026:10:36:06 +0800] "GET /InternetTrading/longpoll/13511?X-Atmosphere-tracking-id=0&X-Atmosphere-Framework=2.2.3-javascript&X-Atmosphere-Transport=long-polling&X-Atmosphere-TrackMessageSize=true&Content-Type=charset%3Dutf-8&X-atmo-protocol=true&_=1771814486236 HTTP/1.1" 200 -
14.0.170.98 - - [23/Feb/2026:10:36:06 +0800] "GET /InternetTrading/longpoll/A8127?X-Atmosphere-tracking-id=0&X-Atmosphere-Framework=2.2.3-javascript&X-Atmosphere-Transport=long-polling&X-Atmosphere-TrackMessageSize=true&Content-Type=charset%3Dutf-8&X-atmo-protocol=true&_=1771814486185 HTTP/1.1" 200 -
110.81.58.86 - - [23/Feb/2026:10:36:10 +0800] "GET /InternetTrading/longpoll/M8773?X-Atmosphere-tracking-id=0&X-Atmosphere-Framework=2.2.3-javascript&X-Atmosphere-Transport=long-polling&X-Atmosphere-TrackMessageSize=true&Content-Type=charset%3Dutf-8&X-atmo-protocol=true&_=1771814492259 HTTP/1.1" 200 -
219.73.99.100 - - [23/Feb/2026:10:36:10 +0800] "GET /InternetTrading/longpoll/55136?X-Atmosphere-tracking-id=0&X-Atmosphere-Framework=2.2.3-javascript&X-Atmosphere-Transport=long-polling&X-Atmosphere-TrackMessageSize=true&Content-Type=charset%3Dutf-8&X-atmo-protocol=true&_=1771814489795 HTTP/1.1" 200 -
14.0.170.98 - - [23/Feb/2026:10:36:12 +0800] "GET /InternetTrading/longpoll/A8127?X-Atmosphere-tracking-id=0&X-Atmosphere-Framework=2.2.3-javascript&X-Atmosphere-Transport=long-polling&X-Atmosphere-TrackMessageSize=true&Content-Type=charset%3Dutf-8&X-atmo-protocol=true&_=1771814491320 HTTP/1.1" 200 -
221.124.232.198 - - [23/Feb/2026:10:36:12 +0800] "GET /InternetTrading/longpoll/13511?X-Atmosphere-tracking-id=0&X-Atmosphere-Framework=2.2.3-javascript&X-Atmosphere-Transport=long-polling&X-Atmosphere-TrackMessageSize=true&Content-Type=charset%3Dutf-8&X-atmo-protocol=true&_=1771814492241 HTTP/1.1" 200 -
14.0.170.98 - - [23/Feb/2026:10:36:13 +0800] "POST /InternetTrading/SessionErrorLogger HTTP/1.1" 200 117
14.0.170.98 - - [23/Feb/2026:10:36:13 +0800] "POST /InternetTrading/Heartbeat HTTP/1.1" 200 32
14.0.170.98 - - [23/Feb/2026:10:36:13 +0800] "POST /InternetTrading/SessionErrorLogger HTTP/1.1" 200 117
14.0.170.98 - - [23/Feb/2026:10:36:13 +0800] "POST /InternetTrading/MarketStatus HTTP/1.1" 200 772
219.73.99.100 - - [23/Feb/2026:10:36:15 +0800] "GET /InternetTrading/longpoll/55136?X-Atmosphere-tracking-id=0&X-Atmosphere-Framework=2.2.3-javascript&X-Atmosphere-Transport=long-polling&X-Atmosphere-TrackMessageSize=true&Content-Type=charset%3Dutf-8&X-atmo-protocol=true&_=1771814494819 HTTP/1.1" 200 -
110.81.58.86 - - [23/Feb/2026:10:36:15 +0800] "GET /InternetTrading/longpoll/M8773?X-Atmosphere-tracking-id=0&X-Atmosphere-Framework=2.2.3-javascript&X-Atmosphere-Transport=long-polling&X-Atmosphere-TrackMessageSize=true&Content-Type=charset%3Dutf-8&X-atmo-protocol=true&_=1771814498265 HTTP/1.1" 200 -
14.0.170.98 - - [23/Feb/2026:10:36:17 +0800] "GET /InternetTrading/longpoll/A8127?X-Atmosphere-tracking-id=0&X-Atmosphere-Framework=2.2.3-javascript&X-Atmosphere-Transport=long-polling&X-Atmosphere-TrackMessageSize=true&Content-Type=charset%3Dutf-8&X-atmo-protocol=true&_=1771814496535 HTTP/1.1" 200 -
221.124.232.198 - - [23/Feb/2026:10:36:18 +0800] "GET /InternetTrading/longpoll/13511?X-Atmosphere-tracking-id=0&X-Atmosphere-Framework=2.2.3-javascript&X-Atmosphere-Transport=long-polling&X-Atmosphere-TrackMessageSize=true&Content-Type=charset%3Dutf-8&X-atmo-protocol=true&_=1771814498227 HTTP/1.1" 200 -
219.73.99.100 - - [23/Feb/2026:10:36:20 +0800] "GET /InternetTrading/longpoll/55136?X-Atmosphere-tracking-id=0&X-Atmosphere-Framework=2.2.3-javascript&X-Atmosphere-Transport=long-polling&X-Atmosphere-TrackMessageSize=true&Content-Type=charset%3Dutf-8&X-atmo-protocol=true&_=1771814500138 HTTP/1.1" 200 -
110.81.58.86 - - [23/Feb/2026:10:36:21 +0800] "GET /InternetTrading/longpoll/M8773?X-Atmosphere-tracking-id=0&X-Atmosphere-Framework=2.2.3-javascript&X-Atmosphere-Transport=long-polling&X-Atmosphere-TrackMessageSize=true&Content-Type=charset%3Dutf-8&X-atmo-protocol=true&_=1771814504264 HTTP/1.1" 200 -
14.0.170.98 - - [23/Feb/2026:10:36:22 +0800] "GET /InternetTrading/longpoll/A8127?X-Atmosphere-tracking-id=0&X-Atmosphere-Framework=2.2.3-javascript&X-Atmosphere-Transport=long-polling&X-Atmosphere-TrackMessageSize=true&Content-Type=charset%3Dutf-8&X-atmo-protocol=true&_=1771814501573 HTTP/1.1" 200 -
221.124.232.198 - - [23/Feb/2026:10:36:24 +0800] "GET /InternetTrading/longpoll/13511?X-Atmosphere-tracking-id=0&X-Atmosphere-Framework=2.2.3-javascript&X-Atmosphere-Transport=long-polling&X-Atmosphere-TrackMessageSize=true&Content-Type=charset%3Dutf-8&X-atmo-protocol=true&_=1771814504236 HTTP/1.1" 200 -
219.73.99.100 - - [23/Feb/2026:10:36:25 +0800] "GET /InternetTrading/longpoll/55136?X-Atmosphere-tracking-id=0&X-Atmosphere-Framework=2.2.3-javascript&X-Atmosphere-Transport=long-polling&X-Atmosphere-TrackMessageSize=true&Content-Type=charset%3Dutf-8&X-atmo-protocol=true&_=1771814505170 HTTP/1.1" 200 -
14.0.170.98 - - [23/Feb/2026:10:36:27 +0800] "GET /InternetTrading/longpoll/A8127?X-Atmosphere-tracking-id=0&X-Atmosphere-Framework=2.2.3-javascript&X-Atmosphere-Transport=long-polling&X-Atmosphere-TrackMessageSize=true&Content-Type=charset%3Dutf-8&X-atmo-protocol=true&_=1771814506689 HTTP/1.1" 200 -
110.81.58.86 - - [23/Feb/2026:10:36:27 +0800] "GET /InternetTrading/longpoll/M8773?X-Atmosphere-tracking-id=0&X-Atmosphere-Framework=2.2.3-javascript&X-Atmosphere-Transport=long-polling&X-Atmosphere-TrackMessageSize=true&Content-Type=charset%3Dutf-8&X-atmo-protocol=true&_=1771814510264 HTTP/1.1" 200 -
221.124.232.198 - - [23/Feb/2026:10:36:30 +0800] "GET /InternetTrading/longpoll/13511?X-Atmosphere-tracking-id=0&X-Atmosphere-Framework=2.2.3-javascript&X-Atmosphere-Transport=long-polling&X-Atmosphere-TrackMessageSize=true&Content-Type=charset%3Dutf-8&X-atmo-protocol=true&_=1771814510235 HTTP/1.1" 200 -
219.73.99.100 - - [23/Feb/2026:10:36:30 +0800] "GET /InternetTrading/longpoll/55136?X-Atmosphere-tracking-id=0&X-Atmosphere-Framework=2.2.3-javascript&X-Atmosphere-Transport=long-polling&X-Atmosphere-TrackMessageSize=true&Content-Type=charset%3Dutf-8&X-atmo-protocol=true&_=1771814510215 HTTP/1.1" 200 -
14.0.170.98 - - [23/Feb/2026:10:36:32 +0800] "GET /InternetTrading/longpoll/A8127?X-Atmosphere-tracking-id=0&X-Atmosphere-Framework=2.2.3-javascript&X-Atmosphere-Transport=long-polling&X-Atmosphere-TrackMessageSize=true&Content-Type=charset%3Dutf-8&X-atmo-protocol=true&_=1771814511889 HTTP/1.1" 200 -
219.73.99.100 - - [23/Feb/2026:10:36:33 +0800] "POST /InternetTrading/SessionErrorLogger HTTP/1.1" 200 117
219.73.99.100 - - [23/Feb/2026:10:36:33 +0800] "POST /InternetTrading/Heartbeat HTTP/1.1" 200 32
110.81.58.86 - - [23/Feb/2026:10:36:33 +0800] "GET /InternetTrading/longpoll/M8773?X-Atmosphere-tracking-id=0&X-Atmosphere-Framework=2.2.3-javascript&X-Atmosphere-Transport=long-polling&X-Atmosphere-TrackMessageSize=true&Content-Type=charset%3Dutf-8&X-atmo-protocol=true&_=1771814516265 HTTP/1.1" 200 -
219.73.99.100 - - [23/Feb/2026:10:36:35 +0800] "POST /InternetTrading/SessionErrorLogger HTTP/1.1" 200 117
219.73.99.100 - - [23/Feb/2026:10:36:35 +0800] "POST /InternetTrading/MarketStatus HTTP/1.1" 200 772
219.73.99.100 - - [23/Feb/2026:10:36:35 +0800] "GET /InternetTrading/longpoll/55136?X-Atmosphere-tracking-id=0&X-Atmosphere-Framework=2.2.3-javascript&X-Atmosphere-Transport=long-polling&X-Atmosphere-TrackMessageSize=true&Content-Type=charset%3Dutf-8&X-atmo-protocol=true&_=1771814515260 HTTP/1.1" 200 -
221.124.232.198 - - [23/Feb/2026:10:36:36 +0800] "GET /InternetTrading/longpoll/13511?X-Atmosphere-tracking-id=0&X-Atmosphere-Framework=2.2.3-javascript&X-Atmosphere-Transport=long-polling&X-Atmosphere-TrackMessageSize=true&Content-Type=charset%3Dutf-8&X-atmo-protocol=true&_=1771814516238 HTTP/1.1" 200 -
14.0.170.98 - - [23/Feb/2026:10:36:37 +0800] "GET /InternetTrading/longpoll/A8127?X-Atmosphere-tracking-id=0&X-Atmosphere-Framework=2.2.3-javascript&X-Atmosphere-Transport=long-polling&X-Atmosphere-TrackMessageSize=true&Content-Type=charset%3Dutf-8&X-atmo-protocol=true&_=1771814516990 HTTP/1.1" 200 -
110.81.58.86 - - [23/Feb/2026:10:36:39 +0800] "GET /InternetTrading/longpoll/M8773?X-Atmosphere-tracking-id=0&X-Atmosphere-Framework=2.2.3-javascript&X-Atmosphere-Transport=long-polling&X-Atmosphere-TrackMessageSize=true&Content-Type=charset%3Dutf-8&X-atmo-protocol=true&_=1771814522264 HTTP/1.1" 200 -
219.73.99.100 - - [23/Feb/2026:10:36:40 +0800] "GET /InternetTrading/longpoll/55136?X-Atmosphere-tracking-id=0&X-Atmosphere-Framework=2.2.3-javascript&X-Atmosphere-Transport=long-polling&X-Atmosphere-TrackMessageSize=true&Content-Type=charset%3Dutf-8&X-atmo-protocol=true&_=1771814520289 HTTP/1.1" 200 -
221.124.232.198 - - [23/Feb/2026:10:36:42 +0800] "POST /InternetTrading/SessionErrorLogger HTTP/1.1" 200 117
221.124.232.198 - - [23/Feb/2026:10:36:42 +0800] "POST /InternetTrading/Heartbeat HTTP/1.1" 200 32
221.124.232.198 - - [23/Feb/2026:10:36:42 +0800] "POST /InternetTrading/SessionErrorLogger HTTP/1.1" 200 117
221.124.232.198 - - [23/Feb/2026:10:36:42 +0800] "GET /InternetTrading/longpoll/13511?X-Atmosphere-tracking-id=0&X-Atmosphere-Framework=2.2.3-javascript&X-Atmosphere-Transport=long-polling&X-Atmosphere-TrackMessageSize=true&Content-Type=charset%3Dutf-8&X-atmo-protocol=true&_=1771814521901 HTTP/1.1" 200 -
221.124.232.198 - - [23/Feb/2026:10:36:42 +0800] "POST /InternetTrading/MarketStatus HTTP/1.1" 200 772
14.0.170.98 - - [23/Feb/2026:10:36:42 +0800] "GET /InternetTrading/longpoll/A8127?X-Atmosphere-tracking-id=0&X-Atmosphere-Framework=2.2.3-javascript&X-Atmosphere-Transport=long-polling&X-Atmosphere-TrackMessageSize=true&Content-Type=charset%3Dutf-8&X-atmo-protocol=true&_=1771814522108 HTTP/1.1" 200 -
14.0.170.98 - - [23/Feb/2026:10:36:43 +0800] "POST /InternetTrading/SessionErrorLogger HTTP/1.1" 200 117
14.0.170.98 - - [23/Feb/2026:10:36:43 +0800] "POST /InternetTrading/Heartbeat HTTP/1.1" 200 32
14.0.170.98 - - [23/Feb/2026:10:36:43 +0800] "POST /InternetTrading/SessionErrorLogger HTTP/1.1" 200 117
14.0.170.98 - - [23/Feb/2026:10:36:43 +0800] "POST /InternetTrading/MarketStatus HTTP/1.1" 200 772
219.73.99.100 - - [23/Feb/2026:10:36:45 +0800] "GET /InternetTrading/longpoll/55136?X-Atmosphere-tracking-id=0&X-Atmosphere-Framework=2.2.3-javascript&X-Atmosphere-Transport=long-polling&X-Atmosphere-TrackMessageSize=true&Content-Type=charset%3Dutf-8&X-atmo-protocol=true&_=1771814525310 HTTP/1.1" 200 -
110.81.58.86 - - [23/Feb/2026:10:36:45 +0800] "GET /InternetTrading/longpoll/M8773?X-Atmosphere-tracking-id=0&X-Atmosphere-Framework=2.2.3-javascript&X-Atmosphere-Transport=long-polling&X-Atmosphere-TrackMessageSize=true&Content-Type=charset%3Dutf-8&X-atmo-protocol=true&_=1771814528264 HTTP/1.1" 200 -
221.124.232.198 - - [23/Feb/2026:10:36:47 +0800] "GET /InternetTrading/longpoll/13511?X-Atmosphere-tracking-id=0&X-Atmosphere-Framework=2.2.3-javascript&X-Atmosphere-Transport=long-polling&X-Atmosphere-TrackMessageSize=true&Content-Type=charset%3Dutf-8&X-atmo-protocol=true&_=1771814527229 HTTP/1.1" 200 -
14.0.170.98 - - [23/Feb/2026:10:36:47 +0800] "GET /InternetTrading/longpoll/A8127?X-Atmosphere-tracking-id=0&X-Atmosphere-Framework=2.2.3-javascript&X-Atmosphere-Transport=long-polling&X-Atmosphere-TrackMessageSize=true&Content-Type=charset%3Dutf-8&X-atmo-protocol=true&_=1771814527217 HTTP/1.1" 200 -
146.75.187.10 - - [23/Feb/2026:10:36:50 +0800] "GET /InternetTrading/tc/login.html HTTP/1.1" 200 1755
146.75.187.10 - - [23/Feb/2026:10:36:50 +0800] "GET /InternetTrading/tc/style.css?v=20200819161914 HTTP/1.1" 200 1435
146.75.187.10 - - [23/Feb/2026:10:36:50 +0800] "GET /InternetTrading/tc/style_common.css?v=20200819161914 HTTP/1.1" 200 2540
146.75.187.10 - - [23/Feb/2026:10:36:50 +0800] "GET /InternetTrading/jquery/additional-methods.js HTTP/1.1" 200 2238
104.28.67.173 - - [23/Feb/2026:10:36:50 +0800] "GET /InternetTrading/jquery/jquery-migrate-3.0.0.js HTTP/1.1" 200 4963
104.28.67.173 - - [23/Feb/2026:10:36:50 +0800] "GET /InternetTrading/jquery/jquery-3.3.1.js HTTP/1.1" 200 80650
104.28.67.173 - - [23/Feb/2026:10:36:50 +0800] "GET /InternetTrading/jquery/jquery.timer-0.9.16.js HTTP/1.1" 200 542
146.75.187.10 - - [23/Feb/2026:10:36:50 +0800] "GET /InternetTrading/jquery/jquery.blockUI-2.66.0.js HTTP/1.1" 200 6651
104.28.67.173 - - [23/Feb/2026:10:36:50 +0800] "GET /InternetTrading/jquery/jquery.form-3.46.0.js HTTP/1.1" 200 5673
104.28.67.173 - - [23/Feb/2026:10:36:50 +0800] "GET /InternetTrading/jquery/jquery.validate-1.11.1.js HTTP/1.1" 200 7041
146.75.187.10 - - [23/Feb/2026:10:36:50 +0800] "GET /InternetTrading/jquery/jquery-ui-personalized-1.6rc2.min.js HTTP/1.1" 200 55543
146.75.187.10 - - [23/Feb/2026:10:36:50 +0800] "GET /InternetTrading/jquery/jquery.getParams.js HTTP/1.1" 200 587
104.28.67.173 - - [23/Feb/2026:10:36:50 +0800] "GET /InternetTrading/js/haitong.js?jsv=20200819161914 HTTP/1.1" 200 3881
104.28.67.173 - - [23/Feb/2026:10:36:50 +0800] "GET /InternetTrading/js/constants.js?jsv=20200819161914 HTTP/1.1" 200 400
104.28.67.173 - - [23/Feb/2026:10:36:50 +0800] "GET /InternetTrading/tc/user/translation.js?jsv=20200819161914 HTTP/1.1" 200 12818
104.28.67.173 - - [23/Feb/2026:10:36:50 +0800] "GET /InternetTrading/js/rsautil.js?jsv=20200819161914 HTTP/1.1" 200 1017
146.75.187.10 - - [23/Feb/2026:10:36:50 +0800] "GET /InternetTrading/js/util.js?jsv=20200819161914 HTTP/1.1" 200 6636
104.28.67.173 - - [23/Feb/2026:10:36:50 +0800] "GET /InternetTrading/js/version.js?jsv=20200819161914 HTTP/1.1" 200 85
146.75.187.10 - - [23/Feb/2026:10:36:50 +0800] "GET /InternetTrading/js/init.js?jsv=20200819161914 HTTP/1.1" 200 886
104.28.67.173 - - [23/Feb/2026:10:36:50 +0800] "GET /InternetTrading/js/string_extend.js?jsv=20200819161914 HTTP/1.1" 200 272
104.28.67.173 - - [23/Feb/2026:10:36:50 +0800] "GET /InternetTrading/js/login.js?jsv=20200819161914 HTTP/1.1" 200 1684
104.28.67.173 - - [23/Feb/2026:10:36:50 +0800] "GET /InternetTrading/tc/user/custom_variables.js?jsv=20200819161914 HTTP/1.1" 200 275
146.75.187.10 - - [23/Feb/2026:10:36:50 +0800] "GET /InternetTrading/js/pidcrypt.js?jsv=20200819161914 HTTP/1.1" 200 982
104.28.67.173 - - [23/Feb/2026:10:36:50 +0800] "GET /InternetTrading/js/pidcrypt_util.js?jsv=20200819161914 HTTP/1.1" 200 1206
104.28.67.173 - - [23/Feb/2026:10:36:50 +0800] "GET /InternetTrading/js/aes_core.js?jsv=20200819161914 HTTP/1.1" 200 2106
104.28.67.173 - - [23/Feb/2026:10:36:50 +0800] "GET /InternetTrading/js/aes_cbc.js?jsv=20200819161914 HTTP/1.1" 200 2043
104.28.67.173 - - [23/Feb/2026:10:36:50 +0800] "GET /InternetTrading/js/asn1.js?jsv=20200819161914 HTTP/1.1" 200 3099
146.75.187.10 - - [23/Feb/2026:10:36:50 +0800] "GET /InternetTrading/js/md5.js?jsv=20200819161914 HTTP/1.1" 200 1730
104.28.67.173 - - [23/Feb/2026:10:36:50 +0800] "GET /InternetTrading/js/prng4.js?jsv=20200819161914 HTTP/1.1" 200 303
104.28.67.173 - - [23/Feb/2026:10:36:50 +0800] "GET /InternetTrading/js/rng.js?jsv=20200819161914 HTTP/1.1" 200 481
104.28.67.173 - - [23/Feb/2026:10:36:50 +0800] "GET /InternetTrading/js/jsbn.js?jsv=20200819161914 HTTP/1.1" 200 6736
110.81.58.86 - - [23/Feb/2026:10:36:50 +0800] "POST /InternetTrading/SessionErrorLogger HTTP/1.1" 200 117
219.73.99.100 - - [23/Feb/2026:10:36:50 +0800] "GET /InternetTrading/longpoll/55136?X-Atmosphere-tracking-id=0&X-Atmosphere-Framework=2.2.3-javascript&X-Atmosphere-Transport=long-polling&X-Atmosphere-TrackMessageSize=true&Content-Type=charset%3Dutf-8&X-atmo-protocol=true&_=1771814530341 HTTP/1.1" 200 -
110.81.58.86 - - [23/Feb/2026:10:36:50 +0800] "POST /InternetTrading/Heartbeat HTTP/1.1" 200 32
110.81.58.86 - - [23/Feb/2026:10:36:50 +0800] "POST /InternetTrading/SessionErrorLogger HTTP/1.1" 200 117
104.28.67.173 - - [23/Feb/2026:10:36:50 +0800] "GET /InternetTrading/js/rsa.js?jsv=20200819161914 HTTP/1.1" 200 1658
146.75.187.10 - - [23/Feb/2026:10:36:50 +0800] "GET /InternetTrading/js/sha256.js?jsv=20200819161914 HTTP/1.1" 200 1362
146.75.187.10 - - [23/Feb/2026:10:36:50 +0800] "GET /InternetTrading/tc/images/bg_login.jpg HTTP/1.1" 200 29296
104.28.67.173 - - [23/Feb/2026:10:36:50 +0800] "POST /InternetTrading/SystemMaintenanceCheck HTTP/1.1" 200 119
104.28.67.173 - - [23/Feb/2026:10:36:50 +0800] "GET /InternetTrading/tc/dialog.html?1771814530518 HTTP/1.1" 200 3188
110.81.58.86 - - [23/Feb/2026:10:36:50 +0800] "POST /InternetTrading/MarketStatus HTTP/1.1" 200 772
104.28.67.173 - - [23/Feb/2026:10:36:50 +0800] "GET /InternetTrading/tc/images/favicon.ico HTTP/1.1" 404 682
110.81.58.86 - - [23/Feb/2026:10:36:51 +0800] "GET /InternetTrading/longpoll/M8773?X-Atmosphere-tracking-id=0&X-Atmosphere-Framework=2.2.3-javascript&X-Atmosphere-Transport=long-polling&X-Atmosphere-TrackMessageSize=true&Content-Type=charset%3Dutf-8&X-atmo-protocol=true&_=1771814534264 HTTP/1.1" 200 -
14.0.170.98 - - [23/Feb/2026:10:36:53 +0800] "GET /InternetTrading/longpoll/A8127?X-Atmosphere-tracking-id=0&X-Atmosphere-Framework=2.2.3-javascript&X-Atmosphere-Transport=long-polling&X-Atmosphere-TrackMessageSize=true&Content-Type=charset%3Dutf-8&X-atmo-protocol=true&_=1771814532379 HTTP/1.1" 200 -
221.124.232.198 - - [23/Feb/2026:10:36:53 +0800] "GET /InternetTrading/longpoll/13511?X-Atmosphere-tracking-id=0&X-Atmosphere-Framework=2.2.3-javascript&X-Atmosphere-Transport=long-polling&X-Atmosphere-TrackMessageSize=true&Content-Type=charset%3Dutf-8&X-atmo-protocol=true&_=1771814533241 HTTP/1.1" 200 -
219.73.99.100 - - [23/Feb/2026:10:36:55 +0800] "GET /InternetTrading/longpoll/55136?X-Atmosphere-tracking-id=0&X-Atmosphere-Framework=2.2.3-javascript&X-Atmosphere-Transport=long-polling&X-Atmosphere-TrackMessageSize=true&Content-Type=charset%3Dutf-8&X-atmo-protocol=true&_=1771814535382 HTTP/1.1" 200 -
110.81.58.86 - - [23/Feb/2026:10:36:57 +0800] "GET /InternetTrading/longpoll/M8773?X-Atmosphere-tracking-id=0&X-Atmosphere-Framework=2.2.3-javascript&X-Atmosphere-Transport=long-polling&X-Atmosphere-TrackMessageSize=true&Content-Type=charset%3Dutf-8&X-atmo-protocol=true&_=1771814540264 HTTP/1.1" 200 -
14.0.170.98 - - [23/Feb/2026:10:36:58 +0800] "GET /InternetTrading/longpoll/A8127?X-Atmosphere-tracking-id=0&X-Atmosphere-Framework=2.2.3-javascript&X-Atmosphere-Transport=long-polling&X-Atmosphere-TrackMessageSize=true&Content-Type=charset%3Dutf-8&X-atmo-protocol=true&_=1771814537651 HTTP/1.1" 200 -
221.124.232.198 - - [23/Feb/2026:10:36:59 +0800] "GET /InternetTrading/longpoll/13511?X-Atmosphere-tracking-id=0&X-Atmosphere-Framework=2.2.3-javascript&X-Atmosphere-Transport=long-polling&X-Atmosphere-TrackMessageSize=true&Content-Type=charset%3Dutf-8&X-atmo-protocol=true&_=1771814539228 HTTP/1.1" 200 -
219.73.99.100 - - [23/Feb/2026:10:37:00 +0800] "GET /InternetTrading/longpoll/55136?X-Atmosphere-tracking-id=0&X-Atmosphere-Framework=2.2.3-javascript&X-Atmosphere-Transport=long-polling&X-Atmosphere-TrackMessageSize=true&Content-Type=charset%3Dutf-8&X-atmo-protocol=true&_=1771814540431 HTTP/1.1" 200 -
219.73.99.100 - - [23/Feb/2026:10:37:03 +0800] "POST /InternetTrading/SessionErrorLogger HTTP/1.1" 200 117
219.73.99.100 - - [23/Feb/2026:10:37:03 +0800] "POST /InternetTrading/Heartbeat HTTP/1.1" 200 32
14.0.170.98 - - [23/Feb/2026:10:37:03 +0800] "GET /InternetTrading/longpoll/A8127?X-Atmosphere-tracking-id=0&X-Atmosphere-Framework=2.2.3-javascript&X-Atmosphere-Transport=long-polling&X-Atmosphere-TrackMessageSize=true&Content-Type=charset%3Dutf-8&X-atmo-protocol=true&_=1771814542786 HTTP/1.1" 200 -
110.81.58.86 - - [23/Feb/2026:10:37:03 +0800] "GET /InternetTrading/longpoll/M8773?X-Atmosphere-tracking-id=0&X-Atmosphere-Framework=2.2.3-javascript&X-Atmosphere-Transport=long-polling&X-Atmosphere-TrackMessageSize=true&Content-Type=charset%3Dutf-8&X-atmo-protocol=true&_=1771814546264 HTTP/1.1" 200 -
221.124.232.198 - - [23/Feb/2026:10:37:05 +0800] "GET /InternetTrading/longpoll/13511?X-Atmosphere-tracking-id=0&X-Atmosphere-Framework=2.2.3-javascript&X-Atmosphere-Transport=long-polling&X-Atmosphere-TrackMessageSize=true&Content-Type=charset%3Dutf-8&X-atmo-protocol=true&_=1771814545235 HTTP/1.1" 200 -
219.73.99.100 - - [23/Feb/2026:10:37:05 +0800] "POST /InternetTrading/SessionErrorLogger HTTP/1.1" 200 117
219.73.99.100 - - [23/Feb/2026:10:37:05 +0800] "POST /InternetTrading/MarketStatus HTTP/1.1" 200 772
219.73.99.100 - - [23/Feb/2026:10:37:05 +0800] "GET /InternetTrading/longpoll/55136?X-Atmosphere-tracking-id=0&X-Atmosphere-Framework=2.2.3-javascript&X-Atmosphere-Transport=long-polling&X-Atmosphere-TrackMessageSize=true&Content-Type=charset%3Dutf-8&X-atmo-protocol=true&_=1771814545445 HTTP/1.1" 200 -
104.28.67.173 - - [23/Feb/2026:10:37:07 +0800] "POST /InternetTrading/CheckIsEnableRSA HTTP/1.1" 200 1
104.28.67.173 - - [23/Feb/2026:10:37:07 +0800] "POST /InternetTrading/CheckPwEncryptType HTTP/1.1" 200 -
104.28.67.173 - - [23/Feb/2026:10:37:07 +0800] "POST /InternetTrading/LoginKey HTTP/1.1" 200 -
104.28.67.173 - - [23/Feb/2026:10:37:07 +0800] "GET /InternetTrading/jquery/wait.gif HTTP/1.1" 200 432
14.0.170.98 - - [23/Feb/2026:10:37:08 +0800] "GET /InternetTrading/longpoll/A8127?X-Atmosphere-tracking-id=0&X-Atmosphere-Framework=2.2.3-javascript&X-Atmosphere-Transport=long-polling&X-Atmosphere-TrackMessageSize=true&Content-Type=charset%3Dutf-8&X-atmo-protocol=true&_=1771814547891 HTTP/1.1" 200 -
104.28.67.173 - - [23/Feb/2026:10:37:07 +0800] "POST /InternetTrading/Login HTTP/1.1" 200 437
110.81.58.86 - - [23/Feb/2026:10:37:09 +0800] "GET /InternetTrading/longpoll/M8773?X-Atmosphere-tracking-id=0&X-Atmosphere-Framework=2.2.3-javascript&X-Atmosphere-Transport=long-polling&X-Atmosphere-TrackMessageSize=true&Content-Type=charset%3Dutf-8&X-atmo-protocol=true&_=1771814552264 HTTP/1.1" 200 -
219.73.99.100 - - [23/Feb/2026:10:37:10 +0800] "GET /InternetTrading/longpoll/55136?X-Atmosphere-tracking-id=0&X-Atmosphere-Framework=2.2.3-javascript&X-Atmosphere-Transport=long-polling&X-Atmosphere-TrackMessageSize=true&Content-Type=charset%3Dutf-8&X-atmo-protocol=true&_=1771814550475 HTTP/1.1" 200 -
221.124.232.198 - - [23/Feb/2026:10:37:11 +0800] "GET /InternetTrading/longpoll/13511?X-Atmosphere-tracking-id=0&X-Atmosphere-Framework=2.2.3-javascript&X-Atmosphere-Transport=long-polling&X-Atmosphere-TrackMessageSize=true&Content-Type=charset%3Dutf-8&X-atmo-protocol=true&_=1771814551237 HTTP/1.1" 200 -
104.28.67.173 - - [23/Feb/2026:10:37:11 +0800] "GET /InternetTrading/tc/2FA_authentication.html?language=tc&version=HTML HTTP/1.1" 200 1468
104.28.67.173 - - [23/Feb/2026:10:37:11 +0800] "GET /InternetTrading/tc/style.css?v=20200819161914 HTTP/1.1" 200 1435
104.28.67.173 - - [23/Feb/2026:10:37:11 +0800] "GET /InternetTrading/tc/style_common.css?v=20200819161914 HTTP/1.1" 200 2540
104.28.67.173 - - [23/Feb/2026:10:37:11 +0800] "GET /InternetTrading/jquery/additional-methods.js HTTP/1.1" 200 2238
104.28.67.173 - - [23/Feb/2026:10:37:11 +0800] "GET /InternetTrading/jquery/jquery.validate-1.11.1.js HTTP/1.1" 200 7041
104.28.67.173 - - [23/Feb/2026:10:37:11 +0800] "GET /InternetTrading/jquery/jquery.blockUI-2.66.0-iAsiaEdition.js HTTP/1.1" 200 6651
104.28.67.173 - - [23/Feb/2026:10:37:11 +0800] "GET /InternetTrading/jquery/jquery.timer-0.9.16.js HTTP/1.1" 200 542
104.28.67.173 - - [23/Feb/2026:10:37:11 +0800] "GET /InternetTrading/jquery/jquery.getParams.js HTTP/1.1" 200 587
104.28.67.173 - - [23/Feb/2026:10:37:11 +0800] "GET /InternetTrading/js/constants.js?jsv=20200819161914 HTTP/1.1" 200 400
104.28.67.173 - - [23/Feb/2026:10:37:11 +0800] "GET /InternetTrading/tc/user/translation.js?jsv=20200819161914 HTTP/1.1" 200 12818
104.28.67.173 - - [23/Feb/2026:10:37:11 +0800] "GET /InternetTrading/js/haitong.js?jsv=20200819161914 HTTP/1.1" 200 3881
104.28.67.173 - - [23/Feb/2026:10:37:12 +0800] "GET /InternetTrading/js/util.js?jsv=20200819161914 HTTP/1.1" 200 6636
221.124.232.198 - - [23/Feb/2026:10:37:12 +0800] "POST /InternetTrading/SessionErrorLogger HTTP/1.1" 200 117
221.124.232.198 - - [23/Feb/2026:10:37:12 +0800] "POST /InternetTrading/Heartbeat HTTP/1.1" 200 32
221.124.232.198 - - [23/Feb/2026:10:37:12 +0800] "POST /InternetTrading/SessionErrorLogger HTTP/1.1" 200 117
221.124.232.198 - - [23/Feb/2026:10:37:12 +0800] "POST /InternetTrading/MarketStatus HTTP/1.1" 200 772
104.28.67.173 - - [23/Feb/2026:10:37:12 +0800] "GET /InternetTrading/tc/user/custom_variables.js?jsv=20200819161914 HTTP/1.1" 200 275
104.28.67.173 - - [23/Feb/2026:10:37:12 +0800] "GET /InternetTrading/js/init.js?jsv=20200819161914 HTTP/1.1" 200 886
104.28.67.173 - - [23/Feb/2026:10:37:12 +0800] "GET /InternetTrading/js/2fa.js?jsv=20200819161914 HTTP/1.1" 200 1953
104.28.67.173 - - [23/Feb/2026:10:37:12 +0800] "GET /InternetTrading/settings/webpage_settings.js?jsv=20200819161914 HTTP/1.1" 200 33
104.28.67.173 - - [23/Feb/2026:10:37:12 +0800] "GET /InternetTrading/js/login.js?jsv=20200819161914 HTTP/1.1" 200 1684
146.75.187.10 - - [23/Feb/2026:10:37:12 +0800] "GET /InternetTrading/jquery/jquery-migrate-3.0.0.js HTTP/1.1" 200 4963
146.75.187.10 - - [23/Feb/2026:10:37:12 +0800] "GET /InternetTrading/jquery/jquery-3.3.1.js HTTP/1.1" 200 80650
146.75.187.10 - - [23/Feb/2026:10:37:12 +0800] "GET /InternetTrading/jquery/jquery.form-3.46.0.js HTTP/1.1" 200 5673
146.75.187.10 - - [23/Feb/2026:10:37:13 +0800] "GET /InternetTrading/jquery/jquery-ui-1.10.3.js HTTP/1.1" 200 69642
104.28.67.173 - - [23/Feb/2026:10:37:13 +0800] "GET /InternetTrading/tc/images/logo.png HTTP/1.1" 200 7042
104.28.67.173 - - [23/Feb/2026:10:37:13 +0800] "GET /InternetTrading/tc/dialog.html?1771814552813 HTTP/1.1" 200 3188
146.75.187.10 - - [23/Feb/2026:10:37:13 +0800] "GET /InternetTrading/jquery/wait.gif HTTP/1.1" 200 432
146.75.187.10 - - [23/Feb/2026:10:37:13 +0800] "POST /InternetTrading/SystemMaintenanceCheck HTTP/1.1" 200 119
146.75.187.10 - - [23/Feb/2026:10:37:13 +0800] "POST /InternetTrading/Get2FAInfoService HTTP/1.1" 200 109
146.75.187.10 - - [23/Feb/2026:10:37:13 +0800] "POST /InternetTrading/SystemMaintenanceCheck HTTP/1.1" 200 119
104.28.67.173 - - [23/Feb/2026:10:37:13 +0800] "GET /favicon.ico HTTP/1.1" 404 196
104.28.70.183 - - [23/Feb/2026:10:37:13 +0800] "GET /apple-touch-icon-precomposed.png HTTP/1.1" 404 196
14.0.170.98 - - [23/Feb/2026:10:37:13 +0800] "POST /InternetTrading/SessionErrorLogger HTTP/1.1" 200 117
104.28.70.171 - - [23/Feb/2026:10:37:13 +0800] "GET /apple-touch-icon.png HTTP/1.1" 404 196
104.28.70.178 - - [23/Feb/2026:10:37:13 +0800] "GET /favicon.ico HTTP/1.1" 404 196
14.0.170.98 - - [23/Feb/2026:10:37:13 +0800] "POST /InternetTrading/Heartbeat HTTP/1.1" 200 32
14.0.170.98 - - [23/Feb/2026:10:37:13 +0800] "POST /InternetTrading/SessionErrorLogger HTTP/1.1" 200 117
14.0.170.98 - - [23/Feb/2026:10:37:13 +0800] "POST /InternetTrading/MarketStatus HTTP/1.1" 200 772
14.0.170.98 - - [23/Feb/2026:10:37:13 +0800] "GET /InternetTrading/longpoll/A8127?X-Atmosphere-tracking-id=0&X-Atmosphere-Framework=2.2.3-javascript&X-Atmosphere-Transport=long-polling&X-Atmosphere-TrackMessageSize=true&Content-Type=charset%3Dutf-8&X-atmo-protocol=true&_=1771814553005 HTTP/1.1" 200 -
219.73.99.100 - - [23/Feb/2026:10:37:15 +0800] "GET /InternetTrading/longpoll/55136?X-Atmosphere-tracking-id=0&X-Atmosphere-Framework=2.2.3-javascript&X-Atmosphere-Transport=long-polling&X-Atmosphere-TrackMessageSize=true&Content-Type=charset%3Dutf-8&X-atmo-protocol=true&_=1771814555500 HTTP/1.1" 200 -
110.81.58.86 - - [23/Feb/2026:10:37:16 +0800] "GET /InternetTrading/longpoll/M8773?X-Atmosphere-tracking-id=0&X-Atmosphere-Framework=2.2.3-javascript&X-Atmosphere-Transport=long-polling&X-Atmosphere-TrackMessageSize=true&Content-Type=charset%3Dutf-8&X-atmo-protocol=true&_=1771814558272 HTTP/1.1" 200 -
221.124.232.198 - - [23/Feb/2026:10:37:17 +0800] "GET /InternetTrading/longpoll/13511?X-Atmosphere-tracking-id=0&X-Atmosphere-Framework=2.2.3-javascript&X-Atmosphere-Transport=long-polling&X-Atmosphere-TrackMessageSize=true&Content-Type=charset%3Dutf-8&X-atmo-protocol=true&_=1771814557233 HTTP/1.1" 200 -
219.73.99.100 - - [23/Feb/2026:10:37:18 +0800] "POST /InternetTrading/SessionErrorLogger HTTP/1.1" 200 117
219.73.99.100 - - [23/Feb/2026:10:37:18 +0800] "POST /InternetTrading/Orderbook HTTP/1.1" 200 94
219.73.99.100 - - [23/Feb/2026:10:37:18 +0800] "GET /InternetTrading/jquery/wait.gif HTTP/1.1" 200 432
14.0.170.98 - - [23/Feb/2026:10:37:18 +0800] "GET /InternetTrading/longpoll/A8127?X-Atmosphere-tracking-id=0&X-Atmosphere-Framework=2.2.3-javascript&X-Atmosphere-Transport=long-polling&X-Atmosphere-TrackMessageSize=true&Content-Type=charset%3Dutf-8&X-atmo-protocol=true&_=1771814558220 HTTP/1.1" 200 -
219.73.99.100 - - [23/Feb/2026:10:37:19 +0800] "GET /InternetTrading/jquery/wait.gif HTTP/1.1" 200 432
219.73.99.100 - - [23/Feb/2026:10:37:19 +0800] "POST /InternetTrading/SessionErrorLogger HTTP/1.1" 200 117
219.73.99.100 - - [23/Feb/2026:10:37:19 +0800] "POST /InternetTrading/Portfolio HTTP/1.1" 200 1623
104.28.70.171 - - [23/Feb/2026:10:37:19 +0800] "POST /InternetTrading/Verify2FAService HTTP/1.1" 200 404
104.28.70.171 - - [23/Feb/2026:10:37:20 +0800] "GET /InternetTrading/tc/main.html?language=tc&version=HTML HTTP/1.1" 200 3578
104.28.70.171 - - [23/Feb/2026:10:37:20 +0800] "GET /InternetTrading/jquery/ui.datepicker.css HTTP/1.1" 200 1145
104.28.70.171 - - [23/Feb/2026:10:37:20 +0800] "GET /InternetTrading/jquery/jquery-1.6.3.min.js HTTP/1.1" 200 32057
104.28.70.170 - - [23/Feb/2026:10:37:20 +0800] "GET /InternetTrading/jquery/jquery.tablesorter-theme.blue.css HTTP/1.1" 200 2083
104.28.70.172 - - [23/Feb/2026:10:37:20 +0800] "GET /InternetTrading/jquery/jquery-ui-1.10.3.css HTTP/1.1" 200 5283
104.28.70.178 - - [23/Feb/2026:10:37:20 +0800] "GET /InternetTrading/jquery/dragtable-2.0.9.css HTTP/1.1" 200 316
104.28.70.184 - - [23/Feb/2026:10:37:20 +0800] "GET /InternetTrading/tc/style.css?v=20200819161914 HTTP/1.1" 200 1435
104.28.70.184 - - [23/Feb/2026:10:37:20 +0800] "GET /InternetTrading/tc/style_common.css?v=20200819161914 HTTP/1.1" 200 2540
104.28.70.170 - - [23/Feb/2026:10:37:20 +0800] "GET /InternetTrading/jquery/jquery.ba-postmessage.js HTTP/1.1" 200 2990
104.28.70.171 - - [23/Feb/2026:10:37:20 +0800] "GET /InternetTrading/js/aastock.js HTTP/1.1" 200 553
104.28.70.178 - - [23/Feb/2026:10:37:20 +0800] "GET /InternetTrading/jquery/jquery-migrate-3.0.0.js HTTP/1.1" 200 4963
104.28.70.172 - - [23/Feb/2026:10:37:20 +0800] "GET /InternetTrading/jquery/jquery-3.3.1.js HTTP/1.1" 200 80650
104.28.70.184 - - [23/Feb/2026:10:37:20 +0800] "GET /InternetTrading/jquery/jquery-ui-1.10.3.js HTTP/1.1" 200 69642
104.28.70.170 - - [23/Feb/2026:10:37:20 +0800] "GET /InternetTrading/js/cache.js?jsv=20200819161914 HTTP/1.1" 200 940
104.28.70.178 - - [23/Feb/2026:10:37:20 +0800] "GET /InternetTrading/jquery/jquery.blockUI-2.66.0.js HTTP/1.1" 200 6651
104.28.70.171 - - [23/Feb/2026:10:37:20 +0800] "GET /InternetTrading/jquery/jquery.form-3.46.0.js HTTP/1.1" 200 5673
104.28.70.184 - - [23/Feb/2026:10:37:20 +0800] "GET /InternetTrading/js/atmosphere.js HTTP/1.1" 200 13461
104.28.70.172 - - [23/Feb/2026:10:37:20 +0800] "GET /InternetTrading/jquery/jquery.mousewheel-3.1.4.js HTTP/1.1" 200 822
104.28.70.178 - - [23/Feb/2026:10:37:20 +0800] "GET /InternetTrading/jquery/additional-methods.js HTTP/1.1" 200 2238
104.28.70.171 - - [23/Feb/2026:10:37:20 +0800] "GET /InternetTrading/jquery/jquery.tablesorter-2.14.5.js HTTP/1.1" 200 8901
104.28.70.170 - - [23/Feb/2026:10:37:20 +0800] "GET /InternetTrading/jquery/jquery.validate-1.11.1.js HTTP/1.1" 200 7041
104.28.70.184 - - [23/Feb/2026:10:37:20 +0800] "GET /InternetTrading/jquery/jquery.tablesorter.widgets-2.14.5.js HTTP/1.1" 200 8611
104.28.70.184 - - [23/Feb/2026:10:37:20 +0800] "GET /InternetTrading/jquery/jquery.combobox.packed.js HTTP/1.1" 200 3387
104.28.70.172 - - [23/Feb/2026:10:37:20 +0800] "GET /InternetTrading/jquery/jquery.timer-0.9.16.js HTTP/1.1" 200 542
104.28.70.178 - - [23/Feb/2026:10:37:20 +0800] "GET /InternetTrading/jquery/jquery.getParams.js HTTP/1.1" 200 587
104.28.70.171 - - [23/Feb/2026:10:37:20 +0800] "GET /InternetTrading/jquery/jquery.selectboxes.pack.js HTTP/1.1" 200 1640
104.28.70.170 - - [23/Feb/2026:10:37:20 +0800] "GET /InternetTrading/jquery/date.js HTTP/1.1" 200 2807
104.28.70.184 - - [23/Feb/2026:10:37:20 +0800] "GET /InternetTrading/jquery/globalize-0.1.0a1.js HTTP/1.1" 200 6984
104.28.70.184 - - [23/Feb/2026:10:37:20 +0800] "GET /InternetTrading/json/json2.js?jsv=20200819161914 HTTP/1.1" 200 1372
104.28.70.178 - - [23/Feb/2026:10:37:20 +0800] "GET /InternetTrading/settings/crm_display_settings.js?jsv=20200819161914 HTTP/1.1" 200 1781
104.28.70.172 - - [23/Feb/2026:10:37:20 +0800] "GET /InternetTrading/tc/user/translation.js?jsv=20200819161914 HTTP/1.1" 200 12818
104.28.70.170 - - [23/Feb/2026:10:37:20 +0800] "GET /InternetTrading/js/constants.js?jsv=20200819161914 HTTP/1.1" 200 400
104.28.70.171 - - [23/Feb/2026:10:37:20 +0800] "GET /InternetTrading/tc/user/custom_variables.js?jsv=20200819161914 HTTP/1.1" 200 275
104.28.70.178 - - [23/Feb/2026:10:37:20 +0800] "GET /InternetTrading/js/init.js?jsv=20200819161914 HTTP/1.1" 200 886
104.28.70.184 - - [23/Feb/2026:10:37:20 +0800] "GET /InternetTrading/js/haitong.js?jsv=20200819161914 HTTP/1.1" 200 3881
104.28.70.184 - - [23/Feb/2026:10:37:20 +0800] "GET /InternetTrading/js/util.js?jsv=20200819161914 HTTP/1.1" 200 6636
104.28.70.171 - - [23/Feb/2026:10:37:20 +0800] "GET /InternetTrading/js/rsautil.js?jsv=20200819161914 HTTP/1.1" 200 1017
104.28.70.170 - - [23/Feb/2026:10:37:20 +0800] "GET /InternetTrading/js/corporate.js?jsv=20200819161914 HTTP/1.1" 200 1575
104.28.70.178 - - [23/Feb/2026:10:37:20 +0800] "GET /InternetTrading/js/update_mdf.js?jsv=20200819161914 HTTP/1.1" 200 856
