104.28.70.178 - - [23/Feb/2026:10:42:02 +0800] "GET /InternetTrading/js/decimal.js HTTP/1.1" 200 13492
104.28.70.178 - - [23/Feb/2026:10:42:02 +0800] "GET /InternetTrading/GoodTillDateValidExch?fmt=js&jsv=20200819161914 HTTP/1.1" 200 29
104.28.70.178 - - [23/Feb/2026:10:42:02 +0800] "GET /InternetTrading/tc/images/logo.png HTTP/1.1" 200 7042
104.28.70.178 - - [23/Feb/2026:10:42:02 +0800] "GET /InternetTrading/tc/images/top_menu01.jpg HTTP/1.1" 200 3466
104.28.70.178 - - [23/Feb/2026:10:42:02 +0800] "GET /InternetTrading/tc/dialog.html?1771814842436 HTTP/1.1" 200 3188
104.28.70.178 - - [23/Feb/2026:10:42:02 +0800] "POST /InternetTrading/PopUpConfig HTTP/1.1" 200 2
104.28.70.178 - - [23/Feb/2026:10:42:02 +0800] "POST /InternetTrading/Heartbeat HTTP/1.1" 200 32
104.28.70.178 - - [23/Feb/2026:10:42:02 +0800] "GET /InternetTrading/tc/images/top_menu04.jpg HTTP/1.1" 200 3430
104.28.70.178 - - [23/Feb/2026:10:42:02 +0800] "GET /InternetTrading/tc/images/top_menu_logout.jpg HTTP/1.1" 200 1016
104.28.70.178 - - [23/Feb/2026:10:42:02 +0800] "POST /InternetTrading/CustomerInfoLite HTTP/1.1" 200 116
104.28.70.178 - - [23/Feb/2026:10:42:02 +0800] "GET /InternetTrading/images/top_bg3.jpg HTTP/1.1" 200 878
104.28.70.178 - - [23/Feb/2026:10:42:02 +0800] "GET /InternetTrading/images/top_bg1.jpg HTTP/1.1" 200 329
104.28.70.178 - - [23/Feb/2026:10:42:02 +0800] "GET /InternetTrading/tc/trade.html HTTP/1.1" 200 2113
104.28.70.178 - - [23/Feb/2026:10:42:02 +0800] "POST /InternetTrading/SpreadPriceCache HTTP/1.1" 200 1947
104.28.70.178 - - [23/Feb/2026:10:42:02 +0800] "GET /InternetTrading/images/top_bg2.jpg HTTP/1.1" 200 330
104.28.70.178 - - [23/Feb/2026:10:42:02 +0800] "GET /InternetTrading/tc/images/top_menu01_o.jpg HTTP/1.1" 200 3339
104.28.70.178 - - [23/Feb/2026:10:42:02 +0800] "GET /InternetTrading/jquery/wait.gif HTTP/1.1" 200 432
104.28.70.178 - - [23/Feb/2026:10:42:02 +0800] "GET /InternetTrading/tc/images/trade_point01.jpg HTTP/1.1" 200 358
104.28.70.178 - - [23/Feb/2026:10:42:02 +0800] "POST /InternetTrading/SessionErrorLogger HTTP/1.1" 200 117
14.0.170.98 - - [23/Feb/2026:10:42:02 +0800] "GET /InternetTrading/longpoll/A8127?X-Atmosphere-tracking-id=0&X-Atmosphere-Framework=2.2.3-javascript&X-Atmosphere-Transport=long-polling&X-Atmosphere-TrackMessageSize=true&Content-Type=charset%3Dutf-8&X-atmo-protocol=true&_=1771814842304 HTTP/1.1" 200 -
104.28.70.178 - - [23/Feb/2026:10:42:03 +0800] "GET /InternetTrading/tc/images/refresh.gif HTTP/1.1" 200 1145
104.28.70.178 - - [23/Feb/2026:10:42:03 +0800] "GET /InternetTrading/tc/buy_ticket.html? HTTP/1.1" 200 1995
104.28.70.178 - - [23/Feb/2026:10:42:03 +0800] "POST /InternetTrading/SessionErrorLogger HTTP/1.1" 200 117
104.28.70.178 - - [23/Feb/2026:10:42:03 +0800] "POST /InternetTrading/MarketStatus HTTP/1.1" 200 772
104.28.70.178 - - [23/Feb/2026:10:42:03 +0800] "POST /InternetTrading/SessionErrorLogger HTTP/1.1" 200 117
104.28.70.178 - - [23/Feb/2026:10:42:03 +0800] "GET /InternetTrading/tc/multi_currency_balance.html HTTP/1.1" 200 295
104.28.70.178 - - [23/Feb/2026:10:42:03 +0800] "GET /InternetTrading/tc/applet_dummy.html HTTP/1.1" 200 330
104.28.70.178 - - [23/Feb/2026:10:42:03 +0800] "GET /InternetTrading/jquery/images/ui-icons_222222_256x240.png HTTP/1.1" 200 6922
104.28.70.178 - - [23/Feb/2026:10:42:03 +0800] "POST /InternetTrading/SessionErrorLogger HTTP/1.1" 200 117
104.28.70.178 - - [23/Feb/2026:10:42:03 +0800] "GET /InternetTrading/jquery/images/ui-bg_flat_75_ffffff_40x100.png HTTP/1.1" 200 208
104.28.70.178 - - [23/Feb/2026:10:42:03 +0800] "POST /InternetTrading/MarketStatus HTTP/1.1" 200 772
104.28.70.178 - - [23/Feb/2026:10:42:03 +0800] "POST /InternetTrading/SessionErrorLogger HTTP/1.1" 200 117
104.28.70.178 - - [23/Feb/2026:10:42:03 +0800] "POST /InternetTrading/MarketStatus HTTP/1.1" 200 772
104.28.70.178 - - [23/Feb/2026:10:42:03 +0800] "POST /InternetTrading/SessionErrorLogger HTTP/1.1" 200 117
104.28.70.178 - - [23/Feb/2026:10:42:03 +0800] "POST /InternetTrading/GetLastLoginDate HTTP/1.1" 200 18
104.28.70.178 - - [23/Feb/2026:10:42:03 +0800] "POST /InternetTrading/SessionErrorLogger HTTP/1.1" 200 117
104.28.70.178 - - [23/Feb/2026:10:42:03 +0800] "GET /InternetTrading/tc/getpopupMsgName.jsp HTTP/1.1" 200 -
104.28.70.178 - - [23/Feb/2026:10:42:03 +0800] "GET /InternetTrading/Home/PostToAA.jsp?hl=tc HTTP/1.1" 200 287
219.73.99.100 - - [23/Feb/2026:10:42:03 +0800] "POST /InternetTrading/SessionErrorLogger HTTP/1.1" 200 117
219.73.99.100 - - [23/Feb/2026:10:42:03 +0800] "POST /InternetTrading/Heartbeat HTTP/1.1" 200 32
219.73.99.100 - - [23/Feb/2026:10:42:03 +0800] "GET /InternetTrading/longpoll/55136?X-Atmosphere-tracking-id=0&X-Atmosphere-Framework=2.2.3-javascript&X-Atmosphere-Transport=long-polling&X-Atmosphere-TrackMessageSize=true&Content-Type=charset%3Dutf-8&X-atmo-protocol=true&_=1771814843460 HTTP/1.1" 200 -
221.124.232.198 - - [23/Feb/2026:10:42:04 +0800] "GET /InternetTrading/longpoll/13511?X-Atmosphere-tracking-id=0&X-Atmosphere-Framework=2.2.3-javascript&X-Atmosphere-Transport=long-polling&X-Atmosphere-TrackMessageSize=true&Content-Type=charset%3Dutf-8&X-atmo-protocol=true&_=1771814844237 HTTP/1.1" 200 -
110.81.58.86 - - [23/Feb/2026:10:42:04 +0800] "GET /InternetTrading/longpoll/M8773?X-Atmosphere-tracking-id=0&X-Atmosphere-Framework=2.2.3-javascript&X-Atmosphere-Transport=long-polling&X-Atmosphere-TrackMessageSize=true&Content-Type=charset%3Dutf-8&X-atmo-protocol=true&_=1771814847507 HTTP/1.1" 200 -
104.28.70.178 - - [23/Feb/2026:10:42:05 +0800] "POST /InternetTrading/SessionErrorLogger HTTP/1.1" 200 117
220.246.38.37 - - [23/Feb/2026:10:42:05 +0800] "POST /InternetTrading/SessionErrorLogger HTTP/1.1" 200 117
104.28.70.178 - - [23/Feb/2026:10:42:05 +0800] "POST /InternetTrading/CustomerInfo HTTP/1.1" 200 208
220.246.38.37 - - [23/Feb/2026:10:42:05 +0800] "POST /InternetTrading/Heartbeat HTTP/1.1" 200 32
104.28.70.178 - - [23/Feb/2026:10:42:05 +0800] "POST /InternetTrading/SessionErrorLogger HTTP/1.1" 200 117
104.28.70.178 - - [23/Feb/2026:10:42:05 +0800] "GET /InternetTrading/tc/account_status.html HTTP/1.1" 200 426
104.28.70.178 - - [23/Feb/2026:10:42:05 +0800] "POST /InternetTrading/SessionErrorLogger HTTP/1.1" 200 117
104.28.70.178 - - [23/Feb/2026:10:42:05 +0800] "POST /InternetTrading/SessionErrorLogger HTTP/1.1" 200 117
104.28.70.178 - - [23/Feb/2026:10:42:05 +0800] "POST /InternetTrading/MarketStatus HTTP/1.1" 200 772
104.28.70.178 - - [23/Feb/2026:10:42:05 +0800] "POST /InternetTrading/SessionErrorLogger HTTP/1.1" 200 117
104.28.70.178 - - [23/Feb/2026:10:42:05 +0800] "POST /InternetTrading/LongPollingConfig HTTP/1.1" 200 4
104.28.70.178 - - [23/Feb/2026:10:42:05 +0800] "POST /InternetTrading/SessionErrorLogger HTTP/1.1" 200 117
104.28.70.178 - - [23/Feb/2026:10:42:05 +0800] "GET /InternetTrading/longpoll/56423?X-Atmosphere-tracking-id=0&X-Atmosphere-Framework=2.2.3-javascript&X-Atmosphere-Transport=long-polling&X-Atmosphere-TrackMessageSize=true&Content-Type=charset%3Dutf-8&X-atmo-protocol=true&_=1771814845039 HTTP/1.1" 200 -
104.28.70.178 - - [23/Feb/2026:10:42:05 +0800] "POST /InternetTrading/Portfolio HTTP/1.1" 200 1272
219.73.99.100 - - [23/Feb/2026:10:42:06 +0800] "POST /InternetTrading/SessionErrorLogger HTTP/1.1" 200 117
219.73.99.100 - - [23/Feb/2026:10:42:06 +0800] "POST /InternetTrading/MarketStatus HTTP/1.1" 200 772
220.246.38.37 - - [23/Feb/2026:10:42:07 +0800] "GET /InternetTrading/longpoll/54906?X-Atmosphere-tracking-id=0&X-Atmosphere-Framework=2.2.3-javascript&X-Atmosphere-Transport=long-polling&X-Atmosphere-TrackMessageSize=true&Content-Type=charset%3Dutf-8&X-atmo-protocol=true&_=1771814847018 HTTP/1.1" 200 -
220.246.38.37 - - [23/Feb/2026:10:42:07 +0800] "POST /InternetTrading/SessionErrorLogger HTTP/1.1" 200 117
220.246.38.37 - - [23/Feb/2026:10:42:07 +0800] "POST /InternetTrading/MarketStatus HTTP/1.1" 200 772
14.0.170.98 - - [23/Feb/2026:10:42:08 +0800] "GET /InternetTrading/longpoll/A8127?X-Atmosphere-tracking-id=0&X-Atmosphere-Framework=2.2.3-javascript&X-Atmosphere-Transport=long-polling&X-Atmosphere-TrackMessageSize=true&Content-Type=charset%3Dutf-8&X-atmo-protocol=true&_=1771814847489 HTTP/1.1" 200 -
219.73.99.100 - - [23/Feb/2026:10:42:08 +0800] "GET /InternetTrading/longpoll/55136?X-Atmosphere-tracking-id=0&X-Atmosphere-Framework=2.2.3-javascript&X-Atmosphere-Transport=long-polling&X-Atmosphere-TrackMessageSize=true&Content-Type=charset%3Dutf-8&X-atmo-protocol=true&_=1771814848493 HTTP/1.1" 200 -
110.81.58.86 - - [23/Feb/2026:10:42:10 +0800] "GET /InternetTrading/longpoll/M8773?X-Atmosphere-tracking-id=0&X-Atmosphere-Framework=2.2.3-javascript&X-Atmosphere-Transport=long-polling&X-Atmosphere-TrackMessageSize=true&Content-Type=charset%3Dutf-8&X-atmo-protocol=true&_=1771814852538 HTTP/1.1" 200 -
221.124.232.198 - - [23/Feb/2026:10:42:10 +0800] "GET /InternetTrading/longpoll/13511?X-Atmosphere-tracking-id=0&X-Atmosphere-Framework=2.2.3-javascript&X-Atmosphere-Transport=long-polling&X-Atmosphere-TrackMessageSize=true&Content-Type=charset%3Dutf-8&X-atmo-protocol=true&_=1771814850230 HTTP/1.1" 200 -
110.81.58.86 - - [23/Feb/2026:10:42:11 +0800] "POST /InternetTrading/SessionErrorLogger HTTP/1.1" 200 117
110.81.58.86 - - [23/Feb/2026:10:42:11 +0800] "POST /InternetTrading/Heartbeat HTTP/1.1" 200 32
220.246.38.37 - - [23/Feb/2026:10:42:12 +0800] "GET /InternetTrading/longpoll/54906?X-Atmosphere-tracking-id=0&X-Atmosphere-Framework=2.2.3-javascript&X-Atmosphere-Transport=long-polling&X-Atmosphere-TrackMessageSize=true&Content-Type=charset%3Dutf-8&X-atmo-protocol=true&_=1771814852038 HTTP/1.1" 200 -
14.0.170.98 - - [23/Feb/2026:10:42:13 +0800] "GET /InternetTrading/longpoll/A8127?X-Atmosphere-tracking-id=0&X-Atmosphere-Framework=2.2.3-javascript&X-Atmosphere-Transport=long-polling&X-Atmosphere-TrackMessageSize=true&Content-Type=charset%3Dutf-8&X-atmo-protocol=true&_=1771814852611 HTTP/1.1" 200 -
219.73.99.100 - - [23/Feb/2026:10:42:13 +0800] "GET /InternetTrading/longpoll/55136?X-Atmosphere-tracking-id=0&X-Atmosphere-Framework=2.2.3-javascript&X-Atmosphere-Transport=long-polling&X-Atmosphere-TrackMessageSize=true&Content-Type=charset%3Dutf-8&X-atmo-protocol=true&_=1771814853516 HTTP/1.1" 200 -
14.0.170.98 - - [23/Feb/2026:10:42:14 +0800] "POST /InternetTrading/SessionErrorLogger HTTP/1.1" 200 117
14.0.170.98 - - [23/Feb/2026:10:42:14 +0800] "POST /InternetTrading/Heartbeat HTTP/1.1" 200 32
14.0.170.98 - - [23/Feb/2026:10:42:14 +0800] "POST /InternetTrading/SessionErrorLogger HTTP/1.1" 200 117
14.0.170.98 - - [23/Feb/2026:10:42:14 +0800] "POST /InternetTrading/MarketStatus HTTP/1.1" 200 772
110.81.58.86 - - [23/Feb/2026:10:42:15 +0800] "GET /InternetTrading/longpoll/M8773?X-Atmosphere-tracking-id=0&X-Atmosphere-Framework=2.2.3-javascript&X-Atmosphere-Transport=long-polling&X-Atmosphere-TrackMessageSize=true&Content-Type=charset%3Dutf-8&X-atmo-protocol=true&_=1771814857701 HTTP/1.1" 200 -
110.81.58.86 - - [23/Feb/2026:10:42:15 +0800] "POST /InternetTrading/SessionErrorLogger HTTP/1.1" 200 117
110.81.58.86 - - [23/Feb/2026:10:42:15 +0800] "POST /InternetTrading/MarketStatus HTTP/1.1" 200 772
221.124.232.198 - - [23/Feb/2026:10:42:16 +0800] "GET /InternetTrading/longpoll/13511?X-Atmosphere-tracking-id=0&X-Atmosphere-Framework=2.2.3-javascript&X-Atmosphere-Transport=long-polling&X-Atmosphere-TrackMessageSize=true&Content-Type=charset%3Dutf-8&X-atmo-protocol=true&_=1771814856233 HTTP/1.1" 200 -
220.246.38.37 - - [23/Feb/2026:10:42:17 +0800] "GET /InternetTrading/longpoll/54906?X-Atmosphere-tracking-id=0&X-Atmosphere-Framework=2.2.3-javascript&X-Atmosphere-Transport=long-polling&X-Atmosphere-TrackMessageSize=true&Content-Type=charset%3Dutf-8&X-atmo-protocol=true&_=1771814857057 HTTP/1.1" 200 -
14.0.170.98 - - [23/Feb/2026:10:42:18 +0800] "GET /InternetTrading/longpoll/A8127?X-Atmosphere-tracking-id=0&X-Atmosphere-Framework=2.2.3-javascript&X-Atmosphere-Transport=long-polling&X-Atmosphere-TrackMessageSize=true&Content-Type=charset%3Dutf-8&X-atmo-protocol=true&_=1771814857732 HTTP/1.1" 200 -
219.73.99.100 - - [23/Feb/2026:10:42:18 +0800] "GET /InternetTrading/longpoll/55136?X-Atmosphere-tracking-id=0&X-Atmosphere-Framework=2.2.3-javascript&X-Atmosphere-Transport=long-polling&X-Atmosphere-TrackMessageSize=true&Content-Type=charset%3Dutf-8&X-atmo-protocol=true&_=1771814858555 HTTP/1.1" 200 -
110.81.58.86 - - [23/Feb/2026:10:42:20 +0800] "GET /InternetTrading/longpoll/M8773?X-Atmosphere-tracking-id=0&X-Atmosphere-Framework=2.2.3-javascript&X-Atmosphere-Transport=long-polling&X-Atmosphere-TrackMessageSize=true&Content-Type=charset%3Dutf-8&X-atmo-protocol=true&_=1771814862758 HTTP/1.1" 200 -
220.246.38.37 - - [23/Feb/2026:10:42:22 +0800] "GET /InternetTrading/longpoll/54906?X-Atmosphere-tracking-id=0&X-Atmosphere-Framework=2.2.3-javascript&X-Atmosphere-Transport=long-polling&X-Atmosphere-TrackMessageSize=true&Content-Type=charset%3Dutf-8&X-atmo-protocol=true&_=1771814862077 HTTP/1.1" 200 -
221.124.232.198 - - [23/Feb/2026:10:42:22 +0800] "GET /InternetTrading/longpoll/13511?X-Atmosphere-tracking-id=0&X-Atmosphere-Framework=2.2.3-javascript&X-Atmosphere-Transport=long-polling&X-Atmosphere-TrackMessageSize=true&Content-Type=charset%3Dutf-8&X-atmo-protocol=true&_=1771814862239 HTTP/1.1" 200 -
110.81.58.86 - - [23/Feb/2026:10:42:23 +0800] "POST /InternetTrading/SessionErrorLogger HTTP/1.1" 200 117
110.81.58.86 - - [23/Feb/2026:10:42:23 +0800] "POST /InternetTrading/LoginKey HTTP/1.1" 200 -
110.81.58.86 - - [23/Feb/2026:10:42:23 +0800] "POST /InternetTrading/PreOrder HTTP/1.1" 200 1179
14.0.170.98 - - [23/Feb/2026:10:42:23 +0800] "GET /InternetTrading/longpoll/A8127?X-Atmosphere-tracking-id=0&X-Atmosphere-Framework=2.2.3-javascript&X-Atmosphere-Transport=long-polling&X-Atmosphere-TrackMessageSize=true&Content-Type=charset%3Dutf-8&X-atmo-protocol=true&_=1771814862810 HTTP/1.1" 200 -
110.81.58.86 - - [23/Feb/2026:10:42:23 +0800] "GET /InternetTrading/jquery/wait.gif HTTP/1.1" 200 432
104.28.70.178 - - [23/Feb/2026:10:42:23 +0800] "GET /InternetTrading/longpoll/56423?X-Atmosphere-tracking-id=0&X-Atmosphere-Framework=2.2.3-javascript&X-Atmosphere-Transport=long-polling&X-Atmosphere-TrackMessageSize=true&Content-Type=charset%3Dutf-8&X-atmo-protocol=true&_=1771814863377 HTTP/1.1" 200 -
219.73.99.100 - - [23/Feb/2026:10:42:24 +0800] "GET /InternetTrading/longpoll/55136?X-Atmosphere-tracking-id=0&X-Atmosphere-Framework=2.2.3-javascript&X-Atmosphere-Transport=long-polling&X-Atmosphere-TrackMessageSize=true&Content-Type=charset%3Dutf-8&X-atmo-protocol=true&_=1771814863603 HTTP/1.1" 200 -
110.81.58.86 - - [23/Feb/2026:10:42:25 +0800] "GET /InternetTrading/longpoll/M8773?X-Atmosphere-tracking-id=0&X-Atmosphere-Framework=2.2.3-javascript&X-Atmosphere-Transport=long-polling&X-Atmosphere-TrackMessageSize=true&Content-Type=charset%3Dutf-8&X-atmo-protocol=true&_=1771814867965 HTTP/1.1" 200 -
220.246.38.37 - - [23/Feb/2026:10:42:27 +0800] "GET /InternetTrading/longpoll/54906?X-Atmosphere-tracking-id=0&X-Atmosphere-Framework=2.2.3-javascript&X-Atmosphere-Transport=long-polling&X-Atmosphere-TrackMessageSize=true&Content-Type=charset%3Dutf-8&X-atmo-protocol=true&_=1771814867095 HTTP/1.1" 200 -
221.124.232.198 - - [23/Feb/2026:10:42:28 +0800] "GET /InternetTrading/longpoll/13511?X-Atmosphere-tracking-id=0&X-Atmosphere-Framework=2.2.3-javascript&X-Atmosphere-Transport=long-polling&X-Atmosphere-TrackMessageSize=true&Content-Type=charset%3Dutf-8&X-atmo-protocol=true&_=1771814868231 HTTP/1.1" 200 -
14.0.170.98 - - [23/Feb/2026:10:42:28 +0800] "GET /InternetTrading/longpoll/A8127?X-Atmosphere-tracking-id=0&X-Atmosphere-Framework=2.2.3-javascript&X-Atmosphere-Transport=long-polling&X-Atmosphere-TrackMessageSize=true&Content-Type=charset%3Dutf-8&X-atmo-protocol=true&_=1771814867864 HTTP/1.1" 200 -
104.28.70.178 - - [23/Feb/2026:10:42:29 +0800] "GET /InternetTrading/longpoll/56423?X-Atmosphere-tracking-id=0&X-Atmosphere-Framework=2.2.3-javascript&X-Atmosphere-Transport=long-polling&X-Atmosphere-TrackMessageSize=true&Content-Type=charset%3Dutf-8&X-atmo-protocol=true&_=1771814868550 HTTP/1.1" 200 -
219.73.99.100 - - [23/Feb/2026:10:42:29 +0800] "GET /InternetTrading/longpoll/55136?X-Atmosphere-tracking-id=0&X-Atmosphere-Framework=2.2.3-javascript&X-Atmosphere-Transport=long-polling&X-Atmosphere-TrackMessageSize=true&Content-Type=charset%3Dutf-8&X-atmo-protocol=true&_=1771814868659 HTTP/1.1" 200 -
104.28.70.178 - - [23/Feb/2026:10:42:29 +0800] "POST /InternetTrading/SessionErrorLogger HTTP/1.1" 200 117
104.28.70.178 - - [23/Feb/2026:10:42:29 +0800] "POST /InternetTrading/Product HTTP/1.1" 200 310
110.81.58.86 - - [23/Feb/2026:10:42:30 +0800] "GET /InternetTrading/longpoll/M8773?X-Atmosphere-tracking-id=0&X-Atmosphere-Framework=2.2.3-javascript&X-Atmosphere-Transport=long-polling&X-Atmosphere-TrackMessageSize=true&Content-Type=charset%3Dutf-8&X-atmo-protocol=true&_=1771814873000 HTTP/1.1" 200 -
220.246.38.37 - - [23/Feb/2026:10:42:32 +0800] "GET /InternetTrading/longpoll/54906?X-Atmosphere-tracking-id=0&X-Atmosphere-Framework=2.2.3-javascript&X-Atmosphere-Transport=long-polling&X-Atmosphere-TrackMessageSize=true&Content-Type=charset%3Dutf-8&X-atmo-protocol=true&_=1771814872132 HTTP/1.1" 200 -
104.28.70.178 - - [23/Feb/2026:10:42:33 +0800] "POST /InternetTrading/SessionErrorLogger HTTP/1.1" 200 117
104.28.70.178 - - [23/Feb/2026:10:42:33 +0800] "POST /InternetTrading/Heartbeat HTTP/1.1" 200 32
104.28.70.178 - - [23/Feb/2026:10:42:33 +0800] "POST /InternetTrading/SessionErrorLogger HTTP/1.1" 200 117
104.28.70.178 - - [23/Feb/2026:10:42:33 +0800] "POST /InternetTrading/MarketStatus HTTP/1.1" 200 772
219.73.99.100 - - [23/Feb/2026:10:42:33 +0800] "POST /InternetTrading/SessionErrorLogger HTTP/1.1" 200 117
219.73.99.100 - - [23/Feb/2026:10:42:33 +0800] "POST /InternetTrading/Heartbeat HTTP/1.1" 200 32
14.0.170.98 - - [23/Feb/2026:10:42:33 +0800] "GET /InternetTrading/longpoll/A8127?X-Atmosphere-tracking-id=0&X-Atmosphere-Framework=2.2.3-javascript&X-Atmosphere-Transport=long-polling&X-Atmosphere-TrackMessageSize=true&Content-Type=charset%3Dutf-8&X-atmo-protocol=true&_=1771814873094 HTTP/1.1" 200 -
219.73.99.100 - - [23/Feb/2026:10:42:34 +0800] "GET /InternetTrading/longpoll/55136?X-Atmosphere-tracking-id=0&X-Atmosphere-Framework=2.2.3-javascript&X-Atmosphere-Transport=long-polling&X-Atmosphere-TrackMessageSize=true&Content-Type=charset%3Dutf-8&X-atmo-protocol=true&_=1771814873697 HTTP/1.1" 200 -
104.28.70.178 - - [23/Feb/2026:10:42:34 +0800] "GET /InternetTrading/longpoll/56423?X-Atmosphere-tracking-id=0&X-Atmosphere-Framework=2.2.3-javascript&X-Atmosphere-Transport=long-polling&X-Atmosphere-TrackMessageSize=true&Content-Type=charset%3Dutf-8&X-atmo-protocol=true&_=1771814873722 HTTP/1.1" 200 -
221.124.232.198 - - [23/Feb/2026:10:42:34 +0800] "GET /InternetTrading/longpoll/13511?X-Atmosphere-tracking-id=0&X-Atmosphere-Framework=2.2.3-javascript&X-Atmosphere-Transport=long-polling&X-Atmosphere-TrackMessageSize=true&Content-Type=charset%3Dutf-8&X-atmo-protocol=true&_=1771814874236 HTTP/1.1" 200 -
220.246.38.37 - - [23/Feb/2026:10:42:34 +0800] "-" 408 -
220.246.38.37 - - [23/Feb/2026:10:42:35 +0800] "POST /InternetTrading/SessionErrorLogger HTTP/1.1" 200 117
220.246.38.37 - - [23/Feb/2026:10:42:35 +0800] "POST /InternetTrading/Heartbeat HTTP/1.1" 200 32
110.81.58.86 - - [23/Feb/2026:10:42:35 +0800] "GET /InternetTrading/longpoll/M8773?X-Atmosphere-tracking-id=0&X-Atmosphere-Framework=2.2.3-javascript&X-Atmosphere-Transport=long-polling&X-Atmosphere-TrackMessageSize=true&Content-Type=charset%3Dutf-8&X-atmo-protocol=true&_=1771814878228 HTTP/1.1" 200 -
219.73.99.100 - - [23/Feb/2026:10:42:36 +0800] "POST /InternetTrading/SessionErrorLogger HTTP/1.1" 200 117
219.73.99.100 - - [23/Feb/2026:10:42:36 +0800] "POST /InternetTrading/MarketStatus HTTP/1.1" 200 772
220.246.38.37 - - [23/Feb/2026:10:42:37 +0800] "GET /InternetTrading/longpoll/54906?X-Atmosphere-tracking-id=0&X-Atmosphere-Framework=2.2.3-javascript&X-Atmosphere-Transport=long-polling&X-Atmosphere-TrackMessageSize=true&Content-Type=charset%3Dutf-8&X-atmo-protocol=true&_=1771814877175 HTTP/1.1" 200 -
220.246.38.37 - - [23/Feb/2026:10:42:37 +0800] "POST /InternetTrading/SessionErrorLogger HTTP/1.1" 200 117
220.246.38.37 - - [23/Feb/2026:10:42:37 +0800] "POST /InternetTrading/MarketStatus HTTP/1.1" 200 772
14.0.170.98 - - [23/Feb/2026:10:42:39 +0800] "GET /InternetTrading/longpoll/A8127?X-Atmosphere-tracking-id=0&X-Atmosphere-Framework=2.2.3-javascript&X-Atmosphere-Transport=long-polling&X-Atmosphere-TrackMessageSize=true&Content-Type=charset%3Dutf-8&X-atmo-protocol=true&_=1771814878369 HTTP/1.1" 200 -
219.73.99.100 - - [23/Feb/2026:10:42:39 +0800] "GET /InternetTrading/longpoll/55136?X-Atmosphere-tracking-id=0&X-Atmosphere-Framework=2.2.3-javascript&X-Atmosphere-Transport=long-polling&X-Atmosphere-TrackMessageSize=true&Content-Type=charset%3Dutf-8&X-atmo-protocol=true&_=1771814878727 HTTP/1.1" 200 -
104.28.70.178 - - [23/Feb/2026:10:42:39 +0800] "GET /InternetTrading/longpoll/56423?X-Atmosphere-tracking-id=0&X-Atmosphere-Framework=2.2.3-javascript&X-Atmosphere-Transport=long-polling&X-Atmosphere-TrackMessageSize=true&Content-Type=charset%3Dutf-8&X-atmo-protocol=true&_=1771814878783 HTTP/1.1" 200 -
110.81.58.86 - - [23/Feb/2026:10:42:39 +0800] "GET /InternetTrading/tc/2FA_authentication.html?language=tc&version=HTML HTTP/1.1" 200 1468
110.81.58.86 - - [23/Feb/2026:10:42:40 +0800] "GET /InternetTrading/tc/style_common.css?v=20200819161914 HTTP/1.1" 200 2540
110.81.58.86 - - [23/Feb/2026:10:42:40 +0800] "GET /InternetTrading/tc/style.css?v=20200819161914 HTTP/1.1" 200 1435
110.81.58.86 - - [23/Feb/2026:10:42:40 +0800] "GET /InternetTrading/jquery/jquery-migrate-3.0.0.js HTTP/1.1" 200 4963
110.81.58.86 - - [23/Feb/2026:10:42:40 +0800] "GET /InternetTrading/jquery/jquery-3.3.1.js HTTP/1.1" 200 80650
110.81.58.86 - - [23/Feb/2026:10:42:40 +0800] "GET /InternetTrading/jquery/jquery.form-3.46.0.js HTTP/1.1" 200 5673
110.81.58.86 - - [23/Feb/2026:10:42:40 +0800] "GET /InternetTrading/jquery/additional-methods.js HTTP/1.1" 200 2238
110.81.58.86 - - [23/Feb/2026:10:42:40 +0800] "GET /InternetTrading/jquery/jquery.validate-1.11.1.js HTTP/1.1" 200 7041
110.81.58.86 - - [23/Feb/2026:10:42:40 +0800] "GET /InternetTrading/jquery/jquery-ui-1.10.3.js HTTP/1.1" 200 69642
110.81.58.86 - - [23/Feb/2026:10:42:40 +0800] "GET /InternetTrading/jquery/jquery.blockUI-2.66.0-iAsiaEdition.js HTTP/1.1" 200 6651
110.81.58.86 - - [23/Feb/2026:10:42:40 +0800] "GET /InternetTrading/jquery/jquery.timer-0.9.16.js HTTP/1.1" 200 542
110.81.58.86 - - [23/Feb/2026:10:42:40 +0800] "GET /InternetTrading/jquery/jquery.getParams.js HTTP/1.1" 200 587
110.81.58.86 - - [23/Feb/2026:10:42:40 +0800] "GET /InternetTrading/js/constants.js?jsv=20200819161914 HTTP/1.1" 200 400
110.81.58.86 - - [23/Feb/2026:10:42:40 +0800] "GET /InternetTrading/tc/user/translation.js?jsv=20200819161914 HTTP/1.1" 200 12818
110.81.58.86 - - [23/Feb/2026:10:42:40 +0800] "GET /InternetTrading/js/haitong.js?jsv=20200819161914 HTTP/1.1" 200 3881
110.81.58.86 - - [23/Feb/2026:10:42:40 +0800] "GET /InternetTrading/js/util.js?jsv=20200819161914 HTTP/1.1" 200 6636
110.81.58.86 - - [23/Feb/2026:10:42:40 +0800] "GET /InternetTrading/tc/user/custom_variables.js?jsv=20200819161914 HTTP/1.1" 200 275
110.81.58.86 - - [23/Feb/2026:10:42:40 +0800] "GET /InternetTrading/js/init.js?jsv=20200819161914 HTTP/1.1" 200 886
110.81.58.86 - - [23/Feb/2026:10:42:40 +0800] "GET /InternetTrading/js/login.js?jsv=20200819161914 HTTP/1.1" 200 1684
110.81.58.86 - - [23/Feb/2026:10:42:40 +0800] "GET /InternetTrading/js/2fa.js?jsv=20200819161914 HTTP/1.1" 200 1953
110.81.58.86 - - [23/Feb/2026:10:42:40 +0800] "GET /InternetTrading/settings/webpage_settings.js?jsv=20200819161914 HTTP/1.1" 200 33
104.28.70.178 - - [23/Feb/2026:10:42:40 +0800] "POST /InternetTrading/SessionErrorLogger HTTP/1.1" 200 117
104.28.70.178 - - [23/Feb/2026:10:42:40 +0800] "POST /InternetTrading/OrderMaxQuantity HTTP/1.1" 200 8
110.81.58.86 - - [23/Feb/2026:10:42:40 +0800] "GET /InternetTrading/js/login.js?jsv=20200819161914 HTTP/1.1" 200 1684
221.124.232.198 - - [23/Feb/2026:10:42:40 +0800] "GET /InternetTrading/longpoll/13511?X-Atmosphere-tracking-id=0&X-Atmosphere-Framework=2.2.3-javascript&X-Atmosphere-Transport=long-polling&X-Atmosphere-TrackMessageSize=true&Content-Type=charset%3Dutf-8&X-atmo-protocol=true&_=1771814880236 HTTP/1.1" 200 -
110.81.58.86 - - [23/Feb/2026:10:42:40 +0800] "POST /InternetTrading/SystemMaintenanceCheck HTTP/1.1" 200 119
110.81.58.86 - - [23/Feb/2026:10:42:40 +0800] "GET /InternetTrading/tc/dialog.html?1771814883292 HTTP/1.1" 200 3188
110.81.58.86 - - [23/Feb/2026:10:42:40 +0800] "POST /InternetTrading/Get2FAInfoService HTTP/1.1" 200 15
110.81.58.86 - - [23/Feb/2026:10:42:40 +0800] "POST /InternetTrading/SystemMaintenanceCheck HTTP/1.1" 200 119
220.246.38.37 - - [23/Feb/2026:10:42:42 +0800] "GET /InternetTrading/longpoll/54906?X-Atmosphere-tracking-id=0&X-Atmosphere-Framework=2.2.3-javascript&X-Atmosphere-Transport=long-polling&X-Atmosphere-TrackMessageSize=true&Content-Type=charset%3Dutf-8&X-atmo-protocol=true&_=1771814882273 HTTP/1.1" 200 -
219.73.99.100 - - [23/Feb/2026:10:42:44 +0800] "GET /InternetTrading/longpoll/55136?X-Atmosphere-tracking-id=0&X-Atmosphere-Framework=2.2.3-javascript&X-Atmosphere-Transport=long-polling&X-Atmosphere-TrackMessageSize=true&Content-Type=charset%3Dutf-8&X-atmo-protocol=true&_=1771814883758 HTTP/1.1" 200 -
14.0.170.98 - - [23/Feb/2026:10:42:44 +0800] "GET /InternetTrading/longpoll/A8127?X-Atmosphere-tracking-id=0&X-Atmosphere-Framework=2.2.3-javascript&X-Atmosphere-Transport=long-polling&X-Atmosphere-TrackMessageSize=true&Content-Type=charset%3Dutf-8&X-atmo-protocol=true&_=1771814883567 HTTP/1.1" 200 -
14.0.170.98 - - [23/Feb/2026:10:42:44 +0800] "POST /InternetTrading/SessionErrorLogger HTTP/1.1" 200 117
14.0.170.98 - - [23/Feb/2026:10:42:44 +0800] "POST /InternetTrading/Heartbeat HTTP/1.1" 200 32
14.0.170.98 - - [23/Feb/2026:10:42:44 +0800] "POST /InternetTrading/SessionErrorLogger HTTP/1.1" 200 117
104.28.70.178 - - [23/Feb/2026:10:42:44 +0800] "GET /InternetTrading/longpoll/56423?X-Atmosphere-tracking-id=0&X-Atmosphere-Framework=2.2.3-javascript&X-Atmosphere-Transport=long-polling&X-Atmosphere-TrackMessageSize=true&Content-Type=charset%3Dutf-8&X-atmo-protocol=true&_=1771814884040 HTTP/1.1" 200 -
14.0.170.98 - - [23/Feb/2026:10:42:44 +0800] "POST /InternetTrading/MarketStatus HTTP/1.1" 200 772
221.124.232.198 - - [23/Feb/2026:10:42:46 +0800] "GET /InternetTrading/longpoll/13511?X-Atmosphere-tracking-id=0&X-Atmosphere-Framework=2.2.3-javascript&X-Atmosphere-Transport=long-polling&X-Atmosphere-TrackMessageSize=true&Content-Type=charset%3Dutf-8&X-atmo-protocol=true&_=1771814886233 HTTP/1.1" 200 -
110.81.58.86 - - [23/Feb/2026:10:42:46 +0800] "GET /InternetTrading/tc/login.html HTTP/1.1" 200 1755
110.81.58.86 - - [23/Feb/2026:10:42:47 +0800] "GET /InternetTrading/tc/style_common.css?v=20200819161914 HTTP/1.1" 200 2540
110.81.58.86 - - [23/Feb/2026:10:42:47 +0800] "GET /InternetTrading/tc/style.css?v=20200819161914 HTTP/1.1" 200 1435
110.81.58.86 - - [23/Feb/2026:10:42:47 +0800] "GET /InternetTrading/jquery/jquery-migrate-3.0.0.js HTTP/1.1" 200 4963
110.81.58.86 - - [23/Feb/2026:10:42:47 +0800] "GET /InternetTrading/jquery/jquery-3.3.1.js HTTP/1.1" 200 80650
110.81.58.86 - - [23/Feb/2026:10:42:47 +0800] "GET /InternetTrading/jquery/jquery.form-3.46.0.js HTTP/1.1" 200 5673
110.81.58.86 - - [23/Feb/2026:10:42:47 +0800] "GET /InternetTrading/jquery/jquery.validate-1.11.1.js HTTP/1.1" 200 7041
110.81.58.86 - - [23/Feb/2026:10:42:47 +0800] "GET /InternetTrading/jquery/additional-methods.js HTTP/1.1" 200 2238
110.81.58.86 - - [23/Feb/2026:10:42:47 +0800] "GET /InternetTrading/jquery/jquery.blockUI-2.66.0.js HTTP/1.1" 200 6651
110.81.58.86 - - [23/Feb/2026:10:42:47 +0800] "GET /InternetTrading/jquery/jquery.timer-0.9.16.js HTTP/1.1" 200 542
110.81.58.86 - - [23/Feb/2026:10:42:47 +0800] "GET /InternetTrading/jquery/jquery.getParams.js HTTP/1.1" 200 587
110.81.58.86 - - [23/Feb/2026:10:42:47 +0800] "GET /InternetTrading/jquery/jquery-ui-personalized-1.6rc2.min.js HTTP/1.1" 200 55543
110.81.58.86 - - [23/Feb/2026:10:42:47 +0800] "GET /InternetTrading/tc/user/translation.js?jsv=20200819161914 HTTP/1.1" 200 12818
110.81.58.86 - - [23/Feb/2026:10:42:47 +0800] "GET /InternetTrading/js/constants.js?jsv=20200819161914 HTTP/1.1" 200 400
110.81.58.86 - - [23/Feb/2026:10:42:47 +0800] "GET /InternetTrading/js/haitong.js?jsv=20200819161914 HTTP/1.1" 200 3881
110.81.58.86 - - [23/Feb/2026:10:42:47 +0800] "GET /InternetTrading/js/util.js?jsv=20200819161914 HTTP/1.1" 200 6636
110.81.58.86 - - [23/Feb/2026:10:42:47 +0800] "GET /InternetTrading/js/rsautil.js?jsv=20200819161914 HTTP/1.1" 200 1017
110.81.58.86 - - [23/Feb/2026:10:42:47 +0800] "GET /InternetTrading/js/init.js?jsv=20200819161914 HTTP/1.1" 200 886
110.81.58.86 - - [23/Feb/2026:10:42:47 +0800] "GET /InternetTrading/js/login.js?jsv=20200819161914 HTTP/1.1" 200 1684
110.81.58.86 - - [23/Feb/2026:10:42:47 +0800] "GET /InternetTrading/js/version.js?jsv=20200819161914 HTTP/1.1" 200 85
110.81.58.86 - - [23/Feb/2026:10:42:47 +0800] "GET /InternetTrading/tc/user/custom_variables.js?jsv=20200819161914 HTTP/1.1" 200 275
110.81.58.86 - - [23/Feb/2026:10:42:47 +0800] "GET /InternetTrading/js/string_extend.js?jsv=20200819161914 HTTP/1.1" 200 272
110.81.58.86 - - [23/Feb/2026:10:42:47 +0800] "GET /InternetTrading/js/pidcrypt.js?jsv=20200819161914 HTTP/1.1" 200 982
110.81.58.86 - - [23/Feb/2026:10:42:47 +0800] "GET /InternetTrading/js/pidcrypt_util.js?jsv=20200819161914 HTTP/1.1" 200 1206
110.81.58.86 - - [23/Feb/2026:10:42:47 +0800] "GET /InternetTrading/js/aes_cbc.js?jsv=20200819161914 HTTP/1.1" 200 2043
110.81.58.86 - - [23/Feb/2026:10:42:47 +0800] "GET /InternetTrading/js/aes_core.js?jsv=20200819161914 HTTP/1.1" 200 2106
110.81.58.86 - - [23/Feb/2026:10:42:47 +0800] "GET /InternetTrading/js/asn1.js?jsv=20200819161914 HTTP/1.1" 200 3099
110.81.58.86 - - [23/Feb/2026:10:42:47 +0800] "GET /InternetTrading/js/sha256.js?jsv=20200819161914 HTTP/1.1" 200 1362
110.81.58.86 - - [23/Feb/2026:10:42:47 +0800] "GET /InternetTrading/js/md5.js?jsv=20200819161914 HTTP/1.1" 200 1730
110.81.58.86 - - [23/Feb/2026:10:42:47 +0800] "GET /InternetTrading/js/jsbn.js?jsv=20200819161914 HTTP/1.1" 200 6736
110.81.58.86 - - [23/Feb/2026:10:42:47 +0800] "GET /InternetTrading/js/prng4.js?jsv=20200819161914 HTTP/1.1" 200 303
110.81.58.86 - - [23/Feb/2026:10:42:47 +0800] "GET /InternetTrading/js/rng.js?jsv=20200819161914 HTTP/1.1" 200 481
110.81.58.86 - - [23/Feb/2026:10:42:47 +0800] "GET /InternetTrading/js/rsa.js?jsv=20200819161914 HTTP/1.1" 200 1658
110.81.58.86 - - [23/Feb/2026:10:42:47 +0800] "GET /InternetTrading/tc/images/bg_login.jpg HTTP/1.1" 200 29296
110.81.58.86 - - [23/Feb/2026:10:42:47 +0800] "POST /InternetTrading/SystemMaintenanceCheck HTTP/1.1" 200 119
110.81.58.86 - - [23/Feb/2026:10:42:47 +0800] "GET /InternetTrading/tc/dialog.html?1771814890598 HTTP/1.1" 200 3188
220.246.38.37 - - [23/Feb/2026:10:42:48 +0800] "GET /InternetTrading/longpoll/54906?X-Atmosphere-tracking-id=0&X-Atmosphere-Framework=2.2.3-javascript&X-Atmosphere-Transport=long-polling&X-Atmosphere-TrackMessageSize=true&Content-Type=charset%3Dutf-8&X-atmo-protocol=true&_=1771814887705 HTTP/1.1" 200 -
219.73.99.100 - - [23/Feb/2026:10:42:49 +0800] "GET /InternetTrading/longpoll/55136?X-Atmosphere-tracking-id=0&X-Atmosphere-Framework=2.2.3-javascript&X-Atmosphere-Transport=long-polling&X-Atmosphere-TrackMessageSize=true&Content-Type=charset%3Dutf-8&X-atmo-protocol=true&_=1771814888819 HTTP/1.1" 200 -
14.0.170.98 - - [23/Feb/2026:10:42:49 +0800] "GET /InternetTrading/longpoll/A8127?X-Atmosphere-tracking-id=0&X-Atmosphere-Framework=2.2.3-javascript&X-Atmosphere-Transport=long-polling&X-Atmosphere-TrackMessageSize=true&Content-Type=charset%3Dutf-8&X-atmo-protocol=true&_=1771814888856 HTTP/1.1" 200 -
104.28.70.178 - - [23/Feb/2026:10:42:49 +0800] "GET /InternetTrading/longpoll/56423?X-Atmosphere-tracking-id=0&X-Atmosphere-Framework=2.2.3-javascript&X-Atmosphere-Transport=long-polling&X-Atmosphere-TrackMessageSize=true&Content-Type=charset%3Dutf-8&X-atmo-protocol=true&_=1771814889096 HTTP/1.1" 200 -
221.124.232.198 - - [23/Feb/2026:10:42:52 +0800] "POST /InternetTrading/SessionErrorLogger HTTP/1.1" 200 117
221.124.232.198 - - [23/Feb/2026:10:42:52 +0800] "POST /InternetTrading/Heartbeat HTTP/1.1" 200 32
221.124.232.198 - - [23/Feb/2026:10:42:52 +0800] "POST /InternetTrading/SessionErrorLogger HTTP/1.1" 200 117
221.124.232.198 - - [23/Feb/2026:10:42:52 +0800] "GET /InternetTrading/longpoll/13511?X-Atmosphere-tracking-id=0&X-Atmosphere-Framework=2.2.3-javascript&X-Atmosphere-Transport=long-polling&X-Atmosphere-TrackMessageSize=true&Content-Type=charset%3Dutf-8&X-atmo-protocol=true&_=1771814892295 HTTP/1.1" 200 -
221.124.232.198 - - [23/Feb/2026:10:42:52 +0800] "POST /InternetTrading/MarketStatus HTTP/1.1" 200 772
220.246.38.37 - - [23/Feb/2026:10:42:53 +0800] "GET /InternetTrading/longpoll/54906?X-Atmosphere-tracking-id=0&X-Atmosphere-Framework=2.2.3-javascript&X-Atmosphere-Transport=long-polling&X-Atmosphere-TrackMessageSize=true&Content-Type=charset%3Dutf-8&X-atmo-protocol=true&_=1771814892783 HTTP/1.1" 200 -
219.73.99.100 - - [23/Feb/2026:10:42:54 +0800] "GET /InternetTrading/longpoll/55136?X-Atmosphere-tracking-id=0&X-Atmosphere-Framework=2.2.3-javascript&X-Atmosphere-Transport=long-polling&X-Atmosphere-TrackMessageSize=true&Content-Type=charset%3Dutf-8&X-atmo-protocol=true&_=1771814893864 HTTP/1.1" 200 -
14.0.170.98 - - [23/Feb/2026:10:42:54 +0800] "GET /InternetTrading/longpoll/A8127?X-Atmosphere-tracking-id=0&X-Atmosphere-Framework=2.2.3-javascript&X-Atmosphere-Transport=long-polling&X-Atmosphere-TrackMessageSize=true&Content-Type=charset%3Dutf-8&X-atmo-protocol=true&_=1771814893912 HTTP/1.1" 200 -
104.28.70.178 - - [23/Feb/2026:10:42:54 +0800] "GET /InternetTrading/longpoll/56423?X-Atmosphere-tracking-id=0&X-Atmosphere-Framework=2.2.3-javascript&X-Atmosphere-Transport=long-polling&X-Atmosphere-TrackMessageSize=true&Content-Type=charset%3Dutf-8&X-atmo-protocol=true&_=1771814894351 HTTP/1.1" 200 -
110.81.58.86 - - [23/Feb/2026:10:42:57 +0800] "POST /InternetTrading/CheckIsEnableRSA HTTP/1.1" 200 1
110.81.58.86 - - [23/Feb/2026:10:42:57 +0800] "POST /InternetTrading/CheckPwEncryptType HTTP/1.1" 200 -
110.81.58.86 - - [23/Feb/2026:10:42:57 +0800] "POST /InternetTrading/LoginKey HTTP/1.1" 200 -
110.81.58.86 - - [23/Feb/2026:10:42:57 +0800] "GET /InternetTrading/jquery/wait.gif HTTP/1.1" 200 432
104.28.70.178 - - [23/Feb/2026:10:42:57 +0800] "POST /InternetTrading/SessionErrorLogger HTTP/1.1" 200 117
104.28.70.178 - - [23/Feb/2026:10:42:57 +0800] "GET /InternetTrading/tc/sell_ticket.html? HTTP/1.1" 200 2261
104.28.70.178 - - [23/Feb/2026:10:42:58 +0800] "POST /InternetTrading/SessionErrorLogger HTTP/1.1" 200 117
104.28.70.178 - - [23/Feb/2026:10:42:58 +0800] "POST /InternetTrading/MarketStatus HTTP/1.1" 200 772
104.28.70.178 - - [23/Feb/2026:10:42:58 +0800] "POST /InternetTrading/SessionErrorLogger HTTP/1.1" 200 117
104.28.70.178 - - [23/Feb/2026:10:42:58 +0800] "POST /InternetTrading/MarketStatus HTTP/1.1" 200 772
104.28.70.178 - - [23/Feb/2026:10:42:58 +0800] "POST /InternetTrading/SessionErrorLogger HTTP/1.1" 200 117
104.28.70.178 - - [23/Feb/2026:10:42:58 +0800] "POST /InternetTrading/SessionErrorLogger HTTP/1.1" 200 117
104.28.70.178 - - [23/Feb/2026:10:42:58 +0800] "POST /InternetTrading/Product HTTP/1.1" 200 310
104.28.70.178 - - [23/Feb/2026:10:42:58 +0800] "POST /InternetTrading/OrderMaxQuantity HTTP/1.1" 200 8
220.246.38.37 - - [23/Feb/2026:10:42:58 +0800] "GET /InternetTrading/longpoll/54906?X-Atmosphere-tracking-id=0&X-Atmosphere-Framework=2.2.3-javascript&X-Atmosphere-Transport=long-polling&X-Atmosphere-TrackMessageSize=true&Content-Type=charset%3Dutf-8&X-atmo-protocol=true&_=1771814898033 HTTP/1.1" 200 -
221.124.232.198 - - [23/Feb/2026:10:42:58 +0800] "GET /InternetTrading/longpoll/13511?X-Atmosphere-tracking-id=0&X-Atmosphere-Framework=2.2.3-javascript&X-Atmosphere-Transport=long-polling&X-Atmosphere-TrackMessageSize=true&Content-Type=charset%3Dutf-8&X-atmo-protocol=true&_=1771814898238 HTTP/1.1" 200 -
110.81.58.86 - - [23/Feb/2026:10:42:57 +0800] "POST /InternetTrading/Login HTTP/1.1" 200 454
110.81.58.86 - - [23/Feb/2026:10:42:59 +0800] "GET /InternetTrading/tc/2FA_authentication.html?language=tc&version=HTML HTTP/1.1" 200 1468
219.73.99.100 - - [23/Feb/2026:10:42:59 +0800] "GET /InternetTrading/longpoll/55136?X-Atmosphere-tracking-id=0&X-Atmosphere-Framework=2.2.3-javascript&X-Atmosphere-Transport=long-polling&X-Atmosphere-TrackMessageSize=true&Content-Type=charset%3Dutf-8&X-atmo-protocol=true&_=1771814898921 HTTP/1.1" 200 -
14.0.170.98 - - [23/Feb/2026:10:42:59 +0800] "GET /InternetTrading/longpoll/A8127?X-Atmosphere-tracking-id=0&X-Atmosphere-Framework=2.2.3-javascript&X-Atmosphere-Transport=long-polling&X-Atmosphere-TrackMessageSize=true&Content-Type=charset%3Dutf-8&X-atmo-protocol=true&_=1771814899029 HTTP/1.1" 200 -
110.81.58.86 - - [23/Feb/2026:10:42:59 +0800] "GET /InternetTrading/tc/style_common.css?v=20200819161914 HTTP/1.1" 200 2540
110.81.58.86 - - [23/Feb/2026:10:42:59 +0800] "GET /InternetTrading/tc/style.css?v=20200819161914 HTTP/1.1" 200 1435
110.81.58.86 - - [23/Feb/2026:10:42:59 +0800] "GET /InternetTrading/jquery/jquery-migrate-3.0.0.js HTTP/1.1" 200 4963
110.81.58.86 - - [23/Feb/2026:10:42:59 +0800] "GET /InternetTrading/jquery/jquery-3.3.1.js HTTP/1.1" 200 80650
110.81.58.86 - - [23/Feb/2026:10:42:59 +0800] "GET /InternetTrading/jquery/jquery.validate-1.11.1.js HTTP/1.1" 200 7041
110.81.58.86 - - [23/Feb/2026:10:42:59 +0800] "GET /InternetTrading/jquery/additional-methods.js HTTP/1.1" 200 2238
110.81.58.86 - - [23/Feb/2026:10:42:59 +0800] "GET /InternetTrading/jquery/jquery.form-3.46.0.js HTTP/1.1" 200 5673
110.81.58.86 - - [23/Feb/2026:10:42:59 +0800] "GET /InternetTrading/jquery/jquery-ui-1.10.3.js HTTP/1.1" 200 69642
110.81.58.86 - - [23/Feb/2026:10:42:59 +0800] "GET /InternetTrading/jquery/jquery.blockUI-2.66.0-iAsiaEdition.js HTTP/1.1" 200 6651
110.81.58.86 - - [23/Feb/2026:10:42:59 +0800] "GET /InternetTrading/jquery/jquery.getParams.js HTTP/1.1" 200 587
110.81.58.86 - - [23/Feb/2026:10:42:59 +0800] "GET /InternetTrading/jquery/jquery.timer-0.9.16.js HTTP/1.1" 200 542
110.81.58.86 - - [23/Feb/2026:10:42:59 +0800] "GET /InternetTrading/js/constants.js?jsv=20200819161914 HTTP/1.1" 200 400
110.81.58.86 - - [23/Feb/2026:10:42:59 +0800] "GET /InternetTrading/tc/user/translation.js?jsv=20200819161914 HTTP/1.1" 200 12818
104.28.70.178 - - [23/Feb/2026:10:42:59 +0800] "GET /InternetTrading/longpoll/56423?X-Atmosphere-tracking-id=0&X-Atmosphere-Framework=2.2.3-javascript&X-Atmosphere-Transport=long-polling&X-Atmosphere-TrackMessageSize=true&Content-Type=charset%3Dutf-8&X-atmo-protocol=true&_=1771814899573 HTTP/1.1" 200 -
110.81.58.86 - - [23/Feb/2026:10:42:59 +0800] "GET /InternetTrading/js/haitong.js?jsv=20200819161914 HTTP/1.1" 200 3881
110.81.58.86 - - [23/Feb/2026:10:42:59 +0800] "GET /InternetTrading/js/util.js?jsv=20200819161914 HTTP/1.1" 200 6636
110.81.58.86 - - [23/Feb/2026:10:42:59 +0800] "GET /InternetTrading/js/init.js?jsv=20200819161914 HTTP/1.1" 200 886
110.81.58.86 - - [23/Feb/2026:10:43:00 +0800] "GET /InternetTrading/js/2fa.js?jsv=20200819161914 HTTP/1.1" 200 1953
110.81.58.86 - - [23/Feb/2026:10:43:00 +0800] "GET /InternetTrading/tc/user/custom_variables.js?jsv=20200819161914 HTTP/1.1" 200 275
110.81.58.86 - - [23/Feb/2026:10:43:00 +0800] "GET /InternetTrading/js/login.js?jsv=20200819161914 HTTP/1.1" 200 1684
110.81.58.86 - - [23/Feb/2026:10:43:00 +0800] "GET /InternetTrading/settings/webpage_settings.js?jsv=20200819161914 HTTP/1.1" 200 33
110.81.58.86 - - [23/Feb/2026:10:43:00 +0800] "GET /InternetTrading/tc/images/logo.png HTTP/1.1" 200 7042
110.81.58.86 - - [23/Feb/2026:10:43:00 +0800] "GET /InternetTrading/js/login.js?jsv=20200819161914 HTTP/1.1" 200 1684
110.81.58.86 - - [23/Feb/2026:10:43:00 +0800] "GET /InternetTrading/tc/dialog.html?1771814902915 HTTP/1.1" 200 3188
110.81.58.86 - - [23/Feb/2026:10:43:00 +0800] "GET /InternetTrading/jquery/wait.gif HTTP/1.1" 200 432
110.81.58.86 - - [23/Feb/2026:10:43:00 +0800] "POST /InternetTrading/SystemMaintenanceCheck HTTP/1.1" 200 119
110.81.58.86 - - [23/Feb/2026:10:43:00 +0800] "POST /InternetTrading/SystemMaintenanceCheck HTTP/1.1" 200 119
110.81.58.86 - - [23/Feb/2026:10:43:00 +0800] "POST /InternetTrading/Get2FAInfoService HTTP/1.1" 200 109
104.28.70.178 - - [23/Feb/2026:10:43:01 +0800] "POST /InternetTrading/SessionErrorLogger HTTP/1.1" 200 117
104.28.70.178 - - [23/Feb/2026:10:43:01 +0800] "POST /InternetTrading/Product HTTP/1.1" 200 310
104.28.70.178 - - [23/Feb/2026:10:43:01 +0800] "POST /InternetTrading/SessionErrorLogger HTTP/1.1" 200 117
104.28.70.178 - - [23/Feb/2026:10:43:01 +0800] "POST /InternetTrading/OrderMaxQuantity HTTP/1.1" 200 8
104.28.70.178 - - [23/Feb/2026:10:43:03 +0800] "POST /InternetTrading/SessionErrorLogger HTTP/1.1" 200 117
104.28.70.178 - - [23/Feb/2026:10:43:03 +0800] "POST /InternetTrading/Heartbeat HTTP/1.1" 200 32
220.246.38.37 - - [23/Feb/2026:10:43:03 +0800] "GET /InternetTrading/longpoll/54906?X-Atmosphere-tracking-id=0&X-Atmosphere-Framework=2.2.3-javascript&X-Atmosphere-Transport=long-polling&X-Atmosphere-TrackMessageSize=true&Content-Type=charset%3Dutf-8&X-atmo-protocol=true&_=1771814903068 HTTP/1.1" 200 -
219.73.99.100 - - [23/Feb/2026:10:43:03 +0800] "POST /InternetTrading/SessionErrorLogger HTTP/1.1" 200 117
219.73.99.100 - - [23/Feb/2026:10:43:03 +0800] "POST /InternetTrading/Heartbeat HTTP/1.1" 200 32
219.73.99.100 - - [23/Feb/2026:10:43:04 +0800] "GET /InternetTrading/longpoll/55136?X-Atmosphere-tracking-id=0&X-Atmosphere-Framework=2.2.3-javascript&X-Atmosphere-Transport=long-polling&X-Atmosphere-TrackMessageSize=true&Content-Type=charset%3Dutf-8&X-atmo-protocol=true&_=1771814903961 HTTP/1.1" 200 -
221.124.232.198 - - [23/Feb/2026:10:43:04 +0800] "GET /InternetTrading/longpoll/13511?X-Atmosphere-tracking-id=0&X-Atmosphere-Framework=2.2.3-javascript&X-Atmosphere-Transport=long-polling&X-Atmosphere-TrackMessageSize=true&Content-Type=charset%3Dutf-8&X-atmo-protocol=true&_=1771814904242 HTTP/1.1" 200 -
14.0.170.98 - - [23/Feb/2026:10:43:04 +0800] "GET /InternetTrading/longpoll/A8127?X-Atmosphere-tracking-id=0&X-Atmosphere-Framework=2.2.3-javascript&X-Atmosphere-Transport=long-polling&X-Atmosphere-TrackMessageSize=true&Content-Type=charset%3Dutf-8&X-atmo-protocol=true&_=1771814904164 HTTP/1.1" 200 -
104.28.70.178 - - [23/Feb/2026:10:43:05 +0800] "GET /InternetTrading/longpoll/56423?X-Atmosphere-tracking-id=0&X-Atmosphere-Framework=2.2.3-javascript&X-Atmosphere-Transport=long-polling&X-Atmosphere-TrackMessageSize=true&Content-Type=charset%3Dutf-8&X-atmo-protocol=true&_=1771814904632 HTTP/1.1" 200 -
220.246.38.37 - - [23/Feb/2026:10:43:05 +0800] "POST /InternetTrading/SessionErrorLogger HTTP/1.1" 200 117
220.246.38.37 - - [23/Feb/2026:10:43:05 +0800] "POST /InternetTrading/Heartbeat HTTP/1.1" 200 32
219.73.99.100 - - [23/Feb/2026:10:43:06 +0800] "POST /InternetTrading/SessionErrorLogger HTTP/1.1" 200 117
219.73.99.100 - - [23/Feb/2026:10:43:06 +0800] "POST /InternetTrading/MarketStatus HTTP/1.1" 200 772
104.28.70.178 - - [23/Feb/2026:10:43:08 +0800] "GET /InternetTrading/tc/images/unchecked.gif HTTP/1.1" 200 221
220.246.38.37 - - [23/Feb/2026:10:43:08 +0800] "POST /InternetTrading/SessionErrorLogger HTTP/1.1" 200 117
220.246.38.37 - - [23/Feb/2026:10:43:08 +0800] "POST /InternetTrading/MarketStatus HTTP/1.1" 200 772
220.246.38.37 - - [23/Feb/2026:10:43:08 +0800] "GET /InternetTrading/longpoll/54906?X-Atmosphere-tracking-id=0&X-Atmosphere-Framework=2.2.3-javascript&X-Atmosphere-Transport=long-polling&X-Atmosphere-TrackMessageSize=true&Content-Type=charset%3Dutf-8&X-atmo-protocol=true&_=1771814908106 HTTP/1.1" 200 -
219.73.99.100 - - [23/Feb/2026:10:43:09 +0800] "GET /InternetTrading/longpoll/55136?X-Atmosphere-tracking-id=0&X-Atmosphere-Framework=2.2.3-javascript&X-Atmosphere-Transport=long-polling&X-Atmosphere-TrackMessageSize=true&Content-Type=charset%3Dutf-8&X-atmo-protocol=true&_=1771814908983 HTTP/1.1" 200 -
14.0.170.98 - - [23/Feb/2026:10:43:10 +0800] "GET /InternetTrading/longpoll/A8127?X-Atmosphere-tracking-id=0&X-Atmosphere-Framework=2.2.3-javascript&X-Atmosphere-Transport=long-polling&X-Atmosphere-TrackMessageSize=true&Content-Type=charset%3Dutf-8&X-atmo-protocol=true&_=1771814909505 HTTP/1.1" 200 -
104.28.70.178 - - [23/Feb/2026:10:43:10 +0800] "GET /InternetTrading/longpoll/56423?X-Atmosphere-tracking-id=0&X-Atmosphere-Framework=2.2.3-javascript&X-Atmosphere-Transport=long-polling&X-Atmosphere-TrackMessageSize=true&Content-Type=charset%3Dutf-8&X-atmo-protocol=true&_=1771814909821 HTTP/1.1" 200 -
221.124.232.198 - - [23/Feb/2026:10:43:10 +0800] "GET /InternetTrading/longpoll/13511?X-Atmosphere-tracking-id=0&X-Atmosphere-Framework=2.2.3-javascript&X-Atmosphere-Transport=long-polling&X-Atmosphere-TrackMessageSize=true&Content-Type=charset%3Dutf-8&X-atmo-protocol=true&_=1771814910240 HTTP/1.1" 200 -
220.246.38.37 - - [23/Feb/2026:10:43:13 +0800] "GET /InternetTrading/longpoll/54906?X-Atmosphere-tracking-id=0&X-Atmosphere-Framework=2.2.3-javascript&X-Atmosphere-Transport=long-polling&X-Atmosphere-TrackMessageSize=true&Content-Type=charset%3Dutf-8&X-atmo-protocol=true&_=1771814913207 HTTP/1.1" 200 -
219.73.99.100 - - [23/Feb/2026:10:43:14 +0800] "GET /InternetTrading/longpoll/55136?X-Atmosphere-tracking-id=0&X-Atmosphere-Framework=2.2.3-javascript&X-Atmosphere-Transport=long-polling&X-Atmosphere-TrackMessageSize=true&Content-Type=charset%3Dutf-8&X-atmo-protocol=true&_=1771814914005 HTTP/1.1" 200 -
14.0.170.98 - - [23/Feb/2026:10:43:14 +0800] "POST /InternetTrading/SessionErrorLogger HTTP/1.1" 200 117
14.0.170.98 - - [23/Feb/2026:10:43:14 +0800] "POST /InternetTrading/Heartbeat HTTP/1.1" 200 32
14.0.170.98 - - [23/Feb/2026:10:43:14 +0800] "POST /InternetTrading/SessionErrorLogger HTTP/1.1" 200 117
14.0.170.98 - - [23/Feb/2026:10:43:14 +0800] "POST /InternetTrading/MarketStatus HTTP/1.1" 200 772
14.0.170.98 - - [23/Feb/2026:10:43:15 +0800] "GET /InternetTrading/longpoll/A8127?X-Atmosphere-tracking-id=0&X-Atmosphere-Framework=2.2.3-javascript&X-Atmosphere-Transport=long-polling&X-Atmosphere-TrackMessageSize=true&Content-Type=charset%3Dutf-8&X-atmo-protocol=true&_=1771814914653 HTTP/1.1" 200 -
104.28.70.178 - - [23/Feb/2026:10:43:15 +0800] "GET /InternetTrading/longpoll/56423?X-Atmosphere-tracking-id=0&X-Atmosphere-Framework=2.2.3-javascript&X-Atmosphere-Transport=long-polling&X-Atmosphere-TrackMessageSize=true&Content-Type=charset%3Dutf-8&X-atmo-protocol=true&_=1771814915005 HTTP/1.1" 200 -
221.124.232.198 - - [23/Feb/2026:10:43:16 +0800] "GET /InternetTrading/longpoll/13511?X-Atmosphere-tracking-id=0&X-Atmosphere-Framework=2.2.3-javascript&X-Atmosphere-Transport=long-polling&X-Atmosphere-TrackMessageSize=true&Content-Type=charset%3Dutf-8&X-atmo-protocol=true&_=1771814916236 HTTP/1.1" 200 -
61.48.133.81 - - [23/Feb/2026:10:43:18 +0800] "GET / HTTP/1.1" 200 3426
220.246.38.37 - - [23/Feb/2026:10:43:18 +0800] "GET /InternetTrading/longpoll/54906?X-Atmosphere-tracking-id=0&X-Atmosphere-Framework=2.2.3-javascript&X-Atmosphere-Transport=long-polling&X-Atmosphere-TrackMessageSize=true&Content-Type=charset%3Dutf-8&X-atmo-protocol=true&_=1771814918243 HTTP/1.1" 200 -
219.73.99.100 - - [23/Feb/2026:10:43:19 +0800] "GET /InternetTrading/longpoll/55136?X-Atmosphere-tracking-id=0&X-Atmosphere-Framework=2.2.3-javascript&X-Atmosphere-Transport=long-polling&X-Atmosphere-TrackMessageSize=true&Content-Type=charset%3Dutf-8&X-atmo-protocol=true&_=1771814919029 HTTP/1.1" 200 -
14.0.170.98 - - [23/Feb/2026:10:43:20 +0800] "GET /InternetTrading/longpoll/A8127?X-Atmosphere-tracking-id=0&X-Atmosphere-Framework=2.2.3-javascript&X-Atmosphere-Transport=long-polling&X-Atmosphere-TrackMessageSize=true&Content-Type=charset%3Dutf-8&X-atmo-protocol=true&_=1771814919725 HTTP/1.1" 200 -
104.28.70.178 - - [23/Feb/2026:10:43:20 +0800] "GET /InternetTrading/longpoll/56423?X-Atmosphere-tracking-id=0&X-Atmosphere-Framework=2.2.3-javascript&X-Atmosphere-Transport=long-polling&X-Atmosphere-TrackMessageSize=true&Content-Type=charset%3Dutf-8&X-atmo-protocol=true&_=1771814920173 HTTP/1.1" 200 -
221.124.232.198 - - [23/Feb/2026:10:43:22 +0800] "GET /InternetTrading/longpoll/13511?X-Atmosphere-tracking-id=0&X-Atmosphere-Framework=2.2.3-javascript&X-Atmosphere-Transport=long-polling&X-Atmosphere-TrackMessageSize=true&Content-Type=charset%3Dutf-8&X-atmo-protocol=true&_=1771814922236 HTTP/1.1" 200 -
220.246.38.37 - - [23/Feb/2026:10:43:23 +0800] "GET /InternetTrading/longpoll/54906?X-Atmosphere-tracking-id=0&X-Atmosphere-Framework=2.2.3-javascript&X-Atmosphere-Transport=long-polling&X-Atmosphere-TrackMessageSize=true&Content-Type=charset%3Dutf-8&X-atmo-protocol=true&_=1771814923284 HTTP/1.1" 200 -
219.73.99.100 - - [23/Feb/2026:10:43:24 +0800] "GET /InternetTrading/longpoll/55136?X-Atmosphere-tracking-id=0&X-Atmosphere-Framework=2.2.3-javascript&X-Atmosphere-Transport=long-polling&X-Atmosphere-TrackMessageSize=true&Content-Type=charset%3Dutf-8&X-atmo-protocol=true&_=1771814924077 HTTP/1.1" 200 -
14.0.170.98 - - [23/Feb/2026:10:43:25 +0800] "GET /InternetTrading/longpoll/A8127?X-Atmosphere-tracking-id=0&X-Atmosphere-Framework=2.2.3-javascript&X-Atmosphere-Transport=long-polling&X-Atmosphere-TrackMessageSize=true&Content-Type=charset%3Dutf-8&X-atmo-protocol=true&_=1771814924850 HTTP/1.1" 200 -
104.28.70.178 - - [23/Feb/2026:10:43:25 +0800] "GET /InternetTrading/longpoll/56423?X-Atmosphere-tracking-id=0&X-Atmosphere-Framework=2.2.3-javascript&X-Atmosphere-Transport=long-polling&X-Atmosphere-TrackMessageSize=true&Content-Type=charset%3Dutf-8&X-atmo-protocol=true&_=1771814925383 HTTP/1.1" 200 -
104.28.70.178 - - [23/Feb/2026:10:43:28 +0800] "POST /InternetTrading/SessionErrorLogger HTTP/1.1" 200 117
