14.0.154.193 - - [23/Feb/2026:10:44:29 +0800] "GET /InternetTrading/js/validation_bshare.js?jsv=20200819161914 HTTP/1.1" 200 1567
14.0.154.193 - - [23/Feb/2026:10:44:29 +0800] "GET /InternetTrading/js/update_mdf.js?jsv=20200819161914 HTTP/1.1" 200 856
14.0.154.193 - - [23/Feb/2026:10:44:29 +0800] "GET /InternetTrading/js/validation_hkex.js?jsv=20200819161914 HTTP/1.1" 200 2300
14.0.154.193 - - [23/Feb/2026:10:44:29 +0800] "GET /InternetTrading/js/validation_global.js?jsv=20200819161914 HTTP/1.1" 200 1564
14.0.154.193 - - [23/Feb/2026:10:44:29 +0800] "GET /InternetTrading/js/validation_ashare.js?jsv=20200819161914 HTTP/1.1" 200 2482
14.0.154.193 - - [23/Feb/2026:10:44:29 +0800] "GET /InternetTrading/js/account.js?jsv=20200819161914 HTTP/1.1" 200 2656
14.0.154.193 - - [23/Feb/2026:10:44:29 +0800] "GET /InternetTrading/js/ipo.js?jsv=20200819161914 HTTP/1.1" 200 5726
14.0.154.193 - - [23/Feb/2026:10:44:29 +0800] "GET /InternetTrading/js/spread_cache.js?jsv=20200819161914 HTTP/1.1" 200 908
14.0.154.193 - - [23/Feb/2026:10:44:29 +0800] "GET /InternetTrading/js/cash_transfer.js?jsv=20200819161914 HTTP/1.1" 200 2712
14.0.154.193 - - [23/Feb/2026:10:44:29 +0800] "GET /InternetTrading/js/mm.js?jsv=20200819161914 HTTP/1.1" 200 487
14.0.154.193 - - [23/Feb/2026:10:44:29 +0800] "GET /InternetTrading/js/isec_calculator.js?jsv=20200819161914 HTTP/1.1" 200 1364
14.0.154.193 - - [23/Feb/2026:10:44:29 +0800] "GET /InternetTrading/js/payment_instruction.js?jsv=20200819161914 HTTP/1.1" 200 2178
14.0.154.193 - - [23/Feb/2026:10:44:29 +0800] "GET /InternetTrading/js/eStatement.js?jsv=20200819161914 HTTP/1.1" 200 562
14.0.154.193 - - [23/Feb/2026:10:44:29 +0800] "GET /InternetTrading/ExchangeList?fmt=js&jsv=20200819161914 HTTP/1.1" 200 146
14.0.154.193 - - [23/Feb/2026:10:44:29 +0800] "GET /InternetTrading/js/payment_instruction_IMOS.js?jsv=20200819161914 HTTP/1.1" 200 6874
14.0.154.193 - - [23/Feb/2026:10:44:29 +0800] "GET /InternetTrading/js/string_extend.js?jsv=20200819161914 HTTP/1.1" 200 272
14.0.154.193 - - [23/Feb/2026:10:44:29 +0800] "GET /InternetTrading/js/pidcrypt.js?jsv=20200819161914 HTTP/1.1" 200 982
14.0.154.193 - - [23/Feb/2026:10:44:29 +0800] "GET /InternetTrading/js/pidcrypt_util.js?jsv=20200819161914 HTTP/1.1" 200 1206
14.0.154.193 - - [23/Feb/2026:10:44:29 +0800] "GET /InternetTrading/js/asn1.js?jsv=20200819161914 HTTP/1.1" 200 3099
14.0.154.193 - - [23/Feb/2026:10:44:29 +0800] "GET /InternetTrading/js/md5.js?jsv=20200819161914 HTTP/1.1" 200 1730
14.0.154.193 - - [23/Feb/2026:10:44:29 +0800] "GET /InternetTrading/js/sha256.js?jsv=20200819161914 HTTP/1.1" 200 1362
14.0.154.193 - - [23/Feb/2026:10:44:29 +0800] "GET /InternetTrading/js/jsbn.js?jsv=20200819161914 HTTP/1.1" 200 6736
14.0.154.193 - - [23/Feb/2026:10:44:29 +0800] "GET /InternetTrading/js/aes_core.js?jsv=20200819161914 HTTP/1.1" 200 2106
14.0.154.193 - - [23/Feb/2026:10:44:29 +0800] "GET /InternetTrading/js/aes_cbc.js?jsv=20200819161914 HTTP/1.1" 200 2043
14.0.154.193 - - [23/Feb/2026:10:44:29 +0800] "GET /InternetTrading/js/prng4.js?jsv=20200819161914 HTTP/1.1" 200 303
14.0.154.193 - - [23/Feb/2026:10:44:29 +0800] "GET /InternetTrading/js/rng.js?jsv=20200819161914 HTTP/1.1" 200 481
14.0.154.193 - - [23/Feb/2026:10:44:29 +0800] "GET /InternetTrading/js/mode-ecb.js?jsv=20200819161914 HTTP/1.1" 200 199
14.0.154.193 - - [23/Feb/2026:10:44:29 +0800] "GET /InternetTrading/js/utilSpec.js?jsv=20200819161914 HTTP/1.1" 200 27
14.0.154.193 - - [23/Feb/2026:10:44:29 +0800] "GET /InternetTrading/js/rsa.js?jsv=20200819161914 HTTP/1.1" 200 1658
14.0.154.193 - - [23/Feb/2026:10:44:29 +0800] "GET /InternetTrading/js/aes.js?jsv=20200819161914 HTTP/1.1" 200 4816
14.0.154.193 - - [23/Feb/2026:10:44:29 +0800] "GET /InternetTrading/js/update_lastlogin.js?jsv=20200819161914 HTTP/1.1" 200 980
14.0.154.193 - - [23/Feb/2026:10:44:29 +0800] "GET /InternetTrading/js/pw_alert.js?jsv=20200819161914 HTTP/1.1" 200 418
14.0.154.193 - - [23/Feb/2026:10:44:29 +0800] "GET /InternetTrading/js/jquery.cookie.js HTTP/1.1" 200 834
14.0.154.193 - - [23/Feb/2026:10:44:29 +0800] "GET /InternetTrading/js/jquery.mousewheel.js HTTP/1.1" 404 684
14.0.154.193 - - [23/Feb/2026:10:44:29 +0800] "GET /InternetTrading/js/jquery.jscrollpane.js HTTP/1.1" 404 685
14.0.154.193 - - [23/Feb/2026:10:44:29 +0800] "GET /InternetTrading/tc/css/jquery.jscrollpane.css HTTP/1.1" 404 690
14.0.154.193 - - [23/Feb/2026:10:44:29 +0800] "GET /InternetTrading/js/decimal.js HTTP/1.1" 200 13492
14.0.154.193 - - [23/Feb/2026:10:44:29 +0800] "GET /InternetTrading/GoodTillDateValidExch?fmt=js&jsv=20200819161914 HTTP/1.1" 200 29
14.0.154.193 - - [23/Feb/2026:10:44:29 +0800] "GET /InternetTrading/ExchangeList?fmt=js&jsv=20200819161914 HTTP/1.1" 200 146
14.0.154.193 - - [23/Feb/2026:10:44:29 +0800] "GET /InternetTrading/tc/images/top_menu01.jpg HTTP/1.1" 200 3466
14.0.154.193 - - [23/Feb/2026:10:44:29 +0800] "GET /InternetTrading/tc/images/logo.png HTTP/1.1" 200 7042
14.0.154.193 - - [23/Feb/2026:10:44:29 +0800] "GET /InternetTrading/GoodTillDateValidExch?fmt=js&jsv=20200819161914 HTTP/1.1" 200 29
14.0.154.193 - - [23/Feb/2026:10:44:29 +0800] "GET /InternetTrading/tc/images/top_menu_logout.jpg HTTP/1.1" 200 1016
14.0.154.193 - - [23/Feb/2026:10:44:29 +0800] "GET /InternetTrading/tc/images/top_menu04.jpg HTTP/1.1" 200 3430
14.0.154.193 - - [23/Feb/2026:10:44:29 +0800] "GET /InternetTrading/images/top_bg3.jpg HTTP/1.1" 200 878
14.0.154.193 - - [23/Feb/2026:10:44:29 +0800] "GET /InternetTrading/images/top_bg1.jpg HTTP/1.1" 200 329
14.0.154.193 - - [23/Feb/2026:10:44:29 +0800] "GET /InternetTrading/tc/dialog.html?1771814987271 HTTP/1.1" 200 3188
14.0.154.193 - - [23/Feb/2026:10:44:29 +0800] "POST /InternetTrading/PopUpConfig HTTP/1.1" 200 2
14.0.154.193 - - [23/Feb/2026:10:44:29 +0800] "GET /InternetTrading/images/top_bg2.jpg HTTP/1.1" 200 330
14.0.154.193 - - [23/Feb/2026:10:44:29 +0800] "GET /InternetTrading/tc/images/top_menu01_o.jpg HTTP/1.1" 200 3339
14.0.154.193 - - [23/Feb/2026:10:44:29 +0800] "POST /InternetTrading/Heartbeat HTTP/1.1" 200 32
14.0.154.193 - - [23/Feb/2026:10:44:29 +0800] "GET /InternetTrading/jquery/wait.gif HTTP/1.1" 200 432
14.0.154.193 - - [23/Feb/2026:10:44:29 +0800] "GET /InternetTrading/tc/images/trade_point01.jpg HTTP/1.1" 200 358
14.0.154.193 - - [23/Feb/2026:10:44:29 +0800] "POST /InternetTrading/CustomerInfoLite HTTP/1.1" 200 118
14.0.154.193 - - [23/Feb/2026:10:44:29 +0800] "GET /InternetTrading/tc/images/refresh.gif HTTP/1.1" 200 1145
14.0.154.193 - - [23/Feb/2026:10:44:29 +0800] "GET /InternetTrading/jquery/images/ui-icons_222222_256x240.png HTTP/1.1" 200 6922
14.0.154.193 - - [23/Feb/2026:10:44:29 +0800] "GET /InternetTrading/jquery/images/ui-bg_flat_75_ffffff_40x100.png HTTP/1.1" 200 208
14.0.154.193 - - [23/Feb/2026:10:44:29 +0800] "GET /InternetTrading/tc/trade.html HTTP/1.1" 200 2113
14.0.154.193 - - [23/Feb/2026:10:44:29 +0800] "POST /InternetTrading/SpreadPriceCache HTTP/1.1" 200 1947
219.73.99.100 - - [23/Feb/2026:10:44:30 +0800] "GET /InternetTrading/longpoll/55136?X-Atmosphere-tracking-id=0&X-Atmosphere-Framework=2.2.3-javascript&X-Atmosphere-Transport=long-polling&X-Atmosphere-TrackMessageSize=true&Content-Type=charset%3Dutf-8&X-atmo-protocol=true&_=1771814989770 HTTP/1.1" 200 -
14.0.154.193 - - [23/Feb/2026:10:44:30 +0800] "POST /InternetTrading/SessionErrorLogger HTTP/1.1" 200 117
14.0.154.193 - - [23/Feb/2026:10:44:30 +0800] "GET /InternetTrading/tc/buy_ticket.html? HTTP/1.1" 200 1995
14.0.154.193 - - [23/Feb/2026:10:44:30 +0800] "POST /InternetTrading/SessionErrorLogger HTTP/1.1" 200 117
14.0.154.193 - - [23/Feb/2026:10:44:30 +0800] "POST /InternetTrading/MarketStatus HTTP/1.1" 200 772
14.0.154.193 - - [23/Feb/2026:10:44:30 +0800] "POST /InternetTrading/SessionErrorLogger HTTP/1.1" 200 117
14.0.154.193 - - [23/Feb/2026:10:44:30 +0800] "GET /InternetTrading/tc/multi_currency_balance.html HTTP/1.1" 200 295
14.0.154.193 - - [23/Feb/2026:10:44:30 +0800] "GET /InternetTrading/tc/applet_dummy.html HTTP/1.1" 200 330
104.28.70.178 - - [23/Feb/2026:10:44:30 +0800] "GET /InternetTrading/longpoll/56423?X-Atmosphere-tracking-id=0&X-Atmosphere-Framework=2.2.3-javascript&X-Atmosphere-Transport=long-polling&X-Atmosphere-TrackMessageSize=true&Content-Type=charset%3Dutf-8&X-atmo-protocol=true&_=1771814990150 HTTP/1.1" 200 -
14.0.154.193 - - [23/Feb/2026:10:44:30 +0800] "POST /InternetTrading/SessionErrorLogger HTTP/1.1" 200 117
14.0.154.193 - - [23/Feb/2026:10:44:30 +0800] "POST /InternetTrading/MarketStatus HTTP/1.1" 200 772
14.0.154.193 - - [23/Feb/2026:10:44:30 +0800] "POST /InternetTrading/SessionErrorLogger HTTP/1.1" 200 117
110.81.58.86 - - [23/Feb/2026:10:44:30 +0800] "GET /InternetTrading/longpoll/M8773?X-Atmosphere-tracking-id=0&X-Atmosphere-Framework=2.2.3-javascript&X-Atmosphere-Transport=long-polling&X-Atmosphere-TrackMessageSize=true&Content-Type=charset%3Dutf-8&X-atmo-protocol=true&_=1771814993248 HTTP/1.1" 200 -
14.0.154.193 - - [23/Feb/2026:10:44:30 +0800] "POST /InternetTrading/MarketStatus HTTP/1.1" 200 772
14.0.154.193 - - [23/Feb/2026:10:44:30 +0800] "POST /InternetTrading/SessionErrorLogger HTTP/1.1" 200 117
14.0.154.193 - - [23/Feb/2026:10:44:30 +0800] "POST /InternetTrading/GetLastLoginDate HTTP/1.1" 200 31
14.0.154.193 - - [23/Feb/2026:10:44:30 +0800] "POST /InternetTrading/SessionErrorLogger HTTP/1.1" 200 117
14.0.154.193 - - [23/Feb/2026:10:44:30 +0800] "GET /InternetTrading/tc/getpopupMsgName.jsp HTTP/1.1" 200 -
14.0.154.193 - - [23/Feb/2026:10:44:31 +0800] "GET /InternetTrading/Home/PostToAA.jsp?hl=tc HTTP/1.1" 200 287
104.28.70.178 - - [23/Feb/2026:10:44:31 +0800] "POST /InternetTrading/SessionErrorLogger HTTP/1.1" 200 117
104.28.70.178 - - [23/Feb/2026:10:44:31 +0800] "GET /InternetTrading/Csrf?url=/Order HTTP/1.1" 200 125
104.28.70.178 - - [23/Feb/2026:10:44:31 +0800] "POST /InternetTrading/SessionErrorLogger HTTP/1.1" 200 117
104.28.70.178 - - [23/Feb/2026:10:44:31 +0800] "POST /InternetTrading/LoginKey HTTP/1.1" 200 -
104.28.70.178 - - [23/Feb/2026:10:44:31 +0800] "POST /InternetTrading/SessionErrorLogger HTTP/1.1" 200 117
104.28.70.178 - - [23/Feb/2026:10:44:31 +0800] "POST /InternetTrading/Order?csrf_nonce=B7F3E1F327F3AFB0ACD816FF617267FA HTTP/1.1" 200 1022
104.28.70.178 - - [23/Feb/2026:10:44:32 +0800] "POST /InternetTrading/SessionErrorLogger HTTP/1.1" 200 117
104.28.70.178 - - [23/Feb/2026:10:44:32 +0800] "GET /InternetTrading/tc/sell_ticket.html? HTTP/1.1" 200 2261
110.81.58.86 - - [23/Feb/2026:10:44:32 +0800] "POST /InternetTrading/SessionErrorLogger HTTP/1.1" 200 117
104.28.70.178 - - [23/Feb/2026:10:44:32 +0800] "POST /InternetTrading/SessionErrorLogger HTTP/1.1" 200 117
110.81.58.86 - - [23/Feb/2026:10:44:32 +0800] "POST /InternetTrading/Heartbeat HTTP/1.1" 200 32
104.28.70.178 - - [23/Feb/2026:10:44:32 +0800] "POST /InternetTrading/SessionErrorLogger HTTP/1.1" 200 117
104.28.70.178 - - [23/Feb/2026:10:44:32 +0800] "POST /InternetTrading/MarketStatus HTTP/1.1" 200 772
104.28.70.178 - - [23/Feb/2026:10:44:32 +0800] "POST /InternetTrading/MarketStatus HTTP/1.1" 200 772
110.81.58.86 - - [23/Feb/2026:10:44:32 +0800] "POST /InternetTrading/SessionErrorLogger HTTP/1.1" 200 117
110.81.58.86 - - [23/Feb/2026:10:44:32 +0800] "POST /InternetTrading/MarketStatus HTTP/1.1" 200 772
14.0.154.193 - - [23/Feb/2026:10:44:32 +0800] "POST /InternetTrading/SessionErrorLogger HTTP/1.1" 200 117
14.0.154.193 - - [23/Feb/2026:10:44:32 +0800] "POST /InternetTrading/CustomerInfo HTTP/1.1" 200 207
14.0.154.193 - - [23/Feb/2026:10:44:32 +0800] "POST /InternetTrading/SessionErrorLogger HTTP/1.1" 200 117
14.0.154.193 - - [23/Feb/2026:10:44:32 +0800] "POST /InternetTrading/MarketStatus HTTP/1.1" 200 772
14.0.154.193 - - [23/Feb/2026:10:44:32 +0800] "POST /InternetTrading/SessionErrorLogger HTTP/1.1" 200 117
14.0.154.193 - - [23/Feb/2026:10:44:32 +0800] "POST /InternetTrading/SessionErrorLogger HTTP/1.1" 200 117
14.0.154.193 - - [23/Feb/2026:10:44:32 +0800] "POST /InternetTrading/LongPollingConfig HTTP/1.1" 200 4
14.0.154.193 - - [23/Feb/2026:10:44:32 +0800] "POST /InternetTrading/SessionErrorLogger HTTP/1.1" 200 117
14.0.154.193 - - [23/Feb/2026:10:44:32 +0800] "GET /InternetTrading/tc/account_status.html HTTP/1.1" 200 426
14.0.154.193 - - [23/Feb/2026:10:44:32 +0800] "GET /InternetTrading/longpoll/54822?X-Atmosphere-tracking-id=0&X-Atmosphere-Framework=2.2.3-javascript&X-Atmosphere-Transport=long-polling&X-Atmosphere-TrackMessageSize=true&Content-Type=charset%3Dutf-8&X-atmo-protocol=true&_=1771814990336 HTTP/1.1" 200 -
14.0.154.193 - - [23/Feb/2026:10:44:32 +0800] "POST /InternetTrading/SessionErrorLogger HTTP/1.1" 200 117
14.0.154.193 - - [23/Feb/2026:10:44:32 +0800] "POST /InternetTrading/Portfolio HTTP/1.1" 200 1628
14.0.170.98 - - [23/Feb/2026:10:44:33 +0800] "GET /InternetTrading/longpoll/A8127?X-Atmosphere-tracking-id=0&X-Atmosphere-Framework=2.2.3-javascript&X-Atmosphere-Transport=long-polling&X-Atmosphere-TrackMessageSize=true&Content-Type=charset%3Dutf-8&X-atmo-protocol=true&_=1771814992691 HTTP/1.1" 200 -
219.73.99.100 - - [23/Feb/2026:10:44:33 +0800] "POST /InternetTrading/SessionErrorLogger HTTP/1.1" 200 117
219.73.99.100 - - [23/Feb/2026:10:44:33 +0800] "POST /InternetTrading/Heartbeat HTTP/1.1" 200 32
104.28.70.178 - - [23/Feb/2026:10:44:34 +0800] "POST /InternetTrading/SessionErrorLogger HTTP/1.1" 200 117
104.28.70.178 - - [23/Feb/2026:10:44:34 +0800] "POST /InternetTrading/Orderbook HTTP/1.1" 200 1161
220.246.38.37 - - [23/Feb/2026:10:44:34 +0800] "GET /InternetTrading/longpoll/54906?X-Atmosphere-tracking-id=0&X-Atmosphere-Framework=2.2.3-javascript&X-Atmosphere-Transport=long-polling&X-Atmosphere-TrackMessageSize=true&Content-Type=charset%3Dutf-8&X-atmo-protocol=true&_=1771814993749 HTTP/1.1" 200 -
221.124.232.198 - - [23/Feb/2026:10:44:34 +0800] "GET /InternetTrading/longpoll/13511?X-Atmosphere-tracking-id=0&X-Atmosphere-Framework=2.2.3-javascript&X-Atmosphere-Transport=long-polling&X-Atmosphere-TrackMessageSize=true&Content-Type=charset%3Dutf-8&X-atmo-protocol=true&_=1771814994240 HTTP/1.1" 200 -
219.73.99.100 - - [23/Feb/2026:10:44:35 +0800] "GET /InternetTrading/longpoll/55136?X-Atmosphere-tracking-id=0&X-Atmosphere-Framework=2.2.3-javascript&X-Atmosphere-Transport=long-polling&X-Atmosphere-TrackMessageSize=true&Content-Type=charset%3Dutf-8&X-atmo-protocol=true&_=1771814994793 HTTP/1.1" 200 -
220.246.38.37 - - [23/Feb/2026:10:44:35 +0800] "POST /InternetTrading/SessionErrorLogger HTTP/1.1" 200 117
220.246.38.37 - - [23/Feb/2026:10:44:35 +0800] "POST /InternetTrading/Heartbeat HTTP/1.1" 200 32
104.28.70.178 - - [23/Feb/2026:10:44:35 +0800] "GET /InternetTrading/longpoll/56423?X-Atmosphere-tracking-id=0&X-Atmosphere-Framework=2.2.3-javascript&X-Atmosphere-Transport=long-polling&X-Atmosphere-TrackMessageSize=true&Content-Type=charset%3Dutf-8&X-atmo-protocol=true&_=1771814995326 HTTP/1.1" 200 -
110.81.58.86 - - [23/Feb/2026:10:44:35 +0800] "GET /InternetTrading/longpoll/M8773?X-Atmosphere-tracking-id=0&X-Atmosphere-Framework=2.2.3-javascript&X-Atmosphere-Transport=long-polling&X-Atmosphere-TrackMessageSize=true&Content-Type=charset%3Dutf-8&X-atmo-protocol=true&_=1771814998373 HTTP/1.1" 200 -
219.73.99.100 - - [23/Feb/2026:10:44:36 +0800] "POST /InternetTrading/SessionErrorLogger HTTP/1.1" 200 117
219.73.99.100 - - [23/Feb/2026:10:44:36 +0800] "POST /InternetTrading/MarketStatus HTTP/1.1" 200 772
14.0.154.193 - - [23/Feb/2026:10:44:37 +0800] "POST /InternetTrading/SessionErrorLogger HTTP/1.1" 200 117
14.0.154.193 - - [23/Feb/2026:10:44:37 +0800] "GET /InternetTrading/tc/sell_ticket.html? HTTP/1.1" 200 2261
14.0.154.193 - - [23/Feb/2026:10:44:37 +0800] "POST /InternetTrading/SessionErrorLogger HTTP/1.1" 200 117
14.0.154.193 - - [23/Feb/2026:10:44:37 +0800] "POST /InternetTrading/MarketStatus HTTP/1.1" 200 772
14.0.154.193 - - [23/Feb/2026:10:44:37 +0800] "POST /InternetTrading/SessionErrorLogger HTTP/1.1" 200 117
14.0.154.193 - - [23/Feb/2026:10:44:37 +0800] "POST /InternetTrading/MarketStatus HTTP/1.1" 200 772
14.0.154.193 - - [23/Feb/2026:10:44:37 +0800] "GET /InternetTrading/longpoll/54822?X-Atmosphere-tracking-id=0&X-Atmosphere-Framework=2.2.3-javascript&X-Atmosphere-Transport=long-polling&X-Atmosphere-TrackMessageSize=true&Content-Type=charset%3Dutf-8&X-atmo-protocol=true&_=1771814995478 HTTP/1.1" 200 -
14.0.170.98 - - [23/Feb/2026:10:44:38 +0800] "GET /InternetTrading/longpoll/A8127?X-Atmosphere-tracking-id=0&X-Atmosphere-Framework=2.2.3-javascript&X-Atmosphere-Transport=long-polling&X-Atmosphere-TrackMessageSize=true&Content-Type=charset%3Dutf-8&X-atmo-protocol=true&_=1771814997819 HTTP/1.1" 200 -
220.246.38.37 - - [23/Feb/2026:10:44:39 +0800] "GET /InternetTrading/longpoll/54906?X-Atmosphere-tracking-id=0&X-Atmosphere-Framework=2.2.3-javascript&X-Atmosphere-Transport=long-polling&X-Atmosphere-TrackMessageSize=true&Content-Type=charset%3Dutf-8&X-atmo-protocol=true&_=1771814998791 HTTP/1.1" 200 -
219.73.99.100 - - [23/Feb/2026:10:44:40 +0800] "GET /InternetTrading/longpoll/55136?X-Atmosphere-tracking-id=0&X-Atmosphere-Framework=2.2.3-javascript&X-Atmosphere-Transport=long-polling&X-Atmosphere-TrackMessageSize=true&Content-Type=charset%3Dutf-8&X-atmo-protocol=true&_=1771814999814 HTTP/1.1" 200 -
104.28.70.178 - - [23/Feb/2026:10:44:40 +0800] "POST /InternetTrading/SessionErrorLogger HTTP/1.1" 200 117
104.28.70.178 - - [23/Feb/2026:10:44:40 +0800] "POST /InternetTrading/Heartbeat HTTP/1.1" 200 32
221.124.232.198 - - [23/Feb/2026:10:44:40 +0800] "GET /InternetTrading/longpoll/13511?X-Atmosphere-tracking-id=0&X-Atmosphere-Framework=2.2.3-javascript&X-Atmosphere-Transport=long-polling&X-Atmosphere-TrackMessageSize=true&Content-Type=charset%3Dutf-8&X-atmo-protocol=true&_=1771815000240 HTTP/1.1" 200 -
104.28.70.178 - - [23/Feb/2026:10:44:40 +0800] "GET /InternetTrading/longpoll/56423?X-Atmosphere-tracking-id=0&X-Atmosphere-Framework=2.2.3-javascript&X-Atmosphere-Transport=long-polling&X-Atmosphere-TrackMessageSize=true&Content-Type=charset%3Dutf-8&X-atmo-protocol=true&_=1771815000448 HTTP/1.1" 200 -
110.81.58.86 - - [23/Feb/2026:10:44:40 +0800] "GET /InternetTrading/longpoll/M8773?X-Atmosphere-tracking-id=0&X-Atmosphere-Framework=2.2.3-javascript&X-Atmosphere-Transport=long-polling&X-Atmosphere-TrackMessageSize=true&Content-Type=charset%3Dutf-8&X-atmo-protocol=true&_=1771815003416 HTTP/1.1" 200 -
14.0.154.193 - - [23/Feb/2026:10:44:42 +0800] "POST /InternetTrading/SessionErrorLogger HTTP/1.1" 200 117
14.0.154.193 - - [23/Feb/2026:10:44:42 +0800] "POST /InternetTrading/Product HTTP/1.1" 200 280
14.0.154.193 - - [23/Feb/2026:10:44:42 +0800] "POST /InternetTrading/SessionErrorLogger HTTP/1.1" 200 117
14.0.154.193 - - [23/Feb/2026:10:44:42 +0800] "POST /InternetTrading/OrderMaxQuantity HTTP/1.1" 200 7
14.0.154.193 - - [23/Feb/2026:10:44:43 +0800] "GET /InternetTrading/longpoll/54822?X-Atmosphere-tracking-id=0&X-Atmosphere-Framework=2.2.3-javascript&X-Atmosphere-Transport=long-polling&X-Atmosphere-TrackMessageSize=true&Content-Type=charset%3Dutf-8&X-atmo-protocol=true&_=1771815000607 HTTP/1.1" 200 -
14.0.170.98 - - [23/Feb/2026:10:44:43 +0800] "GET /InternetTrading/longpoll/A8127?X-Atmosphere-tracking-id=0&X-Atmosphere-Framework=2.2.3-javascript&X-Atmosphere-Transport=long-polling&X-Atmosphere-TrackMessageSize=true&Content-Type=charset%3Dutf-8&X-atmo-protocol=true&_=1771815002969 HTTP/1.1" 200 -
220.246.38.37 - - [23/Feb/2026:10:44:44 +0800] "GET /InternetTrading/longpoll/54906?X-Atmosphere-tracking-id=0&X-Atmosphere-Framework=2.2.3-javascript&X-Atmosphere-Transport=long-polling&X-Atmosphere-TrackMessageSize=true&Content-Type=charset%3Dutf-8&X-atmo-protocol=true&_=1771815003827 HTTP/1.1" 200 -
14.0.170.98 - - [23/Feb/2026:10:44:44 +0800] "POST /InternetTrading/SessionErrorLogger HTTP/1.1" 200 117
14.0.170.98 - - [23/Feb/2026:10:44:44 +0800] "POST /InternetTrading/Heartbeat HTTP/1.1" 200 32
14.0.170.98 - - [23/Feb/2026:10:44:44 +0800] "POST /InternetTrading/SessionErrorLogger HTTP/1.1" 200 117
14.0.170.98 - - [23/Feb/2026:10:44:45 +0800] "POST /InternetTrading/MarketStatus HTTP/1.1" 200 772
219.73.99.100 - - [23/Feb/2026:10:44:45 +0800] "GET /InternetTrading/longpoll/55136?X-Atmosphere-tracking-id=0&X-Atmosphere-Framework=2.2.3-javascript&X-Atmosphere-Transport=long-polling&X-Atmosphere-TrackMessageSize=true&Content-Type=charset%3Dutf-8&X-atmo-protocol=true&_=1771815004841 HTTP/1.1" 200 -
110.81.58.86 - - [23/Feb/2026:10:44:45 +0800] "GET /InternetTrading/longpoll/M8773?X-Atmosphere-tracking-id=0&X-Atmosphere-Framework=2.2.3-javascript&X-Atmosphere-Transport=long-polling&X-Atmosphere-TrackMessageSize=true&Content-Type=charset%3Dutf-8&X-atmo-protocol=true&_=1771815008516 HTTP/1.1" 200 -
104.28.70.178 - - [23/Feb/2026:10:44:46 +0800] "GET /InternetTrading/longpoll/56423?X-Atmosphere-tracking-id=0&X-Atmosphere-Framework=2.2.3-javascript&X-Atmosphere-Transport=long-polling&X-Atmosphere-TrackMessageSize=true&Content-Type=charset%3Dutf-8&X-atmo-protocol=true&_=1771815005609 HTTP/1.1" 200 -
221.124.232.198 - - [23/Feb/2026:10:44:46 +0800] "GET /InternetTrading/longpoll/13511?X-Atmosphere-tracking-id=0&X-Atmosphere-Framework=2.2.3-javascript&X-Atmosphere-Transport=long-polling&X-Atmosphere-TrackMessageSize=true&Content-Type=charset%3Dutf-8&X-atmo-protocol=true&_=1771815006240 HTTP/1.1" 200 -
14.0.154.193 - - [23/Feb/2026:10:44:48 +0800] "GET /InternetTrading/longpoll/54822?X-Atmosphere-tracking-id=0&X-Atmosphere-Framework=2.2.3-javascript&X-Atmosphere-Transport=long-polling&X-Atmosphere-TrackMessageSize=true&Content-Type=charset%3Dutf-8&X-atmo-protocol=true&_=1771815005690 HTTP/1.1" 200 -
14.0.170.98 - - [23/Feb/2026:10:44:48 +0800] "GET /InternetTrading/longpoll/A8127?X-Atmosphere-tracking-id=0&X-Atmosphere-Framework=2.2.3-javascript&X-Atmosphere-Transport=long-polling&X-Atmosphere-TrackMessageSize=true&Content-Type=charset%3Dutf-8&X-atmo-protocol=true&_=1771815008290 HTTP/1.1" 200 -
220.246.38.37 - - [23/Feb/2026:10:44:49 +0800] "GET /InternetTrading/longpoll/54906?X-Atmosphere-tracking-id=0&X-Atmosphere-Framework=2.2.3-javascript&X-Atmosphere-Transport=long-polling&X-Atmosphere-TrackMessageSize=true&Content-Type=charset%3Dutf-8&X-atmo-protocol=true&_=1771815008865 HTTP/1.1" 200 -
14.0.154.193 - - [23/Feb/2026:10:44:49 +0800] "GET /InternetTrading/jquery/images/ui-icons_888888_256x240.png HTTP/1.1" 200 6999
14.0.154.193 - - [23/Feb/2026:10:44:49 +0800] "GET /InternetTrading/jquery/images/ui-icons_454545_256x240.png HTTP/1.1" 200 6992
219.73.99.100 - - [23/Feb/2026:10:44:50 +0800] "GET /InternetTrading/longpoll/55136?X-Atmosphere-tracking-id=0&X-Atmosphere-Framework=2.2.3-javascript&X-Atmosphere-Transport=long-polling&X-Atmosphere-TrackMessageSize=true&Content-Type=charset%3Dutf-8&X-atmo-protocol=true&_=1771815009889 HTTP/1.1" 200 -
110.81.58.86 - - [23/Feb/2026:10:44:51 +0800] "GET /InternetTrading/longpoll/M8773?X-Atmosphere-tracking-id=0&X-Atmosphere-Framework=2.2.3-javascript&X-Atmosphere-Transport=long-polling&X-Atmosphere-TrackMessageSize=true&Content-Type=charset%3Dutf-8&X-atmo-protocol=true&_=1771815013632 HTTP/1.1" 200 -
221.124.232.198 - - [23/Feb/2026:10:44:52 +0800] "POST /InternetTrading/SessionErrorLogger HTTP/1.1" 200 117
221.124.232.198 - - [23/Feb/2026:10:44:52 +0800] "POST /InternetTrading/Heartbeat HTTP/1.1" 200 32
221.124.232.198 - - [23/Feb/2026:10:44:52 +0800] "POST /InternetTrading/SessionErrorLogger HTTP/1.1" 200 117
221.124.232.198 - - [23/Feb/2026:10:44:52 +0800] "GET /InternetTrading/longpoll/13511?X-Atmosphere-tracking-id=0&X-Atmosphere-Framework=2.2.3-javascript&X-Atmosphere-Transport=long-polling&X-Atmosphere-TrackMessageSize=true&Content-Type=charset%3Dutf-8&X-atmo-protocol=true&_=1771815012293 HTTP/1.1" 200 -
221.124.232.198 - - [23/Feb/2026:10:44:52 +0800] "POST /InternetTrading/MarketStatus HTTP/1.1" 200 772
14.0.154.193 - - [23/Feb/2026:10:44:53 +0800] "GET /InternetTrading/longpoll/54822?X-Atmosphere-tracking-id=0&X-Atmosphere-Framework=2.2.3-javascript&X-Atmosphere-Transport=long-polling&X-Atmosphere-TrackMessageSize=true&Content-Type=charset%3Dutf-8&X-atmo-protocol=true&_=1771815010931 HTTP/1.1" 200 -
14.0.170.98 - - [23/Feb/2026:10:44:54 +0800] "GET /InternetTrading/longpoll/A8127?X-Atmosphere-tracking-id=0&X-Atmosphere-Framework=2.2.3-javascript&X-Atmosphere-Transport=long-polling&X-Atmosphere-TrackMessageSize=true&Content-Type=charset%3Dutf-8&X-atmo-protocol=true&_=1771815013407 HTTP/1.1" 200 -
220.246.38.37 - - [23/Feb/2026:10:44:54 +0800] "GET /InternetTrading/longpoll/54906?X-Atmosphere-tracking-id=0&X-Atmosphere-Framework=2.2.3-javascript&X-Atmosphere-Transport=long-polling&X-Atmosphere-TrackMessageSize=true&Content-Type=charset%3Dutf-8&X-atmo-protocol=true&_=1771815013903 HTTP/1.1" 200 -
219.73.99.100 - - [23/Feb/2026:10:44:55 +0800] "GET /InternetTrading/longpoll/55136?X-Atmosphere-tracking-id=0&X-Atmosphere-Framework=2.2.3-javascript&X-Atmosphere-Transport=long-polling&X-Atmosphere-TrackMessageSize=true&Content-Type=charset%3Dutf-8&X-atmo-protocol=true&_=1771815014944 HTTP/1.1" 200 -
110.81.58.86 - - [23/Feb/2026:10:44:56 +0800] "GET /InternetTrading/longpoll/M8773?X-Atmosphere-tracking-id=0&X-Atmosphere-Framework=2.2.3-javascript&X-Atmosphere-Transport=long-polling&X-Atmosphere-TrackMessageSize=true&Content-Type=charset%3Dutf-8&X-atmo-protocol=true&_=1771815018736 HTTP/1.1" 200 -
220.246.38.37 - - [23/Feb/2026:10:44:56 +0800] "POST /InternetTrading/SessionErrorLogger HTTP/1.1" 200 117
220.246.38.37 - - [23/Feb/2026:10:44:56 +0800] "POST /InternetTrading/MarketStatus HTTP/1.1" 200 772
221.124.232.198 - - [23/Feb/2026:10:44:58 +0800] "GET /InternetTrading/longpoll/13511?X-Atmosphere-tracking-id=0&X-Atmosphere-Framework=2.2.3-javascript&X-Atmosphere-Transport=long-polling&X-Atmosphere-TrackMessageSize=true&Content-Type=charset%3Dutf-8&X-atmo-protocol=true&_=1771815018232 HTTP/1.1" 200 -
14.0.154.193 - - [23/Feb/2026:10:44:58 +0800] "GET /InternetTrading/longpoll/54822?X-Atmosphere-tracking-id=0&X-Atmosphere-Framework=2.2.3-javascript&X-Atmosphere-Transport=long-polling&X-Atmosphere-TrackMessageSize=true&Content-Type=charset%3Dutf-8&X-atmo-protocol=true&_=1771815016190 HTTP/1.1" 200 -
14.0.170.98 - - [23/Feb/2026:10:44:59 +0800] "GET /InternetTrading/longpoll/A8127?X-Atmosphere-tracking-id=0&X-Atmosphere-Framework=2.2.3-javascript&X-Atmosphere-Transport=long-polling&X-Atmosphere-TrackMessageSize=true&Content-Type=charset%3Dutf-8&X-atmo-protocol=true&_=1771815018529 HTTP/1.1" 200 -
220.246.38.37 - - [23/Feb/2026:10:44:59 +0800] "GET /InternetTrading/longpoll/54906?X-Atmosphere-tracking-id=0&X-Atmosphere-Framework=2.2.3-javascript&X-Atmosphere-Transport=long-polling&X-Atmosphere-TrackMessageSize=true&Content-Type=charset%3Dutf-8&X-atmo-protocol=true&_=1771815018939 HTTP/1.1" 200 -
14.0.154.193 - - [23/Feb/2026:10:45:00 +0800] "POST /InternetTrading/SessionErrorLogger HTTP/1.1" 200 117
14.0.154.193 - - [23/Feb/2026:10:45:00 +0800] "POST /InternetTrading/Heartbeat HTTP/1.1" 200 32
219.73.99.100 - - [23/Feb/2026:10:45:00 +0800] "GET /InternetTrading/longpoll/55136?X-Atmosphere-tracking-id=0&X-Atmosphere-Framework=2.2.3-javascript&X-Atmosphere-Transport=long-polling&X-Atmosphere-TrackMessageSize=true&Content-Type=charset%3Dutf-8&X-atmo-protocol=true&_=1771815019995 HTTP/1.1" 200 -
110.81.58.86 - - [23/Feb/2026:10:45:01 +0800] "GET /InternetTrading/longpoll/M8773?X-Atmosphere-tracking-id=0&X-Atmosphere-Framework=2.2.3-javascript&X-Atmosphere-Transport=long-polling&X-Atmosphere-TrackMessageSize=true&Content-Type=charset%3Dutf-8&X-atmo-protocol=true&_=1771815023888 HTTP/1.1" 200 -
110.81.58.86 - - [23/Feb/2026:10:45:02 +0800] "POST /InternetTrading/SessionErrorLogger HTTP/1.1" 200 117
110.81.58.86 - - [23/Feb/2026:10:45:02 +0800] "POST /InternetTrading/Heartbeat HTTP/1.1" 200 32
110.81.58.86 - - [23/Feb/2026:10:45:02 +0800] "POST /InternetTrading/SessionErrorLogger HTTP/1.1" 200 117
110.81.58.86 - - [23/Feb/2026:10:45:02 +0800] "POST /InternetTrading/MarketStatus HTTP/1.1" 200 772
219.73.99.100 - - [23/Feb/2026:10:45:03 +0800] "POST /InternetTrading/SessionErrorLogger HTTP/1.1" 200 117
219.73.99.100 - - [23/Feb/2026:10:45:03 +0800] "POST /InternetTrading/Heartbeat HTTP/1.1" 200 32
14.0.154.193 - - [23/Feb/2026:10:45:04 +0800] "GET /InternetTrading/longpoll/54822?X-Atmosphere-tracking-id=0&X-Atmosphere-Framework=2.2.3-javascript&X-Atmosphere-Transport=long-polling&X-Atmosphere-TrackMessageSize=true&Content-Type=charset%3Dutf-8&X-atmo-protocol=true&_=1771815021436 HTTP/1.1" 200 -
220.246.38.37 - - [23/Feb/2026:10:45:04 +0800] "GET /InternetTrading/longpoll/54906?X-Atmosphere-tracking-id=0&X-Atmosphere-Framework=2.2.3-javascript&X-Atmosphere-Transport=long-polling&X-Atmosphere-TrackMessageSize=true&Content-Type=charset%3Dutf-8&X-atmo-protocol=true&_=1771815023973 HTTP/1.1" 200 -
221.124.232.198 - - [23/Feb/2026:10:45:04 +0800] "GET /InternetTrading/longpoll/13511?X-Atmosphere-tracking-id=0&X-Atmosphere-Framework=2.2.3-javascript&X-Atmosphere-Transport=long-polling&X-Atmosphere-TrackMessageSize=true&Content-Type=charset%3Dutf-8&X-atmo-protocol=true&_=1771815024239 HTTP/1.1" 200 -
14.0.170.98 - - [23/Feb/2026:10:45:04 +0800] "GET /InternetTrading/longpoll/A8127?X-Atmosphere-tracking-id=0&X-Atmosphere-Framework=2.2.3-javascript&X-Atmosphere-Transport=long-polling&X-Atmosphere-TrackMessageSize=true&Content-Type=charset%3Dutf-8&X-atmo-protocol=true&_=1771815023801 HTTP/1.1" 200 -
220.246.38.37 - - [23/Feb/2026:10:45:05 +0800] "POST /InternetTrading/SessionErrorLogger HTTP/1.1" 200 117
220.246.38.37 - - [23/Feb/2026:10:45:05 +0800] "POST /InternetTrading/Heartbeat HTTP/1.1" 200 32
219.73.99.100 - - [23/Feb/2026:10:45:05 +0800] "GET /InternetTrading/longpoll/55136?X-Atmosphere-tracking-id=0&X-Atmosphere-Framework=2.2.3-javascript&X-Atmosphere-Transport=long-polling&X-Atmosphere-TrackMessageSize=true&Content-Type=charset%3Dutf-8&X-atmo-protocol=true&_=1771815025037 HTTP/1.1" 200 -
219.73.99.100 - - [23/Feb/2026:10:45:06 +0800] "POST /InternetTrading/SessionErrorLogger HTTP/1.1" 200 117
219.73.99.100 - - [23/Feb/2026:10:45:06 +0800] "POST /InternetTrading/MarketStatus HTTP/1.1" 200 772
110.81.58.86 - - [23/Feb/2026:10:45:06 +0800] "GET /InternetTrading/longpoll/M8773?X-Atmosphere-tracking-id=0&X-Atmosphere-Framework=2.2.3-javascript&X-Atmosphere-Transport=long-polling&X-Atmosphere-TrackMessageSize=true&Content-Type=charset%3Dutf-8&X-atmo-protocol=true&_=1771815029072 HTTP/1.1" 200 -
14.0.154.193 - - [23/Feb/2026:10:45:07 +0800] "POST /InternetTrading/SessionErrorLogger HTTP/1.1" 200 117
14.0.154.193 - - [23/Feb/2026:10:45:07 +0800] "POST /InternetTrading/MarketStatus HTTP/1.1" 200 772
14.0.154.193 - - [23/Feb/2026:10:45:09 +0800] "GET /InternetTrading/longpoll/54822?X-Atmosphere-tracking-id=0&X-Atmosphere-Framework=2.2.3-javascript&X-Atmosphere-Transport=long-polling&X-Atmosphere-TrackMessageSize=true&Content-Type=charset%3Dutf-8&X-atmo-protocol=true&_=1771815026682 HTTP/1.1" 200 -
220.246.38.37 - - [23/Feb/2026:10:45:09 +0800] "GET /InternetTrading/longpoll/54906?X-Atmosphere-tracking-id=0&X-Atmosphere-Framework=2.2.3-javascript&X-Atmosphere-Transport=long-polling&X-Atmosphere-TrackMessageSize=true&Content-Type=charset%3Dutf-8&X-atmo-protocol=true&_=1771815029011 HTTP/1.1" 200 -
14.0.170.98 - - [23/Feb/2026:10:45:10 +0800] "GET /InternetTrading/longpoll/A8127?X-Atmosphere-tracking-id=0&X-Atmosphere-Framework=2.2.3-javascript&X-Atmosphere-Transport=long-polling&X-Atmosphere-TrackMessageSize=true&Content-Type=charset%3Dutf-8&X-atmo-protocol=true&_=1771815029317 HTTP/1.1" 200 -
219.73.99.100 - - [23/Feb/2026:10:45:10 +0800] "GET /InternetTrading/longpoll/55136?X-Atmosphere-tracking-id=0&X-Atmosphere-Framework=2.2.3-javascript&X-Atmosphere-Transport=long-polling&X-Atmosphere-TrackMessageSize=true&Content-Type=charset%3Dutf-8&X-atmo-protocol=true&_=1771815030065 HTTP/1.1" 200 -
221.124.232.198 - - [23/Feb/2026:10:45:10 +0800] "GET /InternetTrading/longpoll/13511?X-Atmosphere-tracking-id=0&X-Atmosphere-Framework=2.2.3-javascript&X-Atmosphere-Transport=long-polling&X-Atmosphere-TrackMessageSize=true&Content-Type=charset%3Dutf-8&X-atmo-protocol=true&_=1771815030234 HTTP/1.1" 200 -
110.81.58.86 - - [23/Feb/2026:10:45:11 +0800] "GET /InternetTrading/longpoll/M8773?X-Atmosphere-tracking-id=0&X-Atmosphere-Framework=2.2.3-javascript&X-Atmosphere-Transport=long-polling&X-Atmosphere-TrackMessageSize=true&Content-Type=charset%3Dutf-8&X-atmo-protocol=true&_=1771815034131 HTTP/1.1" 200 -
220.246.38.37 - - [23/Feb/2026:10:45:14 +0800] "GET /InternetTrading/longpoll/54906?X-Atmosphere-tracking-id=0&X-Atmosphere-Framework=2.2.3-javascript&X-Atmosphere-Transport=long-polling&X-Atmosphere-TrackMessageSize=true&Content-Type=charset%3Dutf-8&X-atmo-protocol=true&_=1771815034049 HTTP/1.1" 200 -
14.0.154.193 - - [23/Feb/2026:10:45:14 +0800] "POST /InternetTrading/SessionErrorLogger HTTP/1.1" 200 117
14.0.154.193 - - [23/Feb/2026:10:45:14 +0800] "GET /InternetTrading/tc/buy_ticket.html? HTTP/1.1" 200 1995
14.0.154.193 - - [23/Feb/2026:10:45:14 +0800] "GET /InternetTrading/longpoll/54822?X-Atmosphere-tracking-id=0&X-Atmosphere-Framework=2.2.3-javascript&X-Atmosphere-Transport=long-polling&X-Atmosphere-TrackMessageSize=true&Content-Type=charset%3Dutf-8&X-atmo-protocol=true&_=1771815032061 HTTP/1.1" 200 -
14.0.154.193 - - [23/Feb/2026:10:45:14 +0800] "POST /InternetTrading/SessionErrorLogger HTTP/1.1" 200 117
14.0.154.193 - - [23/Feb/2026:10:45:14 +0800] "POST /InternetTrading/MarketStatus HTTP/1.1" 200 772
14.0.154.193 - - [23/Feb/2026:10:45:14 +0800] "POST /InternetTrading/SessionErrorLogger HTTP/1.1" 200 117
14.0.154.193 - - [23/Feb/2026:10:45:14 +0800] "POST /InternetTrading/SessionErrorLogger HTTP/1.1" 200 117
14.0.154.193 - - [23/Feb/2026:10:45:14 +0800] "POST /InternetTrading/MarketStatus HTTP/1.1" 200 772
14.0.154.193 - - [23/Feb/2026:10:45:14 +0800] "POST /InternetTrading/SessionErrorLogger HTTP/1.1" 200 117
14.0.154.193 - - [23/Feb/2026:10:45:14 +0800] "POST /InternetTrading/Product HTTP/1.1" 200 280
14.0.154.193 - - [23/Feb/2026:10:45:14 +0800] "POST /InternetTrading/OrderMaxQuantity HTTP/1.1" 200 9
14.0.170.98 - - [23/Feb/2026:10:45:14 +0800] "POST /InternetTrading/SessionErrorLogger HTTP/1.1" 200 117
14.0.170.98 - - [23/Feb/2026:10:45:14 +0800] "POST /InternetTrading/Heartbeat HTTP/1.1" 200 32
14.0.170.98 - - [23/Feb/2026:10:45:15 +0800] "POST /InternetTrading/SessionErrorLogger HTTP/1.1" 200 117
14.0.170.98 - - [23/Feb/2026:10:45:15 +0800] "POST /InternetTrading/MarketStatus HTTP/1.1" 200 772
14.0.170.98 - - [23/Feb/2026:10:45:15 +0800] "GET /InternetTrading/longpoll/A8127?X-Atmosphere-tracking-id=0&X-Atmosphere-Framework=2.2.3-javascript&X-Atmosphere-Transport=long-polling&X-Atmosphere-TrackMessageSize=true&Content-Type=charset%3Dutf-8&X-atmo-protocol=true&_=1771815034540 HTTP/1.1" 200 -
219.73.99.100 - - [23/Feb/2026:10:45:15 +0800] "GET /InternetTrading/longpoll/55136?X-Atmosphere-tracking-id=0&X-Atmosphere-Framework=2.2.3-javascript&X-Atmosphere-Transport=long-polling&X-Atmosphere-TrackMessageSize=true&Content-Type=charset%3Dutf-8&X-atmo-protocol=true&_=1771815035093 HTTP/1.1" 200 -
221.124.232.198 - - [23/Feb/2026:10:45:16 +0800] "GET /InternetTrading/longpoll/13511?X-Atmosphere-tracking-id=0&X-Atmosphere-Framework=2.2.3-javascript&X-Atmosphere-Transport=long-polling&X-Atmosphere-TrackMessageSize=true&Content-Type=charset%3Dutf-8&X-atmo-protocol=true&_=1771815036237 HTTP/1.1" 200 -
110.81.58.86 - - [23/Feb/2026:10:45:16 +0800] "GET /InternetTrading/longpoll/M8773?X-Atmosphere-tracking-id=0&X-Atmosphere-Framework=2.2.3-javascript&X-Atmosphere-Transport=long-polling&X-Atmosphere-TrackMessageSize=true&Content-Type=charset%3Dutf-8&X-atmo-protocol=true&_=1771815039237 HTTP/1.1" 200 -
14.0.154.193 - - [23/Feb/2026:10:45:17 +0800] "POST /InternetTrading/SessionErrorLogger HTTP/1.1" 200 117
14.0.154.193 - - [23/Feb/2026:10:45:17 +0800] "POST /InternetTrading/Product HTTP/1.1" 200 280
14.0.154.193 - - [23/Feb/2026:10:45:17 +0800] "POST /InternetTrading/SessionErrorLogger HTTP/1.1" 200 117
14.0.154.193 - - [23/Feb/2026:10:45:17 +0800] "POST /InternetTrading/OrderMaxQuantity HTTP/1.1" 200 9
14.0.154.193 - - [23/Feb/2026:10:45:17 +0800] "POST /InternetTrading/SessionErrorLogger HTTP/1.1" 200 117
14.0.154.193 - - [23/Feb/2026:10:45:17 +0800] "GET /InternetTrading/tc/sell_ticket.html? HTTP/1.1" 200 2261
14.0.154.193 - - [23/Feb/2026:10:45:18 +0800] "POST /InternetTrading/SessionErrorLogger HTTP/1.1" 200 117
14.0.154.193 - - [23/Feb/2026:10:45:18 +0800] "POST /InternetTrading/MarketStatus HTTP/1.1" 200 772
14.0.154.193 - - [23/Feb/2026:10:45:18 +0800] "POST /InternetTrading/SessionErrorLogger HTTP/1.1" 200 117
14.0.154.193 - - [23/Feb/2026:10:45:18 +0800] "POST /InternetTrading/MarketStatus HTTP/1.1" 200 772
14.0.154.193 - - [23/Feb/2026:10:45:18 +0800] "POST /InternetTrading/SessionErrorLogger HTTP/1.1" 200 117
14.0.154.193 - - [23/Feb/2026:10:45:18 +0800] "POST /InternetTrading/Product HTTP/1.1" 200 280
14.0.154.193 - - [23/Feb/2026:10:45:18 +0800] "POST /InternetTrading/SessionErrorLogger HTTP/1.1" 200 117
14.0.154.193 - - [23/Feb/2026:10:45:18 +0800] "POST /InternetTrading/OrderMaxQuantity HTTP/1.1" 200 7
220.246.38.37 - - [23/Feb/2026:10:45:19 +0800] "GET /InternetTrading/longpoll/54906?X-Atmosphere-tracking-id=0&X-Atmosphere-Framework=2.2.3-javascript&X-Atmosphere-Transport=long-polling&X-Atmosphere-TrackMessageSize=true&Content-Type=charset%3Dutf-8&X-atmo-protocol=true&_=1771815039083 HTTP/1.1" 200 -
14.0.154.193 - - [23/Feb/2026:10:45:20 +0800] "GET /InternetTrading/longpoll/54822?X-Atmosphere-tracking-id=0&X-Atmosphere-Framework=2.2.3-javascript&X-Atmosphere-Transport=long-polling&X-Atmosphere-TrackMessageSize=true&Content-Type=charset%3Dutf-8&X-atmo-protocol=true&_=1771815037416 HTTP/1.1" 200 -
14.0.170.98 - - [23/Feb/2026:10:45:20 +0800] "GET /InternetTrading/longpoll/A8127?X-Atmosphere-tracking-id=0&X-Atmosphere-Framework=2.2.3-javascript&X-Atmosphere-Transport=long-polling&X-Atmosphere-TrackMessageSize=true&Content-Type=charset%3Dutf-8&X-atmo-protocol=true&_=1771815039625 HTTP/1.1" 200 -
14.0.154.193 - - [23/Feb/2026:10:45:20 +0800] "POST /InternetTrading/SessionErrorLogger HTTP/1.1" 200 117
14.0.154.193 - - [23/Feb/2026:10:45:20 +0800] "POST /InternetTrading/Product HTTP/1.1" 200 280
219.73.99.100 - - [23/Feb/2026:10:45:20 +0800] "GET /InternetTrading/longpoll/55136?X-Atmosphere-tracking-id=0&X-Atmosphere-Framework=2.2.3-javascript&X-Atmosphere-Transport=long-polling&X-Atmosphere-TrackMessageSize=true&Content-Type=charset%3Dutf-8&X-atmo-protocol=true&_=1771815040132 HTTP/1.1" 200 -
14.0.154.193 - - [23/Feb/2026:10:45:20 +0800] "POST /InternetTrading/SessionErrorLogger HTTP/1.1" 200 117
14.0.154.193 - - [23/Feb/2026:10:45:20 +0800] "POST /InternetTrading/OrderMaxQuantity HTTP/1.1" 200 7
110.81.58.86 - - [23/Feb/2026:10:45:21 +0800] "GET /InternetTrading/longpoll/M8773?X-Atmosphere-tracking-id=0&X-Atmosphere-Framework=2.2.3-javascript&X-Atmosphere-Transport=long-polling&X-Atmosphere-TrackMessageSize=true&Content-Type=charset%3Dutf-8&X-atmo-protocol=true&_=1771815044447 HTTP/1.1" 200 -
221.124.232.198 - - [23/Feb/2026:10:45:22 +0800] "GET /InternetTrading/longpoll/13511?X-Atmosphere-tracking-id=0&X-Atmosphere-Framework=2.2.3-javascript&X-Atmosphere-Transport=long-polling&X-Atmosphere-TrackMessageSize=true&Content-Type=charset%3Dutf-8&X-atmo-protocol=true&_=1771815042227 HTTP/1.1" 200 -
220.246.38.37 - - [23/Feb/2026:10:45:24 +0800] "GET /InternetTrading/longpoll/54906?X-Atmosphere-tracking-id=0&X-Atmosphere-Framework=2.2.3-javascript&X-Atmosphere-Transport=long-polling&X-Atmosphere-TrackMessageSize=true&Content-Type=charset%3Dutf-8&X-atmo-protocol=true&_=1771815044119 HTTP/1.1" 200 -
14.0.154.193 - - [23/Feb/2026:10:45:25 +0800] "GET /InternetTrading/longpoll/54822?X-Atmosphere-tracking-id=0&X-Atmosphere-Framework=2.2.3-javascript&X-Atmosphere-Transport=long-polling&X-Atmosphere-TrackMessageSize=true&Content-Type=charset%3Dutf-8&X-atmo-protocol=true&_=1771815042641 HTTP/1.1" 200 -
14.0.154.193 - - [23/Feb/2026:10:45:25 +0800] "POST /InternetTrading/SessionErrorLogger HTTP/1.1" 200 117
14.0.170.98 - - [23/Feb/2026:10:45:25 +0800] "GET /InternetTrading/longpoll/A8127?X-Atmosphere-tracking-id=0&X-Atmosphere-Framework=2.2.3-javascript&X-Atmosphere-Transport=long-polling&X-Atmosphere-TrackMessageSize=true&Content-Type=charset%3Dutf-8&X-atmo-protocol=true&_=1771815044707 HTTP/1.1" 200 -
14.0.154.193 - - [23/Feb/2026:10:45:25 +0800] "POST /InternetTrading/LoginKey HTTP/1.1" 200 -
14.0.154.193 - - [23/Feb/2026:10:45:25 +0800] "GET /InternetTrading/jquery/wait.gif HTTP/1.1" 200 432
14.0.154.193 - - [23/Feb/2026:10:45:25 +0800] "POST /InternetTrading/PreOrder HTTP/1.1" 200 1189
219.73.99.100 - - [23/Feb/2026:10:45:25 +0800] "GET /InternetTrading/longpoll/55136?X-Atmosphere-tracking-id=0&X-Atmosphere-Framework=2.2.3-javascript&X-Atmosphere-Transport=long-polling&X-Atmosphere-TrackMessageSize=true&Content-Type=charset%3Dutf-8&X-atmo-protocol=true&_=1771815045177 HTTP/1.1" 200 -
220.246.38.37 - - [23/Feb/2026:10:45:26 +0800] "POST /InternetTrading/SessionErrorLogger HTTP/1.1" 200 117
220.246.38.37 - - [23/Feb/2026:10:45:26 +0800] "POST /InternetTrading/MarketStatus HTTP/1.1" 200 772
110.81.58.86 - - [23/Feb/2026:10:45:26 +0800] "GET /InternetTrading/longpoll/M8773?X-Atmosphere-tracking-id=0&X-Atmosphere-Framework=2.2.3-javascript&X-Atmosphere-Transport=long-polling&X-Atmosphere-TrackMessageSize=true&Content-Type=charset%3Dutf-8&X-atmo-protocol=true&_=1771815049559 HTTP/1.1" 200 -
221.124.232.198 - - [23/Feb/2026:10:45:28 +0800] "GET /InternetTrading/longpoll/13511?X-Atmosphere-tracking-id=0&X-Atmosphere-Framework=2.2.3-javascript&X-Atmosphere-Transport=long-polling&X-Atmosphere-TrackMessageSize=true&Content-Type=charset%3Dutf-8&X-atmo-protocol=true&_=1771815048239 HTTP/1.1" 200 -
14.0.154.193 - - [23/Feb/2026:10:45:28 +0800] "POST /InternetTrading/SessionErrorLogger HTTP/1.1" 200 117
14.0.154.193 - - [23/Feb/2026:10:45:28 +0800] "GET /InternetTrading/Csrf?url=/Order HTTP/1.1" 200 126
14.0.154.193 - - [23/Feb/2026:10:45:29 +0800] "POST /InternetTrading/SessionErrorLogger HTTP/1.1" 200 117
14.0.154.193 - - [23/Feb/2026:10:45:29 +0800] "POST /InternetTrading/LoginKey HTTP/1.1" 200 -
14.0.154.193 - - [23/Feb/2026:10:45:29 +0800] "POST /InternetTrading/SessionErrorLogger HTTP/1.1" 200 117
14.0.154.193 - - [23/Feb/2026:10:45:29 +0800] "POST /InternetTrading/Order?csrf_nonce=F6D35D49A39DD3CA027B6D743CB05315 HTTP/1.1" 200 1018
14.0.154.193 - - [23/Feb/2026:10:45:29 +0800] "POST /InternetTrading/SessionErrorLogger HTTP/1.1" 200 117
14.0.154.193 - - [23/Feb/2026:10:45:29 +0800] "GET /InternetTrading/tc/sell_ticket.html? HTTP/1.1" 200 2261
14.0.154.193 - - [23/Feb/2026:10:45:29 +0800] "POST /InternetTrading/SessionErrorLogger HTTP/1.1" 200 117
14.0.154.193 - - [23/Feb/2026:10:45:29 +0800] "POST /InternetTrading/MarketStatus HTTP/1.1" 200 772
220.246.38.37 - - [23/Feb/2026:10:45:29 +0800] "GET /InternetTrading/longpoll/54906?X-Atmosphere-tracking-id=0&X-Atmosphere-Framework=2.2.3-javascript&X-Atmosphere-Transport=long-polling&X-Atmosphere-TrackMessageSize=true&Content-Type=charset%3Dutf-8&X-atmo-protocol=true&_=1771815049159 HTTP/1.1" 200 -
14.0.154.193 - - [23/Feb/2026:10:45:29 +0800] "POST /InternetTrading/SessionErrorLogger HTTP/1.1" 200 117
14.0.154.193 - - [23/Feb/2026:10:45:29 +0800] "POST /InternetTrading/MarketStatus HTTP/1.1" 200 772
14.0.154.193 - - [23/Feb/2026:10:45:30 +0800] "POST /InternetTrading/SessionErrorLogger HTTP/1.1" 200 117
14.0.154.193 - - [23/Feb/2026:10:45:30 +0800] "POST /InternetTrading/Heartbeat HTTP/1.1" 200 32
14.0.154.193 - - [23/Feb/2026:10:45:30 +0800] "GET /InternetTrading/longpoll/54822?X-Atmosphere-tracking-id=0&X-Atmosphere-Framework=2.2.3-javascript&X-Atmosphere-Transport=long-polling&X-Atmosphere-TrackMessageSize=true&Content-Type=charset%3Dutf-8&X-atmo-protocol=true&_=1771815048047 HTTP/1.1" 200 -
14.0.170.98 - - [23/Feb/2026:10:45:30 +0800] "GET /InternetTrading/longpoll/A8127?X-Atmosphere-tracking-id=0&X-Atmosphere-Framework=2.2.3-javascript&X-Atmosphere-Transport=long-polling&X-Atmosphere-TrackMessageSize=true&Content-Type=charset%3Dutf-8&X-atmo-protocol=true&_=1771815049958 HTTP/1.1" 200 -
219.73.99.100 - - [23/Feb/2026:10:45:30 +0800] "GET /InternetTrading/longpoll/55136?X-Atmosphere-tracking-id=0&X-Atmosphere-Framework=2.2.3-javascript&X-Atmosphere-Transport=long-polling&X-Atmosphere-TrackMessageSize=true&Content-Type=charset%3Dutf-8&X-atmo-protocol=true&_=1771815050223 HTTP/1.1" 200 -
14.0.154.193 - - [23/Feb/2026:10:45:31 +0800] "POST /InternetTrading/SessionErrorLogger HTTP/1.1" 200 117
14.0.154.193 - - [23/Feb/2026:10:45:31 +0800] "POST /InternetTrading/Orderbook HTTP/1.1" 200 1133
14.0.154.193 - - [23/Feb/2026:10:45:31 +0800] "POST /InternetTrading/SessionErrorLogger HTTP/1.1" 200 117
14.0.154.193 - - [23/Feb/2026:10:45:31 +0800] "POST /InternetTrading/Orderbook HTTP/1.1" 200 1133
110.81.58.86 - - [23/Feb/2026:10:45:32 +0800] "GET /InternetTrading/longpoll/M8773?X-Atmosphere-tracking-id=0&X-Atmosphere-Framework=2.2.3-javascript&X-Atmosphere-Transport=long-polling&X-Atmosphere-TrackMessageSize=true&Content-Type=charset%3Dutf-8&X-atmo-protocol=true&_=1771815054644 HTTP/1.1" 200 -
110.81.58.86 - - [23/Feb/2026:10:45:32 +0800] "POST /InternetTrading/SessionErrorLogger HTTP/1.1" 200 117
110.81.58.86 - - [23/Feb/2026:10:45:32 +0800] "POST /InternetTrading/Heartbeat HTTP/1.1" 200 32
110.81.58.86 - - [23/Feb/2026:10:45:32 +0800] "POST /InternetTrading/SessionErrorLogger HTTP/1.1" 200 117
110.81.58.86 - - [23/Feb/2026:10:45:32 +0800] "POST /InternetTrading/MarketStatus HTTP/1.1" 200 772
219.73.99.100 - - [23/Feb/2026:10:45:33 +0800] "POST /InternetTrading/SessionErrorLogger HTTP/1.1" 200 117
219.73.99.100 - - [23/Feb/2026:10:45:33 +0800] "POST /InternetTrading/Heartbeat HTTP/1.1" 200 32
14.0.154.193 - - [23/Feb/2026:10:45:34 +0800] "POST /InternetTrading/SessionErrorLogger HTTP/1.1" 200 117
14.0.154.193 - - [23/Feb/2026:10:45:34 +0800] "POST /InternetTrading/Portfolio HTTP/1.1" 200 1639
221.124.232.198 - - [23/Feb/2026:10:45:34 +0800] "GET /InternetTrading/longpoll/13511?X-Atmosphere-tracking-id=0&X-Atmosphere-Framework=2.2.3-javascript&X-Atmosphere-Transport=long-polling&X-Atmosphere-TrackMessageSize=true&Content-Type=charset%3Dutf-8&X-atmo-protocol=true&_=1771815054232 HTTP/1.1" 200 -
220.246.38.37 - - [23/Feb/2026:10:45:34 +0800] "GET /InternetTrading/longpoll/54906?X-Atmosphere-tracking-id=0&X-Atmosphere-Framework=2.2.3-javascript&X-Atmosphere-Transport=long-polling&X-Atmosphere-TrackMessageSize=true&Content-Type=charset%3Dutf-8&X-atmo-protocol=true&_=1771815054199 HTTP/1.1" 200 -
220.246.38.37 - - [23/Feb/2026:10:45:35 +0800] "POST /InternetTrading/SessionErrorLogger HTTP/1.1" 200 117
220.246.38.37 - - [23/Feb/2026:10:45:35 +0800] "POST /InternetTrading/Heartbeat HTTP/1.1" 200 32
14.0.154.193 - - [23/Feb/2026:10:45:35 +0800] "GET /InternetTrading/longpoll/54822?X-Atmosphere-tracking-id=0&X-Atmosphere-Framework=2.2.3-javascript&X-Atmosphere-Transport=long-polling&X-Atmosphere-TrackMessageSize=true&Content-Type=charset%3Dutf-8&X-atmo-protocol=true&_=1771815053081 HTTP/1.1" 200 -
219.73.99.100 - - [23/Feb/2026:10:45:35 +0800] "GET /InternetTrading/longpoll/55136?X-Atmosphere-tracking-id=0&X-Atmosphere-Framework=2.2.3-javascript&X-Atmosphere-Transport=long-polling&X-Atmosphere-TrackMessageSize=true&Content-Type=charset%3Dutf-8&X-atmo-protocol=true&_=1771815055292 HTTP/1.1" 200 -
14.0.170.98 - - [23/Feb/2026:10:45:35 +0800] "GET /InternetTrading/longpoll/A8127?X-Atmosphere-tracking-id=0&X-Atmosphere-Framework=2.2.3-javascript&X-Atmosphere-Transport=long-polling&X-Atmosphere-TrackMessageSize=true&Content-Type=charset%3Dutf-8&X-atmo-protocol=true&_=1771815055136 HTTP/1.1" 200 -
219.73.99.100 - - [23/Feb/2026:10:45:36 +0800] "POST /InternetTrading/SessionErrorLogger HTTP/1.1" 200 117
219.73.99.100 - - [23/Feb/2026:10:45:36 +0800] "POST /InternetTrading/MarketStatus HTTP/1.1" 200 772
110.81.58.86 - - [23/Feb/2026:10:45:37 +0800] "GET /InternetTrading/longpoll/M8773?X-Atmosphere-tracking-id=0&X-Atmosphere-Framework=2.2.3-javascript&X-Atmosphere-Transport=long-polling&X-Atmosphere-TrackMessageSize=true&Content-Type=charset%3Dutf-8&X-atmo-protocol=true&_=1771815059788 HTTP/1.1" 200 -
220.246.38.37 - - [23/Feb/2026:10:45:39 +0800] "GET /InternetTrading/longpoll/54906?X-Atmosphere-tracking-id=0&X-Atmosphere-Framework=2.2.3-javascript&X-Atmosphere-Transport=long-polling&X-Atmosphere-TrackMessageSize=true&Content-Type=charset%3Dutf-8&X-atmo-protocol=true&_=1771815059234 HTTP/1.1" 200 -
221.124.232.198 - - [23/Feb/2026:10:45:40 +0800] "GET /InternetTrading/longpoll/13511?X-Atmosphere-tracking-id=0&X-Atmosphere-Framework=2.2.3-javascript&X-Atmosphere-Transport=long-polling&X-Atmosphere-TrackMessageSize=true&Content-Type=charset%3Dutf-8&X-atmo-protocol=true&_=1771815060228 HTTP/1.1" 200 -
219.73.99.100 - - [23/Feb/2026:10:45:40 +0800] "GET /InternetTrading/longpoll/55136?X-Atmosphere-tracking-id=0&X-Atmosphere-Framework=2.2.3-javascript&X-Atmosphere-Transport=long-polling&X-Atmosphere-TrackMessageSize=true&Content-Type=charset%3Dutf-8&X-atmo-protocol=true&_=1771815060322 HTTP/1.1" 200 -
14.0.170.98 - - [23/Feb/2026:10:45:40 +0800] "GET /InternetTrading/longpoll/A8127?X-Atmosphere-tracking-id=0&X-Atmosphere-Framework=2.2.3-javascript&X-Atmosphere-Transport=long-polling&X-Atmosphere-TrackMessageSize=true&Content-Type=charset%3Dutf-8&X-atmo-protocol=true&_=1771815060246 HTTP/1.1" 200 -
14.0.154.193 - - [23/Feb/2026:10:45:40 +0800] "GET /InternetTrading/longpoll/54822?X-Atmosphere-tracking-id=0&X-Atmosphere-Framework=2.2.3-javascript&X-Atmosphere-Transport=long-polling&X-Atmosphere-TrackMessageSize=true&Content-Type=charset%3Dutf-8&X-atmo-protocol=true&_=1771815058212 HTTP/1.1" 200 -
110.81.58.86 - - [23/Feb/2026:10:45:42 +0800] "GET /InternetTrading/longpoll/M8773?X-Atmosphere-tracking-id=0&X-Atmosphere-Framework=2.2.3-javascript&X-Atmosphere-Transport=long-polling&X-Atmosphere-TrackMessageSize=true&Content-Type=charset%3Dutf-8&X-atmo-protocol=true&_=1771815064882 HTTP/1.1" 200 -
