219.73.99.100 - - [12/Mar/2026:10:27:48 +0800] "GET /InternetTrading/longpoll/55136?X-Atmosphere-tracking-id=0&X-Atmosphere-Framework=2.2.3-javascript&X-Atmosphere-Transport=long-polling&X-Atmosphere-TrackMessageSize=true&Content-Type=charset%3Dutf-8&X-atmo-protocol=true&_=1773282807614 HTTP/1.1" 200 -
163.125.177.201 - - [12/Mar/2026:10:27:49 +0800] "GET /InternetTrading/longpoll/53995?X-Atmosphere-tracking-id=0&X-Atmosphere-Framework=2.2.3-javascript&X-Atmosphere-Transport=long-polling&X-Atmosphere-TrackMessageSize=true&Content-Type=charset%3Dutf-8&X-atmo-protocol=true&_=1773282807795 HTTP/1.1" 200 -
120.230.125.143 - - [12/Mar/2026:10:27:51 +0800] "GET /InternetTrading/longpoll/13975?X-Atmosphere-tracking-id=0&X-Atmosphere-Framework=2.2.3-javascript&X-Atmosphere-Transport=long-polling&X-Atmosphere-TrackMessageSize=true&Content-Type=charset%3Dutf-8&X-atmo-protocol=true&_=1773282815005 HTTP/1.1" 200 -
14.0.170.57 - - [12/Mar/2026:10:27:53 +0800] "GET /InternetTrading/longpoll/A8127?X-Atmosphere-tracking-id=0&X-Atmosphere-Framework=2.2.3-javascript&X-Atmosphere-Transport=long-polling&X-Atmosphere-TrackMessageSize=true&Content-Type=charset%3Dutf-8&X-atmo-protocol=true&_=1773282813364 HTTP/1.1" 200 -
219.73.99.100 - - [12/Mar/2026:10:27:53 +0800] "GET /InternetTrading/longpoll/55136?X-Atmosphere-tracking-id=0&X-Atmosphere-Framework=2.2.3-javascript&X-Atmosphere-Transport=long-polling&X-Atmosphere-TrackMessageSize=true&Content-Type=charset%3Dutf-8&X-atmo-protocol=true&_=1773282812642 HTTP/1.1" 200 -
14.0.170.57 - - [12/Mar/2026:10:27:55 +0800] "POST /InternetTrading/SessionErrorLogger HTTP/1.1" 200 117
14.0.170.57 - - [12/Mar/2026:10:27:55 +0800] "POST /InternetTrading/MarketStatus HTTP/1.1" 200 772
163.125.177.201 - - [12/Mar/2026:10:27:55 +0800] "GET /InternetTrading/longpoll/53995?X-Atmosphere-tracking-id=0&X-Atmosphere-Framework=2.2.3-javascript&X-Atmosphere-Transport=long-polling&X-Atmosphere-TrackMessageSize=true&Content-Type=charset%3Dutf-8&X-atmo-protocol=true&_=1773282813799 HTTP/1.1" 200 -
182.239.85.5 - - [12/Mar/2026:10:27:56 +0800] "GET /InternetTrading/longpoll/10302?X-Atmosphere-tracking-id=0&X-Atmosphere-Framework=2.2.3-javascript&X-Atmosphere-Transport=long-polling&X-Atmosphere-TrackMessageSize=true&Content-Type=charset%3Dutf-8&X-atmo-protocol=true&_=1773282815649 HTTP/1.1" 200 -
14.0.170.57 - - [12/Mar/2026:10:27:57 +0800] "POST /InternetTrading/SessionErrorLogger HTTP/1.1" 200 117
14.0.170.57 - - [12/Mar/2026:10:27:57 +0800] "POST /InternetTrading/Heartbeat HTTP/1.1" 200 32
120.230.125.143 - - [12/Mar/2026:10:27:57 +0800] "GET /InternetTrading/longpoll/13975?X-Atmosphere-tracking-id=0&X-Atmosphere-Framework=2.2.3-javascript&X-Atmosphere-Transport=long-polling&X-Atmosphere-TrackMessageSize=true&Content-Type=charset%3Dutf-8&X-atmo-protocol=true&_=1773282821006 HTTP/1.1" 200 -
219.73.99.100 - - [12/Mar/2026:10:27:58 +0800] "GET /InternetTrading/longpoll/55136?X-Atmosphere-tracking-id=0&X-Atmosphere-Framework=2.2.3-javascript&X-Atmosphere-Transport=long-polling&X-Atmosphere-TrackMessageSize=true&Content-Type=charset%3Dutf-8&X-atmo-protocol=true&_=1773282817672 HTTP/1.1" 200 -
14.0.170.57 - - [12/Mar/2026:10:27:58 +0800] "GET /InternetTrading/longpoll/A8127?X-Atmosphere-tracking-id=0&X-Atmosphere-Framework=2.2.3-javascript&X-Atmosphere-Transport=long-polling&X-Atmosphere-TrackMessageSize=true&Content-Type=charset%3Dutf-8&X-atmo-protocol=true&_=1773282818511 HTTP/1.1" 200 -
163.125.177.201 - - [12/Mar/2026:10:28:01 +0800] "GET /InternetTrading/longpoll/53995?X-Atmosphere-tracking-id=0&X-Atmosphere-Framework=2.2.3-javascript&X-Atmosphere-Transport=long-polling&X-Atmosphere-TrackMessageSize=true&Content-Type=charset%3Dutf-8&X-atmo-protocol=true&_=1773282819809 HTTP/1.1" 200 -
182.239.85.5 - - [12/Mar/2026:10:28:02 +0800] "GET /InternetTrading/longpoll/10302?X-Atmosphere-tracking-id=0&X-Atmosphere-Framework=2.2.3-javascript&X-Atmosphere-Transport=long-polling&X-Atmosphere-TrackMessageSize=true&Content-Type=charset%3Dutf-8&X-atmo-protocol=true&_=1773282820821 HTTP/1.1" 200 -
182.239.85.5 - - [12/Mar/2026:10:28:03 +0800] "POST /InternetTrading/SessionErrorLogger HTTP/1.1" 200 117
182.239.85.5 - - [12/Mar/2026:10:28:03 +0800] "POST /InternetTrading/Heartbeat HTTP/1.1" 200 32
219.73.99.100 - - [12/Mar/2026:10:28:03 +0800] "GET /InternetTrading/longpoll/55136?X-Atmosphere-tracking-id=0&X-Atmosphere-Framework=2.2.3-javascript&X-Atmosphere-Transport=long-polling&X-Atmosphere-TrackMessageSize=true&Content-Type=charset%3Dutf-8&X-atmo-protocol=true&_=1773282822706 HTTP/1.1" 200 -
120.230.125.143 - - [12/Mar/2026:10:28:03 +0800] "GET /InternetTrading/longpoll/13975?X-Atmosphere-tracking-id=0&X-Atmosphere-Framework=2.2.3-javascript&X-Atmosphere-Transport=long-polling&X-Atmosphere-TrackMessageSize=true&Content-Type=charset%3Dutf-8&X-atmo-protocol=true&_=1773282827009 HTTP/1.1" 200 -
14.0.170.57 - - [12/Mar/2026:10:28:03 +0800] "GET /InternetTrading/longpoll/A8127?X-Atmosphere-tracking-id=0&X-Atmosphere-Framework=2.2.3-javascript&X-Atmosphere-Transport=long-polling&X-Atmosphere-TrackMessageSize=true&Content-Type=charset%3Dutf-8&X-atmo-protocol=true&_=1773282823635 HTTP/1.1" 200 -
182.239.85.5 - - [12/Mar/2026:10:28:04 +0800] "POST /InternetTrading/SessionErrorLogger HTTP/1.1" 200 117
182.239.85.5 - - [12/Mar/2026:10:28:04 +0800] "POST /InternetTrading/MarketStatus HTTP/1.1" 200 772
182.239.85.5 - - [12/Mar/2026:10:28:07 +0800] "GET /InternetTrading/longpoll/10302?X-Atmosphere-tracking-id=0&X-Atmosphere-Framework=2.2.3-javascript&X-Atmosphere-Transport=long-polling&X-Atmosphere-TrackMessageSize=true&Content-Type=charset%3Dutf-8&X-atmo-protocol=true&_=1773282826024 HTTP/1.1" 200 -
163.125.177.201 - - [12/Mar/2026:10:28:07 +0800] "GET /InternetTrading/longpoll/53995?X-Atmosphere-tracking-id=0&X-Atmosphere-Framework=2.2.3-javascript&X-Atmosphere-Transport=long-polling&X-Atmosphere-TrackMessageSize=true&Content-Type=charset%3Dutf-8&X-atmo-protocol=true&_=1773282825805 HTTP/1.1" 200 -
120.230.125.143 - - [12/Mar/2026:10:28:07 +0800] "POST /InternetTrading/SessionErrorLogger HTTP/1.1" 200 117
120.230.125.143 - - [12/Mar/2026:10:28:07 +0800] "POST /InternetTrading/MarketStatus HTTP/1.1" 200 772
120.230.125.143 - - [12/Mar/2026:10:28:07 +0800] "POST /InternetTrading/SessionErrorLogger HTTP/1.1" 200 117
120.230.125.143 - - [12/Mar/2026:10:28:07 +0800] "POST /InternetTrading/Heartbeat HTTP/1.1" 200 32
219.73.99.100 - - [12/Mar/2026:10:28:08 +0800] "GET /InternetTrading/longpoll/55136?X-Atmosphere-tracking-id=0&X-Atmosphere-Framework=2.2.3-javascript&X-Atmosphere-Transport=long-polling&X-Atmosphere-TrackMessageSize=true&Content-Type=charset%3Dutf-8&X-atmo-protocol=true&_=1773282827729 HTTP/1.1" 200 -
14.0.170.57 - - [12/Mar/2026:10:28:09 +0800] "GET /InternetTrading/longpoll/A8127?X-Atmosphere-tracking-id=0&X-Atmosphere-Framework=2.2.3-javascript&X-Atmosphere-Transport=long-polling&X-Atmosphere-TrackMessageSize=true&Content-Type=charset%3Dutf-8&X-atmo-protocol=true&_=1773282828731 HTTP/1.1" 200 -
120.230.125.143 - - [12/Mar/2026:10:28:09 +0800] "GET /InternetTrading/longpoll/13975?X-Atmosphere-tracking-id=0&X-Atmosphere-Framework=2.2.3-javascript&X-Atmosphere-Transport=long-polling&X-Atmosphere-TrackMessageSize=true&Content-Type=charset%3Dutf-8&X-atmo-protocol=true&_=1773282833007 HTTP/1.1" 200 -
182.239.85.5 - - [12/Mar/2026:10:28:12 +0800] "POST /InternetTrading/SessionErrorLogger HTTP/1.1" 200 117
182.239.85.5 - - [12/Mar/2026:10:28:12 +0800] "GET /InternetTrading/longpoll/10302?X-Atmosphere-tracking-id=0&X-Atmosphere-Framework=2.2.3-javascript&X-Atmosphere-Transport=long-polling&X-Atmosphere-TrackMessageSize=true&Content-Type=charset%3Dutf-8&X-atmo-protocol=true&_=1773282831138 HTTP/1.1" 200 -
182.239.85.5 - - [12/Mar/2026:10:28:12 +0800] "POST /InternetTrading/Product HTTP/1.1" 200 310
163.125.177.201 - - [12/Mar/2026:10:28:13 +0800] "GET /InternetTrading/longpoll/53995?X-Atmosphere-tracking-id=0&X-Atmosphere-Framework=2.2.3-javascript&X-Atmosphere-Transport=long-polling&X-Atmosphere-TrackMessageSize=true&Content-Type=charset%3Dutf-8&X-atmo-protocol=true&_=1773282831795 HTTP/1.1" 200 -
219.73.99.100 - - [12/Mar/2026:10:28:13 +0800] "GET /InternetTrading/longpoll/55136?X-Atmosphere-tracking-id=0&X-Atmosphere-Framework=2.2.3-javascript&X-Atmosphere-Transport=long-polling&X-Atmosphere-TrackMessageSize=true&Content-Type=charset%3Dutf-8&X-atmo-protocol=true&_=1773282832765 HTTP/1.1" 200 -
14.0.170.57 - - [12/Mar/2026:10:28:14 +0800] "GET /InternetTrading/longpoll/A8127?X-Atmosphere-tracking-id=0&X-Atmosphere-Framework=2.2.3-javascript&X-Atmosphere-Transport=long-polling&X-Atmosphere-TrackMessageSize=true&Content-Type=charset%3Dutf-8&X-atmo-protocol=true&_=1773282833945 HTTP/1.1" 200 -
219.73.99.100 - - [12/Mar/2026:10:28:14 +0800] "POST /InternetTrading/SessionErrorLogger HTTP/1.1" 200 117
219.73.99.100 - - [12/Mar/2026:10:28:14 +0800] "POST /InternetTrading/Heartbeat HTTP/1.1" 200 32
219.73.99.100 - - [12/Mar/2026:10:28:14 +0800] "POST /InternetTrading/SessionErrorLogger HTTP/1.1" 200 117
219.73.99.100 - - [12/Mar/2026:10:28:14 +0800] "POST /InternetTrading/MarketStatus HTTP/1.1" 200 772
120.230.125.143 - - [12/Mar/2026:10:28:15 +0800] "GET /InternetTrading/longpoll/13975?X-Atmosphere-tracking-id=0&X-Atmosphere-Framework=2.2.3-javascript&X-Atmosphere-Transport=long-polling&X-Atmosphere-TrackMessageSize=true&Content-Type=charset%3Dutf-8&X-atmo-protocol=true&_=1773282839007 HTTP/1.1" 200 -
219.73.99.100 - - [12/Mar/2026:10:28:18 +0800] "GET /InternetTrading/longpoll/55136?X-Atmosphere-tracking-id=0&X-Atmosphere-Framework=2.2.3-javascript&X-Atmosphere-Transport=long-polling&X-Atmosphere-TrackMessageSize=true&Content-Type=charset%3Dutf-8&X-atmo-protocol=true&_=1773282837788 HTTP/1.1" 200 -
163.125.177.201 - - [12/Mar/2026:10:28:19 +0800] "GET /InternetTrading/longpoll/53995?X-Atmosphere-tracking-id=0&X-Atmosphere-Framework=2.2.3-javascript&X-Atmosphere-Transport=long-polling&X-Atmosphere-TrackMessageSize=true&Content-Type=charset%3Dutf-8&X-atmo-protocol=true&_=1773282837806 HTTP/1.1" 200 -
14.0.170.57 - - [12/Mar/2026:10:28:19 +0800] "GET /InternetTrading/longpoll/A8127?X-Atmosphere-tracking-id=0&X-Atmosphere-Framework=2.2.3-javascript&X-Atmosphere-Transport=long-polling&X-Atmosphere-TrackMessageSize=true&Content-Type=charset%3Dutf-8&X-atmo-protocol=true&_=1773282839312 HTTP/1.1" 200 -
120.230.125.143 - - [12/Mar/2026:10:28:21 +0800] "GET /InternetTrading/longpoll/13975?X-Atmosphere-tracking-id=0&X-Atmosphere-Framework=2.2.3-javascript&X-Atmosphere-Transport=long-polling&X-Atmosphere-TrackMessageSize=true&Content-Type=charset%3Dutf-8&X-atmo-protocol=true&_=1773282845007 HTTP/1.1" 200 -
182.239.85.5 - - [12/Mar/2026:10:28:22 +0800] "GET /InternetTrading/longpoll/10302?X-Atmosphere-tracking-id=0&X-Atmosphere-Framework=2.2.3-javascript&X-Atmosphere-Transport=long-polling&X-Atmosphere-TrackMessageSize=true&Content-Type=charset%3Dutf-8&X-atmo-protocol=true&_=1773282841473 HTTP/1.1" 200 -
219.73.99.100 - - [12/Mar/2026:10:28:23 +0800] "GET /InternetTrading/longpoll/55136?X-Atmosphere-tracking-id=0&X-Atmosphere-Framework=2.2.3-javascript&X-Atmosphere-Transport=long-polling&X-Atmosphere-TrackMessageSize=true&Content-Type=charset%3Dutf-8&X-atmo-protocol=true&_=1773282842814 HTTP/1.1" 200 -
14.0.170.57 - - [12/Mar/2026:10:28:24 +0800] "GET /InternetTrading/longpoll/A8127?X-Atmosphere-tracking-id=0&X-Atmosphere-Framework=2.2.3-javascript&X-Atmosphere-Transport=long-polling&X-Atmosphere-TrackMessageSize=true&Content-Type=charset%3Dutf-8&X-atmo-protocol=true&_=1773282844444 HTTP/1.1" 200 -
14.0.170.57 - - [12/Mar/2026:10:28:25 +0800] "POST /InternetTrading/SessionErrorLogger HTTP/1.1" 200 117
14.0.170.57 - - [12/Mar/2026:10:28:25 +0800] "POST /InternetTrading/MarketStatus HTTP/1.1" 200 772
163.125.177.201 - - [12/Mar/2026:10:28:25 +0800] "POST /InternetTrading/SessionErrorLogger HTTP/1.1" 200 117
163.125.177.201 - - [12/Mar/2026:10:28:25 +0800] "POST /InternetTrading/MarketStatus HTTP/1.1" 200 772
163.125.177.201 - - [12/Mar/2026:10:28:25 +0800] "POST /InternetTrading/SessionErrorLogger HTTP/1.1" 200 117
163.125.177.201 - - [12/Mar/2026:10:28:25 +0800] "POST /InternetTrading/Heartbeat HTTP/1.1" 200 32
163.125.177.201 - - [12/Mar/2026:10:28:25 +0800] "GET /InternetTrading/longpoll/53995?X-Atmosphere-tracking-id=0&X-Atmosphere-Framework=2.2.3-javascript&X-Atmosphere-Transport=long-polling&X-Atmosphere-TrackMessageSize=true&Content-Type=charset%3Dutf-8&X-atmo-protocol=true&_=1773282844434 HTTP/1.1" 200 -
120.230.125.143 - - [12/Mar/2026:10:28:27 +0800] "GET /InternetTrading/longpoll/13975?X-Atmosphere-tracking-id=0&X-Atmosphere-Framework=2.2.3-javascript&X-Atmosphere-Transport=long-polling&X-Atmosphere-TrackMessageSize=true&Content-Type=charset%3Dutf-8&X-atmo-protocol=true&_=1773282851007 HTTP/1.1" 200 -
14.0.170.57 - - [12/Mar/2026:10:28:27 +0800] "POST /InternetTrading/SessionErrorLogger HTTP/1.1" 200 117
14.0.170.57 - - [12/Mar/2026:10:28:27 +0800] "POST /InternetTrading/Heartbeat HTTP/1.1" 200 32
219.73.99.100 - - [12/Mar/2026:10:28:28 +0800] "GET /InternetTrading/longpoll/55136?X-Atmosphere-tracking-id=0&X-Atmosphere-Framework=2.2.3-javascript&X-Atmosphere-Transport=long-polling&X-Atmosphere-TrackMessageSize=true&Content-Type=charset%3Dutf-8&X-atmo-protocol=true&_=1773282847835 HTTP/1.1" 200 -
14.0.170.57 - - [12/Mar/2026:10:28:30 +0800] "GET /InternetTrading/longpoll/A8127?X-Atmosphere-tracking-id=0&X-Atmosphere-Framework=2.2.3-javascript&X-Atmosphere-Transport=long-polling&X-Atmosphere-TrackMessageSize=true&Content-Type=charset%3Dutf-8&X-atmo-protocol=true&_=1773282849801 HTTP/1.1" 200 -
163.125.177.201 - - [12/Mar/2026:10:28:31 +0800] "GET /InternetTrading/longpoll/53995?X-Atmosphere-tracking-id=0&X-Atmosphere-Framework=2.2.3-javascript&X-Atmosphere-Transport=long-polling&X-Atmosphere-TrackMessageSize=true&Content-Type=charset%3Dutf-8&X-atmo-protocol=true&_=1773282849807 HTTP/1.1" 200 -
182.239.85.5 - - [12/Mar/2026:10:28:32 +0800] "GET /InternetTrading/longpoll/10302?X-Atmosphere-tracking-id=0&X-Atmosphere-Framework=2.2.3-javascript&X-Atmosphere-Transport=long-polling&X-Atmosphere-TrackMessageSize=true&Content-Type=charset%3Dutf-8&X-atmo-protocol=true&_=1773282851708 HTTP/1.1" 200 -
182.239.85.5 - - [12/Mar/2026:10:28:33 +0800] "POST /InternetTrading/SessionErrorLogger HTTP/1.1" 200 117
182.239.85.5 - - [12/Mar/2026:10:28:33 +0800] "POST /InternetTrading/Heartbeat HTTP/1.1" 200 32
120.230.125.143 - - [12/Mar/2026:10:28:33 +0800] "GET /InternetTrading/longpoll/13975?X-Atmosphere-tracking-id=0&X-Atmosphere-Framework=2.2.3-javascript&X-Atmosphere-Transport=long-polling&X-Atmosphere-TrackMessageSize=true&Content-Type=charset%3Dutf-8&X-atmo-protocol=true&_=1773282857008 HTTP/1.1" 200 -
219.73.99.100 - - [12/Mar/2026:10:28:33 +0800] "GET /InternetTrading/longpoll/55136?X-Atmosphere-tracking-id=0&X-Atmosphere-Framework=2.2.3-javascript&X-Atmosphere-Transport=long-polling&X-Atmosphere-TrackMessageSize=true&Content-Type=charset%3Dutf-8&X-atmo-protocol=true&_=1773282852881 HTTP/1.1" 200 -
183.25.123.116 - - [12/Mar/2026:10:28:34 +0800] "GET /favicon.ico HTTP/1.1" 404 196
182.239.85.5 - - [12/Mar/2026:10:28:34 +0800] "POST /InternetTrading/SessionErrorLogger HTTP/1.1" 200 117
182.239.85.5 - - [12/Mar/2026:10:28:34 +0800] "POST /InternetTrading/MarketStatus HTTP/1.1" 200 772
14.0.170.57 - - [12/Mar/2026:10:28:35 +0800] "GET /InternetTrading/longpoll/A8127?X-Atmosphere-tracking-id=0&X-Atmosphere-Framework=2.2.3-javascript&X-Atmosphere-Transport=long-polling&X-Atmosphere-TrackMessageSize=true&Content-Type=charset%3Dutf-8&X-atmo-protocol=true&_=1773282854929 HTTP/1.1" 200 -
163.125.177.201 - - [12/Mar/2026:10:28:37 +0800] "GET /InternetTrading/longpoll/53995?X-Atmosphere-tracking-id=0&X-Atmosphere-Framework=2.2.3-javascript&X-Atmosphere-Transport=long-polling&X-Atmosphere-TrackMessageSize=true&Content-Type=charset%3Dutf-8&X-atmo-protocol=true&_=1773282855808 HTTP/1.1" 200 -
182.239.85.5 - - [12/Mar/2026:10:28:38 +0800] "GET /InternetTrading/longpoll/10302?X-Atmosphere-tracking-id=0&X-Atmosphere-Framework=2.2.3-javascript&X-Atmosphere-Transport=long-polling&X-Atmosphere-TrackMessageSize=true&Content-Type=charset%3Dutf-8&X-atmo-protocol=true&_=1773282856898 HTTP/1.1" 200 -
219.73.99.100 - - [12/Mar/2026:10:28:39 +0800] "GET /InternetTrading/longpoll/55136?X-Atmosphere-tracking-id=0&X-Atmosphere-Framework=2.2.3-javascript&X-Atmosphere-Transport=long-polling&X-Atmosphere-TrackMessageSize=true&Content-Type=charset%3Dutf-8&X-atmo-protocol=true&_=1773282857924 HTTP/1.1" 200 -
120.230.125.143 - - [12/Mar/2026:10:28:39 +0800] "GET /InternetTrading/longpoll/13975?X-Atmosphere-tracking-id=0&X-Atmosphere-Framework=2.2.3-javascript&X-Atmosphere-Transport=long-polling&X-Atmosphere-TrackMessageSize=true&Content-Type=charset%3Dutf-8&X-atmo-protocol=true&_=1773282863007 HTTP/1.1" 200 -
14.0.170.57 - - [12/Mar/2026:10:28:40 +0800] "GET /InternetTrading/longpoll/A8127?X-Atmosphere-tracking-id=0&X-Atmosphere-Framework=2.2.3-javascript&X-Atmosphere-Transport=long-polling&X-Atmosphere-TrackMessageSize=true&Content-Type=charset%3Dutf-8&X-atmo-protocol=true&_=1773282860102 HTTP/1.1" 200 -
163.125.177.201 - - [12/Mar/2026:10:28:43 +0800] "GET /InternetTrading/longpoll/53995?X-Atmosphere-tracking-id=0&X-Atmosphere-Framework=2.2.3-javascript&X-Atmosphere-Transport=long-polling&X-Atmosphere-TrackMessageSize=true&Content-Type=charset%3Dutf-8&X-atmo-protocol=true&_=1773282861794 HTTP/1.1" 200 -
219.73.99.100 - - [12/Mar/2026:10:28:44 +0800] "GET /InternetTrading/longpoll/55136?X-Atmosphere-tracking-id=0&X-Atmosphere-Framework=2.2.3-javascript&X-Atmosphere-Transport=long-polling&X-Atmosphere-TrackMessageSize=true&Content-Type=charset%3Dutf-8&X-atmo-protocol=true&_=1773282862961 HTTP/1.1" 200 -
219.73.99.100 - - [12/Mar/2026:10:28:44 +0800] "POST /InternetTrading/SessionErrorLogger HTTP/1.1" 200 117
219.73.99.100 - - [12/Mar/2026:10:28:44 +0800] "POST /InternetTrading/Heartbeat HTTP/1.1" 200 32
219.73.99.100 - - [12/Mar/2026:10:28:44 +0800] "POST /InternetTrading/SessionErrorLogger HTTP/1.1" 200 117
219.73.99.100 - - [12/Mar/2026:10:28:44 +0800] "POST /InternetTrading/MarketStatus HTTP/1.1" 200 772
14.0.170.57 - - [12/Mar/2026:10:28:45 +0800] "GET /InternetTrading/longpoll/A8127?X-Atmosphere-tracking-id=0&X-Atmosphere-Framework=2.2.3-javascript&X-Atmosphere-Transport=long-polling&X-Atmosphere-TrackMessageSize=true&Content-Type=charset%3Dutf-8&X-atmo-protocol=true&_=1773282865260 HTTP/1.1" 200 -
120.230.125.143 - - [12/Mar/2026:10:28:45 +0800] "GET /InternetTrading/longpoll/13975?X-Atmosphere-tracking-id=0&X-Atmosphere-Framework=2.2.3-javascript&X-Atmosphere-Transport=long-polling&X-Atmosphere-TrackMessageSize=true&Content-Type=charset%3Dutf-8&X-atmo-protocol=true&_=1773282869007 HTTP/1.1" 200 -
182.239.85.5 - - [12/Mar/2026:10:28:48 +0800] "GET /InternetTrading/longpoll/10302?X-Atmosphere-tracking-id=0&X-Atmosphere-Framework=2.2.3-javascript&X-Atmosphere-Transport=long-polling&X-Atmosphere-TrackMessageSize=true&Content-Type=charset%3Dutf-8&X-atmo-protocol=true&_=1773282867141 HTTP/1.1" 200 -
219.73.99.100 - - [12/Mar/2026:10:28:49 +0800] "GET /InternetTrading/longpoll/55136?X-Atmosphere-tracking-id=0&X-Atmosphere-Framework=2.2.3-javascript&X-Atmosphere-Transport=long-polling&X-Atmosphere-TrackMessageSize=true&Content-Type=charset%3Dutf-8&X-atmo-protocol=true&_=1773282868011 HTTP/1.1" 200 -
163.125.177.201 - - [12/Mar/2026:10:28:49 +0800] "GET /InternetTrading/longpoll/53995?X-Atmosphere-tracking-id=0&X-Atmosphere-Framework=2.2.3-javascript&X-Atmosphere-Transport=long-polling&X-Atmosphere-TrackMessageSize=true&Content-Type=charset%3Dutf-8&X-atmo-protocol=true&_=1773282867813 HTTP/1.1" 200 -
14.0.170.57 - - [12/Mar/2026:10:28:51 +0800] "GET /InternetTrading/longpoll/A8127?X-Atmosphere-tracking-id=0&X-Atmosphere-Framework=2.2.3-javascript&X-Atmosphere-Transport=long-polling&X-Atmosphere-TrackMessageSize=true&Content-Type=charset%3Dutf-8&X-atmo-protocol=true&_=1773282870585 HTTP/1.1" 200 -
120.230.125.143 - - [12/Mar/2026:10:28:51 +0800] "GET /InternetTrading/longpoll/13975?X-Atmosphere-tracking-id=0&X-Atmosphere-Framework=2.2.3-javascript&X-Atmosphere-Transport=long-polling&X-Atmosphere-TrackMessageSize=true&Content-Type=charset%3Dutf-8&X-atmo-protocol=true&_=1773282875007 HTTP/1.1" 200 -
219.73.99.100 - - [12/Mar/2026:10:28:54 +0800] "GET /InternetTrading/longpoll/55136?X-Atmosphere-tracking-id=0&X-Atmosphere-Framework=2.2.3-javascript&X-Atmosphere-Transport=long-polling&X-Atmosphere-TrackMessageSize=true&Content-Type=charset%3Dutf-8&X-atmo-protocol=true&_=1773282873039 HTTP/1.1" 200 -
163.125.177.201 - - [12/Mar/2026:10:28:55 +0800] "GET /InternetTrading/longpoll/53995?X-Atmosphere-tracking-id=0&X-Atmosphere-Framework=2.2.3-javascript&X-Atmosphere-Transport=long-polling&X-Atmosphere-TrackMessageSize=true&Content-Type=charset%3Dutf-8&X-atmo-protocol=true&_=1773282873811 HTTP/1.1" 200 -
14.0.170.57 - - [12/Mar/2026:10:28:55 +0800] "POST /InternetTrading/SessionErrorLogger HTTP/1.1" 200 117
14.0.170.57 - - [12/Mar/2026:10:28:55 +0800] "POST /InternetTrading/MarketStatus HTTP/1.1" 200 772
14.0.170.57 - - [12/Mar/2026:10:28:56 +0800] "GET /InternetTrading/longpoll/A8127?X-Atmosphere-tracking-id=0&X-Atmosphere-Framework=2.2.3-javascript&X-Atmosphere-Transport=long-polling&X-Atmosphere-TrackMessageSize=true&Content-Type=charset%3Dutf-8&X-atmo-protocol=true&_=1773282875945 HTTP/1.1" 200 -
120.230.125.143 - - [12/Mar/2026:10:28:57 +0800] "GET /InternetTrading/longpoll/13975?X-Atmosphere-tracking-id=0&X-Atmosphere-Framework=2.2.3-javascript&X-Atmosphere-Transport=long-polling&X-Atmosphere-TrackMessageSize=true&Content-Type=charset%3Dutf-8&X-atmo-protocol=true&_=1773282881007 HTTP/1.1" 200 -
14.0.170.57 - - [12/Mar/2026:10:28:58 +0800] "POST /InternetTrading/SessionErrorLogger HTTP/1.1" 200 117
14.0.170.57 - - [12/Mar/2026:10:28:58 +0800] "POST /InternetTrading/Heartbeat HTTP/1.1" 200 32
136.244.109.122 - - [12/Mar/2026:10:28:58 +0800] "GET /robots.txt HTTP/1.1" 404 196
182.239.85.5 - - [12/Mar/2026:10:28:58 +0800] "GET /InternetTrading/longpoll/10302?X-Atmosphere-tracking-id=0&X-Atmosphere-Framework=2.2.3-javascript&X-Atmosphere-Transport=long-polling&X-Atmosphere-TrackMessageSize=true&Content-Type=charset%3Dutf-8&X-atmo-protocol=true&_=1773282877409 HTTP/1.1" 200 -
136.244.109.122 - - [12/Mar/2026:10:28:58 +0800] "GET / HTTP/1.0" 400 362
219.73.99.100 - - [12/Mar/2026:10:28:59 +0800] "GET /InternetTrading/longpoll/55136?X-Atmosphere-tracking-id=0&X-Atmosphere-Framework=2.2.3-javascript&X-Atmosphere-Transport=long-polling&X-Atmosphere-TrackMessageSize=true&Content-Type=charset%3Dutf-8&X-atmo-protocol=true&_=1773282878056 HTTP/1.1" 200 -
14.0.170.57 - - [12/Mar/2026:10:29:01 +0800] "GET /InternetTrading/longpoll/A8127?X-Atmosphere-tracking-id=0&X-Atmosphere-Framework=2.2.3-javascript&X-Atmosphere-Transport=long-polling&X-Atmosphere-TrackMessageSize=true&Content-Type=charset%3Dutf-8&X-atmo-protocol=true&_=1773282881053 HTTP/1.1" 200 -
163.125.177.201 - - [12/Mar/2026:10:29:01 +0800] "GET /InternetTrading/longpoll/53995?X-Atmosphere-tracking-id=0&X-Atmosphere-Framework=2.2.3-javascript&X-Atmosphere-Transport=long-polling&X-Atmosphere-TrackMessageSize=true&Content-Type=charset%3Dutf-8&X-atmo-protocol=true&_=1773282879801 HTTP/1.1" 200 -
182.239.85.5 - - [12/Mar/2026:10:29:03 +0800] "POST /InternetTrading/Heartbeat HTTP/1.1" 200 32
182.239.85.5 - - [12/Mar/2026:10:29:03 +0800] "GET /InternetTrading/longpoll/10302?X-Atmosphere-tracking-id=0&X-Atmosphere-Framework=2.2.3-javascript&X-Atmosphere-Transport=long-polling&X-Atmosphere-TrackMessageSize=true&Content-Type=charset%3Dutf-8&X-atmo-protocol=true&_=1773282882630 HTTP/1.1" 200 -
120.230.125.143 - - [12/Mar/2026:10:29:03 +0800] "GET /InternetTrading/longpoll/13975?X-Atmosphere-tracking-id=0&X-Atmosphere-Framework=2.2.3-javascript&X-Atmosphere-Transport=long-polling&X-Atmosphere-TrackMessageSize=true&Content-Type=charset%3Dutf-8&X-atmo-protocol=true&_=1773282887009 HTTP/1.1" 200 -
182.239.85.5 - - [12/Mar/2026:10:29:04 +0800] "POST /InternetTrading/SessionErrorLogger HTTP/1.1" 200 117
182.239.85.5 - - [12/Mar/2026:10:29:04 +0800] "POST /InternetTrading/OrderMaxQuantity HTTP/1.1" 200 9
219.73.99.100 - - [12/Mar/2026:10:29:04 +0800] "GET /InternetTrading/longpoll/55136?X-Atmosphere-tracking-id=0&X-Atmosphere-Framework=2.2.3-javascript&X-Atmosphere-Transport=long-polling&X-Atmosphere-TrackMessageSize=true&Content-Type=charset%3Dutf-8&X-atmo-protocol=true&_=1773282883105 HTTP/1.1" 200 -
182.239.85.5 - - [12/Mar/2026:10:29:04 +0800] "POST /InternetTrading/SessionErrorLogger HTTP/1.1" 200 117
182.239.85.5 - - [12/Mar/2026:10:29:04 +0800] "POST /InternetTrading/LoginKey HTTP/1.1" 200 -
182.239.85.5 - - [12/Mar/2026:10:29:04 +0800] "GET /InternetTrading/jquery/wait.gif HTTP/1.1" 200 432
182.239.85.5 - - [12/Mar/2026:10:29:04 +0800] "POST /InternetTrading/PreOrder HTTP/1.1" 200 1203
182.239.85.5 - - [12/Mar/2026:10:29:04 +0800] "POST /InternetTrading/SessionErrorLogger HTTP/1.1" 200 117
182.239.85.5 - - [12/Mar/2026:10:29:04 +0800] "POST /InternetTrading/MarketStatus HTTP/1.1" 200 772
14.0.170.57 - - [12/Mar/2026:10:29:06 +0800] "GET /InternetTrading/longpoll/A8127?X-Atmosphere-tracking-id=0&X-Atmosphere-Framework=2.2.3-javascript&X-Atmosphere-Transport=long-polling&X-Atmosphere-TrackMessageSize=true&Content-Type=charset%3Dutf-8&X-atmo-protocol=true&_=1773282886163 HTTP/1.1" 200 -
163.125.177.201 - - [12/Mar/2026:10:29:07 +0800] "GET /InternetTrading/longpoll/53995?X-Atmosphere-tracking-id=0&X-Atmosphere-Framework=2.2.3-javascript&X-Atmosphere-Transport=long-polling&X-Atmosphere-TrackMessageSize=true&Content-Type=charset%3Dutf-8&X-atmo-protocol=true&_=1773282885804 HTTP/1.1" 200 -
120.230.125.143 - - [12/Mar/2026:10:29:07 +0800] "POST /InternetTrading/SessionErrorLogger HTTP/1.1" 200 117
120.230.125.143 - - [12/Mar/2026:10:29:07 +0800] "POST /InternetTrading/MarketStatus HTTP/1.1" 200 772
120.230.125.143 - - [12/Mar/2026:10:29:07 +0800] "POST /InternetTrading/SessionErrorLogger HTTP/1.1" 200 117
120.230.125.143 - - [12/Mar/2026:10:29:07 +0800] "POST /InternetTrading/Heartbeat HTTP/1.1" 200 32
182.239.85.5 - - [12/Mar/2026:10:29:08 +0800] "GET /InternetTrading/longpoll/10302?X-Atmosphere-tracking-id=0&X-Atmosphere-Framework=2.2.3-javascript&X-Atmosphere-Transport=long-polling&X-Atmosphere-TrackMessageSize=true&Content-Type=charset%3Dutf-8&X-atmo-protocol=true&_=1773282887787 HTTP/1.1" 200 -
219.73.99.100 - - [12/Mar/2026:10:29:09 +0800] "GET /InternetTrading/longpoll/55136?X-Atmosphere-tracking-id=0&X-Atmosphere-Framework=2.2.3-javascript&X-Atmosphere-Transport=long-polling&X-Atmosphere-TrackMessageSize=true&Content-Type=charset%3Dutf-8&X-atmo-protocol=true&_=1773282888155 HTTP/1.1" 200 -
120.230.125.143 - - [12/Mar/2026:10:29:09 +0800] "GET /InternetTrading/longpoll/13975?X-Atmosphere-tracking-id=0&X-Atmosphere-Framework=2.2.3-javascript&X-Atmosphere-Transport=long-polling&X-Atmosphere-TrackMessageSize=true&Content-Type=charset%3Dutf-8&X-atmo-protocol=true&_=1773282893009 HTTP/1.1" 200 -
14.0.170.57 - - [12/Mar/2026:10:29:11 +0800] "GET /InternetTrading/longpoll/A8127?X-Atmosphere-tracking-id=0&X-Atmosphere-Framework=2.2.3-javascript&X-Atmosphere-Transport=long-polling&X-Atmosphere-TrackMessageSize=true&Content-Type=charset%3Dutf-8&X-atmo-protocol=true&_=1773282891282 HTTP/1.1" 200 -
182.239.85.5 - - [12/Mar/2026:10:29:13 +0800] "POST /InternetTrading/SessionErrorLogger HTTP/1.1" 200 117
182.239.85.5 - - [12/Mar/2026:10:29:13 +0800] "POST /InternetTrading/OrderMaxQuantity HTTP/1.1" 200 9
163.125.177.201 - - [12/Mar/2026:10:29:13 +0800] "GET /InternetTrading/longpoll/53995?X-Atmosphere-tracking-id=0&X-Atmosphere-Framework=2.2.3-javascript&X-Atmosphere-Transport=long-polling&X-Atmosphere-TrackMessageSize=true&Content-Type=charset%3Dutf-8&X-atmo-protocol=true&_=1773282891803 HTTP/1.1" 200 -
182.239.85.5 - - [12/Mar/2026:10:29:13 +0800] "GET /InternetTrading/longpoll/10302?X-Atmosphere-tracking-id=0&X-Atmosphere-Framework=2.2.3-javascript&X-Atmosphere-Transport=long-polling&X-Atmosphere-TrackMessageSize=true&Content-Type=charset%3Dutf-8&X-atmo-protocol=true&_=1773282892880 HTTP/1.1" 200 -
219.73.99.100 - - [12/Mar/2026:10:29:14 +0800] "GET /InternetTrading/longpoll/55136?X-Atmosphere-tracking-id=0&X-Atmosphere-Framework=2.2.3-javascript&X-Atmosphere-Transport=long-polling&X-Atmosphere-TrackMessageSize=true&Content-Type=charset%3Dutf-8&X-atmo-protocol=true&_=1773282893189 HTTP/1.1" 200 -
219.73.99.100 - - [12/Mar/2026:10:29:14 +0800] "POST /InternetTrading/SessionErrorLogger HTTP/1.1" 200 117
219.73.99.100 - - [12/Mar/2026:10:29:14 +0800] "POST /InternetTrading/Heartbeat HTTP/1.1" 200 32
219.73.99.100 - - [12/Mar/2026:10:29:14 +0800] "POST /InternetTrading/SessionErrorLogger HTTP/1.1" 200 117
219.73.99.100 - - [12/Mar/2026:10:29:15 +0800] "POST /InternetTrading/MarketStatus HTTP/1.1" 200 772
120.230.125.143 - - [12/Mar/2026:10:29:15 +0800] "GET /InternetTrading/longpoll/13975?X-Atmosphere-tracking-id=0&X-Atmosphere-Framework=2.2.3-javascript&X-Atmosphere-Transport=long-polling&X-Atmosphere-TrackMessageSize=true&Content-Type=charset%3Dutf-8&X-atmo-protocol=true&_=1773282899009 HTTP/1.1" 200 -
14.0.170.57 - - [12/Mar/2026:10:29:16 +0800] "GET /InternetTrading/longpoll/A8127?X-Atmosphere-tracking-id=0&X-Atmosphere-Framework=2.2.3-javascript&X-Atmosphere-Transport=long-polling&X-Atmosphere-TrackMessageSize=true&Content-Type=charset%3Dutf-8&X-atmo-protocol=true&_=1773282896475 HTTP/1.1" 200 -
219.73.99.100 - - [12/Mar/2026:10:29:19 +0800] "GET /InternetTrading/longpoll/55136?X-Atmosphere-tracking-id=0&X-Atmosphere-Framework=2.2.3-javascript&X-Atmosphere-Transport=long-polling&X-Atmosphere-TrackMessageSize=true&Content-Type=charset%3Dutf-8&X-atmo-protocol=true&_=1773282898228 HTTP/1.1" 200 -
163.125.177.201 - - [12/Mar/2026:10:29:19 +0800] "GET /InternetTrading/longpoll/53995?X-Atmosphere-tracking-id=0&X-Atmosphere-Framework=2.2.3-javascript&X-Atmosphere-Transport=long-polling&X-Atmosphere-TrackMessageSize=true&Content-Type=charset%3Dutf-8&X-atmo-protocol=true&_=1773282897810 HTTP/1.1" 200 -
120.230.125.143 - - [12/Mar/2026:10:29:21 +0800] "GET /InternetTrading/longpoll/13975?X-Atmosphere-tracking-id=0&X-Atmosphere-Framework=2.2.3-javascript&X-Atmosphere-Transport=long-polling&X-Atmosphere-TrackMessageSize=true&Content-Type=charset%3Dutf-8&X-atmo-protocol=true&_=1773282905009 HTTP/1.1" 200 -
14.0.170.57 - - [12/Mar/2026:10:29:21 +0800] "GET /InternetTrading/longpoll/A8127?X-Atmosphere-tracking-id=0&X-Atmosphere-Framework=2.2.3-javascript&X-Atmosphere-Transport=long-polling&X-Atmosphere-TrackMessageSize=true&Content-Type=charset%3Dutf-8&X-atmo-protocol=true&_=1773282901624 HTTP/1.1" 200 -
182.239.85.5 - - [12/Mar/2026:10:29:24 +0800] "GET /InternetTrading/longpoll/10302?X-Atmosphere-tracking-id=0&X-Atmosphere-Framework=2.2.3-javascript&X-Atmosphere-Transport=long-polling&X-Atmosphere-TrackMessageSize=true&Content-Type=charset%3Dutf-8&X-atmo-protocol=true&_=1773282903007 HTTP/1.1" 200 -
219.73.99.100 - - [12/Mar/2026:10:29:24 +0800] "GET /InternetTrading/longpoll/55136?X-Atmosphere-tracking-id=0&X-Atmosphere-Framework=2.2.3-javascript&X-Atmosphere-Transport=long-polling&X-Atmosphere-TrackMessageSize=true&Content-Type=charset%3Dutf-8&X-atmo-protocol=true&_=1773282903252 HTTP/1.1" 200 -
182.239.85.5 - - [12/Mar/2026:10:29:24 +0800] "POST /InternetTrading/SessionErrorLogger HTTP/1.1" 200 117
182.239.85.5 - - [12/Mar/2026:10:29:24 +0800] "POST /InternetTrading/LoginKey HTTP/1.1" 200 -
182.239.85.5 - - [12/Mar/2026:10:29:24 +0800] "GET /InternetTrading/jquery/wait.gif HTTP/1.1" 200 432
182.239.85.5 - - [12/Mar/2026:10:29:25 +0800] "POST /InternetTrading/PreOrder HTTP/1.1" 200 1220
14.0.170.57 - - [12/Mar/2026:10:29:25 +0800] "POST /InternetTrading/SessionErrorLogger HTTP/1.1" 200 117
14.0.170.57 - - [12/Mar/2026:10:29:25 +0800] "POST /InternetTrading/MarketStatus HTTP/1.1" 200 772
163.125.177.201 - - [12/Mar/2026:10:29:25 +0800] "POST /InternetTrading/SessionErrorLogger HTTP/1.1" 200 117
163.125.177.201 - - [12/Mar/2026:10:29:25 +0800] "POST /InternetTrading/MarketStatus HTTP/1.1" 200 772
163.125.177.201 - - [12/Mar/2026:10:29:25 +0800] "POST /InternetTrading/SessionErrorLogger HTTP/1.1" 200 117
163.125.177.201 - - [12/Mar/2026:10:29:25 +0800] "POST /InternetTrading/Heartbeat HTTP/1.1" 200 32
163.125.177.201 - - [12/Mar/2026:10:29:25 +0800] "GET /InternetTrading/longpoll/53995?X-Atmosphere-tracking-id=0&X-Atmosphere-Framework=2.2.3-javascript&X-Atmosphere-Transport=long-polling&X-Atmosphere-TrackMessageSize=true&Content-Type=charset%3Dutf-8&X-atmo-protocol=true&_=1773282904447 HTTP/1.1" 200 -
14.0.170.57 - - [12/Mar/2026:10:29:26 +0800] "GET /InternetTrading/longpoll/A8127?X-Atmosphere-tracking-id=0&X-Atmosphere-Framework=2.2.3-javascript&X-Atmosphere-Transport=long-polling&X-Atmosphere-TrackMessageSize=true&Content-Type=charset%3Dutf-8&X-atmo-protocol=true&_=1773282906754 HTTP/1.1" 200 -
120.230.125.143 - - [12/Mar/2026:10:29:27 +0800] "GET /InternetTrading/longpoll/13975?X-Atmosphere-tracking-id=0&X-Atmosphere-Framework=2.2.3-javascript&X-Atmosphere-Transport=long-polling&X-Atmosphere-TrackMessageSize=true&Content-Type=charset%3Dutf-8&X-atmo-protocol=true&_=1773282911008 HTTP/1.1" 200 -
14.0.170.57 - - [12/Mar/2026:10:29:28 +0800] "POST /InternetTrading/SessionErrorLogger HTTP/1.1" 200 117
14.0.170.57 - - [12/Mar/2026:10:29:28 +0800] "POST /InternetTrading/Heartbeat HTTP/1.1" 200 32
182.239.85.5 - - [12/Mar/2026:10:29:29 +0800] "GET /InternetTrading/longpoll/10302?X-Atmosphere-tracking-id=0&X-Atmosphere-Framework=2.2.3-javascript&X-Atmosphere-Transport=long-polling&X-Atmosphere-TrackMessageSize=true&Content-Type=charset%3Dutf-8&X-atmo-protocol=true&_=1773282908205 HTTP/1.1" 200 -
219.73.99.100 - - [12/Mar/2026:10:29:29 +0800] "GET /InternetTrading/longpoll/55136?X-Atmosphere-tracking-id=0&X-Atmosphere-Framework=2.2.3-javascript&X-Atmosphere-Transport=long-polling&X-Atmosphere-TrackMessageSize=true&Content-Type=charset%3Dutf-8&X-atmo-protocol=true&_=1773282908274 HTTP/1.1" 200 -
182.239.85.5 - - [12/Mar/2026:10:29:30 +0800] "POST /InternetTrading/SessionErrorLogger HTTP/1.1" 200 117
182.239.85.5 - - [12/Mar/2026:10:29:30 +0800] "GET /InternetTrading/Csrf?url=/Order HTTP/1.1" 200 126
182.239.85.5 - - [12/Mar/2026:10:29:30 +0800] "POST /InternetTrading/SessionErrorLogger HTTP/1.1" 200 117
182.239.85.5 - - [12/Mar/2026:10:29:30 +0800] "POST /InternetTrading/LoginKey HTTP/1.1" 200 -
182.239.85.5 - - [12/Mar/2026:10:29:30 +0800] "POST /InternetTrading/SessionErrorLogger HTTP/1.1" 200 117
182.239.85.5 - - [12/Mar/2026:10:29:30 +0800] "POST /InternetTrading/Order?csrf_nonce=904C57245B67AA55F7A3EDA9C346B04D HTTP/1.1" 200 1016
182.239.85.5 - - [12/Mar/2026:10:29:30 +0800] "POST /InternetTrading/SessionErrorLogger HTTP/1.1" 200 117
182.239.85.5 - - [12/Mar/2026:10:29:30 +0800] "GET /InternetTrading/tc/buy_ticket.html? HTTP/1.1" 200 1995
163.125.177.201 - - [12/Mar/2026:10:29:31 +0800] "GET /InternetTrading/longpoll/53995?X-Atmosphere-tracking-id=0&X-Atmosphere-Framework=2.2.3-javascript&X-Atmosphere-Transport=long-polling&X-Atmosphere-TrackMessageSize=true&Content-Type=charset%3Dutf-8&X-atmo-protocol=true&_=1773282909809 HTTP/1.1" 200 -
182.239.85.5 - - [12/Mar/2026:10:29:31 +0800] "POST /InternetTrading/SessionErrorLogger HTTP/1.1" 200 117
182.239.85.5 - - [12/Mar/2026:10:29:31 +0800] "POST /InternetTrading/MarketStatus HTTP/1.1" 200 772
182.239.85.5 - - [12/Mar/2026:10:29:31 +0800] "POST /InternetTrading/SessionErrorLogger HTTP/1.1" 200 117
182.239.85.5 - - [12/Mar/2026:10:29:31 +0800] "POST /InternetTrading/MarketStatus HTTP/1.1" 200 772
14.0.170.57 - - [12/Mar/2026:10:29:32 +0800] "GET /InternetTrading/longpoll/A8127?X-Atmosphere-tracking-id=0&X-Atmosphere-Framework=2.2.3-javascript&X-Atmosphere-Transport=long-polling&X-Atmosphere-TrackMessageSize=true&Content-Type=charset%3Dutf-8&X-atmo-protocol=true&_=1773282911807 HTTP/1.1" 200 -
182.239.85.5 - - [12/Mar/2026:10:29:33 +0800] "POST /InternetTrading/SessionErrorLogger HTTP/1.1" 200 117
182.239.85.5 - - [12/Mar/2026:10:29:33 +0800] "GET /InternetTrading/jquery/wait.gif HTTP/1.1" 200 432
182.239.85.5 - - [12/Mar/2026:10:29:33 +0800] "POST /InternetTrading/Orderbook HTTP/1.1" 200 1164
182.239.85.5 - - [12/Mar/2026:10:29:33 +0800] "POST /InternetTrading/SessionErrorLogger HTTP/1.1" 200 117
182.239.85.5 - - [12/Mar/2026:10:29:33 +0800] "POST /InternetTrading/Heartbeat HTTP/1.1" 200 32
120.230.125.143 - - [12/Mar/2026:10:29:33 +0800] "GET /InternetTrading/longpoll/13975?X-Atmosphere-tracking-id=0&X-Atmosphere-Framework=2.2.3-javascript&X-Atmosphere-Transport=long-polling&X-Atmosphere-TrackMessageSize=true&Content-Type=charset%3Dutf-8&X-atmo-protocol=true&_=1773282917009 HTTP/1.1" 200 -
219.73.99.100 - - [12/Mar/2026:10:29:34 +0800] "GET /InternetTrading/longpoll/55136?X-Atmosphere-tracking-id=0&X-Atmosphere-Framework=2.2.3-javascript&X-Atmosphere-Transport=long-polling&X-Atmosphere-TrackMessageSize=true&Content-Type=charset%3Dutf-8&X-atmo-protocol=true&_=1773282913307 HTTP/1.1" 200 -
182.239.85.5 - - [12/Mar/2026:10:29:34 +0800] "GET /InternetTrading/longpoll/10302?X-Atmosphere-tracking-id=0&X-Atmosphere-Framework=2.2.3-javascript&X-Atmosphere-Transport=long-polling&X-Atmosphere-TrackMessageSize=true&Content-Type=charset%3Dutf-8&X-atmo-protocol=true&_=1773282913323 HTTP/1.1" 200 -
163.125.177.201 - - [12/Mar/2026:10:29:37 +0800] "GET /InternetTrading/longpoll/53995?X-Atmosphere-tracking-id=0&X-Atmosphere-Framework=2.2.3-javascript&X-Atmosphere-Transport=long-polling&X-Atmosphere-TrackMessageSize=true&Content-Type=charset%3Dutf-8&X-atmo-protocol=true&_=1773282915799 HTTP/1.1" 200 -
14.0.170.57 - - [12/Mar/2026:10:29:37 +0800] "GET /InternetTrading/longpoll/A8127?X-Atmosphere-tracking-id=0&X-Atmosphere-Framework=2.2.3-javascript&X-Atmosphere-Transport=long-polling&X-Atmosphere-TrackMessageSize=true&Content-Type=charset%3Dutf-8&X-atmo-protocol=true&_=1773282916887 HTTP/1.1" 200 -
219.73.99.100 - - [12/Mar/2026:10:29:39 +0800] "GET /InternetTrading/longpoll/55136?X-Atmosphere-tracking-id=0&X-Atmosphere-Framework=2.2.3-javascript&X-Atmosphere-Transport=long-polling&X-Atmosphere-TrackMessageSize=true&Content-Type=charset%3Dutf-8&X-atmo-protocol=true&_=1773282918356 HTTP/1.1" 200 -
120.230.125.143 - - [12/Mar/2026:10:29:39 +0800] "GET /InternetTrading/longpoll/13975?X-Atmosphere-tracking-id=0&X-Atmosphere-Framework=2.2.3-javascript&X-Atmosphere-Transport=long-polling&X-Atmosphere-TrackMessageSize=true&Content-Type=charset%3Dutf-8&X-atmo-protocol=true&_=1773282923009 HTTP/1.1" 200 -
14.0.170.57 - - [12/Mar/2026:10:29:42 +0800] "GET /InternetTrading/longpoll/A8127?X-Atmosphere-tracking-id=0&X-Atmosphere-Framework=2.2.3-javascript&X-Atmosphere-Transport=long-polling&X-Atmosphere-TrackMessageSize=true&Content-Type=charset%3Dutf-8&X-atmo-protocol=true&_=1773282922053 HTTP/1.1" 200 -
163.125.177.201 - - [12/Mar/2026:10:29:43 +0800] "GET /InternetTrading/longpoll/53995?X-Atmosphere-tracking-id=0&X-Atmosphere-Framework=2.2.3-javascript&X-Atmosphere-Transport=long-polling&X-Atmosphere-TrackMessageSize=true&Content-Type=charset%3Dutf-8&X-atmo-protocol=true&_=1773282921798 HTTP/1.1" 200 -
84.238.133.50 - - [12/Mar/2026:10:29:43 +0800] "GET / HTTP/1.1" 200 3426
219.73.99.100 - - [12/Mar/2026:10:29:44 +0800] "GET /InternetTrading/longpoll/55136?X-Atmosphere-tracking-id=0&X-Atmosphere-Framework=2.2.3-javascript&X-Atmosphere-Transport=long-polling&X-Atmosphere-TrackMessageSize=true&Content-Type=charset%3Dutf-8&X-atmo-protocol=true&_=1773282923412 HTTP/1.1" 200 -
182.239.85.5 - - [12/Mar/2026:10:29:44 +0800] "GET /InternetTrading/longpoll/10302?X-Atmosphere-tracking-id=0&X-Atmosphere-Framework=2.2.3-javascript&X-Atmosphere-Transport=long-polling&X-Atmosphere-TrackMessageSize=true&Content-Type=charset%3Dutf-8&X-atmo-protocol=true&_=1773282923471 HTTP/1.1" 200 -
219.73.99.100 - - [12/Mar/2026:10:29:44 +0800] "POST /InternetTrading/SessionErrorLogger HTTP/1.1" 200 117
219.73.99.100 - - [12/Mar/2026:10:29:44 +0800] "POST /InternetTrading/Heartbeat HTTP/1.1" 200 32
219.73.99.100 - - [12/Mar/2026:10:29:45 +0800] "POST /InternetTrading/SessionErrorLogger HTTP/1.1" 200 117
219.73.99.100 - - [12/Mar/2026:10:29:45 +0800] "POST /InternetTrading/MarketStatus HTTP/1.1" 200 772
120.230.125.143 - - [12/Mar/2026:10:29:45 +0800] "GET /InternetTrading/longpoll/13975?X-Atmosphere-tracking-id=0&X-Atmosphere-Framework=2.2.3-javascript&X-Atmosphere-Transport=long-polling&X-Atmosphere-TrackMessageSize=true&Content-Type=charset%3Dutf-8&X-atmo-protocol=true&_=1773282929009 HTTP/1.1" 200 -
14.0.170.57 - - [12/Mar/2026:10:29:47 +0800] "GET /InternetTrading/longpoll/A8127?X-Atmosphere-tracking-id=0&X-Atmosphere-Framework=2.2.3-javascript&X-Atmosphere-Transport=long-polling&X-Atmosphere-TrackMessageSize=true&Content-Type=charset%3Dutf-8&X-atmo-protocol=true&_=1773282927226 HTTP/1.1" 200 -
219.73.99.100 - - [12/Mar/2026:10:29:49 +0800] "GET /InternetTrading/longpoll/55136?X-Atmosphere-tracking-id=0&X-Atmosphere-Framework=2.2.3-javascript&X-Atmosphere-Transport=long-polling&X-Atmosphere-TrackMessageSize=true&Content-Type=charset%3Dutf-8&X-atmo-protocol=true&_=1773282928454 HTTP/1.1" 200 -
163.125.177.201 - - [12/Mar/2026:10:29:49 +0800] "GET /InternetTrading/longpoll/53995?X-Atmosphere-tracking-id=0&X-Atmosphere-Framework=2.2.3-javascript&X-Atmosphere-Transport=long-polling&X-Atmosphere-TrackMessageSize=true&Content-Type=charset%3Dutf-8&X-atmo-protocol=true&_=1773282927798 HTTP/1.1" 200 -
120.230.125.143 - - [12/Mar/2026:10:29:51 +0800] "GET /InternetTrading/longpoll/13975?X-Atmosphere-tracking-id=0&X-Atmosphere-Framework=2.2.3-javascript&X-Atmosphere-Transport=long-polling&X-Atmosphere-TrackMessageSize=true&Content-Type=charset%3Dutf-8&X-atmo-protocol=true&_=1773282935009 HTTP/1.1" 200 -
14.0.170.57 - - [12/Mar/2026:10:29:52 +0800] "GET /InternetTrading/longpoll/A8127?X-Atmosphere-tracking-id=0&X-Atmosphere-Framework=2.2.3-javascript&X-Atmosphere-Transport=long-polling&X-Atmosphere-TrackMessageSize=true&Content-Type=charset%3Dutf-8&X-atmo-protocol=true&_=1773282932395 HTTP/1.1" 200 -
219.73.99.100 - - [12/Mar/2026:10:29:54 +0800] "GET /InternetTrading/longpoll/55136?X-Atmosphere-tracking-id=0&X-Atmosphere-Framework=2.2.3-javascript&X-Atmosphere-Transport=long-polling&X-Atmosphere-TrackMessageSize=true&Content-Type=charset%3Dutf-8&X-atmo-protocol=true&_=1773282933486 HTTP/1.1" 200 -
182.239.85.5 - - [12/Mar/2026:10:29:54 +0800] "GET /InternetTrading/longpoll/10302?X-Atmosphere-tracking-id=0&X-Atmosphere-Framework=2.2.3-javascript&X-Atmosphere-Transport=long-polling&X-Atmosphere-TrackMessageSize=true&Content-Type=charset%3Dutf-8&X-atmo-protocol=true&_=1773282933741 HTTP/1.1" 200 -
14.0.170.57 - - [12/Mar/2026:10:29:55 +0800] "POST /InternetTrading/SessionErrorLogger HTTP/1.1" 200 117
14.0.170.57 - - [12/Mar/2026:10:29:55 +0800] "POST /InternetTrading/MarketStatus HTTP/1.1" 200 772
163.125.177.201 - - [12/Mar/2026:10:29:55 +0800] "GET /InternetTrading/longpoll/53995?X-Atmosphere-tracking-id=0&X-Atmosphere-Framework=2.2.3-javascript&X-Atmosphere-Transport=long-polling&X-Atmosphere-TrackMessageSize=true&Content-Type=charset%3Dutf-8&X-atmo-protocol=true&_=1773282933796 HTTP/1.1" 200 -
14.0.170.57 - - [12/Mar/2026:10:29:57 +0800] "GET /InternetTrading/longpoll/A8127?X-Atmosphere-tracking-id=0&X-Atmosphere-Framework=2.2.3-javascript&X-Atmosphere-Transport=long-polling&X-Atmosphere-TrackMessageSize=true&Content-Type=charset%3Dutf-8&X-atmo-protocol=true&_=1773282937525 HTTP/1.1" 200 -
120.230.125.143 - - [12/Mar/2026:10:29:57 +0800] "GET /InternetTrading/longpoll/13975?X-Atmosphere-tracking-id=0&X-Atmosphere-Framework=2.2.3-javascript&X-Atmosphere-Transport=long-polling&X-Atmosphere-TrackMessageSize=true&Content-Type=charset%3Dutf-8&X-atmo-protocol=true&_=1773282941009 HTTP/1.1" 200 -
14.0.170.57 - - [12/Mar/2026:10:29:58 +0800] "POST /InternetTrading/SessionErrorLogger HTTP/1.1" 200 117
14.0.170.57 - - [12/Mar/2026:10:29:58 +0800] "POST /InternetTrading/Heartbeat HTTP/1.1" 200 32
219.73.99.100 - - [12/Mar/2026:10:29:59 +0800] "GET /InternetTrading/longpoll/55136?X-Atmosphere-tracking-id=0&X-Atmosphere-Framework=2.2.3-javascript&X-Atmosphere-Transport=long-polling&X-Atmosphere-TrackMessageSize=true&Content-Type=charset%3Dutf-8&X-atmo-protocol=true&_=1773282938517 HTTP/1.1" 200 -
182.239.85.5 - - [12/Mar/2026:10:30:00 +0800] "GET /InternetTrading/longpoll/10302?X-Atmosphere-tracking-id=0&X-Atmosphere-Framework=2.2.3-javascript&X-Atmosphere-Transport=long-polling&X-Atmosphere-TrackMessageSize=true&Content-Type=charset%3Dutf-8&X-atmo-protocol=true&_=1773282938915 HTTP/1.1" 200 -
182.239.85.5 - - [12/Mar/2026:10:30:01 +0800] "POST /InternetTrading/SessionErrorLogger HTTP/1.1" 200 117
182.239.85.5 - - [12/Mar/2026:10:30:01 +0800] "POST /InternetTrading/MarketStatus HTTP/1.1" 200 772
163.125.177.201 - - [12/Mar/2026:10:30:01 +0800] "GET /InternetTrading/longpoll/53995?X-Atmosphere-tracking-id=0&X-Atmosphere-Framework=2.2.3-javascript&X-Atmosphere-Transport=long-polling&X-Atmosphere-TrackMessageSize=true&Content-Type=charset%3Dutf-8&X-atmo-protocol=true&_=1773282939802 HTTP/1.1" 200 -
14.0.170.57 - - [12/Mar/2026:10:30:02 +0800] "GET /InternetTrading/longpoll/A8127?X-Atmosphere-tracking-id=0&X-Atmosphere-Framework=2.2.3-javascript&X-Atmosphere-Transport=long-polling&X-Atmosphere-TrackMessageSize=true&Content-Type=charset%3Dutf-8&X-atmo-protocol=true&_=1773282942578 HTTP/1.1" 200 -
120.230.125.143 - - [12/Mar/2026:10:30:03 +0800] "GET /InternetTrading/longpoll/13975?X-Atmosphere-tracking-id=0&X-Atmosphere-Framework=2.2.3-javascript&X-Atmosphere-Transport=long-polling&X-Atmosphere-TrackMessageSize=true&Content-Type=charset%3Dutf-8&X-atmo-protocol=true&_=1773282947010 HTTP/1.1" 200 -
182.239.85.5 - - [12/Mar/2026:10:30:03 +0800] "POST /InternetTrading/SessionErrorLogger HTTP/1.1" 200 117
182.239.85.5 - - [12/Mar/2026:10:30:04 +0800] "POST /InternetTrading/Heartbeat HTTP/1.1" 200 32
219.73.99.100 - - [12/Mar/2026:10:30:04 +0800] "GET /InternetTrading/longpoll/55136?X-Atmosphere-tracking-id=0&X-Atmosphere-Framework=2.2.3-javascript&X-Atmosphere-Transport=long-polling&X-Atmosphere-TrackMessageSize=true&Content-Type=charset%3Dutf-8&X-atmo-protocol=true&_=1773282943562 HTTP/1.1" 200 -
182.239.85.5 - - [12/Mar/2026:10:30:05 +0800] "GET /InternetTrading/longpoll/10302?X-Atmosphere-tracking-id=0&X-Atmosphere-Framework=2.2.3-javascript&X-Atmosphere-Transport=long-polling&X-Atmosphere-TrackMessageSize=true&Content-Type=charset%3Dutf-8&X-atmo-protocol=true&_=1773282944143 HTTP/1.1" 200 -
163.125.177.201 - - [12/Mar/2026:10:30:07 +0800] "GET /InternetTrading/longpoll/53995?X-Atmosphere-tracking-id=0&X-Atmosphere-Framework=2.2.3-javascript&X-Atmosphere-Transport=long-polling&X-Atmosphere-TrackMessageSize=true&Content-Type=charset%3Dutf-8&X-atmo-protocol=true&_=1773282945805 HTTP/1.1" 200 -
120.230.125.143 - - [12/Mar/2026:10:30:07 +0800] "POST /InternetTrading/SessionErrorLogger HTTP/1.1" 200 117
120.230.125.143 - - [12/Mar/2026:10:30:07 +0800] "POST /InternetTrading/MarketStatus HTTP/1.1" 200 772
120.230.125.143 - - [12/Mar/2026:10:30:07 +0800] "POST /InternetTrading/SessionErrorLogger HTTP/1.1" 200 117
120.230.125.143 - - [12/Mar/2026:10:30:07 +0800] "POST /InternetTrading/Heartbeat HTTP/1.1" 200 32
14.0.170.57 - - [12/Mar/2026:10:30:08 +0800] "GET /InternetTrading/longpoll/A8127?X-Atmosphere-tracking-id=0&X-Atmosphere-Framework=2.2.3-javascript&X-Atmosphere-Transport=long-polling&X-Atmosphere-TrackMessageSize=true&Content-Type=charset%3Dutf-8&X-atmo-protocol=true&_=1773282947698 HTTP/1.1" 200 -
219.73.99.100 - - [12/Mar/2026:10:30:09 +0800] "GET /InternetTrading/longpoll/55136?X-Atmosphere-tracking-id=0&X-Atmosphere-Framework=2.2.3-javascript&X-Atmosphere-Transport=long-polling&X-Atmosphere-TrackMessageSize=true&Content-Type=charset%3Dutf-8&X-atmo-protocol=true&_=1773282948586 HTTP/1.1" 200 -
120.230.125.143 - - [12/Mar/2026:10:30:09 +0800] "GET /InternetTrading/longpoll/13975?X-Atmosphere-tracking-id=0&X-Atmosphere-Framework=2.2.3-javascript&X-Atmosphere-Transport=long-polling&X-Atmosphere-TrackMessageSize=true&Content-Type=charset%3Dutf-8&X-atmo-protocol=true&_=1773282953010 HTTP/1.1" 200 -
14.0.170.57 - - [12/Mar/2026:10:30:13 +0800] "GET /InternetTrading/longpoll/A8127?X-Atmosphere-tracking-id=0&X-Atmosphere-Framework=2.2.3-javascript&X-Atmosphere-Transport=long-polling&X-Atmosphere-TrackMessageSize=true&Content-Type=charset%3Dutf-8&X-atmo-protocol=true&_=1773282952895 HTTP/1.1" 200 -
163.125.177.201 - - [12/Mar/2026:10:30:13 +0800] "GET /InternetTrading/longpoll/53995?X-Atmosphere-tracking-id=0&X-Atmosphere-Framework=2.2.3-javascript&X-Atmosphere-Transport=long-polling&X-Atmosphere-TrackMessageSize=true&Content-Type=charset%3Dutf-8&X-atmo-protocol=true&_=1773282951809 HTTP/1.1" 200 -
219.73.99.100 - - [12/Mar/2026:10:30:14 +0800] "GET /InternetTrading/longpoll/55136?X-Atmosphere-tracking-id=0&X-Atmosphere-Framework=2.2.3-javascript&X-Atmosphere-Transport=long-polling&X-Atmosphere-TrackMessageSize=true&Content-Type=charset%3Dutf-8&X-atmo-protocol=true&_=1773282953628 HTTP/1.1" 200 -
219.73.99.100 - - [12/Mar/2026:10:30:14 +0800] "POST /InternetTrading/SessionErrorLogger HTTP/1.1" 200 117
219.73.99.100 - - [12/Mar/2026:10:30:15 +0800] "POST /InternetTrading/Heartbeat HTTP/1.1" 200 32
219.73.99.100 - - [12/Mar/2026:10:30:15 +0800] "POST /InternetTrading/SessionErrorLogger HTTP/1.1" 200 117
219.73.99.100 - - [12/Mar/2026:10:30:15 +0800] "POST /InternetTrading/MarketStatus HTTP/1.1" 200 772
182.239.85.5 - - [12/Mar/2026:10:30:15 +0800] "GET /InternetTrading/longpoll/10302?X-Atmosphere-tracking-id=0&X-Atmosphere-Framework=2.2.3-javascript&X-Atmosphere-Transport=long-polling&X-Atmosphere-TrackMessageSize=true&Content-Type=charset%3Dutf-8&X-atmo-protocol=true&_=1773282954347 HTTP/1.1" 200 -
