14.0.170.57 - - [12/Mar/2026:10:32:47 +0800] "GET /InternetTrading/longpoll/A8127?X-Atmosphere-tracking-id=0&X-Atmosphere-Framework=2.2.3-javascript&X-Atmosphere-Transport=long-polling&X-Atmosphere-TrackMessageSize=true&Content-Type=charset%3Dutf-8&X-atmo-protocol=true&_=1773283107064 HTTP/1.1" 200 -
64.62.156.124 - - [12/Mar/2026:10:32:49 +0800] "GET /favicon.ico HTTP/1.1" 404 196
163.125.177.201 - - [12/Mar/2026:10:32:49 +0800] "GET /InternetTrading/longpoll/53995?X-Atmosphere-tracking-id=0&X-Atmosphere-Framework=2.2.3-javascript&X-Atmosphere-Transport=long-polling&X-Atmosphere-TrackMessageSize=true&Content-Type=charset%3Dutf-8&X-atmo-protocol=true&_=1773283107806 HTTP/1.1" 200 -
219.73.99.100 - - [12/Mar/2026:10:32:50 +0800] "GET /InternetTrading/longpoll/55136?X-Atmosphere-tracking-id=0&X-Atmosphere-Framework=2.2.3-javascript&X-Atmosphere-Transport=long-polling&X-Atmosphere-TrackMessageSize=true&Content-Type=charset%3Dutf-8&X-atmo-protocol=true&_=1773283109626 HTTP/1.1" 200 -
120.230.125.143 - - [12/Mar/2026:10:32:51 +0800] "GET /InternetTrading/longpoll/13975?X-Atmosphere-tracking-id=0&X-Atmosphere-Framework=2.2.3-javascript&X-Atmosphere-Transport=long-polling&X-Atmosphere-TrackMessageSize=true&Content-Type=charset%3Dutf-8&X-atmo-protocol=true&_=1773283115013 HTTP/1.1" 200 -
14.0.170.57 - - [12/Mar/2026:10:32:52 +0800] "GET /InternetTrading/longpoll/A8127?X-Atmosphere-tracking-id=0&X-Atmosphere-Framework=2.2.3-javascript&X-Atmosphere-Transport=long-polling&X-Atmosphere-TrackMessageSize=true&Content-Type=charset%3Dutf-8&X-atmo-protocol=true&_=1773283112251 HTTP/1.1" 200 -
163.125.177.201 - - [12/Mar/2026:10:32:55 +0800] "GET /InternetTrading/longpoll/53995?X-Atmosphere-tracking-id=0&X-Atmosphere-Framework=2.2.3-javascript&X-Atmosphere-Transport=long-polling&X-Atmosphere-TrackMessageSize=true&Content-Type=charset%3Dutf-8&X-atmo-protocol=true&_=1773283113802 HTTP/1.1" 200 -
219.73.99.100 - - [12/Mar/2026:10:32:55 +0800] "GET /InternetTrading/longpoll/55136?X-Atmosphere-tracking-id=0&X-Atmosphere-Framework=2.2.3-javascript&X-Atmosphere-Transport=long-polling&X-Atmosphere-TrackMessageSize=true&Content-Type=charset%3Dutf-8&X-atmo-protocol=true&_=1773283114650 HTTP/1.1" 200 -
14.0.170.57 - - [12/Mar/2026:10:32:55 +0800] "POST /InternetTrading/SessionErrorLogger HTTP/1.1" 200 117
14.0.170.57 - - [12/Mar/2026:10:32:55 +0800] "POST /InternetTrading/MarketStatus HTTP/1.1" 200 772
14.0.170.57 - - [12/Mar/2026:10:32:57 +0800] "GET /InternetTrading/longpoll/A8127?X-Atmosphere-tracking-id=0&X-Atmosphere-Framework=2.2.3-javascript&X-Atmosphere-Transport=long-polling&X-Atmosphere-TrackMessageSize=true&Content-Type=charset%3Dutf-8&X-atmo-protocol=true&_=1773283117467 HTTP/1.1" 200 -
120.230.125.143 - - [12/Mar/2026:10:32:57 +0800] "GET /InternetTrading/longpoll/13975?X-Atmosphere-tracking-id=0&X-Atmosphere-Framework=2.2.3-javascript&X-Atmosphere-Transport=long-polling&X-Atmosphere-TrackMessageSize=true&Content-Type=charset%3Dutf-8&X-atmo-protocol=true&_=1773283121014 HTTP/1.1" 200 -
14.0.170.57 - - [12/Mar/2026:10:32:59 +0800] "POST /InternetTrading/SessionErrorLogger HTTP/1.1" 200 117
14.0.170.57 - - [12/Mar/2026:10:32:59 +0800] "POST /InternetTrading/Heartbeat HTTP/1.1" 200 32
219.73.99.100 - - [12/Mar/2026:10:33:00 +0800] "GET /InternetTrading/longpoll/55136?X-Atmosphere-tracking-id=0&X-Atmosphere-Framework=2.2.3-javascript&X-Atmosphere-Transport=long-polling&X-Atmosphere-TrackMessageSize=true&Content-Type=charset%3Dutf-8&X-atmo-protocol=true&_=1773283119695 HTTP/1.1" 200 -
163.125.177.201 - - [12/Mar/2026:10:33:01 +0800] "GET /InternetTrading/longpoll/53995?X-Atmosphere-tracking-id=0&X-Atmosphere-Framework=2.2.3-javascript&X-Atmosphere-Transport=long-polling&X-Atmosphere-TrackMessageSize=true&Content-Type=charset%3Dutf-8&X-atmo-protocol=true&_=1773283119809 HTTP/1.1" 200 -
182.239.85.5 - - [12/Mar/2026:10:33:01 +0800] "POST /InternetTrading/SessionErrorLogger HTTP/1.1" 200 117
182.239.85.5 - - [12/Mar/2026:10:33:01 +0800] "GET /InternetTrading/longpoll/10302?X-Atmosphere-tracking-id=0&X-Atmosphere-Framework=2.2.3-javascript&X-Atmosphere-Transport=long-polling&X-Atmosphere-TrackMessageSize=true&Content-Type=charset%3Dutf-8&X-atmo-protocol=true&_=1773283120700 HTTP/1.1" 200 -
182.239.85.5 - - [12/Mar/2026:10:33:01 +0800] "POST /InternetTrading/MarketStatus HTTP/1.1" 200 772
182.239.85.5 - - [12/Mar/2026:10:33:01 +0800] "POST /InternetTrading/SessionErrorLogger HTTP/1.1" 200 117
182.239.85.5 - - [12/Mar/2026:10:33:02 +0800] "POST /InternetTrading/Heartbeat HTTP/1.1" 200 32
14.0.170.57 - - [12/Mar/2026:10:33:02 +0800] "GET /InternetTrading/longpoll/A8127?X-Atmosphere-tracking-id=0&X-Atmosphere-Framework=2.2.3-javascript&X-Atmosphere-Transport=long-polling&X-Atmosphere-TrackMessageSize=true&Content-Type=charset%3Dutf-8&X-atmo-protocol=true&_=1773283122523 HTTP/1.1" 200 -
120.230.125.143 - - [12/Mar/2026:10:33:03 +0800] "GET /InternetTrading/longpoll/13975?X-Atmosphere-tracking-id=0&X-Atmosphere-Framework=2.2.3-javascript&X-Atmosphere-Transport=long-polling&X-Atmosphere-TrackMessageSize=true&Content-Type=charset%3Dutf-8&X-atmo-protocol=true&_=1773283127014 HTTP/1.1" 200 -
219.73.99.100 - - [12/Mar/2026:10:33:05 +0800] "GET /InternetTrading/longpoll/55136?X-Atmosphere-tracking-id=0&X-Atmosphere-Framework=2.2.3-javascript&X-Atmosphere-Transport=long-polling&X-Atmosphere-TrackMessageSize=true&Content-Type=charset%3Dutf-8&X-atmo-protocol=true&_=1773283124713 HTTP/1.1" 200 -
163.125.177.201 - - [12/Mar/2026:10:33:07 +0800] "GET /InternetTrading/longpoll/53995?X-Atmosphere-tracking-id=0&X-Atmosphere-Framework=2.2.3-javascript&X-Atmosphere-Transport=long-polling&X-Atmosphere-TrackMessageSize=true&Content-Type=charset%3Dutf-8&X-atmo-protocol=true&_=1773283125801 HTTP/1.1" 200 -
120.230.125.143 - - [12/Mar/2026:10:33:07 +0800] "POST /InternetTrading/SessionErrorLogger HTTP/1.1" 200 117
120.230.125.143 - - [12/Mar/2026:10:33:07 +0800] "POST /InternetTrading/MarketStatus HTTP/1.1" 200 772
120.230.125.143 - - [12/Mar/2026:10:33:07 +0800] "POST /InternetTrading/SessionErrorLogger HTTP/1.1" 200 117
14.0.170.57 - - [12/Mar/2026:10:33:07 +0800] "GET /InternetTrading/longpoll/A8127?X-Atmosphere-tracking-id=0&X-Atmosphere-Framework=2.2.3-javascript&X-Atmosphere-Transport=long-polling&X-Atmosphere-TrackMessageSize=true&Content-Type=charset%3Dutf-8&X-atmo-protocol=true&_=1773283127634 HTTP/1.1" 200 -
120.230.125.143 - - [12/Mar/2026:10:33:07 +0800] "POST /InternetTrading/Heartbeat HTTP/1.1" 200 32
120.230.125.143 - - [12/Mar/2026:10:33:09 +0800] "GET /InternetTrading/longpoll/13975?X-Atmosphere-tracking-id=0&X-Atmosphere-Framework=2.2.3-javascript&X-Atmosphere-Transport=long-polling&X-Atmosphere-TrackMessageSize=true&Content-Type=charset%3Dutf-8&X-atmo-protocol=true&_=1773283133016 HTTP/1.1" 200 -
219.73.99.100 - - [12/Mar/2026:10:33:10 +0800] "GET /InternetTrading/longpoll/55136?X-Atmosphere-tracking-id=0&X-Atmosphere-Framework=2.2.3-javascript&X-Atmosphere-Transport=long-polling&X-Atmosphere-TrackMessageSize=true&Content-Type=charset%3Dutf-8&X-atmo-protocol=true&_=1773283129752 HTTP/1.1" 200 -
182.239.85.5 - - [12/Mar/2026:10:33:12 +0800] "GET /InternetTrading/longpoll/10302?X-Atmosphere-tracking-id=0&X-Atmosphere-Framework=2.2.3-javascript&X-Atmosphere-Transport=long-polling&X-Atmosphere-TrackMessageSize=true&Content-Type=charset%3Dutf-8&X-atmo-protocol=true&_=1773283131032 HTTP/1.1" 200 -
14.0.170.57 - - [12/Mar/2026:10:33:13 +0800] "GET /InternetTrading/longpoll/A8127?X-Atmosphere-tracking-id=0&X-Atmosphere-Framework=2.2.3-javascript&X-Atmosphere-Transport=long-polling&X-Atmosphere-TrackMessageSize=true&Content-Type=charset%3Dutf-8&X-atmo-protocol=true&_=1773283132759 HTTP/1.1" 200 -
163.125.177.201 - - [12/Mar/2026:10:33:13 +0800] "GET /InternetTrading/longpoll/53995?X-Atmosphere-tracking-id=0&X-Atmosphere-Framework=2.2.3-javascript&X-Atmosphere-Transport=long-polling&X-Atmosphere-TrackMessageSize=true&Content-Type=charset%3Dutf-8&X-atmo-protocol=true&_=1773283131808 HTTP/1.1" 200 -
219.73.99.100 - - [12/Mar/2026:10:33:15 +0800] "POST /InternetTrading/SessionErrorLogger HTTP/1.1" 200 117
219.73.99.100 - - [12/Mar/2026:10:33:15 +0800] "POST /InternetTrading/Heartbeat HTTP/1.1" 200 32
219.73.99.100 - - [12/Mar/2026:10:33:15 +0800] "POST /InternetTrading/SessionErrorLogger HTTP/1.1" 200 117
219.73.99.100 - - [12/Mar/2026:10:33:15 +0800] "POST /InternetTrading/MarketStatus HTTP/1.1" 200 772
219.73.99.100 - - [12/Mar/2026:10:33:15 +0800] "GET /InternetTrading/longpoll/55136?X-Atmosphere-tracking-id=0&X-Atmosphere-Framework=2.2.3-javascript&X-Atmosphere-Transport=long-polling&X-Atmosphere-TrackMessageSize=true&Content-Type=charset%3Dutf-8&X-atmo-protocol=true&_=1773283134781 HTTP/1.1" 200 -
120.230.125.143 - - [12/Mar/2026:10:33:15 +0800] "GET /InternetTrading/longpoll/13975?X-Atmosphere-tracking-id=0&X-Atmosphere-Framework=2.2.3-javascript&X-Atmosphere-Transport=long-polling&X-Atmosphere-TrackMessageSize=true&Content-Type=charset%3Dutf-8&X-atmo-protocol=true&_=1773283139016 HTTP/1.1" 200 -
182.239.85.5 - - [12/Mar/2026:10:33:17 +0800] "GET /InternetTrading/longpoll/10302?X-Atmosphere-tracking-id=0&X-Atmosphere-Framework=2.2.3-javascript&X-Atmosphere-Transport=long-polling&X-Atmosphere-TrackMessageSize=true&Content-Type=charset%3Dutf-8&X-atmo-protocol=true&_=1773283136190 HTTP/1.1" 200 -
14.0.170.57 - - [12/Mar/2026:10:33:18 +0800] "GET /InternetTrading/longpoll/A8127?X-Atmosphere-tracking-id=0&X-Atmosphere-Framework=2.2.3-javascript&X-Atmosphere-Transport=long-polling&X-Atmosphere-TrackMessageSize=true&Content-Type=charset%3Dutf-8&X-atmo-protocol=true&_=1773283137870 HTTP/1.1" 200 -
182.239.85.5 - - [12/Mar/2026:10:33:18 +0800] "GET /InternetTrading/tc/images/refresh.gif HTTP/1.1" 200 1145
182.239.85.5 - - [12/Mar/2026:10:33:19 +0800] "POST /InternetTrading/SessionErrorLogger HTTP/1.1" 200 117
182.239.85.5 - - [12/Mar/2026:10:33:19 +0800] "GET /InternetTrading/jquery/wait.gif HTTP/1.1" 200 432
182.239.85.5 - - [12/Mar/2026:10:33:19 +0800] "POST /InternetTrading/Orderbook HTTP/1.1" 200 1164
163.125.177.201 - - [12/Mar/2026:10:33:19 +0800] "GET /InternetTrading/longpoll/53995?X-Atmosphere-tracking-id=0&X-Atmosphere-Framework=2.2.3-javascript&X-Atmosphere-Transport=long-polling&X-Atmosphere-TrackMessageSize=true&Content-Type=charset%3Dutf-8&X-atmo-protocol=true&_=1773283137795 HTTP/1.1" 200 -
219.73.99.100 - - [12/Mar/2026:10:33:20 +0800] "GET /InternetTrading/longpoll/55136?X-Atmosphere-tracking-id=0&X-Atmosphere-Framework=2.2.3-javascript&X-Atmosphere-Transport=long-polling&X-Atmosphere-TrackMessageSize=true&Content-Type=charset%3Dutf-8&X-atmo-protocol=true&_=1773283139806 HTTP/1.1" 200 -
120.230.125.143 - - [12/Mar/2026:10:33:21 +0800] "GET /InternetTrading/longpoll/13975?X-Atmosphere-tracking-id=0&X-Atmosphere-Framework=2.2.3-javascript&X-Atmosphere-Transport=long-polling&X-Atmosphere-TrackMessageSize=true&Content-Type=charset%3Dutf-8&X-atmo-protocol=true&_=1773283145016 HTTP/1.1" 200 -
182.239.85.5 - - [12/Mar/2026:10:33:22 +0800] "GET /InternetTrading/longpoll/10302?X-Atmosphere-tracking-id=0&X-Atmosphere-Framework=2.2.3-javascript&X-Atmosphere-Transport=long-polling&X-Atmosphere-TrackMessageSize=true&Content-Type=charset%3Dutf-8&X-atmo-protocol=true&_=1773283141347 HTTP/1.1" 200 -
14.0.170.57 - - [12/Mar/2026:10:33:23 +0800] "GET /InternetTrading/longpoll/A8127?X-Atmosphere-tracking-id=0&X-Atmosphere-Framework=2.2.3-javascript&X-Atmosphere-Transport=long-polling&X-Atmosphere-TrackMessageSize=true&Content-Type=charset%3Dutf-8&X-atmo-protocol=true&_=1773283142977 HTTP/1.1" 200 -
163.125.177.201 - - [12/Mar/2026:10:33:25 +0800] "POST /InternetTrading/SessionErrorLogger HTTP/1.1" 200 117
163.125.177.201 - - [12/Mar/2026:10:33:25 +0800] "POST /InternetTrading/MarketStatus HTTP/1.1" 200 772
163.125.177.201 - - [12/Mar/2026:10:33:25 +0800] "POST /InternetTrading/SessionErrorLogger HTTP/1.1" 200 117
163.125.177.201 - - [12/Mar/2026:10:33:25 +0800] "POST /InternetTrading/Heartbeat HTTP/1.1" 200 32
163.125.177.201 - - [12/Mar/2026:10:33:25 +0800] "GET /InternetTrading/longpoll/53995?X-Atmosphere-tracking-id=0&X-Atmosphere-Framework=2.2.3-javascript&X-Atmosphere-Transport=long-polling&X-Atmosphere-TrackMessageSize=true&Content-Type=charset%3Dutf-8&X-atmo-protocol=true&_=1773283144436 HTTP/1.1" 200 -
219.73.99.100 - - [12/Mar/2026:10:33:25 +0800] "GET /InternetTrading/longpoll/55136?X-Atmosphere-tracking-id=0&X-Atmosphere-Framework=2.2.3-javascript&X-Atmosphere-Transport=long-polling&X-Atmosphere-TrackMessageSize=true&Content-Type=charset%3Dutf-8&X-atmo-protocol=true&_=1773283144834 HTTP/1.1" 200 -
14.0.170.57 - - [12/Mar/2026:10:33:25 +0800] "POST /InternetTrading/SessionErrorLogger HTTP/1.1" 200 117
14.0.170.57 - - [12/Mar/2026:10:33:26 +0800] "POST /InternetTrading/MarketStatus HTTP/1.1" 200 772
120.230.125.143 - - [12/Mar/2026:10:33:27 +0800] "GET /InternetTrading/longpoll/13975?X-Atmosphere-tracking-id=0&X-Atmosphere-Framework=2.2.3-javascript&X-Atmosphere-Transport=long-polling&X-Atmosphere-TrackMessageSize=true&Content-Type=charset%3Dutf-8&X-atmo-protocol=true&_=1773283151016 HTTP/1.1" 200 -
14.0.170.57 - - [12/Mar/2026:10:33:28 +0800] "GET /InternetTrading/longpoll/A8127?X-Atmosphere-tracking-id=0&X-Atmosphere-Framework=2.2.3-javascript&X-Atmosphere-Transport=long-polling&X-Atmosphere-TrackMessageSize=true&Content-Type=charset%3Dutf-8&X-atmo-protocol=true&_=1773283148297 HTTP/1.1" 200 -
14.0.170.57 - - [12/Mar/2026:10:33:29 +0800] "POST /InternetTrading/SessionErrorLogger HTTP/1.1" 200 117
14.0.170.57 - - [12/Mar/2026:10:33:29 +0800] "POST /InternetTrading/Heartbeat HTTP/1.1" 200 32
219.73.99.100 - - [12/Mar/2026:10:33:30 +0800] "GET /InternetTrading/longpoll/55136?X-Atmosphere-tracking-id=0&X-Atmosphere-Framework=2.2.3-javascript&X-Atmosphere-Transport=long-polling&X-Atmosphere-TrackMessageSize=true&Content-Type=charset%3Dutf-8&X-atmo-protocol=true&_=1773283149870 HTTP/1.1" 200 -
163.125.177.201 - - [12/Mar/2026:10:33:31 +0800] "GET /InternetTrading/longpoll/53995?X-Atmosphere-tracking-id=0&X-Atmosphere-Framework=2.2.3-javascript&X-Atmosphere-Transport=long-polling&X-Atmosphere-TrackMessageSize=true&Content-Type=charset%3Dutf-8&X-atmo-protocol=true&_=1773283149802 HTTP/1.1" 200 -
182.239.85.5 - - [12/Mar/2026:10:33:32 +0800] "POST /InternetTrading/SessionErrorLogger HTTP/1.1" 200 117
182.239.85.5 - - [12/Mar/2026:10:33:32 +0800] "POST /InternetTrading/MarketStatus HTTP/1.1" 200 772
182.239.85.5 - - [12/Mar/2026:10:33:32 +0800] "POST /InternetTrading/SessionErrorLogger HTTP/1.1" 200 117
182.239.85.5 - - [12/Mar/2026:10:33:32 +0800] "POST /InternetTrading/Heartbeat HTTP/1.1" 200 32
182.239.85.5 - - [12/Mar/2026:10:33:32 +0800] "GET /InternetTrading/longpoll/10302?X-Atmosphere-tracking-id=0&X-Atmosphere-Framework=2.2.3-javascript&X-Atmosphere-Transport=long-polling&X-Atmosphere-TrackMessageSize=true&Content-Type=charset%3Dutf-8&X-atmo-protocol=true&_=1773283151580 HTTP/1.1" 200 -
14.0.170.57 - - [12/Mar/2026:10:33:33 +0800] "GET /InternetTrading/longpoll/A8127?X-Atmosphere-tracking-id=0&X-Atmosphere-Framework=2.2.3-javascript&X-Atmosphere-Transport=long-polling&X-Atmosphere-TrackMessageSize=true&Content-Type=charset%3Dutf-8&X-atmo-protocol=true&_=1773283153348 HTTP/1.1" 200 -
120.230.125.143 - - [12/Mar/2026:10:33:33 +0800] "GET /InternetTrading/longpoll/13975?X-Atmosphere-tracking-id=0&X-Atmosphere-Framework=2.2.3-javascript&X-Atmosphere-Transport=long-polling&X-Atmosphere-TrackMessageSize=true&Content-Type=charset%3Dutf-8&X-atmo-protocol=true&_=1773283157015 HTTP/1.1" 200 -
219.73.99.100 - - [12/Mar/2026:10:33:36 +0800] "GET /InternetTrading/longpoll/55136?X-Atmosphere-tracking-id=0&X-Atmosphere-Framework=2.2.3-javascript&X-Atmosphere-Transport=long-polling&X-Atmosphere-TrackMessageSize=true&Content-Type=charset%3Dutf-8&X-atmo-protocol=true&_=1773283154914 HTTP/1.1" 200 -
119.136.154.51 - - [12/Mar/2026:10:33:36 +0800] "POST /InternetTrading/CheckIsEnableRSA HTTP/1.1" 200 1
119.136.154.51 - - [12/Mar/2026:10:33:36 +0800] "POST /InternetTrading/CheckPwEncryptType HTTP/1.1" 200 -
119.136.154.51 - - [12/Mar/2026:10:33:36 +0800] "POST /InternetTrading/LoginKey HTTP/1.1" 200 -
119.136.154.51 - - [12/Mar/2026:10:33:36 +0800] "GET /InternetTrading/jquery/wait.gif HTTP/1.1" 200 432
163.125.177.201 - - [12/Mar/2026:10:33:37 +0800] "GET /InternetTrading/longpoll/53995?X-Atmosphere-tracking-id=0&X-Atmosphere-Framework=2.2.3-javascript&X-Atmosphere-Transport=long-polling&X-Atmosphere-TrackMessageSize=true&Content-Type=charset%3Dutf-8&X-atmo-protocol=true&_=1773283155810 HTTP/1.1" 200 -
119.136.154.51 - - [12/Mar/2026:10:33:36 +0800] "POST /InternetTrading/Login HTTP/1.1" 200 452
119.136.154.51 - - [12/Mar/2026:10:33:37 +0800] "GET /InternetTrading/tc/2FA_authentication.html?language=tc&version=HTML HTTP/1.1" 200 1468
119.136.154.51 - - [12/Mar/2026:10:33:37 +0800] "GET /InternetTrading/tc/style_common.css?v=20200819161914 HTTP/1.1" 200 2540
119.136.154.51 - - [12/Mar/2026:10:33:37 +0800] "GET /InternetTrading/tc/style.css?v=20200819161914 HTTP/1.1" 200 1435
119.136.154.51 - - [12/Mar/2026:10:33:37 +0800] "GET /InternetTrading/jquery/jquery-migrate-3.0.0.js HTTP/1.1" 200 4963
119.136.154.51 - - [12/Mar/2026:10:33:37 +0800] "GET /InternetTrading/jquery/jquery-3.3.1.js HTTP/1.1" 200 80650
119.136.154.51 - - [12/Mar/2026:10:33:38 +0800] "GET /InternetTrading/jquery/jquery.form-3.46.0.js HTTP/1.1" 200 5673
119.136.154.51 - - [12/Mar/2026:10:33:38 +0800] "GET /InternetTrading/jquery/jquery.validate-1.11.1.js HTTP/1.1" 200 7041
119.136.154.51 - - [12/Mar/2026:10:33:37 +0800] "GET /InternetTrading/jquery/jquery-ui-1.10.3.js HTTP/1.1" 200 69642
119.136.154.51 - - [12/Mar/2026:10:33:38 +0800] "GET /InternetTrading/jquery/additional-methods.js HTTP/1.1" 200 2238
119.136.154.51 - - [12/Mar/2026:10:33:38 +0800] "GET /InternetTrading/jquery/jquery.blockUI-2.66.0-iAsiaEdition.js HTTP/1.1" 200 6651
119.136.154.51 - - [12/Mar/2026:10:33:38 +0800] "GET /InternetTrading/jquery/jquery.timer-0.9.16.js HTTP/1.1" 200 542
119.136.154.51 - - [12/Mar/2026:10:33:38 +0800] "GET /InternetTrading/jquery/jquery.getParams.js HTTP/1.1" 200 587
119.136.154.51 - - [12/Mar/2026:10:33:38 +0800] "GET /InternetTrading/tc/user/translation.js?jsv=20200819161914 HTTP/1.1" 200 12818
119.136.154.51 - - [12/Mar/2026:10:33:38 +0800] "GET /InternetTrading/js/constants.js?jsv=20200819161914 HTTP/1.1" 200 400
119.136.154.51 - - [12/Mar/2026:10:33:38 +0800] "GET /InternetTrading/js/haitong.js?jsv=20200819161914 HTTP/1.1" 200 3881
119.136.154.51 - - [12/Mar/2026:10:33:38 +0800] "GET /InternetTrading/js/util.js?jsv=20200819161914 HTTP/1.1" 200 6636
119.136.154.51 - - [12/Mar/2026:10:33:38 +0800] "GET /InternetTrading/js/init.js?jsv=20200819161914 HTTP/1.1" 200 886
119.136.154.51 - - [12/Mar/2026:10:33:38 +0800] "GET /InternetTrading/tc/user/custom_variables.js?jsv=20200819161914 HTTP/1.1" 200 275
119.136.154.51 - - [12/Mar/2026:10:33:38 +0800] "GET /InternetTrading/settings/webpage_settings.js?jsv=20200819161914 HTTP/1.1" 200 33
119.136.154.51 - - [12/Mar/2026:10:33:38 +0800] "GET /InternetTrading/js/login.js?jsv=20200819161914 HTTP/1.1" 200 1684
119.136.154.51 - - [12/Mar/2026:10:33:38 +0800] "GET /InternetTrading/js/2fa.js?jsv=20200819161914 HTTP/1.1" 200 1953
119.136.154.51 - - [12/Mar/2026:10:33:38 +0800] "GET /InternetTrading/tc/images/logo.png HTTP/1.1" 200 7042
119.136.154.51 - - [12/Mar/2026:10:33:38 +0800] "GET /InternetTrading/js/login.js?jsv=20200819161914 HTTP/1.1" 200 1684
119.136.154.51 - - [12/Mar/2026:10:33:38 +0800] "GET /InternetTrading/jquery/wait.gif HTTP/1.1" 200 432
119.136.154.51 - - [12/Mar/2026:10:33:38 +0800] "GET /InternetTrading/tc/dialog.html?1773283157553 HTTP/1.1" 200 3188
119.136.154.51 - - [12/Mar/2026:10:33:38 +0800] "POST /InternetTrading/Get2FAInfoService HTTP/1.1" 200 109
119.136.154.51 - - [12/Mar/2026:10:33:38 +0800] "POST /InternetTrading/SystemMaintenanceCheck HTTP/1.1" 200 119
119.136.154.51 - - [12/Mar/2026:10:33:38 +0800] "POST /InternetTrading/SystemMaintenanceCheck HTTP/1.1" 200 119
14.0.170.57 - - [12/Mar/2026:10:33:38 +0800] "GET /InternetTrading/longpoll/A8127?X-Atmosphere-tracking-id=0&X-Atmosphere-Framework=2.2.3-javascript&X-Atmosphere-Transport=long-polling&X-Atmosphere-TrackMessageSize=true&Content-Type=charset%3Dutf-8&X-atmo-protocol=true&_=1773283158415 HTTP/1.1" 200 -
182.239.85.5 - - [12/Mar/2026:10:33:38 +0800] "POST /InternetTrading/SessionErrorLogger HTTP/1.1" 200 117
182.239.85.5 - - [12/Mar/2026:10:33:38 +0800] "GET /InternetTrading/jquery/wait.gif HTTP/1.1" 200 432
182.239.85.5 - - [12/Mar/2026:10:33:38 +0800] "POST /InternetTrading/Orderbook HTTP/1.1" 200 94
120.230.125.143 - - [12/Mar/2026:10:33:39 +0800] "GET /InternetTrading/longpoll/13975?X-Atmosphere-tracking-id=0&X-Atmosphere-Framework=2.2.3-javascript&X-Atmosphere-Transport=long-polling&X-Atmosphere-TrackMessageSize=true&Content-Type=charset%3Dutf-8&X-atmo-protocol=true&_=1773283163015 HTTP/1.1" 200 -
219.73.99.100 - - [12/Mar/2026:10:33:41 +0800] "GET /InternetTrading/longpoll/55136?X-Atmosphere-tracking-id=0&X-Atmosphere-Framework=2.2.3-javascript&X-Atmosphere-Transport=long-polling&X-Atmosphere-TrackMessageSize=true&Content-Type=charset%3Dutf-8&X-atmo-protocol=true&_=1773283159962 HTTP/1.1" 200 -
182.239.85.5 - - [12/Mar/2026:10:33:41 +0800] "GET /InternetTrading/jquery/wait.gif HTTP/1.1" 200 432
182.239.85.5 - - [12/Mar/2026:10:33:41 +0800] "POST /InternetTrading/SessionErrorLogger HTTP/1.1" 200 117
182.239.85.5 - - [12/Mar/2026:10:33:41 +0800] "POST /InternetTrading/Orderbook HTTP/1.1" 200 1164
182.239.85.5 - - [12/Mar/2026:10:33:42 +0800] "GET /InternetTrading/longpoll/10302?X-Atmosphere-tracking-id=0&X-Atmosphere-Framework=2.2.3-javascript&X-Atmosphere-Transport=long-polling&X-Atmosphere-TrackMessageSize=true&Content-Type=charset%3Dutf-8&X-atmo-protocol=true&_=1773283161743 HTTP/1.1" 200 -
163.125.177.201 - - [12/Mar/2026:10:33:43 +0800] "GET /InternetTrading/longpoll/53995?X-Atmosphere-tracking-id=0&X-Atmosphere-Framework=2.2.3-javascript&X-Atmosphere-Transport=long-polling&X-Atmosphere-TrackMessageSize=true&Content-Type=charset%3Dutf-8&X-atmo-protocol=true&_=1773283161799 HTTP/1.1" 200 -
14.0.170.57 - - [12/Mar/2026:10:33:43 +0800] "GET /InternetTrading/longpoll/A8127?X-Atmosphere-tracking-id=0&X-Atmosphere-Framework=2.2.3-javascript&X-Atmosphere-Transport=long-polling&X-Atmosphere-TrackMessageSize=true&Content-Type=charset%3Dutf-8&X-atmo-protocol=true&_=1773283163592 HTTP/1.1" 200 -
219.73.99.100 - - [12/Mar/2026:10:33:45 +0800] "POST /InternetTrading/SessionErrorLogger HTTP/1.1" 200 117
219.73.99.100 - - [12/Mar/2026:10:33:45 +0800] "POST /InternetTrading/Heartbeat HTTP/1.1" 200 32
219.73.99.100 - - [12/Mar/2026:10:33:45 +0800] "POST /InternetTrading/SessionErrorLogger HTTP/1.1" 200 117
219.73.99.100 - - [12/Mar/2026:10:33:45 +0800] "POST /InternetTrading/MarketStatus HTTP/1.1" 200 772
14.0.170.57 - - [12/Mar/2026:10:33:45 +0800] "GET /InternetTrading/tc/images/refresh.gif HTTP/1.1" 200 1145
14.0.170.57 - - [12/Mar/2026:10:33:45 +0800] "POST /InternetTrading/SessionErrorLogger HTTP/1.1" 200 117
14.0.170.57 - - [12/Mar/2026:10:33:45 +0800] "POST /InternetTrading/Orderbook HTTP/1.1" 200 1644
120.230.125.143 - - [12/Mar/2026:10:33:45 +0800] "GET /InternetTrading/longpoll/13975?X-Atmosphere-tracking-id=0&X-Atmosphere-Framework=2.2.3-javascript&X-Atmosphere-Transport=long-polling&X-Atmosphere-TrackMessageSize=true&Content-Type=charset%3Dutf-8&X-atmo-protocol=true&_=1773283169016 HTTP/1.1" 200 -
14.0.170.57 - - [12/Mar/2026:10:33:45 +0800] "GET /InternetTrading/jquery/wait.gif HTTP/1.1" 200 432
14.0.170.57 - - [12/Mar/2026:10:33:45 +0800] "GET /InternetTrading/tc/images/refresh.gif HTTP/1.1" 200 1145
219.73.99.100 - - [12/Mar/2026:10:33:46 +0800] "GET /InternetTrading/longpoll/55136?X-Atmosphere-tracking-id=0&X-Atmosphere-Framework=2.2.3-javascript&X-Atmosphere-Transport=long-polling&X-Atmosphere-TrackMessageSize=true&Content-Type=charset%3Dutf-8&X-atmo-protocol=true&_=1773283165007 HTTP/1.1" 200 -
14.0.170.57 - - [12/Mar/2026:10:33:49 +0800] "GET /InternetTrading/longpoll/A8127?X-Atmosphere-tracking-id=0&X-Atmosphere-Framework=2.2.3-javascript&X-Atmosphere-Transport=long-polling&X-Atmosphere-TrackMessageSize=true&Content-Type=charset%3Dutf-8&X-atmo-protocol=true&_=1773283168784 HTTP/1.1" 200 -
163.125.177.201 - - [12/Mar/2026:10:33:49 +0800] "GET /InternetTrading/longpoll/53995?X-Atmosphere-tracking-id=0&X-Atmosphere-Framework=2.2.3-javascript&X-Atmosphere-Transport=long-polling&X-Atmosphere-TrackMessageSize=true&Content-Type=charset%3Dutf-8&X-atmo-protocol=true&_=1773283167808 HTTP/1.1" 200 -
219.73.99.100 - - [12/Mar/2026:10:33:51 +0800] "GET /InternetTrading/longpoll/55136?X-Atmosphere-tracking-id=0&X-Atmosphere-Framework=2.2.3-javascript&X-Atmosphere-Transport=long-polling&X-Atmosphere-TrackMessageSize=true&Content-Type=charset%3Dutf-8&X-atmo-protocol=true&_=1773283170025 HTTP/1.1" 200 -
120.230.125.143 - - [12/Mar/2026:10:33:51 +0800] "GET /InternetTrading/longpoll/13975?X-Atmosphere-tracking-id=0&X-Atmosphere-Framework=2.2.3-javascript&X-Atmosphere-Transport=long-polling&X-Atmosphere-TrackMessageSize=true&Content-Type=charset%3Dutf-8&X-atmo-protocol=true&_=1773283175016 HTTP/1.1" 200 -
14.0.170.57 - - [12/Mar/2026:10:33:52 +0800] "GET /InternetTrading/jquery/wait.gif HTTP/1.1" 200 432
14.0.170.57 - - [12/Mar/2026:10:33:52 +0800] "POST /InternetTrading/SessionErrorLogger HTTP/1.1" 200 117
14.0.170.57 - - [12/Mar/2026:10:33:52 +0800] "POST /InternetTrading/OrderDetail HTTP/1.1" 200 1415
14.0.170.57 - - [12/Mar/2026:10:33:52 +0800] "GET /InternetTrading/jquery/images/ui-bg_glass_75_e6e6e6_1x400.png HTTP/1.1" 200 262
14.0.170.57 - - [12/Mar/2026:10:33:52 +0800] "GET /InternetTrading/jquery/images/ui-bg_glass_75_dadada_1x400.png HTTP/1.1" 200 262
182.239.85.5 - - [12/Mar/2026:10:33:53 +0800] "GET /InternetTrading/longpoll/10302?X-Atmosphere-tracking-id=0&X-Atmosphere-Framework=2.2.3-javascript&X-Atmosphere-Transport=long-polling&X-Atmosphere-TrackMessageSize=true&Content-Type=charset%3Dutf-8&X-atmo-protocol=true&_=1773283171922 HTTP/1.1" 200 -
14.0.170.57 - - [12/Mar/2026:10:33:54 +0800] "GET /InternetTrading/longpoll/A8127?X-Atmosphere-tracking-id=0&X-Atmosphere-Framework=2.2.3-javascript&X-Atmosphere-Transport=long-polling&X-Atmosphere-TrackMessageSize=true&Content-Type=charset%3Dutf-8&X-atmo-protocol=true&_=1773283173857 HTTP/1.1" 200 -
163.125.177.201 - - [12/Mar/2026:10:33:55 +0800] "GET /InternetTrading/longpoll/53995?X-Atmosphere-tracking-id=0&X-Atmosphere-Framework=2.2.3-javascript&X-Atmosphere-Transport=long-polling&X-Atmosphere-TrackMessageSize=true&Content-Type=charset%3Dutf-8&X-atmo-protocol=true&_=1773283173801 HTTP/1.1" 200 -
14.0.170.57 - - [12/Mar/2026:10:33:56 +0800] "POST /InternetTrading/SessionErrorLogger HTTP/1.1" 200 117
219.73.99.100 - - [12/Mar/2026:10:33:56 +0800] "GET /InternetTrading/longpoll/55136?X-Atmosphere-tracking-id=0&X-Atmosphere-Framework=2.2.3-javascript&X-Atmosphere-Transport=long-polling&X-Atmosphere-TrackMessageSize=true&Content-Type=charset%3Dutf-8&X-atmo-protocol=true&_=1773283175052 HTTP/1.1" 200 -
14.0.170.57 - - [12/Mar/2026:10:33:56 +0800] "POST /InternetTrading/MarketStatus HTTP/1.1" 200 772
119.136.154.51 - - [12/Mar/2026:10:33:56 +0800] "GET /InternetTrading/jquery/wait.gif HTTP/1.1" 200 432
119.136.154.51 - - [12/Mar/2026:10:33:56 +0800] "POST /InternetTrading/Verify2FAService HTTP/1.1" 200 419
119.136.154.51 - - [12/Mar/2026:10:33:57 +0800] "GET /InternetTrading/tc/main.html?language=tc&version=HTML HTTP/1.1" 200 3578
119.136.154.51 - - [12/Mar/2026:10:33:57 +0800] "GET /InternetTrading/jquery/ui.datepicker.css HTTP/1.1" 200 1145
119.136.154.51 - - [12/Mar/2026:10:33:57 +0800] "GET /InternetTrading/jquery/jquery.tablesorter-theme.blue.css HTTP/1.1" 200 2083
119.136.154.51 - - [12/Mar/2026:10:33:57 +0800] "GET /InternetTrading/jquery/jquery-ui-1.10.3.css HTTP/1.1" 200 5283
119.136.154.51 - - [12/Mar/2026:10:33:57 +0800] "GET /InternetTrading/jquery/dragtable-2.0.9.css HTTP/1.1" 200 316
119.136.154.51 - - [12/Mar/2026:10:33:57 +0800] "GET /InternetTrading/tc/style.css?v=20200819161914 HTTP/1.1" 200 1435
119.136.154.51 - - [12/Mar/2026:10:33:57 +0800] "GET /InternetTrading/tc/style_common.css?v=20200819161914 HTTP/1.1" 200 2540
119.136.154.51 - - [12/Mar/2026:10:33:57 +0800] "GET /InternetTrading/tc/css/jquery.jscrollpane.css HTTP/1.1" 404 690
119.136.154.51 - - [12/Mar/2026:10:33:57 +0800] "GET /InternetTrading/jquery/jquery.ba-postmessage.js HTTP/1.1" 200 2990
119.136.154.51 - - [12/Mar/2026:10:33:57 +0800] "GET /InternetTrading/js/aastock.js HTTP/1.1" 200 553
119.136.154.51 - - [12/Mar/2026:10:33:57 +0800] "GET /InternetTrading/jquery/jquery-1.6.3.min.js HTTP/1.1" 200 32057
119.136.154.51 - - [12/Mar/2026:10:33:57 +0800] "GET /InternetTrading/jquery/jquery-migrate-3.0.0.js HTTP/1.1" 200 4963
119.136.154.51 - - [12/Mar/2026:10:33:57 +0800] "GET /InternetTrading/jquery/jquery-ui-1.10.3.js HTTP/1.1" 200 69642
119.136.154.51 - - [12/Mar/2026:10:33:57 +0800] "GET /InternetTrading/js/cache.js?jsv=20200819161914 HTTP/1.1" 200 940
119.136.154.51 - - [12/Mar/2026:10:33:57 +0800] "GET /InternetTrading/jquery/jquery.blockUI-2.66.0.js HTTP/1.1" 200 6651
119.136.154.51 - - [12/Mar/2026:10:33:57 +0800] "GET /InternetTrading/js/atmosphere.js HTTP/1.1" 200 13461
119.136.154.51 - - [12/Mar/2026:10:33:57 +0800] "GET /InternetTrading/jquery/jquery.form-3.46.0.js HTTP/1.1" 200 5673
119.136.154.51 - - [12/Mar/2026:10:33:57 +0800] "GET /InternetTrading/jquery/jquery-3.3.1.js HTTP/1.1" 200 80650
119.136.154.51 - - [12/Mar/2026:10:33:57 +0800] "GET /InternetTrading/jquery/additional-methods.js HTTP/1.1" 200 2238
119.136.154.51 - - [12/Mar/2026:10:33:57 +0800] "GET /InternetTrading/jquery/jquery.validate-1.11.1.js HTTP/1.1" 200 7041
119.136.154.51 - - [12/Mar/2026:10:33:57 +0800] "GET /InternetTrading/jquery/jquery.mousewheel-3.1.4.js HTTP/1.1" 200 822
119.136.154.51 - - [12/Mar/2026:10:33:57 +0800] "GET /InternetTrading/jquery/jquery.tablesorter-2.14.5.js HTTP/1.1" 200 8901
119.136.154.51 - - [12/Mar/2026:10:33:57 +0800] "GET /InternetTrading/jquery/jquery.combobox.packed.js HTTP/1.1" 200 3387
119.136.154.51 - - [12/Mar/2026:10:33:57 +0800] "GET /InternetTrading/jquery/jquery.tablesorter.widgets-2.14.5.js HTTP/1.1" 200 8611
119.136.154.51 - - [12/Mar/2026:10:33:57 +0800] "GET /InternetTrading/jquery/jquery.timer-0.9.16.js HTTP/1.1" 200 542
119.136.154.51 - - [12/Mar/2026:10:33:57 +0800] "GET /InternetTrading/jquery/jquery.selectboxes.pack.js HTTP/1.1" 200 1640
119.136.154.51 - - [12/Mar/2026:10:33:57 +0800] "GET /InternetTrading/jquery/jquery.getParams.js HTTP/1.1" 200 587
119.136.154.51 - - [12/Mar/2026:10:33:57 +0800] "GET /InternetTrading/jquery/date.js HTTP/1.1" 200 2807
119.136.154.51 - - [12/Mar/2026:10:33:57 +0800] "GET /InternetTrading/jquery/globalize-0.1.0a1.js HTTP/1.1" 200 6984
119.136.154.51 - - [12/Mar/2026:10:33:57 +0800] "GET /InternetTrading/json/json2.js?jsv=20200819161914 HTTP/1.1" 200 1372
119.136.154.51 - - [12/Mar/2026:10:33:57 +0800] "GET /InternetTrading/settings/crm_display_settings.js?jsv=20200819161914 HTTP/1.1" 200 1781
119.136.154.51 - - [12/Mar/2026:10:33:57 +0800] "GET /InternetTrading/tc/user/translation.js?jsv=20200819161914 HTTP/1.1" 200 12818
119.136.154.51 - - [12/Mar/2026:10:33:57 +0800] "GET /InternetTrading/js/constants.js?jsv=20200819161914 HTTP/1.1" 200 400
119.136.154.51 - - [12/Mar/2026:10:33:57 +0800] "GET /InternetTrading/tc/user/custom_variables.js?jsv=20200819161914 HTTP/1.1" 200 275
119.136.154.51 - - [12/Mar/2026:10:33:57 +0800] "GET /InternetTrading/js/haitong.js?jsv=20200819161914 HTTP/1.1" 200 3881
119.136.154.51 - - [12/Mar/2026:10:33:57 +0800] "GET /InternetTrading/js/util.js?jsv=20200819161914 HTTP/1.1" 200 6636
119.136.154.51 - - [12/Mar/2026:10:33:57 +0800] "GET /InternetTrading/js/init.js?jsv=20200819161914 HTTP/1.1" 200 886
119.136.154.51 - - [12/Mar/2026:10:33:57 +0800] "GET /InternetTrading/js/rsautil.js?jsv=20200819161914 HTTP/1.1" 200 1017
119.136.154.51 - - [12/Mar/2026:10:33:57 +0800] "GET /InternetTrading/js/corporate.js?jsv=20200819161914 HTTP/1.1" 200 1575
119.136.154.51 - - [12/Mar/2026:10:33:57 +0800] "GET /InternetTrading/js/update_mdf.js?jsv=20200819161914 HTTP/1.1" 200 856
119.136.154.51 - - [12/Mar/2026:10:33:57 +0800] "GET /InternetTrading/js/validation_hkex.js?jsv=20200819161914 HTTP/1.1" 200 2300
119.136.154.51 - - [12/Mar/2026:10:33:57 +0800] "GET /InternetTrading/js/main.js?jsv=20200819161914 HTTP/1.1" 200 30725
119.136.154.51 - - [12/Mar/2026:10:33:57 +0800] "GET /InternetTrading/js/validation_bshare.js?jsv=20200819161914 HTTP/1.1" 200 1567
119.136.154.51 - - [12/Mar/2026:10:33:57 +0800] "GET /InternetTrading/js/validation_ashare.js?jsv=20200819161914 HTTP/1.1" 200 2482
119.136.154.51 - - [12/Mar/2026:10:33:57 +0800] "GET /InternetTrading/js/validation_global.js?jsv=20200819161914 HTTP/1.1" 200 1564
119.136.154.51 - - [12/Mar/2026:10:33:57 +0800] "GET /InternetTrading/js/account.js?jsv=20200819161914 HTTP/1.1" 200 2656
119.136.154.51 - - [12/Mar/2026:10:33:57 +0800] "GET /InternetTrading/js/ipo.js?jsv=20200819161914 HTTP/1.1" 200 5726
119.136.154.51 - - [12/Mar/2026:10:33:57 +0800] "GET /InternetTrading/js/spread_cache.js?jsv=20200819161914 HTTP/1.1" 200 908
119.136.154.51 - - [12/Mar/2026:10:33:57 +0800] "GET /InternetTrading/js/cash_transfer.js?jsv=20200819161914 HTTP/1.1" 200 2712
119.136.154.51 - - [12/Mar/2026:10:33:57 +0800] "GET /InternetTrading/js/mm.js?jsv=20200819161914 HTTP/1.1" 200 487
119.136.154.51 - - [12/Mar/2026:10:33:57 +0800] "GET /InternetTrading/js/isec_calculator.js?jsv=20200819161914 HTTP/1.1" 200 1364
119.136.154.51 - - [12/Mar/2026:10:33:57 +0800] "GET /InternetTrading/js/payment_instruction.js?jsv=20200819161914 HTTP/1.1" 200 2178
119.136.154.51 - - [12/Mar/2026:10:33:57 +0800] "GET /InternetTrading/js/payment_instruction_IMOS.js?jsv=20200819161914 HTTP/1.1" 200 6874
119.136.154.51 - - [12/Mar/2026:10:33:57 +0800] "GET /InternetTrading/js/eStatement.js?jsv=20200819161914 HTTP/1.1" 200 562
119.136.154.51 - - [12/Mar/2026:10:33:57 +0800] "GET /InternetTrading/ExchangeList?fmt=js&jsv=20200819161914 HTTP/1.1" 200 146
119.136.154.51 - - [12/Mar/2026:10:33:57 +0800] "GET /InternetTrading/js/string_extend.js?jsv=20200819161914 HTTP/1.1" 200 272
119.136.154.51 - - [12/Mar/2026:10:33:57 +0800] "GET /InternetTrading/js/pidcrypt.js?jsv=20200819161914 HTTP/1.1" 200 982
119.136.154.51 - - [12/Mar/2026:10:33:57 +0800] "GET /InternetTrading/js/pidcrypt_util.js?jsv=20200819161914 HTTP/1.1" 200 1206
119.136.154.51 - - [12/Mar/2026:10:33:57 +0800] "GET /InternetTrading/js/aes_cbc.js?jsv=20200819161914 HTTP/1.1" 200 2043
119.136.154.51 - - [12/Mar/2026:10:33:57 +0800] "GET /InternetTrading/js/aes_core.js?jsv=20200819161914 HTTP/1.1" 200 2106
119.136.154.51 - - [12/Mar/2026:10:33:57 +0800] "GET /InternetTrading/js/asn1.js?jsv=20200819161914 HTTP/1.1" 200 3099
119.136.154.51 - - [12/Mar/2026:10:33:57 +0800] "GET /InternetTrading/js/md5.js?jsv=20200819161914 HTTP/1.1" 200 1730
119.136.154.51 - - [12/Mar/2026:10:33:57 +0800] "GET /InternetTrading/js/sha256.js?jsv=20200819161914 HTTP/1.1" 200 1362
119.136.154.51 - - [12/Mar/2026:10:33:57 +0800] "GET /InternetTrading/js/jsbn.js?jsv=20200819161914 HTTP/1.1" 200 6736
119.136.154.51 - - [12/Mar/2026:10:33:57 +0800] "GET /InternetTrading/js/prng4.js?jsv=20200819161914 HTTP/1.1" 200 303
119.136.154.51 - - [12/Mar/2026:10:33:57 +0800] "GET /InternetTrading/js/rng.js?jsv=20200819161914 HTTP/1.1" 200 481
119.136.154.51 - - [12/Mar/2026:10:33:57 +0800] "GET /InternetTrading/js/rsa.js?jsv=20200819161914 HTTP/1.1" 200 1658
119.136.154.51 - - [12/Mar/2026:10:33:57 +0800] "GET /InternetTrading/js/aes.js?jsv=20200819161914 HTTP/1.1" 200 4816
119.136.154.51 - - [12/Mar/2026:10:33:57 +0800] "GET /InternetTrading/js/mode-ecb.js?jsv=20200819161914 HTTP/1.1" 200 199
119.136.154.51 - - [12/Mar/2026:10:33:57 +0800] "GET /InternetTrading/js/utilSpec.js?jsv=20200819161914 HTTP/1.1" 200 27
119.136.154.51 - - [12/Mar/2026:10:33:57 +0800] "GET /InternetTrading/js/update_lastlogin.js?jsv=20200819161914 HTTP/1.1" 200 980
119.136.154.51 - - [12/Mar/2026:10:33:57 +0800] "GET /InternetTrading/js/pw_alert.js?jsv=20200819161914 HTTP/1.1" 200 418
119.136.154.51 - - [12/Mar/2026:10:33:57 +0800] "GET /InternetTrading/js/jquery.jscrollpane.js HTTP/1.1" 404 685
119.136.154.51 - - [12/Mar/2026:10:33:57 +0800] "GET /InternetTrading/js/jquery.mousewheel.js HTTP/1.1" 404 684
119.136.154.51 - - [12/Mar/2026:10:33:57 +0800] "GET /InternetTrading/js/jquery.cookie.js HTTP/1.1" 200 834
119.136.154.51 - - [12/Mar/2026:10:33:57 +0800] "GET /InternetTrading/js/decimal.js HTTP/1.1" 200 13492
119.136.154.51 - - [12/Mar/2026:10:33:57 +0800] "GET /InternetTrading/GoodTillDateValidExch?fmt=js&jsv=20200819161914 HTTP/1.1" 200 29
119.136.154.51 - - [12/Mar/2026:10:33:57 +0800] "GET /InternetTrading/tc/images/logo.png HTTP/1.1" 200 7042
119.136.154.51 - - [12/Mar/2026:10:33:57 +0800] "GET /InternetTrading/tc/images/top_menu01.jpg HTTP/1.1" 200 3466
119.136.154.51 - - [12/Mar/2026:10:33:57 +0800] "GET /InternetTrading/tc/images/top_menu04.jpg HTTP/1.1" 200 3430
119.136.154.51 - - [12/Mar/2026:10:33:57 +0800] "GET /InternetTrading/tc/images/top_menu_logout.jpg HTTP/1.1" 200 1016
119.136.154.51 - - [12/Mar/2026:10:33:57 +0800] "GET /InternetTrading/images/top_bg1.jpg HTTP/1.1" 200 329
119.136.154.51 - - [12/Mar/2026:10:33:57 +0800] "GET /InternetTrading/images/top_bg2.jpg HTTP/1.1" 200 330
119.136.154.51 - - [12/Mar/2026:10:33:57 +0800] "GET /InternetTrading/images/top_bg3.jpg HTTP/1.1" 200 878
119.136.154.51 - - [12/Mar/2026:10:33:57 +0800] "GET /InternetTrading/tc/dialog.html?1773283176842 HTTP/1.1" 200 3188
119.136.154.51 - - [12/Mar/2026:10:33:57 +0800] "POST /InternetTrading/PopUpConfig HTTP/1.1" 200 2
119.136.154.51 - - [12/Mar/2026:10:33:57 +0800] "POST /InternetTrading/Heartbeat HTTP/1.1" 200 32
119.136.154.51 - - [12/Mar/2026:10:33:57 +0800] "POST /InternetTrading/CustomerInfoLite HTTP/1.1" 200 125
119.136.154.51 - - [12/Mar/2026:10:33:57 +0800] "GET /InternetTrading/jquery/wait.gif HTTP/1.1" 200 432
119.136.154.51 - - [12/Mar/2026:10:33:57 +0800] "GET /InternetTrading/tc/trade.html HTTP/1.1" 200 2113
119.136.154.51 - - [12/Mar/2026:10:33:57 +0800] "POST /InternetTrading/SpreadPriceCache HTTP/1.1" 200 1947
119.136.154.51 - - [12/Mar/2026:10:33:57 +0800] "GET /InternetTrading/tc/images/top_menu01_o.jpg HTTP/1.1" 200 3339
119.136.154.51 - - [12/Mar/2026:10:33:57 +0800] "POST /InternetTrading/SessionErrorLogger HTTP/1.1" 200 117
119.136.154.51 - - [12/Mar/2026:10:33:57 +0800] "POST /InternetTrading/GetLastLoginDate HTTP/1.1" 200 31
120.230.125.143 - - [12/Mar/2026:10:33:57 +0800] "GET /InternetTrading/longpoll/13975?X-Atmosphere-tracking-id=0&X-Atmosphere-Framework=2.2.3-javascript&X-Atmosphere-Transport=long-polling&X-Atmosphere-TrackMessageSize=true&Content-Type=charset%3Dutf-8&X-atmo-protocol=true&_=1773283181016 HTTP/1.1" 200 -
119.136.154.51 - - [12/Mar/2026:10:33:57 +0800] "POST /InternetTrading/SessionErrorLogger HTTP/1.1" 200 117
119.136.154.51 - - [12/Mar/2026:10:33:57 +0800] "GET /InternetTrading/tc/getpopupMsgName.jsp HTTP/1.1" 200 -
119.136.154.51 - - [12/Mar/2026:10:33:57 +0800] "GET /InternetTrading/tc/applet_dummy.html HTTP/1.1" 200 330
119.136.154.51 - - [12/Mar/2026:10:33:57 +0800] "POST /InternetTrading/SessionErrorLogger HTTP/1.1" 200 117
119.136.154.51 - - [12/Mar/2026:10:33:57 +0800] "GET /InternetTrading/tc/buy_ticket.html? HTTP/1.1" 200 1995
119.136.154.51 - - [12/Mar/2026:10:33:57 +0800] "POST /InternetTrading/SessionErrorLogger HTTP/1.1" 200 117
119.136.154.51 - - [12/Mar/2026:10:33:58 +0800] "POST /InternetTrading/MarketStatus HTTP/1.1" 200 772
119.136.154.51 - - [12/Mar/2026:10:33:58 +0800] "POST /InternetTrading/SessionErrorLogger HTTP/1.1" 200 117
119.136.154.51 - - [12/Mar/2026:10:33:58 +0800] "GET /InternetTrading/tc/multi_currency_balance.html HTTP/1.1" 200 295
119.136.154.51 - - [12/Mar/2026:10:33:58 +0800] "GET /InternetTrading/jquery/wait.gif HTTP/1.1" 200 432
119.136.154.51 - - [12/Mar/2026:10:33:58 +0800] "GET /InternetTrading/tc/images/trade_point01.jpg HTTP/1.1" 200 358
119.136.154.51 - - [12/Mar/2026:10:33:58 +0800] "GET /InternetTrading/tc/images/refresh.gif HTTP/1.1" 200 1145
119.136.154.51 - - [12/Mar/2026:10:33:58 +0800] "GET /InternetTrading/Home/PostToAA.jsp?hl=tc HTTP/1.1" 200 294
119.136.154.51 - - [12/Mar/2026:10:33:58 +0800] "GET /InternetTrading/jquery/images/ui-bg_flat_75_ffffff_40x100.png HTTP/1.1" 200 208
119.136.154.51 - - [12/Mar/2026:10:33:58 +0800] "POST /InternetTrading/SessionErrorLogger HTTP/1.1" 200 117
119.136.154.51 - - [12/Mar/2026:10:33:58 +0800] "GET /InternetTrading/jquery/images/ui-icons_222222_256x240.png HTTP/1.1" 200 6922
119.136.154.51 - - [12/Mar/2026:10:33:58 +0800] "POST /InternetTrading/SessionErrorLogger HTTP/1.1" 200 117
119.136.154.51 - - [12/Mar/2026:10:33:58 +0800] "POST /InternetTrading/MarketStatus HTTP/1.1" 200 772
119.136.154.51 - - [12/Mar/2026:10:33:58 +0800] "POST /InternetTrading/MarketStatus HTTP/1.1" 200 772
14.0.170.57 - - [12/Mar/2026:10:33:59 +0800] "GET /InternetTrading/longpoll/A8127?X-Atmosphere-tracking-id=0&X-Atmosphere-Framework=2.2.3-javascript&X-Atmosphere-Transport=long-polling&X-Atmosphere-TrackMessageSize=true&Content-Type=charset%3Dutf-8&X-atmo-protocol=true&_=1773283178944 HTTP/1.1" 200 -
14.0.170.57 - - [12/Mar/2026:10:33:59 +0800] "POST /InternetTrading/SessionErrorLogger HTTP/1.1" 200 117
14.0.170.57 - - [12/Mar/2026:10:33:59 +0800] "POST /InternetTrading/Heartbeat HTTP/1.1" 200 32
14.0.170.57 - - [12/Mar/2026:10:33:59 +0800] "GET /InternetTrading/jquery/images/ui-bg_glass_65_ffffff_1x400.png HTTP/1.1" 200 207
14.0.170.57 - - [12/Mar/2026:10:33:59 +0800] "GET /InternetTrading/jquery/images/ui-icons_454545_256x240.png HTTP/1.1" 200 6992
119.136.154.51 - - [12/Mar/2026:10:34:00 +0800] "POST /InternetTrading/SessionErrorLogger HTTP/1.1" 200 117
119.136.154.51 - - [12/Mar/2026:10:34:00 +0800] "POST /InternetTrading/CustomerInfo HTTP/1.1" 200 208
119.136.154.51 - - [12/Mar/2026:10:34:00 +0800] "POST /InternetTrading/SessionErrorLogger HTTP/1.1" 200 117
119.136.154.51 - - [12/Mar/2026:10:34:00 +0800] "POST /InternetTrading/SessionErrorLogger HTTP/1.1" 200 117
119.136.154.51 - - [12/Mar/2026:10:34:00 +0800] "POST /InternetTrading/MarketStatus HTTP/1.1" 200 772
119.136.154.51 - - [12/Mar/2026:10:34:00 +0800] "GET /InternetTrading/jquery/wait.gif HTTP/1.1" 200 432
119.136.154.51 - - [12/Mar/2026:10:34:00 +0800] "POST /InternetTrading/SessionErrorLogger HTTP/1.1" 200 117
119.136.154.51 - - [12/Mar/2026:10:34:00 +0800] "POST /InternetTrading/LongPollingConfig HTTP/1.1" 200 4
119.136.154.51 - - [12/Mar/2026:10:34:00 +0800] "POST /InternetTrading/SessionErrorLogger HTTP/1.1" 200 117
119.136.154.51 - - [12/Mar/2026:10:34:00 +0800] "GET /InternetTrading/tc/account_status.html HTTP/1.1" 200 426
119.136.154.51 - - [12/Mar/2026:10:34:00 +0800] "GET /InternetTrading/longpoll/51803?X-Atmosphere-tracking-id=0&X-Atmosphere-Framework=2.2.3-javascript&X-Atmosphere-Transport=long-polling&X-Atmosphere-TrackMessageSize=true&Content-Type=charset%3Dutf-8&X-atmo-protocol=true&_=1773283179248 HTTP/1.1" 200 -
119.136.154.51 - - [12/Mar/2026:10:34:00 +0800] "GET /InternetTrading/jquery/wait.gif HTTP/1.1" 200 432
119.136.154.51 - - [12/Mar/2026:10:34:00 +0800] "POST /InternetTrading/SessionErrorLogger HTTP/1.1" 200 117
119.136.154.51 - - [12/Mar/2026:10:34:00 +0800] "POST /InternetTrading/Portfolio HTTP/1.1" 200 1671
14.0.170.57 - - [12/Mar/2026:10:34:00 +0800] "GET /InternetTrading/jquery/wait.gif HTTP/1.1" 200 432
14.0.170.57 - - [12/Mar/2026:10:34:00 +0800] "POST /InternetTrading/SessionErrorLogger HTTP/1.1" 200 117
14.0.170.57 - - [12/Mar/2026:10:34:00 +0800] "POST /InternetTrading/Portfolio HTTP/1.1" 200 1822
219.73.99.100 - - [12/Mar/2026:10:34:01 +0800] "GET /InternetTrading/longpoll/55136?X-Atmosphere-tracking-id=0&X-Atmosphere-Framework=2.2.3-javascript&X-Atmosphere-Transport=long-polling&X-Atmosphere-TrackMessageSize=true&Content-Type=charset%3Dutf-8&X-atmo-protocol=true&_=1773283180084 HTTP/1.1" 200 -
163.125.177.201 - - [12/Mar/2026:10:34:01 +0800] "GET /InternetTrading/longpoll/53995?X-Atmosphere-tracking-id=0&X-Atmosphere-Framework=2.2.3-javascript&X-Atmosphere-Transport=long-polling&X-Atmosphere-TrackMessageSize=true&Content-Type=charset%3Dutf-8&X-atmo-protocol=true&_=1773283179800 HTTP/1.1" 200 -
182.239.85.5 - - [12/Mar/2026:10:34:02 +0800] "POST /InternetTrading/SessionErrorLogger HTTP/1.1" 200 117
182.239.85.5 - - [12/Mar/2026:10:34:02 +0800] "POST /InternetTrading/MarketStatus HTTP/1.1" 200 772
182.239.85.5 - - [12/Mar/2026:10:34:02 +0800] "POST /InternetTrading/SessionErrorLogger HTTP/1.1" 200 117
182.239.85.5 - - [12/Mar/2026:10:34:02 +0800] "POST /InternetTrading/Heartbeat HTTP/1.1" 200 32
182.239.85.5 - - [12/Mar/2026:10:34:03 +0800] "GET /InternetTrading/longpoll/10302?X-Atmosphere-tracking-id=0&X-Atmosphere-Framework=2.2.3-javascript&X-Atmosphere-Transport=long-polling&X-Atmosphere-TrackMessageSize=true&Content-Type=charset%3Dutf-8&X-atmo-protocol=true&_=1773283182174 HTTP/1.1" 200 -
120.230.125.143 - - [12/Mar/2026:10:34:03 +0800] "GET /InternetTrading/longpoll/13975?X-Atmosphere-tracking-id=0&X-Atmosphere-Framework=2.2.3-javascript&X-Atmosphere-Transport=long-polling&X-Atmosphere-TrackMessageSize=true&Content-Type=charset%3Dutf-8&X-atmo-protocol=true&_=1773283187017 HTTP/1.1" 200 -
14.0.170.57 - - [12/Mar/2026:10:34:04 +0800] "GET /InternetTrading/longpoll/A8127?X-Atmosphere-tracking-id=0&X-Atmosphere-Framework=2.2.3-javascript&X-Atmosphere-Transport=long-polling&X-Atmosphere-TrackMessageSize=true&Content-Type=charset%3Dutf-8&X-atmo-protocol=true&_=1773283184023 HTTP/1.1" 200 -
119.136.154.51 - - [12/Mar/2026:10:34:05 +0800] "GET /InternetTrading/longpoll/51803?X-Atmosphere-tracking-id=0&X-Atmosphere-Framework=2.2.3-javascript&X-Atmosphere-Transport=long-polling&X-Atmosphere-TrackMessageSize=true&Content-Type=charset%3Dutf-8&X-atmo-protocol=true&_=1773283184302 HTTP/1.1" 200 -
219.73.99.100 - - [12/Mar/2026:10:34:06 +0800] "GET /InternetTrading/longpoll/55136?X-Atmosphere-tracking-id=0&X-Atmosphere-Framework=2.2.3-javascript&X-Atmosphere-Transport=long-polling&X-Atmosphere-TrackMessageSize=true&Content-Type=charset%3Dutf-8&X-atmo-protocol=true&_=1773283185121 HTTP/1.1" 200 -
163.125.177.201 - - [12/Mar/2026:10:34:07 +0800] "GET /InternetTrading/longpoll/53995?X-Atmosphere-tracking-id=0&X-Atmosphere-Framework=2.2.3-javascript&X-Atmosphere-Transport=long-polling&X-Atmosphere-TrackMessageSize=true&Content-Type=charset%3Dutf-8&X-atmo-protocol=true&_=1773283185799 HTTP/1.1" 200 -
120.230.125.143 - - [12/Mar/2026:10:34:07 +0800] "POST /InternetTrading/SessionErrorLogger HTTP/1.1" 200 117
120.230.125.143 - - [12/Mar/2026:10:34:07 +0800] "POST /InternetTrading/MarketStatus HTTP/1.1" 200 772
120.230.125.143 - - [12/Mar/2026:10:34:07 +0800] "POST /InternetTrading/SessionErrorLogger HTTP/1.1" 200 117
120.230.125.143 - - [12/Mar/2026:10:34:07 +0800] "POST /InternetTrading/Heartbeat HTTP/1.1" 200 32
14.0.170.57 - - [12/Mar/2026:10:34:09 +0800] "GET /InternetTrading/longpoll/A8127?X-Atmosphere-tracking-id=0&X-Atmosphere-Framework=2.2.3-javascript&X-Atmosphere-Transport=long-polling&X-Atmosphere-TrackMessageSize=true&Content-Type=charset%3Dutf-8&X-atmo-protocol=true&_=1773283189106 HTTP/1.1" 200 -
120.230.125.143 - - [12/Mar/2026:10:34:09 +0800] "GET /InternetTrading/longpoll/13975?X-Atmosphere-tracking-id=0&X-Atmosphere-Framework=2.2.3-javascript&X-Atmosphere-Transport=long-polling&X-Atmosphere-TrackMessageSize=true&Content-Type=charset%3Dutf-8&X-atmo-protocol=true&_=1773283193017 HTTP/1.1" 200 -
119.136.154.51 - - [12/Mar/2026:10:34:10 +0800] "GET /InternetTrading/longpoll/51803?X-Atmosphere-tracking-id=0&X-Atmosphere-Framework=2.2.3-javascript&X-Atmosphere-Transport=long-polling&X-Atmosphere-TrackMessageSize=true&Content-Type=charset%3Dutf-8&X-atmo-protocol=true&_=1773283189338 HTTP/1.1" 200 -
219.73.99.100 - - [12/Mar/2026:10:34:11 +0800] "GET /InternetTrading/longpoll/55136?X-Atmosphere-tracking-id=0&X-Atmosphere-Framework=2.2.3-javascript&X-Atmosphere-Transport=long-polling&X-Atmosphere-TrackMessageSize=true&Content-Type=charset%3Dutf-8&X-atmo-protocol=true&_=1773283190159 HTTP/1.1" 200 -
182.239.85.5 - - [12/Mar/2026:10:34:13 +0800] "GET /InternetTrading/longpoll/10302?X-Atmosphere-tracking-id=0&X-Atmosphere-Framework=2.2.3-javascript&X-Atmosphere-Transport=long-polling&X-Atmosphere-TrackMessageSize=true&Content-Type=charset%3Dutf-8&X-atmo-protocol=true&_=1773283192340 HTTP/1.1" 200 -
163.125.177.201 - - [12/Mar/2026:10:34:13 +0800] "GET /InternetTrading/longpoll/53995?X-Atmosphere-tracking-id=0&X-Atmosphere-Framework=2.2.3-javascript&X-Atmosphere-Transport=long-polling&X-Atmosphere-TrackMessageSize=true&Content-Type=charset%3Dutf-8&X-atmo-protocol=true&_=1773283191804 HTTP/1.1" 200 -
14.0.170.57 - - [12/Mar/2026:10:34:14 +0800] "GET /InternetTrading/longpoll/A8127?X-Atmosphere-tracking-id=0&X-Atmosphere-Framework=2.2.3-javascript&X-Atmosphere-Transport=long-polling&X-Atmosphere-TrackMessageSize=true&Content-Type=charset%3Dutf-8&X-atmo-protocol=true&_=1773283194206 HTTP/1.1" 200 -
219.73.99.100 - - [12/Mar/2026:10:34:15 +0800] "POST /InternetTrading/SessionErrorLogger HTTP/1.1" 200 117
219.73.99.100 - - [12/Mar/2026:10:34:15 +0800] "POST /InternetTrading/Heartbeat HTTP/1.1" 200 32
219.73.99.100 - - [12/Mar/2026:10:34:15 +0800] "POST /InternetTrading/SessionErrorLogger HTTP/1.1" 200 117
219.73.99.100 - - [12/Mar/2026:10:34:15 +0800] "POST /InternetTrading/MarketStatus HTTP/1.1" 200 772
119.136.154.51 - - [12/Mar/2026:10:34:15 +0800] "GET /InternetTrading/longpoll/51803?X-Atmosphere-tracking-id=0&X-Atmosphere-Framework=2.2.3-javascript&X-Atmosphere-Transport=long-polling&X-Atmosphere-TrackMessageSize=true&Content-Type=charset%3Dutf-8&X-atmo-protocol=true&_=1773283194403 HTTP/1.1" 200 -
