14.0.170.57 - - [12/Mar/2026:09:38:54 +0800] "GET /InternetTrading/jquery/jquery.timer-0.9.16.js HTTP/1.1" 200 542
14.0.170.57 - - [12/Mar/2026:09:38:54 +0800] "GET /InternetTrading/jquery/jquery.getParams.js HTTP/1.1" 200 587
14.0.170.57 - - [12/Mar/2026:09:38:54 +0800] "GET /InternetTrading/jquery/jquery.combobox.packed.js HTTP/1.1" 200 3387
14.0.170.57 - - [12/Mar/2026:09:38:54 +0800] "GET /InternetTrading/jquery/jquery.selectboxes.pack.js HTTP/1.1" 200 1640
14.0.170.57 - - [12/Mar/2026:09:38:54 +0800] "GET /InternetTrading/jquery/date.js HTTP/1.1" 200 2807
14.0.170.57 - - [12/Mar/2026:09:38:54 +0800] "GET /InternetTrading/jquery/globalize-0.1.0a1.js HTTP/1.1" 200 6984
14.0.170.57 - - [12/Mar/2026:09:38:54 +0800] "GET /InternetTrading/json/json2.js?jsv=20200819161914 HTTP/1.1" 200 1372
14.0.170.57 - - [12/Mar/2026:09:38:54 +0800] "GET /InternetTrading/settings/crm_display_settings.js?jsv=20200819161914 HTTP/1.1" 200 1781
14.0.170.57 - - [12/Mar/2026:09:38:54 +0800] "GET /InternetTrading/tc/user/translation.js?jsv=20200819161914 HTTP/1.1" 200 12818
14.0.170.57 - - [12/Mar/2026:09:38:54 +0800] "GET /InternetTrading/js/constants.js?jsv=20200819161914 HTTP/1.1" 200 400
14.0.170.57 - - [12/Mar/2026:09:38:54 +0800] "GET /InternetTrading/tc/user/custom_variables.js?jsv=20200819161914 HTTP/1.1" 200 275
14.0.170.57 - - [12/Mar/2026:09:38:54 +0800] "GET /InternetTrading/js/haitong.js?jsv=20200819161914 HTTP/1.1" 200 3881
14.0.170.57 - - [12/Mar/2026:09:38:54 +0800] "GET /InternetTrading/js/util.js?jsv=20200819161914 HTTP/1.1" 200 6636
14.0.170.57 - - [12/Mar/2026:09:38:54 +0800] "GET /InternetTrading/js/init.js?jsv=20200819161914 HTTP/1.1" 200 886
14.0.170.57 - - [12/Mar/2026:09:38:54 +0800] "GET /InternetTrading/js/rsautil.js?jsv=20200819161914 HTTP/1.1" 200 1017
14.0.170.57 - - [12/Mar/2026:09:38:54 +0800] "GET /InternetTrading/js/corporate.js?jsv=20200819161914 HTTP/1.1" 200 1575
14.0.170.57 - - [12/Mar/2026:09:38:54 +0800] "GET /InternetTrading/js/main.js?jsv=20200819161914 HTTP/1.1" 200 30725
14.0.170.57 - - [12/Mar/2026:09:38:54 +0800] "GET /InternetTrading/js/update_mdf.js?jsv=20200819161914 HTTP/1.1" 200 856
14.0.170.57 - - [12/Mar/2026:09:38:54 +0800] "GET /InternetTrading/js/validation_bshare.js?jsv=20200819161914 HTTP/1.1" 200 1567
14.0.170.57 - - [12/Mar/2026:09:38:54 +0800] "GET /InternetTrading/js/validation_hkex.js?jsv=20200819161914 HTTP/1.1" 200 2300
14.0.170.57 - - [12/Mar/2026:09:38:54 +0800] "GET /InternetTrading/js/validation_ashare.js?jsv=20200819161914 HTTP/1.1" 200 2482
14.0.170.57 - - [12/Mar/2026:09:38:54 +0800] "GET /InternetTrading/js/validation_global.js?jsv=20200819161914 HTTP/1.1" 200 1564
14.0.170.57 - - [12/Mar/2026:09:38:54 +0800] "GET /InternetTrading/js/account.js?jsv=20200819161914 HTTP/1.1" 200 2656
14.0.170.57 - - [12/Mar/2026:09:38:54 +0800] "GET /InternetTrading/js/isec_calculator.js?jsv=20200819161914 HTTP/1.1" 200 1364
14.0.170.57 - - [12/Mar/2026:09:38:54 +0800] "GET /InternetTrading/js/spread_cache.js?jsv=20200819161914 HTTP/1.1" 200 908
14.0.170.57 - - [12/Mar/2026:09:38:54 +0800] "GET /InternetTrading/js/ipo.js?jsv=20200819161914 HTTP/1.1" 200 5726
14.0.170.57 - - [12/Mar/2026:09:38:54 +0800] "GET /InternetTrading/js/cash_transfer.js?jsv=20200819161914 HTTP/1.1" 200 2712
14.0.170.57 - - [12/Mar/2026:09:38:54 +0800] "GET /InternetTrading/js/mm.js?jsv=20200819161914 HTTP/1.1" 200 487
14.0.170.57 - - [12/Mar/2026:09:38:54 +0800] "GET /InternetTrading/js/payment_instruction.js?jsv=20200819161914 HTTP/1.1" 200 2178
14.0.170.57 - - [12/Mar/2026:09:38:54 +0800] "GET /InternetTrading/js/string_extend.js?jsv=20200819161914 HTTP/1.1" 200 272
14.0.170.57 - - [12/Mar/2026:09:38:54 +0800] "GET /InternetTrading/js/eStatement.js?jsv=20200819161914 HTTP/1.1" 200 562
14.0.170.57 - - [12/Mar/2026:09:38:54 +0800] "GET /InternetTrading/js/pidcrypt.js?jsv=20200819161914 HTTP/1.1" 200 982
14.0.170.57 - - [12/Mar/2026:09:38:54 +0800] "GET /InternetTrading/js/pidcrypt_util.js?jsv=20200819161914 HTTP/1.1" 200 1206
14.0.170.57 - - [12/Mar/2026:09:38:54 +0800] "GET /InternetTrading/ExchangeList?fmt=js&jsv=20200819161914 HTTP/1.1" 200 146
14.0.170.57 - - [12/Mar/2026:09:38:54 +0800] "GET /InternetTrading/js/payment_instruction_IMOS.js?jsv=20200819161914 HTTP/1.1" 200 6874
14.0.170.57 - - [12/Mar/2026:09:38:54 +0800] "GET /InternetTrading/js/aes_core.js?jsv=20200819161914 HTTP/1.1" 200 2106
14.0.170.57 - - [12/Mar/2026:09:38:54 +0800] "GET /InternetTrading/js/aes_cbc.js?jsv=20200819161914 HTTP/1.1" 200 2043
14.0.170.57 - - [12/Mar/2026:09:38:54 +0800] "GET /InternetTrading/js/asn1.js?jsv=20200819161914 HTTP/1.1" 200 3099
14.0.170.57 - - [12/Mar/2026:09:38:54 +0800] "GET /InternetTrading/js/sha256.js?jsv=20200819161914 HTTP/1.1" 200 1362
14.0.170.57 - - [12/Mar/2026:09:38:54 +0800] "GET /InternetTrading/js/md5.js?jsv=20200819161914 HTTP/1.1" 200 1730
14.0.170.57 - - [12/Mar/2026:09:38:54 +0800] "GET /InternetTrading/js/jsbn.js?jsv=20200819161914 HTTP/1.1" 200 6736
14.0.170.57 - - [12/Mar/2026:09:38:54 +0800] "GET /InternetTrading/js/prng4.js?jsv=20200819161914 HTTP/1.1" 200 303
14.0.170.57 - - [12/Mar/2026:09:38:54 +0800] "GET /InternetTrading/js/rng.js?jsv=20200819161914 HTTP/1.1" 200 481
14.0.170.57 - - [12/Mar/2026:09:38:54 +0800] "GET /InternetTrading/js/mode-ecb.js?jsv=20200819161914 HTTP/1.1" 200 199
14.0.170.57 - - [12/Mar/2026:09:38:54 +0800] "GET /InternetTrading/js/rsa.js?jsv=20200819161914 HTTP/1.1" 200 1658
14.0.170.57 - - [12/Mar/2026:09:38:54 +0800] "GET /InternetTrading/js/aes.js?jsv=20200819161914 HTTP/1.1" 200 4816
14.0.170.57 - - [12/Mar/2026:09:38:54 +0800] "GET /InternetTrading/js/utilSpec.js?jsv=20200819161914 HTTP/1.1" 200 27
14.0.170.57 - - [12/Mar/2026:09:38:54 +0800] "GET /InternetTrading/js/pw_alert.js?jsv=20200819161914 HTTP/1.1" 200 418
14.0.170.57 - - [12/Mar/2026:09:38:54 +0800] "GET /InternetTrading/js/update_lastlogin.js?jsv=20200819161914 HTTP/1.1" 200 980
14.0.170.57 - - [12/Mar/2026:09:38:54 +0800] "GET /InternetTrading/js/jquery.jscrollpane.js HTTP/1.1" 404 685
14.0.170.57 - - [12/Mar/2026:09:38:54 +0800] "GET /InternetTrading/js/jquery.mousewheel.js HTTP/1.1" 404 684
14.0.170.57 - - [12/Mar/2026:09:38:54 +0800] "GET /InternetTrading/js/decimal.js HTTP/1.1" 200 13492
14.0.170.57 - - [12/Mar/2026:09:38:54 +0800] "GET /InternetTrading/js/jquery.cookie.js HTTP/1.1" 200 834
14.0.170.57 - - [12/Mar/2026:09:38:54 +0800] "GET /InternetTrading/tc/images/logo.png HTTP/1.1" 200 7042
14.0.170.57 - - [12/Mar/2026:09:38:54 +0800] "GET /InternetTrading/GoodTillDateValidExch?fmt=js&jsv=20200819161914 HTTP/1.1" 200 29
14.0.170.57 - - [12/Mar/2026:09:38:54 +0800] "GET /InternetTrading/tc/images/top_menu01.jpg HTTP/1.1" 200 3466
14.0.170.57 - - [12/Mar/2026:09:38:54 +0800] "GET /InternetTrading/tc/images/top_menu04.jpg HTTP/1.1" 200 3430
14.0.170.57 - - [12/Mar/2026:09:38:54 +0800] "GET /InternetTrading/tc/images/top_menu_logout.jpg HTTP/1.1" 200 1016
14.0.170.57 - - [12/Mar/2026:09:38:54 +0800] "GET /InternetTrading/images/top_bg3.jpg HTTP/1.1" 200 878
14.0.170.57 - - [12/Mar/2026:09:38:54 +0800] "GET /InternetTrading/images/top_bg2.jpg HTTP/1.1" 200 330
14.0.170.57 - - [12/Mar/2026:09:38:54 +0800] "POST /InternetTrading/PopUpConfig HTTP/1.1" 200 2
14.0.170.57 - - [12/Mar/2026:09:38:54 +0800] "GET /InternetTrading/images/top_bg1.jpg HTTP/1.1" 200 329
14.0.170.57 - - [12/Mar/2026:09:38:54 +0800] "GET /InternetTrading/tc/dialog.html?1773279874366 HTTP/1.1" 200 3188
14.0.170.57 - - [12/Mar/2026:09:38:54 +0800] "POST /InternetTrading/Heartbeat HTTP/1.1" 200 32
14.0.170.57 - - [12/Mar/2026:09:38:54 +0800] "POST /InternetTrading/CustomerInfoLite HTTP/1.1" 200 124
14.0.170.57 - - [12/Mar/2026:09:38:54 +0800] "GET /InternetTrading/tc/images/top_menu01_o.jpg HTTP/1.1" 200 3339
14.0.170.57 - - [12/Mar/2026:09:38:54 +0800] "GET /InternetTrading/tc/trade.html HTTP/1.1" 200 2113
14.0.170.57 - - [12/Mar/2026:09:38:54 +0800] "POST /InternetTrading/SpreadPriceCache HTTP/1.1" 200 1947
14.0.170.57 - - [12/Mar/2026:09:38:54 +0800] "GET /InternetTrading/jquery/wait.gif HTTP/1.1" 200 432
14.0.170.57 - - [12/Mar/2026:09:38:54 +0800] "POST /InternetTrading/SessionErrorLogger HTTP/1.1" 200 117
14.0.170.57 - - [12/Mar/2026:09:38:54 +0800] "POST /InternetTrading/GetLastLoginDate HTTP/1.1" 200 31
14.0.170.57 - - [12/Mar/2026:09:38:54 +0800] "POST /InternetTrading/SessionErrorLogger HTTP/1.1" 200 117
14.0.170.57 - - [12/Mar/2026:09:38:54 +0800] "GET /InternetTrading/tc/getpopupMsgName.jsp HTTP/1.1" 200 -
14.0.170.57 - - [12/Mar/2026:09:38:54 +0800] "GET /InternetTrading/tc/images/refresh.gif HTTP/1.1" 200 1145
14.0.170.57 - - [12/Mar/2026:09:38:54 +0800] "GET /InternetTrading/tc/applet_dummy.html HTTP/1.1" 200 330
14.0.170.57 - - [12/Mar/2026:09:38:54 +0800] "GET /InternetTrading/tc/images/trade_point01.jpg HTTP/1.1" 200 358
14.0.170.57 - - [12/Mar/2026:09:38:54 +0800] "POST /InternetTrading/SessionErrorLogger HTTP/1.1" 200 117
14.0.170.57 - - [12/Mar/2026:09:38:54 +0800] "GET /InternetTrading/tc/buy_ticket.html? HTTP/1.1" 200 1995
14.0.170.57 - - [12/Mar/2026:09:38:54 +0800] "POST /InternetTrading/SessionErrorLogger HTTP/1.1" 200 117
119.136.154.51 - - [12/Mar/2026:09:38:54 +0800] "GET /InternetTrading/longpoll/51803?X-Atmosphere-tracking-id=0&X-Atmosphere-Framework=2.2.3-javascript&X-Atmosphere-Transport=long-polling&X-Atmosphere-TrackMessageSize=true&Content-Type=charset%3Dutf-8&X-atmo-protocol=true&_=1773279874232 HTTP/1.1" 200 -
14.0.170.57 - - [12/Mar/2026:09:38:54 +0800] "POST /InternetTrading/MarketStatus HTTP/1.1" 200 772
14.0.170.57 - - [12/Mar/2026:09:38:55 +0800] "POST /InternetTrading/SessionErrorLogger HTTP/1.1" 200 117
14.0.170.57 - - [12/Mar/2026:09:38:55 +0800] "GET /InternetTrading/tc/multi_currency_balance.html HTTP/1.1" 200 295
14.0.170.57 - - [12/Mar/2026:09:38:55 +0800] "GET /InternetTrading/jquery/wait.gif HTTP/1.1" 200 432
14.0.170.57 - - [12/Mar/2026:09:38:55 +0800] "GET /InternetTrading/jquery/images/ui-icons_222222_256x240.png HTTP/1.1" 200 6922
14.0.170.57 - - [12/Mar/2026:09:38:55 +0800] "GET /InternetTrading/Home/PostToAA.jsp?hl=tc HTTP/1.1" 200 293
14.0.170.57 - - [12/Mar/2026:09:38:55 +0800] "GET /InternetTrading/jquery/images/ui-bg_flat_75_ffffff_40x100.png HTTP/1.1" 200 208
14.0.170.57 - - [12/Mar/2026:09:38:55 +0800] "POST /InternetTrading/SessionErrorLogger HTTP/1.1" 200 117
14.0.170.57 - - [12/Mar/2026:09:38:55 +0800] "POST /InternetTrading/MarketStatus HTTP/1.1" 200 772
14.0.170.57 - - [12/Mar/2026:09:38:55 +0800] "POST /InternetTrading/SessionErrorLogger HTTP/1.1" 200 117
14.0.170.57 - - [12/Mar/2026:09:38:55 +0800] "POST /InternetTrading/MarketStatus HTTP/1.1" 200 772
163.125.177.201 - - [12/Mar/2026:09:38:55 +0800] "GET /InternetTrading/longpoll/53995?X-Atmosphere-tracking-id=0&X-Atmosphere-Framework=2.2.3-javascript&X-Atmosphere-Transport=long-polling&X-Atmosphere-TrackMessageSize=true&Content-Type=charset%3Dutf-8&X-atmo-protocol=true&_=1773279873797 HTTP/1.1" 200 -
219.73.99.100 - - [12/Mar/2026:09:38:57 +0800] "GET /InternetTrading/longpoll/55136?X-Atmosphere-tracking-id=0&X-Atmosphere-Framework=2.2.3-javascript&X-Atmosphere-Transport=long-polling&X-Atmosphere-TrackMessageSize=true&Content-Type=charset%3Dutf-8&X-atmo-protocol=true&_=1773279875924 HTTP/1.1" 200 -
14.0.170.57 - - [12/Mar/2026:09:38:57 +0800] "POST /InternetTrading/SessionErrorLogger HTTP/1.1" 200 117
14.0.170.57 - - [12/Mar/2026:09:38:57 +0800] "POST /InternetTrading/SessionErrorLogger HTTP/1.1" 200 117
14.0.170.57 - - [12/Mar/2026:09:38:57 +0800] "POST /InternetTrading/CustomerInfo HTTP/1.1" 200 222
14.0.170.57 - - [12/Mar/2026:09:38:57 +0800] "POST /InternetTrading/SessionErrorLogger HTTP/1.1" 200 117
14.0.170.57 - - [12/Mar/2026:09:38:57 +0800] "GET /InternetTrading/tc/account_status.html HTTP/1.1" 200 426
14.0.170.57 - - [12/Mar/2026:09:38:57 +0800] "POST /InternetTrading/SessionErrorLogger HTTP/1.1" 200 117
14.0.170.57 - - [12/Mar/2026:09:38:57 +0800] "POST /InternetTrading/MarketStatus HTTP/1.1" 200 772
14.0.170.57 - - [12/Mar/2026:09:38:57 +0800] "GET /InternetTrading/jquery/wait.gif HTTP/1.1" 200 432
14.0.170.57 - - [12/Mar/2026:09:38:57 +0800] "POST /InternetTrading/SessionErrorLogger HTTP/1.1" 200 117
14.0.170.57 - - [12/Mar/2026:09:38:57 +0800] "POST /InternetTrading/LongPollingConfig HTTP/1.1" 200 4
14.0.170.57 - - [12/Mar/2026:09:38:57 +0800] "GET /InternetTrading/jquery/wait.gif HTTP/1.1" 200 432
14.0.170.57 - - [12/Mar/2026:09:38:57 +0800] "POST /InternetTrading/SessionErrorLogger HTTP/1.1" 200 117
14.0.170.57 - - [12/Mar/2026:09:38:57 +0800] "GET /InternetTrading/longpoll/A8127?X-Atmosphere-tracking-id=0&X-Atmosphere-Framework=2.2.3-javascript&X-Atmosphere-Transport=long-polling&X-Atmosphere-TrackMessageSize=true&Content-Type=charset%3Dutf-8&X-atmo-protocol=true&_=1773279877445 HTTP/1.1" 200 -
14.0.170.57 - - [12/Mar/2026:09:38:57 +0800] "POST /InternetTrading/Portfolio HTTP/1.1" 200 1777
120.230.125.143 - - [12/Mar/2026:09:38:58 +0800] "GET /InternetTrading/longpoll/13975?X-Atmosphere-tracking-id=0&X-Atmosphere-Framework=2.2.3-javascript&X-Atmosphere-Transport=long-polling&X-Atmosphere-TrackMessageSize=true&Content-Type=charset%3Dutf-8&X-atmo-protocol=true&_=1773279881113 HTTP/1.1" 200 -
119.136.154.51 - - [12/Mar/2026:09:39:00 +0800] "GET /InternetTrading/longpoll/51803?X-Atmosphere-tracking-id=0&X-Atmosphere-Framework=2.2.3-javascript&X-Atmosphere-Transport=long-polling&X-Atmosphere-TrackMessageSize=true&Content-Type=charset%3Dutf-8&X-atmo-protocol=true&_=1773279880230 HTTP/1.1" 200 -
163.125.177.201 - - [12/Mar/2026:09:39:01 +0800] "GET /InternetTrading/longpoll/53995?X-Atmosphere-tracking-id=0&X-Atmosphere-Framework=2.2.3-javascript&X-Atmosphere-Transport=long-polling&X-Atmosphere-TrackMessageSize=true&Content-Type=charset%3Dutf-8&X-atmo-protocol=true&_=1773279879801 HTTP/1.1" 200 -
219.73.99.100 - - [12/Mar/2026:09:39:02 +0800] "GET /InternetTrading/longpoll/55136?X-Atmosphere-tracking-id=0&X-Atmosphere-Framework=2.2.3-javascript&X-Atmosphere-Transport=long-polling&X-Atmosphere-TrackMessageSize=true&Content-Type=charset%3Dutf-8&X-atmo-protocol=true&_=1773279880949 HTTP/1.1" 200 -
14.0.170.57 - - [12/Mar/2026:09:39:02 +0800] "GET /InternetTrading/longpoll/A8127?X-Atmosphere-tracking-id=0&X-Atmosphere-Framework=2.2.3-javascript&X-Atmosphere-Transport=long-polling&X-Atmosphere-TrackMessageSize=true&Content-Type=charset%3Dutf-8&X-atmo-protocol=true&_=1773279882486 HTTP/1.1" 200 -
120.230.125.143 - - [12/Mar/2026:09:39:03 +0800] "GET /InternetTrading/longpoll/13975?X-Atmosphere-tracking-id=0&X-Atmosphere-Framework=2.2.3-javascript&X-Atmosphere-Transport=long-polling&X-Atmosphere-TrackMessageSize=true&Content-Type=charset%3Dutf-8&X-atmo-protocol=true&_=1773279886228 HTTP/1.1" 200 -
119.136.154.51 - - [12/Mar/2026:09:39:06 +0800] "GET /InternetTrading/longpoll/51803?X-Atmosphere-tracking-id=0&X-Atmosphere-Framework=2.2.3-javascript&X-Atmosphere-Transport=long-polling&X-Atmosphere-TrackMessageSize=true&Content-Type=charset%3Dutf-8&X-atmo-protocol=true&_=1773279886238 HTTP/1.1" 200 -
219.73.99.100 - - [12/Mar/2026:09:39:07 +0800] "GET /InternetTrading/longpoll/55136?X-Atmosphere-tracking-id=0&X-Atmosphere-Framework=2.2.3-javascript&X-Atmosphere-Transport=long-polling&X-Atmosphere-TrackMessageSize=true&Content-Type=charset%3Dutf-8&X-atmo-protocol=true&_=1773279885967 HTTP/1.1" 200 -
163.125.177.201 - - [12/Mar/2026:09:39:07 +0800] "GET /InternetTrading/longpoll/53995?X-Atmosphere-tracking-id=0&X-Atmosphere-Framework=2.2.3-javascript&X-Atmosphere-Transport=long-polling&X-Atmosphere-TrackMessageSize=true&Content-Type=charset%3Dutf-8&X-atmo-protocol=true&_=1773279885798 HTTP/1.1" 200 -
14.0.170.57 - - [12/Mar/2026:09:39:07 +0800] "GET /InternetTrading/longpoll/A8127?X-Atmosphere-tracking-id=0&X-Atmosphere-Framework=2.2.3-javascript&X-Atmosphere-Transport=long-polling&X-Atmosphere-TrackMessageSize=true&Content-Type=charset%3Dutf-8&X-atmo-protocol=true&_=1773279887615 HTTP/1.1" 200 -
120.230.125.143 - - [12/Mar/2026:09:39:08 +0800] "GET /InternetTrading/longpoll/13975?X-Atmosphere-tracking-id=0&X-Atmosphere-Framework=2.2.3-javascript&X-Atmosphere-Transport=long-polling&X-Atmosphere-TrackMessageSize=true&Content-Type=charset%3Dutf-8&X-atmo-protocol=true&_=1773279891311 HTTP/1.1" 200 -
219.73.99.100 - - [12/Mar/2026:09:39:12 +0800] "POST /InternetTrading/SessionErrorLogger HTTP/1.1" 200 117
219.73.99.100 - - [12/Mar/2026:09:39:12 +0800] "POST /InternetTrading/Heartbeat HTTP/1.1" 200 32
219.73.99.100 - - [12/Mar/2026:09:39:12 +0800] "GET /InternetTrading/longpoll/55136?X-Atmosphere-tracking-id=0&X-Atmosphere-Framework=2.2.3-javascript&X-Atmosphere-Transport=long-polling&X-Atmosphere-TrackMessageSize=true&Content-Type=charset%3Dutf-8&X-atmo-protocol=true&_=1773279890981 HTTP/1.1" 200 -
219.73.99.100 - - [12/Mar/2026:09:39:12 +0800] "POST /InternetTrading/SessionErrorLogger HTTP/1.1" 200 117
219.73.99.100 - - [12/Mar/2026:09:39:12 +0800] "POST /InternetTrading/MarketStatus HTTP/1.1" 200 772
119.136.154.51 - - [12/Mar/2026:09:39:12 +0800] "GET /InternetTrading/longpoll/51803?X-Atmosphere-tracking-id=0&X-Atmosphere-Framework=2.2.3-javascript&X-Atmosphere-Transport=long-polling&X-Atmosphere-TrackMessageSize=true&Content-Type=charset%3Dutf-8&X-atmo-protocol=true&_=1773279892233 HTTP/1.1" 200 -
14.0.170.57 - - [12/Mar/2026:09:39:13 +0800] "GET /InternetTrading/longpoll/A8127?X-Atmosphere-tracking-id=0&X-Atmosphere-Framework=2.2.3-javascript&X-Atmosphere-Transport=long-polling&X-Atmosphere-TrackMessageSize=true&Content-Type=charset%3Dutf-8&X-atmo-protocol=true&_=1773279892721 HTTP/1.1" 200 -
120.230.125.143 - - [12/Mar/2026:09:39:13 +0800] "GET /InternetTrading/longpoll/13975?X-Atmosphere-tracking-id=0&X-Atmosphere-Framework=2.2.3-javascript&X-Atmosphere-Transport=long-polling&X-Atmosphere-TrackMessageSize=true&Content-Type=charset%3Dutf-8&X-atmo-protocol=true&_=1773279896405 HTTP/1.1" 200 -
163.125.177.201 - - [12/Mar/2026:09:39:13 +0800] "GET /InternetTrading/longpoll/53995?X-Atmosphere-tracking-id=0&X-Atmosphere-Framework=2.2.3-javascript&X-Atmosphere-Transport=long-polling&X-Atmosphere-TrackMessageSize=true&Content-Type=charset%3Dutf-8&X-atmo-protocol=true&_=1773279891803 HTTP/1.1" 200 -
120.230.125.143 - - [12/Mar/2026:09:39:14 +0800] "POST /InternetTrading/SessionErrorLogger HTTP/1.1" 200 117
120.230.125.143 - - [12/Mar/2026:09:39:14 +0800] "POST /InternetTrading/Heartbeat HTTP/1.1" 200 32
120.230.125.143 - - [12/Mar/2026:09:39:14 +0800] "POST /InternetTrading/SessionErrorLogger HTTP/1.1" 200 117
120.230.125.143 - - [12/Mar/2026:09:39:14 +0800] "POST /InternetTrading/MarketStatus HTTP/1.1" 200 772
219.73.99.100 - - [12/Mar/2026:09:39:17 +0800] "GET /InternetTrading/longpoll/55136?X-Atmosphere-tracking-id=0&X-Atmosphere-Framework=2.2.3-javascript&X-Atmosphere-Transport=long-polling&X-Atmosphere-TrackMessageSize=true&Content-Type=charset%3Dutf-8&X-atmo-protocol=true&_=1773279895997 HTTP/1.1" 200 -
14.0.170.57 - - [12/Mar/2026:09:39:18 +0800] "GET /InternetTrading/longpoll/A8127?X-Atmosphere-tracking-id=0&X-Atmosphere-Framework=2.2.3-javascript&X-Atmosphere-Transport=long-polling&X-Atmosphere-TrackMessageSize=true&Content-Type=charset%3Dutf-8&X-atmo-protocol=true&_=1773279897879 HTTP/1.1" 200 -
120.230.125.143 - - [12/Mar/2026:09:39:18 +0800] "GET /InternetTrading/longpoll/13975?X-Atmosphere-tracking-id=0&X-Atmosphere-Framework=2.2.3-javascript&X-Atmosphere-Transport=long-polling&X-Atmosphere-TrackMessageSize=true&Content-Type=charset%3Dutf-8&X-atmo-protocol=true&_=1773279901502 HTTP/1.1" 200 -
119.136.154.51 - - [12/Mar/2026:09:39:18 +0800] "GET /InternetTrading/longpoll/51803?X-Atmosphere-tracking-id=0&X-Atmosphere-Framework=2.2.3-javascript&X-Atmosphere-Transport=long-polling&X-Atmosphere-TrackMessageSize=true&Content-Type=charset%3Dutf-8&X-atmo-protocol=true&_=1773279898237 HTTP/1.1" 200 -
163.125.177.201 - - [12/Mar/2026:09:39:19 +0800] "GET /InternetTrading/longpoll/53995?X-Atmosphere-tracking-id=0&X-Atmosphere-Framework=2.2.3-javascript&X-Atmosphere-Transport=long-polling&X-Atmosphere-TrackMessageSize=true&Content-Type=charset%3Dutf-8&X-atmo-protocol=true&_=1773279897806 HTTP/1.1" 200 -
119.136.154.51 - - [12/Mar/2026:09:39:19 +0800] "POST /InternetTrading/SessionErrorLogger HTTP/1.1" 200 117
119.136.154.51 - - [12/Mar/2026:09:39:19 +0800] "POST /InternetTrading/Heartbeat HTTP/1.1" 200 32
119.136.154.51 - - [12/Mar/2026:09:39:19 +0800] "POST /InternetTrading/SessionErrorLogger HTTP/1.1" 200 117
119.136.154.51 - - [12/Mar/2026:09:39:19 +0800] "POST /InternetTrading/MarketStatus HTTP/1.1" 200 772
219.73.99.100 - - [12/Mar/2026:09:39:22 +0800] "GET /InternetTrading/longpoll/55136?X-Atmosphere-tracking-id=0&X-Atmosphere-Framework=2.2.3-javascript&X-Atmosphere-Transport=long-polling&X-Atmosphere-TrackMessageSize=true&Content-Type=charset%3Dutf-8&X-atmo-protocol=true&_=1773279901018 HTTP/1.1" 200 -
14.0.170.57 - - [12/Mar/2026:09:39:23 +0800] "GET /InternetTrading/longpoll/A8127?X-Atmosphere-tracking-id=0&X-Atmosphere-Framework=2.2.3-javascript&X-Atmosphere-Transport=long-polling&X-Atmosphere-TrackMessageSize=true&Content-Type=charset%3Dutf-8&X-atmo-protocol=true&_=1773279902987 HTTP/1.1" 200 -
120.230.125.143 - - [12/Mar/2026:09:39:23 +0800] "GET /InternetTrading/longpoll/13975?X-Atmosphere-tracking-id=0&X-Atmosphere-Framework=2.2.3-javascript&X-Atmosphere-Transport=long-polling&X-Atmosphere-TrackMessageSize=true&Content-Type=charset%3Dutf-8&X-atmo-protocol=true&_=1773279906535 HTTP/1.1" 200 -
119.136.154.51 - - [12/Mar/2026:09:39:24 +0800] "GET /InternetTrading/longpoll/51803?X-Atmosphere-tracking-id=0&X-Atmosphere-Framework=2.2.3-javascript&X-Atmosphere-Transport=long-polling&X-Atmosphere-TrackMessageSize=true&Content-Type=charset%3Dutf-8&X-atmo-protocol=true&_=1773279904226 HTTP/1.1" 200 -
14.0.170.57 - - [12/Mar/2026:09:39:24 +0800] "POST /InternetTrading/SessionErrorLogger HTTP/1.1" 200 117
14.0.170.57 - - [12/Mar/2026:09:39:24 +0800] "POST /InternetTrading/Heartbeat HTTP/1.1" 200 32
14.0.170.57 - - [12/Mar/2026:09:39:25 +0800] "POST /InternetTrading/SessionErrorLogger HTTP/1.1" 200 117
14.0.170.57 - - [12/Mar/2026:09:39:25 +0800] "POST /InternetTrading/MarketStatus HTTP/1.1" 200 772
163.125.177.201 - - [12/Mar/2026:09:39:25 +0800] "POST /InternetTrading/SessionErrorLogger HTTP/1.1" 200 117
163.125.177.201 - - [12/Mar/2026:09:39:25 +0800] "POST /InternetTrading/Heartbeat HTTP/1.1" 200 32
163.125.177.201 - - [12/Mar/2026:09:39:25 +0800] "POST /InternetTrading/SessionErrorLogger HTTP/1.1" 200 117
163.125.177.201 - - [12/Mar/2026:09:39:25 +0800] "POST /InternetTrading/MarketStatus HTTP/1.1" 200 772
163.125.177.201 - - [12/Mar/2026:09:39:25 +0800] "GET /InternetTrading/longpoll/53995?X-Atmosphere-tracking-id=0&X-Atmosphere-Framework=2.2.3-javascript&X-Atmosphere-Transport=long-polling&X-Atmosphere-TrackMessageSize=true&Content-Type=charset%3Dutf-8&X-atmo-protocol=true&_=1773279904451 HTTP/1.1" 200 -
219.73.99.100 - - [12/Mar/2026:09:39:27 +0800] "GET /InternetTrading/longpoll/55136?X-Atmosphere-tracking-id=0&X-Atmosphere-Framework=2.2.3-javascript&X-Atmosphere-Transport=long-polling&X-Atmosphere-TrackMessageSize=true&Content-Type=charset%3Dutf-8&X-atmo-protocol=true&_=1773279906032 HTTP/1.1" 200 -
14.0.170.57 - - [12/Mar/2026:09:39:28 +0800] "GET /InternetTrading/longpoll/A8127?X-Atmosphere-tracking-id=0&X-Atmosphere-Framework=2.2.3-javascript&X-Atmosphere-Transport=long-polling&X-Atmosphere-TrackMessageSize=true&Content-Type=charset%3Dutf-8&X-atmo-protocol=true&_=1773279908196 HTTP/1.1" 200 -
120.230.125.143 - - [12/Mar/2026:09:39:28 +0800] "GET /InternetTrading/longpoll/13975?X-Atmosphere-tracking-id=0&X-Atmosphere-Framework=2.2.3-javascript&X-Atmosphere-Transport=long-polling&X-Atmosphere-TrackMessageSize=true&Content-Type=charset%3Dutf-8&X-atmo-protocol=true&_=1773279911622 HTTP/1.1" 200 -
119.136.154.51 - - [12/Mar/2026:09:39:30 +0800] "GET /InternetTrading/longpoll/51803?X-Atmosphere-tracking-id=0&X-Atmosphere-Framework=2.2.3-javascript&X-Atmosphere-Transport=long-polling&X-Atmosphere-TrackMessageSize=true&Content-Type=charset%3Dutf-8&X-atmo-protocol=true&_=1773279910236 HTTP/1.1" 200 -
163.125.177.201 - - [12/Mar/2026:09:39:31 +0800] "GET /InternetTrading/longpoll/53995?X-Atmosphere-tracking-id=0&X-Atmosphere-Framework=2.2.3-javascript&X-Atmosphere-Transport=long-polling&X-Atmosphere-TrackMessageSize=true&Content-Type=charset%3Dutf-8&X-atmo-protocol=true&_=1773279909809 HTTP/1.1" 200 -
219.73.99.100 - - [12/Mar/2026:09:39:32 +0800] "GET /InternetTrading/longpoll/55136?X-Atmosphere-tracking-id=0&X-Atmosphere-Framework=2.2.3-javascript&X-Atmosphere-Transport=long-polling&X-Atmosphere-TrackMessageSize=true&Content-Type=charset%3Dutf-8&X-atmo-protocol=true&_=1773279911047 HTTP/1.1" 200 -
14.0.170.57 - - [12/Mar/2026:09:39:33 +0800] "GET /InternetTrading/longpoll/A8127?X-Atmosphere-tracking-id=0&X-Atmosphere-Framework=2.2.3-javascript&X-Atmosphere-Transport=long-polling&X-Atmosphere-TrackMessageSize=true&Content-Type=charset%3Dutf-8&X-atmo-protocol=true&_=1773279913261 HTTP/1.1" 200 -
120.230.125.143 - - [12/Mar/2026:09:39:33 +0800] "GET /InternetTrading/longpoll/13975?X-Atmosphere-tracking-id=0&X-Atmosphere-Framework=2.2.3-javascript&X-Atmosphere-Transport=long-polling&X-Atmosphere-TrackMessageSize=true&Content-Type=charset%3Dutf-8&X-atmo-protocol=true&_=1773279916724 HTTP/1.1" 200 -
119.136.154.51 - - [12/Mar/2026:09:39:36 +0800] "GET /InternetTrading/longpoll/51803?X-Atmosphere-tracking-id=0&X-Atmosphere-Framework=2.2.3-javascript&X-Atmosphere-Transport=long-polling&X-Atmosphere-TrackMessageSize=true&Content-Type=charset%3Dutf-8&X-atmo-protocol=true&_=1773279916225 HTTP/1.1" 200 -
163.125.177.201 - - [12/Mar/2026:09:39:37 +0800] "GET /InternetTrading/longpoll/53995?X-Atmosphere-tracking-id=0&X-Atmosphere-Framework=2.2.3-javascript&X-Atmosphere-Transport=long-polling&X-Atmosphere-TrackMessageSize=true&Content-Type=charset%3Dutf-8&X-atmo-protocol=true&_=1773279915797 HTTP/1.1" 200 -
219.73.99.100 - - [12/Mar/2026:09:39:37 +0800] "GET /InternetTrading/longpoll/55136?X-Atmosphere-tracking-id=0&X-Atmosphere-Framework=2.2.3-javascript&X-Atmosphere-Transport=long-polling&X-Atmosphere-TrackMessageSize=true&Content-Type=charset%3Dutf-8&X-atmo-protocol=true&_=1773279916085 HTTP/1.1" 200 -
14.0.170.57 - - [12/Mar/2026:09:39:38 +0800] "GET /InternetTrading/longpoll/A8127?X-Atmosphere-tracking-id=0&X-Atmosphere-Framework=2.2.3-javascript&X-Atmosphere-Transport=long-polling&X-Atmosphere-TrackMessageSize=true&Content-Type=charset%3Dutf-8&X-atmo-protocol=true&_=1773279918364 HTTP/1.1" 200 -
120.230.125.143 - - [12/Mar/2026:09:39:38 +0800] "GET /InternetTrading/longpoll/13975?X-Atmosphere-tracking-id=0&X-Atmosphere-Framework=2.2.3-javascript&X-Atmosphere-Transport=long-polling&X-Atmosphere-TrackMessageSize=true&Content-Type=charset%3Dutf-8&X-atmo-protocol=true&_=1773279921925 HTTP/1.1" 200 -
219.73.99.100 - - [12/Mar/2026:09:39:42 +0800] "POST /InternetTrading/SessionErrorLogger HTTP/1.1" 200 117
219.73.99.100 - - [12/Mar/2026:09:39:42 +0800] "POST /InternetTrading/Heartbeat HTTP/1.1" 200 32
219.73.99.100 - - [12/Mar/2026:09:39:42 +0800] "POST /InternetTrading/SessionErrorLogger HTTP/1.1" 200 117
219.73.99.100 - - [12/Mar/2026:09:39:42 +0800] "POST /InternetTrading/MarketStatus HTTP/1.1" 200 772
219.73.99.100 - - [12/Mar/2026:09:39:42 +0800] "GET /InternetTrading/longpoll/55136?X-Atmosphere-tracking-id=0&X-Atmosphere-Framework=2.2.3-javascript&X-Atmosphere-Transport=long-polling&X-Atmosphere-TrackMessageSize=true&Content-Type=charset%3Dutf-8&X-atmo-protocol=true&_=1773279921100 HTTP/1.1" 200 -
119.136.154.51 - - [12/Mar/2026:09:39:42 +0800] "GET /InternetTrading/longpoll/51803?X-Atmosphere-tracking-id=0&X-Atmosphere-Framework=2.2.3-javascript&X-Atmosphere-Transport=long-polling&X-Atmosphere-TrackMessageSize=true&Content-Type=charset%3Dutf-8&X-atmo-protocol=true&_=1773279922231 HTTP/1.1" 200 -
163.125.177.201 - - [12/Mar/2026:09:39:43 +0800] "GET /InternetTrading/longpoll/53995?X-Atmosphere-tracking-id=0&X-Atmosphere-Framework=2.2.3-javascript&X-Atmosphere-Transport=long-polling&X-Atmosphere-TrackMessageSize=true&Content-Type=charset%3Dutf-8&X-atmo-protocol=true&_=1773279921798 HTTP/1.1" 200 -
14.0.170.57 - - [12/Mar/2026:09:39:43 +0800] "GET /InternetTrading/longpoll/A8127?X-Atmosphere-tracking-id=0&X-Atmosphere-Framework=2.2.3-javascript&X-Atmosphere-Transport=long-polling&X-Atmosphere-TrackMessageSize=true&Content-Type=charset%3Dutf-8&X-atmo-protocol=true&_=1773279923490 HTTP/1.1" 200 -
120.230.125.143 - - [12/Mar/2026:09:39:44 +0800] "GET /InternetTrading/longpoll/13975?X-Atmosphere-tracking-id=0&X-Atmosphere-Framework=2.2.3-javascript&X-Atmosphere-Transport=long-polling&X-Atmosphere-TrackMessageSize=true&Content-Type=charset%3Dutf-8&X-atmo-protocol=true&_=1773279927924 HTTP/1.1" 200 -
120.230.125.143 - - [12/Mar/2026:09:39:44 +0800] "POST /InternetTrading/SessionErrorLogger HTTP/1.1" 200 117
120.230.125.143 - - [12/Mar/2026:09:39:44 +0800] "POST /InternetTrading/Heartbeat HTTP/1.1" 200 32
120.230.125.143 - - [12/Mar/2026:09:39:44 +0800] "POST /InternetTrading/SessionErrorLogger HTTP/1.1" 200 117
120.230.125.143 - - [12/Mar/2026:09:39:44 +0800] "POST /InternetTrading/MarketStatus HTTP/1.1" 200 772
219.73.99.100 - - [12/Mar/2026:09:39:47 +0800] "GET /InternetTrading/longpoll/55136?X-Atmosphere-tracking-id=0&X-Atmosphere-Framework=2.2.3-javascript&X-Atmosphere-Transport=long-polling&X-Atmosphere-TrackMessageSize=true&Content-Type=charset%3Dutf-8&X-atmo-protocol=true&_=1773279926120 HTTP/1.1" 200 -
14.0.170.57 - - [12/Mar/2026:09:39:48 +0800] "GET /InternetTrading/longpoll/A8127?X-Atmosphere-tracking-id=0&X-Atmosphere-Framework=2.2.3-javascript&X-Atmosphere-Transport=long-polling&X-Atmosphere-TrackMessageSize=true&Content-Type=charset%3Dutf-8&X-atmo-protocol=true&_=1773279928583 HTTP/1.1" 200 -
119.136.154.51 - - [12/Mar/2026:09:39:48 +0800] "GET /InternetTrading/longpoll/51803?X-Atmosphere-tracking-id=0&X-Atmosphere-Framework=2.2.3-javascript&X-Atmosphere-Transport=long-polling&X-Atmosphere-TrackMessageSize=true&Content-Type=charset%3Dutf-8&X-atmo-protocol=true&_=1773279928235 HTTP/1.1" 200 -
163.125.177.201 - - [12/Mar/2026:09:39:49 +0800] "GET /InternetTrading/longpoll/53995?X-Atmosphere-tracking-id=0&X-Atmosphere-Framework=2.2.3-javascript&X-Atmosphere-Transport=long-polling&X-Atmosphere-TrackMessageSize=true&Content-Type=charset%3Dutf-8&X-atmo-protocol=true&_=1773279927800 HTTP/1.1" 200 -
120.230.125.143 - - [12/Mar/2026:09:39:50 +0800] "GET /InternetTrading/longpoll/13975?X-Atmosphere-tracking-id=0&X-Atmosphere-Framework=2.2.3-javascript&X-Atmosphere-Transport=long-polling&X-Atmosphere-TrackMessageSize=true&Content-Type=charset%3Dutf-8&X-atmo-protocol=true&_=1773279933924 HTTP/1.1" 200 -
219.73.99.100 - - [12/Mar/2026:09:39:52 +0800] "GET /InternetTrading/longpoll/55136?X-Atmosphere-tracking-id=0&X-Atmosphere-Framework=2.2.3-javascript&X-Atmosphere-Transport=long-polling&X-Atmosphere-TrackMessageSize=true&Content-Type=charset%3Dutf-8&X-atmo-protocol=true&_=1773279931171 HTTP/1.1" 200 -
14.0.170.57 - - [12/Mar/2026:09:39:53 +0800] "GET /InternetTrading/longpoll/A8127?X-Atmosphere-tracking-id=0&X-Atmosphere-Framework=2.2.3-javascript&X-Atmosphere-Transport=long-polling&X-Atmosphere-TrackMessageSize=true&Content-Type=charset%3Dutf-8&X-atmo-protocol=true&_=1773279933686 HTTP/1.1" 200 -
119.136.154.51 - - [12/Mar/2026:09:39:55 +0800] "GET /InternetTrading/longpoll/51803?X-Atmosphere-tracking-id=0&X-Atmosphere-Framework=2.2.3-javascript&X-Atmosphere-Transport=long-polling&X-Atmosphere-TrackMessageSize=true&Content-Type=charset%3Dutf-8&X-atmo-protocol=true&_=1773279934237 HTTP/1.1" 200 -
14.0.170.57 - - [12/Mar/2026:09:39:55 +0800] "POST /InternetTrading/SessionErrorLogger HTTP/1.1" 200 117
14.0.170.57 - - [12/Mar/2026:09:39:55 +0800] "POST /InternetTrading/Heartbeat HTTP/1.1" 200 32
14.0.170.57 - - [12/Mar/2026:09:39:55 +0800] "POST /InternetTrading/SessionErrorLogger HTTP/1.1" 200 117
14.0.170.57 - - [12/Mar/2026:09:39:55 +0800] "POST /InternetTrading/MarketStatus HTTP/1.1" 200 772
163.125.177.201 - - [12/Mar/2026:09:39:55 +0800] "GET /InternetTrading/longpoll/53995?X-Atmosphere-tracking-id=0&X-Atmosphere-Framework=2.2.3-javascript&X-Atmosphere-Transport=long-polling&X-Atmosphere-TrackMessageSize=true&Content-Type=charset%3Dutf-8&X-atmo-protocol=true&_=1773279933802 HTTP/1.1" 200 -
120.230.125.143 - - [12/Mar/2026:09:39:56 +0800] "GET /InternetTrading/longpoll/13975?X-Atmosphere-tracking-id=0&X-Atmosphere-Framework=2.2.3-javascript&X-Atmosphere-Transport=long-polling&X-Atmosphere-TrackMessageSize=true&Content-Type=charset%3Dutf-8&X-atmo-protocol=true&_=1773279939924 HTTP/1.1" 200 -
219.73.99.100 - - [12/Mar/2026:09:39:57 +0800] "GET /InternetTrading/longpoll/55136?X-Atmosphere-tracking-id=0&X-Atmosphere-Framework=2.2.3-javascript&X-Atmosphere-Transport=long-polling&X-Atmosphere-TrackMessageSize=true&Content-Type=charset%3Dutf-8&X-atmo-protocol=true&_=1773279936210 HTTP/1.1" 200 -
14.0.170.57 - - [12/Mar/2026:09:39:59 +0800] "GET /InternetTrading/longpoll/A8127?X-Atmosphere-tracking-id=0&X-Atmosphere-Framework=2.2.3-javascript&X-Atmosphere-Transport=long-polling&X-Atmosphere-TrackMessageSize=true&Content-Type=charset%3Dutf-8&X-atmo-protocol=true&_=1773279938820 HTTP/1.1" 200 -
119.136.154.51 - - [12/Mar/2026:09:40:00 +0800] "GET /InternetTrading/longpoll/51803?X-Atmosphere-tracking-id=0&X-Atmosphere-Framework=2.2.3-javascript&X-Atmosphere-Transport=long-polling&X-Atmosphere-TrackMessageSize=true&Content-Type=charset%3Dutf-8&X-atmo-protocol=true&_=1773279940226 HTTP/1.1" 200 -
163.125.177.201 - - [12/Mar/2026:09:40:01 +0800] "GET /InternetTrading/longpoll/53995?X-Atmosphere-tracking-id=0&X-Atmosphere-Framework=2.2.3-javascript&X-Atmosphere-Transport=long-polling&X-Atmosphere-TrackMessageSize=true&Content-Type=charset%3Dutf-8&X-atmo-protocol=true&_=1773279939808 HTTP/1.1" 200 -
219.73.99.100 - - [12/Mar/2026:09:40:02 +0800] "GET /InternetTrading/longpoll/55136?X-Atmosphere-tracking-id=0&X-Atmosphere-Framework=2.2.3-javascript&X-Atmosphere-Transport=long-polling&X-Atmosphere-TrackMessageSize=true&Content-Type=charset%3Dutf-8&X-atmo-protocol=true&_=1773279941251 HTTP/1.1" 200 -
120.230.125.143 - - [12/Mar/2026:09:40:02 +0800] "GET /InternetTrading/longpoll/13975?X-Atmosphere-tracking-id=0&X-Atmosphere-Framework=2.2.3-javascript&X-Atmosphere-Transport=long-polling&X-Atmosphere-TrackMessageSize=true&Content-Type=charset%3Dutf-8&X-atmo-protocol=true&_=1773279945924 HTTP/1.1" 200 -
14.0.170.57 - - [12/Mar/2026:09:40:04 +0800] "GET /InternetTrading/longpoll/A8127?X-Atmosphere-tracking-id=0&X-Atmosphere-Framework=2.2.3-javascript&X-Atmosphere-Transport=long-polling&X-Atmosphere-TrackMessageSize=true&Content-Type=charset%3Dutf-8&X-atmo-protocol=true&_=1773279943859 HTTP/1.1" 200 -
119.136.154.51 - - [12/Mar/2026:09:40:06 +0800] "GET /InternetTrading/longpoll/51803?X-Atmosphere-tracking-id=0&X-Atmosphere-Framework=2.2.3-javascript&X-Atmosphere-Transport=long-polling&X-Atmosphere-TrackMessageSize=true&Content-Type=charset%3Dutf-8&X-atmo-protocol=true&_=1773279946226 HTTP/1.1" 200 -
219.73.99.100 - - [12/Mar/2026:09:40:07 +0800] "GET /InternetTrading/longpoll/55136?X-Atmosphere-tracking-id=0&X-Atmosphere-Framework=2.2.3-javascript&X-Atmosphere-Transport=long-polling&X-Atmosphere-TrackMessageSize=true&Content-Type=charset%3Dutf-8&X-atmo-protocol=true&_=1773279946274 HTTP/1.1" 200 -
163.125.177.201 - - [12/Mar/2026:09:40:07 +0800] "GET /InternetTrading/longpoll/53995?X-Atmosphere-tracking-id=0&X-Atmosphere-Framework=2.2.3-javascript&X-Atmosphere-Transport=long-polling&X-Atmosphere-TrackMessageSize=true&Content-Type=charset%3Dutf-8&X-atmo-protocol=true&_=1773279945808 HTTP/1.1" 200 -
120.230.125.143 - - [12/Mar/2026:09:40:08 +0800] "GET /InternetTrading/longpoll/13975?X-Atmosphere-tracking-id=0&X-Atmosphere-Framework=2.2.3-javascript&X-Atmosphere-Transport=long-polling&X-Atmosphere-TrackMessageSize=true&Content-Type=charset%3Dutf-8&X-atmo-protocol=true&_=1773279951925 HTTP/1.1" 200 -
14.0.170.57 - - [12/Mar/2026:09:40:09 +0800] "GET /InternetTrading/longpoll/A8127?X-Atmosphere-tracking-id=0&X-Atmosphere-Framework=2.2.3-javascript&X-Atmosphere-Transport=long-polling&X-Atmosphere-TrackMessageSize=true&Content-Type=charset%3Dutf-8&X-atmo-protocol=true&_=1773279948926 HTTP/1.1" 200 -
219.73.99.100 - - [12/Mar/2026:09:40:12 +0800] "POST /InternetTrading/SessionErrorLogger HTTP/1.1" 200 117
219.73.99.100 - - [12/Mar/2026:09:40:12 +0800] "POST /InternetTrading/Heartbeat HTTP/1.1" 200 32
219.73.99.100 - - [12/Mar/2026:09:40:12 +0800] "POST /InternetTrading/SessionErrorLogger HTTP/1.1" 200 117
219.73.99.100 - - [12/Mar/2026:09:40:12 +0800] "POST /InternetTrading/MarketStatus HTTP/1.1" 200 772
219.73.99.100 - - [12/Mar/2026:09:40:12 +0800] "GET /InternetTrading/longpoll/55136?X-Atmosphere-tracking-id=0&X-Atmosphere-Framework=2.2.3-javascript&X-Atmosphere-Transport=long-polling&X-Atmosphere-TrackMessageSize=true&Content-Type=charset%3Dutf-8&X-atmo-protocol=true&_=1773279951303 HTTP/1.1" 200 -
119.136.154.51 - - [12/Mar/2026:09:40:12 +0800] "GET /InternetTrading/longpoll/51803?X-Atmosphere-tracking-id=0&X-Atmosphere-Framework=2.2.3-javascript&X-Atmosphere-Transport=long-polling&X-Atmosphere-TrackMessageSize=true&Content-Type=charset%3Dutf-8&X-atmo-protocol=true&_=1773279952227 HTTP/1.1" 200 -
163.125.177.201 - - [12/Mar/2026:09:40:13 +0800] "GET /InternetTrading/longpoll/53995?X-Atmosphere-tracking-id=0&X-Atmosphere-Framework=2.2.3-javascript&X-Atmosphere-Transport=long-polling&X-Atmosphere-TrackMessageSize=true&Content-Type=charset%3Dutf-8&X-atmo-protocol=true&_=1773279951796 HTTP/1.1" 200 -
14.0.170.57 - - [12/Mar/2026:09:40:14 +0800] "GET /InternetTrading/longpoll/A8127?X-Atmosphere-tracking-id=0&X-Atmosphere-Framework=2.2.3-javascript&X-Atmosphere-Transport=long-polling&X-Atmosphere-TrackMessageSize=true&Content-Type=charset%3Dutf-8&X-atmo-protocol=true&_=1773279954174 HTTP/1.1" 200 -
120.230.125.143 - - [12/Mar/2026:09:40:14 +0800] "GET /InternetTrading/longpoll/13975?X-Atmosphere-tracking-id=0&X-Atmosphere-Framework=2.2.3-javascript&X-Atmosphere-Transport=long-polling&X-Atmosphere-TrackMessageSize=true&Content-Type=charset%3Dutf-8&X-atmo-protocol=true&_=1773279957927 HTTP/1.1" 200 -
120.230.125.143 - - [12/Mar/2026:09:40:15 +0800] "POST /InternetTrading/SessionErrorLogger HTTP/1.1" 200 117
120.230.125.143 - - [12/Mar/2026:09:40:15 +0800] "POST /InternetTrading/Heartbeat HTTP/1.1" 200 32
120.230.125.143 - - [12/Mar/2026:09:40:15 +0800] "POST /InternetTrading/SessionErrorLogger HTTP/1.1" 200 117
120.230.125.143 - - [12/Mar/2026:09:40:15 +0800] "POST /InternetTrading/MarketStatus HTTP/1.1" 200 772
219.73.99.100 - - [12/Mar/2026:09:40:17 +0800] "GET /InternetTrading/longpoll/55136?X-Atmosphere-tracking-id=0&X-Atmosphere-Framework=2.2.3-javascript&X-Atmosphere-Transport=long-polling&X-Atmosphere-TrackMessageSize=true&Content-Type=charset%3Dutf-8&X-atmo-protocol=true&_=1773279956315 HTTP/1.1" 200 -
119.136.154.51 - - [12/Mar/2026:09:40:18 +0800] "GET /InternetTrading/longpoll/51803?X-Atmosphere-tracking-id=0&X-Atmosphere-Framework=2.2.3-javascript&X-Atmosphere-Transport=long-polling&X-Atmosphere-TrackMessageSize=true&Content-Type=charset%3Dutf-8&X-atmo-protocol=true&_=1773279958228 HTTP/1.1" 200 -
163.125.177.201 - - [12/Mar/2026:09:40:19 +0800] "GET /InternetTrading/longpoll/53995?X-Atmosphere-tracking-id=0&X-Atmosphere-Framework=2.2.3-javascript&X-Atmosphere-Transport=long-polling&X-Atmosphere-TrackMessageSize=true&Content-Type=charset%3Dutf-8&X-atmo-protocol=true&_=1773279957803 HTTP/1.1" 200 -
14.0.170.57 - - [12/Mar/2026:09:40:19 +0800] "GET /InternetTrading/longpoll/A8127?X-Atmosphere-tracking-id=0&X-Atmosphere-Framework=2.2.3-javascript&X-Atmosphere-Transport=long-polling&X-Atmosphere-TrackMessageSize=true&Content-Type=charset%3Dutf-8&X-atmo-protocol=true&_=1773279959333 HTTP/1.1" 200 -
119.136.154.51 - - [12/Mar/2026:09:40:19 +0800] "POST /InternetTrading/SessionErrorLogger HTTP/1.1" 200 117
119.136.154.51 - - [12/Mar/2026:09:40:19 +0800] "POST /InternetTrading/Heartbeat HTTP/1.1" 200 32
119.136.154.51 - - [12/Mar/2026:09:40:19 +0800] "POST /InternetTrading/SessionErrorLogger HTTP/1.1" 200 117
119.136.154.51 - - [12/Mar/2026:09:40:19 +0800] "POST /InternetTrading/MarketStatus HTTP/1.1" 200 772
120.230.125.143 - - [12/Mar/2026:09:40:20 +0800] "GET /InternetTrading/longpoll/13975?X-Atmosphere-tracking-id=0&X-Atmosphere-Framework=2.2.3-javascript&X-Atmosphere-Transport=long-polling&X-Atmosphere-TrackMessageSize=true&Content-Type=charset%3Dutf-8&X-atmo-protocol=true&_=1773279963925 HTTP/1.1" 200 -
219.73.99.100 - - [12/Mar/2026:09:40:22 +0800] "GET /InternetTrading/longpoll/55136?X-Atmosphere-tracking-id=0&X-Atmosphere-Framework=2.2.3-javascript&X-Atmosphere-Transport=long-polling&X-Atmosphere-TrackMessageSize=true&Content-Type=charset%3Dutf-8&X-atmo-protocol=true&_=1773279961338 HTTP/1.1" 200 -
119.136.154.51 - - [12/Mar/2026:09:40:24 +0800] "GET /InternetTrading/longpoll/51803?X-Atmosphere-tracking-id=0&X-Atmosphere-Framework=2.2.3-javascript&X-Atmosphere-Transport=long-polling&X-Atmosphere-TrackMessageSize=true&Content-Type=charset%3Dutf-8&X-atmo-protocol=true&_=1773279964238 HTTP/1.1" 200 -
14.0.170.57 - - [12/Mar/2026:09:40:25 +0800] "GET /InternetTrading/longpoll/A8127?X-Atmosphere-tracking-id=0&X-Atmosphere-Framework=2.2.3-javascript&X-Atmosphere-Transport=long-polling&X-Atmosphere-TrackMessageSize=true&Content-Type=charset%3Dutf-8&X-atmo-protocol=true&_=1773279964738 HTTP/1.1" 200 -
14.0.170.57 - - [12/Mar/2026:09:40:25 +0800] "POST /InternetTrading/SessionErrorLogger HTTP/1.1" 200 117
14.0.170.57 - - [12/Mar/2026:09:40:25 +0800] "POST /InternetTrading/Heartbeat HTTP/1.1" 200 32
14.0.170.57 - - [12/Mar/2026:09:40:25 +0800] "POST /InternetTrading/SessionErrorLogger HTTP/1.1" 200 117
14.0.170.57 - - [12/Mar/2026:09:40:25 +0800] "POST /InternetTrading/MarketStatus HTTP/1.1" 200 772
163.125.177.201 - - [12/Mar/2026:09:40:25 +0800] "POST /InternetTrading/SessionErrorLogger HTTP/1.1" 200 117
163.125.177.201 - - [12/Mar/2026:09:40:25 +0800] "POST /InternetTrading/Heartbeat HTTP/1.1" 200 32
163.125.177.201 - - [12/Mar/2026:09:40:25 +0800] "POST /InternetTrading/SessionErrorLogger HTTP/1.1" 200 117
163.125.177.201 - - [12/Mar/2026:09:40:25 +0800] "POST /InternetTrading/MarketStatus HTTP/1.1" 200 772
163.125.177.201 - - [12/Mar/2026:09:40:25 +0800] "GET /InternetTrading/longpoll/53995?X-Atmosphere-tracking-id=0&X-Atmosphere-Framework=2.2.3-javascript&X-Atmosphere-Transport=long-polling&X-Atmosphere-TrackMessageSize=true&Content-Type=charset%3Dutf-8&X-atmo-protocol=true&_=1773279964440 HTTP/1.1" 200 -
120.230.125.143 - - [12/Mar/2026:09:40:26 +0800] "GET /InternetTrading/longpoll/13975?X-Atmosphere-tracking-id=0&X-Atmosphere-Framework=2.2.3-javascript&X-Atmosphere-Transport=long-polling&X-Atmosphere-TrackMessageSize=true&Content-Type=charset%3Dutf-8&X-atmo-protocol=true&_=1773279969926 HTTP/1.1" 200 -
219.73.99.100 - - [12/Mar/2026:09:40:27 +0800] "GET /InternetTrading/longpoll/55136?X-Atmosphere-tracking-id=0&X-Atmosphere-Framework=2.2.3-javascript&X-Atmosphere-Transport=long-polling&X-Atmosphere-TrackMessageSize=true&Content-Type=charset%3Dutf-8&X-atmo-protocol=true&_=1773279966360 HTTP/1.1" 200 -
14.0.170.57 - - [12/Mar/2026:09:40:30 +0800] "GET /InternetTrading/longpoll/A8127?X-Atmosphere-tracking-id=0&X-Atmosphere-Framework=2.2.3-javascript&X-Atmosphere-Transport=long-polling&X-Atmosphere-TrackMessageSize=true&Content-Type=charset%3Dutf-8&X-atmo-protocol=true&_=1773279969944 HTTP/1.1" 200 -
119.136.154.51 - - [12/Mar/2026:09:40:30 +0800] "GET /InternetTrading/longpoll/51803?X-Atmosphere-tracking-id=0&X-Atmosphere-Framework=2.2.3-javascript&X-Atmosphere-Transport=long-polling&X-Atmosphere-TrackMessageSize=true&Content-Type=charset%3Dutf-8&X-atmo-protocol=true&_=1773279970232 HTTP/1.1" 200 -
163.125.177.201 - - [12/Mar/2026:09:40:31 +0800] "GET /InternetTrading/longpoll/53995?X-Atmosphere-tracking-id=0&X-Atmosphere-Framework=2.2.3-javascript&X-Atmosphere-Transport=long-polling&X-Atmosphere-TrackMessageSize=true&Content-Type=charset%3Dutf-8&X-atmo-protocol=true&_=1773279969798 HTTP/1.1" 200 -
219.73.99.100 - - [12/Mar/2026:09:40:32 +0800] "GET /InternetTrading/longpoll/55136?X-Atmosphere-tracking-id=0&X-Atmosphere-Framework=2.2.3-javascript&X-Atmosphere-Transport=long-polling&X-Atmosphere-TrackMessageSize=true&Content-Type=charset%3Dutf-8&X-atmo-protocol=true&_=1773279971397 HTTP/1.1" 200 -
120.230.125.143 - - [12/Mar/2026:09:40:32 +0800] "GET /InternetTrading/longpoll/13975?X-Atmosphere-tracking-id=0&X-Atmosphere-Framework=2.2.3-javascript&X-Atmosphere-Transport=long-polling&X-Atmosphere-TrackMessageSize=true&Content-Type=charset%3Dutf-8&X-atmo-protocol=true&_=1773279975926 HTTP/1.1" 200 -
114.119.149.232 - - [12/Mar/2026:09:40:32 +0800] "GET /logs/secure_access_log.20241205 HTTP/1.1" 200 8505598
14.0.170.57 - - [12/Mar/2026:09:40:35 +0800] "GET /InternetTrading/longpoll/A8127?X-Atmosphere-tracking-id=0&X-Atmosphere-Framework=2.2.3-javascript&X-Atmosphere-Transport=long-polling&X-Atmosphere-TrackMessageSize=true&Content-Type=charset%3Dutf-8&X-atmo-protocol=true&_=1773279975010 HTTP/1.1" 200 -
119.136.154.51 - - [12/Mar/2026:09:40:36 +0800] "GET /InternetTrading/longpoll/51803?X-Atmosphere-tracking-id=0&X-Atmosphere-Framework=2.2.3-javascript&X-Atmosphere-Transport=long-polling&X-Atmosphere-TrackMessageSize=true&Content-Type=charset%3Dutf-8&X-atmo-protocol=true&_=1773279976227 HTTP/1.1" 200 -
163.125.177.201 - - [12/Mar/2026:09:40:37 +0800] "GET /InternetTrading/longpoll/53995?X-Atmosphere-tracking-id=0&X-Atmosphere-Framework=2.2.3-javascript&X-Atmosphere-Transport=long-polling&X-Atmosphere-TrackMessageSize=true&Content-Type=charset%3Dutf-8&X-atmo-protocol=true&_=1773279975802 HTTP/1.1" 200 -
219.73.99.100 - - [12/Mar/2026:09:40:37 +0800] "GET /InternetTrading/longpoll/55136?X-Atmosphere-tracking-id=0&X-Atmosphere-Framework=2.2.3-javascript&X-Atmosphere-Transport=long-polling&X-Atmosphere-TrackMessageSize=true&Content-Type=charset%3Dutf-8&X-atmo-protocol=true&_=1773279976428 HTTP/1.1" 200 -
120.230.125.143 - - [12/Mar/2026:09:40:38 +0800] "GET /InternetTrading/longpoll/13975?X-Atmosphere-tracking-id=0&X-Atmosphere-Framework=2.2.3-javascript&X-Atmosphere-Transport=long-polling&X-Atmosphere-TrackMessageSize=true&Content-Type=charset%3Dutf-8&X-atmo-protocol=true&_=1773279981925 HTTP/1.1" 200 -
14.0.170.57 - - [12/Mar/2026:09:40:40 +0800] "GET /InternetTrading/longpoll/A8127?X-Atmosphere-tracking-id=0&X-Atmosphere-Framework=2.2.3-javascript&X-Atmosphere-Transport=long-polling&X-Atmosphere-TrackMessageSize=true&Content-Type=charset%3Dutf-8&X-atmo-protocol=true&_=1773279980184 HTTP/1.1" 200 -
219.73.99.100 - - [12/Mar/2026:09:40:42 +0800] "POST /InternetTrading/SessionErrorLogger HTTP/1.1" 200 117
219.73.99.100 - - [12/Mar/2026:09:40:42 +0800] "POST /InternetTrading/Heartbeat HTTP/1.1" 200 32
219.73.99.100 - - [12/Mar/2026:09:40:42 +0800] "POST /InternetTrading/SessionErrorLogger HTTP/1.1" 200 117
219.73.99.100 - - [12/Mar/2026:09:40:42 +0800] "POST /InternetTrading/MarketStatus HTTP/1.1" 200 772
219.73.99.100 - - [12/Mar/2026:09:40:42 +0800] "GET /InternetTrading/longpoll/55136?X-Atmosphere-tracking-id=0&X-Atmosphere-Framework=2.2.3-javascript&X-Atmosphere-Transport=long-polling&X-Atmosphere-TrackMessageSize=true&Content-Type=charset%3Dutf-8&X-atmo-protocol=true&_=1773279981475 HTTP/1.1" 200 -
119.136.154.51 - - [12/Mar/2026:09:40:42 +0800] "GET /InternetTrading/longpoll/51803?X-Atmosphere-tracking-id=0&X-Atmosphere-Framework=2.2.3-javascript&X-Atmosphere-Transport=long-polling&X-Atmosphere-TrackMessageSize=true&Content-Type=charset%3Dutf-8&X-atmo-protocol=true&_=1773279982224 HTTP/1.1" 200 -
163.125.177.201 - - [12/Mar/2026:09:40:43 +0800] "GET /InternetTrading/longpoll/53995?X-Atmosphere-tracking-id=0&X-Atmosphere-Framework=2.2.3-javascript&X-Atmosphere-Transport=long-polling&X-Atmosphere-TrackMessageSize=true&Content-Type=charset%3Dutf-8&X-atmo-protocol=true&_=1773279981805 HTTP/1.1" 200 -
120.230.125.143 - - [12/Mar/2026:09:40:44 +0800] "GET /InternetTrading/longpoll/13975?X-Atmosphere-tracking-id=0&X-Atmosphere-Framework=2.2.3-javascript&X-Atmosphere-Transport=long-polling&X-Atmosphere-TrackMessageSize=true&Content-Type=charset%3Dutf-8&X-atmo-protocol=true&_=1773279987925 HTTP/1.1" 200 -
14.0.170.57 - - [12/Mar/2026:09:40:45 +0800] "GET /InternetTrading/longpoll/A8127?X-Atmosphere-tracking-id=0&X-Atmosphere-Framework=2.2.3-javascript&X-Atmosphere-Transport=long-polling&X-Atmosphere-TrackMessageSize=true&Content-Type=charset%3Dutf-8&X-atmo-protocol=true&_=1773279985336 HTTP/1.1" 200 -
219.73.99.100 - - [12/Mar/2026:09:40:47 +0800] "GET /InternetTrading/longpoll/55136?X-Atmosphere-tracking-id=0&X-Atmosphere-Framework=2.2.3-javascript&X-Atmosphere-Transport=long-polling&X-Atmosphere-TrackMessageSize=true&Content-Type=charset%3Dutf-8&X-atmo-protocol=true&_=1773279986496 HTTP/1.1" 200 -
119.136.154.51 - - [12/Mar/2026:09:40:48 +0800] "GET /InternetTrading/longpoll/51803?X-Atmosphere-tracking-id=0&X-Atmosphere-Framework=2.2.3-javascript&X-Atmosphere-Transport=long-polling&X-Atmosphere-TrackMessageSize=true&Content-Type=charset%3Dutf-8&X-atmo-protocol=true&_=1773279988225 HTTP/1.1" 200 -
163.125.177.201 - - [12/Mar/2026:09:40:49 +0800] "GET /InternetTrading/longpoll/53995?X-Atmosphere-tracking-id=0&X-Atmosphere-Framework=2.2.3-javascript&X-Atmosphere-Transport=long-polling&X-Atmosphere-TrackMessageSize=true&Content-Type=charset%3Dutf-8&X-atmo-protocol=true&_=1773279987799 HTTP/1.1" 200 -
14.0.170.57 - - [12/Mar/2026:09:40:51 +0800] "GET /InternetTrading/longpoll/A8127?X-Atmosphere-tracking-id=0&X-Atmosphere-Framework=2.2.3-javascript&X-Atmosphere-Transport=long-polling&X-Atmosphere-TrackMessageSize=true&Content-Type=charset%3Dutf-8&X-atmo-protocol=true&_=1773279990736 HTTP/1.1" 200 -
