119.136.154.51 - - [12/Mar/2026:10:26:23 +0800] "GET /InternetTrading/js/constants.js?jsv=20200819161914 HTTP/1.1" 200 400
119.136.154.51 - - [12/Mar/2026:10:26:23 +0800] "GET /InternetTrading/js/haitong.js?jsv=20200819161914 HTTP/1.1" 200 3881
119.136.154.51 - - [12/Mar/2026:10:26:23 +0800] "GET /InternetTrading/js/util.js?jsv=20200819161914 HTTP/1.1" 200 6636
119.136.154.51 - - [12/Mar/2026:10:26:23 +0800] "GET /InternetTrading/jquery/jquery-ui-personalized-1.6rc2.min.js HTTP/1.1" 200 55543
119.136.154.51 - - [12/Mar/2026:10:26:23 +0800] "GET /InternetTrading/js/rsautil.js?jsv=20200819161914 HTTP/1.1" 200 1017
119.136.154.51 - - [12/Mar/2026:10:26:23 +0800] "GET /InternetTrading/js/init.js?jsv=20200819161914 HTTP/1.1" 200 886
119.136.154.51 - - [12/Mar/2026:10:26:23 +0800] "GET /InternetTrading/js/login.js?jsv=20200819161914 HTTP/1.1" 200 1684
119.136.154.51 - - [12/Mar/2026:10:26:23 +0800] "GET /InternetTrading/js/version.js?jsv=20200819161914 HTTP/1.1" 200 85
119.136.154.51 - - [12/Mar/2026:10:26:23 +0800] "GET /InternetTrading/tc/user/custom_variables.js?jsv=20200819161914 HTTP/1.1" 200 275
119.136.154.51 - - [12/Mar/2026:10:26:23 +0800] "GET /InternetTrading/js/string_extend.js?jsv=20200819161914 HTTP/1.1" 200 272
119.136.154.51 - - [12/Mar/2026:10:26:23 +0800] "GET /InternetTrading/js/pidcrypt.js?jsv=20200819161914 HTTP/1.1" 200 982
119.136.154.51 - - [12/Mar/2026:10:26:23 +0800] "GET /InternetTrading/js/pidcrypt_util.js?jsv=20200819161914 HTTP/1.1" 200 1206
119.136.154.51 - - [12/Mar/2026:10:26:23 +0800] "GET /InternetTrading/js/aes_cbc.js?jsv=20200819161914 HTTP/1.1" 200 2043
119.136.154.51 - - [12/Mar/2026:10:26:23 +0800] "GET /InternetTrading/js/aes_core.js?jsv=20200819161914 HTTP/1.1" 200 2106
119.136.154.51 - - [12/Mar/2026:10:26:23 +0800] "GET /InternetTrading/js/asn1.js?jsv=20200819161914 HTTP/1.1" 200 3099
119.136.154.51 - - [12/Mar/2026:10:26:23 +0800] "GET /InternetTrading/js/md5.js?jsv=20200819161914 HTTP/1.1" 200 1730
119.136.154.51 - - [12/Mar/2026:10:26:23 +0800] "GET /InternetTrading/js/sha256.js?jsv=20200819161914 HTTP/1.1" 200 1362
119.136.154.51 - - [12/Mar/2026:10:26:23 +0800] "GET /InternetTrading/js/rng.js?jsv=20200819161914 HTTP/1.1" 200 481
119.136.154.51 - - [12/Mar/2026:10:26:23 +0800] "GET /InternetTrading/js/jsbn.js?jsv=20200819161914 HTTP/1.1" 200 6736
119.136.154.51 - - [12/Mar/2026:10:26:23 +0800] "GET /InternetTrading/js/prng4.js?jsv=20200819161914 HTTP/1.1" 200 303
119.136.154.51 - - [12/Mar/2026:10:26:23 +0800] "GET /InternetTrading/js/rsa.js?jsv=20200819161914 HTTP/1.1" 200 1658
119.136.154.51 - - [12/Mar/2026:10:26:23 +0800] "GET /InternetTrading/tc/images/bg_login.jpg HTTP/1.1" 200 29296
119.136.154.51 - - [12/Mar/2026:10:26:24 +0800] "GET /InternetTrading/tc/dialog.html?1773282723129 HTTP/1.1" 200 3188
119.136.154.51 - - [12/Mar/2026:10:26:24 +0800] "POST /InternetTrading/SystemMaintenanceCheck HTTP/1.1" 200 119
14.0.170.57 - - [12/Mar/2026:10:26:24 +0800] "POST /InternetTrading/SessionErrorLogger HTTP/1.1" 200 117
14.0.170.57 - - [12/Mar/2026:10:26:24 +0800] "POST /InternetTrading/MarketStatus HTTP/1.1" 200 772
163.125.177.201 - - [12/Mar/2026:10:26:25 +0800] "POST /InternetTrading/SessionErrorLogger HTTP/1.1" 200 117
163.125.177.201 - - [12/Mar/2026:10:26:25 +0800] "POST /InternetTrading/MarketStatus HTTP/1.1" 200 772
163.125.177.201 - - [12/Mar/2026:10:26:25 +0800] "POST /InternetTrading/SessionErrorLogger HTTP/1.1" 200 117
163.125.177.201 - - [12/Mar/2026:10:26:25 +0800] "POST /InternetTrading/Heartbeat HTTP/1.1" 200 32
163.125.177.201 - - [12/Mar/2026:10:26:25 +0800] "GET /InternetTrading/longpoll/53995?X-Atmosphere-tracking-id=0&X-Atmosphere-Framework=2.2.3-javascript&X-Atmosphere-Transport=long-polling&X-Atmosphere-TrackMessageSize=true&Content-Type=charset%3Dutf-8&X-atmo-protocol=true&_=1773282724496 HTTP/1.1" 200 -
14.0.170.57 - - [12/Mar/2026:10:26:26 +0800] "GET /InternetTrading/longpoll/A8127?X-Atmosphere-tracking-id=0&X-Atmosphere-Framework=2.2.3-javascript&X-Atmosphere-Transport=long-polling&X-Atmosphere-TrackMessageSize=true&Content-Type=charset%3Dutf-8&X-atmo-protocol=true&_=1773282725960 HTTP/1.1" 200 -
14.0.170.57 - - [12/Mar/2026:10:26:27 +0800] "POST /InternetTrading/SessionErrorLogger HTTP/1.1" 200 117
14.0.170.57 - - [12/Mar/2026:10:26:27 +0800] "POST /InternetTrading/Heartbeat HTTP/1.1" 200 32
120.230.125.143 - - [12/Mar/2026:10:26:27 +0800] "GET /InternetTrading/longpoll/13975?X-Atmosphere-tracking-id=0&X-Atmosphere-Framework=2.2.3-javascript&X-Atmosphere-Transport=long-polling&X-Atmosphere-TrackMessageSize=true&Content-Type=charset%3Dutf-8&X-atmo-protocol=true&_=1773282731006 HTTP/1.1" 200 -
219.73.99.100 - - [12/Mar/2026:10:26:28 +0800] "GET /InternetTrading/longpoll/55136?X-Atmosphere-tracking-id=0&X-Atmosphere-Framework=2.2.3-javascript&X-Atmosphere-Transport=long-polling&X-Atmosphere-TrackMessageSize=true&Content-Type=charset%3Dutf-8&X-atmo-protocol=true&_=1773282727143 HTTP/1.1" 200 -
163.125.177.201 - - [12/Mar/2026:10:26:31 +0800] "GET /InternetTrading/longpoll/53995?X-Atmosphere-tracking-id=0&X-Atmosphere-Framework=2.2.3-javascript&X-Atmosphere-Transport=long-polling&X-Atmosphere-TrackMessageSize=true&Content-Type=charset%3Dutf-8&X-atmo-protocol=true&_=1773282729802 HTTP/1.1" 200 -
14.0.170.57 - - [12/Mar/2026:10:26:31 +0800] "GET /InternetTrading/longpoll/A8127?X-Atmosphere-tracking-id=0&X-Atmosphere-Framework=2.2.3-javascript&X-Atmosphere-Transport=long-polling&X-Atmosphere-TrackMessageSize=true&Content-Type=charset%3Dutf-8&X-atmo-protocol=true&_=1773282731032 HTTP/1.1" 200 -
120.230.125.143 - - [12/Mar/2026:10:26:31 +0800] "POST /InternetTrading/SessionErrorLogger HTTP/1.1" 200 117
120.230.125.143 - - [12/Mar/2026:10:26:31 +0800] "POST /InternetTrading/MarketStatus HTTP/1.1" 200 772
120.230.125.143 - - [12/Mar/2026:10:26:31 +0800] "POST /InternetTrading/SessionErrorLogger HTTP/1.1" 200 117
120.230.125.143 - - [12/Mar/2026:10:26:32 +0800] "POST /InternetTrading/Heartbeat HTTP/1.1" 200 32
219.73.99.100 - - [12/Mar/2026:10:26:33 +0800] "GET /InternetTrading/longpoll/55136?X-Atmosphere-tracking-id=0&X-Atmosphere-Framework=2.2.3-javascript&X-Atmosphere-Transport=long-polling&X-Atmosphere-TrackMessageSize=true&Content-Type=charset%3Dutf-8&X-atmo-protocol=true&_=1773282732178 HTTP/1.1" 200 -
120.230.125.143 - - [12/Mar/2026:10:26:33 +0800] "GET /InternetTrading/longpoll/13975?X-Atmosphere-tracking-id=0&X-Atmosphere-Framework=2.2.3-javascript&X-Atmosphere-Transport=long-polling&X-Atmosphere-TrackMessageSize=true&Content-Type=charset%3Dutf-8&X-atmo-protocol=true&_=1773282737011 HTTP/1.1" 200 -
14.0.170.57 - - [12/Mar/2026:10:26:36 +0800] "GET /InternetTrading/longpoll/A8127?X-Atmosphere-tracking-id=0&X-Atmosphere-Framework=2.2.3-javascript&X-Atmosphere-Transport=long-polling&X-Atmosphere-TrackMessageSize=true&Content-Type=charset%3Dutf-8&X-atmo-protocol=true&_=1773282736100 HTTP/1.1" 200 -
163.125.177.201 - - [12/Mar/2026:10:26:37 +0800] "GET /InternetTrading/longpoll/53995?X-Atmosphere-tracking-id=0&X-Atmosphere-Framework=2.2.3-javascript&X-Atmosphere-Transport=long-polling&X-Atmosphere-TrackMessageSize=true&Content-Type=charset%3Dutf-8&X-atmo-protocol=true&_=1773282735810 HTTP/1.1" 200 -
219.73.99.100 - - [12/Mar/2026:10:26:38 +0800] "GET /InternetTrading/longpoll/55136?X-Atmosphere-tracking-id=0&X-Atmosphere-Framework=2.2.3-javascript&X-Atmosphere-Transport=long-polling&X-Atmosphere-TrackMessageSize=true&Content-Type=charset%3Dutf-8&X-atmo-protocol=true&_=1773282737208 HTTP/1.1" 200 -
120.230.125.143 - - [12/Mar/2026:10:26:39 +0800] "GET /InternetTrading/longpoll/13975?X-Atmosphere-tracking-id=0&X-Atmosphere-Framework=2.2.3-javascript&X-Atmosphere-Transport=long-polling&X-Atmosphere-TrackMessageSize=true&Content-Type=charset%3Dutf-8&X-atmo-protocol=true&_=1773282743004 HTTP/1.1" 200 -
14.0.170.57 - - [12/Mar/2026:10:26:41 +0800] "GET /InternetTrading/longpoll/A8127?X-Atmosphere-tracking-id=0&X-Atmosphere-Framework=2.2.3-javascript&X-Atmosphere-Transport=long-polling&X-Atmosphere-TrackMessageSize=true&Content-Type=charset%3Dutf-8&X-atmo-protocol=true&_=1773282741268 HTTP/1.1" 200 -
182.239.85.5 - - [12/Mar/2026:10:26:41 +0800] "GET /InternetTrading/tc/login.html HTTP/1.1" 200 1755
182.239.85.5 - - [12/Mar/2026:10:26:41 +0800] "GET /InternetTrading/tc/style_common.css?v=20200819161914 HTTP/1.1" 200 2540
182.239.85.5 - - [12/Mar/2026:10:26:41 +0800] "GET /InternetTrading/tc/style.css?v=20200819161914 HTTP/1.1" 200 1435
182.239.85.5 - - [12/Mar/2026:10:26:42 +0800] "GET /InternetTrading/jquery/jquery-migrate-3.0.0.js HTTP/1.1" 200 4963
182.239.85.5 - - [12/Mar/2026:10:26:42 +0800] "GET /InternetTrading/jquery/jquery.form-3.46.0.js HTTP/1.1" 200 5673
182.239.85.5 - - [12/Mar/2026:10:26:42 +0800] "GET /InternetTrading/jquery/jquery.validate-1.11.1.js HTTP/1.1" 200 7041
182.239.85.5 - - [12/Mar/2026:10:26:41 +0800] "GET /InternetTrading/jquery/jquery-3.3.1.js HTTP/1.1" 200 80650
182.239.85.5 - - [12/Mar/2026:10:26:42 +0800] "GET /InternetTrading/jquery/additional-methods.js HTTP/1.1" 200 2238
182.239.85.5 - - [12/Mar/2026:10:26:42 +0800] "GET /InternetTrading/jquery/jquery.timer-0.9.16.js HTTP/1.1" 200 542
182.239.85.5 - - [12/Mar/2026:10:26:42 +0800] "GET /InternetTrading/jquery/jquery.blockUI-2.66.0.js HTTP/1.1" 200 6651
182.239.85.5 - - [12/Mar/2026:10:26:42 +0800] "GET /InternetTrading/jquery/jquery-ui-personalized-1.6rc2.min.js HTTP/1.1" 200 55543
182.239.85.5 - - [12/Mar/2026:10:26:42 +0800] "GET /InternetTrading/jquery/jquery.getParams.js HTTP/1.1" 200 587
182.239.85.5 - - [12/Mar/2026:10:26:42 +0800] "GET /InternetTrading/js/constants.js?jsv=20200819161914 HTTP/1.1" 200 400
182.239.85.5 - - [12/Mar/2026:10:26:42 +0800] "GET /InternetTrading/tc/user/translation.js?jsv=20200819161914 HTTP/1.1" 200 12818
182.239.85.5 - - [12/Mar/2026:10:26:42 +0800] "GET /InternetTrading/js/haitong.js?jsv=20200819161914 HTTP/1.1" 200 3881
182.239.85.5 - - [12/Mar/2026:10:26:42 +0800] "GET /InternetTrading/js/util.js?jsv=20200819161914 HTTP/1.1" 200 6636
182.239.85.5 - - [12/Mar/2026:10:26:42 +0800] "GET /InternetTrading/js/init.js?jsv=20200819161914 HTTP/1.1" 200 886
182.239.85.5 - - [12/Mar/2026:10:26:42 +0800] "GET /InternetTrading/js/rsautil.js?jsv=20200819161914 HTTP/1.1" 200 1017
182.239.85.5 - - [12/Mar/2026:10:26:42 +0800] "GET /InternetTrading/js/login.js?jsv=20200819161914 HTTP/1.1" 200 1684
182.239.85.5 - - [12/Mar/2026:10:26:42 +0800] "GET /InternetTrading/js/version.js?jsv=20200819161914 HTTP/1.1" 200 85
182.239.85.5 - - [12/Mar/2026:10:26:42 +0800] "GET /InternetTrading/tc/user/custom_variables.js?jsv=20200819161914 HTTP/1.1" 200 275
182.239.85.5 - - [12/Mar/2026:10:26:42 +0800] "GET /InternetTrading/js/string_extend.js?jsv=20200819161914 HTTP/1.1" 200 272
182.239.85.5 - - [12/Mar/2026:10:26:42 +0800] "GET /InternetTrading/js/pidcrypt.js?jsv=20200819161914 HTTP/1.1" 200 982
182.239.85.5 - - [12/Mar/2026:10:26:42 +0800] "GET /InternetTrading/js/pidcrypt_util.js?jsv=20200819161914 HTTP/1.1" 200 1206
182.239.85.5 - - [12/Mar/2026:10:26:42 +0800] "GET /InternetTrading/js/aes_cbc.js?jsv=20200819161914 HTTP/1.1" 200 2043
182.239.85.5 - - [12/Mar/2026:10:26:42 +0800] "GET /InternetTrading/js/aes_core.js?jsv=20200819161914 HTTP/1.1" 200 2106
182.239.85.5 - - [12/Mar/2026:10:26:42 +0800] "GET /InternetTrading/js/md5.js?jsv=20200819161914 HTTP/1.1" 200 1730
182.239.85.5 - - [12/Mar/2026:10:26:42 +0800] "GET /InternetTrading/js/asn1.js?jsv=20200819161914 HTTP/1.1" 200 3099
182.239.85.5 - - [12/Mar/2026:10:26:42 +0800] "GET /InternetTrading/js/sha256.js?jsv=20200819161914 HTTP/1.1" 200 1362
182.239.85.5 - - [12/Mar/2026:10:26:42 +0800] "GET /InternetTrading/js/prng4.js?jsv=20200819161914 HTTP/1.1" 200 303
182.239.85.5 - - [12/Mar/2026:10:26:42 +0800] "GET /InternetTrading/js/jsbn.js?jsv=20200819161914 HTTP/1.1" 200 6736
182.239.85.5 - - [12/Mar/2026:10:26:42 +0800] "GET /InternetTrading/js/rng.js?jsv=20200819161914 HTTP/1.1" 200 481
182.239.85.5 - - [12/Mar/2026:10:26:42 +0800] "GET /InternetTrading/js/rsa.js?jsv=20200819161914 HTTP/1.1" 200 1658
182.239.85.5 - - [12/Mar/2026:10:26:42 +0800] "GET /InternetTrading/tc/images/bg_login.jpg HTTP/1.1" 200 29296
219.73.99.100 - - [12/Mar/2026:10:26:43 +0800] "GET /InternetTrading/longpoll/55136?X-Atmosphere-tracking-id=0&X-Atmosphere-Framework=2.2.3-javascript&X-Atmosphere-Transport=long-polling&X-Atmosphere-TrackMessageSize=true&Content-Type=charset%3Dutf-8&X-atmo-protocol=true&_=1773282742239 HTTP/1.1" 200 -
163.125.177.201 - - [12/Mar/2026:10:26:43 +0800] "GET /InternetTrading/longpoll/53995?X-Atmosphere-tracking-id=0&X-Atmosphere-Framework=2.2.3-javascript&X-Atmosphere-Transport=long-polling&X-Atmosphere-TrackMessageSize=true&Content-Type=charset%3Dutf-8&X-atmo-protocol=true&_=1773282741800 HTTP/1.1" 200 -
182.239.85.5 - - [12/Mar/2026:10:26:43 +0800] "GET /InternetTrading/tc/dialog.html?1773282742334 HTTP/1.1" 200 3188
182.239.85.5 - - [12/Mar/2026:10:26:44 +0800] "GET /InternetTrading/tc/images/favicon.ico HTTP/1.1" 404 682
182.239.85.5 - - [12/Mar/2026:10:26:44 +0800] "POST /InternetTrading/SystemMaintenanceCheck HTTP/1.1" 200 119
182.239.85.5 - - [12/Mar/2026:10:26:44 +0800] "GET /InternetTrading/tc/images/favicon.ico HTTP/1.1" 404 682
219.73.99.100 - - [12/Mar/2026:10:26:44 +0800] "POST /InternetTrading/SessionErrorLogger HTTP/1.1" 200 117
219.73.99.100 - - [12/Mar/2026:10:26:44 +0800] "POST /InternetTrading/Heartbeat HTTP/1.1" 200 32
219.73.99.100 - - [12/Mar/2026:10:26:44 +0800] "POST /InternetTrading/SessionErrorLogger HTTP/1.1" 200 117
219.73.99.100 - - [12/Mar/2026:10:26:44 +0800] "POST /InternetTrading/MarketStatus HTTP/1.1" 200 772
120.230.125.143 - - [12/Mar/2026:10:26:45 +0800] "GET /InternetTrading/longpoll/13975?X-Atmosphere-tracking-id=0&X-Atmosphere-Framework=2.2.3-javascript&X-Atmosphere-Transport=long-polling&X-Atmosphere-TrackMessageSize=true&Content-Type=charset%3Dutf-8&X-atmo-protocol=true&_=1773282749004 HTTP/1.1" 200 -
14.0.170.57 - - [12/Mar/2026:10:26:46 +0800] "GET /InternetTrading/longpoll/A8127?X-Atmosphere-tracking-id=0&X-Atmosphere-Framework=2.2.3-javascript&X-Atmosphere-Transport=long-polling&X-Atmosphere-TrackMessageSize=true&Content-Type=charset%3Dutf-8&X-atmo-protocol=true&_=1773282746493 HTTP/1.1" 200 -
219.73.99.100 - - [12/Mar/2026:10:26:48 +0800] "GET /InternetTrading/longpoll/55136?X-Atmosphere-tracking-id=0&X-Atmosphere-Framework=2.2.3-javascript&X-Atmosphere-Transport=long-polling&X-Atmosphere-TrackMessageSize=true&Content-Type=charset%3Dutf-8&X-atmo-protocol=true&_=1773282747295 HTTP/1.1" 200 -
182.239.85.5 - - [12/Mar/2026:10:26:49 +0800] "POST /InternetTrading/CheckIsEnableRSA HTTP/1.1" 200 1
163.125.177.201 - - [12/Mar/2026:10:26:49 +0800] "GET /InternetTrading/longpoll/53995?X-Atmosphere-tracking-id=0&X-Atmosphere-Framework=2.2.3-javascript&X-Atmosphere-Transport=long-polling&X-Atmosphere-TrackMessageSize=true&Content-Type=charset%3Dutf-8&X-atmo-protocol=true&_=1773282747795 HTTP/1.1" 200 -
182.239.85.5 - - [12/Mar/2026:10:26:49 +0800] "POST /InternetTrading/CheckPwEncryptType HTTP/1.1" 200 -
182.239.85.5 - - [12/Mar/2026:10:26:49 +0800] "POST /InternetTrading/LoginKey HTTP/1.1" 200 -
182.239.85.5 - - [12/Mar/2026:10:26:49 +0800] "GET /InternetTrading/jquery/wait.gif HTTP/1.1" 200 432
182.239.85.5 - - [12/Mar/2026:10:26:49 +0800] "POST /InternetTrading/Login HTTP/1.1" 200 459
182.239.85.5 - - [12/Mar/2026:10:26:51 +0800] "GET /InternetTrading/tc/2FA_authentication.html?language=tc&version=HTML HTTP/1.1" 200 1468
182.239.85.5 - - [12/Mar/2026:10:26:51 +0800] "GET /InternetTrading/tc/style_common.css?v=20200819161914 HTTP/1.1" 200 2540
182.239.85.5 - - [12/Mar/2026:10:26:51 +0800] "GET /InternetTrading/tc/style.css?v=20200819161914 HTTP/1.1" 200 1435
182.239.85.5 - - [12/Mar/2026:10:26:51 +0800] "GET /InternetTrading/jquery/jquery-migrate-3.0.0.js HTTP/1.1" 200 4963
182.239.85.5 - - [12/Mar/2026:10:26:51 +0800] "GET /InternetTrading/jquery/jquery-3.3.1.js HTTP/1.1" 200 80650
182.239.85.5 - - [12/Mar/2026:10:26:51 +0800] "GET /InternetTrading/jquery/jquery.timer-0.9.16.js HTTP/1.1" 200 542
182.239.85.5 - - [12/Mar/2026:10:26:51 +0800] "GET /InternetTrading/jquery/additional-methods.js HTTP/1.1" 200 2238
182.239.85.5 - - [12/Mar/2026:10:26:51 +0800] "GET /InternetTrading/jquery/jquery.form-3.46.0.js HTTP/1.1" 200 5673
182.239.85.5 - - [12/Mar/2026:10:26:51 +0800] "GET /InternetTrading/jquery/jquery.validate-1.11.1.js HTTP/1.1" 200 7041
182.239.85.5 - - [12/Mar/2026:10:26:51 +0800] "GET /InternetTrading/jquery/jquery.blockUI-2.66.0-iAsiaEdition.js HTTP/1.1" 200 6651
182.239.85.5 - - [12/Mar/2026:10:26:51 +0800] "GET /InternetTrading/jquery/jquery.getParams.js HTTP/1.1" 200 587
182.239.85.5 - - [12/Mar/2026:10:26:51 +0800] "GET /InternetTrading/jquery/jquery-ui-1.10.3.js HTTP/1.1" 200 69642
182.239.85.5 - - [12/Mar/2026:10:26:51 +0800] "GET /InternetTrading/js/util.js?jsv=20200819161914 HTTP/1.1" 200 6636
182.239.85.5 - - [12/Mar/2026:10:26:51 +0800] "GET /InternetTrading/js/constants.js?jsv=20200819161914 HTTP/1.1" 200 400
182.239.85.5 - - [12/Mar/2026:10:26:51 +0800] "GET /InternetTrading/js/haitong.js?jsv=20200819161914 HTTP/1.1" 200 3881
182.239.85.5 - - [12/Mar/2026:10:26:51 +0800] "GET /InternetTrading/tc/user/translation.js?jsv=20200819161914 HTTP/1.1" 200 12818
182.239.85.5 - - [12/Mar/2026:10:26:51 +0800] "GET /InternetTrading/tc/user/custom_variables.js?jsv=20200819161914 HTTP/1.1" 200 275
182.239.85.5 - - [12/Mar/2026:10:26:51 +0800] "GET /InternetTrading/js/init.js?jsv=20200819161914 HTTP/1.1" 200 886
182.239.85.5 - - [12/Mar/2026:10:26:51 +0800] "GET /InternetTrading/js/2fa.js?jsv=20200819161914 HTTP/1.1" 200 1953
182.239.85.5 - - [12/Mar/2026:10:26:51 +0800] "GET /InternetTrading/settings/webpage_settings.js?jsv=20200819161914 HTTP/1.1" 200 33
182.239.85.5 - - [12/Mar/2026:10:26:51 +0800] "GET /InternetTrading/js/login.js?jsv=20200819161914 HTTP/1.1" 200 1684
14.0.170.57 - - [12/Mar/2026:10:26:51 +0800] "GET /InternetTrading/longpoll/A8127?X-Atmosphere-tracking-id=0&X-Atmosphere-Framework=2.2.3-javascript&X-Atmosphere-Transport=long-polling&X-Atmosphere-TrackMessageSize=true&Content-Type=charset%3Dutf-8&X-atmo-protocol=true&_=1773282751600 HTTP/1.1" 200 -
120.230.125.143 - - [12/Mar/2026:10:26:51 +0800] "GET /InternetTrading/longpoll/13975?X-Atmosphere-tracking-id=0&X-Atmosphere-Framework=2.2.3-javascript&X-Atmosphere-Transport=long-polling&X-Atmosphere-TrackMessageSize=true&Content-Type=charset%3Dutf-8&X-atmo-protocol=true&_=1773282755005 HTTP/1.1" 200 -
182.239.85.5 - - [12/Mar/2026:10:26:52 +0800] "GET /InternetTrading/tc/images/logo.png HTTP/1.1" 200 7042
182.239.85.5 - - [12/Mar/2026:10:26:52 +0800] "GET /InternetTrading/js/login.js?jsv=20200819161914 HTTP/1.1" 200 1684
182.239.85.5 - - [12/Mar/2026:10:26:52 +0800] "GET /InternetTrading/jquery/wait.gif HTTP/1.1" 200 432
182.239.85.5 - - [12/Mar/2026:10:26:52 +0800] "GET /InternetTrading/tc/dialog.html?1773282751069 HTTP/1.1" 200 3188
182.239.85.5 - - [12/Mar/2026:10:26:52 +0800] "POST /InternetTrading/SystemMaintenanceCheck HTTP/1.1" 200 119
182.239.85.5 - - [12/Mar/2026:10:26:52 +0800] "POST /InternetTrading/Get2FAInfoService HTTP/1.1" 200 109
182.239.85.5 - - [12/Mar/2026:10:26:52 +0800] "POST /InternetTrading/SystemMaintenanceCheck HTTP/1.1" 200 119
182.239.85.5 - - [12/Mar/2026:10:26:52 +0800] "GET /favicon.ico HTTP/1.1" 404 196
219.73.99.100 - - [12/Mar/2026:10:26:53 +0800] "GET /InternetTrading/longpoll/55136?X-Atmosphere-tracking-id=0&X-Atmosphere-Framework=2.2.3-javascript&X-Atmosphere-Transport=long-polling&X-Atmosphere-TrackMessageSize=true&Content-Type=charset%3Dutf-8&X-atmo-protocol=true&_=1773282752314 HTTP/1.1" 200 -
14.0.170.57 - - [12/Mar/2026:10:26:54 +0800] "POST /InternetTrading/SessionErrorLogger HTTP/1.1" 200 117
14.0.170.57 - - [12/Mar/2026:10:26:55 +0800] "POST /InternetTrading/MarketStatus HTTP/1.1" 200 772
163.125.177.201 - - [12/Mar/2026:10:26:55 +0800] "GET /InternetTrading/longpoll/53995?X-Atmosphere-tracking-id=0&X-Atmosphere-Framework=2.2.3-javascript&X-Atmosphere-Transport=long-polling&X-Atmosphere-TrackMessageSize=true&Content-Type=charset%3Dutf-8&X-atmo-protocol=true&_=1773282753803 HTTP/1.1" 200 -
14.0.170.57 - - [12/Mar/2026:10:26:56 +0800] "GET /InternetTrading/longpoll/A8127?X-Atmosphere-tracking-id=0&X-Atmosphere-Framework=2.2.3-javascript&X-Atmosphere-Transport=long-polling&X-Atmosphere-TrackMessageSize=true&Content-Type=charset%3Dutf-8&X-atmo-protocol=true&_=1773282756725 HTTP/1.1" 200 -
14.0.170.57 - - [12/Mar/2026:10:26:57 +0800] "POST /InternetTrading/SessionErrorLogger HTTP/1.1" 200 117
14.0.170.57 - - [12/Mar/2026:10:26:57 +0800] "POST /InternetTrading/Heartbeat HTTP/1.1" 200 32
120.230.125.143 - - [12/Mar/2026:10:26:57 +0800] "GET /InternetTrading/longpoll/13975?X-Atmosphere-tracking-id=0&X-Atmosphere-Framework=2.2.3-javascript&X-Atmosphere-Transport=long-polling&X-Atmosphere-TrackMessageSize=true&Content-Type=charset%3Dutf-8&X-atmo-protocol=true&_=1773282761006 HTTP/1.1" 200 -
219.73.99.100 - - [12/Mar/2026:10:26:58 +0800] "GET /InternetTrading/longpoll/55136?X-Atmosphere-tracking-id=0&X-Atmosphere-Framework=2.2.3-javascript&X-Atmosphere-Transport=long-polling&X-Atmosphere-TrackMessageSize=true&Content-Type=charset%3Dutf-8&X-atmo-protocol=true&_=1773282757351 HTTP/1.1" 200 -
163.125.177.201 - - [12/Mar/2026:10:27:01 +0800] "GET /InternetTrading/longpoll/53995?X-Atmosphere-tracking-id=0&X-Atmosphere-Framework=2.2.3-javascript&X-Atmosphere-Transport=long-polling&X-Atmosphere-TrackMessageSize=true&Content-Type=charset%3Dutf-8&X-atmo-protocol=true&_=1773282759805 HTTP/1.1" 200 -
14.0.170.57 - - [12/Mar/2026:10:27:02 +0800] "GET /InternetTrading/longpoll/A8127?X-Atmosphere-tracking-id=0&X-Atmosphere-Framework=2.2.3-javascript&X-Atmosphere-Transport=long-polling&X-Atmosphere-TrackMessageSize=true&Content-Type=charset%3Dutf-8&X-atmo-protocol=true&_=1773282761789 HTTP/1.1" 200 -
120.230.125.143 - - [12/Mar/2026:10:27:02 +0800] "POST /InternetTrading/SessionErrorLogger HTTP/1.1" 200 117
120.230.125.143 - - [12/Mar/2026:10:27:02 +0800] "POST /InternetTrading/MarketStatus HTTP/1.1" 200 772
120.230.125.143 - - [12/Mar/2026:10:27:02 +0800] "POST /InternetTrading/SessionErrorLogger HTTP/1.1" 200 117
120.230.125.143 - - [12/Mar/2026:10:27:02 +0800] "POST /InternetTrading/Heartbeat HTTP/1.1" 200 32
219.73.99.100 - - [12/Mar/2026:10:27:03 +0800] "GET /InternetTrading/longpoll/55136?X-Atmosphere-tracking-id=0&X-Atmosphere-Framework=2.2.3-javascript&X-Atmosphere-Transport=long-polling&X-Atmosphere-TrackMessageSize=true&Content-Type=charset%3Dutf-8&X-atmo-protocol=true&_=1773282762377 HTTP/1.1" 200 -
120.230.125.143 - - [12/Mar/2026:10:27:03 +0800] "GET /InternetTrading/longpoll/13975?X-Atmosphere-tracking-id=0&X-Atmosphere-Framework=2.2.3-javascript&X-Atmosphere-Transport=long-polling&X-Atmosphere-TrackMessageSize=true&Content-Type=charset%3Dutf-8&X-atmo-protocol=true&_=1773282767006 HTTP/1.1" 200 -
163.125.177.201 - - [12/Mar/2026:10:27:07 +0800] "GET /InternetTrading/longpoll/53995?X-Atmosphere-tracking-id=0&X-Atmosphere-Framework=2.2.3-javascript&X-Atmosphere-Transport=long-polling&X-Atmosphere-TrackMessageSize=true&Content-Type=charset%3Dutf-8&X-atmo-protocol=true&_=1773282765800 HTTP/1.1" 200 -
14.0.170.57 - - [12/Mar/2026:10:27:07 +0800] "GET /InternetTrading/longpoll/A8127?X-Atmosphere-tracking-id=0&X-Atmosphere-Framework=2.2.3-javascript&X-Atmosphere-Transport=long-polling&X-Atmosphere-TrackMessageSize=true&Content-Type=charset%3Dutf-8&X-atmo-protocol=true&_=1773282766879 HTTP/1.1" 200 -
219.73.99.100 - - [12/Mar/2026:10:27:08 +0800] "GET /InternetTrading/longpoll/55136?X-Atmosphere-tracking-id=0&X-Atmosphere-Framework=2.2.3-javascript&X-Atmosphere-Transport=long-polling&X-Atmosphere-TrackMessageSize=true&Content-Type=charset%3Dutf-8&X-atmo-protocol=true&_=1773282767407 HTTP/1.1" 200 -
120.230.125.143 - - [12/Mar/2026:10:27:09 +0800] "GET /InternetTrading/longpoll/13975?X-Atmosphere-tracking-id=0&X-Atmosphere-Framework=2.2.3-javascript&X-Atmosphere-Transport=long-polling&X-Atmosphere-TrackMessageSize=true&Content-Type=charset%3Dutf-8&X-atmo-protocol=true&_=1773282773005 HTTP/1.1" 200 -
14.0.170.57 - - [12/Mar/2026:10:27:12 +0800] "GET /InternetTrading/longpoll/A8127?X-Atmosphere-tracking-id=0&X-Atmosphere-Framework=2.2.3-javascript&X-Atmosphere-Transport=long-polling&X-Atmosphere-TrackMessageSize=true&Content-Type=charset%3Dutf-8&X-atmo-protocol=true&_=1773282772076 HTTP/1.1" 200 -
219.73.99.100 - - [12/Mar/2026:10:27:13 +0800] "GET /InternetTrading/longpoll/55136?X-Atmosphere-tracking-id=0&X-Atmosphere-Framework=2.2.3-javascript&X-Atmosphere-Transport=long-polling&X-Atmosphere-TrackMessageSize=true&Content-Type=charset%3Dutf-8&X-atmo-protocol=true&_=1773282772432 HTTP/1.1" 200 -
163.125.177.201 - - [12/Mar/2026:10:27:13 +0800] "GET /InternetTrading/longpoll/53995?X-Atmosphere-tracking-id=0&X-Atmosphere-Framework=2.2.3-javascript&X-Atmosphere-Transport=long-polling&X-Atmosphere-TrackMessageSize=true&Content-Type=charset%3Dutf-8&X-atmo-protocol=true&_=1773282771800 HTTP/1.1" 200 -
219.73.99.100 - - [12/Mar/2026:10:27:14 +0800] "POST /InternetTrading/SessionErrorLogger HTTP/1.1" 200 117
219.73.99.100 - - [12/Mar/2026:10:27:14 +0800] "POST /InternetTrading/Heartbeat HTTP/1.1" 200 32
219.73.99.100 - - [12/Mar/2026:10:27:14 +0800] "POST /InternetTrading/SessionErrorLogger HTTP/1.1" 200 117
219.73.99.100 - - [12/Mar/2026:10:27:14 +0800] "POST /InternetTrading/MarketStatus HTTP/1.1" 200 772
120.230.125.143 - - [12/Mar/2026:10:27:15 +0800] "GET /InternetTrading/longpoll/13975?X-Atmosphere-tracking-id=0&X-Atmosphere-Framework=2.2.3-javascript&X-Atmosphere-Transport=long-polling&X-Atmosphere-TrackMessageSize=true&Content-Type=charset%3Dutf-8&X-atmo-protocol=true&_=1773282779006 HTTP/1.1" 200 -
14.0.170.57 - - [12/Mar/2026:10:27:17 +0800] "GET /InternetTrading/longpoll/A8127?X-Atmosphere-tracking-id=0&X-Atmosphere-Framework=2.2.3-javascript&X-Atmosphere-Transport=long-polling&X-Atmosphere-TrackMessageSize=true&Content-Type=charset%3Dutf-8&X-atmo-protocol=true&_=1773282777232 HTTP/1.1" 200 -
219.73.99.100 - - [12/Mar/2026:10:27:18 +0800] "GET /InternetTrading/longpoll/55136?X-Atmosphere-tracking-id=0&X-Atmosphere-Framework=2.2.3-javascript&X-Atmosphere-Transport=long-polling&X-Atmosphere-TrackMessageSize=true&Content-Type=charset%3Dutf-8&X-atmo-protocol=true&_=1773282777454 HTTP/1.1" 200 -
163.125.177.201 - - [12/Mar/2026:10:27:19 +0800] "GET /InternetTrading/longpoll/53995?X-Atmosphere-tracking-id=0&X-Atmosphere-Framework=2.2.3-javascript&X-Atmosphere-Transport=long-polling&X-Atmosphere-TrackMessageSize=true&Content-Type=charset%3Dutf-8&X-atmo-protocol=true&_=1773282777809 HTTP/1.1" 200 -
120.230.125.143 - - [12/Mar/2026:10:27:21 +0800] "GET /InternetTrading/longpoll/13975?X-Atmosphere-tracking-id=0&X-Atmosphere-Framework=2.2.3-javascript&X-Atmosphere-Transport=long-polling&X-Atmosphere-TrackMessageSize=true&Content-Type=charset%3Dutf-8&X-atmo-protocol=true&_=1773282785006 HTTP/1.1" 200 -
182.239.85.5 - - [12/Mar/2026:10:27:22 +0800] "POST /InternetTrading/Heartbeat2FAService HTTP/1.1" 200 1
14.0.170.57 - - [12/Mar/2026:10:27:22 +0800] "GET /InternetTrading/longpoll/A8127?X-Atmosphere-tracking-id=0&X-Atmosphere-Framework=2.2.3-javascript&X-Atmosphere-Transport=long-polling&X-Atmosphere-TrackMessageSize=true&Content-Type=charset%3Dutf-8&X-atmo-protocol=true&_=1773282782387 HTTP/1.1" 200 -
219.73.99.100 - - [12/Mar/2026:10:27:23 +0800] "GET /InternetTrading/longpoll/55136?X-Atmosphere-tracking-id=0&X-Atmosphere-Framework=2.2.3-javascript&X-Atmosphere-Transport=long-polling&X-Atmosphere-TrackMessageSize=true&Content-Type=charset%3Dutf-8&X-atmo-protocol=true&_=1773282782473 HTTP/1.1" 200 -
14.0.170.57 - - [12/Mar/2026:10:27:25 +0800] "POST /InternetTrading/SessionErrorLogger HTTP/1.1" 200 117
14.0.170.57 - - [12/Mar/2026:10:27:25 +0800] "POST /InternetTrading/MarketStatus HTTP/1.1" 200 772
163.125.177.201 - - [12/Mar/2026:10:27:25 +0800] "POST /InternetTrading/SessionErrorLogger HTTP/1.1" 200 117
163.125.177.201 - - [12/Mar/2026:10:27:25 +0800] "POST /InternetTrading/MarketStatus HTTP/1.1" 200 772
163.125.177.201 - - [12/Mar/2026:10:27:25 +0800] "POST /InternetTrading/SessionErrorLogger HTTP/1.1" 200 117
163.125.177.201 - - [12/Mar/2026:10:27:25 +0800] "POST /InternetTrading/Heartbeat HTTP/1.1" 200 32
163.125.177.201 - - [12/Mar/2026:10:27:25 +0800] "GET /InternetTrading/longpoll/53995?X-Atmosphere-tracking-id=0&X-Atmosphere-Framework=2.2.3-javascript&X-Atmosphere-Transport=long-polling&X-Atmosphere-TrackMessageSize=true&Content-Type=charset%3Dutf-8&X-atmo-protocol=true&_=1773282784460 HTTP/1.1" 200 -
182.239.85.5 - - [12/Mar/2026:10:27:27 +0800] "GET /InternetTrading/jquery/wait.gif HTTP/1.1" 200 432
182.239.85.5 - - [12/Mar/2026:10:27:27 +0800] "POST /InternetTrading/Verify2FAService HTTP/1.1" 200 425
14.0.170.57 - - [12/Mar/2026:10:27:27 +0800] "POST /InternetTrading/SessionErrorLogger HTTP/1.1" 200 117
14.0.170.57 - - [12/Mar/2026:10:27:27 +0800] "POST /InternetTrading/Heartbeat HTTP/1.1" 200 32
14.0.170.57 - - [12/Mar/2026:10:27:27 +0800] "GET /InternetTrading/longpoll/A8127?X-Atmosphere-tracking-id=0&X-Atmosphere-Framework=2.2.3-javascript&X-Atmosphere-Transport=long-polling&X-Atmosphere-TrackMessageSize=true&Content-Type=charset%3Dutf-8&X-atmo-protocol=true&_=1773282787630 HTTP/1.1" 200 -
120.230.125.143 - - [12/Mar/2026:10:27:27 +0800] "GET /InternetTrading/longpoll/13975?X-Atmosphere-tracking-id=0&X-Atmosphere-Framework=2.2.3-javascript&X-Atmosphere-Transport=long-polling&X-Atmosphere-TrackMessageSize=true&Content-Type=charset%3Dutf-8&X-atmo-protocol=true&_=1773282791006 HTTP/1.1" 200 -
182.239.85.5 - - [12/Mar/2026:10:27:28 +0800] "GET /InternetTrading/tc/main.html?language=tc&version=HTML HTTP/1.1" 200 3578
182.239.85.5 - - [12/Mar/2026:10:27:28 +0800] "GET /InternetTrading/jquery/ui.datepicker.css HTTP/1.1" 200 1145
182.239.85.5 - - [12/Mar/2026:10:27:28 +0800] "GET /InternetTrading/jquery/jquery.tablesorter-theme.blue.css HTTP/1.1" 200 2083
182.239.85.5 - - [12/Mar/2026:10:27:28 +0800] "GET /InternetTrading/jquery/dragtable-2.0.9.css HTTP/1.1" 200 316
182.239.85.5 - - [12/Mar/2026:10:27:28 +0800] "GET /InternetTrading/tc/style.css?v=20200819161914 HTTP/1.1" 200 1435
182.239.85.5 - - [12/Mar/2026:10:27:28 +0800] "GET /InternetTrading/tc/style_common.css?v=20200819161914 HTTP/1.1" 200 2540
182.239.85.5 - - [12/Mar/2026:10:27:28 +0800] "GET /InternetTrading/jquery/jquery-ui-1.10.3.css HTTP/1.1" 200 5283
182.239.85.5 - - [12/Mar/2026:10:27:28 +0800] "GET /InternetTrading/jquery/jquery-1.6.3.min.js HTTP/1.1" 200 32057
182.239.85.5 - - [12/Mar/2026:10:27:28 +0800] "GET /InternetTrading/js/aastock.js HTTP/1.1" 200 553
182.239.85.5 - - [12/Mar/2026:10:27:28 +0800] "GET /InternetTrading/jquery/jquery.ba-postmessage.js HTTP/1.1" 200 2990
182.239.85.5 - - [12/Mar/2026:10:27:28 +0800] "GET /InternetTrading/js/cache.js?jsv=20200819161914 HTTP/1.1" 200 940
182.239.85.5 - - [12/Mar/2026:10:27:28 +0800] "GET /InternetTrading/js/atmosphere.js HTTP/1.1" 200 13461
182.239.85.5 - - [12/Mar/2026:10:27:28 +0800] "GET /InternetTrading/jquery/jquery-migrate-3.0.0.js HTTP/1.1" 200 4963
182.239.85.5 - - [12/Mar/2026:10:27:28 +0800] "GET /InternetTrading/jquery/jquery-ui-1.10.3.js HTTP/1.1" 200 69642
182.239.85.5 - - [12/Mar/2026:10:27:28 +0800] "GET /InternetTrading/tc/css/jquery.jscrollpane.css HTTP/1.1" 404 690
182.239.85.5 - - [12/Mar/2026:10:27:28 +0800] "GET /InternetTrading/jquery/jquery-3.3.1.js HTTP/1.1" 200 80650
182.239.85.5 - - [12/Mar/2026:10:27:28 +0800] "GET /InternetTrading/jquery/additional-methods.js HTTP/1.1" 200 2238
182.239.85.5 - - [12/Mar/2026:10:27:28 +0800] "GET /InternetTrading/jquery/jquery.validate-1.11.1.js HTTP/1.1" 200 7041
182.239.85.5 - - [12/Mar/2026:10:27:28 +0800] "GET /InternetTrading/jquery/jquery.form-3.46.0.js HTTP/1.1" 200 5673
182.239.85.5 - - [12/Mar/2026:10:27:28 +0800] "GET /InternetTrading/jquery/jquery.mousewheel-3.1.4.js HTTP/1.1" 200 822
182.239.85.5 - - [12/Mar/2026:10:27:28 +0800] "GET /InternetTrading/jquery/jquery.blockUI-2.66.0.js HTTP/1.1" 200 6651
182.239.85.5 - - [12/Mar/2026:10:27:28 +0800] "GET /InternetTrading/jquery/jquery.tablesorter.widgets-2.14.5.js HTTP/1.1" 200 8611
182.239.85.5 - - [12/Mar/2026:10:27:28 +0800] "GET /InternetTrading/jquery/jquery.tablesorter-2.14.5.js HTTP/1.1" 200 8901
182.239.85.5 - - [12/Mar/2026:10:27:28 +0800] "GET /InternetTrading/jquery/jquery.combobox.packed.js HTTP/1.1" 200 3387
182.239.85.5 - - [12/Mar/2026:10:27:28 +0800] "GET /InternetTrading/jquery/jquery.timer-0.9.16.js HTTP/1.1" 200 542
182.239.85.5 - - [12/Mar/2026:10:27:28 +0800] "GET /InternetTrading/jquery/jquery.selectboxes.pack.js HTTP/1.1" 200 1640
182.239.85.5 - - [12/Mar/2026:10:27:28 +0800] "GET /InternetTrading/settings/crm_display_settings.js?jsv=20200819161914 HTTP/1.1" 200 1781
182.239.85.5 - - [12/Mar/2026:10:27:28 +0800] "GET /InternetTrading/json/json2.js?jsv=20200819161914 HTTP/1.1" 200 1372
182.239.85.5 - - [12/Mar/2026:10:27:28 +0800] "GET /InternetTrading/js/constants.js?jsv=20200819161914 HTTP/1.1" 200 400
182.239.85.5 - - [12/Mar/2026:10:27:28 +0800] "GET /InternetTrading/jquery/globalize-0.1.0a1.js HTTP/1.1" 200 6984
182.239.85.5 - - [12/Mar/2026:10:27:28 +0800] "GET /InternetTrading/tc/user/custom_variables.js?jsv=20200819161914 HTTP/1.1" 200 275
182.239.85.5 - - [12/Mar/2026:10:27:28 +0800] "GET /InternetTrading/tc/user/translation.js?jsv=20200819161914 HTTP/1.1" 200 12818
182.239.85.5 - - [12/Mar/2026:10:27:28 +0800] "GET /InternetTrading/js/init.js?jsv=20200819161914 HTTP/1.1" 200 886
182.239.85.5 - - [12/Mar/2026:10:27:28 +0800] "GET /InternetTrading/js/rsautil.js?jsv=20200819161914 HTTP/1.1" 200 1017
219.73.99.100 - - [12/Mar/2026:10:27:28 +0800] "GET /InternetTrading/longpoll/55136?X-Atmosphere-tracking-id=0&X-Atmosphere-Framework=2.2.3-javascript&X-Atmosphere-Transport=long-polling&X-Atmosphere-TrackMessageSize=true&Content-Type=charset%3Dutf-8&X-atmo-protocol=true&_=1773282787500 HTTP/1.1" 200 -
182.239.85.5 - - [12/Mar/2026:10:27:28 +0800] "GET /InternetTrading/jquery/date.js HTTP/1.1" 200 2807
182.239.85.5 - - [12/Mar/2026:10:27:28 +0800] "GET /InternetTrading/js/haitong.js?jsv=20200819161914 HTTP/1.1" 200 3881
182.239.85.5 - - [12/Mar/2026:10:27:28 +0800] "GET /InternetTrading/js/util.js?jsv=20200819161914 HTTP/1.1" 200 6636
182.239.85.5 - - [12/Mar/2026:10:27:28 +0800] "GET /InternetTrading/js/main.js?jsv=20200819161914 HTTP/1.1" 200 30725
182.239.85.5 - - [12/Mar/2026:10:27:28 +0800] "GET /InternetTrading/js/corporate.js?jsv=20200819161914 HTTP/1.1" 200 1575
182.239.85.5 - - [12/Mar/2026:10:27:28 +0800] "GET /InternetTrading/js/update_mdf.js?jsv=20200819161914 HTTP/1.1" 200 856
182.239.85.5 - - [12/Mar/2026:10:27:29 +0800] "GET /InternetTrading/js/validation_hkex.js?jsv=20200819161914 HTTP/1.1" 200 2300
182.239.85.5 - - [12/Mar/2026:10:27:29 +0800] "GET /InternetTrading/js/validation_bshare.js?jsv=20200819161914 HTTP/1.1" 200 1567
182.239.85.5 - - [12/Mar/2026:10:27:29 +0800] "GET /InternetTrading/js/validation_ashare.js?jsv=20200819161914 HTTP/1.1" 200 2482
182.239.85.5 - - [12/Mar/2026:10:27:29 +0800] "GET /InternetTrading/js/validation_global.js?jsv=20200819161914 HTTP/1.1" 200 1564
182.239.85.5 - - [12/Mar/2026:10:27:29 +0800] "GET /InternetTrading/js/account.js?jsv=20200819161914 HTTP/1.1" 200 2656
182.239.85.5 - - [12/Mar/2026:10:27:29 +0800] "GET /InternetTrading/js/ipo.js?jsv=20200819161914 HTTP/1.1" 200 5726
182.239.85.5 - - [12/Mar/2026:10:27:29 +0800] "GET /InternetTrading/jquery/jquery.getParams.js HTTP/1.1" 200 587
182.239.85.5 - - [12/Mar/2026:10:27:29 +0800] "GET /InternetTrading/js/cash_transfer.js?jsv=20200819161914 HTTP/1.1" 200 2712
182.239.85.5 - - [12/Mar/2026:10:27:29 +0800] "GET /InternetTrading/js/mm.js?jsv=20200819161914 HTTP/1.1" 200 487
182.239.85.5 - - [12/Mar/2026:10:27:29 +0800] "GET /InternetTrading/js/isec_calculator.js?jsv=20200819161914 HTTP/1.1" 200 1364
182.239.85.5 - - [12/Mar/2026:10:27:29 +0800] "GET /InternetTrading/js/payment_instruction.js?jsv=20200819161914 HTTP/1.1" 200 2178
182.239.85.5 - - [12/Mar/2026:10:27:29 +0800] "GET /InternetTrading/js/payment_instruction_IMOS.js?jsv=20200819161914 HTTP/1.1" 200 6874
182.239.85.5 - - [12/Mar/2026:10:27:29 +0800] "GET /InternetTrading/js/eStatement.js?jsv=20200819161914 HTTP/1.1" 200 562
182.239.85.5 - - [12/Mar/2026:10:27:29 +0800] "GET /InternetTrading/ExchangeList?fmt=js&jsv=20200819161914 HTTP/1.1" 200 146
182.239.85.5 - - [12/Mar/2026:10:27:29 +0800] "GET /InternetTrading/js/pidcrypt.js?jsv=20200819161914 HTTP/1.1" 200 982
182.239.85.5 - - [12/Mar/2026:10:27:29 +0800] "GET /InternetTrading/js/aes_cbc.js?jsv=20200819161914 HTTP/1.1" 200 2043
182.239.85.5 - - [12/Mar/2026:10:27:29 +0800] "GET /InternetTrading/js/spread_cache.js?jsv=20200819161914 HTTP/1.1" 200 908
182.239.85.5 - - [12/Mar/2026:10:27:29 +0800] "GET /InternetTrading/js/aes_core.js?jsv=20200819161914 HTTP/1.1" 200 2106
182.239.85.5 - - [12/Mar/2026:10:27:29 +0800] "GET /InternetTrading/js/asn1.js?jsv=20200819161914 HTTP/1.1" 200 3099
182.239.85.5 - - [12/Mar/2026:10:27:29 +0800] "GET /InternetTrading/js/md5.js?jsv=20200819161914 HTTP/1.1" 200 1730
182.239.85.5 - - [12/Mar/2026:10:27:29 +0800] "GET /InternetTrading/js/string_extend.js?jsv=20200819161914 HTTP/1.1" 200 272
182.239.85.5 - - [12/Mar/2026:10:27:29 +0800] "GET /InternetTrading/js/pidcrypt_util.js?jsv=20200819161914 HTTP/1.1" 200 1206
182.239.85.5 - - [12/Mar/2026:10:27:29 +0800] "GET /InternetTrading/js/sha256.js?jsv=20200819161914 HTTP/1.1" 200 1362
182.239.85.5 - - [12/Mar/2026:10:27:30 +0800] "GET /InternetTrading/js/jsbn.js?jsv=20200819161914 HTTP/1.1" 200 6736
182.239.85.5 - - [12/Mar/2026:10:27:30 +0800] "GET /InternetTrading/js/prng4.js?jsv=20200819161914 HTTP/1.1" 200 303
182.239.85.5 - - [12/Mar/2026:10:27:30 +0800] "GET /InternetTrading/js/rsa.js?jsv=20200819161914 HTTP/1.1" 200 1658
182.239.85.5 - - [12/Mar/2026:10:27:30 +0800] "GET /InternetTrading/js/aes.js?jsv=20200819161914 HTTP/1.1" 200 4816
182.239.85.5 - - [12/Mar/2026:10:27:30 +0800] "GET /InternetTrading/js/utilSpec.js?jsv=20200819161914 HTTP/1.1" 200 27
182.239.85.5 - - [12/Mar/2026:10:27:30 +0800] "GET /InternetTrading/js/update_lastlogin.js?jsv=20200819161914 HTTP/1.1" 200 980
182.239.85.5 - - [12/Mar/2026:10:27:30 +0800] "GET /InternetTrading/js/pw_alert.js?jsv=20200819161914 HTTP/1.1" 200 418
182.239.85.5 - - [12/Mar/2026:10:27:30 +0800] "GET /InternetTrading/js/jquery.jscrollpane.js HTTP/1.1" 404 685
182.239.85.5 - - [12/Mar/2026:10:27:30 +0800] "GET /InternetTrading/js/jquery.mousewheel.js HTTP/1.1" 404 684
182.239.85.5 - - [12/Mar/2026:10:27:30 +0800] "GET /InternetTrading/js/rng.js?jsv=20200819161914 HTTP/1.1" 200 481
182.239.85.5 - - [12/Mar/2026:10:27:30 +0800] "GET /InternetTrading/js/jquery.cookie.js HTTP/1.1" 200 834
182.239.85.5 - - [12/Mar/2026:10:27:30 +0800] "GET /InternetTrading/GoodTillDateValidExch?fmt=js&jsv=20200819161914 HTTP/1.1" 200 29
182.239.85.5 - - [12/Mar/2026:10:27:30 +0800] "GET /InternetTrading/js/mode-ecb.js?jsv=20200819161914 HTTP/1.1" 200 199
163.125.177.201 - - [12/Mar/2026:10:27:31 +0800] "GET /InternetTrading/longpoll/53995?X-Atmosphere-tracking-id=0&X-Atmosphere-Framework=2.2.3-javascript&X-Atmosphere-Transport=long-polling&X-Atmosphere-TrackMessageSize=true&Content-Type=charset%3Dutf-8&X-atmo-protocol=true&_=1773282789802 HTTP/1.1" 200 -
182.239.85.5 - - [12/Mar/2026:10:27:31 +0800] "GET /InternetTrading/js/decimal.js HTTP/1.1" 200 13492
182.239.85.5 - - [12/Mar/2026:10:27:31 +0800] "GET /InternetTrading/tc/images/logo.png HTTP/1.1" 200 7042
182.239.85.5 - - [12/Mar/2026:10:27:31 +0800] "GET /InternetTrading/tc/images/top_menu01.jpg HTTP/1.1" 200 3466
182.239.85.5 - - [12/Mar/2026:10:27:31 +0800] "GET /InternetTrading/tc/images/top_menu04.jpg HTTP/1.1" 200 3430
182.239.85.5 - - [12/Mar/2026:10:27:31 +0800] "GET /InternetTrading/tc/images/top_menu_logout.jpg HTTP/1.1" 200 1016
182.239.85.5 - - [12/Mar/2026:10:27:31 +0800] "GET /InternetTrading/images/top_bg3.jpg HTTP/1.1" 200 878
182.239.85.5 - - [12/Mar/2026:10:27:31 +0800] "GET /InternetTrading/images/top_bg1.jpg HTTP/1.1" 200 329
182.239.85.5 - - [12/Mar/2026:10:27:31 +0800] "GET /InternetTrading/images/top_bg2.jpg HTTP/1.1" 200 330
182.239.85.5 - - [12/Mar/2026:10:27:31 +0800] "GET /InternetTrading/tc/dialog.html?1773282790860 HTTP/1.1" 200 3188
182.239.85.5 - - [12/Mar/2026:10:27:31 +0800] "POST /InternetTrading/PopUpConfig HTTP/1.1" 200 2
182.239.85.5 - - [12/Mar/2026:10:27:32 +0800] "POST /InternetTrading/Heartbeat HTTP/1.1" 200 32
182.239.85.5 - - [12/Mar/2026:10:27:32 +0800] "POST /InternetTrading/CustomerInfoLite HTTP/1.1" 200 118
182.239.85.5 - - [12/Mar/2026:10:27:32 +0800] "GET /InternetTrading/tc/images/top_menu04.jpg HTTP/1.1" 200 3430
182.239.85.5 - - [12/Mar/2026:10:27:32 +0800] "GET /InternetTrading/jquery/wait.gif HTTP/1.1" 200 432
182.239.85.5 - - [12/Mar/2026:10:27:32 +0800] "GET /InternetTrading/tc/trade.html HTTP/1.1" 200 2113
182.239.85.5 - - [12/Mar/2026:10:27:32 +0800] "POST /InternetTrading/SpreadPriceCache HTTP/1.1" 200 1947
182.239.85.5 - - [12/Mar/2026:10:27:32 +0800] "GET /InternetTrading/tc/images/top_menu01_o.jpg HTTP/1.1" 200 3339
182.239.85.5 - - [12/Mar/2026:10:27:32 +0800] "POST /InternetTrading/SessionErrorLogger HTTP/1.1" 200 117
182.239.85.5 - - [12/Mar/2026:10:27:32 +0800] "POST /InternetTrading/GetLastLoginDate HTTP/1.1" 200 31
182.239.85.5 - - [12/Mar/2026:10:27:32 +0800] "POST /InternetTrading/SessionErrorLogger HTTP/1.1" 200 117
182.239.85.5 - - [12/Mar/2026:10:27:32 +0800] "GET /InternetTrading/tc/getpopupMsgName.jsp HTTP/1.1" 200 -
14.0.170.57 - - [12/Mar/2026:10:27:33 +0800] "GET /InternetTrading/longpoll/A8127?X-Atmosphere-tracking-id=0&X-Atmosphere-Framework=2.2.3-javascript&X-Atmosphere-Transport=long-polling&X-Atmosphere-TrackMessageSize=true&Content-Type=charset%3Dutf-8&X-atmo-protocol=true&_=1773282792702 HTTP/1.1" 200 -
182.239.85.5 - - [12/Mar/2026:10:27:33 +0800] "POST /InternetTrading/SessionErrorLogger HTTP/1.1" 200 117
182.239.85.5 - - [12/Mar/2026:10:27:33 +0800] "GET /InternetTrading/tc/applet_dummy.html HTTP/1.1" 200 330
182.239.85.5 - - [12/Mar/2026:10:27:33 +0800] "GET /InternetTrading/tc/buy_ticket.html? HTTP/1.1" 200 1995
182.239.85.5 - - [12/Mar/2026:10:27:33 +0800] "POST /InternetTrading/SessionErrorLogger HTTP/1.1" 200 117
182.239.85.5 - - [12/Mar/2026:10:27:33 +0800] "POST /InternetTrading/MarketStatus HTTP/1.1" 200 772
219.73.99.100 - - [12/Mar/2026:10:27:33 +0800] "GET /InternetTrading/longpoll/55136?X-Atmosphere-tracking-id=0&X-Atmosphere-Framework=2.2.3-javascript&X-Atmosphere-Transport=long-polling&X-Atmosphere-TrackMessageSize=true&Content-Type=charset%3Dutf-8&X-atmo-protocol=true&_=1773282792528 HTTP/1.1" 200 -
182.239.85.5 - - [12/Mar/2026:10:27:33 +0800] "POST /InternetTrading/SessionErrorLogger HTTP/1.1" 200 117
182.239.85.5 - - [12/Mar/2026:10:27:33 +0800] "GET /InternetTrading/tc/multi_currency_balance.html HTTP/1.1" 200 295
182.239.85.5 - - [12/Mar/2026:10:27:33 +0800] "GET /InternetTrading/jquery/wait.gif HTTP/1.1" 200 432
182.239.85.5 - - [12/Mar/2026:10:27:33 +0800] "GET /InternetTrading/Home/PostToAA.jsp?hl=tc HTTP/1.1" 200 287
182.239.85.5 - - [12/Mar/2026:10:27:33 +0800] "GET /InternetTrading/tc/images/refresh.gif HTTP/1.1" 200 1145
182.239.85.5 - - [12/Mar/2026:10:27:33 +0800] "GET /InternetTrading/tc/images/trade_point01.jpg HTTP/1.1" 200 358
182.239.85.5 - - [12/Mar/2026:10:27:33 +0800] "GET /InternetTrading/jquery/images/ui-icons_222222_256x240.png HTTP/1.1" 200 6922
182.239.85.5 - - [12/Mar/2026:10:27:33 +0800] "GET /InternetTrading/jquery/images/ui-bg_flat_75_ffffff_40x100.png HTTP/1.1" 200 208
120.230.125.143 - - [12/Mar/2026:10:27:33 +0800] "GET /InternetTrading/longpoll/13975?X-Atmosphere-tracking-id=0&X-Atmosphere-Framework=2.2.3-javascript&X-Atmosphere-Transport=long-polling&X-Atmosphere-TrackMessageSize=true&Content-Type=charset%3Dutf-8&X-atmo-protocol=true&_=1773282797006 HTTP/1.1" 200 -
182.239.85.5 - - [12/Mar/2026:10:27:33 +0800] "POST /InternetTrading/SessionErrorLogger HTTP/1.1" 200 117
182.239.85.5 - - [12/Mar/2026:10:27:33 +0800] "POST /InternetTrading/MarketStatus HTTP/1.1" 200 772
182.239.85.5 - - [12/Mar/2026:10:27:33 +0800] "POST /InternetTrading/SessionErrorLogger HTTP/1.1" 200 117
182.239.85.5 - - [12/Mar/2026:10:27:34 +0800] "POST /InternetTrading/MarketStatus HTTP/1.1" 200 772
182.239.85.5 - - [12/Mar/2026:10:27:34 +0800] "GET /favicon.ico HTTP/1.1" 404 196
182.239.85.5 - - [12/Mar/2026:10:27:35 +0800] "POST /InternetTrading/SessionErrorLogger HTTP/1.1" 200 117
182.239.85.5 - - [12/Mar/2026:10:27:35 +0800] "POST /InternetTrading/CustomerInfo HTTP/1.1" 200 207
182.239.85.5 - - [12/Mar/2026:10:27:35 +0800] "POST /InternetTrading/SessionErrorLogger HTTP/1.1" 200 117
182.239.85.5 - - [12/Mar/2026:10:27:35 +0800] "POST /InternetTrading/MarketStatus HTTP/1.1" 200 772
182.239.85.5 - - [12/Mar/2026:10:27:35 +0800] "POST /InternetTrading/SessionErrorLogger HTTP/1.1" 200 117
182.239.85.5 - - [12/Mar/2026:10:27:35 +0800] "GET /InternetTrading/jquery/wait.gif HTTP/1.1" 200 432
182.239.85.5 - - [12/Mar/2026:10:27:35 +0800] "POST /InternetTrading/SessionErrorLogger HTTP/1.1" 200 117
182.239.85.5 - - [12/Mar/2026:10:27:36 +0800] "POST /InternetTrading/LongPollingConfig HTTP/1.1" 200 4
182.239.85.5 - - [12/Mar/2026:10:27:36 +0800] "POST /InternetTrading/SessionErrorLogger HTTP/1.1" 200 117
182.239.85.5 - - [12/Mar/2026:10:27:36 +0800] "GET /InternetTrading/tc/account_status.html HTTP/1.1" 200 426
182.239.85.5 - - [12/Mar/2026:10:27:36 +0800] "GET /InternetTrading/longpoll/10302?X-Atmosphere-tracking-id=0&X-Atmosphere-Framework=2.2.3-javascript&X-Atmosphere-Transport=long-polling&X-Atmosphere-TrackMessageSize=true&Content-Type=charset%3Dutf-8&X-atmo-protocol=true&_=1773282795134 HTTP/1.1" 200 -
182.239.85.5 - - [12/Mar/2026:10:27:36 +0800] "GET /InternetTrading/jquery/wait.gif HTTP/1.1" 200 432
182.239.85.5 - - [12/Mar/2026:10:27:36 +0800] "POST /InternetTrading/SessionErrorLogger HTTP/1.1" 200 117
182.239.85.5 - - [12/Mar/2026:10:27:36 +0800] "POST /InternetTrading/Portfolio HTTP/1.1" 200 5027
163.125.177.201 - - [12/Mar/2026:10:27:37 +0800] "GET /InternetTrading/longpoll/53995?X-Atmosphere-tracking-id=0&X-Atmosphere-Framework=2.2.3-javascript&X-Atmosphere-Transport=long-polling&X-Atmosphere-TrackMessageSize=true&Content-Type=charset%3Dutf-8&X-atmo-protocol=true&_=1773282795803 HTTP/1.1" 200 -
14.0.170.57 - - [12/Mar/2026:10:27:38 +0800] "GET /InternetTrading/longpoll/A8127?X-Atmosphere-tracking-id=0&X-Atmosphere-Framework=2.2.3-javascript&X-Atmosphere-Transport=long-polling&X-Atmosphere-TrackMessageSize=true&Content-Type=charset%3Dutf-8&X-atmo-protocol=true&_=1773282797840 HTTP/1.1" 200 -
219.73.99.100 - - [12/Mar/2026:10:27:38 +0800] "GET /InternetTrading/longpoll/55136?X-Atmosphere-tracking-id=0&X-Atmosphere-Framework=2.2.3-javascript&X-Atmosphere-Transport=long-polling&X-Atmosphere-TrackMessageSize=true&Content-Type=charset%3Dutf-8&X-atmo-protocol=true&_=1773282797549 HTTP/1.1" 200 -
120.230.125.143 - - [12/Mar/2026:10:27:39 +0800] "GET /InternetTrading/longpoll/13975?X-Atmosphere-tracking-id=0&X-Atmosphere-Framework=2.2.3-javascript&X-Atmosphere-Transport=long-polling&X-Atmosphere-TrackMessageSize=true&Content-Type=charset%3Dutf-8&X-atmo-protocol=true&_=1773282803005 HTTP/1.1" 200 -
182.239.85.5 - - [12/Mar/2026:10:27:41 +0800] "GET /InternetTrading/longpoll/10302?X-Atmosphere-tracking-id=0&X-Atmosphere-Framework=2.2.3-javascript&X-Atmosphere-Transport=long-polling&X-Atmosphere-TrackMessageSize=true&Content-Type=charset%3Dutf-8&X-atmo-protocol=true&_=1773282800326 HTTP/1.1" 200 -
14.0.170.57 - - [12/Mar/2026:10:27:43 +0800] "GET /InternetTrading/longpoll/A8127?X-Atmosphere-tracking-id=0&X-Atmosphere-Framework=2.2.3-javascript&X-Atmosphere-Transport=long-polling&X-Atmosphere-TrackMessageSize=true&Content-Type=charset%3Dutf-8&X-atmo-protocol=true&_=1773282803138 HTTP/1.1" 200 -
163.125.177.201 - - [12/Mar/2026:10:27:43 +0800] "GET /InternetTrading/longpoll/53995?X-Atmosphere-tracking-id=0&X-Atmosphere-Framework=2.2.3-javascript&X-Atmosphere-Transport=long-polling&X-Atmosphere-TrackMessageSize=true&Content-Type=charset%3Dutf-8&X-atmo-protocol=true&_=1773282801805 HTTP/1.1" 200 -
219.73.99.100 - - [12/Mar/2026:10:27:43 +0800] "GET /InternetTrading/longpoll/55136?X-Atmosphere-tracking-id=0&X-Atmosphere-Framework=2.2.3-javascript&X-Atmosphere-Transport=long-polling&X-Atmosphere-TrackMessageSize=true&Content-Type=charset%3Dutf-8&X-atmo-protocol=true&_=1773282802585 HTTP/1.1" 200 -
219.73.99.100 - - [12/Mar/2026:10:27:44 +0800] "POST /InternetTrading/SessionErrorLogger HTTP/1.1" 200 117
219.73.99.100 - - [12/Mar/2026:10:27:44 +0800] "POST /InternetTrading/Heartbeat HTTP/1.1" 200 32
219.73.99.100 - - [12/Mar/2026:10:27:44 +0800] "POST /InternetTrading/SessionErrorLogger HTTP/1.1" 200 117
219.73.99.100 - - [12/Mar/2026:10:27:44 +0800] "POST /InternetTrading/MarketStatus HTTP/1.1" 200 772
120.230.125.143 - - [12/Mar/2026:10:27:45 +0800] "GET /InternetTrading/longpoll/13975?X-Atmosphere-tracking-id=0&X-Atmosphere-Framework=2.2.3-javascript&X-Atmosphere-Transport=long-polling&X-Atmosphere-TrackMessageSize=true&Content-Type=charset%3Dutf-8&X-atmo-protocol=true&_=1773282809005 HTTP/1.1" 200 -
182.239.85.5 - - [12/Mar/2026:10:27:46 +0800] "GET /InternetTrading/longpoll/10302?X-Atmosphere-tracking-id=0&X-Atmosphere-Framework=2.2.3-javascript&X-Atmosphere-Transport=long-polling&X-Atmosphere-TrackMessageSize=true&Content-Type=charset%3Dutf-8&X-atmo-protocol=true&_=1773282805381 HTTP/1.1" 200 -
14.0.170.57 - - [12/Mar/2026:10:27:48 +0800] "GET /InternetTrading/longpoll/A8127?X-Atmosphere-tracking-id=0&X-Atmosphere-Framework=2.2.3-javascript&X-Atmosphere-Transport=long-polling&X-Atmosphere-TrackMessageSize=true&Content-Type=charset%3Dutf-8&X-atmo-protocol=true&_=1773282808241 HTTP/1.1" 200 -
