119.136.154.51 - - [12/Mar/2026:10:38:54 +0800] "GET /InternetTrading/longpoll/51803?X-Atmosphere-tracking-id=0&X-Atmosphere-Framework=2.2.3-javascript&X-Atmosphere-Transport=long-polling&X-Atmosphere-TrackMessageSize=true&Content-Type=charset%3Dutf-8&X-atmo-protocol=true&_=1773283473974 HTTP/1.1" 200 -
14.0.170.57 - - [12/Mar/2026:10:38:56 +0800] "POST /InternetTrading/SessionErrorLogger HTTP/1.1" 200 117
14.0.170.57 - - [12/Mar/2026:10:38:56 +0800] "POST /InternetTrading/MarketStatus HTTP/1.1" 200 772
120.230.125.143 - - [12/Mar/2026:10:38:57 +0800] "GET /InternetTrading/longpoll/13975?X-Atmosphere-tracking-id=0&X-Atmosphere-Framework=2.2.3-javascript&X-Atmosphere-Transport=long-polling&X-Atmosphere-TrackMessageSize=true&Content-Type=charset%3Dutf-8&X-atmo-protocol=true&_=1773283481025 HTTP/1.1" 200 -
219.73.99.100 - - [12/Mar/2026:10:38:58 +0800] "GET /InternetTrading/longpoll/55136?X-Atmosphere-tracking-id=0&X-Atmosphere-Framework=2.2.3-javascript&X-Atmosphere-Transport=long-polling&X-Atmosphere-TrackMessageSize=true&Content-Type=charset%3Dutf-8&X-atmo-protocol=true&_=1773283477189 HTTP/1.1" 200 -
14.0.170.57 - - [12/Mar/2026:10:38:58 +0800] "GET /InternetTrading/longpoll/A8127?X-Atmosphere-tracking-id=0&X-Atmosphere-Framework=2.2.3-javascript&X-Atmosphere-Transport=long-polling&X-Atmosphere-TrackMessageSize=true&Content-Type=charset%3Dutf-8&X-atmo-protocol=true&_=1773283478517 HTTP/1.1" 200 -
14.0.170.57 - - [12/Mar/2026:10:39:00 +0800] "POST /InternetTrading/SessionErrorLogger HTTP/1.1" 200 117
14.0.170.57 - - [12/Mar/2026:10:39:00 +0800] "POST /InternetTrading/Heartbeat HTTP/1.1" 200 32
119.136.154.51 - - [12/Mar/2026:10:39:00 +0800] "GET /InternetTrading/longpoll/51803?X-Atmosphere-tracking-id=0&X-Atmosphere-Framework=2.2.3-javascript&X-Atmosphere-Transport=long-polling&X-Atmosphere-TrackMessageSize=true&Content-Type=charset%3Dutf-8&X-atmo-protocol=true&_=1773283479972 HTTP/1.1" 200 -
219.73.99.100 - - [12/Mar/2026:10:39:03 +0800] "GET /InternetTrading/longpoll/55136?X-Atmosphere-tracking-id=0&X-Atmosphere-Framework=2.2.3-javascript&X-Atmosphere-Transport=long-polling&X-Atmosphere-TrackMessageSize=true&Content-Type=charset%3Dutf-8&X-atmo-protocol=true&_=1773283482225 HTTP/1.1" 200 -
14.0.170.57 - - [12/Mar/2026:10:39:03 +0800] "GET /InternetTrading/longpoll/A8127?X-Atmosphere-tracking-id=0&X-Atmosphere-Framework=2.2.3-javascript&X-Atmosphere-Transport=long-polling&X-Atmosphere-TrackMessageSize=true&Content-Type=charset%3Dutf-8&X-atmo-protocol=true&_=1773283483593 HTTP/1.1" 200 -
120.230.125.143 - - [12/Mar/2026:10:39:03 +0800] "GET /InternetTrading/longpoll/13975?X-Atmosphere-tracking-id=0&X-Atmosphere-Framework=2.2.3-javascript&X-Atmosphere-Transport=long-polling&X-Atmosphere-TrackMessageSize=true&Content-Type=charset%3Dutf-8&X-atmo-protocol=true&_=1773283487025 HTTP/1.1" 200 -
119.136.154.51 - - [12/Mar/2026:10:39:06 +0800] "GET /InternetTrading/longpoll/51803?X-Atmosphere-tracking-id=0&X-Atmosphere-Framework=2.2.3-javascript&X-Atmosphere-Transport=long-polling&X-Atmosphere-TrackMessageSize=true&Content-Type=charset%3Dutf-8&X-atmo-protocol=true&_=1773283485974 HTTP/1.1" 200 -
120.230.125.143 - - [12/Mar/2026:10:39:07 +0800] "POST /InternetTrading/SessionErrorLogger HTTP/1.1" 200 117
120.230.125.143 - - [12/Mar/2026:10:39:07 +0800] "POST /InternetTrading/MarketStatus HTTP/1.1" 200 772
120.230.125.143 - - [12/Mar/2026:10:39:07 +0800] "POST /InternetTrading/SessionErrorLogger HTTP/1.1" 200 117
120.230.125.143 - - [12/Mar/2026:10:39:07 +0800] "POST /InternetTrading/Heartbeat HTTP/1.1" 200 32
219.73.99.100 - - [12/Mar/2026:10:39:08 +0800] "GET /InternetTrading/longpoll/55136?X-Atmosphere-tracking-id=0&X-Atmosphere-Framework=2.2.3-javascript&X-Atmosphere-Transport=long-polling&X-Atmosphere-TrackMessageSize=true&Content-Type=charset%3Dutf-8&X-atmo-protocol=true&_=1773283487272 HTTP/1.1" 200 -
14.0.170.57 - - [12/Mar/2026:10:39:08 +0800] "GET /InternetTrading/longpoll/A8127?X-Atmosphere-tracking-id=0&X-Atmosphere-Framework=2.2.3-javascript&X-Atmosphere-Transport=long-polling&X-Atmosphere-TrackMessageSize=true&Content-Type=charset%3Dutf-8&X-atmo-protocol=true&_=1773283488644 HTTP/1.1" 200 -
120.230.125.143 - - [12/Mar/2026:10:39:09 +0800] "GET /InternetTrading/longpoll/13975?X-Atmosphere-tracking-id=0&X-Atmosphere-Framework=2.2.3-javascript&X-Atmosphere-Transport=long-polling&X-Atmosphere-TrackMessageSize=true&Content-Type=charset%3Dutf-8&X-atmo-protocol=true&_=1773283493027 HTTP/1.1" 200 -
119.136.154.51 - - [12/Mar/2026:10:39:12 +0800] "GET /InternetTrading/longpoll/51803?X-Atmosphere-tracking-id=0&X-Atmosphere-Framework=2.2.3-javascript&X-Atmosphere-Transport=long-polling&X-Atmosphere-TrackMessageSize=true&Content-Type=charset%3Dutf-8&X-atmo-protocol=true&_=1773283491972 HTTP/1.1" 200 -
219.73.99.100 - - [12/Mar/2026:10:39:13 +0800] "GET /InternetTrading/longpoll/55136?X-Atmosphere-tracking-id=0&X-Atmosphere-Framework=2.2.3-javascript&X-Atmosphere-Transport=long-polling&X-Atmosphere-TrackMessageSize=true&Content-Type=charset%3Dutf-8&X-atmo-protocol=true&_=1773283492384 HTTP/1.1" 200 -
14.0.170.57 - - [12/Mar/2026:10:39:14 +0800] "GET /InternetTrading/longpoll/A8127?X-Atmosphere-tracking-id=0&X-Atmosphere-Framework=2.2.3-javascript&X-Atmosphere-Transport=long-polling&X-Atmosphere-TrackMessageSize=true&Content-Type=charset%3Dutf-8&X-atmo-protocol=true&_=1773283493749 HTTP/1.1" 200 -
219.73.99.100 - - [12/Mar/2026:10:39:15 +0800] "POST /InternetTrading/SessionErrorLogger HTTP/1.1" 200 117
219.73.99.100 - - [12/Mar/2026:10:39:15 +0800] "POST /InternetTrading/Heartbeat HTTP/1.1" 200 32
219.73.99.100 - - [12/Mar/2026:10:39:15 +0800] "POST /InternetTrading/SessionErrorLogger HTTP/1.1" 200 117
219.73.99.100 - - [12/Mar/2026:10:39:15 +0800] "POST /InternetTrading/MarketStatus HTTP/1.1" 200 772
120.230.125.143 - - [12/Mar/2026:10:39:15 +0800] "GET /InternetTrading/longpoll/13975?X-Atmosphere-tracking-id=0&X-Atmosphere-Framework=2.2.3-javascript&X-Atmosphere-Transport=long-polling&X-Atmosphere-TrackMessageSize=true&Content-Type=charset%3Dutf-8&X-atmo-protocol=true&_=1773283499027 HTTP/1.1" 200 -
163.125.177.201 - - [12/Mar/2026:10:39:17 +0800] "GET /InternetTrading/longpoll/53995?X-Atmosphere-tracking-id=0&X-Atmosphere-Framework=2.2.3-javascript&X-Atmosphere-Transport=long-polling&X-Atmosphere-TrackMessageSize=true&Content-Type=charset%3Dutf-8&X-atmo-protocol=true&_=1773283476807 HTTP/1.1" 200 -
219.73.99.100 - - [12/Mar/2026:10:39:18 +0800] "GET /InternetTrading/longpoll/55136?X-Atmosphere-tracking-id=0&X-Atmosphere-Framework=2.2.3-javascript&X-Atmosphere-Transport=long-polling&X-Atmosphere-TrackMessageSize=true&Content-Type=charset%3Dutf-8&X-atmo-protocol=true&_=1773283497425 HTTP/1.1" 200 -
119.136.154.51 - - [12/Mar/2026:10:39:18 +0800] "GET /InternetTrading/longpoll/51803?X-Atmosphere-tracking-id=0&X-Atmosphere-Framework=2.2.3-javascript&X-Atmosphere-Transport=long-polling&X-Atmosphere-TrackMessageSize=true&Content-Type=charset%3Dutf-8&X-atmo-protocol=true&_=1773283497973 HTTP/1.1" 200 -
14.0.170.57 - - [12/Mar/2026:10:39:19 +0800] "GET /InternetTrading/longpoll/A8127?X-Atmosphere-tracking-id=0&X-Atmosphere-Framework=2.2.3-javascript&X-Atmosphere-Transport=long-polling&X-Atmosphere-TrackMessageSize=true&Content-Type=charset%3Dutf-8&X-atmo-protocol=true&_=1773283498867 HTTP/1.1" 200 -
119.136.154.51 - - [12/Mar/2026:10:39:19 +0800] "POST /InternetTrading/SessionErrorLogger HTTP/1.1" 200 117
119.136.154.51 - - [12/Mar/2026:10:39:19 +0800] "POST /InternetTrading/Heartbeat HTTP/1.1" 200 32
119.136.154.51 - - [12/Mar/2026:10:39:19 +0800] "POST /InternetTrading/SessionErrorLogger HTTP/1.1" 200 117
119.136.154.51 - - [12/Mar/2026:10:39:19 +0800] "POST /InternetTrading/MarketStatus HTTP/1.1" 200 772
120.230.125.143 - - [12/Mar/2026:10:39:21 +0800] "GET /InternetTrading/longpoll/13975?X-Atmosphere-tracking-id=0&X-Atmosphere-Framework=2.2.3-javascript&X-Atmosphere-Transport=long-polling&X-Atmosphere-TrackMessageSize=true&Content-Type=charset%3Dutf-8&X-atmo-protocol=true&_=1773283505026 HTTP/1.1" 200 -
219.73.99.100 - - [12/Mar/2026:10:39:23 +0800] "GET /InternetTrading/longpoll/55136?X-Atmosphere-tracking-id=0&X-Atmosphere-Framework=2.2.3-javascript&X-Atmosphere-Transport=long-polling&X-Atmosphere-TrackMessageSize=true&Content-Type=charset%3Dutf-8&X-atmo-protocol=true&_=1773283502456 HTTP/1.1" 200 -
163.125.177.201 - - [12/Mar/2026:10:39:23 +0800] "GET /InternetTrading/longpoll/53995?X-Atmosphere-tracking-id=0&X-Atmosphere-Framework=2.2.3-javascript&X-Atmosphere-Transport=long-polling&X-Atmosphere-TrackMessageSize=true&Content-Type=charset%3Dutf-8&X-atmo-protocol=true&_=1773283501807 HTTP/1.1" 200 -
14.0.170.57 - - [12/Mar/2026:10:39:24 +0800] "GET /InternetTrading/longpoll/A8127?X-Atmosphere-tracking-id=0&X-Atmosphere-Framework=2.2.3-javascript&X-Atmosphere-Transport=long-polling&X-Atmosphere-TrackMessageSize=true&Content-Type=charset%3Dutf-8&X-atmo-protocol=true&_=1773283504054 HTTP/1.1" 200 -
119.136.154.51 - - [12/Mar/2026:10:39:24 +0800] "GET /InternetTrading/longpoll/51803?X-Atmosphere-tracking-id=0&X-Atmosphere-Framework=2.2.3-javascript&X-Atmosphere-Transport=long-polling&X-Atmosphere-TrackMessageSize=true&Content-Type=charset%3Dutf-8&X-atmo-protocol=true&_=1773283503968 HTTP/1.1" 200 -
163.125.177.201 - - [12/Mar/2026:10:39:25 +0800] "POST /InternetTrading/SessionErrorLogger HTTP/1.1" 200 117
163.125.177.201 - - [12/Mar/2026:10:39:25 +0800] "POST /InternetTrading/MarketStatus HTTP/1.1" 200 772
163.125.177.201 - - [12/Mar/2026:10:39:25 +0800] "POST /InternetTrading/SessionErrorLogger HTTP/1.1" 200 117
163.125.177.201 - - [12/Mar/2026:10:39:25 +0800] "POST /InternetTrading/Heartbeat HTTP/1.1" 200 32
14.0.170.57 - - [12/Mar/2026:10:39:27 +0800] "POST /InternetTrading/SessionErrorLogger HTTP/1.1" 200 117
14.0.170.57 - - [12/Mar/2026:10:39:27 +0800] "POST /InternetTrading/MarketStatus HTTP/1.1" 200 772
120.230.125.143 - - [12/Mar/2026:10:39:27 +0800] "GET /InternetTrading/longpoll/13975?X-Atmosphere-tracking-id=0&X-Atmosphere-Framework=2.2.3-javascript&X-Atmosphere-Transport=long-polling&X-Atmosphere-TrackMessageSize=true&Content-Type=charset%3Dutf-8&X-atmo-protocol=true&_=1773283511026 HTTP/1.1" 200 -
219.73.99.100 - - [12/Mar/2026:10:39:28 +0800] "GET /InternetTrading/longpoll/55136?X-Atmosphere-tracking-id=0&X-Atmosphere-Framework=2.2.3-javascript&X-Atmosphere-Transport=long-polling&X-Atmosphere-TrackMessageSize=true&Content-Type=charset%3Dutf-8&X-atmo-protocol=true&_=1773283507491 HTTP/1.1" 200 -
163.125.177.201 - - [12/Mar/2026:10:39:29 +0800] "GET /InternetTrading/longpoll/53995?X-Atmosphere-tracking-id=0&X-Atmosphere-Framework=2.2.3-javascript&X-Atmosphere-Transport=long-polling&X-Atmosphere-TrackMessageSize=true&Content-Type=charset%3Dutf-8&X-atmo-protocol=true&_=1773283507806 HTTP/1.1" 200 -
14.0.170.57 - - [12/Mar/2026:10:39:29 +0800] "GET /InternetTrading/longpoll/A8127?X-Atmosphere-tracking-id=0&X-Atmosphere-Framework=2.2.3-javascript&X-Atmosphere-Transport=long-polling&X-Atmosphere-TrackMessageSize=true&Content-Type=charset%3Dutf-8&X-atmo-protocol=true&_=1773283509325 HTTP/1.1" 200 -
14.0.170.57 - - [12/Mar/2026:10:39:30 +0800] "POST /InternetTrading/SessionErrorLogger HTTP/1.1" 200 117
14.0.170.57 - - [12/Mar/2026:10:39:30 +0800] "POST /InternetTrading/Heartbeat HTTP/1.1" 200 32
119.136.154.51 - - [12/Mar/2026:10:39:30 +0800] "GET /InternetTrading/longpoll/51803?X-Atmosphere-tracking-id=0&X-Atmosphere-Framework=2.2.3-javascript&X-Atmosphere-Transport=long-polling&X-Atmosphere-TrackMessageSize=true&Content-Type=charset%3Dutf-8&X-atmo-protocol=true&_=1773283509969 HTTP/1.1" 200 -
219.73.99.100 - - [12/Mar/2026:10:39:33 +0800] "GET /InternetTrading/longpoll/55136?X-Atmosphere-tracking-id=0&X-Atmosphere-Framework=2.2.3-javascript&X-Atmosphere-Transport=long-polling&X-Atmosphere-TrackMessageSize=true&Content-Type=charset%3Dutf-8&X-atmo-protocol=true&_=1773283512526 HTTP/1.1" 200 -
120.230.125.143 - - [12/Mar/2026:10:39:33 +0800] "GET /InternetTrading/longpoll/13975?X-Atmosphere-tracking-id=0&X-Atmosphere-Framework=2.2.3-javascript&X-Atmosphere-Transport=long-polling&X-Atmosphere-TrackMessageSize=true&Content-Type=charset%3Dutf-8&X-atmo-protocol=true&_=1773283517027 HTTP/1.1" 200 -
14.0.170.57 - - [12/Mar/2026:10:39:34 +0800] "GET /InternetTrading/longpoll/A8127?X-Atmosphere-tracking-id=0&X-Atmosphere-Framework=2.2.3-javascript&X-Atmosphere-Transport=long-polling&X-Atmosphere-TrackMessageSize=true&Content-Type=charset%3Dutf-8&X-atmo-protocol=true&_=1773283514376 HTTP/1.1" 200 -
163.125.177.201 - - [12/Mar/2026:10:39:35 +0800] "GET /InternetTrading/longpoll/53995?X-Atmosphere-tracking-id=0&X-Atmosphere-Framework=2.2.3-javascript&X-Atmosphere-Transport=long-polling&X-Atmosphere-TrackMessageSize=true&Content-Type=charset%3Dutf-8&X-atmo-protocol=true&_=1773283513807 HTTP/1.1" 200 -
119.136.154.51 - - [12/Mar/2026:10:39:36 +0800] "GET /InternetTrading/longpoll/51803?X-Atmosphere-tracking-id=0&X-Atmosphere-Framework=2.2.3-javascript&X-Atmosphere-Transport=long-polling&X-Atmosphere-TrackMessageSize=true&Content-Type=charset%3Dutf-8&X-atmo-protocol=true&_=1773283515981 HTTP/1.1" 200 -
219.73.99.100 - - [12/Mar/2026:10:39:38 +0800] "GET /InternetTrading/longpoll/55136?X-Atmosphere-tracking-id=0&X-Atmosphere-Framework=2.2.3-javascript&X-Atmosphere-Transport=long-polling&X-Atmosphere-TrackMessageSize=true&Content-Type=charset%3Dutf-8&X-atmo-protocol=true&_=1773283517576 HTTP/1.1" 200 -
14.0.170.57 - - [12/Mar/2026:10:39:39 +0800] "GET /InternetTrading/longpoll/A8127?X-Atmosphere-tracking-id=0&X-Atmosphere-Framework=2.2.3-javascript&X-Atmosphere-Transport=long-polling&X-Atmosphere-TrackMessageSize=true&Content-Type=charset%3Dutf-8&X-atmo-protocol=true&_=1773283519451 HTTP/1.1" 200 -
120.230.125.143 - - [12/Mar/2026:10:39:39 +0800] "GET /InternetTrading/longpoll/13975?X-Atmosphere-tracking-id=0&X-Atmosphere-Framework=2.2.3-javascript&X-Atmosphere-Transport=long-polling&X-Atmosphere-TrackMessageSize=true&Content-Type=charset%3Dutf-8&X-atmo-protocol=true&_=1773283523026 HTTP/1.1" 200 -
163.125.177.201 - - [12/Mar/2026:10:39:41 +0800] "GET /InternetTrading/longpoll/53995?X-Atmosphere-tracking-id=0&X-Atmosphere-Framework=2.2.3-javascript&X-Atmosphere-Transport=long-polling&X-Atmosphere-TrackMessageSize=true&Content-Type=charset%3Dutf-8&X-atmo-protocol=true&_=1773283519801 HTTP/1.1" 200 -
119.136.154.51 - - [12/Mar/2026:10:39:42 +0800] "GET /InternetTrading/longpoll/51803?X-Atmosphere-tracking-id=0&X-Atmosphere-Framework=2.2.3-javascript&X-Atmosphere-Transport=long-polling&X-Atmosphere-TrackMessageSize=true&Content-Type=charset%3Dutf-8&X-atmo-protocol=true&_=1773283521970 HTTP/1.1" 200 -
219.73.99.100 - - [12/Mar/2026:10:39:43 +0800] "GET /InternetTrading/longpoll/55136?X-Atmosphere-tracking-id=0&X-Atmosphere-Framework=2.2.3-javascript&X-Atmosphere-Transport=long-polling&X-Atmosphere-TrackMessageSize=true&Content-Type=charset%3Dutf-8&X-atmo-protocol=true&_=1773283522623 HTTP/1.1" 200 -
14.0.170.57 - - [12/Mar/2026:10:39:44 +0800] "GET /InternetTrading/longpoll/A8127?X-Atmosphere-tracking-id=0&X-Atmosphere-Framework=2.2.3-javascript&X-Atmosphere-Transport=long-polling&X-Atmosphere-TrackMessageSize=true&Content-Type=charset%3Dutf-8&X-atmo-protocol=true&_=1773283524546 HTTP/1.1" 200 -
219.73.99.100 - - [12/Mar/2026:10:39:45 +0800] "POST /InternetTrading/SessionErrorLogger HTTP/1.1" 200 117
219.73.99.100 - - [12/Mar/2026:10:39:45 +0800] "POST /InternetTrading/Heartbeat HTTP/1.1" 200 32
219.73.99.100 - - [12/Mar/2026:10:39:45 +0800] "POST /InternetTrading/SessionErrorLogger HTTP/1.1" 200 117
219.73.99.100 - - [12/Mar/2026:10:39:45 +0800] "POST /InternetTrading/MarketStatus HTTP/1.1" 200 772
120.230.125.143 - - [12/Mar/2026:10:39:45 +0800] "GET /InternetTrading/longpoll/13975?X-Atmosphere-tracking-id=0&X-Atmosphere-Framework=2.2.3-javascript&X-Atmosphere-Transport=long-polling&X-Atmosphere-TrackMessageSize=true&Content-Type=charset%3Dutf-8&X-atmo-protocol=true&_=1773283529027 HTTP/1.1" 200 -
163.125.177.201 - - [12/Mar/2026:10:39:47 +0800] "GET /InternetTrading/longpoll/53995?X-Atmosphere-tracking-id=0&X-Atmosphere-Framework=2.2.3-javascript&X-Atmosphere-Transport=long-polling&X-Atmosphere-TrackMessageSize=true&Content-Type=charset%3Dutf-8&X-atmo-protocol=true&_=1773283525798 HTTP/1.1" 200 -
219.73.99.100 - - [12/Mar/2026:10:39:48 +0800] "GET /InternetTrading/longpoll/55136?X-Atmosphere-tracking-id=0&X-Atmosphere-Framework=2.2.3-javascript&X-Atmosphere-Transport=long-polling&X-Atmosphere-TrackMessageSize=true&Content-Type=charset%3Dutf-8&X-atmo-protocol=true&_=1773283527658 HTTP/1.1" 200 -
119.136.154.51 - - [12/Mar/2026:10:39:48 +0800] "GET /InternetTrading/longpoll/51803?X-Atmosphere-tracking-id=0&X-Atmosphere-Framework=2.2.3-javascript&X-Atmosphere-Transport=long-polling&X-Atmosphere-TrackMessageSize=true&Content-Type=charset%3Dutf-8&X-atmo-protocol=true&_=1773283527970 HTTP/1.1" 200 -
14.0.170.57 - - [12/Mar/2026:10:39:50 +0800] "GET /InternetTrading/longpoll/A8127?X-Atmosphere-tracking-id=0&X-Atmosphere-Framework=2.2.3-javascript&X-Atmosphere-Transport=long-polling&X-Atmosphere-TrackMessageSize=true&Content-Type=charset%3Dutf-8&X-atmo-protocol=true&_=1773283529769 HTTP/1.1" 200 -
120.230.125.143 - - [12/Mar/2026:10:39:51 +0800] "GET /InternetTrading/longpoll/13975?X-Atmosphere-tracking-id=0&X-Atmosphere-Framework=2.2.3-javascript&X-Atmosphere-Transport=long-polling&X-Atmosphere-TrackMessageSize=true&Content-Type=charset%3Dutf-8&X-atmo-protocol=true&_=1773283535027 HTTP/1.1" 200 -
163.125.177.201 - - [12/Mar/2026:10:39:53 +0800] "GET /InternetTrading/longpoll/53995?X-Atmosphere-tracking-id=0&X-Atmosphere-Framework=2.2.3-javascript&X-Atmosphere-Transport=long-polling&X-Atmosphere-TrackMessageSize=true&Content-Type=charset%3Dutf-8&X-atmo-protocol=true&_=1773283531806 HTTP/1.1" 200 -
219.73.99.100 - - [12/Mar/2026:10:39:53 +0800] "GET /InternetTrading/longpoll/55136?X-Atmosphere-tracking-id=0&X-Atmosphere-Framework=2.2.3-javascript&X-Atmosphere-Transport=long-polling&X-Atmosphere-TrackMessageSize=true&Content-Type=charset%3Dutf-8&X-atmo-protocol=true&_=1773283532690 HTTP/1.1" 200 -
119.136.154.51 - - [12/Mar/2026:10:39:54 +0800] "GET /InternetTrading/longpoll/51803?X-Atmosphere-tracking-id=0&X-Atmosphere-Framework=2.2.3-javascript&X-Atmosphere-Transport=long-polling&X-Atmosphere-TrackMessageSize=true&Content-Type=charset%3Dutf-8&X-atmo-protocol=true&_=1773283533972 HTTP/1.1" 200 -
14.0.170.57 - - [12/Mar/2026:10:39:55 +0800] "GET /InternetTrading/longpoll/A8127?X-Atmosphere-tracking-id=0&X-Atmosphere-Framework=2.2.3-javascript&X-Atmosphere-Transport=long-polling&X-Atmosphere-TrackMessageSize=true&Content-Type=charset%3Dutf-8&X-atmo-protocol=true&_=1773283534968 HTTP/1.1" 200 -
14.0.170.57 - - [12/Mar/2026:10:39:57 +0800] "POST /InternetTrading/SessionErrorLogger HTTP/1.1" 200 117
14.0.170.57 - - [12/Mar/2026:10:39:57 +0800] "POST /InternetTrading/MarketStatus HTTP/1.1" 200 772
120.230.125.143 - - [12/Mar/2026:10:39:57 +0800] "GET /InternetTrading/longpoll/13975?X-Atmosphere-tracking-id=0&X-Atmosphere-Framework=2.2.3-javascript&X-Atmosphere-Transport=long-polling&X-Atmosphere-TrackMessageSize=true&Content-Type=charset%3Dutf-8&X-atmo-protocol=true&_=1773283541026 HTTP/1.1" 200 -
219.73.99.100 - - [12/Mar/2026:10:39:58 +0800] "GET /InternetTrading/longpoll/55136?X-Atmosphere-tracking-id=0&X-Atmosphere-Framework=2.2.3-javascript&X-Atmosphere-Transport=long-polling&X-Atmosphere-TrackMessageSize=true&Content-Type=charset%3Dutf-8&X-atmo-protocol=true&_=1773283537710 HTTP/1.1" 200 -
163.125.177.201 - - [12/Mar/2026:10:39:59 +0800] "GET /InternetTrading/longpoll/53995?X-Atmosphere-tracking-id=0&X-Atmosphere-Framework=2.2.3-javascript&X-Atmosphere-Transport=long-polling&X-Atmosphere-TrackMessageSize=true&Content-Type=charset%3Dutf-8&X-atmo-protocol=true&_=1773283537810 HTTP/1.1" 200 -
14.0.170.57 - - [12/Mar/2026:10:40:00 +0800] "POST /InternetTrading/SessionErrorLogger HTTP/1.1" 200 117
14.0.170.57 - - [12/Mar/2026:10:40:00 +0800] "POST /InternetTrading/Heartbeat HTTP/1.1" 200 32
14.0.170.57 - - [12/Mar/2026:10:40:00 +0800] "GET /InternetTrading/longpoll/A8127?X-Atmosphere-tracking-id=0&X-Atmosphere-Framework=2.2.3-javascript&X-Atmosphere-Transport=long-polling&X-Atmosphere-TrackMessageSize=true&Content-Type=charset%3Dutf-8&X-atmo-protocol=true&_=1773283540181 HTTP/1.1" 200 -
119.136.154.51 - - [12/Mar/2026:10:40:00 +0800] "GET /InternetTrading/longpoll/51803?X-Atmosphere-tracking-id=0&X-Atmosphere-Framework=2.2.3-javascript&X-Atmosphere-Transport=long-polling&X-Atmosphere-TrackMessageSize=true&Content-Type=charset%3Dutf-8&X-atmo-protocol=true&_=1773283539965 HTTP/1.1" 200 -
219.73.99.100 - - [12/Mar/2026:10:40:03 +0800] "GET /InternetTrading/longpoll/55136?X-Atmosphere-tracking-id=0&X-Atmosphere-Framework=2.2.3-javascript&X-Atmosphere-Transport=long-polling&X-Atmosphere-TrackMessageSize=true&Content-Type=charset%3Dutf-8&X-atmo-protocol=true&_=1773283542757 HTTP/1.1" 200 -
120.230.125.143 - - [12/Mar/2026:10:40:03 +0800] "GET /InternetTrading/longpoll/13975?X-Atmosphere-tracking-id=0&X-Atmosphere-Framework=2.2.3-javascript&X-Atmosphere-Transport=long-polling&X-Atmosphere-TrackMessageSize=true&Content-Type=charset%3Dutf-8&X-atmo-protocol=true&_=1773283547026 HTTP/1.1" 200 -
14.0.170.57 - - [12/Mar/2026:10:40:05 +0800] "GET /InternetTrading/longpoll/A8127?X-Atmosphere-tracking-id=0&X-Atmosphere-Framework=2.2.3-javascript&X-Atmosphere-Transport=long-polling&X-Atmosphere-TrackMessageSize=true&Content-Type=charset%3Dutf-8&X-atmo-protocol=true&_=1773283545228 HTTP/1.1" 200 -
163.125.177.201 - - [12/Mar/2026:10:40:05 +0800] "GET /InternetTrading/longpoll/53995?X-Atmosphere-tracking-id=0&X-Atmosphere-Framework=2.2.3-javascript&X-Atmosphere-Transport=long-polling&X-Atmosphere-TrackMessageSize=true&Content-Type=charset%3Dutf-8&X-atmo-protocol=true&_=1773283543798 HTTP/1.1" 200 -
119.136.154.51 - - [12/Mar/2026:10:40:06 +0800] "GET /InternetTrading/longpoll/51803?X-Atmosphere-tracking-id=0&X-Atmosphere-Framework=2.2.3-javascript&X-Atmosphere-Transport=long-polling&X-Atmosphere-TrackMessageSize=true&Content-Type=charset%3Dutf-8&X-atmo-protocol=true&_=1773283545973 HTTP/1.1" 200 -
120.230.125.143 - - [12/Mar/2026:10:40:07 +0800] "POST /InternetTrading/SessionErrorLogger HTTP/1.1" 200 117
120.230.125.143 - - [12/Mar/2026:10:40:07 +0800] "POST /InternetTrading/MarketStatus HTTP/1.1" 200 772
120.230.125.143 - - [12/Mar/2026:10:40:07 +0800] "POST /InternetTrading/SessionErrorLogger HTTP/1.1" 200 117
120.230.125.143 - - [12/Mar/2026:10:40:07 +0800] "POST /InternetTrading/Heartbeat HTTP/1.1" 200 32
219.73.99.100 - - [12/Mar/2026:10:40:08 +0800] "GET /InternetTrading/longpoll/55136?X-Atmosphere-tracking-id=0&X-Atmosphere-Framework=2.2.3-javascript&X-Atmosphere-Transport=long-polling&X-Atmosphere-TrackMessageSize=true&Content-Type=charset%3Dutf-8&X-atmo-protocol=true&_=1773283547792 HTTP/1.1" 200 -
120.230.125.143 - - [12/Mar/2026:10:40:09 +0800] "GET /InternetTrading/longpoll/13975?X-Atmosphere-tracking-id=0&X-Atmosphere-Framework=2.2.3-javascript&X-Atmosphere-Transport=long-polling&X-Atmosphere-TrackMessageSize=true&Content-Type=charset%3Dutf-8&X-atmo-protocol=true&_=1773283553028 HTTP/1.1" 200 -
14.0.170.57 - - [12/Mar/2026:10:40:10 +0800] "GET /InternetTrading/longpoll/A8127?X-Atmosphere-tracking-id=0&X-Atmosphere-Framework=2.2.3-javascript&X-Atmosphere-Transport=long-polling&X-Atmosphere-TrackMessageSize=true&Content-Type=charset%3Dutf-8&X-atmo-protocol=true&_=1773283550352 HTTP/1.1" 200 -
163.125.177.201 - - [12/Mar/2026:10:40:11 +0800] "GET /InternetTrading/longpoll/53995?X-Atmosphere-tracking-id=0&X-Atmosphere-Framework=2.2.3-javascript&X-Atmosphere-Transport=long-polling&X-Atmosphere-TrackMessageSize=true&Content-Type=charset%3Dutf-8&X-atmo-protocol=true&_=1773283549806 HTTP/1.1" 200 -
119.136.154.51 - - [12/Mar/2026:10:40:12 +0800] "GET /InternetTrading/longpoll/51803?X-Atmosphere-tracking-id=0&X-Atmosphere-Framework=2.2.3-javascript&X-Atmosphere-Transport=long-polling&X-Atmosphere-TrackMessageSize=true&Content-Type=charset%3Dutf-8&X-atmo-protocol=true&_=1773283551974 HTTP/1.1" 200 -
219.73.99.100 - - [12/Mar/2026:10:40:13 +0800] "GET /InternetTrading/longpoll/55136?X-Atmosphere-tracking-id=0&X-Atmosphere-Framework=2.2.3-javascript&X-Atmosphere-Transport=long-polling&X-Atmosphere-TrackMessageSize=true&Content-Type=charset%3Dutf-8&X-atmo-protocol=true&_=1773283552827 HTTP/1.1" 200 -
219.73.99.100 - - [12/Mar/2026:10:40:15 +0800] "POST /InternetTrading/SessionErrorLogger HTTP/1.1" 200 117
219.73.99.100 - - [12/Mar/2026:10:40:15 +0800] "POST /InternetTrading/Heartbeat HTTP/1.1" 200 32
219.73.99.100 - - [12/Mar/2026:10:40:15 +0800] "POST /InternetTrading/SessionErrorLogger HTTP/1.1" 200 117
219.73.99.100 - - [12/Mar/2026:10:40:15 +0800] "POST /InternetTrading/MarketStatus HTTP/1.1" 200 772
14.0.170.57 - - [12/Mar/2026:10:40:15 +0800] "GET /InternetTrading/longpoll/A8127?X-Atmosphere-tracking-id=0&X-Atmosphere-Framework=2.2.3-javascript&X-Atmosphere-Transport=long-polling&X-Atmosphere-TrackMessageSize=true&Content-Type=charset%3Dutf-8&X-atmo-protocol=true&_=1773283555569 HTTP/1.1" 200 -
120.230.125.143 - - [12/Mar/2026:10:40:15 +0800] "GET /InternetTrading/longpoll/13975?X-Atmosphere-tracking-id=0&X-Atmosphere-Framework=2.2.3-javascript&X-Atmosphere-Transport=long-polling&X-Atmosphere-TrackMessageSize=true&Content-Type=charset%3Dutf-8&X-atmo-protocol=true&_=1773283559028 HTTP/1.1" 200 -
163.125.177.201 - - [12/Mar/2026:10:40:17 +0800] "GET /InternetTrading/longpoll/53995?X-Atmosphere-tracking-id=0&X-Atmosphere-Framework=2.2.3-javascript&X-Atmosphere-Transport=long-polling&X-Atmosphere-TrackMessageSize=true&Content-Type=charset%3Dutf-8&X-atmo-protocol=true&_=1773283555803 HTTP/1.1" 200 -
119.136.154.51 - - [12/Mar/2026:10:40:18 +0800] "GET /InternetTrading/longpoll/51803?X-Atmosphere-tracking-id=0&X-Atmosphere-Framework=2.2.3-javascript&X-Atmosphere-Transport=long-polling&X-Atmosphere-TrackMessageSize=true&Content-Type=charset%3Dutf-8&X-atmo-protocol=true&_=1773283557973 HTTP/1.1" 200 -
219.73.99.100 - - [12/Mar/2026:10:40:18 +0800] "GET /InternetTrading/longpoll/55136?X-Atmosphere-tracking-id=0&X-Atmosphere-Framework=2.2.3-javascript&X-Atmosphere-Transport=long-polling&X-Atmosphere-TrackMessageSize=true&Content-Type=charset%3Dutf-8&X-atmo-protocol=true&_=1773283557853 HTTP/1.1" 200 -
119.136.154.51 - - [12/Mar/2026:10:40:19 +0800] "POST /InternetTrading/SessionErrorLogger HTTP/1.1" 200 117
119.136.154.51 - - [12/Mar/2026:10:40:19 +0800] "POST /InternetTrading/Heartbeat HTTP/1.1" 200 32
119.136.154.51 - - [12/Mar/2026:10:40:19 +0800] "POST /InternetTrading/SessionErrorLogger HTTP/1.1" 200 117
119.136.154.51 - - [12/Mar/2026:10:40:19 +0800] "POST /InternetTrading/MarketStatus HTTP/1.1" 200 772
14.0.170.57 - - [12/Mar/2026:10:40:21 +0800] "GET /InternetTrading/longpoll/A8127?X-Atmosphere-tracking-id=0&X-Atmosphere-Framework=2.2.3-javascript&X-Atmosphere-Transport=long-polling&X-Atmosphere-TrackMessageSize=true&Content-Type=charset%3Dutf-8&X-atmo-protocol=true&_=1773283560686 HTTP/1.1" 200 -
120.230.125.143 - - [12/Mar/2026:10:40:21 +0800] "GET /InternetTrading/longpoll/13975?X-Atmosphere-tracking-id=0&X-Atmosphere-Framework=2.2.3-javascript&X-Atmosphere-Transport=long-polling&X-Atmosphere-TrackMessageSize=true&Content-Type=charset%3Dutf-8&X-atmo-protocol=true&_=1773283565028 HTTP/1.1" 200 -
163.125.177.201 - - [12/Mar/2026:10:40:23 +0800] "GET /InternetTrading/longpoll/53995?X-Atmosphere-tracking-id=0&X-Atmosphere-Framework=2.2.3-javascript&X-Atmosphere-Transport=long-polling&X-Atmosphere-TrackMessageSize=true&Content-Type=charset%3Dutf-8&X-atmo-protocol=true&_=1773283561795 HTTP/1.1" 200 -
219.73.99.100 - - [12/Mar/2026:10:40:23 +0800] "GET /InternetTrading/longpoll/55136?X-Atmosphere-tracking-id=0&X-Atmosphere-Framework=2.2.3-javascript&X-Atmosphere-Transport=long-polling&X-Atmosphere-TrackMessageSize=true&Content-Type=charset%3Dutf-8&X-atmo-protocol=true&_=1773283562882 HTTP/1.1" 200 -
119.136.154.51 - - [12/Mar/2026:10:40:24 +0800] "GET /InternetTrading/longpoll/51803?X-Atmosphere-tracking-id=0&X-Atmosphere-Framework=2.2.3-javascript&X-Atmosphere-Transport=long-polling&X-Atmosphere-TrackMessageSize=true&Content-Type=charset%3Dutf-8&X-atmo-protocol=true&_=1773283563973 HTTP/1.1" 200 -
163.125.177.201 - - [12/Mar/2026:10:40:25 +0800] "POST /InternetTrading/SessionErrorLogger HTTP/1.1" 200 117
163.125.177.201 - - [12/Mar/2026:10:40:25 +0800] "POST /InternetTrading/MarketStatus HTTP/1.1" 200 772
163.125.177.201 - - [12/Mar/2026:10:40:25 +0800] "POST /InternetTrading/SessionErrorLogger HTTP/1.1" 200 117
163.125.177.201 - - [12/Mar/2026:10:40:25 +0800] "POST /InternetTrading/Heartbeat HTTP/1.1" 200 32
14.0.170.57 - - [12/Mar/2026:10:40:26 +0800] "GET /InternetTrading/longpoll/A8127?X-Atmosphere-tracking-id=0&X-Atmosphere-Framework=2.2.3-javascript&X-Atmosphere-Transport=long-polling&X-Atmosphere-TrackMessageSize=true&Content-Type=charset%3Dutf-8&X-atmo-protocol=true&_=1773283565938 HTTP/1.1" 200 -
14.0.170.57 - - [12/Mar/2026:10:40:27 +0800] "POST /InternetTrading/SessionErrorLogger HTTP/1.1" 200 117
14.0.170.57 - - [12/Mar/2026:10:40:27 +0800] "POST /InternetTrading/MarketStatus HTTP/1.1" 200 772
120.230.125.143 - - [12/Mar/2026:10:40:27 +0800] "GET /InternetTrading/longpoll/13975?X-Atmosphere-tracking-id=0&X-Atmosphere-Framework=2.2.3-javascript&X-Atmosphere-Transport=long-polling&X-Atmosphere-TrackMessageSize=true&Content-Type=charset%3Dutf-8&X-atmo-protocol=true&_=1773283571028 HTTP/1.1" 200 -
219.73.99.100 - - [12/Mar/2026:10:40:29 +0800] "GET /InternetTrading/longpoll/55136?X-Atmosphere-tracking-id=0&X-Atmosphere-Framework=2.2.3-javascript&X-Atmosphere-Transport=long-polling&X-Atmosphere-TrackMessageSize=true&Content-Type=charset%3Dutf-8&X-atmo-protocol=true&_=1773283567910 HTTP/1.1" 200 -
163.125.177.201 - - [12/Mar/2026:10:40:29 +0800] "GET /InternetTrading/longpoll/53995?X-Atmosphere-tracking-id=0&X-Atmosphere-Framework=2.2.3-javascript&X-Atmosphere-Transport=long-polling&X-Atmosphere-TrackMessageSize=true&Content-Type=charset%3Dutf-8&X-atmo-protocol=true&_=1773283567798 HTTP/1.1" 200 -
14.0.170.57 - - [12/Mar/2026:10:40:30 +0800] "POST /InternetTrading/SessionErrorLogger HTTP/1.1" 200 117
14.0.170.57 - - [12/Mar/2026:10:40:30 +0800] "POST /InternetTrading/Heartbeat HTTP/1.1" 200 32
119.136.154.51 - - [12/Mar/2026:10:40:30 +0800] "GET /InternetTrading/longpoll/51803?X-Atmosphere-tracking-id=0&X-Atmosphere-Framework=2.2.3-javascript&X-Atmosphere-Transport=long-polling&X-Atmosphere-TrackMessageSize=true&Content-Type=charset%3Dutf-8&X-atmo-protocol=true&_=1773283569965 HTTP/1.1" 200 -
14.0.170.57 - - [12/Mar/2026:10:40:31 +0800] "GET /InternetTrading/longpoll/A8127?X-Atmosphere-tracking-id=0&X-Atmosphere-Framework=2.2.3-javascript&X-Atmosphere-Transport=long-polling&X-Atmosphere-TrackMessageSize=true&Content-Type=charset%3Dutf-8&X-atmo-protocol=true&_=1773283571041 HTTP/1.1" 200 -
120.230.125.143 - - [12/Mar/2026:10:40:33 +0800] "GET /InternetTrading/longpoll/13975?X-Atmosphere-tracking-id=0&X-Atmosphere-Framework=2.2.3-javascript&X-Atmosphere-Transport=long-polling&X-Atmosphere-TrackMessageSize=true&Content-Type=charset%3Dutf-8&X-atmo-protocol=true&_=1773283577027 HTTP/1.1" 200 -
219.73.99.100 - - [12/Mar/2026:10:40:34 +0800] "GET /InternetTrading/longpoll/55136?X-Atmosphere-tracking-id=0&X-Atmosphere-Framework=2.2.3-javascript&X-Atmosphere-Transport=long-polling&X-Atmosphere-TrackMessageSize=true&Content-Type=charset%3Dutf-8&X-atmo-protocol=true&_=1773283572950 HTTP/1.1" 200 -
163.125.177.201 - - [12/Mar/2026:10:40:35 +0800] "GET /InternetTrading/longpoll/53995?X-Atmosphere-tracking-id=0&X-Atmosphere-Framework=2.2.3-javascript&X-Atmosphere-Transport=long-polling&X-Atmosphere-TrackMessageSize=true&Content-Type=charset%3Dutf-8&X-atmo-protocol=true&_=1773283573802 HTTP/1.1" 200 -
14.0.170.57 - - [12/Mar/2026:10:40:36 +0800] "GET /InternetTrading/longpoll/A8127?X-Atmosphere-tracking-id=0&X-Atmosphere-Framework=2.2.3-javascript&X-Atmosphere-Transport=long-polling&X-Atmosphere-TrackMessageSize=true&Content-Type=charset%3Dutf-8&X-atmo-protocol=true&_=1773283576161 HTTP/1.1" 200 -
119.136.154.51 - - [12/Mar/2026:10:40:36 +0800] "GET /InternetTrading/longpoll/51803?X-Atmosphere-tracking-id=0&X-Atmosphere-Framework=2.2.3-javascript&X-Atmosphere-Transport=long-polling&X-Atmosphere-TrackMessageSize=true&Content-Type=charset%3Dutf-8&X-atmo-protocol=true&_=1773283575963 HTTP/1.1" 200 -
14.0.170.57 - - [12/Mar/2026:10:40:38 +0800] "GET /InternetTrading/tc/main.html?language=tc&version=HTML HTTP/1.1" 200 3578
14.0.170.57 - - [12/Mar/2026:10:40:38 +0800] "GET /InternetTrading/jquery/ui.datepicker.css HTTP/1.1" 200 1145
14.0.170.57 - - [12/Mar/2026:10:40:38 +0800] "GET /InternetTrading/jquery/jquery.tablesorter-theme.blue.css HTTP/1.1" 200 2083
14.0.170.57 - - [12/Mar/2026:10:40:38 +0800] "GET /InternetTrading/jquery/dragtable-2.0.9.css HTTP/1.1" 200 316
14.0.170.57 - - [12/Mar/2026:10:40:38 +0800] "GET /InternetTrading/jquery/jquery-ui-1.10.3.css HTTP/1.1" 200 5283
14.0.170.57 - - [12/Mar/2026:10:40:38 +0800] "GET /InternetTrading/tc/style_common.css?v=20200819161914 HTTP/1.1" 200 2540
14.0.170.57 - - [12/Mar/2026:10:40:38 +0800] "GET /InternetTrading/tc/style.css?v=20200819161914 HTTP/1.1" 200 1435
14.0.170.57 - - [12/Mar/2026:10:40:38 +0800] "GET /InternetTrading/tc/css/jquery.jscrollpane.css HTTP/1.1" 404 690
14.0.170.57 - - [12/Mar/2026:10:40:38 +0800] "GET /InternetTrading/jquery/jquery.ba-postmessage.js HTTP/1.1" 200 2990
14.0.170.57 - - [12/Mar/2026:10:40:38 +0800] "GET /InternetTrading/js/aastock.js HTTP/1.1" 200 553
14.0.170.57 - - [12/Mar/2026:10:40:38 +0800] "GET /InternetTrading/jquery/jquery-1.6.3.min.js HTTP/1.1" 200 32057
14.0.170.57 - - [12/Mar/2026:10:40:38 +0800] "GET /InternetTrading/jquery/jquery-migrate-3.0.0.js HTTP/1.1" 200 4963
14.0.170.57 - - [12/Mar/2026:10:40:38 +0800] "GET /InternetTrading/js/atmosphere.js HTTP/1.1" 200 13461
14.0.170.57 - - [12/Mar/2026:10:40:38 +0800] "GET /InternetTrading/jquery/jquery-3.3.1.js HTTP/1.1" 200 80650
14.0.170.57 - - [12/Mar/2026:10:40:38 +0800] "GET /InternetTrading/js/cache.js?jsv=20200819161914 HTTP/1.1" 200 940
14.0.170.57 - - [12/Mar/2026:10:40:38 +0800] "GET /InternetTrading/jquery/jquery-ui-1.10.3.js HTTP/1.1" 200 69642
14.0.170.57 - - [12/Mar/2026:10:40:38 +0800] "GET /InternetTrading/jquery/jquery.form-3.46.0.js HTTP/1.1" 200 5673
14.0.170.57 - - [12/Mar/2026:10:40:38 +0800] "GET /InternetTrading/jquery/jquery.blockUI-2.66.0.js HTTP/1.1" 200 6651
14.0.170.57 - - [12/Mar/2026:10:40:38 +0800] "GET /InternetTrading/jquery/jquery.validate-1.11.1.js HTTP/1.1" 200 7041
14.0.170.57 - - [12/Mar/2026:10:40:38 +0800] "GET /InternetTrading/jquery/additional-methods.js HTTP/1.1" 200 2238
14.0.170.57 - - [12/Mar/2026:10:40:38 +0800] "GET /InternetTrading/jquery/jquery.mousewheel-3.1.4.js HTTP/1.1" 200 822
14.0.170.57 - - [12/Mar/2026:10:40:38 +0800] "GET /InternetTrading/jquery/jquery.tablesorter-2.14.5.js HTTP/1.1" 200 8901
14.0.170.57 - - [12/Mar/2026:10:40:38 +0800] "GET /InternetTrading/jquery/jquery.tablesorter.widgets-2.14.5.js HTTP/1.1" 200 8611
14.0.170.57 - - [12/Mar/2026:10:40:38 +0800] "GET /InternetTrading/jquery/jquery.combobox.packed.js HTTP/1.1" 200 3387
14.0.170.57 - - [12/Mar/2026:10:40:38 +0800] "GET /InternetTrading/jquery/jquery.timer-0.9.16.js HTTP/1.1" 200 542
14.0.170.57 - - [12/Mar/2026:10:40:38 +0800] "GET /InternetTrading/jquery/jquery.getParams.js HTTP/1.1" 200 587
14.0.170.57 - - [12/Mar/2026:10:40:38 +0800] "GET /InternetTrading/jquery/jquery.selectboxes.pack.js HTTP/1.1" 200 1640
14.0.170.57 - - [12/Mar/2026:10:40:38 +0800] "GET /InternetTrading/json/json2.js?jsv=20200819161914 HTTP/1.1" 200 1372
14.0.170.57 - - [12/Mar/2026:10:40:38 +0800] "GET /InternetTrading/jquery/date.js HTTP/1.1" 200 2807
14.0.170.57 - - [12/Mar/2026:10:40:38 +0800] "GET /InternetTrading/jquery/globalize-0.1.0a1.js HTTP/1.1" 200 6984
14.0.170.57 - - [12/Mar/2026:10:40:38 +0800] "GET /InternetTrading/settings/crm_display_settings.js?jsv=20200819161914 HTTP/1.1" 200 1781
14.0.170.57 - - [12/Mar/2026:10:40:38 +0800] "GET /InternetTrading/js/constants.js?jsv=20200819161914 HTTP/1.1" 200 400
14.0.170.57 - - [12/Mar/2026:10:40:38 +0800] "GET /InternetTrading/tc/user/translation.js?jsv=20200819161914 HTTP/1.1" 200 12818
14.0.170.57 - - [12/Mar/2026:10:40:38 +0800] "GET /InternetTrading/tc/user/custom_variables.js?jsv=20200819161914 HTTP/1.1" 200 275
14.0.170.57 - - [12/Mar/2026:10:40:38 +0800] "GET /InternetTrading/js/haitong.js?jsv=20200819161914 HTTP/1.1" 200 3881
14.0.170.57 - - [12/Mar/2026:10:40:38 +0800] "GET /InternetTrading/js/util.js?jsv=20200819161914 HTTP/1.1" 200 6636
14.0.170.57 - - [12/Mar/2026:10:40:38 +0800] "GET /InternetTrading/js/init.js?jsv=20200819161914 HTTP/1.1" 200 886
14.0.170.57 - - [12/Mar/2026:10:40:38 +0800] "GET /InternetTrading/js/rsautil.js?jsv=20200819161914 HTTP/1.1" 200 1017
14.0.170.57 - - [12/Mar/2026:10:40:38 +0800] "GET /InternetTrading/js/corporate.js?jsv=20200819161914 HTTP/1.1" 200 1575
14.0.170.57 - - [12/Mar/2026:10:40:38 +0800] "GET /InternetTrading/js/main.js?jsv=20200819161914 HTTP/1.1" 200 30725
14.0.170.57 - - [12/Mar/2026:10:40:38 +0800] "GET /InternetTrading/js/update_mdf.js?jsv=20200819161914 HTTP/1.1" 200 856
14.0.170.57 - - [12/Mar/2026:10:40:38 +0800] "GET /InternetTrading/js/validation_hkex.js?jsv=20200819161914 HTTP/1.1" 200 2300
14.0.170.57 - - [12/Mar/2026:10:40:38 +0800] "GET /InternetTrading/js/validation_bshare.js?jsv=20200819161914 HTTP/1.1" 200 1567
14.0.170.57 - - [12/Mar/2026:10:40:38 +0800] "GET /InternetTrading/js/validation_global.js?jsv=20200819161914 HTTP/1.1" 200 1564
14.0.170.57 - - [12/Mar/2026:10:40:38 +0800] "GET /InternetTrading/js/validation_ashare.js?jsv=20200819161914 HTTP/1.1" 200 2482
14.0.170.57 - - [12/Mar/2026:10:40:38 +0800] "GET /InternetTrading/js/account.js?jsv=20200819161914 HTTP/1.1" 200 2656
14.0.170.57 - - [12/Mar/2026:10:40:38 +0800] "GET /InternetTrading/js/cash_transfer.js?jsv=20200819161914 HTTP/1.1" 200 2712
14.0.170.57 - - [12/Mar/2026:10:40:38 +0800] "GET /InternetTrading/js/ipo.js?jsv=20200819161914 HTTP/1.1" 200 5726
14.0.170.57 - - [12/Mar/2026:10:40:38 +0800] "GET /InternetTrading/js/spread_cache.js?jsv=20200819161914 HTTP/1.1" 200 908
14.0.170.57 - - [12/Mar/2026:10:40:38 +0800] "GET /InternetTrading/js/mm.js?jsv=20200819161914 HTTP/1.1" 200 487
14.0.170.57 - - [12/Mar/2026:10:40:38 +0800] "GET /InternetTrading/js/isec_calculator.js?jsv=20200819161914 HTTP/1.1" 200 1364
14.0.170.57 - - [12/Mar/2026:10:40:39 +0800] "GET /InternetTrading/js/payment_instruction.js?jsv=20200819161914 HTTP/1.1" 200 2178
14.0.170.57 - - [12/Mar/2026:10:40:39 +0800] "GET /InternetTrading/js/payment_instruction_IMOS.js?jsv=20200819161914 HTTP/1.1" 200 6874
14.0.170.57 - - [12/Mar/2026:10:40:39 +0800] "GET /InternetTrading/js/eStatement.js?jsv=20200819161914 HTTP/1.1" 200 562
219.73.99.100 - - [12/Mar/2026:10:40:39 +0800] "GET /InternetTrading/longpoll/55136?X-Atmosphere-tracking-id=0&X-Atmosphere-Framework=2.2.3-javascript&X-Atmosphere-Transport=long-polling&X-Atmosphere-TrackMessageSize=true&Content-Type=charset%3Dutf-8&X-atmo-protocol=true&_=1773283577995 HTTP/1.1" 200 -
14.0.170.57 - - [12/Mar/2026:10:40:39 +0800] "GET /InternetTrading/js/string_extend.js?jsv=20200819161914 HTTP/1.1" 200 272
14.0.170.57 - - [12/Mar/2026:10:40:39 +0800] "GET /InternetTrading/js/pidcrypt.js?jsv=20200819161914 HTTP/1.1" 200 982
14.0.170.57 - - [12/Mar/2026:10:40:39 +0800] "GET /InternetTrading/js/pidcrypt_util.js?jsv=20200819161914 HTTP/1.1" 200 1206
14.0.170.57 - - [12/Mar/2026:10:40:39 +0800] "GET /InternetTrading/ExchangeList?fmt=js&jsv=20200819161914 HTTP/1.1" 200 146
14.0.170.57 - - [12/Mar/2026:10:40:39 +0800] "GET /InternetTrading/js/aes_cbc.js?jsv=20200819161914 HTTP/1.1" 200 2043
14.0.170.57 - - [12/Mar/2026:10:40:39 +0800] "GET /InternetTrading/js/aes_core.js?jsv=20200819161914 HTTP/1.1" 200 2106
14.0.170.57 - - [12/Mar/2026:10:40:39 +0800] "GET /InternetTrading/js/asn1.js?jsv=20200819161914 HTTP/1.1" 200 3099
14.0.170.57 - - [12/Mar/2026:10:40:39 +0800] "GET /InternetTrading/js/md5.js?jsv=20200819161914 HTTP/1.1" 200 1730
14.0.170.57 - - [12/Mar/2026:10:40:39 +0800] "GET /InternetTrading/js/prng4.js?jsv=20200819161914 HTTP/1.1" 200 303
14.0.170.57 - - [12/Mar/2026:10:40:39 +0800] "GET /InternetTrading/js/sha256.js?jsv=20200819161914 HTTP/1.1" 200 1362
14.0.170.57 - - [12/Mar/2026:10:40:39 +0800] "GET /InternetTrading/js/rng.js?jsv=20200819161914 HTTP/1.1" 200 481
14.0.170.57 - - [12/Mar/2026:10:40:39 +0800] "GET /InternetTrading/js/jsbn.js?jsv=20200819161914 HTTP/1.1" 200 6736
14.0.170.57 - - [12/Mar/2026:10:40:39 +0800] "GET /InternetTrading/js/rsa.js?jsv=20200819161914 HTTP/1.1" 200 1658
14.0.170.57 - - [12/Mar/2026:10:40:39 +0800] "GET /InternetTrading/js/mode-ecb.js?jsv=20200819161914 HTTP/1.1" 200 199
14.0.170.57 - - [12/Mar/2026:10:40:39 +0800] "GET /InternetTrading/js/update_lastlogin.js?jsv=20200819161914 HTTP/1.1" 200 980
14.0.170.57 - - [12/Mar/2026:10:40:39 +0800] "GET /InternetTrading/js/utilSpec.js?jsv=20200819161914 HTTP/1.1" 200 27
14.0.170.57 - - [12/Mar/2026:10:40:39 +0800] "GET /InternetTrading/js/aes.js?jsv=20200819161914 HTTP/1.1" 200 4816
14.0.170.57 - - [12/Mar/2026:10:40:39 +0800] "GET /InternetTrading/js/pw_alert.js?jsv=20200819161914 HTTP/1.1" 200 418
14.0.170.57 - - [12/Mar/2026:10:40:39 +0800] "GET /InternetTrading/js/jquery.jscrollpane.js HTTP/1.1" 404 685
14.0.170.57 - - [12/Mar/2026:10:40:39 +0800] "GET /InternetTrading/js/jquery.mousewheel.js HTTP/1.1" 404 684
14.0.170.57 - - [12/Mar/2026:10:40:39 +0800] "GET /InternetTrading/js/jquery.cookie.js HTTP/1.1" 200 834
14.0.170.57 - - [12/Mar/2026:10:40:39 +0800] "GET /InternetTrading/GoodTillDateValidExch?fmt=js&jsv=20200819161914 HTTP/1.1" 200 29
14.0.170.57 - - [12/Mar/2026:10:40:39 +0800] "GET /InternetTrading/js/decimal.js HTTP/1.1" 200 13492
14.0.170.57 - - [12/Mar/2026:10:40:39 +0800] "GET /InternetTrading/tc/images/logo.png HTTP/1.1" 200 7042
14.0.170.57 - - [12/Mar/2026:10:40:39 +0800] "GET /InternetTrading/tc/images/top_menu01.jpg HTTP/1.1" 200 3466
14.0.170.57 - - [12/Mar/2026:10:40:39 +0800] "GET /InternetTrading/tc/images/top_menu04.jpg HTTP/1.1" 200 3430
14.0.170.57 - - [12/Mar/2026:10:40:39 +0800] "GET /InternetTrading/tc/images/top_menu_logout.jpg HTTP/1.1" 200 1016
14.0.170.57 - - [12/Mar/2026:10:40:39 +0800] "GET /InternetTrading/images/top_bg3.jpg HTTP/1.1" 200 878
14.0.170.57 - - [12/Mar/2026:10:40:39 +0800] "GET /InternetTrading/images/top_bg1.jpg HTTP/1.1" 200 329
14.0.170.57 - - [12/Mar/2026:10:40:39 +0800] "GET /InternetTrading/images/top_bg2.jpg HTTP/1.1" 200 330
14.0.170.57 - - [12/Mar/2026:10:40:39 +0800] "POST /InternetTrading/Heartbeat HTTP/1.1" 200 32
14.0.170.57 - - [12/Mar/2026:10:40:39 +0800] "POST /InternetTrading/PopUpConfig HTTP/1.1" 200 2
14.0.170.57 - - [12/Mar/2026:10:40:39 +0800] "GET /InternetTrading/tc/dialog.html?1773283579100 HTTP/1.1" 200 3188
14.0.170.57 - - [12/Mar/2026:10:40:39 +0800] "POST /InternetTrading/CustomerInfoLite HTTP/1.1" 200 124
14.0.170.57 - - [12/Mar/2026:10:40:39 +0800] "GET /InternetTrading/tc/trade.html HTTP/1.1" 200 2113
14.0.170.57 - - [12/Mar/2026:10:40:39 +0800] "POST /InternetTrading/SpreadPriceCache HTTP/1.1" 200 1947
14.0.170.57 - - [12/Mar/2026:10:40:39 +0800] "GET /InternetTrading/tc/images/top_menu01_o.jpg HTTP/1.1" 200 3339
14.0.170.57 - - [12/Mar/2026:10:40:39 +0800] "GET /InternetTrading/jquery/wait.gif HTTP/1.1" 200 432
14.0.170.57 - - [12/Mar/2026:10:40:39 +0800] "POST /InternetTrading/SessionErrorLogger HTTP/1.1" 200 117
14.0.170.57 - - [12/Mar/2026:10:40:39 +0800] "POST /InternetTrading/GetLastLoginDate HTTP/1.1" 200 31
14.0.170.57 - - [12/Mar/2026:10:40:39 +0800] "POST /InternetTrading/SessionErrorLogger HTTP/1.1" 200 117
14.0.170.57 - - [12/Mar/2026:10:40:39 +0800] "GET /InternetTrading/tc/images/refresh.gif HTTP/1.1" 200 1145
14.0.170.57 - - [12/Mar/2026:10:40:39 +0800] "GET /InternetTrading/tc/getpopupMsgName.jsp HTTP/1.1" 200 -
14.0.170.57 - - [12/Mar/2026:10:40:39 +0800] "GET /InternetTrading/tc/images/trade_point01.jpg HTTP/1.1" 200 358
14.0.170.57 - - [12/Mar/2026:10:40:39 +0800] "GET /InternetTrading/tc/applet_dummy.html HTTP/1.1" 200 330
14.0.170.57 - - [12/Mar/2026:10:40:39 +0800] "POST /InternetTrading/SessionErrorLogger HTTP/1.1" 200 117
14.0.170.57 - - [12/Mar/2026:10:40:39 +0800] "GET /InternetTrading/tc/buy_ticket.html? HTTP/1.1" 200 1995
14.0.170.57 - - [12/Mar/2026:10:40:39 +0800] "POST /InternetTrading/SessionErrorLogger HTTP/1.1" 200 117
14.0.170.57 - - [12/Mar/2026:10:40:39 +0800] "POST /InternetTrading/MarketStatus HTTP/1.1" 200 772
14.0.170.57 - - [12/Mar/2026:10:40:39 +0800] "POST /InternetTrading/SessionErrorLogger HTTP/1.1" 200 117
120.230.125.143 - - [12/Mar/2026:10:40:39 +0800] "GET /InternetTrading/longpoll/13975?X-Atmosphere-tracking-id=0&X-Atmosphere-Framework=2.2.3-javascript&X-Atmosphere-Transport=long-polling&X-Atmosphere-TrackMessageSize=true&Content-Type=charset%3Dutf-8&X-atmo-protocol=true&_=1773283583028 HTTP/1.1" 200 -
14.0.170.57 - - [12/Mar/2026:10:40:39 +0800] "GET /InternetTrading/tc/multi_currency_balance.html HTTP/1.1" 200 295
14.0.170.57 - - [12/Mar/2026:10:40:39 +0800] "GET /InternetTrading/jquery/wait.gif HTTP/1.1" 200 432
14.0.170.57 - - [12/Mar/2026:10:40:39 +0800] "GET /InternetTrading/jquery/images/ui-bg_flat_75_ffffff_40x100.png HTTP/1.1" 200 208
14.0.170.57 - - [12/Mar/2026:10:40:39 +0800] "GET /InternetTrading/jquery/images/ui-icons_222222_256x240.png HTTP/1.1" 200 6922
14.0.170.57 - - [12/Mar/2026:10:40:39 +0800] "GET /InternetTrading/Home/PostToAA.jsp?hl=tc HTTP/1.1" 200 293
14.0.170.57 - - [12/Mar/2026:10:40:39 +0800] "PO