119.136.154.51 - - [12/Mar/2026:09:30:07 +0800] "GET /InternetTrading/longpoll/51803?X-Atmosphere-tracking-id=0&X-Atmosphere-Framework=2.2.3-javascript&X-Atmosphere-Transport=long-polling&X-Atmosphere-TrackMessageSize=true&Content-Type=charset%3Dutf-8&X-atmo-protocol=true&_=1773279346663 HTTP/1.1" 200 -
120.230.125.143 - - [12/Mar/2026:09:30:07 +0800] "POST /InternetTrading/SessionErrorLogger HTTP/1.1" 200 117
120.230.125.143 - - [12/Mar/2026:09:30:07 +0800] "POST /InternetTrading/Heartbeat HTTP/1.1" 200 32
120.230.125.143 - - [12/Mar/2026:09:30:07 +0800] "POST /InternetTrading/SessionErrorLogger HTTP/1.1" 200 117
120.230.125.143 - - [12/Mar/2026:09:30:07 +0800] "GET /InternetTrading/longpoll/13975?X-Atmosphere-tracking-id=0&X-Atmosphere-Framework=2.2.3-javascript&X-Atmosphere-Transport=long-polling&X-Atmosphere-TrackMessageSize=true&Content-Type=charset%3Dutf-8&X-atmo-protocol=true&_=1773279351084 HTTP/1.1" 200 -
120.230.125.143 - - [12/Mar/2026:09:30:07 +0800] "POST /InternetTrading/MarketStatus HTTP/1.1" 200 772
163.125.177.201 - - [12/Mar/2026:09:30:08 +0800] "GET /InternetTrading/longpoll/53995?X-Atmosphere-tracking-id=0&X-Atmosphere-Framework=2.2.3-javascript&X-Atmosphere-Transport=long-polling&X-Atmosphere-TrackMessageSize=true&Content-Type=charset%3Dutf-8&X-atmo-protocol=true&_=1773279346906 HTTP/1.1" 200 -
14.0.170.57 - - [12/Mar/2026:09:30:11 +0800] "GET /InternetTrading/longpoll/A8127?X-Atmosphere-tracking-id=0&X-Atmosphere-Framework=2.2.3-javascript&X-Atmosphere-Transport=long-polling&X-Atmosphere-TrackMessageSize=true&Content-Type=charset%3Dutf-8&X-atmo-protocol=true&_=1773279351587 HTTP/1.1" 200 -
119.136.154.51 - - [12/Mar/2026:09:30:12 +0800] "GET /InternetTrading/longpoll/51803?X-Atmosphere-tracking-id=0&X-Atmosphere-Framework=2.2.3-javascript&X-Atmosphere-Transport=long-polling&X-Atmosphere-TrackMessageSize=true&Content-Type=charset%3Dutf-8&X-atmo-protocol=true&_=1773279351693 HTTP/1.1" 200 -
163.125.177.201 - - [12/Mar/2026:09:30:13 +0800] "GET /InternetTrading/longpoll/53995?X-Atmosphere-tracking-id=0&X-Atmosphere-Framework=2.2.3-javascript&X-Atmosphere-Transport=long-polling&X-Atmosphere-TrackMessageSize=true&Content-Type=charset%3Dutf-8&X-atmo-protocol=true&_=1773279351946 HTTP/1.1" 200 -
120.230.125.143 - - [12/Mar/2026:09:30:13 +0800] "GET /InternetTrading/longpoll/13975?X-Atmosphere-tracking-id=0&X-Atmosphere-Framework=2.2.3-javascript&X-Atmosphere-Transport=long-polling&X-Atmosphere-TrackMessageSize=true&Content-Type=charset%3Dutf-8&X-atmo-protocol=true&_=1773279356908 HTTP/1.1" 200 -
163.125.177.201 - - [12/Mar/2026:09:30:15 +0800] "POST /InternetTrading/SessionErrorLogger HTTP/1.1" 200 117
163.125.177.201 - - [12/Mar/2026:09:30:15 +0800] "POST /InternetTrading/Heartbeat HTTP/1.1" 200 32
163.125.177.201 - - [12/Mar/2026:09:30:16 +0800] "POST /InternetTrading/SessionErrorLogger HTTP/1.1" 200 117
163.125.177.201 - - [12/Mar/2026:09:30:16 +0800] "POST /InternetTrading/LoginKey HTTP/1.1" 200 -
163.125.177.201 - - [12/Mar/2026:09:30:16 +0800] "POST /InternetTrading/PreOrder HTTP/1.1" 200 1220
163.125.177.201 - - [12/Mar/2026:09:30:16 +0800] "GET /InternetTrading/jquery/wait.gif HTTP/1.1" 200 432
14.0.170.57 - - [12/Mar/2026:09:30:17 +0800] "GET /InternetTrading/longpoll/A8127?X-Atmosphere-tracking-id=0&X-Atmosphere-Framework=2.2.3-javascript&X-Atmosphere-Transport=long-polling&X-Atmosphere-TrackMessageSize=true&Content-Type=charset%3Dutf-8&X-atmo-protocol=true&_=1773279356674 HTTP/1.1" 200 -
119.136.154.51 - - [12/Mar/2026:09:30:17 +0800] "GET /InternetTrading/longpoll/51803?X-Atmosphere-tracking-id=0&X-Atmosphere-Framework=2.2.3-javascript&X-Atmosphere-Transport=long-polling&X-Atmosphere-TrackMessageSize=true&Content-Type=charset%3Dutf-8&X-atmo-protocol=true&_=1773279356746 HTTP/1.1" 200 -
163.125.177.201 - - [12/Mar/2026:09:30:18 +0800] "GET /InternetTrading/longpoll/53995?X-Atmosphere-tracking-id=0&X-Atmosphere-Framework=2.2.3-javascript&X-Atmosphere-Transport=long-polling&X-Atmosphere-TrackMessageSize=true&Content-Type=charset%3Dutf-8&X-atmo-protocol=true&_=1773279356983 HTTP/1.1" 200 -
120.230.125.143 - - [12/Mar/2026:09:30:19 +0800] "GET /InternetTrading/longpoll/13975?X-Atmosphere-tracking-id=0&X-Atmosphere-Framework=2.2.3-javascript&X-Atmosphere-Transport=long-polling&X-Atmosphere-TrackMessageSize=true&Content-Type=charset%3Dutf-8&X-atmo-protocol=true&_=1773279362915 HTTP/1.1" 200 -
163.125.177.201 - - [12/Mar/2026:09:30:20 +0800] "POST /InternetTrading/SessionErrorLogger HTTP/1.1" 200 117
163.125.177.201 - - [12/Mar/2026:09:30:20 +0800] "GET /InternetTrading/Csrf?url=/Order HTTP/1.1" 200 125
163.125.177.201 - - [12/Mar/2026:09:30:20 +0800] "POST /InternetTrading/SessionErrorLogger HTTP/1.1" 200 117
163.125.177.201 - - [12/Mar/2026:09:30:20 +0800] "POST /InternetTrading/LoginKey HTTP/1.1" 200 -
163.125.177.201 - - [12/Mar/2026:09:30:20 +0800] "POST /InternetTrading/SessionErrorLogger HTTP/1.1" 200 117
163.125.177.201 - - [12/Mar/2026:09:30:20 +0800] "POST /InternetTrading/Order?csrf_nonce=43DB6C22FD20557EDAD9F1EDAB44A0E0 HTTP/1.1" 200 1017
163.125.177.201 - - [12/Mar/2026:09:30:20 +0800] "POST /InternetTrading/SessionErrorLogger HTTP/1.1" 200 117
163.125.177.201 - - [12/Mar/2026:09:30:20 +0800] "GET /InternetTrading/sc/sell_ticket.html? HTTP/1.1" 200 2263
163.125.177.201 - - [12/Mar/2026:09:30:20 +0800] "POST /InternetTrading/SessionErrorLogger HTTP/1.1" 200 117
163.125.177.201 - - [12/Mar/2026:09:30:20 +0800] "POST /InternetTrading/SessionErrorLogger HTTP/1.1" 200 117
163.125.177.201 - - [12/Mar/2026:09:30:20 +0800] "POST /InternetTrading/MarketStatus HTTP/1.1" 200 772
163.125.177.201 - - [12/Mar/2026:09:30:20 +0800] "POST /InternetTrading/MarketStatus HTTP/1.1" 200 772
23.94.61.231 - - [12/Mar/2026:09:30:21 +0800] "HEAD / HTTP/1.1" 200 -
14.0.170.57 - - [12/Mar/2026:09:30:22 +0800] "GET /InternetTrading/longpoll/A8127?X-Atmosphere-tracking-id=0&X-Atmosphere-Framework=2.2.3-javascript&X-Atmosphere-Transport=long-polling&X-Atmosphere-TrackMessageSize=true&Content-Type=charset%3Dutf-8&X-atmo-protocol=true&_=1773279361873 HTTP/1.1" 200 -
119.136.154.51 - - [12/Mar/2026:09:30:22 +0800] "GET /InternetTrading/longpoll/51803?X-Atmosphere-tracking-id=0&X-Atmosphere-Framework=2.2.3-javascript&X-Atmosphere-Transport=long-polling&X-Atmosphere-TrackMessageSize=true&Content-Type=charset%3Dutf-8&X-atmo-protocol=true&_=1773279361819 HTTP/1.1" 200 -
163.125.177.201 - - [12/Mar/2026:09:30:22 +0800] "GET /InternetTrading/jquery/wait.gif HTTP/1.1" 200 432
163.125.177.201 - - [12/Mar/2026:09:30:22 +0800] "POST /InternetTrading/SessionErrorLogger HTTP/1.1" 200 117
163.125.177.201 - - [12/Mar/2026:09:30:22 +0800] "POST /InternetTrading/Orderbook HTTP/1.1" 200 1157
163.125.177.201 - - [12/Mar/2026:09:30:23 +0800] "GET /InternetTrading/longpoll/53995?X-Atmosphere-tracking-id=0&X-Atmosphere-Framework=2.2.3-javascript&X-Atmosphere-Transport=long-polling&X-Atmosphere-TrackMessageSize=true&Content-Type=charset%3Dutf-8&X-atmo-protocol=true&_=1773279362024 HTTP/1.1" 200 -
163.125.177.201 - - [12/Mar/2026:09:30:25 +0800] "POST /InternetTrading/SessionErrorLogger HTTP/1.1" 200 117
163.125.177.201 - - [12/Mar/2026:09:30:25 +0800] "GET /InternetTrading/jquery/wait.gif HTTP/1.1" 200 432
163.125.177.201 - - [12/Mar/2026:09:30:25 +0800] "POST /InternetTrading/Portfolio HTTP/1.1" 200 1787
120.230.125.143 - - [12/Mar/2026:09:30:25 +0800] "GET /InternetTrading/longpoll/13975?X-Atmosphere-tracking-id=0&X-Atmosphere-Framework=2.2.3-javascript&X-Atmosphere-Transport=long-polling&X-Atmosphere-TrackMessageSize=true&Content-Type=charset%3Dutf-8&X-atmo-protocol=true&_=1773279368907 HTTP/1.1" 200 -
14.0.170.57 - - [12/Mar/2026:09:30:27 +0800] "GET /InternetTrading/longpoll/A8127?X-Atmosphere-tracking-id=0&X-Atmosphere-Framework=2.2.3-javascript&X-Atmosphere-Transport=long-polling&X-Atmosphere-TrackMessageSize=true&Content-Type=charset%3Dutf-8&X-atmo-protocol=true&_=1773279367056 HTTP/1.1" 200 -
119.136.154.51 - - [12/Mar/2026:09:30:27 +0800] "GET /InternetTrading/longpoll/51803?X-Atmosphere-tracking-id=0&X-Atmosphere-Framework=2.2.3-javascript&X-Atmosphere-Transport=long-polling&X-Atmosphere-TrackMessageSize=true&Content-Type=charset%3Dutf-8&X-atmo-protocol=true&_=1773279366846 HTTP/1.1" 200 -
163.125.177.201 - - [12/Mar/2026:09:30:27 +0800] "POST /InternetTrading/SessionErrorLogger HTTP/1.1" 200 117
163.125.177.201 - - [12/Mar/2026:09:30:27 +0800] "GET /InternetTrading/sc/sell_ticket.html? HTTP/1.1" 200 2263
163.125.177.201 - - [12/Mar/2026:09:30:27 +0800] "POST /InternetTrading/SessionErrorLogger HTTP/1.1" 200 117
163.125.177.201 - - [12/Mar/2026:09:30:27 +0800] "POST /InternetTrading/SessionErrorLogger HTTP/1.1" 200 117
163.125.177.201 - - [12/Mar/2026:09:30:27 +0800] "POST /InternetTrading/MarketStatus HTTP/1.1" 200 772
163.125.177.201 - - [12/Mar/2026:09:30:27 +0800] "POST /InternetTrading/MarketStatus HTTP/1.1" 200 772
163.125.177.201 - - [12/Mar/2026:09:30:27 +0800] "POST /InternetTrading/SessionErrorLogger HTTP/1.1" 200 117
163.125.177.201 - - [12/Mar/2026:09:30:27 +0800] "POST /InternetTrading/SessionErrorLogger HTTP/1.1" 200 117
163.125.177.201 - - [12/Mar/2026:09:30:27 +0800] "POST /InternetTrading/Product HTTP/1.1" 200 310
163.125.177.201 - - [12/Mar/2026:09:30:27 +0800] "POST /InternetTrading/OrderMaxQuantity HTTP/1.1" 200 9
163.125.177.201 - - [12/Mar/2026:09:30:28 +0800] "GET /InternetTrading/longpoll/53995?X-Atmosphere-tracking-id=0&X-Atmosphere-Framework=2.2.3-javascript&X-Atmosphere-Transport=long-polling&X-Atmosphere-TrackMessageSize=true&Content-Type=charset%3Dutf-8&X-atmo-protocol=true&_=1773279367048 HTTP/1.1" 200 -
119.136.154.51 - - [12/Mar/2026:09:30:31 +0800] "POST /InternetTrading/SessionErrorLogger HTTP/1.1" 200 117
119.136.154.51 - - [12/Mar/2026:09:30:31 +0800] "POST /InternetTrading/Heartbeat HTTP/1.1" 200 32
119.136.154.51 - - [12/Mar/2026:09:30:31 +0800] "POST /InternetTrading/SessionErrorLogger HTTP/1.1" 200 117
119.136.154.51 - - [12/Mar/2026:09:30:31 +0800] "POST /InternetTrading/MarketStatus HTTP/1.1" 200 772
120.230.125.143 - - [12/Mar/2026:09:30:31 +0800] "GET /InternetTrading/longpoll/13975?X-Atmosphere-tracking-id=0&X-Atmosphere-Framework=2.2.3-javascript&X-Atmosphere-Transport=long-polling&X-Atmosphere-TrackMessageSize=true&Content-Type=charset%3Dutf-8&X-atmo-protocol=true&_=1773279374908 HTTP/1.1" 200 -
14.0.170.57 - - [12/Mar/2026:09:30:32 +0800] "GET /InternetTrading/longpoll/A8127?X-Atmosphere-tracking-id=0&X-Atmosphere-Framework=2.2.3-javascript&X-Atmosphere-Transport=long-polling&X-Atmosphere-TrackMessageSize=true&Content-Type=charset%3Dutf-8&X-atmo-protocol=true&_=1773279372157 HTTP/1.1" 200 -
119.136.154.51 - - [12/Mar/2026:09:30:32 +0800] "GET /InternetTrading/longpoll/51803?X-Atmosphere-tracking-id=0&X-Atmosphere-Framework=2.2.3-javascript&X-Atmosphere-Transport=long-polling&X-Atmosphere-TrackMessageSize=true&Content-Type=charset%3Dutf-8&X-atmo-protocol=true&_=1773279371909 HTTP/1.1" 200 -
163.125.177.201 - - [12/Mar/2026:09:30:33 +0800] "GET /InternetTrading/longpoll/53995?X-Atmosphere-tracking-id=0&X-Atmosphere-Framework=2.2.3-javascript&X-Atmosphere-Transport=long-polling&X-Atmosphere-TrackMessageSize=true&Content-Type=charset%3Dutf-8&X-atmo-protocol=true&_=1773279372120 HTTP/1.1" 200 -
14.0.170.57 - - [12/Mar/2026:09:30:35 +0800] "POST /InternetTrading/SessionErrorLogger HTTP/1.1" 200 117
14.0.170.57 - - [12/Mar/2026:09:30:35 +0800] "POST /InternetTrading/Heartbeat HTTP/1.1" 200 32
14.0.170.57 - - [12/Mar/2026:09:30:35 +0800] "POST /InternetTrading/SessionErrorLogger HTTP/1.1" 200 117
14.0.170.57 - - [12/Mar/2026:09:30:35 +0800] "POST /InternetTrading/MarketStatus HTTP/1.1" 200 772
47.128.35.103 - - [12/Mar/2026:09:30:33 +0800] "GET /logs/secure_ssl_request_log.20260119 HTTP/1.1" 200 12672529
14.0.170.57 - - [12/Mar/2026:09:30:37 +0800] "GET /InternetTrading/longpoll/A8127?X-Atmosphere-tracking-id=0&X-Atmosphere-Framework=2.2.3-javascript&X-Atmosphere-Transport=long-polling&X-Atmosphere-TrackMessageSize=true&Content-Type=charset%3Dutf-8&X-atmo-protocol=true&_=1773279377263 HTTP/1.1" 200 -
119.136.154.51 - - [12/Mar/2026:09:30:37 +0800] "GET /InternetTrading/longpoll/51803?X-Atmosphere-tracking-id=0&X-Atmosphere-Framework=2.2.3-javascript&X-Atmosphere-Transport=long-polling&X-Atmosphere-TrackMessageSize=true&Content-Type=charset%3Dutf-8&X-atmo-protocol=true&_=1773279376942 HTTP/1.1" 200 -
120.230.125.143 - - [12/Mar/2026:09:30:37 +0800] "GET /InternetTrading/longpoll/13975?X-Atmosphere-tracking-id=0&X-Atmosphere-Framework=2.2.3-javascript&X-Atmosphere-Transport=long-polling&X-Atmosphere-TrackMessageSize=true&Content-Type=charset%3Dutf-8&X-atmo-protocol=true&_=1773279380910 HTTP/1.1" 200 -
163.125.177.201 - - [12/Mar/2026:09:30:38 +0800] "GET /InternetTrading/longpoll/53995?X-Atmosphere-tracking-id=0&X-Atmosphere-Framework=2.2.3-javascript&X-Atmosphere-Transport=long-polling&X-Atmosphere-TrackMessageSize=true&Content-Type=charset%3Dutf-8&X-atmo-protocol=true&_=1773279377144 HTTP/1.1" 200 -
219.73.99.100 - - [12/Mar/2026:09:30:40 +0800] "POST /InternetTrading/CheckIsEnableRSA HTTP/1.1" 200 1
219.73.99.100 - - [12/Mar/2026:09:30:40 +0800] "POST /InternetTrading/CheckPwEncryptType HTTP/1.1" 200 -
219.73.99.100 - - [12/Mar/2026:09:30:40 +0800] "POST /InternetTrading/LoginKey HTTP/1.1" 200 -
219.73.99.100 - - [12/Mar/2026:09:30:41 +0800] "GET /InternetTrading/jquery/wait.gif HTTP/1.1" 200 432
163.125.177.201 - - [12/Mar/2026:09:30:42 +0800] "POST /InternetTrading/SessionErrorLogger HTTP/1.1" 200 117
163.125.177.201 - - [12/Mar/2026:09:30:42 +0800] "POST /InternetTrading/LoginKey HTTP/1.1" 200 -
163.125.177.201 - - [12/Mar/2026:09:30:42 +0800] "POST /InternetTrading/PreOrder HTTP/1.1" 200 1225
163.125.177.201 - - [12/Mar/2026:09:30:42 +0800] "GET /InternetTrading/jquery/wait.gif HTTP/1.1" 200 432
14.0.170.57 - - [12/Mar/2026:09:30:42 +0800] "GET /InternetTrading/longpoll/A8127?X-Atmosphere-tracking-id=0&X-Atmosphere-Framework=2.2.3-javascript&X-Atmosphere-Transport=long-polling&X-Atmosphere-TrackMessageSize=true&Content-Type=charset%3Dutf-8&X-atmo-protocol=true&_=1773279382299 HTTP/1.1" 200 -
219.73.99.100 - - [12/Mar/2026:09:30:41 +0800] "POST /InternetTrading/Login HTTP/1.1" 200 452
219.73.99.100 - - [12/Mar/2026:09:30:42 +0800] "GET /InternetTrading/sc/2FA_authentication.html?language=sc&version=HTML HTTP/1.1" 200 1468
219.73.99.100 - - [12/Mar/2026:09:30:42 +0800] "GET /InternetTrading/sc/style.css?v=20200819161913 HTTP/1.1" 200 1435
219.73.99.100 - - [12/Mar/2026:09:30:42 +0800] "GET /InternetTrading/sc/style_common.css?v=20200819161913 HTTP/1.1" 200 2540
119.136.154.51 - - [12/Mar/2026:09:30:42 +0800] "GET /InternetTrading/longpoll/51803?X-Atmosphere-tracking-id=0&X-Atmosphere-Framework=2.2.3-javascript&X-Atmosphere-Transport=long-polling&X-Atmosphere-TrackMessageSize=true&Content-Type=charset%3Dutf-8&X-atmo-protocol=true&_=1773279382026 HTTP/1.1" 200 -
219.73.99.100 - - [12/Mar/2026:09:30:42 +0800] "GET /InternetTrading/jquery/jquery-migrate-3.0.0.js HTTP/1.1" 200 4963
219.73.99.100 - - [12/Mar/2026:09:30:42 +0800] "GET /InternetTrading/jquery/jquery.form-3.46.0.js HTTP/1.1" 200 5673
219.73.99.100 - - [12/Mar/2026:09:30:42 +0800] "GET /InternetTrading/jquery/jquery.validate-1.11.1.js HTTP/1.1" 200 7041
219.73.99.100 - - [12/Mar/2026:09:30:42 +0800] "GET /InternetTrading/jquery/jquery-ui-1.10.3.js HTTP/1.1" 200 69642
219.73.99.100 - - [12/Mar/2026:09:30:42 +0800] "GET /InternetTrading/jquery/additional-methods.js HTTP/1.1" 200 2238
219.73.99.100 - - [12/Mar/2026:09:30:42 +0800] "GET /InternetTrading/jquery/jquery-3.3.1.js HTTP/1.1" 200 80650
219.73.99.100 - - [12/Mar/2026:09:30:42 +0800] "GET /InternetTrading/jquery/jquery.timer-0.9.16.js HTTP/1.1" 200 542
219.73.99.100 - - [12/Mar/2026:09:30:42 +0800] "GET /InternetTrading/jquery/jquery.getParams.js HTTP/1.1" 200 587
219.73.99.100 - - [12/Mar/2026:09:30:42 +0800] "GET /InternetTrading/jquery/jquery.blockUI-2.66.0-iAsiaEdition.js HTTP/1.1" 200 6651
219.73.99.100 - - [12/Mar/2026:09:30:42 +0800] "GET /InternetTrading/sc/user/translation.js?jsv=20200819161913 HTTP/1.1" 200 12866
219.73.99.100 - - [12/Mar/2026:09:30:42 +0800] "GET /InternetTrading/js/constants.js?jsv=20200819161913 HTTP/1.1" 200 400
219.73.99.100 - - [12/Mar/2026:09:30:42 +0800] "GET /InternetTrading/js/haitong.js?jsv=20200819161913 HTTP/1.1" 200 3881
219.73.99.100 - - [12/Mar/2026:09:30:42 +0800] "GET /InternetTrading/js/init.js?jsv=20200819161913 HTTP/1.1" 200 886
219.73.99.100 - - [12/Mar/2026:09:30:42 +0800] "GET /InternetTrading/js/util.js?jsv=20200819161913 HTTP/1.1" 200 6636
219.73.99.100 - - [12/Mar/2026:09:30:42 +0800] "GET /InternetTrading/sc/user/custom_variables.js?jsv=20200819161913 HTTP/1.1" 200 275
219.73.99.100 - - [12/Mar/2026:09:30:42 +0800] "GET /InternetTrading/js/2fa.js?jsv=20200819161913 HTTP/1.1" 200 1953
219.73.99.100 - - [12/Mar/2026:09:30:42 +0800] "GET /InternetTrading/js/login.js?jsv=20200819161913 HTTP/1.1" 200 1684
219.73.99.100 - - [12/Mar/2026:09:30:42 +0800] "GET /InternetTrading/settings/webpage_settings.js?jsv=20200819161913 HTTP/1.1" 200 33
219.73.99.100 - - [12/Mar/2026:09:30:42 +0800] "GET /InternetTrading/sc/images/logo.png HTTP/1.1" 200 7042
219.73.99.100 - - [12/Mar/2026:09:30:42 +0800] "GET /InternetTrading/js/login.js?jsv=20200819161913 HTTP/1.1" 200 1684
219.73.99.100 - - [12/Mar/2026:09:30:43 +0800] "GET /InternetTrading/sc/dialog.html?1773279381913 HTTP/1.1" 200 3179
219.73.99.100 - - [12/Mar/2026:09:30:43 +0800] "GET /InternetTrading/jquery/wait.gif HTTP/1.1" 200 432
219.73.99.100 - - [12/Mar/2026:09:30:43 +0800] "POST /InternetTrading/Get2FAInfoService HTTP/1.1" 200 109
219.73.99.100 - - [12/Mar/2026:09:30:43 +0800] "POST /InternetTrading/SystemMaintenanceCheck HTTP/1.1" 200 119
219.73.99.100 - - [12/Mar/2026:09:30:43 +0800] "POST /InternetTrading/SystemMaintenanceCheck HTTP/1.1" 200 119
219.73.99.100 - - [12/Mar/2026:09:30:43 +0800] "GET /favicon.ico HTTP/1.1" 404 196
163.125.177.201 - - [12/Mar/2026:09:30:43 +0800] "POST /InternetTrading/SessionErrorLogger HTTP/1.1" 200 117
163.125.177.201 - - [12/Mar/2026:09:30:43 +0800] "GET /InternetTrading/Csrf?url=/Order HTTP/1.1" 200 125
163.125.177.201 - - [12/Mar/2026:09:30:43 +0800] "POST /InternetTrading/SessionErrorLogger HTTP/1.1" 200 117
163.125.177.201 - - [12/Mar/2026:09:30:43 +0800] "POST /InternetTrading/LoginKey HTTP/1.1" 200 -
163.125.177.201 - - [12/Mar/2026:09:30:43 +0800] "POST /InternetTrading/SessionErrorLogger HTTP/1.1" 200 117
163.125.177.201 - - [12/Mar/2026:09:30:43 +0800] "POST /InternetTrading/Order?csrf_nonce=43DB6C22FD20557EDAD9F1EDAB44A0E0 HTTP/1.1" 200 1017
163.125.177.201 - - [12/Mar/2026:09:30:43 +0800] "POST /InternetTrading/SessionErrorLogger HTTP/1.1" 200 117
163.125.177.201 - - [12/Mar/2026:09:30:43 +0800] "GET /InternetTrading/sc/sell_ticket.html? HTTP/1.1" 200 2263
163.125.177.201 - - [12/Mar/2026:09:30:43 +0800] "POST /InternetTrading/SessionErrorLogger HTTP/1.1" 200 117
163.125.177.201 - - [12/Mar/2026:09:30:43 +0800] "POST /InternetTrading/SessionErrorLogger HTTP/1.1" 200 117
163.125.177.201 - - [12/Mar/2026:09:30:43 +0800] "POST /InternetTrading/MarketStatus HTTP/1.1" 200 772
163.125.177.201 - - [12/Mar/2026:09:30:43 +0800] "POST /InternetTrading/MarketStatus HTTP/1.1" 200 772
120.230.125.143 - - [12/Mar/2026:09:30:43 +0800] "GET /InternetTrading/longpoll/13975?X-Atmosphere-tracking-id=0&X-Atmosphere-Framework=2.2.3-javascript&X-Atmosphere-Transport=long-polling&X-Atmosphere-TrackMessageSize=true&Content-Type=charset%3Dutf-8&X-atmo-protocol=true&_=1773279386907 HTTP/1.1" 200 -
163.125.177.201 - - [12/Mar/2026:09:30:44 +0800] "GET /InternetTrading/longpoll/53995?X-Atmosphere-tracking-id=0&X-Atmosphere-Framework=2.2.3-javascript&X-Atmosphere-Transport=long-polling&X-Atmosphere-TrackMessageSize=true&Content-Type=charset%3Dutf-8&X-atmo-protocol=true&_=1773279382738 HTTP/1.1" 200 -
163.125.177.201 - - [12/Mar/2026:09:30:45 +0800] "GET /InternetTrading/jquery/wait.gif HTTP/1.1" 200 432
163.125.177.201 - - [12/Mar/2026:09:30:45 +0800] "POST /InternetTrading/SessionErrorLogger HTTP/1.1" 200 117
163.125.177.201 - - [12/Mar/2026:09:30:45 +0800] "POST /InternetTrading/Orderbook HTTP/1.1" 200 1263
163.125.177.201 - - [12/Mar/2026:09:30:45 +0800] "POST /InternetTrading/SessionErrorLogger HTTP/1.1" 200 117
163.125.177.201 - - [12/Mar/2026:09:30:45 +0800] "POST /InternetTrading/Heartbeat HTTP/1.1" 200 32
163.125.177.201 - - [12/Mar/2026:09:30:47 +0800] "GET /InternetTrading/jquery/wait.gif HTTP/1.1" 200 432
163.125.177.201 - - [12/Mar/2026:09:30:47 +0800] "POST /InternetTrading/SessionErrorLogger HTTP/1.1" 200 117
163.125.177.201 - - [12/Mar/2026:09:30:47 +0800] "POST /InternetTrading/Portfolio HTTP/1.1" 200 1788
14.0.170.57 - - [12/Mar/2026:09:30:47 +0800] "GET /InternetTrading/longpoll/A8127?X-Atmosphere-tracking-id=0&X-Atmosphere-Framework=2.2.3-javascript&X-Atmosphere-Transport=long-polling&X-Atmosphere-TrackMessageSize=true&Content-Type=charset%3Dutf-8&X-atmo-protocol=true&_=1773279387384 HTTP/1.1" 200 -
119.136.154.51 - - [12/Mar/2026:09:30:47 +0800] "GET /InternetTrading/longpoll/51803?X-Atmosphere-tracking-id=0&X-Atmosphere-Framework=2.2.3-javascript&X-Atmosphere-Transport=long-polling&X-Atmosphere-TrackMessageSize=true&Content-Type=charset%3Dutf-8&X-atmo-protocol=true&_=1773279387091 HTTP/1.1" 200 -
163.125.177.201 - - [12/Mar/2026:09:30:49 +0800] "GET /InternetTrading/longpoll/53995?X-Atmosphere-tracking-id=0&X-Atmosphere-Framework=2.2.3-javascript&X-Atmosphere-Transport=long-polling&X-Atmosphere-TrackMessageSize=true&Content-Type=charset%3Dutf-8&X-atmo-protocol=true&_=1773279387769 HTTP/1.1" 200 -
120.230.125.143 - - [12/Mar/2026:09:30:49 +0800] "GET /InternetTrading/longpoll/13975?X-Atmosphere-tracking-id=0&X-Atmosphere-Framework=2.2.3-javascript&X-Atmosphere-Transport=long-polling&X-Atmosphere-TrackMessageSize=true&Content-Type=charset%3Dutf-8&X-atmo-protocol=true&_=1773279392907 HTTP/1.1" 200 -
14.0.170.57 - - [12/Mar/2026:09:30:52 +0800] "GET /InternetTrading/longpoll/A8127?X-Atmosphere-tracking-id=0&X-Atmosphere-Framework=2.2.3-javascript&X-Atmosphere-Transport=long-polling&X-Atmosphere-TrackMessageSize=true&Content-Type=charset%3Dutf-8&X-atmo-protocol=true&_=1773279392575 HTTP/1.1" 200 -
119.136.154.51 - - [12/Mar/2026:09:30:52 +0800] "GET /InternetTrading/longpoll/51803?X-Atmosphere-tracking-id=0&X-Atmosphere-Framework=2.2.3-javascript&X-Atmosphere-Transport=long-polling&X-Atmosphere-TrackMessageSize=true&Content-Type=charset%3Dutf-8&X-atmo-protocol=true&_=1773279392159 HTTP/1.1" 200 -
163.125.177.201 - - [12/Mar/2026:09:30:54 +0800] "GET /InternetTrading/longpoll/53995?X-Atmosphere-tracking-id=0&X-Atmosphere-Framework=2.2.3-javascript&X-Atmosphere-Transport=long-polling&X-Atmosphere-TrackMessageSize=true&Content-Type=charset%3Dutf-8&X-atmo-protocol=true&_=1773279392802 HTTP/1.1" 200 -
120.230.125.143 - - [12/Mar/2026:09:30:55 +0800] "GET /InternetTrading/longpoll/13975?X-Atmosphere-tracking-id=0&X-Atmosphere-Framework=2.2.3-javascript&X-Atmosphere-Transport=long-polling&X-Atmosphere-TrackMessageSize=true&Content-Type=charset%3Dutf-8&X-atmo-protocol=true&_=1773279398907 HTTP/1.1" 200 -
119.136.154.51 - - [12/Mar/2026:09:30:57 +0800] "GET /InternetTrading/longpoll/51803?X-Atmosphere-tracking-id=0&X-Atmosphere-Framework=2.2.3-javascript&X-Atmosphere-Transport=long-polling&X-Atmosphere-TrackMessageSize=true&Content-Type=charset%3Dutf-8&X-atmo-protocol=true&_=1773279397223 HTTP/1.1" 200 -
14.0.170.57 - - [12/Mar/2026:09:30:58 +0800] "GET /InternetTrading/longpoll/A8127?X-Atmosphere-tracking-id=0&X-Atmosphere-Framework=2.2.3-javascript&X-Atmosphere-Transport=long-polling&X-Atmosphere-TrackMessageSize=true&Content-Type=charset%3Dutf-8&X-atmo-protocol=true&_=1773279397696 HTTP/1.1" 200 -
163.125.177.201 - - [12/Mar/2026:09:31:00 +0800] "GET /InternetTrading/longpoll/53995?X-Atmosphere-tracking-id=0&X-Atmosphere-Framework=2.2.3-javascript&X-Atmosphere-Transport=long-polling&X-Atmosphere-TrackMessageSize=true&Content-Type=charset%3Dutf-8&X-atmo-protocol=true&_=1773279398810 HTTP/1.1" 200 -
119.136.154.51 - - [12/Mar/2026:09:31:01 +0800] "POST /InternetTrading/SessionErrorLogger HTTP/1.1" 200 117
119.136.154.51 - - [12/Mar/2026:09:31:01 +0800] "POST /InternetTrading/Heartbeat HTTP/1.1" 200 32
119.136.154.51 - - [12/Mar/2026:09:31:01 +0800] "POST /InternetTrading/SessionErrorLogger HTTP/1.1" 200 117
119.136.154.51 - - [12/Mar/2026:09:31:01 +0800] "POST /InternetTrading/MarketStatus HTTP/1.1" 200 772
47.128.17.182 - - [12/Mar/2026:09:30:59 +0800] "GET /logs/secure_ssl_request_log.20260126 HTTP/1.1" 200 8711244
120.230.125.143 - - [12/Mar/2026:09:31:01 +0800] "GET /InternetTrading/longpoll/13975?X-Atmosphere-tracking-id=0&X-Atmosphere-Framework=2.2.3-javascript&X-Atmosphere-Transport=long-polling&X-Atmosphere-TrackMessageSize=true&Content-Type=charset%3Dutf-8&X-atmo-protocol=true&_=1773279404909 HTTP/1.1" 200 -
119.136.154.51 - - [12/Mar/2026:09:31:02 +0800] "GET /InternetTrading/longpoll/51803?X-Atmosphere-tracking-id=0&X-Atmosphere-Framework=2.2.3-javascript&X-Atmosphere-Transport=long-polling&X-Atmosphere-TrackMessageSize=true&Content-Type=charset%3Dutf-8&X-atmo-protocol=true&_=1773279402250 HTTP/1.1" 200 -
14.0.170.57 - - [12/Mar/2026:09:31:03 +0800] "GET /InternetTrading/longpoll/A8127?X-Atmosphere-tracking-id=0&X-Atmosphere-Framework=2.2.3-javascript&X-Atmosphere-Transport=long-polling&X-Atmosphere-TrackMessageSize=true&Content-Type=charset%3Dutf-8&X-atmo-protocol=true&_=1773279402919 HTTP/1.1" 200 -
14.0.170.57 - - [12/Mar/2026:09:31:05 +0800] "POST /InternetTrading/SessionErrorLogger HTTP/1.1" 200 117
14.0.170.57 - - [12/Mar/2026:09:31:05 +0800] "POST /InternetTrading/Heartbeat HTTP/1.1" 200 32
14.0.170.57 - - [12/Mar/2026:09:31:05 +0800] "POST /InternetTrading/SessionErrorLogger HTTP/1.1" 200 117
14.0.170.57 - - [12/Mar/2026:09:31:05 +0800] "POST /InternetTrading/MarketStatus HTTP/1.1" 200 772
163.125.177.201 - - [12/Mar/2026:09:31:06 +0800] "GET /InternetTrading/longpoll/53995?X-Atmosphere-tracking-id=0&X-Atmosphere-Framework=2.2.3-javascript&X-Atmosphere-Transport=long-polling&X-Atmosphere-TrackMessageSize=true&Content-Type=charset%3Dutf-8&X-atmo-protocol=true&_=1773279404814 HTTP/1.1" 200 -
120.230.125.143 - - [12/Mar/2026:09:31:07 +0800] "POST /InternetTrading/SessionErrorLogger HTTP/1.1" 200 117
120.230.125.143 - - [12/Mar/2026:09:31:07 +0800] "POST /InternetTrading/Heartbeat HTTP/1.1" 200 32
120.230.125.143 - - [12/Mar/2026:09:31:07 +0800] "POST /InternetTrading/SessionErrorLogger HTTP/1.1" 200 117
120.230.125.143 - - [12/Mar/2026:09:31:07 +0800] "GET /InternetTrading/longpoll/13975?X-Atmosphere-tracking-id=0&X-Atmosphere-Framework=2.2.3-javascript&X-Atmosphere-Transport=long-polling&X-Atmosphere-TrackMessageSize=true&Content-Type=charset%3Dutf-8&X-atmo-protocol=true&_=1773279411090 HTTP/1.1" 200 -
120.230.125.143 - - [12/Mar/2026:09:31:07 +0800] "POST /InternetTrading/MarketStatus HTTP/1.1" 200 772
119.136.154.51 - - [12/Mar/2026:09:31:07 +0800] "GET /InternetTrading/longpoll/51803?X-Atmosphere-tracking-id=0&X-Atmosphere-Framework=2.2.3-javascript&X-Atmosphere-Transport=long-polling&X-Atmosphere-TrackMessageSize=true&Content-Type=charset%3Dutf-8&X-atmo-protocol=true&_=1773279407276 HTTP/1.1" 200 -
14.0.170.57 - - [12/Mar/2026:09:31:08 +0800] "GET /InternetTrading/longpoll/A8127?X-Atmosphere-tracking-id=0&X-Atmosphere-Framework=2.2.3-javascript&X-Atmosphere-Transport=long-polling&X-Atmosphere-TrackMessageSize=true&Content-Type=charset%3Dutf-8&X-atmo-protocol=true&_=1773279408038 HTTP/1.1" 200 -
219.73.99.100 - - [12/Mar/2026:09:31:10 +0800] "GET /InternetTrading/jquery/wait.gif HTTP/1.1" 200 432
219.73.99.100 - - [12/Mar/2026:09:31:10 +0800] "POST /InternetTrading/Verify2FAService HTTP/1.1" 200 418
219.73.99.100 - - [12/Mar/2026:09:31:11 +0800] "GET /InternetTrading/sc/main.html?language=sc&version=HTML HTTP/1.1" 200 3570
219.73.99.100 - - [12/Mar/2026:09:31:11 +0800] "GET /InternetTrading/jquery/ui.datepicker.css HTTP/1.1" 200 1145
219.73.99.100 - - [12/Mar/2026:09:31:11 +0800] "GET /InternetTrading/jquery/jquery.tablesorter-theme.blue.css HTTP/1.1" 200 2083
219.73.99.100 - - [12/Mar/2026:09:31:11 +0800] "GET /InternetTrading/jquery/dragtable-2.0.9.css HTTP/1.1" 200 316
219.73.99.100 - - [12/Mar/2026:09:31:11 +0800] "GET /InternetTrading/sc/style.css?v=20200819161913 HTTP/1.1" 200 1435
219.73.99.100 - - [12/Mar/2026:09:31:11 +0800] "GET /InternetTrading/sc/style_common.css?v=20200819161913 HTTP/1.1" 200 2540
219.73.99.100 - - [12/Mar/2026:09:31:11 +0800] "GET /InternetTrading/sc/css/jquery.jscrollpane.css HTTP/1.1" 404 690
219.73.99.100 - - [12/Mar/2026:09:31:11 +0800] "GET /InternetTrading/jquery/jquery-ui-1.10.3.css HTTP/1.1" 200 5283
219.73.99.100 - - [12/Mar/2026:09:31:11 +0800] "GET /InternetTrading/jquery/jquery.ba-postmessage.js HTTP/1.1" 200 2990
219.73.99.100 - - [12/Mar/2026:09:31:11 +0800] "GET /InternetTrading/js/aastock.js HTTP/1.1" 200 553
219.73.99.100 - - [12/Mar/2026:09:31:11 +0800] "GET /InternetTrading/jquery/jquery-1.6.3.min.js HTTP/1.1" 200 32057
219.73.99.100 - - [12/Mar/2026:09:31:11 +0800] "GET /InternetTrading/jquery/jquery-migrate-3.0.0.js HTTP/1.1" 200 4963
219.73.99.100 - - [12/Mar/2026:09:31:11 +0800] "GET /InternetTrading/jquery/jquery-ui-1.10.3.js HTTP/1.1" 200 69642
219.73.99.100 - - [12/Mar/2026:09:31:11 +0800] "GET /InternetTrading/js/cache.js?jsv=20200819161913 HTTP/1.1" 200 940
219.73.99.100 - - [12/Mar/2026:09:31:11 +0800] "GET /InternetTrading/jquery/jquery-3.3.1.js HTTP/1.1" 200 80650
219.73.99.100 - - [12/Mar/2026:09:31:11 +0800] "GET /InternetTrading/jquery/jquery.blockUI-2.66.0.js HTTP/1.1" 200 6651
219.73.99.100 - - [12/Mar/2026:09:31:11 +0800] "GET /InternetTrading/jquery/jquery.form-3.46.0.js HTTP/1.1" 200 5673
219.73.99.100 - - [12/Mar/2026:09:31:11 +0800] "GET /InternetTrading/js/atmosphere.js HTTP/1.1" 200 13461
219.73.99.100 - - [12/Mar/2026:09:31:11 +0800] "GET /InternetTrading/jquery/additional-methods.js HTTP/1.1" 200 2238
219.73.99.100 - - [12/Mar/2026:09:31:11 +0800] "GET /InternetTrading/jquery/jquery.validate-1.11.1.js HTTP/1.1" 200 7041
219.73.99.100 - - [12/Mar/2026:09:31:11 +0800] "GET /InternetTrading/jquery/jquery.mousewheel-3.1.4.js HTTP/1.1" 200 822
219.73.99.100 - - [12/Mar/2026:09:31:11 +0800] "GET /InternetTrading/jquery/jquery.tablesorter-2.14.5.js HTTP/1.1" 200 8901
219.73.99.100 - - [12/Mar/2026:09:31:11 +0800] "GET /InternetTrading/jquery/jquery.tablesorter.widgets-2.14.5.js HTTP/1.1" 200 8611
219.73.99.100 - - [12/Mar/2026:09:31:11 +0800] "GET /InternetTrading/jquery/jquery.timer-0.9.16.js HTTP/1.1" 200 542
219.73.99.100 - - [12/Mar/2026:09:31:11 +0800] "GET /InternetTrading/jquery/jquery.combobox.packed.js HTTP/1.1" 200 3387
219.73.99.100 - - [12/Mar/2026:09:31:11 +0800] "GET /InternetTrading/jquery/jquery.getParams.js HTTP/1.1" 200 587
219.73.99.100 - - [12/Mar/2026:09:31:11 +0800] "GET /InternetTrading/jquery/jquery.selectboxes.pack.js HTTP/1.1" 200 1640
219.73.99.100 - - [12/Mar/2026:09:31:11 +0800] "GET /InternetTrading/jquery/date.js HTTP/1.1" 200 2807
219.73.99.100 - - [12/Mar/2026:09:31:11 +0800] "GET /InternetTrading/json/json2.js?jsv=20200819161913 HTTP/1.1" 200 1372
219.73.99.100 - - [12/Mar/2026:09:31:11 +0800] "GET /InternetTrading/jquery/globalize-0.1.0a1.js HTTP/1.1" 200 6984
219.73.99.100 - - [12/Mar/2026:09:31:11 +0800] "GET /InternetTrading/settings/crm_display_settings.js?jsv=20200819161913 HTTP/1.1" 200 1781
219.73.99.100 - - [12/Mar/2026:09:31:11 +0800] "GET /InternetTrading/sc/user/translation.js?jsv=20200819161913 HTTP/1.1" 200 12866
219.73.99.100 - - [12/Mar/2026:09:31:11 +0800] "GET /InternetTrading/js/constants.js?jsv=20200819161913 HTTP/1.1" 200 400
219.73.99.100 - - [12/Mar/2026:09:31:11 +0800] "GET /InternetTrading/sc/user/custom_variables.js?jsv=20200819161913 HTTP/1.1" 200 275
219.73.99.100 - - [12/Mar/2026:09:31:11 +0800] "GET /InternetTrading/js/haitong.js?jsv=20200819161913 HTTP/1.1" 200 3881
219.73.99.100 - - [12/Mar/2026:09:31:11 +0800] "GET /InternetTrading/js/init.js?jsv=20200819161913 HTTP/1.1" 200 886
219.73.99.100 - - [12/Mar/2026:09:31:11 +0800] "GET /InternetTrading/js/util.js?jsv=20200819161913 HTTP/1.1" 200 6636
219.73.99.100 - - [12/Mar/2026:09:31:11 +0800] "GET /InternetTrading/js/rsautil.js?jsv=20200819161913 HTTP/1.1" 200 1017
219.73.99.100 - - [12/Mar/2026:09:31:11 +0800] "GET /InternetTrading/js/corporate.js?jsv=20200819161913 HTTP/1.1" 200 1575
219.73.99.100 - - [12/Mar/2026:09:31:11 +0800] "GET /InternetTrading/js/main.js?jsv=20200819161913 HTTP/1.1" 200 30725
219.73.99.100 - - [12/Mar/2026:09:31:11 +0800] "GET /InternetTrading/js/update_mdf.js?jsv=20200819161913 HTTP/1.1" 200 856
219.73.99.100 - - [12/Mar/2026:09:31:11 +0800] "GET /InternetTrading/js/validation_hkex.js?jsv=20200819161913 HTTP/1.1" 200 2300
219.73.99.100 - - [12/Mar/2026:09:31:11 +0800] "GET /InternetTrading/js/validation_bshare.js?jsv=20200819161913 HTTP/1.1" 200 1567
219.73.99.100 - - [12/Mar/2026:09:31:11 +0800] "GET /InternetTrading/js/validation_ashare.js?jsv=20200819161913 HTTP/1.1" 200 2482
219.73.99.100 - - [12/Mar/2026:09:31:11 +0800] "GET /InternetTrading/js/validation_global.js?jsv=20200819161913 HTTP/1.1" 200 1564
219.73.99.100 - - [12/Mar/2026:09:31:11 +0800] "GET /InternetTrading/js/account.js?jsv=20200819161913 HTTP/1.1" 200 2656
219.73.99.100 - - [12/Mar/2026:09:31:11 +0800] "GET /InternetTrading/js/cash_transfer.js?jsv=20200819161913 HTTP/1.1" 200 2712
219.73.99.100 - - [12/Mar/2026:09:31:11 +0800] "GET /InternetTrading/js/ipo.js?jsv=20200819161913 HTTP/1.1" 200 5726
219.73.99.100 - - [12/Mar/2026:09:31:11 +0800] "GET /InternetTrading/js/spread_cache.js?jsv=20200819161913 HTTP/1.1" 200 908
219.73.99.100 - - [12/Mar/2026:09:31:11 +0800] "GET /InternetTrading/js/mm.js?jsv=20200819161913 HTTP/1.1" 200 487
219.73.99.100 - - [12/Mar/2026:09:31:11 +0800] "GET /InternetTrading/js/isec_calculator.js?jsv=20200819161913 HTTP/1.1" 200 1364
219.73.99.100 - - [12/Mar/2026:09:31:11 +0800] "GET /InternetTrading/js/payment_instruction.js?jsv=20200819161913 HTTP/1.1" 200 2178
219.73.99.100 - - [12/Mar/2026:09:31:11 +0800] "GET /InternetTrading/js/eStatement.js?jsv=20200819161913 HTTP/1.1" 200 562
219.73.99.100 - - [12/Mar/2026:09:31:11 +0800] "GET /InternetTrading/js/string_extend.js?jsv=20200819161913 HTTP/1.1" 200 272
219.73.99.100 - - [12/Mar/2026:09:31:11 +0800] "GET /InternetTrading/js/payment_instruction_IMOS.js?jsv=20200819161913 HTTP/1.1" 200 6874
219.73.99.100 - - [12/Mar/2026:09:31:11 +0800] "GET /InternetTrading/js/pidcrypt.js?jsv=20200819161913 HTTP/1.1" 200 982
219.73.99.100 - - [12/Mar/2026:09:31:11 +0800] "GET /InternetTrading/ExchangeList?fmt=js&jsv=20200819161913 HTTP/1.1" 200 146
219.73.99.100 - - [12/Mar/2026:09:31:11 +0800] "GET /InternetTrading/js/pidcrypt_util.js?jsv=20200819161913 HTTP/1.1" 200 1206
219.73.99.100 - - [12/Mar/2026:09:31:11 +0800] "GET /InternetTrading/js/aes_cbc.js?jsv=20200819161913 HTTP/1.1" 200 2043
219.73.99.100 - - [12/Mar/2026:09:31:11 +0800] "GET /InternetTrading/js/aes_core.js?jsv=20200819161913 HTTP/1.1" 200 2106
219.73.99.100 - - [12/Mar/2026:09:31:11 +0800] "GET /InternetTrading/GoodTillDateValidExch?fmt=js&jsv=20200819161913 HTTP/1.1" 200 29
219.73.99.100 - - [12/Mar/2026:09:31:11 +0800] "GET /InternetTrading/js/md5.js?jsv=20200819161913 HTTP/1.1" 200 1730
219.73.99.100 - - [12/Mar/2026:09:31:11 +0800] "GET /InternetTrading/js/asn1.js?jsv=20200819161913 HTTP/1.1" 200 3099
219.73.99.100 - - [12/Mar/2026:09:31:11 +0800] "GET /InternetTrading/js/sha256.js?jsv=20200819161913 HTTP/1.1" 200 1362
219.73.99.100 - - [12/Mar/2026:09:31:11 +0800] "GET /InternetTrading/js/jsbn.js?jsv=20200819161913 HTTP/1.1" 200 6736
219.73.99.100 - - [12/Mar/2026:09:31:11 +0800] "GET /InternetTrading/js/prng4.js?jsv=20200819161913 HTTP/1.1" 200 303
219.73.99.100 - - [12/Mar/2026:09:31:11 +0800] "GET /InternetTrading/js/rng.js?jsv=20200819161913 HTTP/1.1" 200 481
219.73.99.100 - - [12/Mar/2026:09:31:11 +0800] "GET /InternetTrading/js/rsa.js?jsv=20200819161913 HTTP/1.1" 200 1658
219.73.99.100 - - [12/Mar/2026:09:31:11 +0800] "GET /InternetTrading/js/aes.js?jsv=20200819161913 HTTP/1.1" 200 4816
219.73.99.100 - - [12/Mar/2026:09:31:11 +0800] "GET /InternetTrading/js/mode-ecb.js?jsv=20200819161913 HTTP/1.1" 200 199
219.73.99.100 - - [12/Mar/2026:09:31:11 +0800] "GET /InternetTrading/js/utilSpec.js?jsv=20200819161913 HTTP/1.1" 200 27
219.73.99.100 - - [12/Mar/2026:09:31:11 +0800] "GET /InternetTrading/js/pw_alert.js?jsv=20200819161913 HTTP/1.1" 200 418
219.73.99.100 - - [12/Mar/2026:09:31:11 +0800] "GET /InternetTrading/js/update_lastlogin.js?jsv=20200819161913 HTTP/1.1" 200 980
219.73.99.100 - - [12/Mar/2026:09:31:11 +0800] "GET /InternetTrading/js/jquery.jscrollpane.js HTTP/1.1" 404 685
219.73.99.100 - - [12/Mar/2026:09:31:11 +0800] "GET /InternetTrading/js/jquery.mousewheel.js HTTP/1.1" 404 684
219.73.99.100 - - [12/Mar/2026:09:31:11 +0800] "GET /InternetTrading/js/jquery.cookie.js HTTP/1.1" 200 834
219.73.99.100 - - [12/Mar/2026:09:31:11 +0800] "GET /InternetTrading/sc/images/logo.png HTTP/1.1" 200 7042
219.73.99.100 - - [12/Mar/2026:09:31:11 +0800] "GET /InternetTrading/sc/images/top_menu01.jpg HTTP/1.1" 200 3582
219.73.99.100 - - [12/Mar/2026:09:31:11 +0800] "GET /InternetTrading/js/decimal.js HTTP/1.1" 200 13492
219.73.99.100 - - [12/Mar/2026:09:31:11 +0800] "GET /InternetTrading/sc/images/top_menu04.jpg HTTP/1.1" 200 3470
219.73.99.100 - - [12/Mar/2026:09:31:11 +0800] "GET /InternetTrading/sc/images/top_menu_logout.jpg HTTP/1.1" 200 2595
219.73.99.100 - - [12/Mar/2026:09:31:11 +0800] "GET /InternetTrading/images/top_bg3.jpg HTTP/1.1" 200 878
219.73.99.100 - - [12/Mar/2026:09:31:11 +0800] "GET /InternetTrading/images/top_bg1.jpg HTTP/1.1" 200 329
219.73.99.100 - - [12/Mar/2026:09:31:11 +0800] "GET /InternetTrading/images/top_bg2.jpg HTTP/1.1" 200 330
219.73.99.100 - - [12/Mar/2026:09:31:11 +0800] "GET /InternetTrading/sc/dialog.html?1773279410431 HTTP/1.1" 200 3179
219.73.99.100 - - [12/Mar/2026:09:31:11 +0800] "POST /InternetTrading/PopUpConfig HTTP/1.1" 200 2
219.73.99.100 - - [12/Mar/2026:09:31:11 +0800] "POST /InternetTrading/Heartbeat HTTP/1.1" 200 32
219.73.99.100 - - [12/Mar/2026:09:31:11 +0800] "POST /InternetTrading/CustomerInfoLite HTTP/1.1" 200 125
219.73.99.100 - - [12/Mar/2026:09:31:11 +0800] "GET /InternetTrading/sc/images/top_menu04.jpg HTTP/1.1" 200 3470
219.73.99.100 - - [12/Mar/2026:09:31:11 +0800] "GET /InternetTrading/jquery/wait.gif HTTP/1.1" 200 432
219.73.99.100 - - [12/Mar/2026:09:31:11 +0800] "GET /InternetTrading/sc/trade.html HTTP/1.1" 200 2115
219.73.99.100 - - [12/Mar/2026:09:31:11 +0800] "POST /InternetTrading/SpreadPriceCache HTTP/1.1" 200 1947
219.73.99.100 - - [12/Mar/2026:09:31:11 +0800] "GET /InternetTrading/sc/images/top_menu01_o.jpg HTTP/1.1" 200 3474
219.73.99.100 - - [12/Mar/2026:09:31:11 +0800] "POST /InternetTrading/SessionErrorLogger HTTP/1.1" 200 117
219.73.99.100 - - [12/Mar/2026:09:31:11 +0800] "POST /InternetTrading/GetLastLoginDate HTTP/1.1" 200 31
219.73.99.100 - - [12/Mar/2026:09:31:11 +0800] "POST /InternetTrading/SessionErrorLogger HTTP/1.1" 200 117
219.73.99.100 - - [12/Mar/2026:09:31:11 +0800] "GET /InternetTrading/sc/getpopupMsgName.jsp HTTP/1.1" 200 -
219.73.99.100 - - [12/Mar/2026:09:31:11 +0800] "GET /InternetTrading/sc/applet_dummy.html HTTP/1.1" 200 330
219.73.99.100 - - [12/Mar/2026:09:31:11 +0800] "POST /InternetTrading/SessionErrorLogger HTTP/1.1" 200 117
219.73.99.100 - - [12/Mar/2026:09:31:11 +0800] "GET /InternetTrading/sc/buy_ticket.html? HTTP/1.1" 200 1996
219.73.99.100 - - [12/Mar/2026:09:31:11 +0800] "POST /InternetTrading/SessionErrorLogger HTTP/1.1" 200 117
219.73.99.100 - - [12/Mar/2026:09:31:11 +0800] "POST /InternetTrading/MarketStatus HTTP/1.1" 200 772
219.73.99.100 - - [12/Mar/2026:09:31:11 +0800] "POST /InternetTrading/SessionErrorLogger HTTP/1.1" 200 117
219.73.99.100 - - [12/Mar/2026:09:31:11 +0800] "GET /InternetTrading/sc/multi_currency_balance.html HTTP/1.1" 200 295
219.73.99.100 - - [12/Mar/2026:09:31:11 +0800] "GET /InternetTrading/jquery/wait.gif HTTP/1.1" 200 432
219.73.99.100 - - [12/Mar/2026:09:31:11 +0800] "GET /InternetTrading/Home/PostToAA.jsp?hl=sc HTTP/1.1" 200 293
219.73.99.100 - - [12/Mar/2026:09:31:11 +0800] "GET /InternetTrading/sc/images/refresh.gif HTTP/1.1" 200 1145
219.73.99.100 - - [12/Mar/2026:09:31:11 +0800] "GET /InternetTrading/sc/images/trade_point01.jpg HTTP/1.1" 200 358
219.73.99.100 - - [12/Mar/2026:09:31:11 +0800] "GET /InternetTrading/jquery/images/ui-icons_222222_256x240.png HTTP/1.1" 200 6922
219.73.99.100 - - [12/Mar/2026:09:31:11 +0800] "GET /InternetTrading/jquery/images/ui-bg_flat_75_ffffff_40x100.png HTTP/1.1" 200 208
219.73.99.100 - - [12/Mar/2026:09:31:11 +0800] "POST /InternetTrading/SessionErrorLogger HTTP/1.1" 200 117
219.73.99.100 - - [12/Mar/2026:09:31:11 +0800] "POST /InternetTrading/SessionErrorLogger HTTP/1.1" 200 117
219.73.99.100 - - [12/Mar/2026:09:31:11 +0800] "POST /InternetTrading/MarketStatus HTTP/1.1" 200 772
219.73.99.100 - - [12/Mar/2026:09:31:11 +0800] "POST /InternetTrading/MarketStatus HTTP/1.1" 200 772
163.125.177.201 - - [12/Mar/2026:09:31:12 +0800] "GET /InternetTrading/longpoll/53995?X-Atmosphere-tracking-id=0&X-Atmosphere-Framework=2.2.3-javascript&X-Atmosphere-Transport=long-polling&X-Atmosphere-TrackMessageSize=true&Content-Type=charset%3Dutf-8&X-atmo-protocol=true&_=1773279410807 HTTP/1.1" 200 -
119.136.154.51 - - [12/Mar/2026:09:31:13 +0800] "GET /InternetTrading/longpoll/51803?X-Atmosphere-tracking-id=0&X-Atmosphere-Framework=2.2.3-javascript&X-Atmosphere-Transport=long-polling&X-Atmosphere-TrackMessageSize=true&Content-Type=charset%3Dutf-8&X-atmo-protocol=true&_=1773279412310 HTTP/1.1" 200 -
14.0.170.57 - - [12/Mar/2026:09:31:13 +0800] "GET /InternetTrading/longpoll/A8127?X-Atmosphere-tracking-id=0&X-Atmosphere-Framework=2.2.3-javascript&X-Atmosphere-Transport=long-polling&X-Atmosphere-TrackMessageSize=true&Content-Type=charset%3Dutf-8&X-atmo-protocol=true&_=1773279413110 HTTP/1.1" 200 -
219.73.99.100 - - [12/Mar/2026:09:31:13 +0800] "POST /InternetTrading/SessionErrorLogger HTTP/1.1" 200 117
219.73.99.100 - - [12/Mar/2026:09:31:13 +0800] "POST /InternetTrading/CustomerInfo HTTP/1.1" 200 231
219.73.99.100 - - [12/Mar/2026:09:31:13 +0800] "POST /InternetTrading/SessionErrorLogger HTTP/1.1" 200 117
219.73.99.100 - - [12/Mar/2026:09:31:13 +0800] "POST /InternetTrading/SessionErrorLogger HTTP/1.1" 200 117
219.73.99.100 - - [12/Mar/2026:09:31:13 +0800] "POST /InternetTrading/MarketStatus HTTP/1.1" 200 772
219.73.99.100 - - [12/Mar/2026:09:31:13 +0800] "GET /InternetTrading/jquery/wait.gif HTTP/1.1" 200 432
219.73.99.100 - - [12/Mar/2026:09:31:13 +0800] "POST /InternetTrading/SessionErrorLogger HTTP/1.1" 200 117
219.73.99.100 - - [12/Mar/2026:09:31:13 +0800] "POST /InternetTrading/LongPollingConfig HTTP/1.1" 200 4
219.73.99.100 - - [12/Mar/2026:09:31:13 +0800] "POST /InternetTrading/SessionErrorLogger HTTP/1.1" 200 117
219.73.99.100 - - [12/Mar/2026:09:31:13 +0800] "GET /InternetTrading/sc/account_status.html HTTP/1.1" 200 426
219.73.99.100 - - [12/Mar/2026:09:31:13 +0800] "GET /InternetTrading/longpoll/55136?X-Atmosphere-tracking-id=0&X-Atmosphere-Framework=2.2.3-javascript&X-Atmosphere-Transport=long-polling&X-Atmosphere-TrackMessageSize=true&Content-Type=charset%3Dutf-8&X-atmo-protocol=true&_=1773279412659 HTTP/1.1" 200 -
219.73.99.100 - - [12/Mar/2026:09:31:13 +0800] "GET /InternetTrading/jquery/wait.gif HTTP/1.1" 200 432
219.73.99.100 - - [12/Mar/2026:09:31:13 +0800] "POST /InternetTrading/SessionErrorLogger HTTP/1.1" 200 117
120.230.125.143 - - [12/Mar/2026:09:31:13 +0800] "GET /InternetTrading/longpoll/13975?X-Atmosphere-tracking-id=0&X-Atmosphere-Framework=2.2.3-javascript&X-Atmosphere-Transport=long-polling&X-Atmosphere-TrackMessageSize=true&Content-Type=charset%3Dutf-8&X-atmo-protocol=true&_=1773279416909 HTTP/1.1" 200 -
219.73.99.100 - - [12/Mar/2026:09:31:13 +0800] "POST /InternetTrading/Portfolio HTTP/1.1" 200 1545
163.125.177.201 - - [12/Mar/2026:09:31:14 +0800] "POST /InternetTrading/SessionErrorLogger HTTP/1.1" 200 117
163.125.177.201 - - [12/Mar/2026:09:31:14 +0800] "POST /InternetTrading/MarketStatus HTTP/1.1" 200 772
163.125.177.201 - - [12/Mar/2026:09:31:16 +0800] "POST /InternetTrading/SessionErrorLogger HTTP/1.1" 200 117
163.125.177.201 - - [12/Mar/2026:09:31:16 +0800] "POST /InternetTrading/Heartbeat HTTP/1.1" 200 32
163.125.177.201 - - [12/Mar/2026:09:31:18 +0800] "GET /InternetTrading/longpoll/53995?X-Atmosphere-tracking-id=0&X-Atmosphere-Framework=2.2.3-javascript&X-Atmosphere-Transport=long-polling&X-Atmosphere-TrackMessageSize=true&Content-Type=charset%3Dutf-8&X-atmo-protocol=true&_=1773279416805 HTTP/1.1" 200 -
119.136.154.51 - - [12/Mar/2026:09:31:18 +0800] "GET /InternetTrading/longpoll/51803?X-Atmosphere-tracking-id=0&X-Atmosphere-Framework=2.2.3-javascript&X-Atmosphere-Transport=long-polling&X-Atmosphere-TrackMessageSize=true&Content-Type=charset%3Dutf-8&X-atmo-protocol=true&_=1773279417334 HTTP/1.1" 200 -
14.0.170.57 - - [12/Mar/2026:09:31:18 +0800] "GET /InternetTrading/longpoll/A8127?X-Atmosphere-tracking-id=0&X-Atmosphere-Framework=2.2.3-javascript&X-Atmosphere-Transport=long-polling&X-Atmosphere-TrackMessageSize=true&Content-Type=charset%3Dutf-8&X-atmo-protocol=true&_=1773279418154 HTTP/1.1" 200 -
219.73.99.100 - - [12/Mar/2026:09:31:18 +0800] "GET /InternetTrading/longpoll/55136?X-Atmosphere-tracking-id=0&X-Atmosphere-Framework=2.2.3-javascript&X-Atmosphere-Transport=long-polling&X-Atmosphere-TrackMessageSize=true&Content-Type=charset%3Dutf-8&X-atmo-protocol=true&_=1773279417705 HTTP/1.1" 200 -
120.230.125.143 - - [12/Mar/2026:09:31:19 +0800] "GET /InternetTrading/longpoll/13975?X-Atmosphere-tracking-id=0&X-Atmosphere-Framework=2.2.3-javascript&X-Atmosphere-Transport=long-polling&X-Atmosphere-TrackMessageSize=true&Content-Type=charset%3Dutf-8&X-atmo-protocol=true&_=1773279422909 HTTP/1.1" 200 -
119.136.154.51 - - [12/Mar/2026:09:31:23 +0800] "GET /InternetTrading/longpoll/51803?X-Atmosphere-tracking-id=0&X-Atmosphere-Framework=2.2.3-javascript&X-Atmosphere-Transport=long-polling&X-Atmosphere-TrackMessageSize=true&Content-Type=charset%3Dutf-8&X-atmo-protocol=true&_=1773279422416 HTTP/1.1" 200 -
14.0.170.57 - - [12/Mar/2026:09:31:23 +0800] "GET /InternetTrading/longpoll/A8127?X-Atmosphere-tracking-id=0&X-Atmosphere-Framework=2.2.3-javascript&X-Atmosphere-Transport=long-polling&X-Atmosphere-TrackMessageSize=true&Content-Type=charset%3Dutf-8&X-atmo-protocol=true&_=1773279423302 HTTP/1.1" 200 -
219.73.99.100 - - [12/Mar/2026:09:31:23 +0800] "GET /InternetTrading/longpoll/55136?X-Atmosphere-tracking-id=0&X-Atmosphere-Framework=2.2.3-javascript&X-Atmosphere-Transport=long-polling&X-Atmosphere-TrackMessageSize=true&Content-Type=charset%3Dutf-8&X-atmo-protocol=true&_=1773279422725 HTTP/1.1" 200 -
163.125.177.201 - - [12/Mar/2026:09:31:24 +0800] "GET /InternetTrading/longpoll/53995?X-Atmosphere-tracking-id=0&X-Atmosphere-Framework=2.2.3-javascript&X-Atmosphere-Transport=long-polling&X-Atmosphere-TrackMessageSize=true&Content-Type=charset%3Dutf-8&X-atmo-protocol=true&_=1773279422801 HTTP/1.1" 200 -
120.230.125.143 - - [12/Mar/2026:09:31:25 +0800] "GET /InternetTrading/longpoll/13975?X-Atmosphere-tracking-id=0&X-Atmosphere-Framework=2.2.3-javascript&X-Atmosphere-Transport=long-polling&X-Atmosphere-TrackMessageSize=true&Content-Type=charset%3Dutf-8&X-atmo-protocol=true&_=1773279428911 HTTP/1.1" 200 -
119.136.154.51 - - [12/Mar/2026:09:31:28 +0800] "GET /InternetTrading/longpoll/51803?X-Atmosphere-tracking-id=0&X-Atmosphere-Framework=2.2.3-javascript&X-Atmosphere-Transport=long-polling&X-Atmosphere-TrackMessageSize=true&Content-Type=charset%3Dutf-8&X-atmo-protocol=true&_=1773279427485 HTTP/1.1" 200 -
14.0.170.57 - - [12/Mar/2026:09:31:28 +0800] "GET /InternetTrading/longpoll/A8127?X-Atmosphere-tracking-id=0&X-Atmosphere-Framework=2.2.3-javascript&X-Atmosphere-Transport=long-polling&X-Atmosphere-TrackMessageSize=true&Content-Type=charset%3Dutf-8&X-atmo-protocol=true&_=1773279428481 HTTP/1.1" 200 -
219.73.99.100 - - [12/Mar/2026:09:31:28 +0800] "GET /InternetTrading/longpoll/55136?X-Atmosphere-tracking-id=0&X-Atmosphere-Framework=2.2.3-javascript&X-Atmosphere-Transport=long-polling&X-Atmosphere-TrackMessageSize=true&Content-Type=charset%3Dutf-8&X-atmo-protocol=true&_=1773279427751 HTTP/1.1" 200 -
47.128.99.123 - - [12/Mar/2026:09:31:28 +0800] "GET /logs/secure_access_log.20251022 HTTP/1.1" 200 11223321
163.125.177.201 - - [12/Mar/2026:09:31:30 +0800] "GET /InternetTrading/longpoll/53995?X-Atmosphere-tracking-id=0&X-Atmosphere-Framework=2.2.3-javascript&X-Atmosphere-Transport=long-polling&X-Atmosphere-TrackMessageSize=true&Content-Type=charset%3Dutf-8&X-atmo-protocol=true&_=1773279428803 HTTP/1.1" 200 -
119.136.154.51 - - [12/Mar/2026:09:31:31 +0800] "POST /InternetTrading/SessionErrorLogger HTTP/1.1" 200 117
119.136.154.51 - - [12/Mar/2026:09:31:31 +0800] "POST /InternetTrading/Heartbeat HTTP/1.1" 200 32
119.136.154.51 - - [12/Mar/2026:09:31:31 +0800] "POST /InternetTrading/SessionErrorLogger HTTP/1.1" 200 117
119.136.154.51 - - [12/Mar/2026:09:31:31 +0800] "POST /InternetTrading/MarketStatus HTTP/1.1" 200 772
120.230.125.143 - - [12/Mar/2026:09:31:31 +0800] "GET /InternetTrading/longpoll/13975?X-Atmosphere-tracking-id=0&X-Atmosphere-Framework=2.2.3-javascript&X-Atmosphere-Transport=long-polling&X-Atmosphere-TrackMessageSize=true&Content-Type=charset%3Dutf-8&X-atmo-protocol=true&_=1773279434909 HTTP/1.1" 200 -
119.136.154.51 - - [12/Mar/2026:09:31:33 +0800] "GET /InternetTrading/longpoll/51803?X-Atmosphere-tracking-id=0&X-Atmosphere-Framework=2.2.3-javascript&X-Atmosphere-Transport=long-polling&X-Atmosphere-TrackMessageSize=true&Content-Type=charset%3Dutf-8&X-atmo-protocol=true&_=1773279432552 HTTP/1.1" 200 -
