14.0.170.57 - - [12/Mar/2026:09:55:49 +0800] "GET /InternetTrading/longpoll/A8127?X-Atmosphere-tracking-id=0&X-Atmosphere-Framework=2.2.3-javascript&X-Atmosphere-Transport=long-polling&X-Atmosphere-TrackMessageSize=true&Content-Type=charset%3Dutf-8&X-atmo-protocol=true&_=1773280889503 HTTP/1.1" 200 -
163.125.177.201 - - [12/Mar/2026:09:55:50 +0800] "GET /InternetTrading/longpoll/53995?X-Atmosphere-tracking-id=0&X-Atmosphere-Framework=2.2.3-javascript&X-Atmosphere-Transport=long-polling&X-Atmosphere-TrackMessageSize=true&Content-Type=charset%3Dutf-8&X-atmo-protocol=true&_=1773280888807 HTTP/1.1" 200 -
120.230.125.143 - - [12/Mar/2026:09:55:51 +0800] "GET /InternetTrading/longpoll/13975?X-Atmosphere-tracking-id=0&X-Atmosphere-Framework=2.2.3-javascript&X-Atmosphere-Transport=long-polling&X-Atmosphere-TrackMessageSize=true&Content-Type=charset%3Dutf-8&X-atmo-protocol=true&_=1773280894952 HTTP/1.1" 200 -
119.136.154.51 - - [12/Mar/2026:09:55:52 +0800] "GET /InternetTrading/longpoll/51803?X-Atmosphere-tracking-id=0&X-Atmosphere-Framework=2.2.3-javascript&X-Atmosphere-Transport=long-polling&X-Atmosphere-TrackMessageSize=true&Content-Type=charset%3Dutf-8&X-atmo-protocol=true&_=1773280891659 HTTP/1.1" 200 -
219.73.99.100 - - [12/Mar/2026:09:55:53 +0800] "GET /InternetTrading/longpoll/55136?X-Atmosphere-tracking-id=0&X-Atmosphere-Framework=2.2.3-javascript&X-Atmosphere-Transport=long-polling&X-Atmosphere-TrackMessageSize=true&Content-Type=charset%3Dutf-8&X-atmo-protocol=true&_=1773280892782 HTTP/1.1" 200 -
14.0.170.57 - - [12/Mar/2026:09:55:55 +0800] "GET /InternetTrading/longpoll/A8127?X-Atmosphere-tracking-id=0&X-Atmosphere-Framework=2.2.3-javascript&X-Atmosphere-Transport=long-polling&X-Atmosphere-TrackMessageSize=true&Content-Type=charset%3Dutf-8&X-atmo-protocol=true&_=1773280894648 HTTP/1.1" 200 -
163.125.177.201 - - [12/Mar/2026:09:55:56 +0800] "GET /InternetTrading/longpoll/53995?X-Atmosphere-tracking-id=0&X-Atmosphere-Framework=2.2.3-javascript&X-Atmosphere-Transport=long-polling&X-Atmosphere-TrackMessageSize=true&Content-Type=charset%3Dutf-8&X-atmo-protocol=true&_=1773280894806 HTTP/1.1" 200 -
119.136.154.51 - - [12/Mar/2026:09:55:57 +0800] "GET /InternetTrading/longpoll/51803?X-Atmosphere-tracking-id=0&X-Atmosphere-Framework=2.2.3-javascript&X-Atmosphere-Transport=long-polling&X-Atmosphere-TrackMessageSize=true&Content-Type=charset%3Dutf-8&X-atmo-protocol=true&_=1773280896750 HTTP/1.1" 200 -
120.230.125.143 - - [12/Mar/2026:09:55:57 +0800] "GET /InternetTrading/longpoll/13975?X-Atmosphere-tracking-id=0&X-Atmosphere-Framework=2.2.3-javascript&X-Atmosphere-Transport=long-polling&X-Atmosphere-TrackMessageSize=true&Content-Type=charset%3Dutf-8&X-atmo-protocol=true&_=1773280900952 HTTP/1.1" 200 -
14.0.170.57 - - [12/Mar/2026:09:55:58 +0800] "POST /InternetTrading/SessionErrorLogger HTTP/1.1" 200 117
14.0.170.57 - - [12/Mar/2026:09:55:58 +0800] "POST /InternetTrading/Heartbeat HTTP/1.1" 200 32
14.0.170.57 - - [12/Mar/2026:09:55:58 +0800] "POST /InternetTrading/SessionErrorLogger HTTP/1.1" 200 117
14.0.170.57 - - [12/Mar/2026:09:55:58 +0800] "POST /InternetTrading/MarketStatus HTTP/1.1" 200 772
219.73.99.100 - - [12/Mar/2026:09:55:58 +0800] "GET /InternetTrading/longpoll/55136?X-Atmosphere-tracking-id=0&X-Atmosphere-Framework=2.2.3-javascript&X-Atmosphere-Transport=long-polling&X-Atmosphere-TrackMessageSize=true&Content-Type=charset%3Dutf-8&X-atmo-protocol=true&_=1773280897835 HTTP/1.1" 200 -
14.0.170.57 - - [12/Mar/2026:09:56:00 +0800] "GET /InternetTrading/longpoll/A8127?X-Atmosphere-tracking-id=0&X-Atmosphere-Framework=2.2.3-javascript&X-Atmosphere-Transport=long-polling&X-Atmosphere-TrackMessageSize=true&Content-Type=charset%3Dutf-8&X-atmo-protocol=true&_=1773280899919 HTTP/1.1" 200 -
119.136.154.51 - - [12/Mar/2026:09:56:02 +0800] "GET /InternetTrading/longpoll/51803?X-Atmosphere-tracking-id=0&X-Atmosphere-Framework=2.2.3-javascript&X-Atmosphere-Transport=long-polling&X-Atmosphere-TrackMessageSize=true&Content-Type=charset%3Dutf-8&X-atmo-protocol=true&_=1773280901833 HTTP/1.1" 200 -
163.125.177.201 - - [12/Mar/2026:09:56:02 +0800] "GET /InternetTrading/longpoll/53995?X-Atmosphere-tracking-id=0&X-Atmosphere-Framework=2.2.3-javascript&X-Atmosphere-Transport=long-polling&X-Atmosphere-TrackMessageSize=true&Content-Type=charset%3Dutf-8&X-atmo-protocol=true&_=1773280900799 HTTP/1.1" 200 -
120.230.125.143 - - [12/Mar/2026:09:56:03 +0800] "GET /InternetTrading/longpoll/13975?X-Atmosphere-tracking-id=0&X-Atmosphere-Framework=2.2.3-javascript&X-Atmosphere-Transport=long-polling&X-Atmosphere-TrackMessageSize=true&Content-Type=charset%3Dutf-8&X-atmo-protocol=true&_=1773280906952 HTTP/1.1" 200 -
219.73.99.100 - - [12/Mar/2026:09:56:04 +0800] "GET /InternetTrading/longpoll/55136?X-Atmosphere-tracking-id=0&X-Atmosphere-Framework=2.2.3-javascript&X-Atmosphere-Transport=long-polling&X-Atmosphere-TrackMessageSize=true&Content-Type=charset%3Dutf-8&X-atmo-protocol=true&_=1773280902879 HTTP/1.1" 200 -
14.0.170.57 - - [12/Mar/2026:09:56:05 +0800] "GET /InternetTrading/longpoll/A8127?X-Atmosphere-tracking-id=0&X-Atmosphere-Framework=2.2.3-javascript&X-Atmosphere-Transport=long-polling&X-Atmosphere-TrackMessageSize=true&Content-Type=charset%3Dutf-8&X-atmo-protocol=true&_=1773280905017 HTTP/1.1" 200 -
119.136.154.51 - - [12/Mar/2026:09:56:07 +0800] "GET /InternetTrading/longpoll/51803?X-Atmosphere-tracking-id=0&X-Atmosphere-Framework=2.2.3-javascript&X-Atmosphere-Transport=long-polling&X-Atmosphere-TrackMessageSize=true&Content-Type=charset%3Dutf-8&X-atmo-protocol=true&_=1773280906902 HTTP/1.1" 200 -
120.230.125.143 - - [12/Mar/2026:09:56:07 +0800] "POST /InternetTrading/SessionErrorLogger HTTP/1.1" 200 117
120.230.125.143 - - [12/Mar/2026:09:56:07 +0800] "POST /InternetTrading/MarketStatus HTTP/1.1" 200 772
120.230.125.143 - - [12/Mar/2026:09:56:07 +0800] "POST /InternetTrading/SessionErrorLogger HTTP/1.1" 200 117
120.230.125.143 - - [12/Mar/2026:09:56:07 +0800] "POST /InternetTrading/Heartbeat HTTP/1.1" 200 32
163.125.177.201 - - [12/Mar/2026:09:56:08 +0800] "GET /InternetTrading/longpoll/53995?X-Atmosphere-tracking-id=0&X-Atmosphere-Framework=2.2.3-javascript&X-Atmosphere-Transport=long-polling&X-Atmosphere-TrackMessageSize=true&Content-Type=charset%3Dutf-8&X-atmo-protocol=true&_=1773280906806 HTTP/1.1" 200 -
219.73.99.100 - - [12/Mar/2026:09:56:09 +0800] "GET /InternetTrading/longpoll/55136?X-Atmosphere-tracking-id=0&X-Atmosphere-Framework=2.2.3-javascript&X-Atmosphere-Transport=long-polling&X-Atmosphere-TrackMessageSize=true&Content-Type=charset%3Dutf-8&X-atmo-protocol=true&_=1773280907907 HTTP/1.1" 200 -
119.136.154.51 - - [12/Mar/2026:09:56:09 +0800] "POST /InternetTrading/SessionErrorLogger HTTP/1.1" 200 117
119.136.154.51 - - [12/Mar/2026:09:56:09 +0800] "POST /InternetTrading/Heartbeat HTTP/1.1" 200 32
119.136.154.51 - - [12/Mar/2026:09:56:09 +0800] "POST /InternetTrading/SessionErrorLogger HTTP/1.1" 200 117
119.136.154.51 - - [12/Mar/2026:09:56:09 +0800] "POST /InternetTrading/MarketStatus HTTP/1.1" 200 772
120.230.125.143 - - [12/Mar/2026:09:56:09 +0800] "GET /InternetTrading/longpoll/13975?X-Atmosphere-tracking-id=0&X-Atmosphere-Framework=2.2.3-javascript&X-Atmosphere-Transport=long-polling&X-Atmosphere-TrackMessageSize=true&Content-Type=charset%3Dutf-8&X-atmo-protocol=true&_=1773280912951 HTTP/1.1" 200 -
14.0.170.57 - - [12/Mar/2026:09:56:10 +0800] "GET /InternetTrading/longpoll/A8127?X-Atmosphere-tracking-id=0&X-Atmosphere-Framework=2.2.3-javascript&X-Atmosphere-Transport=long-polling&X-Atmosphere-TrackMessageSize=true&Content-Type=charset%3Dutf-8&X-atmo-protocol=true&_=1773280910155 HTTP/1.1" 200 -
119.136.154.51 - - [12/Mar/2026:09:56:12 +0800] "GET /InternetTrading/longpoll/51803?X-Atmosphere-tracking-id=0&X-Atmosphere-Framework=2.2.3-javascript&X-Atmosphere-Transport=long-polling&X-Atmosphere-TrackMessageSize=true&Content-Type=charset%3Dutf-8&X-atmo-protocol=true&_=1773280911980 HTTP/1.1" 200 -
219.73.99.100 - - [12/Mar/2026:09:56:13 +0800] "POST /InternetTrading/SessionErrorLogger HTTP/1.1" 200 117
219.73.99.100 - - [12/Mar/2026:09:56:13 +0800] "POST /InternetTrading/Heartbeat HTTP/1.1" 200 32
219.73.99.100 - - [12/Mar/2026:09:56:13 +0800] "POST /InternetTrading/SessionErrorLogger HTTP/1.1" 200 117
219.73.99.100 - - [12/Mar/2026:09:56:13 +0800] "POST /InternetTrading/MarketStatus HTTP/1.1" 200 772
219.73.99.100 - - [12/Mar/2026:09:56:14 +0800] "GET /InternetTrading/longpoll/55136?X-Atmosphere-tracking-id=0&X-Atmosphere-Framework=2.2.3-javascript&X-Atmosphere-Transport=long-polling&X-Atmosphere-TrackMessageSize=true&Content-Type=charset%3Dutf-8&X-atmo-protocol=true&_=1773280912925 HTTP/1.1" 200 -
163.125.177.201 - - [12/Mar/2026:09:56:14 +0800] "GET /InternetTrading/longpoll/53995?X-Atmosphere-tracking-id=0&X-Atmosphere-Framework=2.2.3-javascript&X-Atmosphere-Transport=long-polling&X-Atmosphere-TrackMessageSize=true&Content-Type=charset%3Dutf-8&X-atmo-protocol=true&_=1773280912801 HTTP/1.1" 200 -
65.108.125.120 - - [12/Mar/2026:09:56:15 +0800] "GET /robots.txt HTTP/1.1" 404 196
14.0.170.57 - - [12/Mar/2026:09:56:15 +0800] "GET /InternetTrading/longpoll/A8127?X-Atmosphere-tracking-id=0&X-Atmosphere-Framework=2.2.3-javascript&X-Atmosphere-Transport=long-polling&X-Atmosphere-TrackMessageSize=true&Content-Type=charset%3Dutf-8&X-atmo-protocol=true&_=1773280915318 HTTP/1.1" 200 -
120.230.125.143 - - [12/Mar/2026:09:56:15 +0800] "GET /InternetTrading/longpoll/13975?X-Atmosphere-tracking-id=0&X-Atmosphere-Framework=2.2.3-javascript&X-Atmosphere-Transport=long-polling&X-Atmosphere-TrackMessageSize=true&Content-Type=charset%3Dutf-8&X-atmo-protocol=true&_=1773280918951 HTTP/1.1" 200 -
65.108.125.120 - - [12/Mar/2026:09:56:17 +0800] "GET /InternetTrading/en/login.html HTTP/1.1" 200 1620
119.136.154.51 - - [12/Mar/2026:09:56:17 +0800] "GET /InternetTrading/longpoll/51803?X-Atmosphere-tracking-id=0&X-Atmosphere-Framework=2.2.3-javascript&X-Atmosphere-Transport=long-polling&X-Atmosphere-TrackMessageSize=true&Content-Type=charset%3Dutf-8&X-atmo-protocol=true&_=1773280917016 HTTP/1.1" 200 -
219.73.99.100 - - [12/Mar/2026:09:56:19 +0800] "GET /InternetTrading/longpoll/55136?X-Atmosphere-tracking-id=0&X-Atmosphere-Framework=2.2.3-javascript&X-Atmosphere-Transport=long-polling&X-Atmosphere-TrackMessageSize=true&Content-Type=charset%3Dutf-8&X-atmo-protocol=true&_=1773280917952 HTTP/1.1" 200 -
163.125.177.201 - - [12/Mar/2026:09:56:20 +0800] "GET /InternetTrading/longpoll/53995?X-Atmosphere-tracking-id=0&X-Atmosphere-Framework=2.2.3-javascript&X-Atmosphere-Transport=long-polling&X-Atmosphere-TrackMessageSize=true&Content-Type=charset%3Dutf-8&X-atmo-protocol=true&_=1773280918809 HTTP/1.1" 200 -
14.0.170.57 - - [12/Mar/2026:09:56:20 +0800] "GET /InternetTrading/longpoll/A8127?X-Atmosphere-tracking-id=0&X-Atmosphere-Framework=2.2.3-javascript&X-Atmosphere-Transport=long-polling&X-Atmosphere-TrackMessageSize=true&Content-Type=charset%3Dutf-8&X-atmo-protocol=true&_=1773280920417 HTTP/1.1" 200 -
120.230.125.143 - - [12/Mar/2026:09:56:21 +0800] "GET /InternetTrading/longpoll/13975?X-Atmosphere-tracking-id=0&X-Atmosphere-Framework=2.2.3-javascript&X-Atmosphere-Transport=long-polling&X-Atmosphere-TrackMessageSize=true&Content-Type=charset%3Dutf-8&X-atmo-protocol=true&_=1773280924952 HTTP/1.1" 200 -
119.136.154.51 - - [12/Mar/2026:09:56:22 +0800] "GET /InternetTrading/longpoll/51803?X-Atmosphere-tracking-id=0&X-Atmosphere-Framework=2.2.3-javascript&X-Atmosphere-Transport=long-polling&X-Atmosphere-TrackMessageSize=true&Content-Type=charset%3Dutf-8&X-atmo-protocol=true&_=1773280922033 HTTP/1.1" 200 -
219.73.99.100 - - [12/Mar/2026:09:56:24 +0800] "GET /InternetTrading/longpoll/55136?X-Atmosphere-tracking-id=0&X-Atmosphere-Framework=2.2.3-javascript&X-Atmosphere-Transport=long-polling&X-Atmosphere-TrackMessageSize=true&Content-Type=charset%3Dutf-8&X-atmo-protocol=true&_=1773280922991 HTTP/1.1" 200 -
163.125.177.201 - - [12/Mar/2026:09:56:25 +0800] "POST /InternetTrading/SessionErrorLogger HTTP/1.1" 200 117
163.125.177.201 - - [12/Mar/2026:09:56:25 +0800] "POST /InternetTrading/MarketStatus HTTP/1.1" 200 772
163.125.177.201 - - [12/Mar/2026:09:56:25 +0800] "POST /InternetTrading/SessionErrorLogger HTTP/1.1" 200 117
163.125.177.201 - - [12/Mar/2026:09:56:25 +0800] "POST /InternetTrading/Heartbeat HTTP/1.1" 200 32
14.0.170.57 - - [12/Mar/2026:09:56:25 +0800] "GET /InternetTrading/longpoll/A8127?X-Atmosphere-tracking-id=0&X-Atmosphere-Framework=2.2.3-javascript&X-Atmosphere-Transport=long-polling&X-Atmosphere-TrackMessageSize=true&Content-Type=charset%3Dutf-8&X-atmo-protocol=true&_=1773280925553 HTTP/1.1" 200 -
163.125.177.201 - - [12/Mar/2026:09:56:26 +0800] "GET /InternetTrading/longpoll/53995?X-Atmosphere-tracking-id=0&X-Atmosphere-Framework=2.2.3-javascript&X-Atmosphere-Transport=long-polling&X-Atmosphere-TrackMessageSize=true&Content-Type=charset%3Dutf-8&X-atmo-protocol=true&_=1773280924797 HTTP/1.1" 200 -
120.230.125.143 - - [12/Mar/2026:09:56:27 +0800] "GET /InternetTrading/longpoll/13975?X-Atmosphere-tracking-id=0&X-Atmosphere-Framework=2.2.3-javascript&X-Atmosphere-Transport=long-polling&X-Atmosphere-TrackMessageSize=true&Content-Type=charset%3Dutf-8&X-atmo-protocol=true&_=1773280930952 HTTP/1.1" 200 -
119.136.154.51 - - [12/Mar/2026:09:56:27 +0800] "GET /InternetTrading/longpoll/51803?X-Atmosphere-tracking-id=0&X-Atmosphere-Framework=2.2.3-javascript&X-Atmosphere-Transport=long-polling&X-Atmosphere-TrackMessageSize=true&Content-Type=charset%3Dutf-8&X-atmo-protocol=true&_=1773280927144 HTTP/1.1" 200 -
14.0.170.57 - - [12/Mar/2026:09:56:28 +0800] "POST /InternetTrading/SessionErrorLogger HTTP/1.1" 200 117
14.0.170.57 - - [12/Mar/2026:09:56:28 +0800] "POST /InternetTrading/Heartbeat HTTP/1.1" 200 32
14.0.170.57 - - [12/Mar/2026:09:56:28 +0800] "POST /InternetTrading/SessionErrorLogger HTTP/1.1" 200 117
14.0.170.57 - - [12/Mar/2026:09:56:28 +0800] "POST /InternetTrading/MarketStatus HTTP/1.1" 200 772
219.73.99.100 - - [12/Mar/2026:09:56:29 +0800] "GET /InternetTrading/longpoll/55136?X-Atmosphere-tracking-id=0&X-Atmosphere-Framework=2.2.3-javascript&X-Atmosphere-Transport=long-polling&X-Atmosphere-TrackMessageSize=true&Content-Type=charset%3Dutf-8&X-atmo-protocol=true&_=1773280928027 HTTP/1.1" 200 -
14.0.170.57 - - [12/Mar/2026:09:56:30 +0800] "GET /InternetTrading/longpoll/A8127?X-Atmosphere-tracking-id=0&X-Atmosphere-Framework=2.2.3-javascript&X-Atmosphere-Transport=long-polling&X-Atmosphere-TrackMessageSize=true&Content-Type=charset%3Dutf-8&X-atmo-protocol=true&_=1773280930752 HTTP/1.1" 200 -
163.125.177.201 - - [12/Mar/2026:09:56:32 +0800] "GET /InternetTrading/longpoll/53995?X-Atmosphere-tracking-id=0&X-Atmosphere-Framework=2.2.3-javascript&X-Atmosphere-Transport=long-polling&X-Atmosphere-TrackMessageSize=true&Content-Type=charset%3Dutf-8&X-atmo-protocol=true&_=1773280930795 HTTP/1.1" 200 -
119.136.154.51 - - [12/Mar/2026:09:56:32 +0800] "GET /InternetTrading/longpoll/51803?X-Atmosphere-tracking-id=0&X-Atmosphere-Framework=2.2.3-javascript&X-Atmosphere-Transport=long-polling&X-Atmosphere-TrackMessageSize=true&Content-Type=charset%3Dutf-8&X-atmo-protocol=true&_=1773280932207 HTTP/1.1" 200 -
120.230.125.143 - - [12/Mar/2026:09:56:33 +0800] "GET /InternetTrading/longpoll/13975?X-Atmosphere-tracking-id=0&X-Atmosphere-Framework=2.2.3-javascript&X-Atmosphere-Transport=long-polling&X-Atmosphere-TrackMessageSize=true&Content-Type=charset%3Dutf-8&X-atmo-protocol=true&_=1773280936953 HTTP/1.1" 200 -
219.73.99.100 - - [12/Mar/2026:09:56:34 +0800] "GET /InternetTrading/longpoll/55136?X-Atmosphere-tracking-id=0&X-Atmosphere-Framework=2.2.3-javascript&X-Atmosphere-Transport=long-polling&X-Atmosphere-TrackMessageSize=true&Content-Type=charset%3Dutf-8&X-atmo-protocol=true&_=1773280933073 HTTP/1.1" 200 -
14.0.170.57 - - [12/Mar/2026:09:56:36 +0800] "GET /InternetTrading/longpoll/A8127?X-Atmosphere-tracking-id=0&X-Atmosphere-Framework=2.2.3-javascript&X-Atmosphere-Transport=long-polling&X-Atmosphere-TrackMessageSize=true&Content-Type=charset%3Dutf-8&X-atmo-protocol=true&_=1773280935842 HTTP/1.1" 200 -
119.136.154.51 - - [12/Mar/2026:09:56:38 +0800] "GET /InternetTrading/longpoll/51803?X-Atmosphere-tracking-id=0&X-Atmosphere-Framework=2.2.3-javascript&X-Atmosphere-Transport=long-polling&X-Atmosphere-TrackMessageSize=true&Content-Type=charset%3Dutf-8&X-atmo-protocol=true&_=1773280937294 HTTP/1.1" 200 -
163.125.177.201 - - [12/Mar/2026:09:56:38 +0800] "GET /InternetTrading/longpoll/53995?X-Atmosphere-tracking-id=0&X-Atmosphere-Framework=2.2.3-javascript&X-Atmosphere-Transport=long-polling&X-Atmosphere-TrackMessageSize=true&Content-Type=charset%3Dutf-8&X-atmo-protocol=true&_=1773280936806 HTTP/1.1" 200 -
219.73.99.100 - - [12/Mar/2026:09:56:39 +0800] "GET /InternetTrading/longpoll/55136?X-Atmosphere-tracking-id=0&X-Atmosphere-Framework=2.2.3-javascript&X-Atmosphere-Transport=long-polling&X-Atmosphere-TrackMessageSize=true&Content-Type=charset%3Dutf-8&X-atmo-protocol=true&_=1773280938107 HTTP/1.1" 200 -
119.136.154.51 - - [12/Mar/2026:09:56:39 +0800] "POST /InternetTrading/SessionErrorLogger HTTP/1.1" 200 117
119.136.154.51 - - [12/Mar/2026:09:56:39 +0800] "POST /InternetTrading/Heartbeat HTTP/1.1" 200 32
119.136.154.51 - - [12/Mar/2026:09:56:39 +0800] "POST /InternetTrading/SessionErrorLogger HTTP/1.1" 200 117
119.136.154.51 - - [12/Mar/2026:09:56:39 +0800] "POST /InternetTrading/MarketStatus HTTP/1.1" 200 772
120.230.125.143 - - [12/Mar/2026:09:56:39 +0800] "GET /InternetTrading/longpoll/13975?X-Atmosphere-tracking-id=0&X-Atmosphere-Framework=2.2.3-javascript&X-Atmosphere-Transport=long-polling&X-Atmosphere-TrackMessageSize=true&Content-Type=charset%3Dutf-8&X-atmo-protocol=true&_=1773280942953 HTTP/1.1" 200 -
14.0.170.57 - - [12/Mar/2026:09:56:41 +0800] "GET /InternetTrading/longpoll/A8127?X-Atmosphere-tracking-id=0&X-Atmosphere-Framework=2.2.3-javascript&X-Atmosphere-Transport=long-polling&X-Atmosphere-TrackMessageSize=true&Content-Type=charset%3Dutf-8&X-atmo-protocol=true&_=1773280940989 HTTP/1.1" 200 -
119.136.154.51 - - [12/Mar/2026:09:56:43 +0800] "GET /InternetTrading/longpoll/51803?X-Atmosphere-tracking-id=0&X-Atmosphere-Framework=2.2.3-javascript&X-Atmosphere-Transport=long-polling&X-Atmosphere-TrackMessageSize=true&Content-Type=charset%3Dutf-8&X-atmo-protocol=true&_=1773280942362 HTTP/1.1" 200 -
219.73.99.100 - - [12/Mar/2026:09:56:43 +0800] "POST /InternetTrading/SessionErrorLogger HTTP/1.1" 200 117
219.73.99.100 - - [12/Mar/2026:09:56:43 +0800] "POST /InternetTrading/Heartbeat HTTP/1.1" 200 32
219.73.99.100 - - [12/Mar/2026:09:56:43 +0800] "POST /InternetTrading/SessionErrorLogger HTTP/1.1" 200 117
219.73.99.100 - - [12/Mar/2026:09:56:43 +0800] "POST /InternetTrading/MarketStatus HTTP/1.1" 200 772
219.73.99.100 - - [12/Mar/2026:09:56:44 +0800] "GET /InternetTrading/longpoll/55136?X-Atmosphere-tracking-id=0&X-Atmosphere-Framework=2.2.3-javascript&X-Atmosphere-Transport=long-polling&X-Atmosphere-TrackMessageSize=true&Content-Type=charset%3Dutf-8&X-atmo-protocol=true&_=1773280943159 HTTP/1.1" 200 -
163.125.177.201 - - [12/Mar/2026:09:56:44 +0800] "GET /InternetTrading/longpoll/53995?X-Atmosphere-tracking-id=0&X-Atmosphere-Framework=2.2.3-javascript&X-Atmosphere-Transport=long-polling&X-Atmosphere-TrackMessageSize=true&Content-Type=charset%3Dutf-8&X-atmo-protocol=true&_=1773280942810 HTTP/1.1" 200 -
120.230.125.143 - - [12/Mar/2026:09:56:45 +0800] "GET /InternetTrading/longpoll/13975?X-Atmosphere-tracking-id=0&X-Atmosphere-Framework=2.2.3-javascript&X-Atmosphere-Transport=long-polling&X-Atmosphere-TrackMessageSize=true&Content-Type=charset%3Dutf-8&X-atmo-protocol=true&_=1773280948953 HTTP/1.1" 200 -
14.0.170.57 - - [12/Mar/2026:09:56:46 +0800] "GET /InternetTrading/longpoll/A8127?X-Atmosphere-tracking-id=0&X-Atmosphere-Framework=2.2.3-javascript&X-Atmosphere-Transport=long-polling&X-Atmosphere-TrackMessageSize=true&Content-Type=charset%3Dutf-8&X-atmo-protocol=true&_=1773280946129 HTTP/1.1" 200 -
119.136.154.51 - - [12/Mar/2026:09:56:48 +0800] "GET /InternetTrading/longpoll/51803?X-Atmosphere-tracking-id=0&X-Atmosphere-Framework=2.2.3-javascript&X-Atmosphere-Transport=long-polling&X-Atmosphere-TrackMessageSize=true&Content-Type=charset%3Dutf-8&X-atmo-protocol=true&_=1773280947383 HTTP/1.1" 200 -
219.73.99.100 - - [12/Mar/2026:09:56:49 +0800] "GET /InternetTrading/longpoll/55136?X-Atmosphere-tracking-id=0&X-Atmosphere-Framework=2.2.3-javascript&X-Atmosphere-Transport=long-polling&X-Atmosphere-TrackMessageSize=true&Content-Type=charset%3Dutf-8&X-atmo-protocol=true&_=1773280948181 HTTP/1.1" 200 -
14.0.170.57 - - [12/Mar/2026:09:56:50 +0800] "GET /InternetTrading/tc/main.html?language=tc&version=HTML HTTP/1.1" 200 3578
14.0.170.57 - - [12/Mar/2026:09:56:50 +0800] "GET /InternetTrading/jquery/ui.datepicker.css HTTP/1.1" 200 1145
14.0.170.57 - - [12/Mar/2026:09:56:50 +0800] "GET /InternetTrading/jquery/jquery.tablesorter-theme.blue.css HTTP/1.1" 200 2083
14.0.170.57 - - [12/Mar/2026:09:56:50 +0800] "GET /InternetTrading/jquery/dragtable-2.0.9.css HTTP/1.1" 200 316
14.0.170.57 - - [12/Mar/2026:09:56:50 +0800] "GET /InternetTrading/jquery/jquery-ui-1.10.3.css HTTP/1.1" 200 5283
14.0.170.57 - - [12/Mar/2026:09:56:50 +0800] "GET /InternetTrading/tc/style_common.css?v=20200819161914 HTTP/1.1" 200 2540
14.0.170.57 - - [12/Mar/2026:09:56:50 +0800] "GET /InternetTrading/tc/css/jquery.jscrollpane.css HTTP/1.1" 404 690
14.0.170.57 - - [12/Mar/2026:09:56:50 +0800] "GET /InternetTrading/tc/style.css?v=20200819161914 HTTP/1.1" 200 1435
14.0.170.57 - - [12/Mar/2026:09:56:50 +0800] "GET /InternetTrading/jquery/jquery-1.6.3.min.js HTTP/1.1" 200 32057
14.0.170.57 - - [12/Mar/2026:09:56:50 +0800] "GET /InternetTrading/js/aastock.js HTTP/1.1" 200 553
14.0.170.57 - - [12/Mar/2026:09:56:50 +0800] "GET /InternetTrading/jquery/jquery.ba-postmessage.js HTTP/1.1" 200 2990
14.0.170.57 - - [12/Mar/2026:09:56:50 +0800] "GET /InternetTrading/jquery/jquery-migrate-3.0.0.js HTTP/1.1" 200 4963
14.0.170.57 - - [12/Mar/2026:09:56:50 +0800] "GET /InternetTrading/jquery/jquery-3.3.1.js HTTP/1.1" 200 80650
14.0.170.57 - - [12/Mar/2026:09:56:50 +0800] "GET /InternetTrading/js/atmosphere.js HTTP/1.1" 200 13461
14.0.170.57 - - [12/Mar/2026:09:56:50 +0800] "GET /InternetTrading/js/cache.js?jsv=20200819161914 HTTP/1.1" 200 940
14.0.170.57 - - [12/Mar/2026:09:56:50 +0800] "GET /InternetTrading/jquery/jquery.form-3.46.0.js HTTP/1.1" 200 5673
14.0.170.57 - - [12/Mar/2026:09:56:50 +0800] "GET /InternetTrading/jquery/jquery-ui-1.10.3.js HTTP/1.1" 200 69642
14.0.170.57 - - [12/Mar/2026:09:56:50 +0800] "GET /InternetTrading/jquery/jquery.mousewheel-3.1.4.js HTTP/1.1" 200 822
14.0.170.57 - - [12/Mar/2026:09:56:50 +0800] "GET /InternetTrading/jquery/additional-methods.js HTTP/1.1" 200 2238
14.0.170.57 - - [12/Mar/2026:09:56:50 +0800] "GET /InternetTrading/jquery/jquery.blockUI-2.66.0.js HTTP/1.1" 200 6651
14.0.170.57 - - [12/Mar/2026:09:56:50 +0800] "GET /InternetTrading/jquery/jquery.validate-1.11.1.js HTTP/1.1" 200 7041
163.125.177.201 - - [12/Mar/2026:09:56:50 +0800] "GET /InternetTrading/longpoll/53995?X-Atmosphere-tracking-id=0&X-Atmosphere-Framework=2.2.3-javascript&X-Atmosphere-Transport=long-polling&X-Atmosphere-TrackMessageSize=true&Content-Type=charset%3Dutf-8&X-atmo-protocol=true&_=1773280948797 HTTP/1.1" 200 -
14.0.170.57 - - [12/Mar/2026:09:56:50 +0800] "GET /InternetTrading/jquery/jquery.tablesorter-2.14.5.js HTTP/1.1" 200 8901
14.0.170.57 - - [12/Mar/2026:09:56:50 +0800] "GET /InternetTrading/jquery/jquery.tablesorter.widgets-2.14.5.js HTTP/1.1" 200 8611
14.0.170.57 - - [12/Mar/2026:09:56:50 +0800] "GET /InternetTrading/jquery/jquery.getParams.js HTTP/1.1" 200 587
14.0.170.57 - - [12/Mar/2026:09:56:50 +0800] "GET /InternetTrading/jquery/jquery.combobox.packed.js HTTP/1.1" 200 3387
14.0.170.57 - - [12/Mar/2026:09:56:50 +0800] "GET /InternetTrading/jquery/jquery.timer-0.9.16.js HTTP/1.1" 200 542
14.0.170.57 - - [12/Mar/2026:09:56:50 +0800] "GET /InternetTrading/jquery/jquery.selectboxes.pack.js HTTP/1.1" 200 1640
14.0.170.57 - - [12/Mar/2026:09:56:50 +0800] "GET /InternetTrading/jquery/date.js HTTP/1.1" 200 2807
14.0.170.57 - - [12/Mar/2026:09:56:51 +0800] "GET /InternetTrading/json/json2.js?jsv=20200819161914 HTTP/1.1" 200 1372
14.0.170.57 - - [12/Mar/2026:09:56:51 +0800] "GET /InternetTrading/js/constants.js?jsv=20200819161914 HTTP/1.1" 200 400
14.0.170.57 - - [12/Mar/2026:09:56:51 +0800] "GET /InternetTrading/settings/crm_display_settings.js?jsv=20200819161914 HTTP/1.1" 200 1781
14.0.170.57 - - [12/Mar/2026:09:56:51 +0800] "GET /InternetTrading/jquery/globalize-0.1.0a1.js HTTP/1.1" 200 6984
14.0.170.57 - - [12/Mar/2026:09:56:51 +0800] "GET /InternetTrading/tc/user/custom_variables.js?jsv=20200819161914 HTTP/1.1" 200 275
14.0.170.57 - - [12/Mar/2026:09:56:51 +0800] "GET /InternetTrading/tc/user/translation.js?jsv=20200819161914 HTTP/1.1" 200 12818
14.0.170.57 - - [12/Mar/2026:09:56:51 +0800] "GET /InternetTrading/js/haitong.js?jsv=20200819161914 HTTP/1.1" 200 3881
14.0.170.57 - - [12/Mar/2026:09:56:51 +0800] "GET /InternetTrading/js/init.js?jsv=20200819161914 HTTP/1.1" 200 886
14.0.170.57 - - [12/Mar/2026:09:56:51 +0800] "GET /InternetTrading/js/util.js?jsv=20200819161914 HTTP/1.1" 200 6636
14.0.170.57 - - [12/Mar/2026:09:56:51 +0800] "GET /InternetTrading/js/rsautil.js?jsv=20200819161914 HTTP/1.1" 200 1017
14.0.170.57 - - [12/Mar/2026:09:56:51 +0800] "GET /InternetTrading/js/corporate.js?jsv=20200819161914 HTTP/1.1" 200 1575
14.0.170.57 - - [12/Mar/2026:09:56:51 +0800] "GET /InternetTrading/js/main.js?jsv=20200819161914 HTTP/1.1" 200 30725
14.0.170.57 - - [12/Mar/2026:09:56:51 +0800] "GET /InternetTrading/js/update_mdf.js?jsv=20200819161914 HTTP/1.1" 200 856
14.0.170.57 - - [12/Mar/2026:09:56:51 +0800] "GET /InternetTrading/js/validation_hkex.js?jsv=20200819161914 HTTP/1.1" 200 2300
14.0.170.57 - - [12/Mar/2026:09:56:51 +0800] "GET /InternetTrading/js/validation_bshare.js?jsv=20200819161914 HTTP/1.1" 200 1567
14.0.170.57 - - [12/Mar/2026:09:56:51 +0800] "GET /InternetTrading/js/validation_ashare.js?jsv=20200819161914 HTTP/1.1" 200 2482
14.0.170.57 - - [12/Mar/2026:09:56:51 +0800] "GET /InternetTrading/js/validation_global.js?jsv=20200819161914 HTTP/1.1" 200 1564
14.0.170.57 - - [12/Mar/2026:09:56:51 +0800] "GET /InternetTrading/js/account.js?jsv=20200819161914 HTTP/1.1" 200 2656
14.0.170.57 - - [12/Mar/2026:09:56:51 +0800] "GET /InternetTrading/js/ipo.js?jsv=20200819161914 HTTP/1.1" 200 5726
14.0.170.57 - - [12/Mar/2026:09:56:51 +0800] "GET /InternetTrading/js/spread_cache.js?jsv=20200819161914 HTTP/1.1" 200 908
14.0.170.57 - - [12/Mar/2026:09:56:51 +0800] "GET /InternetTrading/js/cash_transfer.js?jsv=20200819161914 HTTP/1.1" 200 2712
14.0.170.57 - - [12/Mar/2026:09:56:51 +0800] "GET /InternetTrading/js/mm.js?jsv=20200819161914 HTTP/1.1" 200 487
14.0.170.57 - - [12/Mar/2026:09:56:51 +0800] "GET /InternetTrading/js/isec_calculator.js?jsv=20200819161914 HTTP/1.1" 200 1364
14.0.170.57 - - [12/Mar/2026:09:56:51 +0800] "GET /InternetTrading/js/payment_instruction.js?jsv=20200819161914 HTTP/1.1" 200 2178
14.0.170.57 - - [12/Mar/2026:09:56:51 +0800] "GET /InternetTrading/js/payment_instruction_IMOS.js?jsv=20200819161914 HTTP/1.1" 200 6874
14.0.170.57 - - [12/Mar/2026:09:56:51 +0800] "GET /InternetTrading/js/eStatement.js?jsv=20200819161914 HTTP/1.1" 200 562
14.0.170.57 - - [12/Mar/2026:09:56:51 +0800] "GET /InternetTrading/js/string_extend.js?jsv=20200819161914 HTTP/1.1" 200 272
14.0.170.57 - - [12/Mar/2026:09:56:51 +0800] "GET /InternetTrading/js/pidcrypt_util.js?jsv=20200819161914 HTTP/1.1" 200 1206
14.0.170.57 - - [12/Mar/2026:09:56:51 +0800] "GET /InternetTrading/ExchangeList?fmt=js&jsv=20200819161914 HTTP/1.1" 200 146
14.0.170.57 - - [12/Mar/2026:09:56:51 +0800] "GET /InternetTrading/js/pidcrypt.js?jsv=20200819161914 HTTP/1.1" 200 982
14.0.170.57 - - [12/Mar/2026:09:56:51 +0800] "GET /InternetTrading/js/aes_cbc.js?jsv=20200819161914 HTTP/1.1" 200 2043
14.0.170.57 - - [12/Mar/2026:09:56:51 +0800] "GET /InternetTrading/js/aes_core.js?jsv=20200819161914 HTTP/1.1" 200 2106
14.0.170.57 - - [12/Mar/2026:09:56:51 +0800] "GET /InternetTrading/js/asn1.js?jsv=20200819161914 HTTP/1.1" 200 3099
14.0.170.57 - - [12/Mar/2026:09:56:51 +0800] "GET /InternetTrading/js/sha256.js?jsv=20200819161914 HTTP/1.1" 200 1362
14.0.170.57 - - [12/Mar/2026:09:56:51 +0800] "GET /InternetTrading/js/md5.js?jsv=20200819161914 HTTP/1.1" 200 1730
14.0.170.57 - - [12/Mar/2026:09:56:51 +0800] "GET /InternetTrading/js/prng4.js?jsv=20200819161914 HTTP/1.1" 200 303
14.0.170.57 - - [12/Mar/2026:09:56:51 +0800] "GET /InternetTrading/js/jsbn.js?jsv=20200819161914 HTTP/1.1" 200 6736
14.0.170.57 - - [12/Mar/2026:09:56:51 +0800] "GET /InternetTrading/js/rng.js?jsv=20200819161914 HTTP/1.1" 200 481
14.0.170.57 - - [12/Mar/2026:09:56:51 +0800] "GET /InternetTrading/js/mode-ecb.js?jsv=20200819161914 HTTP/1.1" 200 199
14.0.170.57 - - [12/Mar/2026:09:56:51 +0800] "GET /InternetTrading/js/utilSpec.js?jsv=20200819161914 HTTP/1.1" 200 27
14.0.170.57 - - [12/Mar/2026:09:56:51 +0800] "GET /InternetTrading/js/rsa.js?jsv=20200819161914 HTTP/1.1" 200 1658
14.0.170.57 - - [12/Mar/2026:09:56:51 +0800] "GET /InternetTrading/js/aes.js?jsv=20200819161914 HTTP/1.1" 200 4816
14.0.170.57 - - [12/Mar/2026:09:56:51 +0800] "GET /InternetTrading/js/update_lastlogin.js?jsv=20200819161914 HTTP/1.1" 200 980
14.0.170.57 - - [12/Mar/2026:09:56:51 +0800] "GET /InternetTrading/js/pw_alert.js?jsv=20200819161914 HTTP/1.1" 200 418
14.0.170.57 - - [12/Mar/2026:09:56:51 +0800] "GET /InternetTrading/js/jquery.cookie.js HTTP/1.1" 200 834
14.0.170.57 - - [12/Mar/2026:09:56:51 +0800] "GET /InternetTrading/js/jquery.jscrollpane.js HTTP/1.1" 404 685
14.0.170.57 - - [12/Mar/2026:09:56:51 +0800] "GET /InternetTrading/js/jquery.mousewheel.js HTTP/1.1" 404 684
14.0.170.57 - - [12/Mar/2026:09:56:51 +0800] "GET /InternetTrading/GoodTillDateValidExch?fmt=js&jsv=20200819161914 HTTP/1.1" 200 29
14.0.170.57 - - [12/Mar/2026:09:56:51 +0800] "GET /InternetTrading/js/decimal.js HTTP/1.1" 200 13492
14.0.170.57 - - [12/Mar/2026:09:56:51 +0800] "GET /InternetTrading/tc/images/logo.png HTTP/1.1" 200 7042
14.0.170.57 - - [12/Mar/2026:09:56:51 +0800] "GET /InternetTrading/tc/images/top_menu01.jpg HTTP/1.1" 200 3466
14.0.170.57 - - [12/Mar/2026:09:56:51 +0800] "GET /InternetTrading/tc/images/top_menu_logout.jpg HTTP/1.1" 200 1016
14.0.170.57 - - [12/Mar/2026:09:56:51 +0800] "GET /InternetTrading/tc/images/top_menu04.jpg HTTP/1.1" 200 3430
14.0.170.57 - - [12/Mar/2026:09:56:51 +0800] "GET /InternetTrading/images/top_bg3.jpg HTTP/1.1" 200 878
14.0.170.57 - - [12/Mar/2026:09:56:51 +0800] "GET /InternetTrading/images/top_bg1.jpg HTTP/1.1" 200 329
14.0.170.57 - - [12/Mar/2026:09:56:51 +0800] "GET /InternetTrading/images/top_bg2.jpg HTTP/1.1" 200 330
14.0.170.57 - - [12/Mar/2026:09:56:51 +0800] "POST /InternetTrading/PopUpConfig HTTP/1.1" 200 2
14.0.170.57 - - [12/Mar/2026:09:56:51 +0800] "GET /InternetTrading/tc/dialog.html?1773280951429 HTTP/1.1" 200 3188
14.0.170.57 - - [12/Mar/2026:09:56:51 +0800] "POST /InternetTrading/Heartbeat HTTP/1.1" 200 32
14.0.170.57 - - [12/Mar/2026:09:56:51 +0800] "POST /InternetTrading/CustomerInfoLite HTTP/1.1" 200 124
14.0.170.57 - - [12/Mar/2026:09:56:51 +0800] "GET /InternetTrading/tc/trade.html HTTP/1.1" 200 2113
14.0.170.57 - - [12/Mar/2026:09:56:51 +0800] "POST /InternetTrading/SpreadPriceCache HTTP/1.1" 200 1947
14.0.170.57 - - [12/Mar/2026:09:56:51 +0800] "GET /InternetTrading/tc/images/top_menu01_o.jpg HTTP/1.1" 200 3339
14.0.170.57 - - [12/Mar/2026:09:56:51 +0800] "GET /InternetTrading/jquery/wait.gif HTTP/1.1" 200 432
14.0.170.57 - - [12/Mar/2026:09:56:51 +0800] "POST /InternetTrading/SessionErrorLogger HTTP/1.1" 200 117
120.230.125.143 - - [12/Mar/2026:09:56:51 +0800] "GET /InternetTrading/longpoll/13975?X-Atmosphere-tracking-id=0&X-Atmosphere-Framework=2.2.3-javascript&X-Atmosphere-Transport=long-polling&X-Atmosphere-TrackMessageSize=true&Content-Type=charset%3Dutf-8&X-atmo-protocol=true&_=1773280954953 HTTP/1.1" 200 -
14.0.170.57 - - [12/Mar/2026:09:56:51 +0800] "POST /InternetTrading/GetLastLoginDate HTTP/1.1" 200 31
14.0.170.57 - - [12/Mar/2026:09:56:51 +0800] "POST /InternetTrading/SessionErrorLogger HTTP/1.1" 200 117
14.0.170.57 - - [12/Mar/2026:09:56:51 +0800] "GET /InternetTrading/tc/getpopupMsgName.jsp HTTP/1.1" 200 -
14.0.170.57 - - [12/Mar/2026:09:56:51 +0800] "GET /InternetTrading/tc/images/refresh.gif HTTP/1.1" 200 1145
14.0.170.57 - - [12/Mar/2026:09:56:51 +0800] "GET /InternetTrading/tc/applet_dummy.html HTTP/1.1" 200 330
14.0.170.57 - - [12/Mar/2026:09:56:51 +0800] "GET /InternetTrading/tc/images/trade_point01.jpg HTTP/1.1" 200 358
14.0.170.57 - - [12/Mar/2026:09:56:51 +0800] "POST /InternetTrading/SessionErrorLogger HTTP/1.1" 200 117
14.0.170.57 - - [12/Mar/2026:09:56:52 +0800] "GET /InternetTrading/tc/buy_ticket.html? HTTP/1.1" 200 1995
14.0.170.57 - - [12/Mar/2026:09:56:52 +0800] "POST /InternetTrading/SessionErrorLogger HTTP/1.1" 200 117
14.0.170.57 - - [12/Mar/2026:09:56:52 +0800] "POST /InternetTrading/MarketStatus HTTP/1.1" 200 772
14.0.170.57 - - [12/Mar/2026:09:56:52 +0800] "POST /InternetTrading/SessionErrorLogger HTTP/1.1" 200 117
14.0.170.57 - - [12/Mar/2026:09:56:52 +0800] "GET /InternetTrading/jquery/wait.gif HTTP/1.1" 200 432
14.0.170.57 - - [12/Mar/2026:09:56:52 +0800] "GET /InternetTrading/Home/PostToAA.jsp?hl=tc HTTP/1.1" 200 293
14.0.170.57 - - [12/Mar/2026:09:56:52 +0800] "GET /InternetTrading/jquery/images/ui-icons_222222_256x240.png HTTP/1.1" 200 6922
14.0.170.57 - - [12/Mar/2026:09:56:52 +0800] "GET /InternetTrading/jquery/images/ui-bg_flat_75_ffffff_40x100.png HTTP/1.1" 200 208
14.0.170.57 - - [12/Mar/2026:09:56:52 +0800] "POST /InternetTrading/SessionErrorLogger HTTP/1.1" 200 117
14.0.170.57 - - [12/Mar/2026:09:56:52 +0800] "GET /InternetTrading/tc/multi_currency_balance.html HTTP/1.1" 200 295
14.0.170.57 - - [12/Mar/2026:09:56:52 +0800] "POST /InternetTrading/SessionErrorLogger HTTP/1.1" 200 117
14.0.170.57 - - [12/Mar/2026:09:56:52 +0800] "POST /InternetTrading/MarketStatus HTTP/1.1" 200 772
14.0.170.57 - - [12/Mar/2026:09:56:52 +0800] "POST /InternetTrading/MarketStatus HTTP/1.1" 200 772
119.136.154.51 - - [12/Mar/2026:09:56:53 +0800] "GET /InternetTrading/longpoll/51803?X-Atmosphere-tracking-id=0&X-Atmosphere-Framework=2.2.3-javascript&X-Atmosphere-Transport=long-polling&X-Atmosphere-TrackMessageSize=true&Content-Type=charset%3Dutf-8&X-atmo-protocol=true&_=1773280952416 HTTP/1.1" 200 -
14.0.170.57 - - [12/Mar/2026:09:56:54 +0800] "POST /InternetTrading/SessionErrorLogger HTTP/1.1" 200 117
14.0.170.57 - - [12/Mar/2026:09:56:54 +0800] "POST /InternetTrading/CustomerInfo HTTP/1.1" 200 222
14.0.170.57 - - [12/Mar/2026:09:56:54 +0800] "POST /InternetTrading/SessionErrorLogger HTTP/1.1" 200 117
14.0.170.57 - - [12/Mar/2026:09:56:54 +0800] "POST /InternetTrading/SessionErrorLogger HTTP/1.1" 200 117
14.0.170.57 - - [12/Mar/2026:09:56:54 +0800] "POST /InternetTrading/MarketStatus HTTP/1.1" 200 772
14.0.170.57 - - [12/Mar/2026:09:56:54 +0800] "GET /InternetTrading/jquery/wait.gif HTTP/1.1" 200 432
14.0.170.57 - - [12/Mar/2026:09:56:54 +0800] "POST /InternetTrading/SessionErrorLogger HTTP/1.1" 200 117
14.0.170.57 - - [12/Mar/2026:09:56:54 +0800] "POST /InternetTrading/LongPollingConfig HTTP/1.1" 200 4
14.0.170.57 - - [12/Mar/2026:09:56:54 +0800] "POST /InternetTrading/SessionErrorLogger HTTP/1.1" 200 117
219.73.99.100 - - [12/Mar/2026:09:56:54 +0800] "GET /InternetTrading/longpoll/55136?X-Atmosphere-tracking-id=0&X-Atmosphere-Framework=2.2.3-javascript&X-Atmosphere-Transport=long-polling&X-Atmosphere-TrackMessageSize=true&Content-Type=charset%3Dutf-8&X-atmo-protocol=true&_=1773280953206 HTTP/1.1" 200 -
14.0.170.57 - - [12/Mar/2026:09:56:54 +0800] "GET /InternetTrading/longpoll/A8127?X-Atmosphere-tracking-id=0&X-Atmosphere-Framework=2.2.3-javascript&X-Atmosphere-Transport=long-polling&X-Atmosphere-TrackMessageSize=true&Content-Type=charset%3Dutf-8&X-atmo-protocol=true&_=1773280954141 HTTP/1.1" 200 -
14.0.170.57 - - [12/Mar/2026:09:56:54 +0800] "GET /InternetTrading/tc/account_status.html HTTP/1.1" 200 426
14.0.170.57 - - [12/Mar/2026:09:56:54 +0800] "GET /InternetTrading/jquery/wait.gif HTTP/1.1" 200 432
14.0.170.57 - - [12/Mar/2026:09:56:54 +0800] "POST /InternetTrading/SessionErrorLogger HTTP/1.1" 200 117
14.0.170.57 - - [12/Mar/2026:09:56:54 +0800] "POST /InternetTrading/Portfolio HTTP/1.1" 200 1777
219.73.99.100 - - [12/Mar/2026:09:56:55 +0800] "POST /InternetTrading/SessionErrorLogger HTTP/1.1" 200 117
219.73.99.100 - - [12/Mar/2026:09:56:55 +0800] "GET /InternetTrading/jquery/wait.gif HTTP/1.1" 200 432
219.73.99.100 - - [12/Mar/2026:09:56:55 +0800] "POST /InternetTrading/Portfolio HTTP/1.1" 200 1544
163.125.177.201 - - [12/Mar/2026:09:56:56 +0800] "GET /InternetTrading/longpoll/53995?X-Atmosphere-tracking-id=0&X-Atmosphere-Framework=2.2.3-javascript&X-Atmosphere-Transport=long-polling&X-Atmosphere-TrackMessageSize=true&Content-Type=charset%3Dutf-8&X-atmo-protocol=true&_=1773280954804 HTTP/1.1" 200 -
120.230.125.143 - - [12/Mar/2026:09:56:57 +0800] "GET /InternetTrading/longpoll/13975?X-Atmosphere-tracking-id=0&X-Atmosphere-Framework=2.2.3-javascript&X-Atmosphere-Transport=long-polling&X-Atmosphere-TrackMessageSize=true&Content-Type=charset%3Dutf-8&X-atmo-protocol=true&_=1773280960953 HTTP/1.1" 200 -
119.136.154.51 - - [12/Mar/2026:09:56:58 +0800] "GET /InternetTrading/longpoll/51803?X-Atmosphere-tracking-id=0&X-Atmosphere-Framework=2.2.3-javascript&X-Atmosphere-Transport=long-polling&X-Atmosphere-TrackMessageSize=true&Content-Type=charset%3Dutf-8&X-atmo-protocol=true&_=1773280957483 HTTP/1.1" 200 -
219.73.99.100 - - [12/Mar/2026:09:56:59 +0800] "GET /InternetTrading/longpoll/55136?X-Atmosphere-tracking-id=0&X-Atmosphere-Framework=2.2.3-javascript&X-Atmosphere-Transport=long-polling&X-Atmosphere-TrackMessageSize=true&Content-Type=charset%3Dutf-8&X-atmo-protocol=true&_=1773280958244 HTTP/1.1" 200 -
14.0.170.57 - - [12/Mar/2026:09:56:59 +0800] "GET /InternetTrading/longpoll/A8127?X-Atmosphere-tracking-id=0&X-Atmosphere-Framework=2.2.3-javascript&X-Atmosphere-Transport=long-polling&X-Atmosphere-TrackMessageSize=true&Content-Type=charset%3Dutf-8&X-atmo-protocol=true&_=1773280959186 HTTP/1.1" 200 -
163.125.177.201 - - [12/Mar/2026:09:57:02 +0800] "GET /InternetTrading/longpoll/53995?X-Atmosphere-tracking-id=0&X-Atmosphere-Framework=2.2.3-javascript&X-Atmosphere-Transport=long-polling&X-Atmosphere-TrackMessageSize=true&Content-Type=charset%3Dutf-8&X-atmo-protocol=true&_=1773280960803 HTTP/1.1" 200 -
119.136.154.51 - - [12/Mar/2026:09:57:03 +0800] "GET /InternetTrading/longpoll/51803?X-Atmosphere-tracking-id=0&X-Atmosphere-Framework=2.2.3-javascript&X-Atmosphere-Transport=long-polling&X-Atmosphere-TrackMessageSize=true&Content-Type=charset%3Dutf-8&X-atmo-protocol=true&_=1773280962540 HTTP/1.1" 200 -
120.230.125.143 - - [12/Mar/2026:09:57:03 +0800] "GET /InternetTrading/longpoll/13975?X-Atmosphere-tracking-id=0&X-Atmosphere-Framework=2.2.3-javascript&X-Atmosphere-Transport=long-polling&X-Atmosphere-TrackMessageSize=true&Content-Type=charset%3Dutf-8&X-atmo-protocol=true&_=1773280966953 HTTP/1.1" 200 -
219.73.99.100 - - [12/Mar/2026:09:57:04 +0800] "GET /InternetTrading/longpoll/55136?X-Atmosphere-tracking-id=0&X-Atmosphere-Framework=2.2.3-javascript&X-Atmosphere-Transport=long-polling&X-Atmosphere-TrackMessageSize=true&Content-Type=charset%3Dutf-8&X-atmo-protocol=true&_=1773280963268 HTTP/1.1" 200 -
14.0.170.57 - - [12/Mar/2026:09:57:04 +0800] "GET /InternetTrading/longpoll/A8127?X-Atmosphere-tracking-id=0&X-Atmosphere-Framework=2.2.3-javascript&X-Atmosphere-Transport=long-polling&X-Atmosphere-TrackMessageSize=true&Content-Type=charset%3Dutf-8&X-atmo-protocol=true&_=1773280964235 HTTP/1.1" 200 -
120.230.125.143 - - [12/Mar/2026:09:57:07 +0800] "POST /InternetTrading/SessionErrorLogger HTTP/1.1" 200 117
120.230.125.143 - - [12/Mar/2026:09:57:07 +0800] "POST /InternetTrading/MarketStatus HTTP/1.1" 200 772
120.230.125.143 - - [12/Mar/2026:09:57:07 +0800] "POST /InternetTrading/SessionErrorLogger HTTP/1.1" 200 117
120.230.125.143 - - [12/Mar/2026:09:57:07 +0800] "POST /InternetTrading/Heartbeat HTTP/1.1" 200 32
119.136.154.51 - - [12/Mar/2026:09:57:08 +0800] "GET /InternetTrading/longpoll/51803?X-Atmosphere-tracking-id=0&X-Atmosphere-Framework=2.2.3-javascript&X-Atmosphere-Transport=long-polling&X-Atmosphere-TrackMessageSize=true&Content-Type=charset%3Dutf-8&X-atmo-protocol=true&_=1773280967618 HTTP/1.1" 200 -
163.125.177.201 - - [12/Mar/2026:09:57:08 +0800] "GET /InternetTrading/longpoll/53995?X-Atmosphere-tracking-id=0&X-Atmosphere-Framework=2.2.3-javascript&X-Atmosphere-Transport=long-polling&X-Atmosphere-TrackMessageSize=true&Content-Type=charset%3Dutf-8&X-atmo-protocol=true&_=1773280966802 HTTP/1.1" 200 -
219.73.99.100 - - [12/Mar/2026:09:57:09 +0800] "GET /InternetTrading/longpoll/55136?X-Atmosphere-tracking-id=0&X-Atmosphere-Framework=2.2.3-javascript&X-Atmosphere-Transport=long-polling&X-Atmosphere-TrackMessageSize=true&Content-Type=charset%3Dutf-8&X-atmo-protocol=true&_=1773280968308 HTTP/1.1" 200 -
119.136.154.51 - - [12/Mar/2026:09:57:09 +0800] "POST /InternetTrading/SessionErrorLogger HTTP/1.1" 200 117
119.136.154.51 - - [12/Mar/2026:09:57:09 +0800] "POST /InternetTrading/Heartbeat HTTP/1.1" 200 32
119.136.154.51 - - [12/Mar/2026:09:57:09 +0800] "POST /InternetTrading/SessionErrorLogger HTTP/1.1" 200 117
14.0.170.57 - - [12/Mar/2026:09:57:09 +0800] "GET /InternetTrading/longpoll/A8127?X-Atmosphere-tracking-id=0&X-Atmosphere-Framework=2.2.3-javascript&X-Atmosphere-Transport=long-polling&X-Atmosphere-TrackMessageSize=true&Content-Type=charset%3Dutf-8&X-atmo-protocol=true&_=1773280969328 HTTP/1.1" 200 -
119.136.154.51 - - [12/Mar/2026:09:57:09 +0800] "POST /InternetTrading/MarketStatus HTTP/1.1" 200 772
120.230.125.143 - - [12/Mar/2026:09:57:09 +0800] "GET /InternetTrading/longpoll/13975?X-Atmosphere-tracking-id=0&X-Atmosphere-Framework=2.2.3-javascript&X-Atmosphere-Transport=long-polling&X-Atmosphere-TrackMessageSize=true&Content-Type=charset%3Dutf-8&X-atmo-protocol=true&_=1773280972953 HTTP/1.1" 200 -
219.73.99.100 - - [12/Mar/2026:09:57:13 +0800] "POST /InternetTrading/SessionErrorLogger HTTP/1.1" 200 117
219.73.99.100 - - [12/Mar/2026:09:57:13 +0800] "POST /InternetTrading/Heartbeat HTTP/1.1" 200 32
219.73.99.100 - - [12/Mar/2026:09:57:13 +0800] "POST /InternetTrading/SessionErrorLogger HTTP/1.1" 200 117
219.73.99.100 - - [12/Mar/2026:09:57:13 +0800] "POST /InternetTrading/MarketStatus HTTP/1.1" 200 772
119.136.154.51 - - [12/Mar/2026:09:57:13 +0800] "GET /InternetTrading/longpoll/51803?X-Atmosphere-tracking-id=0&X-Atmosphere-Framework=2.2.3-javascript&X-Atmosphere-Transport=long-polling&X-Atmosphere-TrackMessageSize=true&Content-Type=charset%3Dutf-8&X-atmo-protocol=true&_=1773280972672 HTTP/1.1" 200 -
219.73.99.100 - - [12/Mar/2026:09:57:14 +0800] "GET /InternetTrading/longpoll/55136?X-Atmosphere-tracking-id=0&X-Atmosphere-Framework=2.2.3-javascript&X-Atmosphere-Transport=long-polling&X-Atmosphere-TrackMessageSize=true&Content-Type=charset%3Dutf-8&X-atmo-protocol=true&_=1773280973327 HTTP/1.1" 200 -
163.125.177.201 - - [12/Mar/2026:09:57:14 +0800] "GET /InternetTrading/longpoll/53995?X-Atmosphere-tracking-id=0&X-Atmosphere-Framework=2.2.3-javascript&X-Atmosphere-Transport=long-polling&X-Atmosphere-TrackMessageSize=true&Content-Type=charset%3Dutf-8&X-atmo-protocol=true&_=1773280972800 HTTP/1.1" 200 -
14.0.170.57 - - [12/Mar/2026:09:57:14 +0800] "GET /InternetTrading/longpoll/A8127?X-Atmosphere-tracking-id=0&X-Atmosphere-Framework=2.2.3-javascript&X-Atmosphere-Transport=long-polling&X-Atmosphere-TrackMessageSize=true&Content-Type=charset%3Dutf-8&X-atmo-protocol=true&_=1773280974622 HTTP/1.1" 200 -
120.230.125.143 - - [12/Mar/2026:09:57:15 +0800] "GET /InternetTrading/longpoll/13975?X-Atmosphere-tracking-id=0&X-Atmosphere-Framework=2.2.3-javascript&X-Atmosphere-Transport=long-polling&X-Atmosphere-TrackMessageSize=true&Content-Type=charset%3Dutf-8&X-atmo-protocol=true&_=1773280978953 HTTP/1.1" 200 -
119.136.154.51 - - [12/Mar/2026:09:57:18 +0800] "GET /InternetTrading/longpoll/51803?X-Atmosphere-tracking-id=0&X-Atmosphere-Framework=2.2.3-javascript&X-Atmosphere-Transport=long-polling&X-Atmosphere-TrackMessageSize=true&Content-Type=charset%3Dutf-8&X-atmo-protocol=true&_=1773280977693 HTTP/1.1" 200 -
219.73.99.100 - - [12/Mar/2026:09:57:19 +0800] "GET /InternetTrading/longpoll/55136?X-Atmosphere-tracking-id=0&X-Atmosphere-Framework=2.2.3-javascript&X-Atmosphere-Transport=long-polling&X-Atmosphere-TrackMessageSize=true&Content-Type=charset%3Dutf-8&X-atmo-protocol=true&_=1773280978357 HTTP/1.1" 200 -
14.0.170.57 - - [12/Mar/2026:09:57:20 +0800] "GET /InternetTrading/longpoll/A8127?X-Atmosphere-tracking-id=0&X-Atmosphere-Framework=2.2.3-javascript&X-Atmosphere-Transport=long-polling&X-Atmosphere-TrackMessageSize=true&Content-Type=charset%3Dutf-8&X-atmo-protocol=true&_=1773280979744 HTTP/1.1" 200 -
163.125.177.201 - - [12/Mar/2026:09:57:20 +0800] "GET /InternetTrading/longpoll/53995?X-Atmosphere-tracking-id=0&X-Atmosphere-Framework=2.2.3-javascript&X-Atmosphere-Transport=long-polling&X-Atmosphere-TrackMessageSize=true&Content-Type=charset%3Dutf-8&X-atmo-protocol=true&_=1773280978802 HTTP/1.1" 200 -
120.230.125.143 - - [12/Mar/2026:09:57:21 +0800] "GET /InternetTrading/longpoll/13975?X-Atmosphere-tracking-id=0&X-Atmosphere-Framework=2.2.3-javascript&X-Atmosphere-Transport=long-polling&X-Atmosphere-TrackMessageSize=true&Content-Type=charset%3Dutf-8&X-atmo-protocol=true&_=1773280984953 HTTP/1.1" 200 -
14.0.170.57 - - [12/Mar/2026:09:57:22 +0800] "POST /InternetTrading/SessionErrorLogger HTTP/1.1" 200 117
14.0.170.57 - - [12/Mar/2026:09:57:22 +0800] "POST /InternetTrading/Heartbeat HTTP/1.1" 200 32
14.0.170.57 - - [12/Mar/2026:09:57:22 +0800] "POST /InternetTrading/SessionErrorLogger HTTP/1.1" 200 117
14.0.170.57 - - [12/Mar/2026:09:57:22 +0800] "POST /InternetTrading/MarketStatus HTTP/1.1" 200 772
119.136.154.51 - - [12/Mar/2026:09:57:23 +0800] "GET /InternetTrading/longpoll/51803?X-Atmosphere-tracking-id=0&X-Atmosphere-Framework=2.2.3-javascript&X-Atmosphere-Transport=long-polling&X-Atmosphere-TrackMessageSize=true&Content-Type=charset%3Dutf-8&X-atmo-protocol=true&_=1773280982713 HTTP/1.1" 200 -
219.73.99.100 - - [12/Mar/2026:09:57:24 +0800] "GET /InternetTrading/longpoll/55136?X-Atmosphere-tracking-id=0&X-Atmosphere-Framework=2.2.3-javascript&X-Atmosphere-Transport=long-polling&X-Atmosphere-TrackMessageSize=true&Content-Type=charset%3Dutf-8&X-atmo-protocol=true&_=1773280983386 HTTP/1.1" 200 -
163.125.177.201 - - [12/Mar/2026:09:57:25 +0800] "POST /InternetTrading/SessionErrorLogger HTTP/1.1" 200 117
14.0.170.57 - - [12/Mar/2026:09:57:25 +0800] "GET /InternetTrading/longpoll/A8127?X-Atmosphere-tracking-id=0&X-Atmosphere-Framework=2.2.3-javascript&X-Atmosphere-Transport=long-polling&X-Atmosphere-TrackMessageSize=true&Content-Type=charset%3Dutf-8&X-atmo-protocol=true&_=1773280984862 HTTP/1.1" 200 -
163.125.177.201 - - [12/Mar/2026:09:57:25 +0800] "POST /InternetTrading/MarketStatus HTTP/1.1" 200 772
163.125.177.201 - - [12/Mar/2026:09:57:25 +0800] "POST /InternetTrading/SessionErrorLogger HTTP/1.1" 200 117
163.125.177.201 - - [12/Mar/2026:09:57:25 +0800] "POST /InternetTrading/Heartbeat HTTP/1.1" 200 32
163.125.177.201 - - [12/Mar/2026:09:57:26 +0800] "GET /InternetTrading/longpoll/53995?X-Atmosphere-tracking-id=0&X-Atmosphere-Framework=2.2.3-javascript&X-Atmosphere-Transport=long-polling&X-Atmosphere-TrackMessageSize=true&Content-Type=charset%3Dutf-8&X-atmo-protocol=true&_=1773280984808 HTTP/1.1" 200 -
120.230.125.143 - - [12/Mar/2026:09:57:27 +0800] "GET /InternetTrading/longpoll/13975?X-Atmosphere-tracking-id=0&X-Atmosphere-Framework=2.2.3-javascript&X-Atmosphere-Transport=long-polling&X-Atmosphere-TrackMessageSize=true&Content-Type=charset%3Dutf-8&X-atmo-protocol=true&_=1773280990953 HTTP/1.1" 200 -
119.136.154.51 - - [12/Mar/2026:09:57:28 +0800] "GET /InternetTrading/longpoll/51803?X-Atmosphere-tracking-id=0&X-Atmosphere-Framework=2.2.3-javascript&X-Atmosphere-Transport=long-polling&X-Atmosphere-TrackMessageSize=true&Content-Type=charset%3Dutf-8&X-atmo-protocol=true&_=1773280987835 HTTP/1.1" 200 -
219.73.99.100 - - [12/Mar/2026:09:57:29 +0800] "GET /InternetTrading/longpoll/55136?X-Atmosphere-tracking-id=0&X-Atmosphere-Framework=2.2.3-javascript&X-Atmosphere-Transport=long-polling&X-Atmosphere-TrackMessageSize=true&Content-Type=charset%3Dutf-8&X-atmo-protocol=true&_=1773280988421 HTTP/1.1" 200 -
14.0.170.57 - - [12/Mar/2026:09:57:30 +0800] "GET /InternetTrading/longpoll/A8127?X-Atmosphere-tracking-id=0&X-Atmosphere-Framework=2.2.3-javascript&X-Atmosphere-Transport=long-polling&X-Atmosphere-TrackMessageSize=true&Content-Type=charset%3Dutf-8&X-atmo-protocol=true&_=1773280989946 HTTP/1.1" 200 -
163.125.177.201 - - [12/Mar/2026:09:57:32 +0800] "GET /InternetTrading/longpoll/53995?X-Atmosphere-tracking-id=0&X-Atmosphere-Framework=2.2.3-javascript&X-Atmosphere-Transport=long-polling&X-Atmosphere-TrackMessageSize=true&Content-Type=charset%3Dutf-8&X-atmo-protocol=true&_=1773280990802 HTTP/1.1" 200 -
85.208.96.204 - - [12/Mar/2026:09:57:32 +0800] "GET /logs/secure_access_log.20260222 HTTP/1.1" 200 46781
119.136.154.51 - - [12/Mar/2026:09:57:33 +0800] "GET /InternetTrading/longpoll/51803?X-Atmosphere-tracking-id=0&X-Atmosphere-Framework=2.2.3-javascript&X-Atmosphere-Transport=long-polling&X-Atmosphere-TrackMessageSize=true&Content-Type=charset%3Dutf-8&X-atmo-protocol=true&_=1773280992905 HTTP/1.1" 200 -
120.230.125.143 - - [12/Mar/2026:09:57:33 +0800] "GET /InternetTrading/longpoll/13975?X-Atmosphere-tracking-id=0&X-Atmosphere-Framework=2.2.3-javascript&X-Atmosphere-Transport=long-polling&X-Atmosphere-TrackMessageSize=true&Content-Type=charset%3Dutf-8&X-atmo-protocol=true&_=1773280996956 HTTP/1.1" 200 -
