14.0.170.57 - - [12/Mar/2026:09:27:52 +0800] "GET /InternetTrading/longpoll/A8127?X-Atmosphere-tracking-id=0&X-Atmosphere-Framework=2.2.3-javascript&X-Atmosphere-Transport=long-polling&X-Atmosphere-TrackMessageSize=true&Content-Type=charset%3Dutf-8&X-atmo-protocol=true&_=1773279212716 HTTP/1.1" 200 -
114.119.141.100 - - [12/Mar/2026:09:27:53 +0800] "GET /logs/secure_access_log.20250525 HTTP/1.1" 200 111817
120.230.125.143 - - [12/Mar/2026:09:27:55 +0800] "GET /InternetTrading/longpoll/13975?X-Atmosphere-tracking-id=0&X-Atmosphere-Framework=2.2.3-javascript&X-Atmosphere-Transport=long-polling&X-Atmosphere-TrackMessageSize=true&Content-Type=charset%3Dutf-8&X-atmo-protocol=true&_=1773279218904 HTTP/1.1" 200 -
119.136.154.51 - - [12/Mar/2026:09:27:55 +0800] "GET /InternetTrading/longpoll/51803?X-Atmosphere-tracking-id=0&X-Atmosphere-Framework=2.2.3-javascript&X-Atmosphere-Transport=long-polling&X-Atmosphere-TrackMessageSize=true&Content-Type=charset%3Dutf-8&X-atmo-protocol=true&_=1773279215229 HTTP/1.1" 200 -
14.0.170.57 - - [12/Mar/2026:09:27:58 +0800] "GET /InternetTrading/longpoll/A8127?X-Atmosphere-tracking-id=0&X-Atmosphere-Framework=2.2.3-javascript&X-Atmosphere-Transport=long-polling&X-Atmosphere-TrackMessageSize=true&Content-Type=charset%3Dutf-8&X-atmo-protocol=true&_=1773279217846 HTTP/1.1" 200 -
120.230.125.143 - - [12/Mar/2026:09:28:01 +0800] "GET /InternetTrading/longpoll/13975?X-Atmosphere-tracking-id=0&X-Atmosphere-Framework=2.2.3-javascript&X-Atmosphere-Transport=long-polling&X-Atmosphere-TrackMessageSize=true&Content-Type=charset%3Dutf-8&X-atmo-protocol=true&_=1773279224904 HTTP/1.1" 200 -
119.136.154.51 - - [12/Mar/2026:09:28:01 +0800] "GET /InternetTrading/longpoll/51803?X-Atmosphere-tracking-id=0&X-Atmosphere-Framework=2.2.3-javascript&X-Atmosphere-Transport=long-polling&X-Atmosphere-TrackMessageSize=true&Content-Type=charset%3Dutf-8&X-atmo-protocol=true&_=1773279221225 HTTP/1.1" 200 -
14.0.170.57 - - [12/Mar/2026:09:28:03 +0800] "GET /InternetTrading/longpoll/A8127?X-Atmosphere-tracking-id=0&X-Atmosphere-Framework=2.2.3-javascript&X-Atmosphere-Transport=long-polling&X-Atmosphere-TrackMessageSize=true&Content-Type=charset%3Dutf-8&X-atmo-protocol=true&_=1773279222968 HTTP/1.1" 200 -
14.0.170.57 - - [12/Mar/2026:09:28:05 +0800] "POST /InternetTrading/SessionErrorLogger HTTP/1.1" 200 117
14.0.170.57 - - [12/Mar/2026:09:28:05 +0800] "POST /InternetTrading/Heartbeat HTTP/1.1" 200 32
14.0.170.57 - - [12/Mar/2026:09:28:05 +0800] "POST /InternetTrading/SessionErrorLogger HTTP/1.1" 200 117
14.0.170.57 - - [12/Mar/2026:09:28:05 +0800] "POST /InternetTrading/MarketStatus HTTP/1.1" 200 772
120.230.125.143 - - [12/Mar/2026:09:28:07 +0800] "POST /InternetTrading/SessionErrorLogger HTTP/1.1" 200 117
120.230.125.143 - - [12/Mar/2026:09:28:07 +0800] "POST /InternetTrading/Heartbeat HTTP/1.1" 200 32
120.230.125.143 - - [12/Mar/2026:09:28:07 +0800] "POST /InternetTrading/SessionErrorLogger HTTP/1.1" 200 117
120.230.125.143 - - [12/Mar/2026:09:28:07 +0800] "GET /InternetTrading/longpoll/13975?X-Atmosphere-tracking-id=0&X-Atmosphere-Framework=2.2.3-javascript&X-Atmosphere-Transport=long-polling&X-Atmosphere-TrackMessageSize=true&Content-Type=charset%3Dutf-8&X-atmo-protocol=true&_=1773279231053 HTTP/1.1" 200 -
120.230.125.143 - - [12/Mar/2026:09:28:07 +0800] "POST /InternetTrading/MarketStatus HTTP/1.1" 200 772
119.136.154.51 - - [12/Mar/2026:09:28:07 +0800] "GET /InternetTrading/longpoll/51803?X-Atmosphere-tracking-id=0&X-Atmosphere-Framework=2.2.3-javascript&X-Atmosphere-Transport=long-polling&X-Atmosphere-TrackMessageSize=true&Content-Type=charset%3Dutf-8&X-atmo-protocol=true&_=1773279227236 HTTP/1.1" 200 -
14.0.170.57 - - [12/Mar/2026:09:28:08 +0800] "GET /InternetTrading/longpoll/A8127?X-Atmosphere-tracking-id=0&X-Atmosphere-Framework=2.2.3-javascript&X-Atmosphere-Transport=long-polling&X-Atmosphere-TrackMessageSize=true&Content-Type=charset%3Dutf-8&X-atmo-protocol=true&_=1773279228104 HTTP/1.1" 200 -
163.125.177.201 - - [12/Mar/2026:09:28:09 +0800] "POST /InternetTrading/CheckIsEnableRSA HTTP/1.1" 200 1
163.125.177.201 - - [12/Mar/2026:09:28:09 +0800] "POST /InternetTrading/CheckPwEncryptType HTTP/1.1" 200 -
163.125.177.201 - - [12/Mar/2026:09:28:09 +0800] "POST /InternetTrading/LoginKey HTTP/1.1" 200 -
163.125.177.201 - - [12/Mar/2026:09:28:09 +0800] "GET /InternetTrading/jquery/wait.gif HTTP/1.1" 200 432
163.125.177.201 - - [12/Mar/2026:09:28:09 +0800] "POST /InternetTrading/Login HTTP/1.1" 200 459
163.125.177.201 - - [12/Mar/2026:09:28:10 +0800] "GET /InternetTrading/sc/2FA_authentication.html?language=sc&version=HTML HTTP/1.1" 200 1468
163.125.177.201 - - [12/Mar/2026:09:28:10 +0800] "GET /InternetTrading/sc/style.css?v=20200819161913 HTTP/1.1" 200 1435
163.125.177.201 - - [12/Mar/2026:09:28:10 +0800] "GET /InternetTrading/sc/style_common.css?v=20200819161913 HTTP/1.1" 200 2540
163.125.177.201 - - [12/Mar/2026:09:28:10 +0800] "GET /InternetTrading/jquery/jquery-migrate-3.0.0.js HTTP/1.1" 200 4963
163.125.177.201 - - [12/Mar/2026:09:28:10 +0800] "GET /InternetTrading/jquery/jquery-3.3.1.js HTTP/1.1" 200 80650
163.125.177.201 - - [12/Mar/2026:09:28:10 +0800] "GET /InternetTrading/jquery/additional-methods.js HTTP/1.1" 200 2238
163.125.177.201 - - [12/Mar/2026:09:28:10 +0800] "GET /InternetTrading/jquery/jquery-ui-1.10.3.js HTTP/1.1" 200 69642
163.125.177.201 - - [12/Mar/2026:09:28:10 +0800] "GET /InternetTrading/jquery/jquery.form-3.46.0.js HTTP/1.1" 200 5673
163.125.177.201 - - [12/Mar/2026:09:28:10 +0800] "GET /InternetTrading/jquery/jquery.validate-1.11.1.js HTTP/1.1" 200 7041
163.125.177.201 - - [12/Mar/2026:09:28:10 +0800] "GET /InternetTrading/jquery/jquery.timer-0.9.16.js HTTP/1.1" 200 542
163.125.177.201 - - [12/Mar/2026:09:28:10 +0800] "GET /InternetTrading/jquery/jquery.blockUI-2.66.0-iAsiaEdition.js HTTP/1.1" 200 6651
163.125.177.201 - - [12/Mar/2026:09:28:10 +0800] "GET /InternetTrading/jquery/jquery.getParams.js HTTP/1.1" 200 587
163.125.177.201 - - [12/Mar/2026:09:28:10 +0800] "GET /InternetTrading/sc/user/translation.js?jsv=20200819161913 HTTP/1.1" 200 12866
163.125.177.201 - - [12/Mar/2026:09:28:10 +0800] "GET /InternetTrading/js/constants.js?jsv=20200819161913 HTTP/1.1" 200 400
163.125.177.201 - - [12/Mar/2026:09:28:11 +0800] "GET /InternetTrading/js/haitong.js?jsv=20200819161913 HTTP/1.1" 200 3881
163.125.177.201 - - [12/Mar/2026:09:28:11 +0800] "GET /InternetTrading/js/init.js?jsv=20200819161913 HTTP/1.1" 200 886
163.125.177.201 - - [12/Mar/2026:09:28:11 +0800] "GET /InternetTrading/js/util.js?jsv=20200819161913 HTTP/1.1" 200 6636
163.125.177.201 - - [12/Mar/2026:09:28:11 +0800] "GET /InternetTrading/sc/user/custom_variables.js?jsv=20200819161913 HTTP/1.1" 200 275
163.125.177.201 - - [12/Mar/2026:09:28:11 +0800] "GET /InternetTrading/js/2fa.js?jsv=20200819161913 HTTP/1.1" 200 1953
163.125.177.201 - - [12/Mar/2026:09:28:11 +0800] "GET /InternetTrading/js/login.js?jsv=20200819161913 HTTP/1.1" 200 1684
163.125.177.201 - - [12/Mar/2026:09:28:11 +0800] "GET /InternetTrading/settings/webpage_settings.js?jsv=20200819161913 HTTP/1.1" 200 33
163.125.177.201 - - [12/Mar/2026:09:28:11 +0800] "GET /InternetTrading/sc/images/logo.png HTTP/1.1" 200 7042
163.125.177.201 - - [12/Mar/2026:09:28:11 +0800] "GET /InternetTrading/js/login.js?jsv=20200819161913 HTTP/1.1" 200 1684
163.125.177.201 - - [12/Mar/2026:09:28:11 +0800] "GET /InternetTrading/sc/dialog.html?1773279229802 HTTP/1.1" 200 3179
163.125.177.201 - - [12/Mar/2026:09:28:11 +0800] "GET /InternetTrading/jquery/wait.gif HTTP/1.1" 200 432
163.125.177.201 - - [12/Mar/2026:09:28:11 +0800] "POST /InternetTrading/SystemMaintenanceCheck HTTP/1.1" 200 119
163.125.177.201 - - [12/Mar/2026:09:28:11 +0800] "POST /InternetTrading/SystemMaintenanceCheck HTTP/1.1" 200 119
163.125.177.201 - - [12/Mar/2026:09:28:11 +0800] "POST /InternetTrading/Get2FAInfoService HTTP/1.1" 200 109
163.125.177.201 - - [12/Mar/2026:09:28:11 +0800] "GET /favicon.ico HTTP/1.1" 404 196
14.0.170.57 - - [12/Mar/2026:09:28:13 +0800] "GET /InternetTrading/longpoll/A8127?X-Atmosphere-tracking-id=0&X-Atmosphere-Framework=2.2.3-javascript&X-Atmosphere-Transport=long-polling&X-Atmosphere-TrackMessageSize=true&Content-Type=charset%3Dutf-8&X-atmo-protocol=true&_=1773279233161 HTTP/1.1" 200 -
120.230.125.143 - - [12/Mar/2026:09:28:13 +0800] "GET /InternetTrading/longpoll/13975?X-Atmosphere-tracking-id=0&X-Atmosphere-Framework=2.2.3-javascript&X-Atmosphere-Transport=long-polling&X-Atmosphere-TrackMessageSize=true&Content-Type=charset%3Dutf-8&X-atmo-protocol=true&_=1773279236905 HTTP/1.1" 200 -
119.136.154.51 - - [12/Mar/2026:09:28:13 +0800] "GET /InternetTrading/longpoll/51803?X-Atmosphere-tracking-id=0&X-Atmosphere-Framework=2.2.3-javascript&X-Atmosphere-Transport=long-polling&X-Atmosphere-TrackMessageSize=true&Content-Type=charset%3Dutf-8&X-atmo-protocol=true&_=1773279233229 HTTP/1.1" 200 -
14.0.170.57 - - [12/Mar/2026:09:28:18 +0800] "GET /InternetTrading/longpoll/A8127?X-Atmosphere-tracking-id=0&X-Atmosphere-Framework=2.2.3-javascript&X-Atmosphere-Transport=long-polling&X-Atmosphere-TrackMessageSize=true&Content-Type=charset%3Dutf-8&X-atmo-protocol=true&_=1773279238303 HTTP/1.1" 200 -
120.230.125.143 - - [12/Mar/2026:09:28:19 +0800] "GET /InternetTrading/longpoll/13975?X-Atmosphere-tracking-id=0&X-Atmosphere-Framework=2.2.3-javascript&X-Atmosphere-Transport=long-polling&X-Atmosphere-TrackMessageSize=true&Content-Type=charset%3Dutf-8&X-atmo-protocol=true&_=1773279242905 HTTP/1.1" 200 -
119.136.154.51 - - [12/Mar/2026:09:28:19 +0800] "POST /InternetTrading/SessionErrorLogger HTTP/1.1" 200 117
119.136.154.51 - - [12/Mar/2026:09:28:19 +0800] "POST /InternetTrading/Heartbeat HTTP/1.1" 200 32
119.136.154.51 - - [12/Mar/2026:09:28:20 +0800] "POST /InternetTrading/SessionErrorLogger HTTP/1.1" 200 117
119.136.154.51 - - [12/Mar/2026:09:28:20 +0800] "GET /InternetTrading/longpoll/51803?X-Atmosphere-tracking-id=0&X-Atmosphere-Framework=2.2.3-javascript&X-Atmosphere-Transport=long-polling&X-Atmosphere-TrackMessageSize=true&Content-Type=charset%3Dutf-8&X-atmo-protocol=true&_=1773279239329 HTTP/1.1" 200 -
119.136.154.51 - - [12/Mar/2026:09:28:20 +0800] "POST /InternetTrading/MarketStatus HTTP/1.1" 200 772
14.0.170.57 - - [12/Mar/2026:09:28:23 +0800] "GET /InternetTrading/longpoll/A8127?X-Atmosphere-tracking-id=0&X-Atmosphere-Framework=2.2.3-javascript&X-Atmosphere-Transport=long-polling&X-Atmosphere-TrackMessageSize=true&Content-Type=charset%3Dutf-8&X-atmo-protocol=true&_=1773279243463 HTTP/1.1" 200 -
120.230.125.143 - - [12/Mar/2026:09:28:25 +0800] "GET /InternetTrading/longpoll/13975?X-Atmosphere-tracking-id=0&X-Atmosphere-Framework=2.2.3-javascript&X-Atmosphere-Transport=long-polling&X-Atmosphere-TrackMessageSize=true&Content-Type=charset%3Dutf-8&X-atmo-protocol=true&_=1773279248904 HTTP/1.1" 200 -
119.136.154.51 - - [12/Mar/2026:09:28:25 +0800] "GET /InternetTrading/longpoll/51803?X-Atmosphere-tracking-id=0&X-Atmosphere-Framework=2.2.3-javascript&X-Atmosphere-Transport=long-polling&X-Atmosphere-TrackMessageSize=true&Content-Type=charset%3Dutf-8&X-atmo-protocol=true&_=1773279245237 HTTP/1.1" 200 -
14.0.170.57 - - [12/Mar/2026:09:28:28 +0800] "GET /InternetTrading/longpoll/A8127?X-Atmosphere-tracking-id=0&X-Atmosphere-Framework=2.2.3-javascript&X-Atmosphere-Transport=long-polling&X-Atmosphere-TrackMessageSize=true&Content-Type=charset%3Dutf-8&X-atmo-protocol=true&_=1773279248590 HTTP/1.1" 200 -
120.230.125.143 - - [12/Mar/2026:09:28:31 +0800] "GET /InternetTrading/longpoll/13975?X-Atmosphere-tracking-id=0&X-Atmosphere-Framework=2.2.3-javascript&X-Atmosphere-Transport=long-polling&X-Atmosphere-TrackMessageSize=true&Content-Type=charset%3Dutf-8&X-atmo-protocol=true&_=1773279254904 HTTP/1.1" 200 -
119.136.154.51 - - [12/Mar/2026:09:28:31 +0800] "GET /InternetTrading/longpoll/51803?X-Atmosphere-tracking-id=0&X-Atmosphere-Framework=2.2.3-javascript&X-Atmosphere-Transport=long-polling&X-Atmosphere-TrackMessageSize=true&Content-Type=charset%3Dutf-8&X-atmo-protocol=true&_=1773279251227 HTTP/1.1" 200 -
14.0.170.57 - - [12/Mar/2026:09:28:33 +0800] "GET /InternetTrading/longpoll/A8127?X-Atmosphere-tracking-id=0&X-Atmosphere-Framework=2.2.3-javascript&X-Atmosphere-Transport=long-polling&X-Atmosphere-TrackMessageSize=true&Content-Type=charset%3Dutf-8&X-atmo-protocol=true&_=1773279253722 HTTP/1.1" 200 -
14.0.170.57 - - [12/Mar/2026:09:28:35 +0800] "POST /InternetTrading/SessionErrorLogger HTTP/1.1" 200 117
14.0.170.57 - - [12/Mar/2026:09:28:35 +0800] "POST /InternetTrading/Heartbeat HTTP/1.1" 200 32
14.0.170.57 - - [12/Mar/2026:09:28:35 +0800] "POST /InternetTrading/SessionErrorLogger HTTP/1.1" 200 117
14.0.170.57 - - [12/Mar/2026:09:28:35 +0800] "POST /InternetTrading/MarketStatus HTTP/1.1" 200 772
120.230.125.143 - - [12/Mar/2026:09:28:37 +0800] "GET /InternetTrading/longpoll/13975?X-Atmosphere-tracking-id=0&X-Atmosphere-Framework=2.2.3-javascript&X-Atmosphere-Transport=long-polling&X-Atmosphere-TrackMessageSize=true&Content-Type=charset%3Dutf-8&X-atmo-protocol=true&_=1773279260904 HTTP/1.1" 200 -
119.136.154.51 - - [12/Mar/2026:09:28:37 +0800] "GET /InternetTrading/longpoll/51803?X-Atmosphere-tracking-id=0&X-Atmosphere-Framework=2.2.3-javascript&X-Atmosphere-Transport=long-polling&X-Atmosphere-TrackMessageSize=true&Content-Type=charset%3Dutf-8&X-atmo-protocol=true&_=1773279257232 HTTP/1.1" 200 -
14.0.170.57 - - [12/Mar/2026:09:28:39 +0800] "GET /InternetTrading/longpoll/A8127?X-Atmosphere-tracking-id=0&X-Atmosphere-Framework=2.2.3-javascript&X-Atmosphere-Transport=long-polling&X-Atmosphere-TrackMessageSize=true&Content-Type=charset%3Dutf-8&X-atmo-protocol=true&_=1773279258826 HTTP/1.1" 200 -
163.125.177.201 - - [12/Mar/2026:09:28:42 +0800] "POST /InternetTrading/Heartbeat2FAService HTTP/1.1" 200 1
120.230.125.143 - - [12/Mar/2026:09:28:43 +0800] "GET /InternetTrading/longpoll/13975?X-Atmosphere-tracking-id=0&X-Atmosphere-Framework=2.2.3-javascript&X-Atmosphere-Transport=long-polling&X-Atmosphere-TrackMessageSize=true&Content-Type=charset%3Dutf-8&X-atmo-protocol=true&_=1773279266904 HTTP/1.1" 200 -
119.136.154.51 - - [12/Mar/2026:09:28:43 +0800] "GET /InternetTrading/longpoll/51803?X-Atmosphere-tracking-id=0&X-Atmosphere-Framework=2.2.3-javascript&X-Atmosphere-Transport=long-polling&X-Atmosphere-TrackMessageSize=true&Content-Type=charset%3Dutf-8&X-atmo-protocol=true&_=1773279263223 HTTP/1.1" 200 -
14.0.170.57 - - [12/Mar/2026:09:28:44 +0800] "GET /InternetTrading/longpoll/A8127?X-Atmosphere-tracking-id=0&X-Atmosphere-Framework=2.2.3-javascript&X-Atmosphere-Transport=long-polling&X-Atmosphere-TrackMessageSize=true&Content-Type=charset%3Dutf-8&X-atmo-protocol=true&_=1773279263947 HTTP/1.1" 200 -
14.0.170.57 - - [12/Mar/2026:09:28:49 +0800] "GET /InternetTrading/longpoll/A8127?X-Atmosphere-tracking-id=0&X-Atmosphere-Framework=2.2.3-javascript&X-Atmosphere-Transport=long-polling&X-Atmosphere-TrackMessageSize=true&Content-Type=charset%3Dutf-8&X-atmo-protocol=true&_=1773279269064 HTTP/1.1" 200 -
120.230.125.143 - - [12/Mar/2026:09:28:49 +0800] "GET /InternetTrading/longpoll/13975?X-Atmosphere-tracking-id=0&X-Atmosphere-Framework=2.2.3-javascript&X-Atmosphere-Transport=long-polling&X-Atmosphere-TrackMessageSize=true&Content-Type=charset%3Dutf-8&X-atmo-protocol=true&_=1773279272905 HTTP/1.1" 200 -
119.136.154.51 - - [12/Mar/2026:09:28:50 +0800] "GET /InternetTrading/longpoll/51803?X-Atmosphere-tracking-id=0&X-Atmosphere-Framework=2.2.3-javascript&X-Atmosphere-Transport=long-polling&X-Atmosphere-TrackMessageSize=true&Content-Type=charset%3Dutf-8&X-atmo-protocol=true&_=1773279269225 HTTP/1.1" 200 -
14.0.170.57 - - [12/Mar/2026:09:28:54 +0800] "GET /InternetTrading/longpoll/A8127?X-Atmosphere-tracking-id=0&X-Atmosphere-Framework=2.2.3-javascript&X-Atmosphere-Transport=long-polling&X-Atmosphere-TrackMessageSize=true&Content-Type=charset%3Dutf-8&X-atmo-protocol=true&_=1773279274512 HTTP/1.1" 200 -
120.230.125.143 - - [12/Mar/2026:09:28:55 +0800] "GET /InternetTrading/longpoll/13975?X-Atmosphere-tracking-id=0&X-Atmosphere-Framework=2.2.3-javascript&X-Atmosphere-Transport=long-polling&X-Atmosphere-TrackMessageSize=true&Content-Type=charset%3Dutf-8&X-atmo-protocol=true&_=1773279278907 HTTP/1.1" 200 -
119.136.154.51 - - [12/Mar/2026:09:28:55 +0800] "GET /InternetTrading/longpoll/51803?X-Atmosphere-tracking-id=0&X-Atmosphere-Framework=2.2.3-javascript&X-Atmosphere-Transport=long-polling&X-Atmosphere-TrackMessageSize=true&Content-Type=charset%3Dutf-8&X-atmo-protocol=true&_=1773279275224 HTTP/1.1" 200 -
14.0.170.57 - - [12/Mar/2026:09:28:59 +0800] "GET /InternetTrading/longpoll/A8127?X-Atmosphere-tracking-id=0&X-Atmosphere-Framework=2.2.3-javascript&X-Atmosphere-Transport=long-polling&X-Atmosphere-TrackMessageSize=true&Content-Type=charset%3Dutf-8&X-atmo-protocol=true&_=1773279279695 HTTP/1.1" 200 -
119.136.154.51 - - [12/Mar/2026:09:29:01 +0800] "POST /InternetTrading/SessionErrorLogger HTTP/1.1" 200 117
119.136.154.51 - - [12/Mar/2026:09:29:01 +0800] "POST /InternetTrading/Heartbeat HTTP/1.1" 200 32
119.136.154.51 - - [12/Mar/2026:09:29:01 +0800] "POST /InternetTrading/SessionErrorLogger HTTP/1.1" 200 117
119.136.154.51 - - [12/Mar/2026:09:29:01 +0800] "GET /InternetTrading/longpoll/51803?X-Atmosphere-tracking-id=0&X-Atmosphere-Framework=2.2.3-javascript&X-Atmosphere-Transport=long-polling&X-Atmosphere-TrackMessageSize=true&Content-Type=charset%3Dutf-8&X-atmo-protocol=true&_=1773279280529 HTTP/1.1" 200 -
119.136.154.51 - - [12/Mar/2026:09:29:01 +0800] "POST /InternetTrading/MarketStatus HTTP/1.1" 200 772
120.230.125.143 - - [12/Mar/2026:09:29:01 +0800] "GET /InternetTrading/longpoll/13975?X-Atmosphere-tracking-id=0&X-Atmosphere-Framework=2.2.3-javascript&X-Atmosphere-Transport=long-polling&X-Atmosphere-TrackMessageSize=true&Content-Type=charset%3Dutf-8&X-atmo-protocol=true&_=1773279284906 HTTP/1.1" 200 -
14.0.170.57 - - [12/Mar/2026:09:29:05 +0800] "GET /InternetTrading/longpoll/A8127?X-Atmosphere-tracking-id=0&X-Atmosphere-Framework=2.2.3-javascript&X-Atmosphere-Transport=long-polling&X-Atmosphere-TrackMessageSize=true&Content-Type=charset%3Dutf-8&X-atmo-protocol=true&_=1773279284800 HTTP/1.1" 200 -
14.0.170.57 - - [12/Mar/2026:09:29:05 +0800] "POST /InternetTrading/SessionErrorLogger HTTP/1.1" 200 117
14.0.170.57 - - [12/Mar/2026:09:29:05 +0800] "POST /InternetTrading/Heartbeat HTTP/1.1" 200 32
14.0.170.57 - - [12/Mar/2026:09:29:05 +0800] "POST /InternetTrading/SessionErrorLogger HTTP/1.1" 200 117
14.0.170.57 - - [12/Mar/2026:09:29:05 +0800] "POST /InternetTrading/MarketStatus HTTP/1.1" 200 772
119.136.154.51 - - [12/Mar/2026:09:29:06 +0800] "GET /InternetTrading/longpoll/51803?X-Atmosphere-tracking-id=0&X-Atmosphere-Framework=2.2.3-javascript&X-Atmosphere-Transport=long-polling&X-Atmosphere-TrackMessageSize=true&Content-Type=charset%3Dutf-8&X-atmo-protocol=true&_=1773279285554 HTTP/1.1" 200 -
163.125.177.201 - - [12/Mar/2026:09:29:07 +0800] "POST /InternetTrading/Resend2FAService HTTP/1.1" 200 -
120.230.125.143 - - [12/Mar/2026:09:29:07 +0800] "POST /InternetTrading/SessionErrorLogger HTTP/1.1" 200 117
120.230.125.143 - - [12/Mar/2026:09:29:07 +0800] "POST /InternetTrading/Heartbeat HTTP/1.1" 200 32
120.230.125.143 - - [12/Mar/2026:09:29:07 +0800] "POST /InternetTrading/SessionErrorLogger HTTP/1.1" 200 117
120.230.125.143 - - [12/Mar/2026:09:29:07 +0800] "GET /InternetTrading/longpoll/13975?X-Atmosphere-tracking-id=0&X-Atmosphere-Framework=2.2.3-javascript&X-Atmosphere-Transport=long-polling&X-Atmosphere-TrackMessageSize=true&Content-Type=charset%3Dutf-8&X-atmo-protocol=true&_=1773279291073 HTTP/1.1" 200 -
120.230.125.143 - - [12/Mar/2026:09:29:07 +0800] "POST /InternetTrading/MarketStatus HTTP/1.1" 200 772
14.0.170.57 - - [12/Mar/2026:09:29:10 +0800] "GET /InternetTrading/longpoll/A8127?X-Atmosphere-tracking-id=0&X-Atmosphere-Framework=2.2.3-javascript&X-Atmosphere-Transport=long-polling&X-Atmosphere-TrackMessageSize=true&Content-Type=charset%3Dutf-8&X-atmo-protocol=true&_=1773279289933 HTTP/1.1" 200 -
119.136.154.51 - - [12/Mar/2026:09:29:11 +0800] "GET /InternetTrading/longpoll/51803?X-Atmosphere-tracking-id=0&X-Atmosphere-Framework=2.2.3-javascript&X-Atmosphere-Transport=long-polling&X-Atmosphere-TrackMessageSize=true&Content-Type=charset%3Dutf-8&X-atmo-protocol=true&_=1773279290580 HTTP/1.1" 200 -
163.125.177.201 - - [12/Mar/2026:09:29:12 +0800] "POST /InternetTrading/Heartbeat2FAService HTTP/1.1" 200 1
120.230.125.143 - - [12/Mar/2026:09:29:13 +0800] "GET /InternetTrading/longpoll/13975?X-Atmosphere-tracking-id=0&X-Atmosphere-Framework=2.2.3-javascript&X-Atmosphere-Transport=long-polling&X-Atmosphere-TrackMessageSize=true&Content-Type=charset%3Dutf-8&X-atmo-protocol=true&_=1773279296906 HTTP/1.1" 200 -
14.0.170.57 - - [12/Mar/2026:09:29:15 +0800] "GET /InternetTrading/longpoll/A8127?X-Atmosphere-tracking-id=0&X-Atmosphere-Framework=2.2.3-javascript&X-Atmosphere-Transport=long-polling&X-Atmosphere-TrackMessageSize=true&Content-Type=charset%3Dutf-8&X-atmo-protocol=true&_=1773279294977 HTTP/1.1" 200 -
119.136.154.51 - - [12/Mar/2026:09:29:16 +0800] "GET /InternetTrading/longpoll/51803?X-Atmosphere-tracking-id=0&X-Atmosphere-Framework=2.2.3-javascript&X-Atmosphere-Transport=long-polling&X-Atmosphere-TrackMessageSize=true&Content-Type=charset%3Dutf-8&X-atmo-protocol=true&_=1773279295646 HTTP/1.1" 200 -
120.230.125.143 - - [12/Mar/2026:09:29:19 +0800] "GET /InternetTrading/longpoll/13975?X-Atmosphere-tracking-id=0&X-Atmosphere-Framework=2.2.3-javascript&X-Atmosphere-Transport=long-polling&X-Atmosphere-TrackMessageSize=true&Content-Type=charset%3Dutf-8&X-atmo-protocol=true&_=1773279302906 HTTP/1.1" 200 -
14.0.170.57 - - [12/Mar/2026:09:29:20 +0800] "GET /InternetTrading/longpoll/A8127?X-Atmosphere-tracking-id=0&X-Atmosphere-Framework=2.2.3-javascript&X-Atmosphere-Transport=long-polling&X-Atmosphere-TrackMessageSize=true&Content-Type=charset%3Dutf-8&X-atmo-protocol=true&_=1773279300142 HTTP/1.1" 200 -
119.136.154.51 - - [12/Mar/2026:09:29:21 +0800] "GET /InternetTrading/longpoll/51803?X-Atmosphere-tracking-id=0&X-Atmosphere-Framework=2.2.3-javascript&X-Atmosphere-Transport=long-polling&X-Atmosphere-TrackMessageSize=true&Content-Type=charset%3Dutf-8&X-atmo-protocol=true&_=1773279300679 HTTP/1.1" 200 -
14.0.170.57 - - [12/Mar/2026:09:29:25 +0800] "GET /InternetTrading/longpoll/A8127?X-Atmosphere-tracking-id=0&X-Atmosphere-Framework=2.2.3-javascript&X-Atmosphere-Transport=long-polling&X-Atmosphere-TrackMessageSize=true&Content-Type=charset%3Dutf-8&X-atmo-protocol=true&_=1773279305263 HTTP/1.1" 200 -
120.230.125.143 - - [12/Mar/2026:09:29:25 +0800] "GET /InternetTrading/longpoll/13975?X-Atmosphere-tracking-id=0&X-Atmosphere-Framework=2.2.3-javascript&X-Atmosphere-Transport=long-polling&X-Atmosphere-TrackMessageSize=true&Content-Type=charset%3Dutf-8&X-atmo-protocol=true&_=1773279308907 HTTP/1.1" 200 -
119.136.154.51 - - [12/Mar/2026:09:29:26 +0800] "GET /InternetTrading/longpoll/51803?X-Atmosphere-tracking-id=0&X-Atmosphere-Framework=2.2.3-javascript&X-Atmosphere-Transport=long-polling&X-Atmosphere-TrackMessageSize=true&Content-Type=charset%3Dutf-8&X-atmo-protocol=true&_=1773279306003 HTTP/1.1" 200 -
14.0.170.57 - - [12/Mar/2026:09:29:30 +0800] "GET /InternetTrading/longpoll/A8127?X-Atmosphere-tracking-id=0&X-Atmosphere-Framework=2.2.3-javascript&X-Atmosphere-Transport=long-polling&X-Atmosphere-TrackMessageSize=true&Content-Type=charset%3Dutf-8&X-atmo-protocol=true&_=1773279310383 HTTP/1.1" 200 -
119.136.154.51 - - [12/Mar/2026:09:29:31 +0800] "POST /InternetTrading/SessionErrorLogger HTTP/1.1" 200 117
119.136.154.51 - - [12/Mar/2026:09:29:31 +0800] "POST /InternetTrading/Heartbeat HTTP/1.1" 200 32
119.136.154.51 - - [12/Mar/2026:09:29:31 +0800] "POST /InternetTrading/SessionErrorLogger HTTP/1.1" 200 117
119.136.154.51 - - [12/Mar/2026:09:29:31 +0800] "POST /InternetTrading/MarketStatus HTTP/1.1" 200 772
119.136.154.51 - - [12/Mar/2026:09:29:31 +0800] "GET /InternetTrading/longpoll/51803?X-Atmosphere-tracking-id=0&X-Atmosphere-Framework=2.2.3-javascript&X-Atmosphere-Transport=long-polling&X-Atmosphere-TrackMessageSize=true&Content-Type=charset%3Dutf-8&X-atmo-protocol=true&_=1773279311045 HTTP/1.1" 200 -
120.230.125.143 - - [12/Mar/2026:09:29:31 +0800] "GET /InternetTrading/longpoll/13975?X-Atmosphere-tracking-id=0&X-Atmosphere-Framework=2.2.3-javascript&X-Atmosphere-Transport=long-polling&X-Atmosphere-TrackMessageSize=true&Content-Type=charset%3Dutf-8&X-atmo-protocol=true&_=1773279314906 HTTP/1.1" 200 -
14.0.170.57 - - [12/Mar/2026:09:29:35 +0800] "POST /InternetTrading/SessionErrorLogger HTTP/1.1" 200 117
14.0.170.57 - - [12/Mar/2026:09:29:35 +0800] "POST /InternetTrading/Heartbeat HTTP/1.1" 200 32
14.0.170.57 - - [12/Mar/2026:09:29:35 +0800] "POST /InternetTrading/SessionErrorLogger HTTP/1.1" 200 117
14.0.170.57 - - [12/Mar/2026:09:29:35 +0800] "POST /InternetTrading/MarketStatus HTTP/1.1" 200 772
14.0.170.57 - - [12/Mar/2026:09:29:35 +0800] "GET /InternetTrading/longpoll/A8127?X-Atmosphere-tracking-id=0&X-Atmosphere-Framework=2.2.3-javascript&X-Atmosphere-Transport=long-polling&X-Atmosphere-TrackMessageSize=true&Content-Type=charset%3Dutf-8&X-atmo-protocol=true&_=1773279315538 HTTP/1.1" 200 -
119.136.154.51 - - [12/Mar/2026:09:29:36 +0800] "GET /InternetTrading/longpoll/51803?X-Atmosphere-tracking-id=0&X-Atmosphere-Framework=2.2.3-javascript&X-Atmosphere-Transport=long-polling&X-Atmosphere-TrackMessageSize=true&Content-Type=charset%3Dutf-8&X-atmo-protocol=true&_=1773279316083 HTTP/1.1" 200 -
120.230.125.143 - - [12/Mar/2026:09:29:37 +0800] "GET /InternetTrading/longpoll/13975?X-Atmosphere-tracking-id=0&X-Atmosphere-Framework=2.2.3-javascript&X-Atmosphere-Transport=long-polling&X-Atmosphere-TrackMessageSize=true&Content-Type=charset%3Dutf-8&X-atmo-protocol=true&_=1773279320906 HTTP/1.1" 200 -
14.0.170.57 - - [12/Mar/2026:09:29:40 +0800] "GET /InternetTrading/longpoll/A8127?X-Atmosphere-tracking-id=0&X-Atmosphere-Framework=2.2.3-javascript&X-Atmosphere-Transport=long-polling&X-Atmosphere-TrackMessageSize=true&Content-Type=charset%3Dutf-8&X-atmo-protocol=true&_=1773279320578 HTTP/1.1" 200 -
119.136.154.51 - - [12/Mar/2026:09:29:42 +0800] "GET /InternetTrading/longpoll/51803?X-Atmosphere-tracking-id=0&X-Atmosphere-Framework=2.2.3-javascript&X-Atmosphere-Transport=long-polling&X-Atmosphere-TrackMessageSize=true&Content-Type=charset%3Dutf-8&X-atmo-protocol=true&_=1773279321162 HTTP/1.1" 200 -
163.125.177.201 - - [12/Mar/2026:09:29:42 +0800] "POST /InternetTrading/Heartbeat2FAService HTTP/1.1" 200 1
120.230.125.143 - - [12/Mar/2026:09:29:43 +0800] "GET /InternetTrading/longpoll/13975?X-Atmosphere-tracking-id=0&X-Atmosphere-Framework=2.2.3-javascript&X-Atmosphere-Transport=long-polling&X-Atmosphere-TrackMessageSize=true&Content-Type=charset%3Dutf-8&X-atmo-protocol=true&_=1773279326906 HTTP/1.1" 200 -
163.125.177.201 - - [12/Mar/2026:09:29:44 +0800] "POST /InternetTrading/Verify2FAService HTTP/1.1" 200 424
163.125.177.201 - - [12/Mar/2026:09:29:44 +0800] "GET /InternetTrading/jquery/wait.gif HTTP/1.1" 200 432
163.125.177.201 - - [12/Mar/2026:09:29:44 +0800] "GET /InternetTrading/sc/main.html?language=sc&version=HTML HTTP/1.1" 200 3570
163.125.177.201 - - [12/Mar/2026:09:29:44 +0800] "GET /InternetTrading/jquery/ui.datepicker.css HTTP/1.1" 200 1145
163.125.177.201 - - [12/Mar/2026:09:29:44 +0800] "GET /InternetTrading/jquery/jquery.tablesorter-theme.blue.css HTTP/1.1" 200 2083
163.125.177.201 - - [12/Mar/2026:09:29:45 +0800] "GET /InternetTrading/jquery/jquery-ui-1.10.3.css HTTP/1.1" 200 5283
163.125.177.201 - - [12/Mar/2026:09:29:45 +0800] "GET /InternetTrading/jquery/dragtable-2.0.9.css HTTP/1.1" 200 316
163.125.177.201 - - [12/Mar/2026:09:29:45 +0800] "GET /InternetTrading/sc/style_common.css?v=20200819161913 HTTP/1.1" 200 2540
163.125.177.201 - - [12/Mar/2026:09:29:45 +0800] "GET /InternetTrading/sc/style.css?v=20200819161913 HTTP/1.1" 200 1435
163.125.177.201 - - [12/Mar/2026:09:29:45 +0800] "GET /InternetTrading/sc/css/jquery.jscrollpane.css HTTP/1.1" 404 690
163.125.177.201 - - [12/Mar/2026:09:29:45 +0800] "GET /InternetTrading/jquery/jquery.ba-postmessage.js HTTP/1.1" 200 2990
163.125.177.201 - - [12/Mar/2026:09:29:45 +0800] "GET /InternetTrading/jquery/jquery-1.6.3.min.js HTTP/1.1" 200 32057
163.125.177.201 - - [12/Mar/2026:09:29:45 +0800] "GET /InternetTrading/js/aastock.js HTTP/1.1" 200 553
163.125.177.201 - - [12/Mar/2026:09:29:45 +0800] "GET /InternetTrading/jquery/jquery-migrate-3.0.0.js HTTP/1.1" 200 4963
163.125.177.201 - - [12/Mar/2026:09:29:45 +0800] "GET /InternetTrading/jquery/jquery-3.3.1.js HTTP/1.1" 200 80650
163.125.177.201 - - [12/Mar/2026:09:29:45 +0800] "GET /InternetTrading/jquery/jquery-ui-1.10.3.js HTTP/1.1" 200 69642
163.125.177.201 - - [12/Mar/2026:09:29:45 +0800] "GET /InternetTrading/js/cache.js?jsv=20200819161913 HTTP/1.1" 200 940
163.125.177.201 - - [12/Mar/2026:09:29:45 +0800] "GET /InternetTrading/js/atmosphere.js HTTP/1.1" 200 13461
163.125.177.201 - - [12/Mar/2026:09:29:45 +0800] "GET /InternetTrading/jquery/jquery.form-3.46.0.js HTTP/1.1" 200 5673
163.125.177.201 - - [12/Mar/2026:09:29:45 +0800] "GET /InternetTrading/jquery/jquery.blockUI-2.66.0.js HTTP/1.1" 200 6651
163.125.177.201 - - [12/Mar/2026:09:29:45 +0800] "GET /InternetTrading/jquery/jquery.validate-1.11.1.js HTTP/1.1" 200 7041
163.125.177.201 - - [12/Mar/2026:09:29:45 +0800] "GET /InternetTrading/jquery/additional-methods.js HTTP/1.1" 200 2238
163.125.177.201 - - [12/Mar/2026:09:29:45 +0800] "GET /InternetTrading/jquery/jquery.mousewheel-3.1.4.js HTTP/1.1" 200 822
163.125.177.201 - - [12/Mar/2026:09:29:45 +0800] "GET /InternetTrading/jquery/jquery.tablesorter-2.14.5.js HTTP/1.1" 200 8901
163.125.177.201 - - [12/Mar/2026:09:29:45 +0800] "GET /InternetTrading/jquery/jquery.tablesorter.widgets-2.14.5.js HTTP/1.1" 200 8611
163.125.177.201 - - [12/Mar/2026:09:29:45 +0800] "GET /InternetTrading/jquery/jquery.combobox.packed.js HTTP/1.1" 200 3387
163.125.177.201 - - [12/Mar/2026:09:29:45 +0800] "GET /InternetTrading/jquery/jquery.timer-0.9.16.js HTTP/1.1" 200 542
163.125.177.201 - - [12/Mar/2026:09:29:45 +0800] "GET /InternetTrading/jquery/jquery.getParams.js HTTP/1.1" 200 587
163.125.177.201 - - [12/Mar/2026:09:29:45 +0800] "GET /InternetTrading/jquery/jquery.selectboxes.pack.js HTTP/1.1" 200 1640
163.125.177.201 - - [12/Mar/2026:09:29:45 +0800] "GET /InternetTrading/jquery/date.js HTTP/1.1" 200 2807
163.125.177.201 - - [12/Mar/2026:09:29:45 +0800] "GET /InternetTrading/jquery/globalize-0.1.0a1.js HTTP/1.1" 200 6984
163.125.177.201 - - [12/Mar/2026:09:29:45 +0800] "GET /InternetTrading/json/json2.js?jsv=20200819161913 HTTP/1.1" 200 1372
163.125.177.201 - - [12/Mar/2026:09:29:45 +0800] "GET /InternetTrading/settings/crm_display_settings.js?jsv=20200819161913 HTTP/1.1" 200 1781
163.125.177.201 - - [12/Mar/2026:09:29:45 +0800] "GET /InternetTrading/js/constants.js?jsv=20200819161913 HTTP/1.1" 200 400
163.125.177.201 - - [12/Mar/2026:09:29:45 +0800] "GET /InternetTrading/sc/user/translation.js?jsv=20200819161913 HTTP/1.1" 200 12866
163.125.177.201 - - [12/Mar/2026:09:29:45 +0800] "GET /InternetTrading/sc/user/custom_variables.js?jsv=20200819161913 HTTP/1.1" 200 275
163.125.177.201 - - [12/Mar/2026:09:29:45 +0800] "GET /InternetTrading/js/haitong.js?jsv=20200819161913 HTTP/1.1" 200 3881
163.125.177.201 - - [12/Mar/2026:09:29:45 +0800] "GET /InternetTrading/js/util.js?jsv=20200819161913 HTTP/1.1" 200 6636
163.125.177.201 - - [12/Mar/2026:09:29:45 +0800] "GET /InternetTrading/js/init.js?jsv=20200819161913 HTTP/1.1" 200 886
163.125.177.201 - - [12/Mar/2026:09:29:45 +0800] "GET /InternetTrading/js/rsautil.js?jsv=20200819161913 HTTP/1.1" 200 1017
163.125.177.201 - - [12/Mar/2026:09:29:45 +0800] "GET /InternetTrading/js/main.js?jsv=20200819161913 HTTP/1.1" 200 30725
163.125.177.201 - - [12/Mar/2026:09:29:45 +0800] "GET /InternetTrading/js/update_mdf.js?jsv=20200819161913 HTTP/1.1" 200 856
163.125.177.201 - - [12/Mar/2026:09:29:45 +0800] "GET /InternetTrading/js/validation_hkex.js?jsv=20200819161913 HTTP/1.1" 200 2300
163.125.177.201 - - [12/Mar/2026:09:29:45 +0800] "GET /InternetTrading/js/corporate.js?jsv=20200819161913 HTTP/1.1" 200 1575
163.125.177.201 - - [12/Mar/2026:09:29:45 +0800] "GET /InternetTrading/js/validation_bshare.js?jsv=20200819161913 HTTP/1.1" 200 1567
163.125.177.201 - - [12/Mar/2026:09:29:45 +0800] "GET /InternetTrading/js/validation_ashare.js?jsv=20200819161913 HTTP/1.1" 200 2482
163.125.177.201 - - [12/Mar/2026:09:29:45 +0800] "GET /InternetTrading/js/validation_global.js?jsv=20200819161913 HTTP/1.1" 200 1564
163.125.177.201 - - [12/Mar/2026:09:29:45 +0800] "GET /InternetTrading/js/account.js?jsv=20200819161913 HTTP/1.1" 200 2656
163.125.177.201 - - [12/Mar/2026:09:29:45 +0800] "GET /InternetTrading/js/cash_transfer.js?jsv=20200819161913 HTTP/1.1" 200 2712
163.125.177.201 - - [12/Mar/2026:09:29:45 +0800] "GET /InternetTrading/js/ipo.js?jsv=20200819161913 HTTP/1.1" 200 5726
163.125.177.201 - - [12/Mar/2026:09:29:45 +0800] "GET /InternetTrading/js/spread_cache.js?jsv=20200819161913 HTTP/1.1" 200 908
163.125.177.201 - - [12/Mar/2026:09:29:45 +0800] "GET /InternetTrading/js/mm.js?jsv=20200819161913 HTTP/1.1" 200 487
163.125.177.201 - - [12/Mar/2026:09:29:45 +0800] "GET /InternetTrading/js/isec_calculator.js?jsv=20200819161913 HTTP/1.1" 200 1364
163.125.177.201 - - [12/Mar/2026:09:29:45 +0800] "GET /InternetTrading/js/payment_instruction.js?jsv=20200819161913 HTTP/1.1" 200 2178
163.125.177.201 - - [12/Mar/2026:09:29:45 +0800] "GET /InternetTrading/js/payment_instruction_IMOS.js?jsv=20200819161913 HTTP/1.1" 200 6874
163.125.177.201 - - [12/Mar/2026:09:29:45 +0800] "GET /InternetTrading/js/eStatement.js?jsv=20200819161913 HTTP/1.1" 200 562
163.125.177.201 - - [12/Mar/2026:09:29:45 +0800] "GET /InternetTrading/js/string_extend.js?jsv=20200819161913 HTTP/1.1" 200 272
163.125.177.201 - - [12/Mar/2026:09:29:45 +0800] "GET /InternetTrading/GoodTillDateValidExch?fmt=js&jsv=20200819161913 HTTP/1.1" 200 29
163.125.177.201 - - [12/Mar/2026:09:29:45 +0800] "GET /InternetTrading/ExchangeList?fmt=js&jsv=20200819161913 HTTP/1.1" 200 146
163.125.177.201 - - [12/Mar/2026:09:29:45 +0800] "GET /InternetTrading/js/pidcrypt.js?jsv=20200819161913 HTTP/1.1" 200 982
163.125.177.201 - - [12/Mar/2026:09:29:45 +0800] "GET /InternetTrading/js/pidcrypt_util.js?jsv=20200819161913 HTTP/1.1" 200 1206
163.125.177.201 - - [12/Mar/2026:09:29:45 +0800] "GET /InternetTrading/js/aes_cbc.js?jsv=20200819161913 HTTP/1.1" 200 2043
163.125.177.201 - - [12/Mar/2026:09:29:45 +0800] "GET /InternetTrading/js/aes_core.js?jsv=20200819161913 HTTP/1.1" 200 2106
163.125.177.201 - - [12/Mar/2026:09:29:45 +0800] "GET /InternetTrading/js/asn1.js?jsv=20200819161913 HTTP/1.1" 200 3099
163.125.177.201 - - [12/Mar/2026:09:29:45 +0800] "GET /InternetTrading/js/md5.js?jsv=20200819161913 HTTP/1.1" 200 1730
163.125.177.201 - - [12/Mar/2026:09:29:45 +0800] "GET /InternetTrading/js/prng4.js?jsv=20200819161913 HTTP/1.1" 200 303
163.125.177.201 - - [12/Mar/2026:09:29:45 +0800] "GET /InternetTrading/js/sha256.js?jsv=20200819161913 HTTP/1.1" 200 1362
163.125.177.201 - - [12/Mar/2026:09:29:45 +0800] "GET /InternetTrading/js/rng.js?jsv=20200819161913 HTTP/1.1" 200 481
163.125.177.201 - - [12/Mar/2026:09:29:45 +0800] "GET /InternetTrading/js/jsbn.js?jsv=20200819161913 HTTP/1.1" 200 6736
163.125.177.201 - - [12/Mar/2026:09:29:45 +0800] "GET /InternetTrading/js/mode-ecb.js?jsv=20200819161913 HTTP/1.1" 200 199
163.125.177.201 - - [12/Mar/2026:09:29:45 +0800] "GET /InternetTrading/js/rsa.js?jsv=20200819161913 HTTP/1.1" 200 1658
163.125.177.201 - - [12/Mar/2026:09:29:45 +0800] "GET /InternetTrading/js/utilSpec.js?jsv=20200819161913 HTTP/1.1" 200 27
163.125.177.201 - - [12/Mar/2026:09:29:45 +0800] "GET /InternetTrading/js/update_lastlogin.js?jsv=20200819161913 HTTP/1.1" 200 980
163.125.177.201 - - [12/Mar/2026:09:29:45 +0800] "GET /InternetTrading/js/aes.js?jsv=20200819161913 HTTP/1.1" 200 4816
163.125.177.201 - - [12/Mar/2026:09:29:45 +0800] "GET /InternetTrading/js/jquery.jscrollpane.js HTTP/1.1" 404 685
163.125.177.201 - - [12/Mar/2026:09:29:45 +0800] "GET /InternetTrading/js/jquery.mousewheel.js HTTP/1.1" 404 684
163.125.177.201 - - [12/Mar/2026:09:29:45 +0800] "GET /InternetTrading/js/pw_alert.js?jsv=20200819161913 HTTP/1.1" 200 418
163.125.177.201 - - [12/Mar/2026:09:29:45 +0800] "GET /InternetTrading/js/jquery.cookie.js HTTP/1.1" 200 834
163.125.177.201 - - [12/Mar/2026:09:29:45 +0800] "GET /InternetTrading/js/decimal.js HTTP/1.1" 200 13492
163.125.177.201 - - [12/Mar/2026:09:29:45 +0800] "GET /InternetTrading/sc/images/top_menu01.jpg HTTP/1.1" 200 3582
163.125.177.201 - - [12/Mar/2026:09:29:45 +0800] "GET /InternetTrading/sc/images/logo.png HTTP/1.1" 200 7042
163.125.177.201 - - [12/Mar/2026:09:29:45 +0800] "GET /InternetTrading/sc/images/top_menu04.jpg HTTP/1.1" 200 3470
163.125.177.201 - - [12/Mar/2026:09:29:45 +0800] "GET /InternetTrading/images/top_bg3.jpg HTTP/1.1" 200 878
163.125.177.201 - - [12/Mar/2026:09:29:45 +0800] "GET /InternetTrading/images/top_bg1.jpg HTTP/1.1" 200 329
163.125.177.201 - - [12/Mar/2026:09:29:45 +0800] "GET /InternetTrading/images/top_bg2.jpg HTTP/1.1" 200 330
163.125.177.201 - - [12/Mar/2026:09:29:45 +0800] "GET /InternetTrading/sc/images/top_menu_logout.jpg HTTP/1.1" 200 2595
163.125.177.201 - - [12/Mar/2026:09:29:45 +0800] "GET /InternetTrading/sc/dialog.html?1773279324157 HTTP/1.1" 200 3179
163.125.177.201 - - [12/Mar/2026:09:29:45 +0800] "POST /InternetTrading/Heartbeat HTTP/1.1" 200 32
163.125.177.201 - - [12/Mar/2026:09:29:45 +0800] "POST /InternetTrading/PopUpConfig HTTP/1.1" 200 2
163.125.177.201 - - [12/Mar/2026:09:29:45 +0800] "POST /InternetTrading/CustomerInfoLite HTTP/1.1" 200 118
163.125.177.201 - - [12/Mar/2026:09:29:45 +0800] "GET /InternetTrading/jquery/wait.gif HTTP/1.1" 200 432
163.125.177.201 - - [12/Mar/2026:09:29:45 +0800] "GET /InternetTrading/sc/trade.html HTTP/1.1" 200 2115
163.125.177.201 - - [12/Mar/2026:09:29:45 +0800] "POST /InternetTrading/SpreadPriceCache HTTP/1.1" 200 1947
163.125.177.201 - - [12/Mar/2026:09:29:45 +0800] "GET /InternetTrading/sc/images/top_menu01_o.jpg HTTP/1.1" 200 3474
163.125.177.201 - - [12/Mar/2026:09:29:45 +0800] "POST /InternetTrading/SessionErrorLogger HTTP/1.1" 200 117
163.125.177.201 - - [12/Mar/2026:09:29:45 +0800] "POST /InternetTrading/GetLastLoginDate HTTP/1.1" 200 31
163.125.177.201 - - [12/Mar/2026:09:29:45 +0800] "POST /InternetTrading/SessionErrorLogger HTTP/1.1" 200 117
163.125.177.201 - - [12/Mar/2026:09:29:45 +0800] "GET /InternetTrading/sc/getpopupMsgName.jsp HTTP/1.1" 200 -
163.125.177.201 - - [12/Mar/2026:09:29:45 +0800] "GET /InternetTrading/sc/applet_dummy.html HTTP/1.1" 200 330
163.125.177.201 - - [12/Mar/2026:09:29:45 +0800] "POST /InternetTrading/SessionErrorLogger HTTP/1.1" 200 117
163.125.177.201 - - [12/Mar/2026:09:29:45 +0800] "POST /InternetTrading/SessionErrorLogger HTTP/1.1" 200 117
163.125.177.201 - - [12/Mar/2026:09:29:45 +0800] "GET /InternetTrading/sc/buy_ticket.html? HTTP/1.1" 200 1996
163.125.177.201 - - [12/Mar/2026:09:29:45 +0800] "POST /InternetTrading/MarketStatus HTTP/1.1" 200 772
163.125.177.201 - - [12/Mar/2026:09:29:45 +0800] "POST /InternetTrading/SessionErrorLogger HTTP/1.1" 200 117
163.125.177.201 - - [12/Mar/2026:09:29:45 +0800] "GET /InternetTrading/jquery/wait.gif HTTP/1.1" 200 432
163.125.177.201 - - [12/Mar/2026:09:29:45 +0800] "GET /InternetTrading/sc/multi_currency_balance.html HTTP/1.1" 200 295
163.125.177.201 - - [12/Mar/2026:09:29:45 +0800] "GET /InternetTrading/sc/images/refresh.gif HTTP/1.1" 200 1145
163.125.177.201 - - [12/Mar/2026:09:29:45 +0800] "GET /InternetTrading/Home/PostToAA.jsp?hl=sc HTTP/1.1" 200 287
163.125.177.201 - - [12/Mar/2026:09:29:45 +0800] "GET /InternetTrading/jquery/images/ui-icons_222222_256x240.png HTTP/1.1" 200 6922
163.125.177.201 - - [12/Mar/2026:09:29:45 +0800] "GET /InternetTrading/sc/images/trade_point01.jpg HTTP/1.1" 200 358
163.125.177.201 - - [12/Mar/2026:09:29:45 +0800] "GET /InternetTrading/jquery/images/ui-bg_flat_75_ffffff_40x100.png HTTP/1.1" 200 208
163.125.177.201 - - [12/Mar/2026:09:29:45 +0800] "POST /InternetTrading/SessionErrorLogger HTTP/1.1" 200 117
163.125.177.201 - - [12/Mar/2026:09:29:45 +0800] "POST /InternetTrading/SessionErrorLogger HTTP/1.1" 200 117
163.125.177.201 - - [12/Mar/2026:09:29:45 +0800] "POST /InternetTrading/MarketStatus HTTP/1.1" 200 772
163.125.177.201 - - [12/Mar/2026:09:29:45 +0800] "POST /InternetTrading/MarketStatus HTTP/1.1" 200 772
14.0.170.57 - - [12/Mar/2026:09:29:45 +0800] "GET /InternetTrading/longpoll/A8127?X-Atmosphere-tracking-id=0&X-Atmosphere-Framework=2.2.3-javascript&X-Atmosphere-Transport=long-polling&X-Atmosphere-TrackMessageSize=true&Content-Type=charset%3Dutf-8&X-atmo-protocol=true&_=1773279325684 HTTP/1.1" 200 -
119.136.154.51 - - [12/Mar/2026:09:29:47 +0800] "GET /InternetTrading/longpoll/51803?X-Atmosphere-tracking-id=0&X-Atmosphere-Framework=2.2.3-javascript&X-Atmosphere-Transport=long-polling&X-Atmosphere-TrackMessageSize=true&Content-Type=charset%3Dutf-8&X-atmo-protocol=true&_=1773279326475 HTTP/1.1" 200 -
163.125.177.201 - - [12/Mar/2026:09:29:47 +0800] "POST /InternetTrading/SessionErrorLogger HTTP/1.1" 200 117
163.125.177.201 - - [12/Mar/2026:09:29:47 +0800] "POST /InternetTrading/CustomerInfo HTTP/1.1" 200 204
163.125.177.201 - - [12/Mar/2026:09:29:47 +0800] "POST /InternetTrading/SessionErrorLogger HTTP/1.1" 200 117
163.125.177.201 - - [12/Mar/2026:09:29:47 +0800] "GET /InternetTrading/sc/account_status.html HTTP/1.1" 200 426
163.125.177.201 - - [12/Mar/2026:09:29:47 +0800] "POST /InternetTrading/SessionErrorLogger HTTP/1.1" 200 117
163.125.177.201 - - [12/Mar/2026:09:29:47 +0800] "POST /InternetTrading/SessionErrorLogger HTTP/1.1" 200 117
163.125.177.201 - - [12/Mar/2026:09:29:47 +0800] "POST /InternetTrading/MarketStatus HTTP/1.1" 200 772
163.125.177.201 - - [12/Mar/2026:09:29:47 +0800] "GET /InternetTrading/jquery/wait.gif HTTP/1.1" 200 432
163.125.177.201 - - [12/Mar/2026:09:29:47 +0800] "POST /InternetTrading/SessionErrorLogger HTTP/1.1" 200 117
163.125.177.201 - - [12/Mar/2026:09:29:47 +0800] "POST /InternetTrading/LongPollingConfig HTTP/1.1" 200 4
163.125.177.201 - - [12/Mar/2026:09:29:47 +0800] "GET /InternetTrading/jquery/wait.gif HTTP/1.1" 200 432
163.125.177.201 - - [12/Mar/2026:09:29:47 +0800] "POST /InternetTrading/SessionErrorLogger HTTP/1.1" 200 117
163.125.177.201 - - [12/Mar/2026:09:29:47 +0800] "GET /InternetTrading/longpoll/53995?X-Atmosphere-tracking-id=0&X-Atmosphere-Framework=2.2.3-javascript&X-Atmosphere-Transport=long-polling&X-Atmosphere-TrackMessageSize=true&Content-Type=charset%3Dutf-8&X-atmo-protocol=true&_=1773279326576 HTTP/1.1" 200 -
163.125.177.201 - - [12/Mar/2026:09:29:47 +0800] "POST /InternetTrading/Portfolio HTTP/1.1" 200 1769
120.230.125.143 - - [12/Mar/2026:09:29:49 +0800] "GET /InternetTrading/longpoll/13975?X-Atmosphere-tracking-id=0&X-Atmosphere-Framework=2.2.3-javascript&X-Atmosphere-Transport=long-polling&X-Atmosphere-TrackMessageSize=true&Content-Type=charset%3Dutf-8&X-atmo-protocol=true&_=1773279332906 HTTP/1.1" 200 -
163.125.177.201 - - [12/Mar/2026:09:29:50 +0800] "POST /InternetTrading/SessionErrorLogger HTTP/1.1" 200 117
163.125.177.201 - - [12/Mar/2026:09:29:50 +0800] "GET /InternetTrading/sc/sell_ticket.html? HTTP/1.1" 200 2263
163.125.177.201 - - [12/Mar/2026:09:29:50 +0800] "POST /InternetTrading/SessionErrorLogger HTTP/1.1" 200 117
163.125.177.201 - - [12/Mar/2026:09:29:50 +0800] "POST /InternetTrading/SessionErrorLogger HTTP/1.1" 200 117
163.125.177.201 - - [12/Mar/2026:09:29:50 +0800] "POST /InternetTrading/MarketStatus HTTP/1.1" 200 772
163.125.177.201 - - [12/Mar/2026:09:29:50 +0800] "POST /InternetTrading/MarketStatus HTTP/1.1" 200 772
163.125.177.201 - - [12/Mar/2026:09:29:50 +0800] "POST /InternetTrading/SessionErrorLogger HTTP/1.1" 200 117
163.125.177.201 - - [12/Mar/2026:09:29:50 +0800] "POST /InternetTrading/SessionErrorLogger HTTP/1.1" 200 117
163.125.177.201 - - [12/Mar/2026:09:29:50 +0800] "POST /InternetTrading/Product HTTP/1.1" 200 310
163.125.177.201 - - [12/Mar/2026:09:29:50 +0800] "POST /InternetTrading/OrderMaxQuantity HTTP/1.1" 200 9
14.0.170.57 - - [12/Mar/2026:09:29:51 +0800] "GET /InternetTrading/longpoll/A8127?X-Atmosphere-tracking-id=0&X-Atmosphere-Framework=2.2.3-javascript&X-Atmosphere-Transport=long-polling&X-Atmosphere-TrackMessageSize=true&Content-Type=charset%3Dutf-8&X-atmo-protocol=true&_=1773279330817 HTTP/1.1" 200 -
119.136.154.51 - - [12/Mar/2026:09:29:52 +0800] "GET /InternetTrading/longpoll/51803?X-Atmosphere-tracking-id=0&X-Atmosphere-Framework=2.2.3-javascript&X-Atmosphere-Transport=long-polling&X-Atmosphere-TrackMessageSize=true&Content-Type=charset%3Dutf-8&X-atmo-protocol=true&_=1773279331557 HTTP/1.1" 200 -
163.125.177.201 - - [12/Mar/2026:09:29:53 +0800] "GET /InternetTrading/longpoll/53995?X-Atmosphere-tracking-id=0&X-Atmosphere-Framework=2.2.3-javascript&X-Atmosphere-Transport=long-polling&X-Atmosphere-TrackMessageSize=true&Content-Type=charset%3Dutf-8&X-atmo-protocol=true&_=1773279331811 HTTP/1.1" 200 -
120.230.125.143 - - [12/Mar/2026:09:29:55 +0800] "GET /InternetTrading/longpoll/13975?X-Atmosphere-tracking-id=0&X-Atmosphere-Framework=2.2.3-javascript&X-Atmosphere-Transport=long-polling&X-Atmosphere-TrackMessageSize=true&Content-Type=charset%3Dutf-8&X-atmo-protocol=true&_=1773279338906 HTTP/1.1" 200 -
14.0.170.57 - - [12/Mar/2026:09:29:56 +0800] "GET /InternetTrading/longpoll/A8127?X-Atmosphere-tracking-id=0&X-Atmosphere-Framework=2.2.3-javascript&X-Atmosphere-Transport=long-polling&X-Atmosphere-TrackMessageSize=true&Content-Type=charset%3Dutf-8&X-atmo-protocol=true&_=1773279335926 HTTP/1.1" 200 -
119.136.154.51 - - [12/Mar/2026:09:29:57 +0800] "GET /InternetTrading/longpoll/51803?X-Atmosphere-tracking-id=0&X-Atmosphere-Framework=2.2.3-javascript&X-Atmosphere-Transport=long-polling&X-Atmosphere-TrackMessageSize=true&Content-Type=charset%3Dutf-8&X-atmo-protocol=true&_=1773279336608 HTTP/1.1" 200 -
163.125.177.201 - - [12/Mar/2026:09:29:58 +0800] "GET /InternetTrading/longpoll/53995?X-Atmosphere-tracking-id=0&X-Atmosphere-Framework=2.2.3-javascript&X-Atmosphere-Transport=long-polling&X-Atmosphere-TrackMessageSize=true&Content-Type=charset%3Dutf-8&X-atmo-protocol=true&_=1773279336848 HTTP/1.1" 200 -
163.125.177.201 - - [12/Mar/2026:09:30:01 +0800] "POST /InternetTrading/SessionErrorLogger HTTP/1.1" 200 117
163.125.177.201 - - [12/Mar/2026:09:30:01 +0800] "GET /InternetTrading/sc/sell_ticket.html? HTTP/1.1" 200 2263
163.125.177.201 - - [12/Mar/2026:09:30:01 +0800] "POST /InternetTrading/SessionErrorLogger HTTP/1.1" 200 117
163.125.177.201 - - [12/Mar/2026:09:30:01 +0800] "POST /InternetTrading/SessionErrorLogger HTTP/1.1" 200 117
163.125.177.201 - - [12/Mar/2026:09:30:01 +0800] "POST /InternetTrading/MarketStatus HTTP/1.1" 200 772
163.125.177.201 - - [12/Mar/2026:09:30:01 +0800] "POST /InternetTrading/SessionErrorLogger HTTP/1.1" 200 117
163.125.177.201 - - [12/Mar/2026:09:30:01 +0800] "POST /InternetTrading/MarketStatus HTTP/1.1" 200 772
163.125.177.201 - - [12/Mar/2026:09:30:01 +0800] "POST /InternetTrading/SessionErrorLogger HTTP/1.1" 200 117
163.125.177.201 - - [12/Mar/2026:09:30:01 +0800] "POST /InternetTrading/Product HTTP/1.1" 200 310
163.125.177.201 - - [12/Mar/2026:09:30:01 +0800] "POST /InternetTrading/OrderMaxQuantity HTTP/1.1" 200 9
119.136.154.51 - - [12/Mar/2026:09:30:01 +0800] "POST /InternetTrading/SessionErrorLogger HTTP/1.1" 200 117
119.136.154.51 - - [12/Mar/2026:09:30:01 +0800] "POST /InternetTrading/Heartbeat HTTP/1.1" 200 32
119.136.154.51 - - [12/Mar/2026:09:30:01 +0800] "POST /InternetTrading/SessionErrorLogger HTTP/1.1" 200 117
119.136.154.51 - - [12/Mar/2026:09:30:01 +0800] "POST /InternetTrading/MarketStatus HTTP/1.1" 200 772
163.125.177.201 - - [12/Mar/2026:09:30:01 +0800] "GET /InternetTrading/jquery/images/ui-icons_888888_256x240.png HTTP/1.1" 200 6999
14.0.170.57 - - [12/Mar/2026:09:30:01 +0800] "GET /InternetTrading/longpoll/A8127?X-Atmosphere-tracking-id=0&X-Atmosphere-Framework=2.2.3-javascript&X-Atmosphere-Transport=long-polling&X-Atmosphere-TrackMessageSize=true&Content-Type=charset%3Dutf-8&X-atmo-protocol=true&_=1773279341041 HTTP/1.1" 200 -
120.230.125.143 - - [12/Mar/2026:09:30:01 +0800] "GET /InternetTrading/longpoll/13975?X-Atmosphere-tracking-id=0&X-Atmosphere-Framework=2.2.3-javascript&X-Atmosphere-Transport=long-polling&X-Atmosphere-TrackMessageSize=true&Content-Type=charset%3Dutf-8&X-atmo-protocol=true&_=1773279344908 HTTP/1.1" 200 -
119.136.154.51 - - [12/Mar/2026:09:30:02 +0800] "GET /InternetTrading/longpoll/51803?X-Atmosphere-tracking-id=0&X-Atmosphere-Framework=2.2.3-javascript&X-Atmosphere-Transport=long-polling&X-Atmosphere-TrackMessageSize=true&Content-Type=charset%3Dutf-8&X-atmo-protocol=true&_=1773279341643 HTTP/1.1" 200 -
163.125.177.201 - - [12/Mar/2026:09:30:03 +0800] "GET /InternetTrading/longpoll/53995?X-Atmosphere-tracking-id=0&X-Atmosphere-Framework=2.2.3-javascript&X-Atmosphere-Transport=long-polling&X-Atmosphere-TrackMessageSize=true&Content-Type=charset%3Dutf-8&X-atmo-protocol=true&_=1773279341882 HTTP/1.1" 200 -
14.0.170.57 - - [12/Mar/2026:09:30:05 +0800] "POST /InternetTrading/SessionErrorLogger HTTP/1.1" 200 117
14.0.170.57 - - [12/Mar/2026:09:30:05 +0800] "POST /InternetTrading/Heartbeat HTTP/1.1" 200 32
14.0.170.57 - - [12/Mar/2026:09:30:05 +0800] "POST /InternetTrading/SessionErrorLogger HTTP/1.1" 200 117
14.0.170.57 - - [12/Mar/2026:09:30:05 +0800] "POST /InternetTrading/MarketStatus HTTP/1.1" 200 772
14.0.170.57 - - [12/Mar/2026:09:30:06 +0800] "GET /InternetTrading/longpoll/A8127?X-Atmosphere-tracking-id=0&X-Atmosphere-Framework=2.2.3-javascript&X-Atmosphere-Transport=long-polling&X-Atmosphere-TrackMessageSize=true&Content-Type=charset%3Dutf-8&X-atmo-protocol=true&_=1773279346535 HTTP/1.1" 200 -
