180.163.28.114 - - [13/Mar/2026:09:37:32 +0800] "GET /InternetTrading/js/util.js?jsv=20200819161914 HTTP/1.1" 200 6636
219.73.99.100 - - [13/Mar/2026:09:37:32 +0800] "POST /InternetTrading/PopUpConfig HTTP/1.1" 200 2
180.163.28.55 - - [13/Mar/2026:09:37:32 +0800] "GET /InternetTrading/tc/user/translation.js?jsv=20200819161914 HTTP/1.1" 200 12818
219.73.99.100 - - [13/Mar/2026:09:37:32 +0800] "GET /InternetTrading/sc/dialog.html?1773366192752 HTTP/1.1" 200 3179
180.163.30.85 - - [13/Mar/2026:09:37:32 +0800] "GET /InternetTrading/js/rsautil.js?jsv=20200819161914 HTTP/1.1" 200 1017
180.163.30.85 - - [13/Mar/2026:09:37:32 +0800] "GET /InternetTrading/js/init.js?jsv=20200819161914 HTTP/1.1" 200 886
180.163.28.55 - - [13/Mar/2026:09:37:32 +0800] "GET /InternetTrading/js/haitong.js?jsv=20200819161914 HTTP/1.1" 200 3881
180.163.28.143 - - [13/Mar/2026:09:37:32 +0800] "GET /InternetTrading/js/constants.js?jsv=20200819161914 HTTP/1.1" 200 400
180.163.30.76 - - [13/Mar/2026:09:37:33 +0800] "GET /InternetTrading/js/login.js?jsv=20200819161914 HTTP/1.1" 200 1684
219.73.99.100 - - [13/Mar/2026:09:37:33 +0800] "POST /InternetTrading/Heartbeat HTTP/1.1" 200 32
180.163.30.85 - - [13/Mar/2026:09:37:33 +0800] "GET /InternetTrading/js/aes_core.js?jsv=20200819161914 HTTP/1.1" 200 2106
219.73.99.100 - - [13/Mar/2026:09:37:33 +0800] "POST /InternetTrading/CustomerInfoLite HTTP/1.1" 200 125
219.73.99.100 - - [13/Mar/2026:09:37:33 +0800] "GET /InternetTrading/sc/images/top_menu04.jpg HTTP/1.1" 200 3470
219.73.99.100 - - [13/Mar/2026:09:37:33 +0800] "GET /InternetTrading/jquery/wait.gif HTTP/1.1" 200 432
219.73.99.100 - - [13/Mar/2026:09:37:33 +0800] "GET /InternetTrading/sc/trade.html HTTP/1.1" 200 2115
219.73.99.100 - - [13/Mar/2026:09:37:33 +0800] "POST /InternetTrading/SpreadPriceCache HTTP/1.1" 200 1947
219.73.99.100 - - [13/Mar/2026:09:37:33 +0800] "GET /InternetTrading/sc/images/top_menu01_o.jpg HTTP/1.1" 200 3474
219.73.99.100 - - [13/Mar/2026:09:37:33 +0800] "POST /InternetTrading/SessionErrorLogger HTTP/1.1" 200 117
180.163.30.85 - - [13/Mar/2026:09:37:33 +0800] "GET /InternetTrading/js/asn1.js?jsv=20200819161914 HTTP/1.1" 200 3099
219.73.99.100 - - [13/Mar/2026:09:37:33 +0800] "POST /InternetTrading/GetLastLoginDate HTTP/1.1" 200 31
180.163.28.55 - - [13/Mar/2026:09:37:33 +0800] "GET /InternetTrading/js/md5.js?jsv=20200819161914 HTTP/1.1" 200 1730
219.73.99.100 - - [13/Mar/2026:09:37:33 +0800] "POST /InternetTrading/SessionErrorLogger HTTP/1.1" 200 117
180.163.28.55 - - [13/Mar/2026:09:37:33 +0800] "GET /InternetTrading/js/sha256.js?jsv=20200819161914 HTTP/1.1" 200 1362
219.73.99.100 - - [13/Mar/2026:09:37:33 +0800] "GET /InternetTrading/sc/getpopupMsgName.jsp HTTP/1.1" 200 -
180.163.30.27 - - [13/Mar/2026:09:37:33 +0800] "GET /InternetTrading/js/aes_cbc.js?jsv=20200819161914 HTTP/1.1" 200 2043
219.73.99.100 - - [13/Mar/2026:09:37:33 +0800] "GET /InternetTrading/sc/applet_dummy.html HTTP/1.1" 200 330
180.163.29.103 - - [13/Mar/2026:09:37:33 +0800] "GET /InternetTrading/js/prng4.js?jsv=20200819161914 HTTP/1.1" 200 303
180.163.30.27 - - [13/Mar/2026:09:37:33 +0800] "GET /InternetTrading/tc/user/custom_variables.js?jsv=20200819161914 HTTP/1.1" 200 275
219.73.99.100 - - [13/Mar/2026:09:37:33 +0800] "POST /InternetTrading/SessionErrorLogger HTTP/1.1" 200 117
219.73.99.100 - - [13/Mar/2026:09:37:33 +0800] "GET /InternetTrading/sc/buy_ticket.html? HTTP/1.1" 200 1996
219.73.99.100 - - [13/Mar/2026:09:37:33 +0800] "POST /InternetTrading/SessionErrorLogger HTTP/1.1" 200 117
219.73.99.100 - - [13/Mar/2026:09:37:33 +0800] "POST /InternetTrading/MarketStatus HTTP/1.1" 200 772
219.73.99.100 - - [13/Mar/2026:09:37:33 +0800] "POST /InternetTrading/SessionErrorLogger HTTP/1.1" 200 117
180.163.30.27 - - [13/Mar/2026:09:37:33 +0800] "GET /InternetTrading/js/version.js?jsv=20200819161914 HTTP/1.1" 200 85
219.73.99.100 - - [13/Mar/2026:09:37:33 +0800] "GET /InternetTrading/sc/multi_currency_balance.html HTTP/1.1" 200 295
219.73.99.100 - - [13/Mar/2026:09:37:33 +0800] "GET /InternetTrading/jquery/wait.gif HTTP/1.1" 200 432
219.73.99.100 - - [13/Mar/2026:09:37:33 +0800] "GET /InternetTrading/Home/PostToAA.jsp?hl=sc HTTP/1.1" 200 293
219.73.99.100 - - [13/Mar/2026:09:37:33 +0800] "GET /InternetTrading/sc/images/trade_point01.jpg HTTP/1.1" 200 358
219.73.99.100 - - [13/Mar/2026:09:37:33 +0800] "GET /InternetTrading/sc/images/refresh.gif HTTP/1.1" 200 1145
219.73.99.100 - - [13/Mar/2026:09:37:33 +0800] "GET /InternetTrading/jquery/images/ui-icons_222222_256x240.png HTTP/1.1" 200 6922
180.163.29.219 - - [13/Mar/2026:09:37:33 +0800] "GET /InternetTrading/js/pidcrypt.js?jsv=20200819161914 HTTP/1.1" 200 982
219.73.99.100 - - [13/Mar/2026:09:37:33 +0800] "GET /InternetTrading/jquery/images/ui-bg_flat_75_ffffff_40x100.png HTTP/1.1" 200 208
180.163.29.217 - - [13/Mar/2026:09:37:33 +0800] "GET /InternetTrading/js/rng.js?jsv=20200819161914 HTTP/1.1" 200 481
219.73.99.100 - - [13/Mar/2026:09:37:33 +0800] "POST /InternetTrading/SessionErrorLogger HTTP/1.1" 200 117
219.73.99.100 - - [13/Mar/2026:09:37:33 +0800] "POST /InternetTrading/SessionErrorLogger HTTP/1.1" 200 117
219.73.99.100 - - [13/Mar/2026:09:37:33 +0800] "POST /InternetTrading/MarketStatus HTTP/1.1" 200 772
219.73.99.100 - - [13/Mar/2026:09:37:33 +0800] "POST /InternetTrading/MarketStatus HTTP/1.1" 200 772
180.163.28.109 - - [13/Mar/2026:09:37:33 +0800] "GET /InternetTrading/js/pidcrypt_util.js?jsv=20200819161914 HTTP/1.1" 200 1206
180.163.29.206 - - [13/Mar/2026:09:37:34 +0800] "GET /InternetTrading/js/string_extend.js?jsv=20200819161914 HTTP/1.1" 200 272
223.197.189.207 - - [13/Mar/2026:09:37:34 +0800] "GET /InternetTrading/longpoll/M7928?X-Atmosphere-tracking-id=0&X-Atmosphere-Framework=2.2.3-javascript&X-Atmosphere-Transport=long-polling&X-Atmosphere-TrackMessageSize=true&Content-Type=charset%3Dutf-8&X-atmo-protocol=true&_=1773366194322 HTTP/1.1" 200 -
219.73.99.100 - - [13/Mar/2026:09:37:35 +0800] "POST /InternetTrading/SessionErrorLogger HTTP/1.1" 200 117
219.73.99.100 - - [13/Mar/2026:09:37:35 +0800] "POST /InternetTrading/CustomerInfo HTTP/1.1" 200 233
219.73.99.100 - - [13/Mar/2026:09:37:35 +0800] "POST /InternetTrading/SessionErrorLogger HTTP/1.1" 200 117
219.73.99.100 - - [13/Mar/2026:09:37:35 +0800] "GET /InternetTrading/sc/account_status.html HTTP/1.1" 200 426
219.73.99.100 - - [13/Mar/2026:09:37:35 +0800] "POST /InternetTrading/SessionErrorLogger HTTP/1.1" 200 117
219.73.99.100 - - [13/Mar/2026:09:37:35 +0800] "POST /InternetTrading/SessionErrorLogger HTTP/1.1" 200 117
219.73.99.100 - - [13/Mar/2026:09:37:35 +0800] "POST /InternetTrading/MarketStatus HTTP/1.1" 200 772
219.73.99.100 - - [13/Mar/2026:09:37:35 +0800] "GET /InternetTrading/jquery/wait.gif HTTP/1.1" 200 432
219.73.99.100 - - [13/Mar/2026:09:37:35 +0800] "POST /InternetTrading/SessionErrorLogger HTTP/1.1" 200 117
219.73.99.100 - - [13/Mar/2026:09:37:35 +0800] "POST /InternetTrading/LongPollingConfig HTTP/1.1" 200 4
219.73.99.100 - - [13/Mar/2026:09:37:35 +0800] "GET /InternetTrading/jquery/wait.gif HTTP/1.1" 200 432
219.73.99.100 - - [13/Mar/2026:09:37:35 +0800] "POST /InternetTrading/SessionErrorLogger HTTP/1.1" 200 117
219.73.99.100 - - [13/Mar/2026:09:37:35 +0800] "GET /InternetTrading/longpoll/55136?X-Atmosphere-tracking-id=0&X-Atmosphere-Framework=2.2.3-javascript&X-Atmosphere-Transport=long-polling&X-Atmosphere-TrackMessageSize=true&Content-Type=charset%3Dutf-8&X-atmo-protocol=true&_=1773366195295 HTTP/1.1" 200 -
219.73.99.100 - - [13/Mar/2026:09:37:35 +0800] "POST /InternetTrading/Portfolio HTTP/1.1" 200 1516
14.0.172.252 - - [13/Mar/2026:09:37:37 +0800] "GET /InternetTrading/longpoll/A8127?X-Atmosphere-tracking-id=0&X-Atmosphere-Framework=2.2.3-javascript&X-Atmosphere-Transport=long-polling&X-Atmosphere-TrackMessageSize=true&Content-Type=charset%3Dutf-8&X-atmo-protocol=true&_=1773366200127 HTTP/1.1" 200 -
120.230.125.143 - - [13/Mar/2026:09:37:38 +0800] "GET /InternetTrading/longpoll/13975?X-Atmosphere-tracking-id=0&X-Atmosphere-Framework=2.2.3-javascript&X-Atmosphere-Transport=long-polling&X-Atmosphere-TrackMessageSize=true&Content-Type=charset%3Dutf-8&X-atmo-protocol=true&_=1773366202393 HTTP/1.1" 200 -
119.136.154.51 - - [13/Mar/2026:09:37:38 +0800] "GET /InternetTrading/longpoll/51803?X-Atmosphere-tracking-id=0&X-Atmosphere-Framework=2.2.3-javascript&X-Atmosphere-Transport=long-polling&X-Atmosphere-TrackMessageSize=true&Content-Type=charset%3Dutf-8&X-atmo-protocol=true&_=1773366199234 HTTP/1.1" 200 -
219.73.99.100 - - [13/Mar/2026:09:37:40 +0800] "GET /InternetTrading/longpoll/55136?X-Atmosphere-tracking-id=0&X-Atmosphere-Framework=2.2.3-javascript&X-Atmosphere-Transport=long-polling&X-Atmosphere-TrackMessageSize=true&Content-Type=charset%3Dutf-8&X-atmo-protocol=true&_=1773366200309 HTTP/1.1" 200 -
223.197.189.207 - - [13/Mar/2026:09:37:40 +0800] "GET /InternetTrading/longpoll/M7928?X-Atmosphere-tracking-id=0&X-Atmosphere-Framework=2.2.3-javascript&X-Atmosphere-Transport=long-polling&X-Atmosphere-TrackMessageSize=true&Content-Type=charset%3Dutf-8&X-atmo-protocol=true&_=1773366200331 HTTP/1.1" 200 -
14.0.172.252 - - [13/Mar/2026:09:37:42 +0800] "GET /InternetTrading/longpoll/A8127?X-Atmosphere-tracking-id=0&X-Atmosphere-Framework=2.2.3-javascript&X-Atmosphere-Transport=long-polling&X-Atmosphere-TrackMessageSize=true&Content-Type=charset%3Dutf-8&X-atmo-protocol=true&_=1773366205256 HTTP/1.1" 200 -
120.230.125.143 - - [13/Mar/2026:09:37:44 +0800] "GET /InternetTrading/longpoll/13975?X-Atmosphere-tracking-id=0&X-Atmosphere-Framework=2.2.3-javascript&X-Atmosphere-Transport=long-polling&X-Atmosphere-TrackMessageSize=true&Content-Type=charset%3Dutf-8&X-atmo-protocol=true&_=1773366208394 HTTP/1.1" 200 -
119.136.154.51 - - [13/Mar/2026:09:37:44 +0800] "GET /InternetTrading/longpoll/51803?X-Atmosphere-tracking-id=0&X-Atmosphere-Framework=2.2.3-javascript&X-Atmosphere-Transport=long-polling&X-Atmosphere-TrackMessageSize=true&Content-Type=charset%3Dutf-8&X-atmo-protocol=true&_=1773366205225 HTTP/1.1" 200 -
183.60.24.53 - - [13/Mar/2026:09:37:44 +0800] "POST /InternetTrading/CheckIsEnableRSA HTTP/1.1" 200 1
183.60.24.53 - - [13/Mar/2026:09:37:44 +0800] "POST /InternetTrading/CheckPwEncryptType HTTP/1.1" 200 -
183.60.24.53 - - [13/Mar/2026:09:37:44 +0800] "POST /InternetTrading/LoginKey HTTP/1.1" 200 -
183.60.24.53 - - [13/Mar/2026:09:37:44 +0800] "GET /InternetTrading/jquery/wait.gif HTTP/1.1" 200 432
219.73.99.100 - - [13/Mar/2026:09:37:45 +0800] "GET /InternetTrading/longpoll/55136?X-Atmosphere-tracking-id=0&X-Atmosphere-Framework=2.2.3-javascript&X-Atmosphere-Transport=long-polling&X-Atmosphere-TrackMessageSize=true&Content-Type=charset%3Dutf-8&X-atmo-protocol=true&_=1773366205337 HTTP/1.1" 200 -
14.0.172.252 - - [13/Mar/2026:09:37:45 +0800] "POST /InternetTrading/SessionErrorLogger HTTP/1.1" 200 117
14.0.172.252 - - [13/Mar/2026:09:37:45 +0800] "POST /InternetTrading/Heartbeat HTTP/1.1" 200 32
14.0.172.252 - - [13/Mar/2026:09:37:46 +0800] "POST /InternetTrading/SessionErrorLogger HTTP/1.1" 200 117
14.0.172.252 - - [13/Mar/2026:09:37:46 +0800] "POST /InternetTrading/MarketStatus HTTP/1.1" 200 772
223.197.189.207 - - [13/Mar/2026:09:37:46 +0800] "GET /InternetTrading/longpoll/M7928?X-Atmosphere-tracking-id=0&X-Atmosphere-Framework=2.2.3-javascript&X-Atmosphere-Transport=long-polling&X-Atmosphere-TrackMessageSize=true&Content-Type=charset%3Dutf-8&X-atmo-protocol=true&_=1773366206322 HTTP/1.1" 200 -
183.60.24.53 - - [13/Mar/2026:09:37:44 +0800] "POST /InternetTrading/Login HTTP/1.1" 200 461
119.136.154.51 - - [13/Mar/2026:09:37:46 +0800] "POST /InternetTrading/SessionErrorLogger HTTP/1.1" 200 117
119.136.154.51 - - [13/Mar/2026:09:37:46 +0800] "POST /InternetTrading/Heartbeat HTTP/1.1" 200 32
119.136.154.51 - - [13/Mar/2026:09:37:46 +0800] "POST /InternetTrading/SessionErrorLogger HTTP/1.1" 200 117
119.136.154.51 - - [13/Mar/2026:09:37:46 +0800] "POST /InternetTrading/MarketStatus HTTP/1.1" 200 772
183.60.24.53 - - [13/Mar/2026:09:37:46 +0800] "GET /InternetTrading/tc/2FA_authentication.html?language=tc&version=HTML HTTP/1.1" 200 1468
183.60.24.53 - - [13/Mar/2026:09:37:46 +0800] "GET /InternetTrading/tc/style.css?v=20200819161914 HTTP/1.1" 200 1435
183.60.24.53 - - [13/Mar/2026:09:37:46 +0800] "GET /InternetTrading/tc/style_common.css?v=20200819161914 HTTP/1.1" 200 2540
183.60.24.53 - - [13/Mar/2026:09:37:46 +0800] "GET /InternetTrading/jquery/jquery-3.3.1.js HTTP/1.1" 200 80650
183.60.24.53 - - [13/Mar/2026:09:37:46 +0800] "GET /InternetTrading/jquery/jquery-migrate-3.0.0.js HTTP/1.1" 200 4963
183.60.24.53 - - [13/Mar/2026:09:37:46 +0800] "GET /InternetTrading/jquery/additional-methods.js HTTP/1.1" 200 2238
183.60.24.53 - - [13/Mar/2026:09:37:46 +0800] "GET /InternetTrading/jquery/jquery.form-3.46.0.js HTTP/1.1" 200 5673
183.60.24.53 - - [13/Mar/2026:09:37:46 +0800] "GET /InternetTrading/jquery/jquery.validate-1.11.1.js HTTP/1.1" 200 7041
183.60.24.53 - - [13/Mar/2026:09:37:46 +0800] "GET /InternetTrading/jquery/jquery-ui-1.10.3.js HTTP/1.1" 200 69642
183.60.24.53 - - [13/Mar/2026:09:37:46 +0800] "GET /InternetTrading/jquery/jquery.timer-0.9.16.js HTTP/1.1" 200 542
183.60.24.53 - - [13/Mar/2026:09:37:46 +0800] "GET /InternetTrading/jquery/jquery.blockUI-2.66.0-iAsiaEdition.js HTTP/1.1" 200 6651
183.60.24.53 - - [13/Mar/2026:09:37:46 +0800] "GET /InternetTrading/jquery/jquery.getParams.js HTTP/1.1" 200 587
183.60.24.53 - - [13/Mar/2026:09:37:46 +0800] "GET /InternetTrading/js/constants.js?jsv=20200819161914 HTTP/1.1" 200 400
183.60.24.53 - - [13/Mar/2026:09:37:46 +0800] "GET /InternetTrading/tc/user/translation.js?jsv=20200819161914 HTTP/1.1" 200 12818
183.60.24.53 - - [13/Mar/2026:09:37:46 +0800] "GET /InternetTrading/js/haitong.js?jsv=20200819161914 HTTP/1.1" 200 3881
183.60.24.53 - - [13/Mar/2026:09:37:46 +0800] "GET /InternetTrading/js/util.js?jsv=20200819161914 HTTP/1.1" 200 6636
183.60.24.53 - - [13/Mar/2026:09:37:46 +0800] "GET /InternetTrading/js/init.js?jsv=20200819161914 HTTP/1.1" 200 886
183.60.24.53 - - [13/Mar/2026:09:37:46 +0800] "GET /InternetTrading/tc/user/custom_variables.js?jsv=20200819161914 HTTP/1.1" 200 275
183.60.24.53 - - [13/Mar/2026:09:37:46 +0800] "GET /InternetTrading/js/2fa.js?jsv=20200819161914 HTTP/1.1" 200 1953
183.60.24.53 - - [13/Mar/2026:09:37:46 +0800] "GET /InternetTrading/js/login.js?jsv=20200819161914 HTTP/1.1" 200 1684
183.60.24.53 - - [13/Mar/2026:09:37:46 +0800] "GET /InternetTrading/settings/webpage_settings.js?jsv=20200819161914 HTTP/1.1" 200 33
183.60.24.53 - - [13/Mar/2026:09:37:46 +0800] "GET /InternetTrading/tc/images/logo.png HTTP/1.1" 200 7042
183.60.24.53 - - [13/Mar/2026:09:37:47 +0800] "GET /InternetTrading/js/login.js?jsv=20200819161914 HTTP/1.1" 200 1684
183.60.24.53 - - [13/Mar/2026:09:37:47 +0800] "GET /InternetTrading/jquery/wait.gif HTTP/1.1" 200 432
183.60.24.53 - - [13/Mar/2026:09:37:47 +0800] "GET /InternetTrading/tc/dialog.html?1773366207472 HTTP/1.1" 200 3188
183.60.24.53 - - [13/Mar/2026:09:37:47 +0800] "POST /InternetTrading/Get2FAInfoService HTTP/1.1" 200 109
183.60.24.53 - - [13/Mar/2026:09:37:47 +0800] "GET /favicon.ico HTTP/1.1" 404 196
183.60.24.53 - - [13/Mar/2026:09:37:47 +0800] "POST /InternetTrading/SystemMaintenanceCheck HTTP/1.1" 200 119
183.60.24.53 - - [13/Mar/2026:09:37:47 +0800] "POST /InternetTrading/SystemMaintenanceCheck HTTP/1.1" 200 119
14.0.172.252 - - [13/Mar/2026:09:37:47 +0800] "GET /InternetTrading/longpoll/A8127?X-Atmosphere-tracking-id=0&X-Atmosphere-Framework=2.2.3-javascript&X-Atmosphere-Transport=long-polling&X-Atmosphere-TrackMessageSize=true&Content-Type=charset%3Dutf-8&X-atmo-protocol=true&_=1773366210365 HTTP/1.1" 200 -
219.73.99.100 - - [13/Mar/2026:09:37:50 +0800] "GET /InternetTrading/longpoll/55136?X-Atmosphere-tracking-id=0&X-Atmosphere-Framework=2.2.3-javascript&X-Atmosphere-Transport=long-polling&X-Atmosphere-TrackMessageSize=true&Content-Type=charset%3Dutf-8&X-atmo-protocol=true&_=1773366210362 HTTP/1.1" 200 -
120.230.125.143 - - [13/Mar/2026:09:37:50 +0800] "GET /InternetTrading/longpoll/13975?X-Atmosphere-tracking-id=0&X-Atmosphere-Framework=2.2.3-javascript&X-Atmosphere-Transport=long-polling&X-Atmosphere-TrackMessageSize=true&Content-Type=charset%3Dutf-8&X-atmo-protocol=true&_=1773366214394 HTTP/1.1" 200 -
119.136.154.51 - - [13/Mar/2026:09:37:50 +0800] "GET /InternetTrading/longpoll/51803?X-Atmosphere-tracking-id=0&X-Atmosphere-Framework=2.2.3-javascript&X-Atmosphere-Transport=long-polling&X-Atmosphere-TrackMessageSize=true&Content-Type=charset%3Dutf-8&X-atmo-protocol=true&_=1773366211235 HTTP/1.1" 200 -
223.197.189.207 - - [13/Mar/2026:09:37:52 +0800] "GET /InternetTrading/longpoll/M7928?X-Atmosphere-tracking-id=0&X-Atmosphere-Framework=2.2.3-javascript&X-Atmosphere-Transport=long-polling&X-Atmosphere-TrackMessageSize=true&Content-Type=charset%3Dutf-8&X-atmo-protocol=true&_=1773366212325 HTTP/1.1" 200 -
14.0.172.252 - - [13/Mar/2026:09:37:53 +0800] "GET /InternetTrading/longpoll/A8127?X-Atmosphere-tracking-id=0&X-Atmosphere-Framework=2.2.3-javascript&X-Atmosphere-Transport=long-polling&X-Atmosphere-TrackMessageSize=true&Content-Type=charset%3Dutf-8&X-atmo-protocol=true&_=1773366215490 HTTP/1.1" 200 -
219.73.99.100 - - [13/Mar/2026:09:37:55 +0800] "GET /InternetTrading/longpoll/55136?X-Atmosphere-tracking-id=0&X-Atmosphere-Framework=2.2.3-javascript&X-Atmosphere-Transport=long-polling&X-Atmosphere-TrackMessageSize=true&Content-Type=charset%3Dutf-8&X-atmo-protocol=true&_=1773366215380 HTTP/1.1" 200 -
120.230.125.143 - - [13/Mar/2026:09:37:56 +0800] "GET /InternetTrading/longpoll/13975?X-Atmosphere-tracking-id=0&X-Atmosphere-Framework=2.2.3-javascript&X-Atmosphere-Transport=long-polling&X-Atmosphere-TrackMessageSize=true&Content-Type=charset%3Dutf-8&X-atmo-protocol=true&_=1773366220394 HTTP/1.1" 200 -
119.136.154.51 - - [13/Mar/2026:09:37:56 +0800] "GET /InternetTrading/longpoll/51803?X-Atmosphere-tracking-id=0&X-Atmosphere-Framework=2.2.3-javascript&X-Atmosphere-Transport=long-polling&X-Atmosphere-TrackMessageSize=true&Content-Type=charset%3Dutf-8&X-atmo-protocol=true&_=1773366217227 HTTP/1.1" 200 -
14.0.172.252 - - [13/Mar/2026:09:37:58 +0800] "GET /InternetTrading/longpoll/A8127?X-Atmosphere-tracking-id=0&X-Atmosphere-Framework=2.2.3-javascript&X-Atmosphere-Transport=long-polling&X-Atmosphere-TrackMessageSize=true&Content-Type=charset%3Dutf-8&X-atmo-protocol=true&_=1773366220660 HTTP/1.1" 200 -
223.197.189.207 - - [13/Mar/2026:09:37:58 +0800] "GET /InternetTrading/longpoll/M7928?X-Atmosphere-tracking-id=0&X-Atmosphere-Framework=2.2.3-javascript&X-Atmosphere-Transport=long-polling&X-Atmosphere-TrackMessageSize=true&Content-Type=charset%3Dutf-8&X-atmo-protocol=true&_=1773366218325 HTTP/1.1" 200 -
183.60.24.53 - - [13/Mar/2026:09:37:59 +0800] "GET /InternetTrading/jquery/wait.gif HTTP/1.1" 200 432
183.60.24.53 - - [13/Mar/2026:09:37:59 +0800] "POST /InternetTrading/Verify2FAService HTTP/1.1" 200 425
183.60.24.53 - - [13/Mar/2026:09:38:00 +0800] "GET /InternetTrading/tc/main.html?language=tc&version=HTML HTTP/1.1" 200 3578
183.60.24.53 - - [13/Mar/2026:09:38:00 +0800] "GET /InternetTrading/jquery/ui.datepicker.css HTTP/1.1" 200 1145
183.60.24.53 - - [13/Mar/2026:09:38:00 +0800] "GET /InternetTrading/jquery/jquery.tablesorter-theme.blue.css HTTP/1.1" 200 2083
183.60.24.53 - - [13/Mar/2026:09:38:00 +0800] "GET /InternetTrading/jquery/jquery-ui-1.10.3.css HTTP/1.1" 200 5283
183.60.24.53 - - [13/Mar/2026:09:38:00 +0800] "GET /InternetTrading/jquery/dragtable-2.0.9.css HTTP/1.1" 200 316
183.60.24.53 - - [13/Mar/2026:09:38:00 +0800] "GET /InternetTrading/tc/style.css?v=20200819161914 HTTP/1.1" 200 1435
183.60.24.53 - - [13/Mar/2026:09:38:00 +0800] "GET /InternetTrading/tc/style_common.css?v=20200819161914 HTTP/1.1" 200 2540
183.60.24.53 - - [13/Mar/2026:09:38:00 +0800] "GET /InternetTrading/tc/css/jquery.jscrollpane.css HTTP/1.1" 404 690
183.60.24.53 - - [13/Mar/2026:09:38:00 +0800] "GET /InternetTrading/jquery/jquery.ba-postmessage.js HTTP/1.1" 200 2990
183.60.24.53 - - [13/Mar/2026:09:38:00 +0800] "GET /InternetTrading/jquery/jquery-1.6.3.min.js HTTP/1.1" 200 32057
183.60.24.53 - - [13/Mar/2026:09:38:00 +0800] "GET /InternetTrading/js/aastock.js HTTP/1.1" 200 553
183.60.24.53 - - [13/Mar/2026:09:38:00 +0800] "GET /InternetTrading/jquery/jquery-migrate-3.0.0.js HTTP/1.1" 200 4963
183.60.24.53 - - [13/Mar/2026:09:38:00 +0800] "GET /InternetTrading/js/cache.js?jsv=20200819161914 HTTP/1.1" 200 940
183.60.24.53 - - [13/Mar/2026:09:38:00 +0800] "GET /InternetTrading/jquery/jquery-3.3.1.js HTTP/1.1" 200 80650
183.60.24.53 - - [13/Mar/2026:09:38:00 +0800] "GET /InternetTrading/jquery/jquery-ui-1.10.3.js HTTP/1.1" 200 69642
183.60.24.53 - - [13/Mar/2026:09:38:00 +0800] "GET /InternetTrading/jquery/jquery.blockUI-2.66.0.js HTTP/1.1" 200 6651
183.60.24.53 - - [13/Mar/2026:09:38:00 +0800] "GET /InternetTrading/jquery/jquery.form-3.46.0.js HTTP/1.1" 200 5673
183.60.24.53 - - [13/Mar/2026:09:38:00 +0800] "GET /InternetTrading/jquery/jquery.validate-1.11.1.js HTTP/1.1" 200 7041
183.60.24.53 - - [13/Mar/2026:09:38:00 +0800] "GET /InternetTrading/js/atmosphere.js HTTP/1.1" 200 13461
183.60.24.53 - - [13/Mar/2026:09:38:00 +0800] "GET /InternetTrading/jquery/additional-methods.js HTTP/1.1" 200 2238
183.60.24.53 - - [13/Mar/2026:09:38:00 +0800] "GET /InternetTrading/jquery/jquery.mousewheel-3.1.4.js HTTP/1.1" 200 822
183.60.24.53 - - [13/Mar/2026:09:38:00 +0800] "GET /InternetTrading/jquery/jquery.tablesorter-2.14.5.js HTTP/1.1" 200 8901
183.60.24.53 - - [13/Mar/2026:09:38:00 +0800] "GET /InternetTrading/jquery/jquery.tablesorter.widgets-2.14.5.js HTTP/1.1" 200 8611
183.60.24.53 - - [13/Mar/2026:09:38:00 +0800] "GET /InternetTrading/jquery/jquery.combobox.packed.js HTTP/1.1" 200 3387
183.60.24.53 - - [13/Mar/2026:09:38:00 +0800] "GET /InternetTrading/jquery/jquery.timer-0.9.16.js HTTP/1.1" 200 542
183.60.24.53 - - [13/Mar/2026:09:38:00 +0800] "GET /InternetTrading/jquery/jquery.getParams.js HTTP/1.1" 200 587
219.73.99.100 - - [13/Mar/2026:09:38:00 +0800] "GET /InternetTrading/longpoll/55136?X-Atmosphere-tracking-id=0&X-Atmosphere-Framework=2.2.3-javascript&X-Atmosphere-Transport=long-polling&X-Atmosphere-TrackMessageSize=true&Content-Type=charset%3Dutf-8&X-atmo-protocol=true&_=1773366220424 HTTP/1.1" 200 -
183.60.24.53 - - [13/Mar/2026:09:38:00 +0800] "GET /InternetTrading/jquery/jquery.selectboxes.pack.js HTTP/1.1" 200 1640
183.60.24.53 - - [13/Mar/2026:09:38:00 +0800] "GET /InternetTrading/jquery/date.js HTTP/1.1" 200 2807
183.60.24.53 - - [13/Mar/2026:09:38:00 +0800] "GET /InternetTrading/json/json2.js?jsv=20200819161914 HTTP/1.1" 200 1372
183.60.24.53 - - [13/Mar/2026:09:38:00 +0800] "GET /InternetTrading/settings/crm_display_settings.js?jsv=20200819161914 HTTP/1.1" 200 1781
183.60.24.53 - - [13/Mar/2026:09:38:00 +0800] "GET /InternetTrading/jquery/globalize-0.1.0a1.js HTTP/1.1" 200 6984
183.60.24.53 - - [13/Mar/2026:09:38:00 +0800] "GET /InternetTrading/tc/user/translation.js?jsv=20200819161914 HTTP/1.1" 200 12818
183.60.24.53 - - [13/Mar/2026:09:38:00 +0800] "GET /InternetTrading/js/constants.js?jsv=20200819161914 HTTP/1.1" 200 400
183.60.24.53 - - [13/Mar/2026:09:38:00 +0800] "GET /InternetTrading/tc/user/custom_variables.js?jsv=20200819161914 HTTP/1.1" 200 275
183.60.24.53 - - [13/Mar/2026:09:38:00 +0800] "GET /InternetTrading/js/init.js?jsv=20200819161914 HTTP/1.1" 200 886
183.60.24.53 - - [13/Mar/2026:09:38:00 +0800] "GET /InternetTrading/js/haitong.js?jsv=20200819161914 HTTP/1.1" 200 3881
183.60.24.53 - - [13/Mar/2026:09:38:00 +0800] "GET /InternetTrading/js/util.js?jsv=20200819161914 HTTP/1.1" 200 6636
183.60.24.53 - - [13/Mar/2026:09:38:00 +0800] "GET /InternetTrading/js/rsautil.js?jsv=20200819161914 HTTP/1.1" 200 1017
183.60.24.53 - - [13/Mar/2026:09:38:00 +0800] "GET /InternetTrading/js/corporate.js?jsv=20200819161914 HTTP/1.1" 200 1575
183.60.24.53 - - [13/Mar/2026:09:38:00 +0800] "GET /InternetTrading/js/update_mdf.js?jsv=20200819161914 HTTP/1.1" 200 856
183.60.24.53 - - [13/Mar/2026:09:38:00 +0800] "GET /InternetTrading/js/validation_hkex.js?jsv=20200819161914 HTTP/1.1" 200 2300
183.60.24.53 - - [13/Mar/2026:09:38:00 +0800] "GET /InternetTrading/js/main.js?jsv=20200819161914 HTTP/1.1" 200 30725
183.60.24.53 - - [13/Mar/2026:09:38:00 +0800] "GET /InternetTrading/js/validation_bshare.js?jsv=20200819161914 HTTP/1.1" 200 1567
183.60.24.53 - - [13/Mar/2026:09:38:00 +0800] "GET /InternetTrading/js/validation_ashare.js?jsv=20200819161914 HTTP/1.1" 200 2482
183.60.24.53 - - [13/Mar/2026:09:38:00 +0800] "GET /InternetTrading/js/validation_global.js?jsv=20200819161914 HTTP/1.1" 200 1564
183.60.24.53 - - [13/Mar/2026:09:38:00 +0800] "GET /InternetTrading/js/account.js?jsv=20200819161914 HTTP/1.1" 200 2656
183.60.24.53 - - [13/Mar/2026:09:38:00 +0800] "GET /InternetTrading/js/ipo.js?jsv=20200819161914 HTTP/1.1" 200 5726
183.60.24.53 - - [13/Mar/2026:09:38:00 +0800] "GET /InternetTrading/js/cash_transfer.js?jsv=20200819161914 HTTP/1.1" 200 2712
183.60.24.53 - - [13/Mar/2026:09:38:00 +0800] "GET /InternetTrading/js/spread_cache.js?jsv=20200819161914 HTTP/1.1" 200 908
183.60.24.53 - - [13/Mar/2026:09:38:00 +0800] "GET /InternetTrading/js/mm.js?jsv=20200819161914 HTTP/1.1" 200 487
183.60.24.53 - - [13/Mar/2026:09:38:00 +0800] "GET /InternetTrading/js/isec_calculator.js?jsv=20200819161914 HTTP/1.1" 200 1364
183.60.24.53 - - [13/Mar/2026:09:38:00 +0800] "GET /InternetTrading/js/payment_instruction.js?jsv=20200819161914 HTTP/1.1" 200 2178
183.60.24.53 - - [13/Mar/2026:09:38:00 +0800] "GET /InternetTrading/js/payment_instruction_IMOS.js?jsv=20200819161914 HTTP/1.1" 200 6874
183.60.24.53 - - [13/Mar/2026:09:38:00 +0800] "GET /InternetTrading/js/eStatement.js?jsv=20200819161914 HTTP/1.1" 200 562
183.60.24.53 - - [13/Mar/2026:09:38:00 +0800] "GET /InternetTrading/ExchangeList?fmt=js&jsv=20200819161914 HTTP/1.1" 200 146
183.60.24.53 - - [13/Mar/2026:09:38:00 +0800] "GET /InternetTrading/js/string_extend.js?jsv=20200819161914 HTTP/1.1" 200 272
183.60.24.53 - - [13/Mar/2026:09:38:00 +0800] "GET /InternetTrading/js/pidcrypt.js?jsv=20200819161914 HTTP/1.1" 200 982
183.60.24.53 - - [13/Mar/2026:09:38:00 +0800] "GET /InternetTrading/js/pidcrypt_util.js?jsv=20200819161914 HTTP/1.1" 200 1206
183.60.24.53 - - [13/Mar/2026:09:38:00 +0800] "GET /InternetTrading/js/aes_cbc.js?jsv=20200819161914 HTTP/1.1" 200 2043
183.60.24.53 - - [13/Mar/2026:09:38:00 +0800] "GET /InternetTrading/js/aes_core.js?jsv=20200819161914 HTTP/1.1" 200 2106
183.60.24.53 - - [13/Mar/2026:09:38:00 +0800] "GET /InternetTrading/js/asn1.js?jsv=20200819161914 HTTP/1.1" 200 3099
183.60.24.53 - - [13/Mar/2026:09:38:00 +0800] "GET /InternetTrading/js/md5.js?jsv=20200819161914 HTTP/1.1" 200 1730
183.60.24.53 - - [13/Mar/2026:09:38:00 +0800] "GET /InternetTrading/js/sha256.js?jsv=20200819161914 HTTP/1.1" 200 1362
183.60.24.53 - - [13/Mar/2026:09:38:00 +0800] "GET /InternetTrading/js/jsbn.js?jsv=20200819161914 HTTP/1.1" 200 6736
183.60.24.53 - - [13/Mar/2026:09:38:00 +0800] "GET /InternetTrading/js/prng4.js?jsv=20200819161914 HTTP/1.1" 200 303
183.60.24.53 - - [13/Mar/2026:09:38:00 +0800] "GET /InternetTrading/js/rng.js?jsv=20200819161914 HTTP/1.1" 200 481
183.60.24.53 - - [13/Mar/2026:09:38:00 +0800] "GET /InternetTrading/js/rsa.js?jsv=20200819161914 HTTP/1.1" 200 1658
183.60.24.53 - - [13/Mar/2026:09:38:00 +0800] "GET /InternetTrading/js/utilSpec.js?jsv=20200819161914 HTTP/1.1" 200 27
183.60.24.53 - - [13/Mar/2026:09:38:00 +0800] "GET /InternetTrading/js/update_lastlogin.js?jsv=20200819161914 HTTP/1.1" 200 980
183.60.24.53 - - [13/Mar/2026:09:38:00 +0800] "GET /InternetTrading/js/aes.js?jsv=20200819161914 HTTP/1.1" 200 4816
183.60.24.53 - - [13/Mar/2026:09:38:00 +0800] "GET /InternetTrading/js/mode-ecb.js?jsv=20200819161914 HTTP/1.1" 200 199
183.60.24.53 - - [13/Mar/2026:09:38:00 +0800] "GET /InternetTrading/js/pw_alert.js?jsv=20200819161914 HTTP/1.1" 200 418
183.60.24.53 - - [13/Mar/2026:09:38:00 +0800] "GET /InternetTrading/js/jquery.cookie.js HTTP/1.1" 200 834
183.60.24.53 - - [13/Mar/2026:09:38:00 +0800] "GET /InternetTrading/tc/images/logo.png HTTP/1.1" 200 7042
183.60.24.53 - - [13/Mar/2026:09:38:00 +0800] "GET /InternetTrading/js/jquery.jscrollpane.js HTTP/1.1" 404 685
183.60.24.53 - - [13/Mar/2026:09:38:00 +0800] "GET /InternetTrading/js/jquery.mousewheel.js HTTP/1.1" 404 684
183.60.24.53 - - [13/Mar/2026:09:38:00 +0800] "GET /InternetTrading/GoodTillDateValidExch?fmt=js&jsv=20200819161914 HTTP/1.1" 200 29
183.60.24.53 - - [13/Mar/2026:09:38:00 +0800] "GET /InternetTrading/js/decimal.js HTTP/1.1" 200 13492
183.60.24.53 - - [13/Mar/2026:09:38:00 +0800] "GET /InternetTrading/tc/images/top_menu01.jpg HTTP/1.1" 200 3466
183.60.24.53 - - [13/Mar/2026:09:38:00 +0800] "GET /InternetTrading/tc/images/top_menu_logout.jpg HTTP/1.1" 200 1016
183.60.24.53 - - [13/Mar/2026:09:38:00 +0800] "GET /InternetTrading/tc/images/top_menu04.jpg HTTP/1.1" 200 3430
183.60.24.53 - - [13/Mar/2026:09:38:00 +0800] "GET /InternetTrading/images/top_bg1.jpg HTTP/1.1" 200 329
183.60.24.53 - - [13/Mar/2026:09:38:00 +0800] "GET /InternetTrading/images/top_bg3.jpg HTTP/1.1" 200 878
183.60.24.53 - - [13/Mar/2026:09:38:00 +0800] "GET /InternetTrading/images/top_bg2.jpg HTTP/1.1" 200 330
183.60.24.53 - - [13/Mar/2026:09:38:00 +0800] "GET /InternetTrading/tc/dialog.html?1773366220883 HTTP/1.1" 200 3188
183.60.24.53 - - [13/Mar/2026:09:38:00 +0800] "POST /InternetTrading/PopUpConfig HTTP/1.1" 200 2
183.60.24.53 - - [13/Mar/2026:09:38:00 +0800] "POST /InternetTrading/Heartbeat HTTP/1.1" 200 32
183.60.24.53 - - [13/Mar/2026:09:38:00 +0800] "POST /InternetTrading/CustomerInfoLite HTTP/1.1" 200 116
183.60.24.53 - - [13/Mar/2026:09:38:00 +0800] "GET /InternetTrading/tc/trade.html HTTP/1.1" 200 2113
183.60.24.53 - - [13/Mar/2026:09:38:00 +0800] "POST /InternetTrading/SpreadPriceCache HTTP/1.1" 200 1947
183.60.24.53 - - [13/Mar/2026:09:38:00 +0800] "GET /InternetTrading/jquery/wait.gif HTTP/1.1" 200 432
183.60.24.53 - - [13/Mar/2026:09:38:00 +0800] "GET /InternetTrading/tc/images/top_menu01_o.jpg HTTP/1.1" 200 3339
183.60.24.53 - - [13/Mar/2026:09:38:00 +0800] "POST /InternetTrading/SessionErrorLogger HTTP/1.1" 200 117
183.60.24.53 - - [13/Mar/2026:09:38:00 +0800] "POST /InternetTrading/GetLastLoginDate HTTP/1.1" 200 31
183.60.24.53 - - [13/Mar/2026:09:38:00 +0800] "POST /InternetTrading/SessionErrorLogger HTTP/1.1" 200 117
183.60.24.53 - - [13/Mar/2026:09:38:01 +0800] "GET /InternetTrading/tc/getpopupMsgName.jsp HTTP/1.1" 200 -
183.60.24.53 - - [13/Mar/2026:09:38:01 +0800] "GET /InternetTrading/tc/applet_dummy.html HTTP/1.1" 200 330
183.60.24.53 - - [13/Mar/2026:09:38:01 +0800] "POST /InternetTrading/SessionErrorLogger HTTP/1.1" 200 117
183.60.24.53 - - [13/Mar/2026:09:38:01 +0800] "POST /InternetTrading/SessionErrorLogger HTTP/1.1" 200 117
183.60.24.53 - - [13/Mar/2026:09:38:01 +0800] "GET /InternetTrading/tc/buy_ticket.html? HTTP/1.1" 200 1995
183.60.24.53 - - [13/Mar/2026:09:38:01 +0800] "POST /InternetTrading/MarketStatus HTTP/1.1" 200 772
183.60.24.53 - - [13/Mar/2026:09:38:01 +0800] "POST /InternetTrading/SessionErrorLogger HTTP/1.1" 200 117
183.60.24.53 - - [13/Mar/2026:09:38:01 +0800] "GET /InternetTrading/jquery/wait.gif HTTP/1.1" 200 432
183.60.24.53 - - [13/Mar/2026:09:38:01 +0800] "GET /InternetTrading/tc/multi_currency_balance.html HTTP/1.1" 200 295
183.60.24.53 - - [13/Mar/2026:09:38:01 +0800] "GET /InternetTrading/Home/PostToAA.jsp?hl=tc HTTP/1.1" 200 287
183.60.24.53 - - [13/Mar/2026:09:38:01 +0800] "GET /InternetTrading/tc/images/trade_point01.jpg HTTP/1.1" 200 358
183.60.24.53 - - [13/Mar/2026:09:38:01 +0800] "GET /InternetTrading/tc/images/refresh.gif HTTP/1.1" 200 1145
183.60.24.53 - - [13/Mar/2026:09:38:01 +0800] "GET /InternetTrading/jquery/images/ui-icons_222222_256x240.png HTTP/1.1" 200 6922
183.60.24.53 - - [13/Mar/2026:09:38:01 +0800] "GET /InternetTrading/jquery/images/ui-bg_flat_75_ffffff_40x100.png HTTP/1.1" 200 208
183.60.24.53 - - [13/Mar/2026:09:38:01 +0800] "POST /InternetTrading/SessionErrorLogger HTTP/1.1" 200 117
183.60.24.53 - - [13/Mar/2026:09:38:01 +0800] "POST /InternetTrading/SessionErrorLogger HTTP/1.1" 200 117
183.60.24.53 - - [13/Mar/2026:09:38:01 +0800] "POST /InternetTrading/MarketStatus HTTP/1.1" 200 772
183.60.24.53 - - [13/Mar/2026:09:38:01 +0800] "POST /InternetTrading/MarketStatus HTTP/1.1" 200 772
120.230.125.143 - - [13/Mar/2026:09:38:02 +0800] "GET /InternetTrading/longpoll/13975?X-Atmosphere-tracking-id=0&X-Atmosphere-Framework=2.2.3-javascript&X-Atmosphere-Transport=long-polling&X-Atmosphere-TrackMessageSize=true&Content-Type=charset%3Dutf-8&X-atmo-protocol=true&_=1773366226394 HTTP/1.1" 200 -
119.136.154.51 - - [13/Mar/2026:09:38:02 +0800] "GET /InternetTrading/longpoll/51803?X-Atmosphere-tracking-id=0&X-Atmosphere-Framework=2.2.3-javascript&X-Atmosphere-Transport=long-polling&X-Atmosphere-TrackMessageSize=true&Content-Type=charset%3Dutf-8&X-atmo-protocol=true&_=1773366223233 HTTP/1.1" 200 -
219.73.99.100 - - [13/Mar/2026:09:38:03 +0800] "POST /InternetTrading/SessionErrorLogger HTTP/1.1" 200 117
219.73.99.100 - - [13/Mar/2026:09:38:03 +0800] "POST /InternetTrading/Heartbeat HTTP/1.1" 200 32
183.60.24.53 - - [13/Mar/2026:09:38:03 +0800] "POST /InternetTrading/SessionErrorLogger HTTP/1.1" 200 117
183.60.24.53 - - [13/Mar/2026:09:38:03 +0800] "POST /InternetTrading/CustomerInfo HTTP/1.1" 200 205
219.73.99.100 - - [13/Mar/2026:09:38:03 +0800] "POST /InternetTrading/SessionErrorLogger HTTP/1.1" 200 117
183.60.24.53 - - [13/Mar/2026:09:38:03 +0800] "POST /InternetTrading/SessionErrorLogger HTTP/1.1" 200 117
219.73.99.100 - - [13/Mar/2026:09:38:03 +0800] "POST /InternetTrading/MarketStatus HTTP/1.1" 200 772
183.60.24.53 - - [13/Mar/2026:09:38:03 +0800] "POST /InternetTrading/SessionErrorLogger HTTP/1.1" 200 117
183.60.24.53 - - [13/Mar/2026:09:38:03 +0800] "POST /InternetTrading/MarketStatus HTTP/1.1" 200 772
183.60.24.53 - - [13/Mar/2026:09:38:03 +0800] "GET /InternetTrading/jquery/wait.gif HTTP/1.1" 200 432
183.60.24.53 - - [13/Mar/2026:09:38:03 +0800] "POST /InternetTrading/SessionErrorLogger HTTP/1.1" 200 117
14.0.172.252 - - [13/Mar/2026:09:38:03 +0800] "GET /InternetTrading/longpoll/A8127?X-Atmosphere-tracking-id=0&X-Atmosphere-Framework=2.2.3-javascript&X-Atmosphere-Transport=long-polling&X-Atmosphere-TrackMessageSize=true&Content-Type=charset%3Dutf-8&X-atmo-protocol=true&_=1773366225773 HTTP/1.1" 200 -
183.60.24.53 - - [13/Mar/2026:09:38:03 +0800] "POST /InternetTrading/LongPollingConfig HTTP/1.1" 200 4
183.60.24.53 - - [13/Mar/2026:09:38:03 +0800] "POST /InternetTrading/SessionErrorLogger HTTP/1.1" 200 117
183.60.24.53 - - [13/Mar/2026:09:38:03 +0800] "GET /InternetTrading/longpoll/54083?X-Atmosphere-tracking-id=0&X-Atmosphere-Framework=2.2.3-javascript&X-Atmosphere-Transport=long-polling&X-Atmosphere-TrackMessageSize=true&Content-Type=charset%3Dutf-8&X-atmo-protocol=true&_=1773366223559 HTTP/1.1" 200 -
183.60.24.53 - - [13/Mar/2026:09:38:03 +0800] "GET /InternetTrading/tc/account_status.html HTTP/1.1" 200 426
183.60.24.53 - - [13/Mar/2026:09:38:03 +0800] "GET /InternetTrading/jquery/wait.gif HTTP/1.1" 200 432
183.60.24.53 - - [13/Mar/2026:09:38:03 +0800] "POST /InternetTrading/SessionErrorLogger HTTP/1.1" 200 117
183.60.24.53 - - [13/Mar/2026:09:38:03 +0800] "POST /InternetTrading/Portfolio HTTP/1.1" 200 1613
223.197.189.207 - - [13/Mar/2026:09:38:04 +0800] "GET /InternetTrading/longpoll/M7928?X-Atmosphere-tracking-id=0&X-Atmosphere-Framework=2.2.3-javascript&X-Atmosphere-Transport=long-polling&X-Atmosphere-TrackMessageSize=true&Content-Type=charset%3Dutf-8&X-atmo-protocol=true&_=1773366224320 HTTP/1.1" 200 -
219.73.99.100 - - [13/Mar/2026:09:38:05 +0800] "GET /InternetTrading/longpoll/55136?X-Atmosphere-tracking-id=0&X-Atmosphere-Framework=2.2.3-javascript&X-Atmosphere-Transport=long-polling&X-Atmosphere-TrackMessageSize=true&Content-Type=charset%3Dutf-8&X-atmo-protocol=true&_=1773366225459 HTTP/1.1" 200 -
120.230.125.143 - - [13/Mar/2026:09:38:08 +0800] "GET /InternetTrading/longpoll/13975?X-Atmosphere-tracking-id=0&X-Atmosphere-Framework=2.2.3-javascript&X-Atmosphere-Transport=long-polling&X-Atmosphere-TrackMessageSize=true&Content-Type=charset%3Dutf-8&X-atmo-protocol=true&_=1773366232393 HTTP/1.1" 200 -
14.0.172.252 - - [13/Mar/2026:09:38:08 +0800] "GET /InternetTrading/longpoll/A8127?X-Atmosphere-tracking-id=0&X-Atmosphere-Framework=2.2.3-javascript&X-Atmosphere-Transport=long-polling&X-Atmosphere-TrackMessageSize=true&Content-Type=charset%3Dutf-8&X-atmo-protocol=true&_=1773366230878 HTTP/1.1" 200 -
183.60.24.53 - - [13/Mar/2026:09:38:08 +0800] "GET /InternetTrading/longpoll/54083?X-Atmosphere-tracking-id=0&X-Atmosphere-Framework=2.2.3-javascript&X-Atmosphere-Transport=long-polling&X-Atmosphere-TrackMessageSize=true&Content-Type=charset%3Dutf-8&X-atmo-protocol=true&_=1773366228592 HTTP/1.1" 200 -
119.136.154.51 - - [13/Mar/2026:09:38:08 +0800] "GET /InternetTrading/longpoll/51803?X-Atmosphere-tracking-id=0&X-Atmosphere-Framework=2.2.3-javascript&X-Atmosphere-Transport=long-polling&X-Atmosphere-TrackMessageSize=true&Content-Type=charset%3Dutf-8&X-atmo-protocol=true&_=1773366229228 HTTP/1.1" 200 -
120.230.125.143 - - [13/Mar/2026:09:38:09 +0800] "POST /InternetTrading/SessionErrorLogger HTTP/1.1" 200 117
120.230.125.143 - - [13/Mar/2026:09:38:09 +0800] "POST /InternetTrading/Heartbeat HTTP/1.1" 200 32
120.230.125.143 - - [13/Mar/2026:09:38:09 +0800] "POST /InternetTrading/SessionErrorLogger HTTP/1.1" 200 117
120.230.125.143 - - [13/Mar/2026:09:38:09 +0800] "POST /InternetTrading/MarketStatus HTTP/1.1" 200 772
223.197.189.207 - - [13/Mar/2026:09:38:10 +0800] "GET /InternetTrading/longpoll/M7928?X-Atmosphere-tracking-id=0&X-Atmosphere-Framework=2.2.3-javascript&X-Atmosphere-Transport=long-polling&X-Atmosphere-TrackMessageSize=true&Content-Type=charset%3Dutf-8&X-atmo-protocol=true&_=1773366230324 HTTP/1.1" 200 -
219.73.99.100 - - [13/Mar/2026:09:38:10 +0800] "GET /InternetTrading/longpoll/55136?X-Atmosphere-tracking-id=0&X-Atmosphere-Framework=2.2.3-javascript&X-Atmosphere-Transport=long-polling&X-Atmosphere-TrackMessageSize=true&Content-Type=charset%3Dutf-8&X-atmo-protocol=true&_=1773366230479 HTTP/1.1" 200 -
14.0.172.252 - - [13/Mar/2026:09:38:13 +0800] "GET /InternetTrading/longpoll/A8127?X-Atmosphere-tracking-id=0&X-Atmosphere-Framework=2.2.3-javascript&X-Atmosphere-Transport=long-polling&X-Atmosphere-TrackMessageSize=true&Content-Type=charset%3Dutf-8&X-atmo-protocol=true&_=1773366235995 HTTP/1.1" 200 -
183.60.24.53 - - [13/Mar/2026:09:38:13 +0800] "GET /InternetTrading/longpoll/54083?X-Atmosphere-tracking-id=0&X-Atmosphere-Framework=2.2.3-javascript&X-Atmosphere-Transport=long-polling&X-Atmosphere-TrackMessageSize=true&Content-Type=charset%3Dutf-8&X-atmo-protocol=true&_=1773366233667 HTTP/1.1" 200 -
120.230.125.143 - - [13/Mar/2026:09:38:14 +0800] "GET /InternetTrading/longpoll/13975?X-Atmosphere-tracking-id=0&X-Atmosphere-Framework=2.2.3-javascript&X-Atmosphere-Transport=long-polling&X-Atmosphere-TrackMessageSize=true&Content-Type=charset%3Dutf-8&X-atmo-protocol=true&_=1773366238393 HTTP/1.1" 200 -
119.136.154.51 - - [13/Mar/2026:09:38:14 +0800] "GET /InternetTrading/longpoll/51803?X-Atmosphere-tracking-id=0&X-Atmosphere-Framework=2.2.3-javascript&X-Atmosphere-Transport=long-polling&X-Atmosphere-TrackMessageSize=true&Content-Type=charset%3Dutf-8&X-atmo-protocol=true&_=1773366235225 HTTP/1.1" 200 -
219.73.99.100 - - [13/Mar/2026:09:38:15 +0800] "GET /InternetTrading/longpoll/55136?X-Atmosphere-tracking-id=0&X-Atmosphere-Framework=2.2.3-javascript&X-Atmosphere-Transport=long-polling&X-Atmosphere-TrackMessageSize=true&Content-Type=charset%3Dutf-8&X-atmo-protocol=true&_=1773366235499 HTTP/1.1" 200 -
14.0.172.252 - - [13/Mar/2026:09:38:15 +0800] "POST /InternetTrading/SessionErrorLogger HTTP/1.1" 200 117
14.0.172.252 - - [13/Mar/2026:09:38:15 +0800] "POST /InternetTrading/Heartbeat HTTP/1.1" 200 32
14.0.172.252 - - [13/Mar/2026:09:38:16 +0800] "POST /InternetTrading/SessionErrorLogger HTTP/1.1" 200 117
14.0.172.252 - - [13/Mar/2026:09:38:16 +0800] "POST /InternetTrading/MarketStatus HTTP/1.1" 200 772
223.197.189.207 - - [13/Mar/2026:09:38:16 +0800] "GET /InternetTrading/longpoll/M7928?X-Atmosphere-tracking-id=0&X-Atmosphere-Framework=2.2.3-javascript&X-Atmosphere-Transport=long-polling&X-Atmosphere-TrackMessageSize=true&Content-Type=charset%3Dutf-8&X-atmo-protocol=true&_=1773366236320 HTTP/1.1" 200 -
14.0.172.252 - - [13/Mar/2026:09:38:18 +0800] "GET /InternetTrading/longpoll/A8127?X-Atmosphere-tracking-id=0&X-Atmosphere-Framework=2.2.3-javascript&X-Atmosphere-Transport=long-polling&X-Atmosphere-TrackMessageSize=true&Content-Type=charset%3Dutf-8&X-atmo-protocol=true&_=1773366241105 HTTP/1.1" 200 -
183.60.24.53 - - [13/Mar/2026:09:38:19 +0800] "GET /InternetTrading/longpoll/54083?X-Atmosphere-tracking-id=0&X-Atmosphere-Framework=2.2.3-javascript&X-Atmosphere-Transport=long-polling&X-Atmosphere-TrackMessageSize=true&Content-Type=charset%3Dutf-8&X-atmo-protocol=true&_=1773366239455 HTTP/1.1" 200 -
120.230.125.143 - - [13/Mar/2026:09:38:20 +0800] "GET /InternetTrading/longpoll/13975?X-Atmosphere-tracking-id=0&X-Atmosphere-Framework=2.2.3-javascript&X-Atmosphere-Transport=long-polling&X-Atmosphere-TrackMessageSize=true&Content-Type=charset%3Dutf-8&X-atmo-protocol=true&_=1773366244400 HTTP/1.1" 200 -
219.73.99.100 - - [13/Mar/2026:09:38:20 +0800] "GET /InternetTrading/longpoll/55136?X-Atmosphere-tracking-id=0&X-Atmosphere-Framework=2.2.3-javascript&X-Atmosphere-Transport=long-polling&X-Atmosphere-TrackMessageSize=true&Content-Type=charset%3Dutf-8&X-atmo-protocol=true&_=1773366240517 HTTP/1.1" 200 -
119.136.154.51 - - [13/Mar/2026:09:38:20 +0800] "GET /InternetTrading/longpoll/51803?X-Atmosphere-tracking-id=0&X-Atmosphere-Framework=2.2.3-javascript&X-Atmosphere-Transport=long-polling&X-Atmosphere-TrackMessageSize=true&Content-Type=charset%3Dutf-8&X-atmo-protocol=true&_=1773366241229 HTTP/1.1" 200 -
223.197.189.207 - - [13/Mar/2026:09:38:22 +0800] "GET /InternetTrading/longpoll/M7928?X-Atmosphere-tracking-id=0&X-Atmosphere-Framework=2.2.3-javascript&X-Atmosphere-Transport=long-polling&X-Atmosphere-TrackMessageSize=true&Content-Type=charset%3Dutf-8&X-atmo-protocol=true&_=1773366242322 HTTP/1.1" 200 -
14.0.172.252 - - [13/Mar/2026:09:38:24 +0800] "GET /InternetTrading/longpoll/A8127?X-Atmosphere-tracking-id=0&X-Atmosphere-Framework=2.2.3-javascript&X-Atmosphere-Transport=long-polling&X-Atmosphere-TrackMessageSize=true&Content-Type=charset%3Dutf-8&X-atmo-protocol=true&_=1773366246166 HTTP/1.1" 200 -
183.60.24.53 - - [13/Mar/2026:09:38:25 +0800] "GET /InternetTrading/longpoll/54083?X-Atmosphere-tracking-id=0&X-Atmosphere-Framework=2.2.3-javascript&X-Atmosphere-Transport=long-polling&X-Atmosphere-TrackMessageSize=true&Content-Type=charset%3Dutf-8&X-atmo-protocol=true&_=1773366245447 HTTP/1.1" 200 -
219.73.99.100 - - [13/Mar/2026:09:38:25 +0800] "GET /InternetTrading/longpoll/55136?X-Atmosphere-tracking-id=0&X-Atmosphere-Framework=2.2.3-javascript&X-Atmosphere-Transport=long-polling&X-Atmosphere-TrackMessageSize=true&Content-Type=charset%3Dutf-8&X-atmo-protocol=true&_=1773366245532 HTTP/1.1" 200 -
120.230.125.143 - - [13/Mar/2026:09:38:26 +0800] "GET /InternetTrading/longpoll/13975?X-Atmosphere-tracking-id=0&X-Atmosphere-Framework=2.2.3-javascript&X-Atmosphere-Transport=long-polling&X-Atmosphere-TrackMessageSize=true&Content-Type=charset%3Dutf-8&X-atmo-protocol=true&_=1773366250395 HTTP/1.1" 200 -
119.136.154.51 - - [13/Mar/2026:09:38:26 +0800] "GET /InternetTrading/longpoll/51803?X-Atmosphere-tracking-id=0&X-Atmosphere-Framework=2.2.3-javascript&X-Atmosphere-Transport=long-polling&X-Atmosphere-TrackMessageSize=true&Content-Type=charset%3Dutf-8&X-atmo-protocol=true&_=1773366247232 HTTP/1.1" 200 -
223.197.189.207 - - [13/Mar/2026:09:38:28 +0800] "GET /InternetTrading/longpoll/M7928?X-Atmosphere-tracking-id=0&X-Atmosphere-Framework=2.2.3-javascript&X-Atmosphere-Transport=long-polling&X-Atmosphere-TrackMessageSize=true&Content-Type=charset%3Dutf-8&X-atmo-protocol=true&_=1773366248329 HTTP/1.1" 200 -
14.0.172.252 - - [13/Mar/2026:09:38:29 +0800] "GET /InternetTrading/longpoll/A8127?X-Atmosphere-tracking-id=0&X-Atmosphere-Framework=2.2.3-javascript&X-Atmosphere-Transport=long-polling&X-Atmosphere-TrackMessageSize=true&Content-Type=charset%3Dutf-8&X-atmo-protocol=true&_=1773366251568 HTTP/1.1" 200 -
223.197.189.207 - - [13/Mar/2026:09:38:30 +0800] "POST /InternetTrading/SessionErrorLogger HTTP/1.1" 200 117
223.197.189.207 - - [13/Mar/2026:09:38:30 +0800] "POST /InternetTrading/Heartbeat HTTP/1.1" 200 32
223.197.189.207 - - [13/Mar/2026:09:38:30 +0800] "POST /InternetTrading/SessionErrorLogger HTTP/1.1" 200 117
223.197.189.207 - - [13/Mar/2026:09:38:30 +0800] "POST /InternetTrading/MarketStatus HTTP/1.1" 200 772
219.73.99.100 - - [13/Mar/2026:09:38:30 +0800] "GET /InternetTrading/longpoll/55136?X-Atmosphere-tracking-id=0&X-Atmosphere-Framework=2.2.3-javascript&X-Atmosphere-Transport=long-polling&X-Atmosphere-TrackMessageSize=true&Content-Type=charset%3Dutf-8&X-atmo-protocol=true&_=1773366250548 HTTP/1.1" 200 -
183.60.24.53 - - [13/Mar/2026:09:38:31 +0800] "GET /InternetTrading/longpoll/54083?X-Atmosphere-tracking-id=0&X-Atmosphere-Framework=2.2.3-javascript&X-Atmosphere-Transport=long-polling&X-Atmosphere-TrackMessageSize=true&Content-Type=charset%3Dutf-8&X-atmo-protocol=true&_=1773366251452 HTTP/1.1" 200 -
183.60.24.53 - - [13/Mar/2026:09:38:31 +0800] "POST /InternetTrading/SessionErrorLogger HTTP/1.1" 200 117
183.60.24.53 - - [13/Mar/2026:09:38:31 +0800] "POST /InternetTrading/Heartbeat HTTP/1.1" 200 32
183.60.24.53 - - [13/Mar/2026:09:38:32 +0800] "POST /InternetTrading/SessionErrorLogger HTTP/1.1" 200 117
120.230.125.143 - - [13/Mar/2026:09:38:32 +0800] "GET /InternetTrading/longpoll/13975?X-Atmosphere-tracking-id=0&X-Atmosphere-Framework=2.2.3-javascript&X-Atmosphere-Transport=long-polling&X-Atmosphere-TrackMessageSize=true&Content-Type=charset%3Dutf-8&X-atmo-protocol=true&_=1773366256396 HTTP/1.1" 200 -
183.60.24.53 - - [13/Mar/2026:09:38:32 +0800] "POST /InternetTrading/MarketStatus HTTP/1.1" 200 772
119.136.154.51 - - [13/Mar/2026:09:38:32 +0800] "GET /InternetTrading/longpoll/51803?X-Atmosphere-tracking-id=0&X-Atmosphere-Framework=2.2.3-javascript&X-Atmosphere-Transport=long-polling&X-Atmosphere-TrackMessageSize=true&Content-Type=charset%3Dutf-8&X-atmo-protocol=true&_=1773366253224 HTTP/1.1" 200 -
219.73.99.100 - - [13/Mar/2026:09:38:33 +0800] "POST /InternetTrading/SessionErrorLogger HTTP/1.1" 200 117
219.73.99.100 - - [13/Mar/2026:09:38:33 +0800] "POST /InternetTrading/Heartbeat HTTP/1.1" 200 32
219.73.99.100 - - [13/Mar/2026:09:38:33 +0800] "POST /InternetTrading/SessionErrorLogger HTTP/1.1" 200 117
219.73.99.100 - - [13/Mar/2026:09:38:33 +0800] "POST /InternetTrading/MarketStatus HTTP/1.1" 200 772
223.197.189.207 - - [13/Mar/2026:09:38:34 +0800] "GET /InternetTrading/longpoll/M7928?X-Atmosphere-tracking-id=0&X-Atmosphere-Framework=2.2.3-javascript&X-Atmosphere-Transport=long-polling&X-Atmosphere-TrackMessageSize=true&Content-Type=charset%3Dutf-8&X-atmo-protocol=true&_=1773366254322 HTTP/1.1" 200 -
14.0.172.252 - - [13/Mar/2026:09:38:34 +0800] "GET /InternetTrading/longpoll/A8127?X-Atmosphere-tracking-id=0&X-Atmosphere-Framework=2.2.3-javascript&X-Atmosphere-Transport=long-polling&X-Atmosphere-TrackMessageSize=true&Content-Type=charset%3Dutf-8&X-atmo-protocol=true&_=1773366256686 HTTP/1.1" 200 -
219.73.99.100 - - [13/Mar/2026:09:38:35 +0800] "GET /InternetTrading/longpoll/55136?X-Atmosphere-tracking-id=0&X-Atmosphere-Framework=2.2.3-javascript&X-Atmosphere-Transport=long-polling&X-Atmosphere-TrackMessageSize=true&Content-Type=charset%3Dutf-8&X-atmo-protocol=true&_=1773366255568 HTTP/1.1" 200 -
183.60.24.53 - - [13/Mar/2026:09:38:36 +0800] "GET /InternetTrading/longpoll/54083?X-Atmosphere-tracking-id=0&X-Atmosphere-Framework=2.2.3-javascript&X-Atmosphere-Transport=long-polling&X-Atmosphere-TrackMessageSize=true&Content-Type=charset%3Dutf-8&X-atmo-protocol=true&_=1773366256573 HTTP/1.1" 200 -
183.60.24.53 - - [13/Mar/2026:09:38:37 +0800] "POST /InternetTrading/SessionErrorLogger HTTP/1.1" 200 117
183.60.24.53 - - [13/Mar/2026:09:38:37 +0800] "GET /InternetTrading/tc/sell_ticket.html? HTTP/1.1" 200 2261
183.60.24.53 - - [13/Mar/2026:09:38:37 +0800] "POST /InternetTrading/SessionErrorLogger HTTP/1.1" 200 117
183.60.24.53 - - [13/Mar/2026:09:38:37 +0800] "POST /InternetTrading/MarketStatus HTTP/1.1" 200 772
183.60.24.53 - - [13/Mar/2026:09:38:37 +0800] "POST /InternetTrading/SessionErrorLogger HTTP/1.1" 200 117
183.60.24.53 - - [13/Mar/2026:09:38:37 +0800] "POST /InternetTrading/MarketStatus HTTP/1.1" 200 772
183.60.24.53 - - [13/Mar/2026:09:38:37 +0800] "POST /InternetTrading/SessionErrorLogger HTTP/1.1" 200 117
183.60.24.53 - - [13/Mar/2026:09:38:37 +0800] "POST /InternetTrading/SessionErrorLogger HTTP/1.1" 200 117
183.60.24.53 - - [13/Mar/2026:09:38:37 +0800] "POST /InternetTrading/Product HTTP/1.1" 200 310
183.60.24.53 - - [13/Mar/2026:09:38:37 +0800] "POST /InternetTrading/OrderMaxQuantity HTTP/1.1" 200 9
120.230.125.143 - - [13/Mar/2026:09:38:38 +0800] "GET /InternetTrading/longpoll/13975?X-Atmosphere-tracking-id=0&X-Atmosphere-Framework=2.2.3-javascript&X-Atmosphere-Transport=long-polling&X-Atmosphere-TrackMessageSize=true&Content-Type=charset%3Dutf-8&X-atmo-protocol=true&_=1773366262396 HTTP/1.1" 200 -
119.136.154.51 - - [13/Mar/2026:09:38:38 +0800] "GET /InternetTrading/longpoll/51803?X-Atmosphere-tracking-id=0&X-Atmosphere-Framework=2.2.3-javascript&X-Atmosphere-Transport=long-polling&X-Atmosphere-TrackMessageSize=true&Content-Type=charset%3Dutf-8&X-atmo-protocol=true&_=1773366259228 HTTP/1.1" 200 -
14.0.172.252 - - [13/Mar/2026:09:38:39 +0800] "GET /InternetTrading/longpoll/A8127?X-Atmosphere-tracking-id=0&X-Atmosphere-Framework=2.2.3-javascript&X-Atmosphere-Transport=long-polling&X-Atmosphere-TrackMessageSize=true&Content-Type=charset%3Dutf-8&X-atmo-protocol=true&_=1773366262099 HTTP/1.1" 200 -
