14.0.153.77 - - [13/Mar/2026:09:51:12 +0800] "GET /InternetTrading/tc/style_common.css?v=20200819161914 HTTP/1.1" 200 2540
14.0.153.77 - - [13/Mar/2026:09:51:12 +0800] "GET /InternetTrading/jquery/jquery-3.3.1.js HTTP/1.1" 200 80650
14.0.153.77 - - [13/Mar/2026:09:51:12 +0800] "GET /InternetTrading/js/atmosphere.js HTTP/1.1" 200 13461
14.0.153.77 - - [13/Mar/2026:09:51:12 +0800] "GET /InternetTrading/jquery/jquery-ui-1.10.3.js HTTP/1.1" 200 69642
14.0.153.77 - - [13/Mar/2026:09:51:12 +0800] "GET /InternetTrading/js/cache.js?jsv=20200819161914 HTTP/1.1" 200 940
14.0.153.77 - - [13/Mar/2026:09:51:12 +0800] "GET /InternetTrading/jquery/jquery-migrate-3.0.0.js HTTP/1.1" 200 4963
14.0.153.77 - - [13/Mar/2026:09:51:12 +0800] "GET /InternetTrading/jquery/jquery.form-3.46.0.js HTTP/1.1" 200 5673
14.0.153.77 - - [13/Mar/2026:09:51:12 +0800] "GET /InternetTrading/jquery/additional-methods.js HTTP/1.1" 200 2238
14.0.153.77 - - [13/Mar/2026:09:51:12 +0800] "GET /InternetTrading/jquery/jquery.blockUI-2.66.0.js HTTP/1.1" 200 6651
14.0.153.77 - - [13/Mar/2026:09:51:12 +0800] "GET /InternetTrading/jquery/jquery.validate-1.11.1.js HTTP/1.1" 200 7041
14.0.153.77 - - [13/Mar/2026:09:51:12 +0800] "GET /InternetTrading/jquery/jquery.mousewheel-3.1.4.js HTTP/1.1" 200 822
14.0.153.77 - - [13/Mar/2026:09:51:12 +0800] "GET /InternetTrading/jquery/jquery.tablesorter-2.14.5.js HTTP/1.1" 200 8901
14.0.153.77 - - [13/Mar/2026:09:51:12 +0800] "GET /InternetTrading/jquery/jquery.tablesorter.widgets-2.14.5.js HTTP/1.1" 200 8611
14.0.153.77 - - [13/Mar/2026:09:51:12 +0800] "GET /InternetTrading/jquery/jquery.combobox.packed.js HTTP/1.1" 200 3387
14.0.153.77 - - [13/Mar/2026:09:51:12 +0800] "GET /InternetTrading/jquery/jquery.timer-0.9.16.js HTTP/1.1" 200 542
14.0.153.77 - - [13/Mar/2026:09:51:12 +0800] "GET /InternetTrading/jquery/jquery.getParams.js HTTP/1.1" 200 587
14.0.153.77 - - [13/Mar/2026:09:51:12 +0800] "GET /InternetTrading/jquery/jquery.selectboxes.pack.js HTTP/1.1" 200 1640
14.0.153.77 - - [13/Mar/2026:09:51:12 +0800] "GET /InternetTrading/jquery/date.js HTTP/1.1" 200 2807
14.0.153.77 - - [13/Mar/2026:09:51:12 +0800] "GET /InternetTrading/jquery/globalize-0.1.0a1.js HTTP/1.1" 200 6984
14.0.153.77 - - [13/Mar/2026:09:51:12 +0800] "GET /InternetTrading/json/json2.js?jsv=20200819161914 HTTP/1.1" 200 1372
14.0.153.77 - - [13/Mar/2026:09:51:13 +0800] "GET /InternetTrading/js/constants.js?jsv=20200819161914 HTTP/1.1" 200 400
14.0.153.77 - - [13/Mar/2026:09:51:13 +0800] "GET /InternetTrading/settings/crm_display_settings.js?jsv=20200819161914 HTTP/1.1" 200 1781
14.0.153.77 - - [13/Mar/2026:09:51:13 +0800] "GET /InternetTrading/tc/user/translation.js?jsv=20200819161914 HTTP/1.1" 200 12818
14.0.153.77 - - [13/Mar/2026:09:51:13 +0800] "GET /InternetTrading/tc/user/custom_variables.js?jsv=20200819161914 HTTP/1.1" 200 275
14.0.153.77 - - [13/Mar/2026:09:51:13 +0800] "GET /InternetTrading/js/haitong.js?jsv=20200819161914 HTTP/1.1" 200 3881
14.0.153.77 - - [13/Mar/2026:09:51:13 +0800] "GET /InternetTrading/js/util.js?jsv=20200819161914 HTTP/1.1" 200 6636
14.0.153.77 - - [13/Mar/2026:09:51:13 +0800] "GET /InternetTrading/js/init.js?jsv=20200819161914 HTTP/1.1" 200 886
14.0.153.77 - - [13/Mar/2026:09:51:13 +0800] "GET /InternetTrading/js/rsautil.js?jsv=20200819161914 HTTP/1.1" 200 1017
14.0.153.77 - - [13/Mar/2026:09:51:13 +0800] "GET /InternetTrading/js/corporate.js?jsv=20200819161914 HTTP/1.1" 200 1575
14.0.153.77 - - [13/Mar/2026:09:51:13 +0800] "GET /InternetTrading/js/main.js?jsv=20200819161914 HTTP/1.1" 200 30725
14.0.153.77 - - [13/Mar/2026:09:51:13 +0800] "GET /InternetTrading/js/update_mdf.js?jsv=20200819161914 HTTP/1.1" 200 856
14.0.153.77 - - [13/Mar/2026:09:51:13 +0800] "GET /InternetTrading/js/validation_bshare.js?jsv=20200819161914 HTTP/1.1" 200 1567
14.0.153.77 - - [13/Mar/2026:09:51:13 +0800] "GET /InternetTrading/js/validation_hkex.js?jsv=20200819161914 HTTP/1.1" 200 2300
14.0.153.77 - - [13/Mar/2026:09:51:13 +0800] "GET /InternetTrading/js/validation_global.js?jsv=20200819161914 HTTP/1.1" 200 1564
14.0.153.77 - - [13/Mar/2026:09:51:13 +0800] "GET /InternetTrading/js/validation_ashare.js?jsv=20200819161914 HTTP/1.1" 200 2482
14.0.153.77 - - [13/Mar/2026:09:51:13 +0800] "GET /InternetTrading/js/account.js?jsv=20200819161914 HTTP/1.1" 200 2656
14.0.153.77 - - [13/Mar/2026:09:51:13 +0800] "GET /InternetTrading/js/cash_transfer.js?jsv=20200819161914 HTTP/1.1" 200 2712
14.0.153.77 - - [13/Mar/2026:09:51:13 +0800] "GET /InternetTrading/js/mm.js?jsv=20200819161914 HTTP/1.1" 200 487
14.0.153.77 - - [13/Mar/2026:09:51:13 +0800] "GET /InternetTrading/js/spread_cache.js?jsv=20200819161914 HTTP/1.1" 200 908
14.0.153.77 - - [13/Mar/2026:09:51:13 +0800] "GET /InternetTrading/js/isec_calculator.js?jsv=20200819161914 HTTP/1.1" 200 1364
14.0.153.77 - - [13/Mar/2026:09:51:13 +0800] "GET /InternetTrading/js/ipo.js?jsv=20200819161914 HTTP/1.1" 200 5726
14.0.153.77 - - [13/Mar/2026:09:51:13 +0800] "GET /InternetTrading/js/eStatement.js?jsv=20200819161914 HTTP/1.1" 200 562
14.0.153.77 - - [13/Mar/2026:09:51:13 +0800] "GET /InternetTrading/js/payment_instruction.js?jsv=20200819161914 HTTP/1.1" 200 2178
14.0.153.77 - - [13/Mar/2026:09:51:13 +0800] "GET /InternetTrading/js/payment_instruction_IMOS.js?jsv=20200819161914 HTTP/1.1" 200 6874
14.0.153.77 - - [13/Mar/2026:09:51:13 +0800] "GET /InternetTrading/js/string_extend.js?jsv=20200819161914 HTTP/1.1" 200 272
14.0.153.77 - - [13/Mar/2026:09:51:13 +0800] "GET /InternetTrading/ExchangeList?fmt=js&jsv=20200819161914 HTTP/1.1" 200 146
14.0.153.77 - - [13/Mar/2026:09:51:13 +0800] "GET /InternetTrading/js/pidcrypt.js?jsv=20200819161914 HTTP/1.1" 200 982
14.0.153.77 - - [13/Mar/2026:09:51:13 +0800] "GET /InternetTrading/js/pidcrypt_util.js?jsv=20200819161914 HTTP/1.1" 200 1206
14.0.153.77 - - [13/Mar/2026:09:51:13 +0800] "GET /InternetTrading/js/aes_cbc.js?jsv=20200819161914 HTTP/1.1" 200 2043
14.0.153.77 - - [13/Mar/2026:09:51:13 +0800] "GET /InternetTrading/js/aes_core.js?jsv=20200819161914 HTTP/1.1" 200 2106
14.0.153.77 - - [13/Mar/2026:09:51:13 +0800] "GET /InternetTrading/js/asn1.js?jsv=20200819161914 HTTP/1.1" 200 3099
14.0.153.77 - - [13/Mar/2026:09:51:13 +0800] "GET /InternetTrading/js/md5.js?jsv=20200819161914 HTTP/1.1" 200 1730
14.0.153.77 - - [13/Mar/2026:09:51:13 +0800] "GET /InternetTrading/js/sha256.js?jsv=20200819161914 HTTP/1.1" 200 1362
14.0.153.77 - - [13/Mar/2026:09:51:13 +0800] "GET /InternetTrading/js/jsbn.js?jsv=20200819161914 HTTP/1.1" 200 6736
14.0.153.77 - - [13/Mar/2026:09:51:13 +0800] "GET /InternetTrading/js/prng4.js?jsv=20200819161914 HTTP/1.1" 200 303
14.0.153.77 - - [13/Mar/2026:09:51:13 +0800] "GET /InternetTrading/js/rng.js?jsv=20200819161914 HTTP/1.1" 200 481
14.0.153.77 - - [13/Mar/2026:09:51:13 +0800] "GET /InternetTrading/js/rsa.js?jsv=20200819161914 HTTP/1.1" 200 1658
14.0.153.77 - - [13/Mar/2026:09:51:13 +0800] "GET /InternetTrading/js/aes.js?jsv=20200819161914 HTTP/1.1" 200 4816
14.0.153.77 - - [13/Mar/2026:09:51:13 +0800] "GET /InternetTrading/js/utilSpec.js?jsv=20200819161914 HTTP/1.1" 200 27
14.0.153.77 - - [13/Mar/2026:09:51:13 +0800] "GET /InternetTrading/js/mode-ecb.js?jsv=20200819161914 HTTP/1.1" 200 199
14.0.153.77 - - [13/Mar/2026:09:51:13 +0800] "GET /InternetTrading/js/update_lastlogin.js?jsv=20200819161914 HTTP/1.1" 200 980
14.0.153.77 - - [13/Mar/2026:09:51:13 +0800] "GET /InternetTrading/js/pw_alert.js?jsv=20200819161914 HTTP/1.1" 200 418
14.0.153.77 - - [13/Mar/2026:09:51:13 +0800] "GET /InternetTrading/js/jquery.cookie.js HTTP/1.1" 200 834
14.0.153.77 - - [13/Mar/2026:09:51:13 +0800] "GET /InternetTrading/js/jquery.mousewheel.js HTTP/1.1" 404 684
14.0.153.77 - - [13/Mar/2026:09:51:13 +0800] "GET /InternetTrading/tc/css/jquery.jscrollpane.css HTTP/1.1" 404 690
14.0.153.77 - - [13/Mar/2026:09:51:13 +0800] "GET /InternetTrading/js/jquery.jscrollpane.js HTTP/1.1" 404 685
14.0.153.77 - - [13/Mar/2026:09:51:13 +0800] "GET /InternetTrading/js/decimal.js HTTP/1.1" 200 13492
14.0.153.77 - - [13/Mar/2026:09:51:13 +0800] "GET /InternetTrading/GoodTillDateValidExch?fmt=js&jsv=20200819161914 HTTP/1.1" 200 29
14.0.153.77 - - [13/Mar/2026:09:51:13 +0800] "GET /InternetTrading/tc/images/top_menu01.jpg HTTP/1.1" 200 3466
14.0.153.77 - - [13/Mar/2026:09:51:13 +0800] "GET /InternetTrading/tc/images/logo.png HTTP/1.1" 200 7042
14.0.153.77 - - [13/Mar/2026:09:51:13 +0800] "GET /InternetTrading/tc/images/top_menu_logout.jpg HTTP/1.1" 200 1016
14.0.153.77 - - [13/Mar/2026:09:51:13 +0800] "GET /InternetTrading/tc/images/top_menu04.jpg HTTP/1.1" 200 3430
14.0.153.77 - - [13/Mar/2026:09:51:13 +0800] "GET /InternetTrading/tc/dialog.html?1773367013457 HTTP/1.1" 200 3188
14.0.153.77 - - [13/Mar/2026:09:51:13 +0800] "POST /InternetTrading/PopUpConfig HTTP/1.1" 200 2
14.0.153.77 - - [13/Mar/2026:09:51:13 +0800] "GET /InternetTrading/images/top_bg1.jpg HTTP/1.1" 200 329
14.0.153.77 - - [13/Mar/2026:09:51:13 +0800] "GET /InternetTrading/images/top_bg3.jpg HTTP/1.1" 200 878
14.0.153.77 - - [13/Mar/2026:09:51:13 +0800] "POST /InternetTrading/Heartbeat HTTP/1.1" 200 32
14.0.153.77 - - [13/Mar/2026:09:51:13 +0800] "GET /InternetTrading/images/top_bg2.jpg HTTP/1.1" 200 330
14.0.153.77 - - [13/Mar/2026:09:51:13 +0800] "GET /InternetTrading/tc/images/top_menu01_o.jpg HTTP/1.1" 200 3339
14.0.153.77 - - [13/Mar/2026:09:51:13 +0800] "POST /InternetTrading/CustomerInfoLite HTTP/1.1" 200 118
14.0.153.77 - - [13/Mar/2026:09:51:13 +0800] "GET /InternetTrading/jquery/wait.gif HTTP/1.1" 200 432
14.0.153.77 - - [13/Mar/2026:09:51:13 +0800] "GET /InternetTrading/tc/images/trade_point01.jpg HTTP/1.1" 200 358
14.0.153.77 - - [13/Mar/2026:09:51:13 +0800] "GET /InternetTrading/tc/images/refresh.gif HTTP/1.1" 200 1145
14.0.153.77 - - [13/Mar/2026:09:51:13 +0800] "GET /InternetTrading/tc/trade.html HTTP/1.1" 200 2113
14.0.153.77 - - [13/Mar/2026:09:51:13 +0800] "POST /InternetTrading/SpreadPriceCache HTTP/1.1" 200 1947
14.0.153.77 - - [13/Mar/2026:09:51:13 +0800] "GET /InternetTrading/jquery/images/ui-icons_222222_256x240.png HTTP/1.1" 200 6922
14.0.153.77 - - [13/Mar/2026:09:51:13 +0800] "GET /InternetTrading/jquery/images/ui-bg_flat_75_ffffff_40x100.png HTTP/1.1" 200 208
14.0.153.77 - - [13/Mar/2026:09:51:13 +0800] "POST /InternetTrading/SessionErrorLogger HTTP/1.1" 200 117
14.0.153.77 - - [13/Mar/2026:09:51:13 +0800] "GET /InternetTrading/tc/buy_ticket.html? HTTP/1.1" 200 1995
14.0.153.77 - - [13/Mar/2026:09:51:13 +0800] "POST /InternetTrading/SessionErrorLogger HTTP/1.1" 200 117
14.0.153.77 - - [13/Mar/2026:09:51:13 +0800] "POST /InternetTrading/MarketStatus HTTP/1.1" 200 772
14.0.153.77 - - [13/Mar/2026:09:51:14 +0800] "POST /InternetTrading/SessionErrorLogger HTTP/1.1" 200 117
14.0.153.77 - - [13/Mar/2026:09:51:14 +0800] "GET /InternetTrading/tc/multi_currency_balance.html HTTP/1.1" 200 295
14.0.153.77 - - [13/Mar/2026:09:51:14 +0800] "GET /InternetTrading/tc/applet_dummy.html HTTP/1.1" 200 330
14.0.153.77 - - [13/Mar/2026:09:51:14 +0800] "POST /InternetTrading/SessionErrorLogger HTTP/1.1" 200 117
14.0.153.77 - - [13/Mar/2026:09:51:14 +0800] "POST /InternetTrading/SessionErrorLogger HTTP/1.1" 200 117
14.0.153.77 - - [13/Mar/2026:09:51:14 +0800] "POST /InternetTrading/MarketStatus HTTP/1.1" 200 772
14.0.153.77 - - [13/Mar/2026:09:51:14 +0800] "POST /InternetTrading/MarketStatus HTTP/1.1" 200 772
14.0.153.77 - - [13/Mar/2026:09:51:14 +0800] "POST /InternetTrading/SessionErrorLogger HTTP/1.1" 200 117
14.0.153.77 - - [13/Mar/2026:09:51:14 +0800] "POST /InternetTrading/GetLastLoginDate HTTP/1.1" 200 31
14.0.153.77 - - [13/Mar/2026:09:51:14 +0800] "POST /InternetTrading/SessionErrorLogger HTTP/1.1" 200 117
14.0.153.77 - - [13/Mar/2026:09:51:14 +0800] "GET /InternetTrading/tc/getpopupMsgName.jsp HTTP/1.1" 200 -
14.0.153.77 - - [13/Mar/2026:09:51:14 +0800] "GET /InternetTrading/Home/PostToAA.jsp?hl=tc HTTP/1.1" 200 287
14.0.153.77 - - [13/Mar/2026:09:51:16 +0800] "POST /InternetTrading/SessionErrorLogger HTTP/1.1" 200 117
14.0.153.77 - - [13/Mar/2026:09:51:16 +0800] "POST /InternetTrading/CustomerInfo HTTP/1.1" 200 208
219.73.99.100 - - [13/Mar/2026:09:51:16 +0800] "GET /InternetTrading/longpoll/55136?X-Atmosphere-tracking-id=0&X-Atmosphere-Framework=2.2.3-javascript&X-Atmosphere-Transport=long-polling&X-Atmosphere-TrackMessageSize=true&Content-Type=charset%3Dutf-8&X-atmo-protocol=true&_=1773367016105 HTTP/1.1" 200 -
14.0.153.77 - - [13/Mar/2026:09:51:16 +0800] "POST /InternetTrading/SessionErrorLogger HTTP/1.1" 200 117
14.0.153.77 - - [13/Mar/2026:09:51:16 +0800] "POST /InternetTrading/MarketStatus HTTP/1.1" 200 772
14.0.153.77 - - [13/Mar/2026:09:51:16 +0800] "POST /InternetTrading/SessionErrorLogger HTTP/1.1" 200 117
14.0.153.77 - - [13/Mar/2026:09:51:16 +0800] "POST /InternetTrading/SessionErrorLogger HTTP/1.1" 200 117
14.0.153.77 - - [13/Mar/2026:09:51:16 +0800] "POST /InternetTrading/LongPollingConfig HTTP/1.1" 200 4
14.0.153.77 - - [13/Mar/2026:09:51:16 +0800] "POST /InternetTrading/SessionErrorLogger HTTP/1.1" 200 117
14.0.153.77 - - [13/Mar/2026:09:51:16 +0800] "GET /InternetTrading/tc/account_status.html HTTP/1.1" 200 426
120.230.125.143 - - [13/Mar/2026:09:51:16 +0800] "GET /InternetTrading/longpoll/13975?X-Atmosphere-tracking-id=0&X-Atmosphere-Framework=2.2.3-javascript&X-Atmosphere-Transport=long-polling&X-Atmosphere-TrackMessageSize=true&Content-Type=charset%3Dutf-8&X-atmo-protocol=true&_=1773367020417 HTTP/1.1" 200 -
14.0.153.77 - - [13/Mar/2026:09:51:16 +0800] "GET /InternetTrading/longpoll/54822?X-Atmosphere-tracking-id=0&X-Atmosphere-Framework=2.2.3-javascript&X-Atmosphere-Transport=long-polling&X-Atmosphere-TrackMessageSize=true&Content-Type=charset%3Dutf-8&X-atmo-protocol=true&_=1773367016387 HTTP/1.1" 200 -
223.197.189.207 - - [13/Mar/2026:09:51:16 +0800] "GET /InternetTrading/longpoll/M7928?X-Atmosphere-tracking-id=0&X-Atmosphere-Framework=2.2.3-javascript&X-Atmosphere-Transport=long-polling&X-Atmosphere-TrackMessageSize=true&Content-Type=charset%3Dutf-8&X-atmo-protocol=true&_=1773367016322 HTTP/1.1" 200 -
14.0.153.77 - - [13/Mar/2026:09:51:16 +0800] "POST /InternetTrading/SessionErrorLogger HTTP/1.1" 200 117
14.0.153.77 - - [13/Mar/2026:09:51:16 +0800] "POST /InternetTrading/Portfolio HTTP/1.1" 200 1549
14.0.172.252 - - [13/Mar/2026:09:51:17 +0800] "POST /InternetTrading/SessionErrorLogger HTTP/1.1" 200 117
14.0.172.252 - - [13/Mar/2026:09:51:17 +0800] "POST /InternetTrading/Heartbeat HTTP/1.1" 200 32
14.0.172.252 - - [13/Mar/2026:09:51:17 +0800] "GET /InternetTrading/longpoll/A8127?X-Atmosphere-tracking-id=0&X-Atmosphere-Framework=2.2.3-javascript&X-Atmosphere-Transport=long-polling&X-Atmosphere-TrackMessageSize=true&Content-Type=charset%3Dutf-8&X-atmo-protocol=true&_=1773367020149 HTTP/1.1" 200 -
14.0.172.252 - - [13/Mar/2026:09:51:18 +0800] "POST /InternetTrading/SessionErrorLogger HTTP/1.1" 200 117
14.0.172.252 - - [13/Mar/2026:09:51:18 +0800] "POST /InternetTrading/MarketStatus HTTP/1.1" 200 772
119.136.154.51 - - [13/Mar/2026:09:51:18 +0800] "GET /InternetTrading/longpoll/51803?X-Atmosphere-tracking-id=0&X-Atmosphere-Framework=2.2.3-javascript&X-Atmosphere-Transport=long-polling&X-Atmosphere-TrackMessageSize=true&Content-Type=charset%3Dutf-8&X-atmo-protocol=true&_=1773367019235 HTTP/1.1" 200 -
219.73.99.100 - - [13/Mar/2026:09:51:21 +0800] "GET /InternetTrading/longpoll/55136?X-Atmosphere-tracking-id=0&X-Atmosphere-Framework=2.2.3-javascript&X-Atmosphere-Transport=long-polling&X-Atmosphere-TrackMessageSize=true&Content-Type=charset%3Dutf-8&X-atmo-protocol=true&_=1773367021148 HTTP/1.1" 200 -
14.0.153.77 - - [13/Mar/2026:09:51:21 +0800] "GET /InternetTrading/longpoll/54822?X-Atmosphere-tracking-id=0&X-Atmosphere-Framework=2.2.3-javascript&X-Atmosphere-Transport=long-polling&X-Atmosphere-TrackMessageSize=true&Content-Type=charset%3Dutf-8&X-atmo-protocol=true&_=1773367021506 HTTP/1.1" 200 -
120.230.125.143 - - [13/Mar/2026:09:51:22 +0800] "GET /InternetTrading/longpoll/13975?X-Atmosphere-tracking-id=0&X-Atmosphere-Framework=2.2.3-javascript&X-Atmosphere-Transport=long-polling&X-Atmosphere-TrackMessageSize=true&Content-Type=charset%3Dutf-8&X-atmo-protocol=true&_=1773367026417 HTTP/1.1" 200 -
223.197.189.207 - - [13/Mar/2026:09:51:22 +0800] "GET /InternetTrading/longpoll/M7928?X-Atmosphere-tracking-id=0&X-Atmosphere-Framework=2.2.3-javascript&X-Atmosphere-Transport=long-polling&X-Atmosphere-TrackMessageSize=true&Content-Type=charset%3Dutf-8&X-atmo-protocol=true&_=1773367022320 HTTP/1.1" 200 -
14.0.172.252 - - [13/Mar/2026:09:51:22 +0800] "GET /InternetTrading/longpoll/A8127?X-Atmosphere-tracking-id=0&X-Atmosphere-Framework=2.2.3-javascript&X-Atmosphere-Transport=long-polling&X-Atmosphere-TrackMessageSize=true&Content-Type=charset%3Dutf-8&X-atmo-protocol=true&_=1773367025275 HTTP/1.1" 200 -
119.136.154.51 - - [13/Mar/2026:09:51:24 +0800] "GET /InternetTrading/longpoll/51803?X-Atmosphere-tracking-id=0&X-Atmosphere-Framework=2.2.3-javascript&X-Atmosphere-Transport=long-polling&X-Atmosphere-TrackMessageSize=true&Content-Type=charset%3Dutf-8&X-atmo-protocol=true&_=1773367025224 HTTP/1.1" 200 -
219.73.99.100 - - [13/Mar/2026:09:51:26 +0800] "GET /InternetTrading/longpoll/55136?X-Atmosphere-tracking-id=0&X-Atmosphere-Framework=2.2.3-javascript&X-Atmosphere-Transport=long-polling&X-Atmosphere-TrackMessageSize=true&Content-Type=charset%3Dutf-8&X-atmo-protocol=true&_=1773367026193 HTTP/1.1" 200 -
14.0.172.252 - - [13/Mar/2026:09:51:27 +0800] "GET /InternetTrading/longpoll/A8127?X-Atmosphere-tracking-id=0&X-Atmosphere-Framework=2.2.3-javascript&X-Atmosphere-Transport=long-polling&X-Atmosphere-TrackMessageSize=true&Content-Type=charset%3Dutf-8&X-atmo-protocol=true&_=1773367030397 HTTP/1.1" 200 -
14.0.153.77 - - [13/Mar/2026:09:51:28 +0800] "GET /InternetTrading/longpoll/54822?X-Atmosphere-tracking-id=0&X-Atmosphere-Framework=2.2.3-javascript&X-Atmosphere-Transport=long-polling&X-Atmosphere-TrackMessageSize=true&Content-Type=charset%3Dutf-8&X-atmo-protocol=true&_=1773367026664 HTTP/1.1" 200 -
120.230.125.143 - - [13/Mar/2026:09:51:28 +0800] "GET /InternetTrading/longpoll/13975?X-Atmosphere-tracking-id=0&X-Atmosphere-Framework=2.2.3-javascript&X-Atmosphere-Transport=long-polling&X-Atmosphere-TrackMessageSize=true&Content-Type=charset%3Dutf-8&X-atmo-protocol=true&_=1773367032417 HTTP/1.1" 200 -
223.197.189.207 - - [13/Mar/2026:09:51:28 +0800] "GET /InternetTrading/longpoll/M7928?X-Atmosphere-tracking-id=0&X-Atmosphere-Framework=2.2.3-javascript&X-Atmosphere-Transport=long-polling&X-Atmosphere-TrackMessageSize=true&Content-Type=charset%3Dutf-8&X-atmo-protocol=true&_=1773367028324 HTTP/1.1" 200 -
223.197.189.207 - - [13/Mar/2026:09:51:30 +0800] "POST /InternetTrading/SessionErrorLogger HTTP/1.1" 200 117
223.197.189.207 - - [13/Mar/2026:09:51:30 +0800] "POST /InternetTrading/Heartbeat HTTP/1.1" 200 32
223.197.189.207 - - [13/Mar/2026:09:51:30 +0800] "POST /InternetTrading/SessionErrorLogger HTTP/1.1" 200 117
223.197.189.207 - - [13/Mar/2026:09:51:30 +0800] "POST /InternetTrading/MarketStatus HTTP/1.1" 200 772
119.136.154.51 - - [13/Mar/2026:09:51:30 +0800] "GET /InternetTrading/longpoll/51803?X-Atmosphere-tracking-id=0&X-Atmosphere-Framework=2.2.3-javascript&X-Atmosphere-Transport=long-polling&X-Atmosphere-TrackMessageSize=true&Content-Type=charset%3Dutf-8&X-atmo-protocol=true&_=1773367031231 HTTP/1.1" 200 -
219.73.99.100 - - [13/Mar/2026:09:51:31 +0800] "GET /InternetTrading/longpoll/55136?X-Atmosphere-tracking-id=0&X-Atmosphere-Framework=2.2.3-javascript&X-Atmosphere-Transport=long-polling&X-Atmosphere-TrackMessageSize=true&Content-Type=charset%3Dutf-8&X-atmo-protocol=true&_=1773367031239 HTTP/1.1" 200 -
14.0.172.252 - - [13/Mar/2026:09:51:33 +0800] "GET /InternetTrading/longpoll/A8127?X-Atmosphere-tracking-id=0&X-Atmosphere-Framework=2.2.3-javascript&X-Atmosphere-Transport=long-polling&X-Atmosphere-TrackMessageSize=true&Content-Type=charset%3Dutf-8&X-atmo-protocol=true&_=1773367035454 HTTP/1.1" 200 -
120.230.125.143 - - [13/Mar/2026:09:51:33 +0800] "GET /InternetTrading/longpoll/13975?X-Atmosphere-tracking-id=0&X-Atmosphere-Framework=2.2.3-javascript&X-Atmosphere-Transport=long-polling&X-Atmosphere-TrackMessageSize=true&Content-Type=charset%3Dutf-8&X-atmo-protocol=true&_=1773367037497 HTTP/1.1" 200 -
219.73.99.100 - - [13/Mar/2026:09:51:33 +0800] "POST /InternetTrading/SessionErrorLogger HTTP/1.1" 200 117
219.73.99.100 - - [13/Mar/2026:09:51:33 +0800] "POST /InternetTrading/Heartbeat HTTP/1.1" 200 32
219.73.99.100 - - [13/Mar/2026:09:51:33 +0800] "POST /InternetTrading/SessionErrorLogger HTTP/1.1" 200 117
219.73.99.100 - - [13/Mar/2026:09:51:33 +0800] "POST /InternetTrading/MarketStatus HTTP/1.1" 200 772
223.197.189.207 - - [13/Mar/2026:09:51:34 +0800] "GET /InternetTrading/longpoll/M7928?X-Atmosphere-tracking-id=0&X-Atmosphere-Framework=2.2.3-javascript&X-Atmosphere-Transport=long-polling&X-Atmosphere-TrackMessageSize=true&Content-Type=charset%3Dutf-8&X-atmo-protocol=true&_=1773367034323 HTTP/1.1" 200 -
219.73.99.100 - - [13/Mar/2026:09:51:36 +0800] "GET /InternetTrading/longpoll/55136?X-Atmosphere-tracking-id=0&X-Atmosphere-Framework=2.2.3-javascript&X-Atmosphere-Transport=long-polling&X-Atmosphere-TrackMessageSize=true&Content-Type=charset%3Dutf-8&X-atmo-protocol=true&_=1773367036279 HTTP/1.1" 200 -
119.136.154.51 - - [13/Mar/2026:09:51:36 +0800] "GET /InternetTrading/longpoll/51803?X-Atmosphere-tracking-id=0&X-Atmosphere-Framework=2.2.3-javascript&X-Atmosphere-Transport=long-polling&X-Atmosphere-TrackMessageSize=true&Content-Type=charset%3Dutf-8&X-atmo-protocol=true&_=1773367037225 HTTP/1.1" 200 -
14.0.153.77 - - [13/Mar/2026:09:51:37 +0800] "GET /InternetTrading/longpoll/54822?X-Atmosphere-tracking-id=0&X-Atmosphere-Framework=2.2.3-javascript&X-Atmosphere-Transport=long-polling&X-Atmosphere-TrackMessageSize=true&Content-Type=charset%3Dutf-8&X-atmo-protocol=true&_=1773367034000 HTTP/1.1" 200 -
14.0.172.252 - - [13/Mar/2026:09:51:38 +0800] "GET /InternetTrading/longpoll/A8127?X-Atmosphere-tracking-id=0&X-Atmosphere-Framework=2.2.3-javascript&X-Atmosphere-Transport=long-polling&X-Atmosphere-TrackMessageSize=true&Content-Type=charset%3Dutf-8&X-atmo-protocol=true&_=1773367040587 HTTP/1.1" 200 -
120.230.125.143 - - [13/Mar/2026:09:51:38 +0800] "GET /InternetTrading/longpoll/13975?X-Atmosphere-tracking-id=0&X-Atmosphere-Framework=2.2.3-javascript&X-Atmosphere-Transport=long-polling&X-Atmosphere-TrackMessageSize=true&Content-Type=charset%3Dutf-8&X-atmo-protocol=true&_=1773367042583 HTTP/1.1" 200 -
120.230.125.143 - - [13/Mar/2026:09:51:39 +0800] "POST /InternetTrading/SessionErrorLogger HTTP/1.1" 200 117
120.230.125.143 - - [13/Mar/2026:09:51:39 +0800] "POST /InternetTrading/Heartbeat HTTP/1.1" 200 32
120.230.125.143 - - [13/Mar/2026:09:51:39 +0800] "POST /InternetTrading/SessionErrorLogger HTTP/1.1" 200 117
120.230.125.143 - - [13/Mar/2026:09:51:39 +0800] "POST /InternetTrading/MarketStatus HTTP/1.1" 200 772
223.197.189.207 - - [13/Mar/2026:09:51:40 +0800] "GET /InternetTrading/longpoll/M7928?X-Atmosphere-tracking-id=0&X-Atmosphere-Framework=2.2.3-javascript&X-Atmosphere-Transport=long-polling&X-Atmosphere-TrackMessageSize=true&Content-Type=charset%3Dutf-8&X-atmo-protocol=true&_=1773367040324 HTTP/1.1" 200 -
219.73.99.100 - - [13/Mar/2026:09:51:41 +0800] "GET /InternetTrading/longpoll/55136?X-Atmosphere-tracking-id=0&X-Atmosphere-Framework=2.2.3-javascript&X-Atmosphere-Transport=long-polling&X-Atmosphere-TrackMessageSize=true&Content-Type=charset%3Dutf-8&X-atmo-protocol=true&_=1773367041336 HTTP/1.1" 200 -
119.136.154.51 - - [13/Mar/2026:09:51:42 +0800] "GET /InternetTrading/longpoll/51803?X-Atmosphere-tracking-id=0&X-Atmosphere-Framework=2.2.3-javascript&X-Atmosphere-Transport=long-polling&X-Atmosphere-TrackMessageSize=true&Content-Type=charset%3Dutf-8&X-atmo-protocol=true&_=1773367043227 HTTP/1.1" 200 -
14.0.172.252 - - [13/Mar/2026:09:51:43 +0800] "GET /InternetTrading/longpoll/A8127?X-Atmosphere-tracking-id=0&X-Atmosphere-Framework=2.2.3-javascript&X-Atmosphere-Transport=long-polling&X-Atmosphere-TrackMessageSize=true&Content-Type=charset%3Dutf-8&X-atmo-protocol=true&_=1773367045708 HTTP/1.1" 200 -
120.230.125.143 - - [13/Mar/2026:09:51:43 +0800] "GET /InternetTrading/longpoll/13975?X-Atmosphere-tracking-id=0&X-Atmosphere-Framework=2.2.3-javascript&X-Atmosphere-Transport=long-polling&X-Atmosphere-TrackMessageSize=true&Content-Type=charset%3Dutf-8&X-atmo-protocol=true&_=1773367047671 HTTP/1.1" 200 -
219.73.99.100 - - [13/Mar/2026:09:51:46 +0800] "GET /InternetTrading/longpoll/55136?X-Atmosphere-tracking-id=0&X-Atmosphere-Framework=2.2.3-javascript&X-Atmosphere-Transport=long-polling&X-Atmosphere-TrackMessageSize=true&Content-Type=charset%3Dutf-8&X-atmo-protocol=true&_=1773367046373 HTTP/1.1" 200 -
223.197.189.207 - - [13/Mar/2026:09:51:46 +0800] "GET /InternetTrading/longpoll/M7928?X-Atmosphere-tracking-id=0&X-Atmosphere-Framework=2.2.3-javascript&X-Atmosphere-Transport=long-polling&X-Atmosphere-TrackMessageSize=true&Content-Type=charset%3Dutf-8&X-atmo-protocol=true&_=1773367046326 HTTP/1.1" 200 -
119.136.154.51 - - [13/Mar/2026:09:51:46 +0800] "POST /InternetTrading/SessionErrorLogger HTTP/1.1" 200 117
119.136.154.51 - - [13/Mar/2026:09:51:46 +0800] "POST /InternetTrading/Heartbeat HTTP/1.1" 200 32
119.136.154.51 - - [13/Mar/2026:09:51:46 +0800] "POST /InternetTrading/SessionErrorLogger HTTP/1.1" 200 117
119.136.154.51 - - [13/Mar/2026:09:51:46 +0800] "POST /InternetTrading/MarketStatus HTTP/1.1" 200 772
14.0.172.252 - - [13/Mar/2026:09:51:47 +0800] "POST /InternetTrading/SessionErrorLogger HTTP/1.1" 200 117
14.0.172.252 - - [13/Mar/2026:09:51:47 +0800] "POST /InternetTrading/Heartbeat HTTP/1.1" 200 32
14.0.172.252 - - [13/Mar/2026:09:51:48 +0800] "POST /InternetTrading/SessionErrorLogger HTTP/1.1" 200 117
14.0.172.252 - - [13/Mar/2026:09:51:48 +0800] "POST /InternetTrading/MarketStatus HTTP/1.1" 200 772
119.136.154.51 - - [13/Mar/2026:09:51:48 +0800] "GET /InternetTrading/longpoll/51803?X-Atmosphere-tracking-id=0&X-Atmosphere-Framework=2.2.3-javascript&X-Atmosphere-Transport=long-polling&X-Atmosphere-TrackMessageSize=true&Content-Type=charset%3Dutf-8&X-atmo-protocol=true&_=1773367049226 HTTP/1.1" 200 -
14.0.172.252 - - [13/Mar/2026:09:51:48 +0800] "GET /InternetTrading/longpoll/A8127?X-Atmosphere-tracking-id=0&X-Atmosphere-Framework=2.2.3-javascript&X-Atmosphere-Transport=long-polling&X-Atmosphere-TrackMessageSize=true&Content-Type=charset%3Dutf-8&X-atmo-protocol=true&_=1773367051002 HTTP/1.1" 200 -
120.230.125.143 - - [13/Mar/2026:09:51:48 +0800] "GET /InternetTrading/longpoll/13975?X-Atmosphere-tracking-id=0&X-Atmosphere-Framework=2.2.3-javascript&X-Atmosphere-Transport=long-polling&X-Atmosphere-TrackMessageSize=true&Content-Type=charset%3Dutf-8&X-atmo-protocol=true&_=1773367052762 HTTP/1.1" 200 -
219.73.99.100 - - [13/Mar/2026:09:51:51 +0800] "GET /InternetTrading/longpoll/55136?X-Atmosphere-tracking-id=0&X-Atmosphere-Framework=2.2.3-javascript&X-Atmosphere-Transport=long-polling&X-Atmosphere-TrackMessageSize=true&Content-Type=charset%3Dutf-8&X-atmo-protocol=true&_=1773367051421 HTTP/1.1" 200 -
223.197.189.207 - - [13/Mar/2026:09:51:52 +0800] "GET /InternetTrading/longpoll/M7928?X-Atmosphere-tracking-id=0&X-Atmosphere-Framework=2.2.3-javascript&X-Atmosphere-Transport=long-polling&X-Atmosphere-TrackMessageSize=true&Content-Type=charset%3Dutf-8&X-atmo-protocol=true&_=1773367052325 HTTP/1.1" 200 -
14.0.172.252 - - [13/Mar/2026:09:51:53 +0800] "GET /InternetTrading/longpoll/A8127?X-Atmosphere-tracking-id=0&X-Atmosphere-Framework=2.2.3-javascript&X-Atmosphere-Transport=long-polling&X-Atmosphere-TrackMessageSize=true&Content-Type=charset%3Dutf-8&X-atmo-protocol=true&_=1773367056066 HTTP/1.1" 200 -
120.230.125.143 - - [13/Mar/2026:09:51:53 +0800] "GET /InternetTrading/longpoll/13975?X-Atmosphere-tracking-id=0&X-Atmosphere-Framework=2.2.3-javascript&X-Atmosphere-Transport=long-polling&X-Atmosphere-TrackMessageSize=true&Content-Type=charset%3Dutf-8&X-atmo-protocol=true&_=1773367057855 HTTP/1.1" 200 -
119.136.154.51 - - [13/Mar/2026:09:51:54 +0800] "GET /InternetTrading/longpoll/51803?X-Atmosphere-tracking-id=0&X-Atmosphere-Framework=2.2.3-javascript&X-Atmosphere-Transport=long-polling&X-Atmosphere-TrackMessageSize=true&Content-Type=charset%3Dutf-8&X-atmo-protocol=true&_=1773367055231 HTTP/1.1" 200 -
219.73.99.100 - - [13/Mar/2026:09:51:56 +0800] "GET /InternetTrading/longpoll/55136?X-Atmosphere-tracking-id=0&X-Atmosphere-Framework=2.2.3-javascript&X-Atmosphere-Transport=long-polling&X-Atmosphere-TrackMessageSize=true&Content-Type=charset%3Dutf-8&X-atmo-protocol=true&_=1773367056465 HTTP/1.1" 200 -
223.197.189.207 - - [13/Mar/2026:09:51:58 +0800] "GET /InternetTrading/longpoll/M7928?X-Atmosphere-tracking-id=0&X-Atmosphere-Framework=2.2.3-javascript&X-Atmosphere-Transport=long-polling&X-Atmosphere-TrackMessageSize=true&Content-Type=charset%3Dutf-8&X-atmo-protocol=true&_=1773367058327 HTTP/1.1" 200 -
14.0.172.252 - - [13/Mar/2026:09:51:58 +0800] "GET /InternetTrading/longpoll/A8127?X-Atmosphere-tracking-id=0&X-Atmosphere-Framework=2.2.3-javascript&X-Atmosphere-Transport=long-polling&X-Atmosphere-TrackMessageSize=true&Content-Type=charset%3Dutf-8&X-atmo-protocol=true&_=1773367061276 HTTP/1.1" 200 -
120.230.125.143 - - [13/Mar/2026:09:51:58 +0800] "GET /InternetTrading/longpoll/13975?X-Atmosphere-tracking-id=0&X-Atmosphere-Framework=2.2.3-javascript&X-Atmosphere-Transport=long-polling&X-Atmosphere-TrackMessageSize=true&Content-Type=charset%3Dutf-8&X-atmo-protocol=true&_=1773367062932 HTTP/1.1" 200 -
119.136.154.51 - - [13/Mar/2026:09:52:00 +0800] "GET /InternetTrading/longpoll/51803?X-Atmosphere-tracking-id=0&X-Atmosphere-Framework=2.2.3-javascript&X-Atmosphere-Transport=long-polling&X-Atmosphere-TrackMessageSize=true&Content-Type=charset%3Dutf-8&X-atmo-protocol=true&_=1773367061234 HTTP/1.1" 200 -
14.0.153.77 - - [13/Mar/2026:09:52:00 +0800] "POST /InternetTrading/SessionErrorLogger HTTP/1.1" 200 117
14.0.153.77 - - [13/Mar/2026:09:52:00 +0800] "POST /InternetTrading/Heartbeat HTTP/1.1" 200 32
14.0.153.77 - - [13/Mar/2026:09:52:00 +0800] "POST /InternetTrading/SessionErrorLogger HTTP/1.1" 200 117
14.0.153.77 - - [13/Mar/2026:09:52:01 +0800] "POST /InternetTrading/MarketStatus HTTP/1.1" 200 772
219.73.99.100 - - [13/Mar/2026:09:52:01 +0800] "GET /InternetTrading/longpoll/55136?X-Atmosphere-tracking-id=0&X-Atmosphere-Framework=2.2.3-javascript&X-Atmosphere-Transport=long-polling&X-Atmosphere-TrackMessageSize=true&Content-Type=charset%3Dutf-8&X-atmo-protocol=true&_=1773367061499 HTTP/1.1" 200 -
14.0.153.77 - - [13/Mar/2026:09:52:03 +0800] "POST /InternetTrading/SessionErrorLogger HTTP/1.1" 200 117
14.0.153.77 - - [13/Mar/2026:09:52:03 +0800] "GET /InternetTrading/tc/sell_ticket.html? HTTP/1.1" 200 2261
14.0.153.77 - - [13/Mar/2026:09:52:03 +0800] "POST /InternetTrading/SessionErrorLogger HTTP/1.1" 200 117
14.0.153.77 - - [13/Mar/2026:09:52:03 +0800] "POST /InternetTrading/MarketStatus HTTP/1.1" 200 772
14.0.153.77 - - [13/Mar/2026:09:52:03 +0800] "POST /InternetTrading/SessionErrorLogger HTTP/1.1" 200 117
14.0.153.77 - - [13/Mar/2026:09:52:03 +0800] "POST /InternetTrading/MarketStatus HTTP/1.1" 200 772
219.73.99.100 - - [13/Mar/2026:09:52:03 +0800] "POST /InternetTrading/SessionErrorLogger HTTP/1.1" 200 117
219.73.99.100 - - [13/Mar/2026:09:52:03 +0800] "POST /InternetTrading/Heartbeat HTTP/1.1" 200 32
219.73.99.100 - - [13/Mar/2026:09:52:03 +0800] "POST /InternetTrading/SessionErrorLogger HTTP/1.1" 200 117
219.73.99.100 - - [13/Mar/2026:09:52:03 +0800] "POST /InternetTrading/MarketStatus HTTP/1.1" 200 772
120.230.125.143 - - [13/Mar/2026:09:52:04 +0800] "GET /InternetTrading/longpoll/13975?X-Atmosphere-tracking-id=0&X-Atmosphere-Framework=2.2.3-javascript&X-Atmosphere-Transport=long-polling&X-Atmosphere-TrackMessageSize=true&Content-Type=charset%3Dutf-8&X-atmo-protocol=true&_=1773367068035 HTTP/1.1" 200 -
14.0.172.252 - - [13/Mar/2026:09:52:04 +0800] "GET /InternetTrading/longpoll/A8127?X-Atmosphere-tracking-id=0&X-Atmosphere-Framework=2.2.3-javascript&X-Atmosphere-Transport=long-polling&X-Atmosphere-TrackMessageSize=true&Content-Type=charset%3Dutf-8&X-atmo-protocol=true&_=1773367066407 HTTP/1.1" 200 -
223.197.189.207 - - [13/Mar/2026:09:52:04 +0800] "GET /InternetTrading/longpoll/M7928?X-Atmosphere-tracking-id=0&X-Atmosphere-Framework=2.2.3-javascript&X-Atmosphere-Transport=long-polling&X-Atmosphere-TrackMessageSize=true&Content-Type=charset%3Dutf-8&X-atmo-protocol=true&_=1773367064320 HTTP/1.1" 200 -
14.0.153.77 - - [13/Mar/2026:09:52:05 +0800] "GET /InternetTrading/longpoll/54822?X-Atmosphere-tracking-id=0&X-Atmosphere-Framework=2.2.3-javascript&X-Atmosphere-Transport=long-polling&X-Atmosphere-TrackMessageSize=true&Content-Type=charset%3Dutf-8&X-atmo-protocol=true&_=1773367065866 HTTP/1.1" 200 -
219.73.99.100 - - [13/Mar/2026:09:52:06 +0800] "GET /InternetTrading/longpoll/55136?X-Atmosphere-tracking-id=0&X-Atmosphere-Framework=2.2.3-javascript&X-Atmosphere-Transport=long-polling&X-Atmosphere-TrackMessageSize=true&Content-Type=charset%3Dutf-8&X-atmo-protocol=true&_=1773367066520 HTTP/1.1" 200 -
119.136.154.51 - - [13/Mar/2026:09:52:06 +0800] "GET /InternetTrading/longpoll/51803?X-Atmosphere-tracking-id=0&X-Atmosphere-Framework=2.2.3-javascript&X-Atmosphere-Transport=long-polling&X-Atmosphere-TrackMessageSize=true&Content-Type=charset%3Dutf-8&X-atmo-protocol=true&_=1773367067224 HTTP/1.1" 200 -
120.230.125.143 - - [13/Mar/2026:09:52:09 +0800] "GET /InternetTrading/longpoll/13975?X-Atmosphere-tracking-id=0&X-Atmosphere-Framework=2.2.3-javascript&X-Atmosphere-Transport=long-polling&X-Atmosphere-TrackMessageSize=true&Content-Type=charset%3Dutf-8&X-atmo-protocol=true&_=1773367073121 HTTP/1.1" 200 -
14.0.153.77 - - [13/Mar/2026:09:52:09 +0800] "POST /InternetTrading/SessionErrorLogger HTTP/1.1" 200 117
14.0.153.77 - - [13/Mar/2026:09:52:09 +0800] "POST /InternetTrading/Product HTTP/1.1" 200 279
14.0.172.252 - - [13/Mar/2026:09:52:09 +0800] "GET /InternetTrading/longpoll/A8127?X-Atmosphere-tracking-id=0&X-Atmosphere-Framework=2.2.3-javascript&X-Atmosphere-Transport=long-polling&X-Atmosphere-TrackMessageSize=true&Content-Type=charset%3Dutf-8&X-atmo-protocol=true&_=1773367071518 HTTP/1.1" 200 -
14.0.153.77 - - [13/Mar/2026:09:52:09 +0800] "POST /InternetTrading/SessionErrorLogger HTTP/1.1" 200 117
14.0.153.77 - - [13/Mar/2026:09:52:09 +0800] "POST /InternetTrading/OrderMaxQuantity HTTP/1.1" 200 7
120.230.125.143 - - [13/Mar/2026:09:52:09 +0800] "POST /InternetTrading/SessionErrorLogger HTTP/1.1" 200 117
120.230.125.143 - - [13/Mar/2026:09:52:09 +0800] "POST /InternetTrading/Heartbeat HTTP/1.1" 200 32
120.230.125.143 - - [13/Mar/2026:09:52:09 +0800] "POST /InternetTrading/SessionErrorLogger HTTP/1.1" 200 117
120.230.125.143 - - [13/Mar/2026:09:52:09 +0800] "POST /InternetTrading/MarketStatus HTTP/1.1" 200 772
223.197.189.207 - - [13/Mar/2026:09:52:10 +0800] "GET /InternetTrading/longpoll/M7928?X-Atmosphere-tracking-id=0&X-Atmosphere-Framework=2.2.3-javascript&X-Atmosphere-Transport=long-polling&X-Atmosphere-TrackMessageSize=true&Content-Type=charset%3Dutf-8&X-atmo-protocol=true&_=1773367070330 HTTP/1.1" 200 -
14.0.153.77 - - [13/Mar/2026:09:52:11 +0800] "GET /InternetTrading/longpoll/54822?X-Atmosphere-tracking-id=0&X-Atmosphere-Framework=2.2.3-javascript&X-Atmosphere-Transport=long-polling&X-Atmosphere-TrackMessageSize=true&Content-Type=charset%3Dutf-8&X-atmo-protocol=true&_=1773367070979 HTTP/1.1" 200 -
219.73.99.100 - - [13/Mar/2026:09:52:11 +0800] "GET /InternetTrading/longpoll/55136?X-Atmosphere-tracking-id=0&X-Atmosphere-Framework=2.2.3-javascript&X-Atmosphere-Transport=long-polling&X-Atmosphere-TrackMessageSize=true&Content-Type=charset%3Dutf-8&X-atmo-protocol=true&_=1773367071545 HTTP/1.1" 200 -
119.136.154.51 - - [13/Mar/2026:09:52:12 +0800] "GET /InternetTrading/longpoll/51803?X-Atmosphere-tracking-id=0&X-Atmosphere-Framework=2.2.3-javascript&X-Atmosphere-Transport=long-polling&X-Atmosphere-TrackMessageSize=true&Content-Type=charset%3Dutf-8&X-atmo-protocol=true&_=1773367073231 HTTP/1.1" 200 -
120.230.125.143 - - [13/Mar/2026:09:52:14 +0800] "GET /InternetTrading/longpoll/13975?X-Atmosphere-tracking-id=0&X-Atmosphere-Framework=2.2.3-javascript&X-Atmosphere-Transport=long-polling&X-Atmosphere-TrackMessageSize=true&Content-Type=charset%3Dutf-8&X-atmo-protocol=true&_=1773367078227 HTTP/1.1" 200 -
14.0.172.252 - - [13/Mar/2026:09:52:14 +0800] "GET /InternetTrading/longpoll/A8127?X-Atmosphere-tracking-id=0&X-Atmosphere-Framework=2.2.3-javascript&X-Atmosphere-Transport=long-polling&X-Atmosphere-TrackMessageSize=true&Content-Type=charset%3Dutf-8&X-atmo-protocol=true&_=1773367076715 HTTP/1.1" 200 -
14.0.153.77 - - [13/Mar/2026:09:52:16 +0800] "GET /InternetTrading/longpoll/54822?X-Atmosphere-tracking-id=0&X-Atmosphere-Framework=2.2.3-javascript&X-Atmosphere-Transport=long-polling&X-Atmosphere-TrackMessageSize=true&Content-Type=charset%3Dutf-8&X-atmo-protocol=true&_=1773367076028 HTTP/1.1" 200 -
223.197.189.207 - - [13/Mar/2026:09:52:16 +0800] "GET /InternetTrading/longpoll/M7928?X-Atmosphere-tracking-id=0&X-Atmosphere-Framework=2.2.3-javascript&X-Atmosphere-Transport=long-polling&X-Atmosphere-TrackMessageSize=true&Content-Type=charset%3Dutf-8&X-atmo-protocol=true&_=1773367076322 HTTP/1.1" 200 -
219.73.99.100 - - [13/Mar/2026:09:52:16 +0800] "GET /InternetTrading/longpoll/55136?X-Atmosphere-tracking-id=0&X-Atmosphere-Framework=2.2.3-javascript&X-Atmosphere-Transport=long-polling&X-Atmosphere-TrackMessageSize=true&Content-Type=charset%3Dutf-8&X-atmo-protocol=true&_=1773367076580 HTTP/1.1" 200 -
14.0.172.252 - - [13/Mar/2026:09:52:17 +0800] "POST /InternetTrading/SessionErrorLogger HTTP/1.1" 200 117
14.0.172.252 - - [13/Mar/2026:09:52:17 +0800] "POST /InternetTrading/Heartbeat HTTP/1.1" 200 32
14.0.172.252 - - [13/Mar/2026:09:52:18 +0800] "POST /InternetTrading/SessionErrorLogger HTTP/1.1" 200 117
14.0.172.252 - - [13/Mar/2026:09:52:18 +0800] "POST /InternetTrading/MarketStatus HTTP/1.1" 200 772
14.0.153.77 - - [13/Mar/2026:09:52:18 +0800] "POST /InternetTrading/SessionErrorLogger HTTP/1.1" 200 117
14.0.153.77 - - [13/Mar/2026:09:52:18 +0800] "POST /InternetTrading/LoginKey HTTP/1.1" 200 -
119.136.154.51 - - [13/Mar/2026:09:52:18 +0800] "GET /InternetTrading/longpoll/51803?X-Atmosphere-tracking-id=0&X-Atmosphere-Framework=2.2.3-javascript&X-Atmosphere-Transport=long-polling&X-Atmosphere-TrackMessageSize=true&Content-Type=charset%3Dutf-8&X-atmo-protocol=true&_=1773367079227 HTTP/1.1" 200 -
14.0.153.77 - - [13/Mar/2026:09:52:18 +0800] "GET /InternetTrading/jquery/wait.gif HTTP/1.1" 200 432
14.0.153.77 - - [13/Mar/2026:09:52:18 +0800] "POST /InternetTrading/PreOrder HTTP/1.1" 200 1178
120.230.125.143 - - [13/Mar/2026:09:52:19 +0800] "GET /InternetTrading/longpoll/13975?X-Atmosphere-tracking-id=0&X-Atmosphere-Framework=2.2.3-javascript&X-Atmosphere-Transport=long-polling&X-Atmosphere-TrackMessageSize=true&Content-Type=charset%3Dutf-8&X-atmo-protocol=true&_=1773367083312 HTTP/1.1" 200 -
14.0.172.252 - - [13/Mar/2026:09:52:19 +0800] "GET /InternetTrading/longpoll/A8127?X-Atmosphere-tracking-id=0&X-Atmosphere-Framework=2.2.3-javascript&X-Atmosphere-Transport=long-polling&X-Atmosphere-TrackMessageSize=true&Content-Type=charset%3Dutf-8&X-atmo-protocol=true&_=1773367081946 HTTP/1.1" 200 -
14.0.153.77 - - [13/Mar/2026:09:52:20 +0800] "POST /InternetTrading/SessionErrorLogger HTTP/1.1" 200 117
14.0.153.77 - - [13/Mar/2026:09:52:20 +0800] "GET /InternetTrading/Csrf?url=/Order HTTP/1.1" 200 126
14.0.153.77 - - [13/Mar/2026:09:52:20 +0800] "POST /InternetTrading/SessionErrorLogger HTTP/1.1" 200 117
14.0.153.77 - - [13/Mar/2026:09:52:20 +0800] "POST /InternetTrading/LoginKey HTTP/1.1" 200 -
14.0.153.77 - - [13/Mar/2026:09:52:20 +0800] "POST /InternetTrading/SessionErrorLogger HTTP/1.1" 200 117
14.0.153.77 - - [13/Mar/2026:09:52:20 +0800] "POST /InternetTrading/Order?csrf_nonce=69E81B3D674587EFC902FF922910D884 HTTP/1.1" 200 1019
14.0.153.77 - - [13/Mar/2026:09:52:20 +0800] "POST /InternetTrading/SessionErrorLogger HTTP/1.1" 200 117
14.0.153.77 - - [13/Mar/2026:09:52:20 +0800] "GET /InternetTrading/tc/sell_ticket.html? HTTP/1.1" 200 2261
14.0.153.77 - - [13/Mar/2026:09:52:21 +0800] "POST /InternetTrading/SessionErrorLogger HTTP/1.1" 200 117
14.0.153.77 - - [13/Mar/2026:09:52:21 +0800] "POST /InternetTrading/MarketStatus HTTP/1.1" 200 772
14.0.153.77 - - [13/Mar/2026:09:52:21 +0800] "POST /InternetTrading/SessionErrorLogger HTTP/1.1" 200 117
14.0.153.77 - - [13/Mar/2026:09:52:21 +0800] "POST /InternetTrading/MarketStatus HTTP/1.1" 200 772
14.0.153.77 - - [13/Mar/2026:09:52:21 +0800] "GET /InternetTrading/longpoll/54822?X-Atmosphere-tracking-id=0&X-Atmosphere-Framework=2.2.3-javascript&X-Atmosphere-Transport=long-polling&X-Atmosphere-TrackMessageSize=true&Content-Type=charset%3Dutf-8&X-atmo-protocol=true&_=1773367081347 HTTP/1.1" 200 -
219.73.99.100 - - [13/Mar/2026:09:52:21 +0800] "GET /InternetTrading/longpoll/55136?X-Atmosphere-tracking-id=0&X-Atmosphere-Framework=2.2.3-javascript&X-Atmosphere-Transport=long-polling&X-Atmosphere-TrackMessageSize=true&Content-Type=charset%3Dutf-8&X-atmo-protocol=true&_=1773367081634 HTTP/1.1" 200 -
223.197.189.207 - - [13/Mar/2026:09:52:22 +0800] "GET /InternetTrading/longpoll/M7928?X-Atmosphere-tracking-id=0&X-Atmosphere-Framework=2.2.3-javascript&X-Atmosphere-Transport=long-polling&X-Atmosphere-TrackMessageSize=true&Content-Type=charset%3Dutf-8&X-atmo-protocol=true&_=1773367082325 HTTP/1.1" 200 -
14.0.153.77 - - [13/Mar/2026:09:52:23 +0800] "POST /InternetTrading/SessionErrorLogger HTTP/1.1" 200 117
14.0.153.77 - - [13/Mar/2026:09:52:23 +0800] "POST /InternetTrading/Orderbook HTTP/1.1" 200 1136
120.230.125.143 - - [13/Mar/2026:09:52:24 +0800] "GET /InternetTrading/longpoll/13975?X-Atmosphere-tracking-id=0&X-Atmosphere-Framework=2.2.3-javascript&X-Atmosphere-Transport=long-polling&X-Atmosphere-TrackMessageSize=true&Content-Type=charset%3Dutf-8&X-atmo-protocol=true&_=1773367088425 HTTP/1.1" 200 -
119.136.154.51 - - [13/Mar/2026:09:52:24 +0800] "GET /InternetTrading/longpoll/51803?X-Atmosphere-tracking-id=0&X-Atmosphere-Framework=2.2.3-javascript&X-Atmosphere-Transport=long-polling&X-Atmosphere-TrackMessageSize=true&Content-Type=charset%3Dutf-8&X-atmo-protocol=true&_=1773367085234 HTTP/1.1" 200 -
14.0.172.252 - - [13/Mar/2026:09:52:24 +0800] "GET /InternetTrading/longpoll/A8127?X-Atmosphere-tracking-id=0&X-Atmosphere-Framework=2.2.3-javascript&X-Atmosphere-Transport=long-polling&X-Atmosphere-TrackMessageSize=true&Content-Type=charset%3Dutf-8&X-atmo-protocol=true&_=1773367087078 HTTP/1.1" 200 -
14.0.153.77 - - [13/Mar/2026:09:52:26 +0800] "GET /InternetTrading/longpoll/54822?X-Atmosphere-tracking-id=0&X-Atmosphere-Framework=2.2.3-javascript&X-Atmosphere-Transport=long-polling&X-Atmosphere-TrackMessageSize=true&Content-Type=charset%3Dutf-8&X-atmo-protocol=true&_=1773367086450 HTTP/1.1" 200 -
219.73.99.100 - - [13/Mar/2026:09:52:26 +0800] "GET /InternetTrading/longpoll/55136?X-Atmosphere-tracking-id=0&X-Atmosphere-Framework=2.2.3-javascript&X-Atmosphere-Transport=long-polling&X-Atmosphere-TrackMessageSize=true&Content-Type=charset%3Dutf-8&X-atmo-protocol=true&_=1773367086679 HTTP/1.1" 200 -
14.0.153.77 - - [13/Mar/2026:09:52:28 +0800] "POST /InternetTrading/SessionErrorLogger HTTP/1.1" 200 117
14.0.153.77 - - [13/Mar/2026:09:52:28 +0800] "POST /InternetTrading/Portfolio HTTP/1.1" 200 1558
223.197.189.207 - - [13/Mar/2026:09:52:28 +0800] "GET /InternetTrading/longpoll/M7928?X-Atmosphere-tracking-id=0&X-Atmosphere-Framework=2.2.3-javascript&X-Atmosphere-Transport=long-polling&X-Atmosphere-TrackMessageSize=true&Content-Type=charset%3Dutf-8&X-atmo-protocol=true&_=1773367088326 HTTP/1.1" 200 -
120.230.125.143 - - [13/Mar/2026:09:52:29 +0800] "GET /InternetTrading/longpoll/13975?X-Atmosphere-tracking-id=0&X-Atmosphere-Framework=2.2.3-javascript&X-Atmosphere-Transport=long-polling&X-Atmosphere-TrackMessageSize=true&Content-Type=charset%3Dutf-8&X-atmo-protocol=true&_=1773367093515 HTTP/1.1" 200 -
14.0.172.252 - - [13/Mar/2026:09:52:30 +0800] "GET /InternetTrading/longpoll/A8127?X-Atmosphere-tracking-id=0&X-Atmosphere-Framework=2.2.3-javascript&X-Atmosphere-Transport=long-polling&X-Atmosphere-TrackMessageSize=true&Content-Type=charset%3Dutf-8&X-atmo-protocol=true&_=1773367092219 HTTP/1.1" 200 -
223.197.189.207 - - [13/Mar/2026:09:52:30 +0800] "POST /InternetTrading/SessionErrorLogger HTTP/1.1" 200 117
223.197.189.207 - - [13/Mar/2026:09:52:30 +0800] "POST /InternetTrading/Heartbeat HTTP/1.1" 200 32
223.197.189.207 - - [13/Mar/2026:09:52:30 +0800] "POST /InternetTrading/SessionErrorLogger HTTP/1.1" 200 117
223.197.189.207 - - [13/Mar/2026:09:52:30 +0800] "POST /InternetTrading/MarketStatus HTTP/1.1" 200 772
119.136.154.51 - - [13/Mar/2026:09:52:30 +0800] "GET /InternetTrading/longpoll/51803?X-Atmosphere-tracking-id=0&X-Atmosphere-Framework=2.2.3-javascript&X-Atmosphere-Transport=long-polling&X-Atmosphere-TrackMessageSize=true&Content-Type=charset%3Dutf-8&X-atmo-protocol=true&_=1773367091233 HTTP/1.1" 200 -
14.0.153.77 - - [13/Mar/2026:09:52:30 +0800] "POST /InternetTrading/SessionErrorLogger HTTP/1.1" 200 117
14.0.153.77 - - [13/Mar/2026:09:52:31 +0800] "POST /InternetTrading/Heartbeat HTTP/1.1" 200 32
14.0.153.77 - - [13/Mar/2026:09:52:31 +0800] "GET /InternetTrading/longpoll/54822?X-Atmosphere-tracking-id=0&X-Atmosphere-Framework=2.2.3-javascript&X-Atmosphere-Transport=long-polling&X-Atmosphere-TrackMessageSize=true&Content-Type=charset%3Dutf-8&X-atmo-protocol=true&_=1773367091605 HTTP/1.1" 200 -
219.73.99.100 - - [13/Mar/2026:09:52:31 +0800] "GET /InternetTrading/longpoll/55136?X-Atmosphere-tracking-id=0&X-Atmosphere-Framework=2.2.3-javascript&X-Atmosphere-Transport=long-polling&X-Atmosphere-TrackMessageSize=true&Content-Type=charset%3Dutf-8&X-atmo-protocol=true&_=1773367091732 HTTP/1.1" 200 -
219.73.99.100 - - [13/Mar/2026:09:52:33 +0800] "POST /InternetTrading/SessionErrorLogger HTTP/1.1" 200 117
219.73.99.100 - - [13/Mar/2026:09:52:33 +0800] "POST /InternetTrading/Heartbeat HTTP/1.1" 200 32
219.73.99.100 - - [13/Mar/2026:09:52:33 +0800] "POST /InternetTrading/SessionErrorLogger HTTP/1.1" 200 117
219.73.99.100 - - [13/Mar/2026:09:52:33 +0800] "POST /InternetTrading/MarketStatus HTTP/1.1" 200 772
14.0.153.77 - - [13/Mar/2026:09:52:34 +0800] "POST /InternetTrading/SessionErrorLogger HTTP/1.1" 200 117
14.0.153.77 - - [13/Mar/2026:09:52:34 +0800] "POST /InternetTrading/Product HTTP/1.1" 200 320
223.197.189.207 - - [13/Mar/2026:09:52:34 +0800] "GET /InternetTrading/longpoll/M7928?X-Atmosphere-tracking-id=0&X-Atmosphere-Framework=2.2.3-javascript&X-Atmosphere-Transport=long-polling&X-Atmosphere-TrackMessageSize=true&Content-Type=charset%3Dutf-8&X-atmo-protocol=true&_=1773367094325 HTTP/1.1" 200 -
14.0.153.77 - - [13/Mar/2026:09:52:34 +0800] "POST /InternetTrading/SessionErrorLogger HTTP/1.1" 200 117
14.0.153.77 - - [13/Mar/2026:09:52:34 +0800] "POST /InternetTrading/OrderMaxQuantity HTTP/1.1" 200 9
14.0.172.252 - - [13/Mar/2026:09:52:35 +0800] "GET /InternetTrading/longpoll/A8127?X-Atmosphere-tracking-id=0&X-Atmosphere-Framework=2.2.3-javascript&X-Atmosphere-Transport=long-polling&X-Atmosphere-TrackMessageSize=true&Content-Type=charset%3Dutf-8&X-atmo-protocol=true&_=1773367097516 HTTP/1.1" 200 -
120.230.125.143 - - [13/Mar/2026:09:52:35 +0800] "GET /InternetTrading/longpoll/13975?X-Atmosphere-tracking-id=0&X-Atmosphere-Framework=2.2.3-javascript&X-Atmosphere-Transport=long-polling&X-Atmosphere-TrackMessageSize=true&Content-Type=charset%3Dutf-8&X-atmo-protocol=true&_=1773367099432 HTTP/1.1" 200 -
119.136.154.51 - - [13/Mar/2026:09:52:36 +0800] "GET /InternetTrading/longpoll/51803?X-Atmosphere-tracking-id=0&X-Atmosphere-Framework=2.2.3-javascript&X-Atmosphere-Transport=long-polling&X-Atmosphere-TrackMessageSize=true&Content-Type=charset%3Dutf-8&X-atmo-protocol=true&_=1773367097230 HTTP/1.1" 200 -
219.73.99.100 - - [13/Mar/2026:09:52:36 +0800] "GET /InternetTrading/longpoll/55136?X-Atmosphere-tracking-id=0&X-Atmosphere-Framework=2.2.3-javascript&X-Atmosphere-Transport=long-polling&X-Atmosphere-TrackMessageSize=true&Content-Type=charset%3Dutf-8&X-atmo-protocol=true&_=1773367096795 HTTP/1.1" 200 -
14.0.153.77 - - [13/Mar/2026:09:52:36 +0800] "GET /InternetTrading/longpoll/54822?X-Atmosphere-tracking-id=0&X-Atmosphere-Framework=2.2.3-javascript&X-Atmosphere-Transport=long-polling&X-Atmosphere-TrackMessageSize=true&Content-Type=charset%3Dutf-8&X-atmo-protocol=true&_=1773367096750 HTTP/1.1" 200 -
14.0.172.252 - - [13/Mar/2026:09:52:40 +0800] "GET /InternetTrading/longpoll/A8127?X-Atmosphere-tracking-id=0&X-Atmosphere-Framework=2.2.3-javascript&X-Atmosphere-Transport=long-polling&X-Atmosphere-TrackMessageSize=true&Content-Type=charset%3Dutf-8&X-atmo-protocol=true&_=1773367102725 HTTP/1.1" 200 -
120.230.125.143 - - [13/Mar/2026:09:52:40 +0800] "POST /InternetTrading/SessionErrorLogger HTTP/1.1" 200 117
120.230.125.143 - - [13/Mar/2026:09:52:40 +0800] "POST /InternetTrading/Heartbeat HTTP/1.1" 200 32
223.197.189.207 - - [13/Mar/2026:09:52:40 +0800] "GET /InternetTrading/longpoll/M7928?X-Atmosphere-tracking-id=0&X-Atmosphere-Framework=2.2.3-javascript&X-Atmosphere-Transport=long-polling&X-Atmosphere-TrackMessageSize=true&Content-Type=charset%3Dutf-8&X-atmo-protocol=true&_=1773367100327 HTTP/1.1" 200 -
120.230.125.143 - - [13/Mar/2026:09:52:40 +0800] "POST /InternetTrading/SessionErrorLogger HTTP/1.1" 200 117
120.230.125.143 - - [13/Mar/2026:09:52:40 +0800] "POST /InternetTrading/MarketStatus HTTP/1.1" 200 772
120.230.125.143 - - [13/Mar/2026:09:52:41 +0800] "GET /InternetTrading/longpoll/13975?X-Atmosphere-tracking-id=0&X-Atmosphere-Framework=2.2.3-javascript&X-Atmosphere-Transport=long-polling&X-Atmosphere-TrackMessageSize=true&Content-Type=charset%3Dutf-8&X-atmo-protocol=true&_=1773367105420 HTTP/1.1" 200 -
