14.0.172.252 - - [13/Mar/2026:09:42:09 +0800] "GET /InternetTrading/js/jquery.mousewheel.js HTTP/1.1" 404 684
14.0.172.252 - - [13/Mar/2026:09:42:09 +0800] "GET /InternetTrading/js/jquery.cookie.js HTTP/1.1" 200 834
14.0.172.252 - - [13/Mar/2026:09:42:09 +0800] "GET /InternetTrading/tc/images/top_menu01.jpg HTTP/1.1" 200 3466
14.0.172.252 - - [13/Mar/2026:09:42:09 +0800] "GET /InternetTrading/tc/images/logo.png HTTP/1.1" 200 7042
14.0.172.252 - - [13/Mar/2026:09:42:09 +0800] "GET /InternetTrading/GoodTillDateValidExch?fmt=js&jsv=20200819161914 HTTP/1.1" 200 29
14.0.172.252 - - [13/Mar/2026:09:42:09 +0800] "GET /InternetTrading/js/decimal.js HTTP/1.1" 200 13492
14.0.172.252 - - [13/Mar/2026:09:42:09 +0800] "GET /InternetTrading/tc/images/top_menu04.jpg HTTP/1.1" 200 3430
14.0.172.252 - - [13/Mar/2026:09:42:09 +0800] "GET /InternetTrading/tc/images/top_menu_logout.jpg HTTP/1.1" 200 1016
14.0.172.252 - - [13/Mar/2026:09:42:09 +0800] "GET /InternetTrading/images/top_bg3.jpg HTTP/1.1" 200 878
14.0.172.252 - - [13/Mar/2026:09:42:09 +0800] "POST /InternetTrading/PopUpConfig HTTP/1.1" 200 2
14.0.172.252 - - [13/Mar/2026:09:42:09 +0800] "GET /InternetTrading/images/top_bg1.jpg HTTP/1.1" 200 329
14.0.172.252 - - [13/Mar/2026:09:42:09 +0800] "GET /InternetTrading/images/top_bg2.jpg HTTP/1.1" 200 330
14.0.172.252 - - [13/Mar/2026:09:42:09 +0800] "POST /InternetTrading/Heartbeat HTTP/1.1" 200 32
14.0.172.252 - - [13/Mar/2026:09:42:09 +0800] "GET /InternetTrading/tc/dialog.html?1773366471651 HTTP/1.1" 200 3188
14.0.172.252 - - [13/Mar/2026:09:42:09 +0800] "POST /InternetTrading/CustomerInfoLite HTTP/1.1" 200 124
14.0.172.252 - - [13/Mar/2026:09:42:09 +0800] "GET /InternetTrading/tc/images/top_menu01_o.jpg HTTP/1.1" 200 3339
14.0.172.252 - - [13/Mar/2026:09:42:09 +0800] "GET /InternetTrading/tc/trade.html HTTP/1.1" 200 2113
14.0.172.252 - - [13/Mar/2026:09:42:09 +0800] "POST /InternetTrading/SpreadPriceCache HTTP/1.1" 200 1947
120.230.125.143 - - [13/Mar/2026:09:42:09 +0800] "POST /InternetTrading/SessionErrorLogger HTTP/1.1" 200 117
120.230.125.143 - - [13/Mar/2026:09:42:09 +0800] "POST /InternetTrading/Heartbeat HTTP/1.1" 200 32
14.0.172.252 - - [13/Mar/2026:09:42:09 +0800] "GET /InternetTrading/jquery/wait.gif HTTP/1.1" 200 432
14.0.172.252 - - [13/Mar/2026:09:42:09 +0800] "POST /InternetTrading/SessionErrorLogger HTTP/1.1" 200 117
14.0.172.252 - - [13/Mar/2026:09:42:09 +0800] "POST /InternetTrading/GetLastLoginDate HTTP/1.1" 200 31
120.230.125.143 - - [13/Mar/2026:09:42:09 +0800] "POST /InternetTrading/SessionErrorLogger HTTP/1.1" 200 117
14.0.172.252 - - [13/Mar/2026:09:42:09 +0800] "POST /InternetTrading/SessionErrorLogger HTTP/1.1" 200 117
120.230.125.143 - - [13/Mar/2026:09:42:09 +0800] "POST /InternetTrading/MarketStatus HTTP/1.1" 200 772
14.0.172.252 - - [13/Mar/2026:09:42:09 +0800] "GET /InternetTrading/tc/getpopupMsgName.jsp HTTP/1.1" 200 -
14.0.172.252 - - [13/Mar/2026:09:42:09 +0800] "GET /InternetTrading/tc/images/trade_point01.jpg HTTP/1.1" 200 358
14.0.172.252 - - [13/Mar/2026:09:42:09 +0800] "GET /InternetTrading/tc/images/refresh.gif HTTP/1.1" 200 1145
14.0.172.252 - - [13/Mar/2026:09:42:09 +0800] "GET /InternetTrading/tc/applet_dummy.html HTTP/1.1" 200 330
14.0.172.252 - - [13/Mar/2026:09:42:09 +0800] "POST /InternetTrading/SessionErrorLogger HTTP/1.1" 200 117
14.0.172.252 - - [13/Mar/2026:09:42:09 +0800] "POST /InternetTrading/SessionErrorLogger HTTP/1.1" 200 117
14.0.172.252 - - [13/Mar/2026:09:42:09 +0800] "GET /InternetTrading/tc/buy_ticket.html? HTTP/1.1" 200 1995
14.0.172.252 - - [13/Mar/2026:09:42:09 +0800] "POST /InternetTrading/SessionErrorLogger HTTP/1.1" 200 117
14.0.172.252 - - [13/Mar/2026:09:42:09 +0800] "POST /InternetTrading/MarketStatus HTTP/1.1" 200 772
14.0.172.252 - - [13/Mar/2026:09:42:09 +0800] "GET /InternetTrading/jquery/wait.gif HTTP/1.1" 200 432
14.0.172.252 - - [13/Mar/2026:09:42:09 +0800] "GET /InternetTrading/tc/multi_currency_balance.html HTTP/1.1" 200 295
14.0.172.252 - - [13/Mar/2026:09:42:09 +0800] "GET /InternetTrading/Home/PostToAA.jsp?hl=tc HTTP/1.1" 200 293
14.0.172.252 - - [13/Mar/2026:09:42:09 +0800] "GET /InternetTrading/jquery/images/ui-icons_222222_256x240.png HTTP/1.1" 200 6922
14.0.172.252 - - [13/Mar/2026:09:42:09 +0800] "GET /InternetTrading/jquery/images/ui-bg_flat_75_ffffff_40x100.png HTTP/1.1" 200 208
14.0.172.252 - - [13/Mar/2026:09:42:09 +0800] "POST /InternetTrading/SessionErrorLogger HTTP/1.1" 200 117
14.0.172.252 - - [13/Mar/2026:09:42:09 +0800] "POST /InternetTrading/SessionErrorLogger HTTP/1.1" 200 117
14.0.172.252 - - [13/Mar/2026:09:42:09 +0800] "POST /InternetTrading/MarketStatus HTTP/1.1" 200 772
14.0.172.252 - - [13/Mar/2026:09:42:09 +0800] "POST /InternetTrading/MarketStatus HTTP/1.1" 200 772
223.197.189.207 - - [13/Mar/2026:09:42:10 +0800] "GET /InternetTrading/longpoll/M7928?X-Atmosphere-tracking-id=0&X-Atmosphere-Framework=2.2.3-javascript&X-Atmosphere-Transport=long-polling&X-Atmosphere-TrackMessageSize=true&Content-Type=charset%3Dutf-8&X-atmo-protocol=true&_=1773366470325 HTTP/1.1" 200 -
14.0.172.252 - - [13/Mar/2026:09:42:11 +0800] "POST /InternetTrading/SessionErrorLogger HTTP/1.1" 200 117
14.0.172.252 - - [13/Mar/2026:09:42:11 +0800] "POST /InternetTrading/SessionErrorLogger HTTP/1.1" 200 117
14.0.172.252 - - [13/Mar/2026:09:42:11 +0800] "POST /InternetTrading/CustomerInfo HTTP/1.1" 200 223
14.0.172.252 - - [13/Mar/2026:09:42:11 +0800] "GET /InternetTrading/tc/account_status.html HTTP/1.1" 200 426
14.0.172.252 - - [13/Mar/2026:09:42:11 +0800] "POST /InternetTrading/SessionErrorLogger HTTP/1.1" 200 117
14.0.172.252 - - [13/Mar/2026:09:42:11 +0800] "POST /InternetTrading/SessionErrorLogger HTTP/1.1" 200 117
14.0.172.252 - - [13/Mar/2026:09:42:11 +0800] "POST /InternetTrading/MarketStatus HTTP/1.1" 200 772
219.73.99.100 - - [13/Mar/2026:09:42:11 +0800] "GET /InternetTrading/longpoll/55136?X-Atmosphere-tracking-id=0&X-Atmosphere-Framework=2.2.3-javascript&X-Atmosphere-Transport=long-polling&X-Atmosphere-TrackMessageSize=true&Content-Type=charset%3Dutf-8&X-atmo-protocol=true&_=1773366471871 HTTP/1.1" 200 -
14.0.172.252 - - [13/Mar/2026:09:42:11 +0800] "GET /InternetTrading/jquery/wait.gif HTTP/1.1" 200 432
14.0.172.252 - - [13/Mar/2026:09:42:11 +0800] "POST /InternetTrading/SessionErrorLogger HTTP/1.1" 200 117
14.0.172.252 - - [13/Mar/2026:09:42:11 +0800] "GET /InternetTrading/jquery/wait.gif HTTP/1.1" 200 432
14.0.172.252 - - [13/Mar/2026:09:42:11 +0800] "POST /InternetTrading/LongPollingConfig HTTP/1.1" 200 4
14.0.172.252 - - [13/Mar/2026:09:42:12 +0800] "POST /InternetTrading/SessionErrorLogger HTTP/1.1" 200 117
14.0.172.252 - - [13/Mar/2026:09:42:12 +0800] "GET /InternetTrading/longpoll/A8127?X-Atmosphere-tracking-id=0&X-Atmosphere-Framework=2.2.3-javascript&X-Atmosphere-Transport=long-polling&X-Atmosphere-TrackMessageSize=true&Content-Type=charset%3Dutf-8&X-atmo-protocol=true&_=1773366474510 HTTP/1.1" 200 -
14.0.172.252 - - [13/Mar/2026:09:42:12 +0800] "POST /InternetTrading/Portfolio HTTP/1.1" 200 1775
120.230.125.143 - - [13/Mar/2026:09:42:12 +0800] "GET /InternetTrading/longpoll/13975?X-Atmosphere-tracking-id=0&X-Atmosphere-Framework=2.2.3-javascript&X-Atmosphere-Transport=long-polling&X-Atmosphere-TrackMessageSize=true&Content-Type=charset%3Dutf-8&X-atmo-protocol=true&_=1773366476400 HTTP/1.1" 200 -
119.136.154.51 - - [13/Mar/2026:09:42:12 +0800] "GET /InternetTrading/longpoll/51803?X-Atmosphere-tracking-id=0&X-Atmosphere-Framework=2.2.3-javascript&X-Atmosphere-Transport=long-polling&X-Atmosphere-TrackMessageSize=true&Content-Type=charset%3Dutf-8&X-atmo-protocol=true&_=1773366473235 HTTP/1.1" 200 -
223.197.189.207 - - [13/Mar/2026:09:42:16 +0800] "GET /InternetTrading/longpoll/M7928?X-Atmosphere-tracking-id=0&X-Atmosphere-Framework=2.2.3-javascript&X-Atmosphere-Transport=long-polling&X-Atmosphere-TrackMessageSize=true&Content-Type=charset%3Dutf-8&X-atmo-protocol=true&_=1773366476326 HTTP/1.1" 200 -
219.73.99.100 - - [13/Mar/2026:09:42:16 +0800] "GET /InternetTrading/longpoll/55136?X-Atmosphere-tracking-id=0&X-Atmosphere-Framework=2.2.3-javascript&X-Atmosphere-Transport=long-polling&X-Atmosphere-TrackMessageSize=true&Content-Type=charset%3Dutf-8&X-atmo-protocol=true&_=1773366476907 HTTP/1.1" 200 -
14.0.172.252 - - [13/Mar/2026:09:42:17 +0800] "GET /InternetTrading/longpoll/A8127?X-Atmosphere-tracking-id=0&X-Atmosphere-Framework=2.2.3-javascript&X-Atmosphere-Transport=long-polling&X-Atmosphere-TrackMessageSize=true&Content-Type=charset%3Dutf-8&X-atmo-protocol=true&_=1773366479566 HTTP/1.1" 200 -
120.230.125.143 - - [13/Mar/2026:09:42:18 +0800] "GET /InternetTrading/longpoll/13975?X-Atmosphere-tracking-id=0&X-Atmosphere-Framework=2.2.3-javascript&X-Atmosphere-Transport=long-polling&X-Atmosphere-TrackMessageSize=true&Content-Type=charset%3Dutf-8&X-atmo-protocol=true&_=1773366482400 HTTP/1.1" 200 -
119.136.154.51 - - [13/Mar/2026:09:42:18 +0800] "GET /InternetTrading/longpoll/51803?X-Atmosphere-tracking-id=0&X-Atmosphere-Framework=2.2.3-javascript&X-Atmosphere-Transport=long-polling&X-Atmosphere-TrackMessageSize=true&Content-Type=charset%3Dutf-8&X-atmo-protocol=true&_=1773366479230 HTTP/1.1" 200 -
219.73.99.100 - - [13/Mar/2026:09:42:22 +0800] "GET /InternetTrading/longpoll/55136?X-Atmosphere-tracking-id=0&X-Atmosphere-Framework=2.2.3-javascript&X-Atmosphere-Transport=long-polling&X-Atmosphere-TrackMessageSize=true&Content-Type=charset%3Dutf-8&X-atmo-protocol=true&_=1773366481981 HTTP/1.1" 200 -
14.0.172.252 - - [13/Mar/2026:09:42:22 +0800] "GET /InternetTrading/longpoll/A8127?X-Atmosphere-tracking-id=0&X-Atmosphere-Framework=2.2.3-javascript&X-Atmosphere-Transport=long-polling&X-Atmosphere-TrackMessageSize=true&Content-Type=charset%3Dutf-8&X-atmo-protocol=true&_=1773366484661 HTTP/1.1" 200 -
223.197.189.207 - - [13/Mar/2026:09:42:22 +0800] "GET /InternetTrading/longpoll/M7928?X-Atmosphere-tracking-id=0&X-Atmosphere-Framework=2.2.3-javascript&X-Atmosphere-Transport=long-polling&X-Atmosphere-TrackMessageSize=true&Content-Type=charset%3Dutf-8&X-atmo-protocol=true&_=1773366482325 HTTP/1.1" 200 -
120.230.125.143 - - [13/Mar/2026:09:42:24 +0800] "GET /InternetTrading/longpoll/13975?X-Atmosphere-tracking-id=0&X-Atmosphere-Framework=2.2.3-javascript&X-Atmosphere-Transport=long-polling&X-Atmosphere-TrackMessageSize=true&Content-Type=charset%3Dutf-8&X-atmo-protocol=true&_=1773366488400 HTTP/1.1" 200 -
119.136.154.51 - - [13/Mar/2026:09:42:24 +0800] "GET /InternetTrading/longpoll/51803?X-Atmosphere-tracking-id=0&X-Atmosphere-Framework=2.2.3-javascript&X-Atmosphere-Transport=long-polling&X-Atmosphere-TrackMessageSize=true&Content-Type=charset%3Dutf-8&X-atmo-protocol=true&_=1773366485233 HTTP/1.1" 200 -
219.73.99.100 - - [13/Mar/2026:09:42:27 +0800] "GET /InternetTrading/longpoll/55136?X-Atmosphere-tracking-id=0&X-Atmosphere-Framework=2.2.3-javascript&X-Atmosphere-Transport=long-polling&X-Atmosphere-TrackMessageSize=true&Content-Type=charset%3Dutf-8&X-atmo-protocol=true&_=1773366487025 HTTP/1.1" 200 -
14.0.172.252 - - [13/Mar/2026:09:42:27 +0800] "GET /InternetTrading/longpoll/A8127?X-Atmosphere-tracking-id=0&X-Atmosphere-Framework=2.2.3-javascript&X-Atmosphere-Transport=long-polling&X-Atmosphere-TrackMessageSize=true&Content-Type=charset%3Dutf-8&X-atmo-protocol=true&_=1773366489799 HTTP/1.1" 200 -
223.197.189.207 - - [13/Mar/2026:09:42:28 +0800] "GET /InternetTrading/longpoll/M7928?X-Atmosphere-tracking-id=0&X-Atmosphere-Framework=2.2.3-javascript&X-Atmosphere-Transport=long-polling&X-Atmosphere-TrackMessageSize=true&Content-Type=charset%3Dutf-8&X-atmo-protocol=true&_=1773366488325 HTTP/1.1" 200 -
120.230.125.143 - - [13/Mar/2026:09:42:30 +0800] "GET /InternetTrading/longpoll/13975?X-Atmosphere-tracking-id=0&X-Atmosphere-Framework=2.2.3-javascript&X-Atmosphere-Transport=long-polling&X-Atmosphere-TrackMessageSize=true&Content-Type=charset%3Dutf-8&X-atmo-protocol=true&_=1773366494402 HTTP/1.1" 200 -
223.197.189.207 - - [13/Mar/2026:09:42:30 +0800] "POST /InternetTrading/SessionErrorLogger HTTP/1.1" 200 117
223.197.189.207 - - [13/Mar/2026:09:42:30 +0800] "POST /InternetTrading/Heartbeat HTTP/1.1" 200 32
223.197.189.207 - - [13/Mar/2026:09:42:30 +0800] "POST /InternetTrading/SessionErrorLogger HTTP/1.1" 200 117
223.197.189.207 - - [13/Mar/2026:09:42:30 +0800] "POST /InternetTrading/MarketStatus HTTP/1.1" 200 772
119.136.154.51 - - [13/Mar/2026:09:42:30 +0800] "GET /InternetTrading/longpoll/51803?X-Atmosphere-tracking-id=0&X-Atmosphere-Framework=2.2.3-javascript&X-Atmosphere-Transport=long-polling&X-Atmosphere-TrackMessageSize=true&Content-Type=charset%3Dutf-8&X-atmo-protocol=true&_=1773366491228 HTTP/1.1" 200 -
219.73.99.100 - - [13/Mar/2026:09:42:32 +0800] "GET /InternetTrading/longpoll/55136?X-Atmosphere-tracking-id=0&X-Atmosphere-Framework=2.2.3-javascript&X-Atmosphere-Transport=long-polling&X-Atmosphere-TrackMessageSize=true&Content-Type=charset%3Dutf-8&X-atmo-protocol=true&_=1773366492074 HTTP/1.1" 200 -
14.0.172.252 - - [13/Mar/2026:09:42:32 +0800] "GET /InternetTrading/longpoll/A8127?X-Atmosphere-tracking-id=0&X-Atmosphere-Framework=2.2.3-javascript&X-Atmosphere-Transport=long-polling&X-Atmosphere-TrackMessageSize=true&Content-Type=charset%3Dutf-8&X-atmo-protocol=true&_=1773366494913 HTTP/1.1" 200 -
219.73.99.100 - - [13/Mar/2026:09:42:33 +0800] "POST /InternetTrading/SessionErrorLogger HTTP/1.1" 200 117
219.73.99.100 - - [13/Mar/2026:09:42:33 +0800] "POST /InternetTrading/Heartbeat HTTP/1.1" 200 32
219.73.99.100 - - [13/Mar/2026:09:42:33 +0800] "POST /InternetTrading/SessionErrorLogger HTTP/1.1" 200 117
219.73.99.100 - - [13/Mar/2026:09:42:33 +0800] "POST /InternetTrading/MarketStatus HTTP/1.1" 200 772
223.197.189.207 - - [13/Mar/2026:09:42:34 +0800] "GET /InternetTrading/longpoll/M7928?X-Atmosphere-tracking-id=0&X-Atmosphere-Framework=2.2.3-javascript&X-Atmosphere-Transport=long-polling&X-Atmosphere-TrackMessageSize=true&Content-Type=charset%3Dutf-8&X-atmo-protocol=true&_=1773366494322 HTTP/1.1" 200 -
120.230.125.143 - - [13/Mar/2026:09:42:36 +0800] "GET /InternetTrading/longpoll/13975?X-Atmosphere-tracking-id=0&X-Atmosphere-Framework=2.2.3-javascript&X-Atmosphere-Transport=long-polling&X-Atmosphere-TrackMessageSize=true&Content-Type=charset%3Dutf-8&X-atmo-protocol=true&_=1773366500403 HTTP/1.1" 200 -
119.136.154.51 - - [13/Mar/2026:09:42:36 +0800] "GET /InternetTrading/longpoll/51803?X-Atmosphere-tracking-id=0&X-Atmosphere-Framework=2.2.3-javascript&X-Atmosphere-Transport=long-polling&X-Atmosphere-TrackMessageSize=true&Content-Type=charset%3Dutf-8&X-atmo-protocol=true&_=1773366497239 HTTP/1.1" 200 -
219.73.99.100 - - [13/Mar/2026:09:42:37 +0800] "GET /InternetTrading/longpoll/55136?X-Atmosphere-tracking-id=0&X-Atmosphere-Framework=2.2.3-javascript&X-Atmosphere-Transport=long-polling&X-Atmosphere-TrackMessageSize=true&Content-Type=charset%3Dutf-8&X-atmo-protocol=true&_=1773366497111 HTTP/1.1" 200 -
14.0.172.252 - - [13/Mar/2026:09:42:37 +0800] "GET /InternetTrading/longpoll/A8127?X-Atmosphere-tracking-id=0&X-Atmosphere-Framework=2.2.3-javascript&X-Atmosphere-Transport=long-polling&X-Atmosphere-TrackMessageSize=true&Content-Type=charset%3Dutf-8&X-atmo-protocol=true&_=1773366500068 HTTP/1.1" 200 -
14.0.172.252 - - [13/Mar/2026:09:42:39 +0800] "POST /InternetTrading/SessionErrorLogger HTTP/1.1" 200 117
14.0.172.252 - - [13/Mar/2026:09:42:39 +0800] "POST /InternetTrading/Heartbeat HTTP/1.1" 200 32
14.0.172.252 - - [13/Mar/2026:09:42:39 +0800] "POST /InternetTrading/SessionErrorLogger HTTP/1.1" 200 117
14.0.172.252 - - [13/Mar/2026:09:42:39 +0800] "POST /InternetTrading/MarketStatus HTTP/1.1" 200 772
223.197.189.207 - - [13/Mar/2026:09:42:40 +0800] "GET /InternetTrading/longpoll/M7928?X-Atmosphere-tracking-id=0&X-Atmosphere-Framework=2.2.3-javascript&X-Atmosphere-Transport=long-polling&X-Atmosphere-TrackMessageSize=true&Content-Type=charset%3Dutf-8&X-atmo-protocol=true&_=1773366500326 HTTP/1.1" 200 -
219.73.99.100 - - [13/Mar/2026:09:42:42 +0800] "GET /InternetTrading/longpoll/55136?X-Atmosphere-tracking-id=0&X-Atmosphere-Framework=2.2.3-javascript&X-Atmosphere-Transport=long-polling&X-Atmosphere-TrackMessageSize=true&Content-Type=charset%3Dutf-8&X-atmo-protocol=true&_=1773366502136 HTTP/1.1" 200 -
120.230.125.143 - - [13/Mar/2026:09:42:42 +0800] "GET /InternetTrading/longpoll/13975?X-Atmosphere-tracking-id=0&X-Atmosphere-Framework=2.2.3-javascript&X-Atmosphere-Transport=long-polling&X-Atmosphere-TrackMessageSize=true&Content-Type=charset%3Dutf-8&X-atmo-protocol=true&_=1773366506403 HTTP/1.1" 200 -
119.136.154.51 - - [13/Mar/2026:09:42:42 +0800] "GET /InternetTrading/longpoll/51803?X-Atmosphere-tracking-id=0&X-Atmosphere-Framework=2.2.3-javascript&X-Atmosphere-Transport=long-polling&X-Atmosphere-TrackMessageSize=true&Content-Type=charset%3Dutf-8&X-atmo-protocol=true&_=1773366503229 HTTP/1.1" 200 -
14.0.172.252 - - [13/Mar/2026:09:42:42 +0800] "GET /InternetTrading/longpoll/A8127?X-Atmosphere-tracking-id=0&X-Atmosphere-Framework=2.2.3-javascript&X-Atmosphere-Transport=long-polling&X-Atmosphere-TrackMessageSize=true&Content-Type=charset%3Dutf-8&X-atmo-protocol=true&_=1773366505295 HTTP/1.1" 200 -
223.197.189.207 - - [13/Mar/2026:09:42:46 +0800] "GET /InternetTrading/longpoll/M7928?X-Atmosphere-tracking-id=0&X-Atmosphere-Framework=2.2.3-javascript&X-Atmosphere-Transport=long-polling&X-Atmosphere-TrackMessageSize=true&Content-Type=charset%3Dutf-8&X-atmo-protocol=true&_=1773366506324 HTTP/1.1" 200 -
119.136.154.51 - - [13/Mar/2026:09:42:46 +0800] "POST /InternetTrading/SessionErrorLogger HTTP/1.1" 200 117
119.136.154.51 - - [13/Mar/2026:09:42:46 +0800] "POST /InternetTrading/Heartbeat HTTP/1.1" 200 32
119.136.154.51 - - [13/Mar/2026:09:42:46 +0800] "POST /InternetTrading/SessionErrorLogger HTTP/1.1" 200 117
119.136.154.51 - - [13/Mar/2026:09:42:46 +0800] "POST /InternetTrading/MarketStatus HTTP/1.1" 200 772
219.73.99.100 - - [13/Mar/2026:09:42:47 +0800] "GET /InternetTrading/longpoll/55136?X-Atmosphere-tracking-id=0&X-Atmosphere-Framework=2.2.3-javascript&X-Atmosphere-Transport=long-polling&X-Atmosphere-TrackMessageSize=true&Content-Type=charset%3Dutf-8&X-atmo-protocol=true&_=1773366507173 HTTP/1.1" 200 -
14.0.172.252 - - [13/Mar/2026:09:42:48 +0800] "GET /InternetTrading/longpoll/A8127?X-Atmosphere-tracking-id=0&X-Atmosphere-Framework=2.2.3-javascript&X-Atmosphere-Transport=long-polling&X-Atmosphere-TrackMessageSize=true&Content-Type=charset%3Dutf-8&X-atmo-protocol=true&_=1773366510400 HTTP/1.1" 200 -
120.230.125.143 - - [13/Mar/2026:09:42:48 +0800] "GET /InternetTrading/longpoll/13975?X-Atmosphere-tracking-id=0&X-Atmosphere-Framework=2.2.3-javascript&X-Atmosphere-Transport=long-polling&X-Atmosphere-TrackMessageSize=true&Content-Type=charset%3Dutf-8&X-atmo-protocol=true&_=1773366512402 HTTP/1.1" 200 -
119.136.154.51 - - [13/Mar/2026:09:42:48 +0800] "GET /InternetTrading/longpoll/51803?X-Atmosphere-tracking-id=0&X-Atmosphere-Framework=2.2.3-javascript&X-Atmosphere-Transport=long-polling&X-Atmosphere-TrackMessageSize=true&Content-Type=charset%3Dutf-8&X-atmo-protocol=true&_=1773366509226 HTTP/1.1" 200 -
219.73.99.100 - - [13/Mar/2026:09:42:52 +0800] "GET /InternetTrading/longpoll/55136?X-Atmosphere-tracking-id=0&X-Atmosphere-Framework=2.2.3-javascript&X-Atmosphere-Transport=long-polling&X-Atmosphere-TrackMessageSize=true&Content-Type=charset%3Dutf-8&X-atmo-protocol=true&_=1773366512192 HTTP/1.1" 200 -
223.197.189.207 - - [13/Mar/2026:09:42:52 +0800] "GET /InternetTrading/longpoll/M7928?X-Atmosphere-tracking-id=0&X-Atmosphere-Framework=2.2.3-javascript&X-Atmosphere-Transport=long-polling&X-Atmosphere-TrackMessageSize=true&Content-Type=charset%3Dutf-8&X-atmo-protocol=true&_=1773366512322 HTTP/1.1" 200 -
14.0.172.252 - - [13/Mar/2026:09:42:53 +0800] "GET /InternetTrading/longpoll/A8127?X-Atmosphere-tracking-id=0&X-Atmosphere-Framework=2.2.3-javascript&X-Atmosphere-Transport=long-polling&X-Atmosphere-TrackMessageSize=true&Content-Type=charset%3Dutf-8&X-atmo-protocol=true&_=1773366515848 HTTP/1.1" 200 -
120.230.125.143 - - [13/Mar/2026:09:42:54 +0800] "GET /InternetTrading/longpoll/13975?X-Atmosphere-tracking-id=0&X-Atmosphere-Framework=2.2.3-javascript&X-Atmosphere-Transport=long-polling&X-Atmosphere-TrackMessageSize=true&Content-Type=charset%3Dutf-8&X-atmo-protocol=true&_=1773366518402 HTTP/1.1" 200 -
119.136.154.51 - - [13/Mar/2026:09:42:54 +0800] "GET /InternetTrading/longpoll/51803?X-Atmosphere-tracking-id=0&X-Atmosphere-Framework=2.2.3-javascript&X-Atmosphere-Transport=long-polling&X-Atmosphere-TrackMessageSize=true&Content-Type=charset%3Dutf-8&X-atmo-protocol=true&_=1773366515233 HTTP/1.1" 200 -
219.73.99.100 - - [13/Mar/2026:09:42:57 +0800] "GET /InternetTrading/longpoll/55136?X-Atmosphere-tracking-id=0&X-Atmosphere-Framework=2.2.3-javascript&X-Atmosphere-Transport=long-polling&X-Atmosphere-TrackMessageSize=true&Content-Type=charset%3Dutf-8&X-atmo-protocol=true&_=1773366517244 HTTP/1.1" 200 -
223.197.189.207 - - [13/Mar/2026:09:42:58 +0800] "GET /InternetTrading/longpoll/M7928?X-Atmosphere-tracking-id=0&X-Atmosphere-Framework=2.2.3-javascript&X-Atmosphere-Transport=long-polling&X-Atmosphere-TrackMessageSize=true&Content-Type=charset%3Dutf-8&X-atmo-protocol=true&_=1773366518326 HTTP/1.1" 200 -
14.0.172.252 - - [13/Mar/2026:09:42:58 +0800] "GET /InternetTrading/longpoll/A8127?X-Atmosphere-tracking-id=0&X-Atmosphere-Framework=2.2.3-javascript&X-Atmosphere-Transport=long-polling&X-Atmosphere-TrackMessageSize=true&Content-Type=charset%3Dutf-8&X-atmo-protocol=true&_=1773366521045 HTTP/1.1" 200 -
120.230.125.143 - - [13/Mar/2026:09:43:00 +0800] "GET /InternetTrading/longpoll/13975?X-Atmosphere-tracking-id=0&X-Atmosphere-Framework=2.2.3-javascript&X-Atmosphere-Transport=long-polling&X-Atmosphere-TrackMessageSize=true&Content-Type=charset%3Dutf-8&X-atmo-protocol=true&_=1773366524402 HTTP/1.1" 200 -
119.136.154.51 - - [13/Mar/2026:09:43:00 +0800] "GET /InternetTrading/longpoll/51803?X-Atmosphere-tracking-id=0&X-Atmosphere-Framework=2.2.3-javascript&X-Atmosphere-Transport=long-polling&X-Atmosphere-TrackMessageSize=true&Content-Type=charset%3Dutf-8&X-atmo-protocol=true&_=1773366521225 HTTP/1.1" 200 -
219.73.99.100 - - [13/Mar/2026:09:43:02 +0800] "GET /InternetTrading/longpoll/55136?X-Atmosphere-tracking-id=0&X-Atmosphere-Framework=2.2.3-javascript&X-Atmosphere-Transport=long-polling&X-Atmosphere-TrackMessageSize=true&Content-Type=charset%3Dutf-8&X-atmo-protocol=true&_=1773366522280 HTTP/1.1" 200 -
219.73.99.100 - - [13/Mar/2026:09:43:03 +0800] "POST /InternetTrading/SessionErrorLogger HTTP/1.1" 200 117
219.73.99.100 - - [13/Mar/2026:09:43:03 +0800] "POST /InternetTrading/Heartbeat HTTP/1.1" 200 32
219.73.99.100 - - [13/Mar/2026:09:43:03 +0800] "POST /InternetTrading/SessionErrorLogger HTTP/1.1" 200 117
219.73.99.100 - - [13/Mar/2026:09:43:03 +0800] "POST /InternetTrading/MarketStatus HTTP/1.1" 200 772
14.0.172.252 - - [13/Mar/2026:09:43:03 +0800] "GET /InternetTrading/longpoll/A8127?X-Atmosphere-tracking-id=0&X-Atmosphere-Framework=2.2.3-javascript&X-Atmosphere-Transport=long-polling&X-Atmosphere-TrackMessageSize=true&Content-Type=charset%3Dutf-8&X-atmo-protocol=true&_=1773366526295 HTTP/1.1" 200 -
223.197.189.207 - - [13/Mar/2026:09:43:04 +0800] "GET /InternetTrading/longpoll/M7928?X-Atmosphere-tracking-id=0&X-Atmosphere-Framework=2.2.3-javascript&X-Atmosphere-Transport=long-polling&X-Atmosphere-TrackMessageSize=true&Content-Type=charset%3Dutf-8&X-atmo-protocol=true&_=1773366524325 HTTP/1.1" 200 -
120.230.125.143 - - [13/Mar/2026:09:43:06 +0800] "GET /InternetTrading/longpoll/13975?X-Atmosphere-tracking-id=0&X-Atmosphere-Framework=2.2.3-javascript&X-Atmosphere-Transport=long-polling&X-Atmosphere-TrackMessageSize=true&Content-Type=charset%3Dutf-8&X-atmo-protocol=true&_=1773366530403 HTTP/1.1" 200 -
119.136.154.51 - - [13/Mar/2026:09:43:06 +0800] "GET /InternetTrading/longpoll/51803?X-Atmosphere-tracking-id=0&X-Atmosphere-Framework=2.2.3-javascript&X-Atmosphere-Transport=long-polling&X-Atmosphere-TrackMessageSize=true&Content-Type=charset%3Dutf-8&X-atmo-protocol=true&_=1773366527237 HTTP/1.1" 200 -
219.73.99.100 - - [13/Mar/2026:09:43:07 +0800] "GET /InternetTrading/longpoll/55136?X-Atmosphere-tracking-id=0&X-Atmosphere-Framework=2.2.3-javascript&X-Atmosphere-Transport=long-polling&X-Atmosphere-TrackMessageSize=true&Content-Type=charset%3Dutf-8&X-atmo-protocol=true&_=1773366527324 HTTP/1.1" 200 -
14.0.172.252 - - [13/Mar/2026:09:43:09 +0800] "GET /InternetTrading/longpoll/A8127?X-Atmosphere-tracking-id=0&X-Atmosphere-Framework=2.2.3-javascript&X-Atmosphere-Transport=long-polling&X-Atmosphere-TrackMessageSize=true&Content-Type=charset%3Dutf-8&X-atmo-protocol=true&_=1773366531504 HTTP/1.1" 200 -
120.230.125.143 - - [13/Mar/2026:09:43:09 +0800] "POST /InternetTrading/SessionErrorLogger HTTP/1.1" 200 117
120.230.125.143 - - [13/Mar/2026:09:43:09 +0800] "POST /InternetTrading/Heartbeat HTTP/1.1" 200 32
120.230.125.143 - - [13/Mar/2026:09:43:09 +0800] "POST /InternetTrading/SessionErrorLogger HTTP/1.1" 200 117
120.230.125.143 - - [13/Mar/2026:09:43:09 +0800] "POST /InternetTrading/MarketStatus HTTP/1.1" 200 772
14.0.172.252 - - [13/Mar/2026:09:43:09 +0800] "POST /InternetTrading/SessionErrorLogger HTTP/1.1" 200 117
14.0.172.252 - - [13/Mar/2026:09:43:09 +0800] "POST /InternetTrading/Heartbeat HTTP/1.1" 200 32
14.0.172.252 - - [13/Mar/2026:09:43:09 +0800] "POST /InternetTrading/SessionErrorLogger HTTP/1.1" 200 117
14.0.172.252 - - [13/Mar/2026:09:43:09 +0800] "POST /InternetTrading/MarketStatus HTTP/1.1" 200 772
223.197.189.207 - - [13/Mar/2026:09:43:10 +0800] "GET /InternetTrading/longpoll/M7928?X-Atmosphere-tracking-id=0&X-Atmosphere-Framework=2.2.3-javascript&X-Atmosphere-Transport=long-polling&X-Atmosphere-TrackMessageSize=true&Content-Type=charset%3Dutf-8&X-atmo-protocol=true&_=1773366530324 HTTP/1.1" 200 -
219.73.99.100 - - [13/Mar/2026:09:43:12 +0800] "GET /InternetTrading/longpoll/55136?X-Atmosphere-tracking-id=0&X-Atmosphere-Framework=2.2.3-javascript&X-Atmosphere-Transport=long-polling&X-Atmosphere-TrackMessageSize=true&Content-Type=charset%3Dutf-8&X-atmo-protocol=true&_=1773366532347 HTTP/1.1" 200 -
120.230.125.143 - - [13/Mar/2026:09:43:12 +0800] "GET /InternetTrading/longpoll/13975?X-Atmosphere-tracking-id=0&X-Atmosphere-Framework=2.2.3-javascript&X-Atmosphere-Transport=long-polling&X-Atmosphere-TrackMessageSize=true&Content-Type=charset%3Dutf-8&X-atmo-protocol=true&_=1773366536403 HTTP/1.1" 200 -
119.136.154.51 - - [13/Mar/2026:09:43:12 +0800] "GET /InternetTrading/longpoll/51803?X-Atmosphere-tracking-id=0&X-Atmosphere-Framework=2.2.3-javascript&X-Atmosphere-Transport=long-polling&X-Atmosphere-TrackMessageSize=true&Content-Type=charset%3Dutf-8&X-atmo-protocol=true&_=1773366533230 HTTP/1.1" 200 -
14.0.172.252 - - [13/Mar/2026:09:43:14 +0800] "GET /InternetTrading/longpoll/A8127?X-Atmosphere-tracking-id=0&X-Atmosphere-Framework=2.2.3-javascript&X-Atmosphere-Transport=long-polling&X-Atmosphere-TrackMessageSize=true&Content-Type=charset%3Dutf-8&X-atmo-protocol=true&_=1773366536639 HTTP/1.1" 200 -
223.197.189.207 - - [13/Mar/2026:09:43:16 +0800] "GET /InternetTrading/longpoll/M7928?X-Atmosphere-tracking-id=0&X-Atmosphere-Framework=2.2.3-javascript&X-Atmosphere-Transport=long-polling&X-Atmosphere-TrackMessageSize=true&Content-Type=charset%3Dutf-8&X-atmo-protocol=true&_=1773366536325 HTTP/1.1" 200 -
219.73.99.100 - - [13/Mar/2026:09:43:17 +0800] "GET /InternetTrading/longpoll/55136?X-Atmosphere-tracking-id=0&X-Atmosphere-Framework=2.2.3-javascript&X-Atmosphere-Transport=long-polling&X-Atmosphere-TrackMessageSize=true&Content-Type=charset%3Dutf-8&X-atmo-protocol=true&_=1773366537396 HTTP/1.1" 200 -
120.230.125.143 - - [13/Mar/2026:09:43:18 +0800] "GET /InternetTrading/longpoll/13975?X-Atmosphere-tracking-id=0&X-Atmosphere-Framework=2.2.3-javascript&X-Atmosphere-Transport=long-polling&X-Atmosphere-TrackMessageSize=true&Content-Type=charset%3Dutf-8&X-atmo-protocol=true&_=1773366542402 HTTP/1.1" 200 -
119.136.154.51 - - [13/Mar/2026:09:43:18 +0800] "GET /InternetTrading/longpoll/51803?X-Atmosphere-tracking-id=0&X-Atmosphere-Framework=2.2.3-javascript&X-Atmosphere-Transport=long-polling&X-Atmosphere-TrackMessageSize=true&Content-Type=charset%3Dutf-8&X-atmo-protocol=true&_=1773366539228 HTTP/1.1" 200 -
14.0.172.252 - - [13/Mar/2026:09:43:19 +0800] "GET /InternetTrading/longpoll/A8127?X-Atmosphere-tracking-id=0&X-Atmosphere-Framework=2.2.3-javascript&X-Atmosphere-Transport=long-polling&X-Atmosphere-TrackMessageSize=true&Content-Type=charset%3Dutf-8&X-atmo-protocol=true&_=1773366541723 HTTP/1.1" 200 -
223.197.189.207 - - [13/Mar/2026:09:43:22 +0800] "GET /InternetTrading/longpoll/M7928?X-Atmosphere-tracking-id=0&X-Atmosphere-Framework=2.2.3-javascript&X-Atmosphere-Transport=long-polling&X-Atmosphere-TrackMessageSize=true&Content-Type=charset%3Dutf-8&X-atmo-protocol=true&_=1773366542326 HTTP/1.1" 200 -
219.73.99.100 - - [13/Mar/2026:09:43:22 +0800] "GET /InternetTrading/longpoll/55136?X-Atmosphere-tracking-id=0&X-Atmosphere-Framework=2.2.3-javascript&X-Atmosphere-Transport=long-polling&X-Atmosphere-TrackMessageSize=true&Content-Type=charset%3Dutf-8&X-atmo-protocol=true&_=1773366542437 HTTP/1.1" 200 -
120.230.125.143 - - [13/Mar/2026:09:43:24 +0800] "GET /InternetTrading/longpoll/13975?X-Atmosphere-tracking-id=0&X-Atmosphere-Framework=2.2.3-javascript&X-Atmosphere-Transport=long-polling&X-Atmosphere-TrackMessageSize=true&Content-Type=charset%3Dutf-8&X-atmo-protocol=true&_=1773366548402 HTTP/1.1" 200 -
119.136.154.51 - - [13/Mar/2026:09:43:24 +0800] "GET /InternetTrading/longpoll/51803?X-Atmosphere-tracking-id=0&X-Atmosphere-Framework=2.2.3-javascript&X-Atmosphere-Transport=long-polling&X-Atmosphere-TrackMessageSize=true&Content-Type=charset%3Dutf-8&X-atmo-protocol=true&_=1773366545231 HTTP/1.1" 200 -
14.0.172.252 - - [13/Mar/2026:09:43:24 +0800] "GET /InternetTrading/longpoll/A8127?X-Atmosphere-tracking-id=0&X-Atmosphere-Framework=2.2.3-javascript&X-Atmosphere-Transport=long-polling&X-Atmosphere-TrackMessageSize=true&Content-Type=charset%3Dutf-8&X-atmo-protocol=true&_=1773366547010 HTTP/1.1" 200 -
219.73.99.100 - - [13/Mar/2026:09:43:27 +0800] "GET /InternetTrading/longpoll/55136?X-Atmosphere-tracking-id=0&X-Atmosphere-Framework=2.2.3-javascript&X-Atmosphere-Transport=long-polling&X-Atmosphere-TrackMessageSize=true&Content-Type=charset%3Dutf-8&X-atmo-protocol=true&_=1773366547482 HTTP/1.1" 200 -
223.197.189.207 - - [13/Mar/2026:09:43:28 +0800] "GET /InternetTrading/longpoll/M7928?X-Atmosphere-tracking-id=0&X-Atmosphere-Framework=2.2.3-javascript&X-Atmosphere-Transport=long-polling&X-Atmosphere-TrackMessageSize=true&Content-Type=charset%3Dutf-8&X-atmo-protocol=true&_=1773366548324 HTTP/1.1" 200 -
14.0.172.252 - - [13/Mar/2026:09:43:29 +0800] "GET /InternetTrading/longpoll/A8127?X-Atmosphere-tracking-id=0&X-Atmosphere-Framework=2.2.3-javascript&X-Atmosphere-Transport=long-polling&X-Atmosphere-TrackMessageSize=true&Content-Type=charset%3Dutf-8&X-atmo-protocol=true&_=1773366552416 HTTP/1.1" 200 -
120.230.125.143 - - [13/Mar/2026:09:43:30 +0800] "GET /InternetTrading/longpoll/13975?X-Atmosphere-tracking-id=0&X-Atmosphere-Framework=2.2.3-javascript&X-Atmosphere-Transport=long-polling&X-Atmosphere-TrackMessageSize=true&Content-Type=charset%3Dutf-8&X-atmo-protocol=true&_=1773366554404 HTTP/1.1" 200 -
223.197.189.207 - - [13/Mar/2026:09:43:30 +0800] "POST /InternetTrading/SessionErrorLogger HTTP/1.1" 200 117
223.197.189.207 - - [13/Mar/2026:09:43:30 +0800] "POST /InternetTrading/Heartbeat HTTP/1.1" 200 32
223.197.189.207 - - [13/Mar/2026:09:43:30 +0800] "POST /InternetTrading/SessionErrorLogger HTTP/1.1" 200 117
223.197.189.207 - - [13/Mar/2026:09:43:30 +0800] "POST /InternetTrading/MarketStatus HTTP/1.1" 200 772
119.136.154.51 - - [13/Mar/2026:09:43:30 +0800] "GET /InternetTrading/longpoll/51803?X-Atmosphere-tracking-id=0&X-Atmosphere-Framework=2.2.3-javascript&X-Atmosphere-Transport=long-polling&X-Atmosphere-TrackMessageSize=true&Content-Type=charset%3Dutf-8&X-atmo-protocol=true&_=1773366551233 HTTP/1.1" 200 -
219.73.99.100 - - [13/Mar/2026:09:43:32 +0800] "GET /InternetTrading/longpoll/55136?X-Atmosphere-tracking-id=0&X-Atmosphere-Framework=2.2.3-javascript&X-Atmosphere-Transport=long-polling&X-Atmosphere-TrackMessageSize=true&Content-Type=charset%3Dutf-8&X-atmo-protocol=true&_=1773366552516 HTTP/1.1" 200 -
219.73.99.100 - - [13/Mar/2026:09:43:33 +0800] "POST /InternetTrading/SessionErrorLogger HTTP/1.1" 200 117
219.73.99.100 - - [13/Mar/2026:09:43:33 +0800] "POST /InternetTrading/Heartbeat HTTP/1.1" 200 32
219.73.99.100 - - [13/Mar/2026:09:43:33 +0800] "POST /InternetTrading/SessionErrorLogger HTTP/1.1" 200 117
219.73.99.100 - - [13/Mar/2026:09:43:33 +0800] "POST /InternetTrading/MarketStatus HTTP/1.1" 200 772
223.197.189.207 - - [13/Mar/2026:09:43:34 +0800] "GET /InternetTrading/longpoll/M7928?X-Atmosphere-tracking-id=0&X-Atmosphere-Framework=2.2.3-javascript&X-Atmosphere-Transport=long-polling&X-Atmosphere-TrackMessageSize=true&Content-Type=charset%3Dutf-8&X-atmo-protocol=true&_=1773366554323 HTTP/1.1" 200 -
14.0.172.252 - - [13/Mar/2026:09:43:35 +0800] "GET /InternetTrading/longpoll/A8127?X-Atmosphere-tracking-id=0&X-Atmosphere-Framework=2.2.3-javascript&X-Atmosphere-Transport=long-polling&X-Atmosphere-TrackMessageSize=true&Content-Type=charset%3Dutf-8&X-atmo-protocol=true&_=1773366557478 HTTP/1.1" 200 -
120.230.125.143 - - [13/Mar/2026:09:43:36 +0800] "GET /InternetTrading/longpoll/13975?X-Atmosphere-tracking-id=0&X-Atmosphere-Framework=2.2.3-javascript&X-Atmosphere-Transport=long-polling&X-Atmosphere-TrackMessageSize=true&Content-Type=charset%3Dutf-8&X-atmo-protocol=true&_=1773366560404 HTTP/1.1" 200 -
119.136.154.51 - - [13/Mar/2026:09:43:36 +0800] "GET /InternetTrading/longpoll/51803?X-Atmosphere-tracking-id=0&X-Atmosphere-Framework=2.2.3-javascript&X-Atmosphere-Transport=long-polling&X-Atmosphere-TrackMessageSize=true&Content-Type=charset%3Dutf-8&X-atmo-protocol=true&_=1773366557237 HTTP/1.1" 200 -
219.73.99.100 - - [13/Mar/2026:09:43:37 +0800] "GET /InternetTrading/longpoll/55136?X-Atmosphere-tracking-id=0&X-Atmosphere-Framework=2.2.3-javascript&X-Atmosphere-Transport=long-polling&X-Atmosphere-TrackMessageSize=true&Content-Type=charset%3Dutf-8&X-atmo-protocol=true&_=1773366557558 HTTP/1.1" 200 -
14.0.172.252 - - [13/Mar/2026:09:43:39 +0800] "POST /InternetTrading/SessionErrorLogger HTTP/1.1" 200 117
14.0.172.252 - - [13/Mar/2026:09:43:39 +0800] "POST /InternetTrading/Heartbeat HTTP/1.1" 200 32
14.0.172.252 - - [13/Mar/2026:09:43:39 +0800] "POST /InternetTrading/SessionErrorLogger HTTP/1.1" 200 117
14.0.172.252 - - [13/Mar/2026:09:43:39 +0800] "POST /InternetTrading/MarketStatus HTTP/1.1" 200 772
14.0.172.252 - - [13/Mar/2026:09:43:40 +0800] "GET /InternetTrading/longpoll/A8127?X-Atmosphere-tracking-id=0&X-Atmosphere-Framework=2.2.3-javascript&X-Atmosphere-Transport=long-polling&X-Atmosphere-TrackMessageSize=true&Content-Type=charset%3Dutf-8&X-atmo-protocol=true&_=1773366562614 HTTP/1.1" 200 -
223.197.189.207 - - [13/Mar/2026:09:43:40 +0800] "GET /InternetTrading/longpoll/M7928?X-Atmosphere-tracking-id=0&X-Atmosphere-Framework=2.2.3-javascript&X-Atmosphere-Transport=long-polling&X-Atmosphere-TrackMessageSize=true&Content-Type=charset%3Dutf-8&X-atmo-protocol=true&_=1773366560324 HTTP/1.1" 200 -
120.230.125.143 - - [13/Mar/2026:09:43:42 +0800] "GET /InternetTrading/longpoll/13975?X-Atmosphere-tracking-id=0&X-Atmosphere-Framework=2.2.3-javascript&X-Atmosphere-Transport=long-polling&X-Atmosphere-TrackMessageSize=true&Content-Type=charset%3Dutf-8&X-atmo-protocol=true&_=1773366566404 HTTP/1.1" 200 -
119.136.154.51 - - [13/Mar/2026:09:43:42 +0800] "GET /InternetTrading/longpoll/51803?X-Atmosphere-tracking-id=0&X-Atmosphere-Framework=2.2.3-javascript&X-Atmosphere-Transport=long-polling&X-Atmosphere-TrackMessageSize=true&Content-Type=charset%3Dutf-8&X-atmo-protocol=true&_=1773366563227 HTTP/1.1" 200 -
219.73.99.100 - - [13/Mar/2026:09:43:42 +0800] "GET /InternetTrading/longpoll/55136?X-Atmosphere-tracking-id=0&X-Atmosphere-Framework=2.2.3-javascript&X-Atmosphere-Transport=long-polling&X-Atmosphere-TrackMessageSize=true&Content-Type=charset%3Dutf-8&X-atmo-protocol=true&_=1773366562578 HTTP/1.1" 200 -
14.0.172.252 - - [13/Mar/2026:09:43:45 +0800] "GET /InternetTrading/longpoll/A8127?X-Atmosphere-tracking-id=0&X-Atmosphere-Framework=2.2.3-javascript&X-Atmosphere-Transport=long-polling&X-Atmosphere-TrackMessageSize=true&Content-Type=charset%3Dutf-8&X-atmo-protocol=true&_=1773366567666 HTTP/1.1" 200 -
223.197.189.207 - - [13/Mar/2026:09:43:46 +0800] "GET /InternetTrading/longpoll/M7928?X-Atmosphere-tracking-id=0&X-Atmosphere-Framework=2.2.3-javascript&X-Atmosphere-Transport=long-polling&X-Atmosphere-TrackMessageSize=true&Content-Type=charset%3Dutf-8&X-atmo-protocol=true&_=1773366566324 HTTP/1.1" 200 -
119.136.154.51 - - [13/Mar/2026:09:43:46 +0800] "POST /InternetTrading/SessionErrorLogger HTTP/1.1" 200 117
119.136.154.51 - - [13/Mar/2026:09:43:46 +0800] "POST /InternetTrading/Heartbeat HTTP/1.1" 200 32
119.136.154.51 - - [13/Mar/2026:09:43:46 +0800] "POST /InternetTrading/SessionErrorLogger HTTP/1.1" 200 117
119.136.154.51 - - [13/Mar/2026:09:43:46 +0800] "POST /InternetTrading/MarketStatus HTTP/1.1" 200 772
219.73.99.100 - - [13/Mar/2026:09:43:47 +0800] "GET /InternetTrading/longpoll/55136?X-Atmosphere-tracking-id=0&X-Atmosphere-Framework=2.2.3-javascript&X-Atmosphere-Transport=long-polling&X-Atmosphere-TrackMessageSize=true&Content-Type=charset%3Dutf-8&X-atmo-protocol=true&_=1773366567625 HTTP/1.1" 200 -
120.230.125.143 - - [13/Mar/2026:09:43:48 +0800] "GET /InternetTrading/longpoll/13975?X-Atmosphere-tracking-id=0&X-Atmosphere-Framework=2.2.3-javascript&X-Atmosphere-Transport=long-polling&X-Atmosphere-TrackMessageSize=true&Content-Type=charset%3Dutf-8&X-atmo-protocol=true&_=1773366572405 HTTP/1.1" 200 -
119.136.154.51 - - [13/Mar/2026:09:43:48 +0800] "GET /InternetTrading/longpoll/51803?X-Atmosphere-tracking-id=0&X-Atmosphere-Framework=2.2.3-javascript&X-Atmosphere-Transport=long-polling&X-Atmosphere-TrackMessageSize=true&Content-Type=charset%3Dutf-8&X-atmo-protocol=true&_=1773366569235 HTTP/1.1" 200 -
14.0.172.252 - - [13/Mar/2026:09:43:50 +0800] "GET /InternetTrading/longpoll/A8127?X-Atmosphere-tracking-id=0&X-Atmosphere-Framework=2.2.3-javascript&X-Atmosphere-Transport=long-polling&X-Atmosphere-TrackMessageSize=true&Content-Type=charset%3Dutf-8&X-atmo-protocol=true&_=1773366572728 HTTP/1.1" 200 -
223.197.189.207 - - [13/Mar/2026:09:43:52 +0800] "GET /InternetTrading/longpoll/M7928?X-Atmosphere-tracking-id=0&X-Atmosphere-Framework=2.2.3-javascript&X-Atmosphere-Transport=long-polling&X-Atmosphere-TrackMessageSize=true&Content-Type=charset%3Dutf-8&X-atmo-protocol=true&_=1773366572333 HTTP/1.1" 200 -
219.73.99.100 - - [13/Mar/2026:09:43:52 +0800] "GET /InternetTrading/longpoll/55136?X-Atmosphere-tracking-id=0&X-Atmosphere-Framework=2.2.3-javascript&X-Atmosphere-Transport=long-polling&X-Atmosphere-TrackMessageSize=true&Content-Type=charset%3Dutf-8&X-atmo-protocol=true&_=1773366572673 HTTP/1.1" 200 -
120.230.125.143 - - [13/Mar/2026:09:43:54 +0800] "GET /InternetTrading/longpoll/13975?X-Atmosphere-tracking-id=0&X-Atmosphere-Framework=2.2.3-javascript&X-Atmosphere-Transport=long-polling&X-Atmosphere-TrackMessageSize=true&Content-Type=charset%3Dutf-8&X-atmo-protocol=true&_=1773366578404 HTTP/1.1" 200 -
119.136.154.51 - - [13/Mar/2026:09:43:54 +0800] "GET /InternetTrading/longpoll/51803?X-Atmosphere-tracking-id=0&X-Atmosphere-Framework=2.2.3-javascript&X-Atmosphere-Transport=long-polling&X-Atmosphere-TrackMessageSize=true&Content-Type=charset%3Dutf-8&X-atmo-protocol=true&_=1773366575230 HTTP/1.1" 200 -
14.0.172.252 - - [13/Mar/2026:09:43:55 +0800] "GET /InternetTrading/longpoll/A8127?X-Atmosphere-tracking-id=0&X-Atmosphere-Framework=2.2.3-javascript&X-Atmosphere-Transport=long-polling&X-Atmosphere-TrackMessageSize=true&Content-Type=charset%3Dutf-8&X-atmo-protocol=true&_=1773366577878 HTTP/1.1" 200 -
219.73.99.100 - - [13/Mar/2026:09:43:57 +0800] "GET /InternetTrading/longpoll/55136?X-Atmosphere-tracking-id=0&X-Atmosphere-Framework=2.2.3-javascript&X-Atmosphere-Transport=long-polling&X-Atmosphere-TrackMessageSize=true&Content-Type=charset%3Dutf-8&X-atmo-protocol=true&_=1773366577722 HTTP/1.1" 200 -
223.197.189.207 - - [13/Mar/2026:09:43:58 +0800] "GET /InternetTrading/longpoll/M7928?X-Atmosphere-tracking-id=0&X-Atmosphere-Framework=2.2.3-javascript&X-Atmosphere-Transport=long-polling&X-Atmosphere-TrackMessageSize=true&Content-Type=charset%3Dutf-8&X-atmo-protocol=true&_=1773366578328 HTTP/1.1" 200 -
120.230.125.143 - - [13/Mar/2026:09:44:00 +0800] "GET /InternetTrading/longpoll/13975?X-Atmosphere-tracking-id=0&X-Atmosphere-Framework=2.2.3-javascript&X-Atmosphere-Transport=long-polling&X-Atmosphere-TrackMessageSize=true&Content-Type=charset%3Dutf-8&X-atmo-protocol=true&_=1773366584409 HTTP/1.1" 200 -
119.136.154.51 - - [13/Mar/2026:09:44:00 +0800] "GET /InternetTrading/longpoll/51803?X-Atmosphere-tracking-id=0&X-Atmosphere-Framework=2.2.3-javascript&X-Atmosphere-Transport=long-polling&X-Atmosphere-TrackMessageSize=true&Content-Type=charset%3Dutf-8&X-atmo-protocol=true&_=1773366581228 HTTP/1.1" 200 -
14.0.172.252 - - [13/Mar/2026:09:44:00 +0800] "GET /InternetTrading/longpoll/A8127?X-Atmosphere-tracking-id=0&X-Atmosphere-Framework=2.2.3-javascript&X-Atmosphere-Transport=long-polling&X-Atmosphere-TrackMessageSize=true&Content-Type=charset%3Dutf-8&X-atmo-protocol=true&_=1773366583022 HTTP/1.1" 200 -
219.73.99.100 - - [13/Mar/2026:09:44:02 +0800] "GET /InternetTrading/longpoll/55136?X-Atmosphere-tracking-id=0&X-Atmosphere-Framework=2.2.3-javascript&X-Atmosphere-Transport=long-polling&X-Atmosphere-TrackMessageSize=true&Content-Type=charset%3Dutf-8&X-atmo-protocol=true&_=1773366582765 HTTP/1.1" 200 -
219.73.99.100 - - [13/Mar/2026:09:44:03 +0800] "POST /InternetTrading/SessionErrorLogger HTTP/1.1" 200 117
219.73.99.100 - - [13/Mar/2026:09:44:03 +0800] "POST /InternetTrading/Heartbeat HTTP/1.1" 200 32
219.73.99.100 - - [13/Mar/2026:09:44:03 +0800] "POST /InternetTrading/SessionErrorLogger HTTP/1.1" 200 117
219.73.99.100 - - [13/Mar/2026:09:44:03 +0800] "POST /InternetTrading/MarketStatus HTTP/1.1" 200 772
223.197.189.207 - - [13/Mar/2026:09:44:04 +0800] "GET /InternetTrading/longpoll/M7928?X-Atmosphere-tracking-id=0&X-Atmosphere-Framework=2.2.3-javascript&X-Atmosphere-Transport=long-polling&X-Atmosphere-TrackMessageSize=true&Content-Type=charset%3Dutf-8&X-atmo-protocol=true&_=1773366584325 HTTP/1.1" 200 -
14.0.172.252 - - [13/Mar/2026:09:44:05 +0800] "GET /InternetTrading/longpoll/A8127?X-Atmosphere-tracking-id=0&X-Atmosphere-Framework=2.2.3-javascript&X-Atmosphere-Transport=long-polling&X-Atmosphere-TrackMessageSize=true&Content-Type=charset%3Dutf-8&X-atmo-protocol=true&_=1773366588154 HTTP/1.1" 200 -
120.230.125.143 - - [13/Mar/2026:09:44:06 +0800] "GET /InternetTrading/longpoll/13975?X-Atmosphere-tracking-id=0&X-Atmosphere-Framework=2.2.3-javascript&X-Atmosphere-Transport=long-polling&X-Atmosphere-TrackMessageSize=true&Content-Type=charset%3Dutf-8&X-atmo-protocol=true&_=1773366590404 HTTP/1.1" 200 -
119.136.154.51 - - [13/Mar/2026:09:44:06 +0800] "GET /InternetTrading/longpoll/51803?X-Atmosphere-tracking-id=0&X-Atmosphere-Framework=2.2.3-javascript&X-Atmosphere-Transport=long-polling&X-Atmosphere-TrackMessageSize=true&Content-Type=charset%3Dutf-8&X-atmo-protocol=true&_=1773366587238 HTTP/1.1" 200 -
219.73.99.100 - - [13/Mar/2026:09:44:07 +0800] "GET /InternetTrading/longpoll/55136?X-Atmosphere-tracking-id=0&X-Atmosphere-Framework=2.2.3-javascript&X-Atmosphere-Transport=long-polling&X-Atmosphere-TrackMessageSize=true&Content-Type=charset%3Dutf-8&X-atmo-protocol=true&_=1773366587806 HTTP/1.1" 200 -
120.230.125.143 - - [13/Mar/2026:09:44:09 +0800] "POST /InternetTrading/SessionErrorLogger HTTP/1.1" 200 117
120.230.125.143 - - [13/Mar/2026:09:44:09 +0800] "POST /InternetTrading/Heartbeat HTTP/1.1" 200 32
120.230.125.143 - - [13/Mar/2026:09:44:09 +0800] "POST /InternetTrading/SessionErrorLogger HTTP/1.1" 200 117
120.230.125.143 - - [13/Mar/2026:09:44:09 +0800] "POST /InternetTrading/MarketStatus HTTP/1.1" 200 772
14.0.172.252 - - [13/Mar/2026:09:44:09 +0800] "POST /InternetTrading/SessionErrorLogger HTTP/1.1" 200 117
14.0.172.252 - - [13/Mar/2026:09:44:10 +0800] "POST /InternetTrading/Heartbeat HTTP/1.1" 200 32
14.0.172.252 - - [13/Mar/2026:09:44:10 +0800] "POST /InternetTrading/SessionErrorLogger HTTP/1.1" 200 117
14.0.172.252 - - [13/Mar/2026:09:44:10 +0800] "POST /InternetTrading/MarketStatus HTTP/1.1" 200 772
223.197.189.207 - - [13/Mar/2026:09:44:10 +0800] "GET /InternetTrading/longpoll/M7928?X-Atmosphere-tracking-id=0&X-Atmosphere-Framework=2.2.3-javascript&X-Atmosphere-Transport=long-polling&X-Atmosphere-TrackMessageSize=true&Content-Type=charset%3Dutf-8&X-atmo-protocol=true&_=1773366590323 HTTP/1.1" 200 -
14.0.172.252 - - [13/Mar/2026:09:44:10 +0800] "GET /InternetTrading/longpoll/A8127?X-Atmosphere-tracking-id=0&X-Atmosphere-Framework=2.2.3-javascript&X-Atmosphere-Transport=long-polling&X-Atmosphere-TrackMessageSize=true&Content-Type=charset%3Dutf-8&X-atmo-protocol=true&_=1773366593269 HTTP/1.1" 200 -
120.230.125.143 - - [13/Mar/2026:09:44:12 +0800] "GET /InternetTrading/longpoll/13975?X-Atmosphere-tracking-id=0&X-Atmosphere-Framework=2.2.3-javascript&X-Atmosphere-Transport=long-polling&X-Atmosphere-TrackMessageSize=true&Content-Type=charset%3Dutf-8&X-atmo-protocol=true&_=1773366596404 HTTP/1.1" 200 -
119.136.154.51 - - [13/Mar/2026:09:44:12 +0800] "GET /InternetTrading/longpoll/51803?X-Atmosphere-tracking-id=0&X-Atmosphere-Framework=2.2.3-javascript&X-Atmosphere-Transport=long-polling&X-Atmosphere-TrackMessageSize=true&Content-Type=charset%3Dutf-8&X-atmo-protocol=true&_=1773366593228 HTTP/1.1" 200 -
219.73.99.100 - - [13/Mar/2026:09:44:12 +0800] "GET /InternetTrading/longpoll/55136?X-Atmosphere-tracking-id=0&X-Atmosphere-Framework=2.2.3-javascript&X-Atmosphere-Transport=long-polling&X-Atmosphere-TrackMessageSize=true&Content-Type=charset%3Dutf-8&X-atmo-protocol=true&_=1773366592849 HTTP/1.1" 200 -
14.0.172.252 - - [13/Mar/2026:09:44:15 +0800] "GET /InternetTrading/longpoll/A8127?X-Atmosphere-tracking-id=0&X-Atmosphere-Framework=2.2.3-javascript&X-Atmosphere-Transport=long-polling&X-Atmosphere-TrackMessageSize=true&Content-Type=charset%3Dutf-8&X-atmo-protocol=true&_=1773366598329 HTTP/1.1" 200 -
223.197.189.207 - - [13/Mar/2026:09:44:16 +0800] "GET /InternetTrading/longpoll/M7928?X-Atmosphere-tracking-id=0&X-Atmosphere-Framework=2.2.3-javascript&X-Atmosphere-Transport=long-polling&X-Atmosphere-TrackMessageSize=true&Content-Type=charset%3Dutf-8&X-atmo-protocol=true&_=1773366596333 HTTP/1.1" 200 -
114.119.137.237 - - [13/Mar/2026:09:44:16 +0800] "GET /logs/secure_access_log.20241215 HTTP/1.1" 200 567273
219.73.99.100 - - [13/Mar/2026:09:44:17 +0800] "GET /InternetTrading/longpoll/55136?X-Atmosphere-tracking-id=0&X-Atmosphere-Framework=2.2.3-javascript&X-Atmosphere-Transport=long-polling&X-Atmosphere-TrackMessageSize=true&Content-Type=charset%3Dutf-8&X-atmo-protocol=true&_=1773366597886 HTTP/1.1" 200 -
120.230.125.143 - - [13/Mar/2026:09:44:18 +0800] "GET /InternetTrading/longpoll/13975?X-Atmosphere-tracking-id=0&X-Atmosphere-Framework=2.2.3-javascript&X-Atmosphere-Transport=long-polling&X-Atmosphere-TrackMessageSize=true&Content-Type=charset%3Dutf-8&X-atmo-protocol=true&_=1773366602405 HTTP/1.1" 200 -
119.136.154.51 - - [13/Mar/2026:09:44:18 +0800] "GET /InternetTrading/longpoll/51803?X-Atmosphere-tracking-id=0&X-Atmosphere-Framework=2.2.3-javascript&X-Atmosphere-Transport=long-polling&X-Atmosphere-TrackMessageSize=true&Content-Type=charset%3Dutf-8&X-atmo-protocol=true&_=1773366599236 HTTP/1.1" 200 -
14.0.172.252 - - [13/Mar/2026:09:44:20 +0800] "GET /InternetTrading/longpoll/A8127?X-Atmosphere-tracking-id=0&X-Atmosphere-Framework=2.2.3-javascript&X-Atmosphere-Transport=long-polling&X-Atmosphere-TrackMessageSize=true&Content-Type=charset%3Dutf-8&X-atmo-protocol=true&_=1773366603382 HTTP/1.1" 200 -
223.197.189.207 - - [13/Mar/2026:09:44:22 +0800] "GET /InternetTrading/longpoll/M7928?X-Atmosphere-tracking-id=0&X-Atmosphere-Framework=2.2.3-javascript&X-Atmosphere-Transport=long-polling&X-Atmosphere-TrackMessageSize=true&Content-Type=charset%3Dutf-8&X-atmo-protocol=true&_=1773366602324 HTTP/1.1" 200 -
219.73.99.100 - - [13/Mar/2026:09:44:22 +0800] "GET /InternetTrading/longpoll/55136?X-Atmosphere-tracking-id=0&X-Atmosphere-Framework=2.2.3-javascript&X-Atmosphere-Transport=long-polling&X-Atmosphere-TrackMessageSize=true&Content-Type=charset%3Dutf-8&X-atmo-protocol=true&_=1773366602934 HTTP/1.1" 200 -
120.230.125.143 - - [13/Mar/2026:09:44:24 +0800] "GET /InternetTrading/longpoll/13975?X-Atmosphere-tracking-id=0&X-Atmosphere-Framework=2.2.3-javascript&X-Atmosphere-Transport=long-polling&X-Atmosphere-TrackMessageSize=true&Content-Type=charset%3Dutf-8&X-atmo-protocol=true&_=1773366608405 HTTP/1.1" 200 -
119.136.154.51 - - [13/Mar/2026:09:44:24 +0800] "GET /InternetTrading/longpoll/51803?X-Atmosphere-tracking-id=0&X-Atmosphere-Framework=2.2.3-javascript&X-Atmosphere-Transport=long-polling&X-Atmosphere-TrackMessageSize=true&Content-Type=charset%3Dutf-8&X-atmo-protocol=true&_=1773366605227 HTTP/1.1" 200 -
14.0.172.252 - - [13/Mar/2026:09:44:26 +0800] "GET /InternetTrading/longpoll/A8127?X-Atmosphere-tracking-id=0&X-Atmosphere-Framework=2.2.3-javascript&X-Atmosphere-Transport=long-polling&X-Atmosphere-TrackMessageSize=true&Content-Type=charset%3Dutf-8&X-atmo-protocol=true&_=1773366608480 HTTP/1.1" 200 -
219.73.99.100 - - [13/Mar/2026:09:44:27 +0800] "GET /InternetTrading/longpoll/55136?X-Atmosphere-tracking-id=0&X-Atmosphere-Framework=2.2.3-javascript&X-Atmosphere-Transport=long-polling&X-Atmosphere-TrackMessageSize=true&Content-Type=charset%3Dutf-8&X-atmo-protocol=true&_=1773366607963 HTTP/1.1" 200 -
