223.197.189.207 - - [13/Mar/2026:09:38:40 +0800] "GET /InternetTrading/longpoll/M7928?X-Atmosphere-tracking-id=0&X-Atmosphere-Framework=2.2.3-javascript&X-Atmosphere-Transport=long-polling&X-Atmosphere-TrackMessageSize=true&Content-Type=charset%3Dutf-8&X-atmo-protocol=true&_=1773366260323 HTTP/1.1" 200 -
219.73.99.100 - - [13/Mar/2026:09:38:40 +0800] "GET /InternetTrading/longpoll/55136?X-Atmosphere-tracking-id=0&X-Atmosphere-Framework=2.2.3-javascript&X-Atmosphere-Transport=long-polling&X-Atmosphere-TrackMessageSize=true&Content-Type=charset%3Dutf-8&X-atmo-protocol=true&_=1773366260599 HTTP/1.1" 200 -
183.60.24.53 - - [13/Mar/2026:09:38:41 +0800] "GET /InternetTrading/longpoll/54083?X-Atmosphere-tracking-id=0&X-Atmosphere-Framework=2.2.3-javascript&X-Atmosphere-Transport=long-polling&X-Atmosphere-TrackMessageSize=true&Content-Type=charset%3Dutf-8&X-atmo-protocol=true&_=1773366261637 HTTP/1.1" 200 -
120.230.125.143 - - [13/Mar/2026:09:38:44 +0800] "GET /InternetTrading/longpoll/13975?X-Atmosphere-tracking-id=0&X-Atmosphere-Framework=2.2.3-javascript&X-Atmosphere-Transport=long-polling&X-Atmosphere-TrackMessageSize=true&Content-Type=charset%3Dutf-8&X-atmo-protocol=true&_=1773366268395 HTTP/1.1" 200 -
119.136.154.51 - - [13/Mar/2026:09:38:44 +0800] "GET /InternetTrading/longpoll/51803?X-Atmosphere-tracking-id=0&X-Atmosphere-Framework=2.2.3-javascript&X-Atmosphere-Transport=long-polling&X-Atmosphere-TrackMessageSize=true&Content-Type=charset%3Dutf-8&X-atmo-protocol=true&_=1773366265235 HTTP/1.1" 200 -
14.0.172.252 - - [13/Mar/2026:09:38:44 +0800] "GET /InternetTrading/longpoll/A8127?X-Atmosphere-tracking-id=0&X-Atmosphere-Framework=2.2.3-javascript&X-Atmosphere-Transport=long-polling&X-Atmosphere-TrackMessageSize=true&Content-Type=charset%3Dutf-8&X-atmo-protocol=true&_=1773366267209 HTTP/1.1" 200 -
219.73.99.100 - - [13/Mar/2026:09:38:45 +0800] "GET /InternetTrading/longpoll/55136?X-Atmosphere-tracking-id=0&X-Atmosphere-Framework=2.2.3-javascript&X-Atmosphere-Transport=long-polling&X-Atmosphere-TrackMessageSize=true&Content-Type=charset%3Dutf-8&X-atmo-protocol=true&_=1773366265651 HTTP/1.1" 200 -
14.0.172.252 - - [13/Mar/2026:09:38:45 +0800] "POST /InternetTrading/SessionErrorLogger HTTP/1.1" 200 117
14.0.172.252 - - [13/Mar/2026:09:38:45 +0800] "POST /InternetTrading/Heartbeat HTTP/1.1" 200 32
14.0.172.252 - - [13/Mar/2026:09:38:46 +0800] "POST /InternetTrading/SessionErrorLogger HTTP/1.1" 200 117
14.0.172.252 - - [13/Mar/2026:09:38:46 +0800] "POST /InternetTrading/MarketStatus HTTP/1.1" 200 772
119.136.154.51 - - [13/Mar/2026:09:38:46 +0800] "POST /InternetTrading/SessionErrorLogger HTTP/1.1" 200 117
119.136.154.51 - - [13/Mar/2026:09:38:46 +0800] "POST /InternetTrading/Heartbeat HTTP/1.1" 200 32
119.136.154.51 - - [13/Mar/2026:09:38:46 +0800] "POST /InternetTrading/SessionErrorLogger HTTP/1.1" 200 117
119.136.154.51 - - [13/Mar/2026:09:38:46 +0800] "POST /InternetTrading/MarketStatus HTTP/1.1" 200 772
183.60.24.53 - - [13/Mar/2026:09:38:46 +0800] "GET /InternetTrading/longpoll/54083?X-Atmosphere-tracking-id=0&X-Atmosphere-Framework=2.2.3-javascript&X-Atmosphere-Transport=long-polling&X-Atmosphere-TrackMessageSize=true&Content-Type=charset%3Dutf-8&X-atmo-protocol=true&_=1773366266701 HTTP/1.1" 200 -
223.197.189.207 - - [13/Mar/2026:09:38:46 +0800] "GET /InternetTrading/longpoll/M7928?X-Atmosphere-tracking-id=0&X-Atmosphere-Framework=2.2.3-javascript&X-Atmosphere-Transport=long-polling&X-Atmosphere-TrackMessageSize=true&Content-Type=charset%3Dutf-8&X-atmo-protocol=true&_=1773366266322 HTTP/1.1" 200 -
183.60.24.53 - - [13/Mar/2026:09:38:47 +0800] "POST /InternetTrading/SessionErrorLogger HTTP/1.1" 200 117
183.60.24.53 - - [13/Mar/2026:09:38:47 +0800] "POST /InternetTrading/LoginKey HTTP/1.1" 200 -
183.60.24.53 - - [13/Mar/2026:09:38:47 +0800] "POST /InternetTrading/PreOrder HTTP/1.1" 200 1180
183.60.24.53 - - [13/Mar/2026:09:38:47 +0800] "GET /InternetTrading/jquery/wait.gif HTTP/1.1" 200 432
14.0.172.252 - - [13/Mar/2026:09:38:49 +0800] "GET /InternetTrading/longpoll/A8127?X-Atmosphere-tracking-id=0&X-Atmosphere-Framework=2.2.3-javascript&X-Atmosphere-Transport=long-polling&X-Atmosphere-TrackMessageSize=true&Content-Type=charset%3Dutf-8&X-atmo-protocol=true&_=1773366272338 HTTP/1.1" 200 -
120.230.125.143 - - [13/Mar/2026:09:38:50 +0800] "GET /InternetTrading/longpoll/13975?X-Atmosphere-tracking-id=0&X-Atmosphere-Framework=2.2.3-javascript&X-Atmosphere-Transport=long-polling&X-Atmosphere-TrackMessageSize=true&Content-Type=charset%3Dutf-8&X-atmo-protocol=true&_=1773366274395 HTTP/1.1" 200 -
119.136.154.51 - - [13/Mar/2026:09:38:50 +0800] "GET /InternetTrading/longpoll/51803?X-Atmosphere-tracking-id=0&X-Atmosphere-Framework=2.2.3-javascript&X-Atmosphere-Transport=long-polling&X-Atmosphere-TrackMessageSize=true&Content-Type=charset%3Dutf-8&X-atmo-protocol=true&_=1773366271232 HTTP/1.1" 200 -
219.73.99.100 - - [13/Mar/2026:09:38:50 +0800] "GET /InternetTrading/longpoll/55136?X-Atmosphere-tracking-id=0&X-Atmosphere-Framework=2.2.3-javascript&X-Atmosphere-Transport=long-polling&X-Atmosphere-TrackMessageSize=true&Content-Type=charset%3Dutf-8&X-atmo-protocol=true&_=1773366270686 HTTP/1.1" 200 -
183.60.24.53 - - [13/Mar/2026:09:38:51 +0800] "GET /InternetTrading/longpoll/54083?X-Atmosphere-tracking-id=0&X-Atmosphere-Framework=2.2.3-javascript&X-Atmosphere-Transport=long-polling&X-Atmosphere-TrackMessageSize=true&Content-Type=charset%3Dutf-8&X-atmo-protocol=true&_=1773366271817 HTTP/1.1" 200 -
223.197.189.207 - - [13/Mar/2026:09:38:52 +0800] "GET /InternetTrading/longpoll/M7928?X-Atmosphere-tracking-id=0&X-Atmosphere-Framework=2.2.3-javascript&X-Atmosphere-Transport=long-polling&X-Atmosphere-TrackMessageSize=true&Content-Type=charset%3Dutf-8&X-atmo-protocol=true&_=1773366272323 HTTP/1.1" 200 -
14.0.172.252 - - [13/Mar/2026:09:38:55 +0800] "GET /InternetTrading/longpoll/A8127?X-Atmosphere-tracking-id=0&X-Atmosphere-Framework=2.2.3-javascript&X-Atmosphere-Transport=long-polling&X-Atmosphere-TrackMessageSize=true&Content-Type=charset%3Dutf-8&X-atmo-protocol=true&_=1773366277454 HTTP/1.1" 200 -
219.73.99.100 - - [13/Mar/2026:09:38:55 +0800] "GET /InternetTrading/longpoll/55136?X-Atmosphere-tracking-id=0&X-Atmosphere-Framework=2.2.3-javascript&X-Atmosphere-Transport=long-polling&X-Atmosphere-TrackMessageSize=true&Content-Type=charset%3Dutf-8&X-atmo-protocol=true&_=1773366275709 HTTP/1.1" 200 -
120.230.125.143 - - [13/Mar/2026:09:38:56 +0800] "GET /InternetTrading/longpoll/13975?X-Atmosphere-tracking-id=0&X-Atmosphere-Framework=2.2.3-javascript&X-Atmosphere-Transport=long-polling&X-Atmosphere-TrackMessageSize=true&Content-Type=charset%3Dutf-8&X-atmo-protocol=true&_=1773366280403 HTTP/1.1" 200 -
119.136.154.51 - - [13/Mar/2026:09:38:56 +0800] "GET /InternetTrading/longpoll/51803?X-Atmosphere-tracking-id=0&X-Atmosphere-Framework=2.2.3-javascript&X-Atmosphere-Transport=long-polling&X-Atmosphere-TrackMessageSize=true&Content-Type=charset%3Dutf-8&X-atmo-protocol=true&_=1773366277237 HTTP/1.1" 200 -
183.60.24.53 - - [13/Mar/2026:09:38:56 +0800] "GET /InternetTrading/longpoll/54083?X-Atmosphere-tracking-id=0&X-Atmosphere-Framework=2.2.3-javascript&X-Atmosphere-Transport=long-polling&X-Atmosphere-TrackMessageSize=true&Content-Type=charset%3Dutf-8&X-atmo-protocol=true&_=1773366276861 HTTP/1.1" 200 -
223.197.189.207 - - [13/Mar/2026:09:38:58 +0800] "GET /InternetTrading/longpoll/M7928?X-Atmosphere-tracking-id=0&X-Atmosphere-Framework=2.2.3-javascript&X-Atmosphere-Transport=long-polling&X-Atmosphere-TrackMessageSize=true&Content-Type=charset%3Dutf-8&X-atmo-protocol=true&_=1773366278327 HTTP/1.1" 200 -
14.0.172.252 - - [13/Mar/2026:09:39:00 +0800] "GET /InternetTrading/longpoll/A8127?X-Atmosphere-tracking-id=0&X-Atmosphere-Framework=2.2.3-javascript&X-Atmosphere-Transport=long-polling&X-Atmosphere-TrackMessageSize=true&Content-Type=charset%3Dutf-8&X-atmo-protocol=true&_=1773366282643 HTTP/1.1" 200 -
219.73.99.100 - - [13/Mar/2026:09:39:00 +0800] "GET /InternetTrading/longpoll/55136?X-Atmosphere-tracking-id=0&X-Atmosphere-Framework=2.2.3-javascript&X-Atmosphere-Transport=long-polling&X-Atmosphere-TrackMessageSize=true&Content-Type=charset%3Dutf-8&X-atmo-protocol=true&_=1773366280733 HTTP/1.1" 200 -
183.60.24.53 - - [13/Mar/2026:09:39:01 +0800] "POST /InternetTrading/SessionErrorLogger HTTP/1.1" 200 117
183.60.24.53 - - [13/Mar/2026:09:39:01 +0800] "POST /InternetTrading/Heartbeat HTTP/1.1" 200 32
183.60.24.53 - - [13/Mar/2026:09:39:01 +0800] "GET /InternetTrading/longpoll/54083?X-Atmosphere-tracking-id=0&X-Atmosphere-Framework=2.2.3-javascript&X-Atmosphere-Transport=long-polling&X-Atmosphere-TrackMessageSize=true&Content-Type=charset%3Dutf-8&X-atmo-protocol=true&_=1773366281941 HTTP/1.1" 200 -
183.60.24.53 - - [13/Mar/2026:09:39:02 +0800] "POST /InternetTrading/SessionErrorLogger HTTP/1.1" 200 117
183.60.24.53 - - [13/Mar/2026:09:39:02 +0800] "POST /InternetTrading/LoginKey HTTP/1.1" 200 -
183.60.24.53 - - [13/Mar/2026:09:39:02 +0800] "POST /InternetTrading/PreOrder HTTP/1.1" 200 1230
183.60.24.53 - - [13/Mar/2026:09:39:02 +0800] "GET /InternetTrading/jquery/wait.gif HTTP/1.1" 200 432
120.230.125.143 - - [13/Mar/2026:09:39:02 +0800] "GET /InternetTrading/longpoll/13975?X-Atmosphere-tracking-id=0&X-Atmosphere-Framework=2.2.3-javascript&X-Atmosphere-Transport=long-polling&X-Atmosphere-TrackMessageSize=true&Content-Type=charset%3Dutf-8&X-atmo-protocol=true&_=1773366286396 HTTP/1.1" 200 -
119.136.154.51 - - [13/Mar/2026:09:39:02 +0800] "GET /InternetTrading/longpoll/51803?X-Atmosphere-tracking-id=0&X-Atmosphere-Framework=2.2.3-javascript&X-Atmosphere-Transport=long-polling&X-Atmosphere-TrackMessageSize=true&Content-Type=charset%3Dutf-8&X-atmo-protocol=true&_=1773366283227 HTTP/1.1" 200 -
219.73.99.100 - - [13/Mar/2026:09:39:03 +0800] "POST /InternetTrading/SessionErrorLogger HTTP/1.1" 200 117
219.73.99.100 - - [13/Mar/2026:09:39:03 +0800] "POST /InternetTrading/Heartbeat HTTP/1.1" 200 32
219.73.99.100 - - [13/Mar/2026:09:39:03 +0800] "POST /InternetTrading/SessionErrorLogger HTTP/1.1" 200 117
219.73.99.100 - - [13/Mar/2026:09:39:03 +0800] "POST /InternetTrading/MarketStatus HTTP/1.1" 200 772
223.197.189.207 - - [13/Mar/2026:09:39:04 +0800] "GET /InternetTrading/longpoll/M7928?X-Atmosphere-tracking-id=0&X-Atmosphere-Framework=2.2.3-javascript&X-Atmosphere-Transport=long-polling&X-Atmosphere-TrackMessageSize=true&Content-Type=charset%3Dutf-8&X-atmo-protocol=true&_=1773366284325 HTTP/1.1" 200 -
14.0.172.252 - - [13/Mar/2026:09:39:05 +0800] "GET /InternetTrading/longpoll/A8127?X-Atmosphere-tracking-id=0&X-Atmosphere-Framework=2.2.3-javascript&X-Atmosphere-Transport=long-polling&X-Atmosphere-TrackMessageSize=true&Content-Type=charset%3Dutf-8&X-atmo-protocol=true&_=1773366287834 HTTP/1.1" 200 -
219.73.99.100 - - [13/Mar/2026:09:39:05 +0800] "GET /InternetTrading/longpoll/55136?X-Atmosphere-tracking-id=0&X-Atmosphere-Framework=2.2.3-javascript&X-Atmosphere-Transport=long-polling&X-Atmosphere-TrackMessageSize=true&Content-Type=charset%3Dutf-8&X-atmo-protocol=true&_=1773366285764 HTTP/1.1" 200 -
183.60.24.53 - - [13/Mar/2026:09:39:06 +0800] "POST /InternetTrading/SessionErrorLogger HTTP/1.1" 200 117
183.60.24.53 - - [13/Mar/2026:09:39:06 +0800] "GET /InternetTrading/Csrf?url=/Order HTTP/1.1" 200 126
183.60.24.53 - - [13/Mar/2026:09:39:06 +0800] "POST /InternetTrading/SessionErrorLogger HTTP/1.1" 200 117
183.60.24.53 - - [13/Mar/2026:09:39:06 +0800] "POST /InternetTrading/LoginKey HTTP/1.1" 200 -
183.60.24.53 - - [13/Mar/2026:09:39:06 +0800] "POST /InternetTrading/SessionErrorLogger HTTP/1.1" 200 117
183.60.24.53 - - [13/Mar/2026:09:39:06 +0800] "POST /InternetTrading/Order?csrf_nonce=05B0FDF0738A402EACAF8D75B7E80D2A HTTP/1.1" 200 1022
183.60.24.53 - - [13/Mar/2026:09:39:06 +0800] "POST /InternetTrading/SessionErrorLogger HTTP/1.1" 200 117
183.60.24.53 - - [13/Mar/2026:09:39:06 +0800] "GET /InternetTrading/tc/sell_ticket.html? HTTP/1.1" 200 2261
183.60.24.53 - - [13/Mar/2026:09:39:06 +0800] "POST /InternetTrading/SessionErrorLogger HTTP/1.1" 200 117
183.60.24.53 - - [13/Mar/2026:09:39:06 +0800] "POST /InternetTrading/SessionErrorLogger HTTP/1.1" 200 117
183.60.24.53 - - [13/Mar/2026:09:39:06 +0800] "POST /InternetTrading/MarketStatus HTTP/1.1" 200 772
183.60.24.53 - - [13/Mar/2026:09:39:06 +0800] "POST /InternetTrading/MarketStatus HTTP/1.1" 200 772
183.60.24.53 - - [13/Mar/2026:09:39:06 +0800] "GET /InternetTrading/longpoll/54083?X-Atmosphere-tracking-id=0&X-Atmosphere-Framework=2.2.3-javascript&X-Atmosphere-Transport=long-polling&X-Atmosphere-TrackMessageSize=true&Content-Type=charset%3Dutf-8&X-atmo-protocol=true&_=1773366286998 HTTP/1.1" 200 -
119.136.154.51 - - [13/Mar/2026:09:39:08 +0800] "GET /InternetTrading/longpoll/51803?X-Atmosphere-tracking-id=0&X-Atmosphere-Framework=2.2.3-javascript&X-Atmosphere-Transport=long-polling&X-Atmosphere-TrackMessageSize=true&Content-Type=charset%3Dutf-8&X-atmo-protocol=true&_=1773366289234 HTTP/1.1" 200 -
183.60.24.53 - - [13/Mar/2026:09:39:09 +0800] "GET /InternetTrading/jquery/wait.gif HTTP/1.1" 200 432
183.60.24.53 - - [13/Mar/2026:09:39:09 +0800] "POST /InternetTrading/SessionErrorLogger HTTP/1.1" 200 117
120.230.125.143 - - [13/Mar/2026:09:39:09 +0800] "POST /InternetTrading/SessionErrorLogger HTTP/1.1" 200 117
183.60.24.53 - - [13/Mar/2026:09:39:09 +0800] "POST /InternetTrading/Orderbook HTTP/1.1" 200 1177
120.230.125.143 - - [13/Mar/2026:09:39:09 +0800] "POST /InternetTrading/Heartbeat HTTP/1.1" 200 32
120.230.125.143 - - [13/Mar/2026:09:39:09 +0800] "POST /InternetTrading/SessionErrorLogger HTTP/1.1" 200 117
120.230.125.143 - - [13/Mar/2026:09:39:09 +0800] "POST /InternetTrading/MarketStatus HTTP/1.1" 200 772
223.197.189.207 - - [13/Mar/2026:09:39:10 +0800] "GET /InternetTrading/longpoll/M7928?X-Atmosphere-tracking-id=0&X-Atmosphere-Framework=2.2.3-javascript&X-Atmosphere-Transport=long-polling&X-Atmosphere-TrackMessageSize=true&Content-Type=charset%3Dutf-8&X-atmo-protocol=true&_=1773366290320 HTTP/1.1" 200 -
14.0.172.252 - - [13/Mar/2026:09:39:10 +0800] "GET /InternetTrading/longpoll/A8127?X-Atmosphere-tracking-id=0&X-Atmosphere-Framework=2.2.3-javascript&X-Atmosphere-Transport=long-polling&X-Atmosphere-TrackMessageSize=true&Content-Type=charset%3Dutf-8&X-atmo-protocol=true&_=1773366292977 HTTP/1.1" 200 -
219.73.99.100 - - [13/Mar/2026:09:39:10 +0800] "GET /InternetTrading/longpoll/55136?X-Atmosphere-tracking-id=0&X-Atmosphere-Framework=2.2.3-javascript&X-Atmosphere-Transport=long-polling&X-Atmosphere-TrackMessageSize=true&Content-Type=charset%3Dutf-8&X-atmo-protocol=true&_=1773366290784 HTTP/1.1" 200 -
183.60.24.53 - - [13/Mar/2026:09:39:12 +0800] "GET /InternetTrading/longpoll/54083?X-Atmosphere-tracking-id=0&X-Atmosphere-Framework=2.2.3-javascript&X-Atmosphere-Transport=long-polling&X-Atmosphere-TrackMessageSize=true&Content-Type=charset%3Dutf-8&X-atmo-protocol=true&_=1773366292460 HTTP/1.1" 200 -
120.230.125.143 - - [13/Mar/2026:09:39:12 +0800] "GET /InternetTrading/longpoll/13975?X-Atmosphere-tracking-id=0&X-Atmosphere-Framework=2.2.3-javascript&X-Atmosphere-Transport=long-polling&X-Atmosphere-TrackMessageSize=true&Content-Type=charset%3Dutf-8&X-atmo-protocol=true&_=1773366292396 HTTP/1.1" 200 -
14.0.172.252 - - [13/Mar/2026:09:39:15 +0800] "GET /InternetTrading/longpoll/A8127?X-Atmosphere-tracking-id=0&X-Atmosphere-Framework=2.2.3-javascript&X-Atmosphere-Transport=long-polling&X-Atmosphere-TrackMessageSize=true&Content-Type=charset%3Dutf-8&X-atmo-protocol=true&_=1773366298119 HTTP/1.1" 200 -
219.73.99.100 - - [13/Mar/2026:09:39:15 +0800] "GET /InternetTrading/longpoll/55136?X-Atmosphere-tracking-id=0&X-Atmosphere-Framework=2.2.3-javascript&X-Atmosphere-Transport=long-polling&X-Atmosphere-TrackMessageSize=true&Content-Type=charset%3Dutf-8&X-atmo-protocol=true&_=1773366295812 HTTP/1.1" 200 -
14.0.172.252 - - [13/Mar/2026:09:39:16 +0800] "POST /InternetTrading/SessionErrorLogger HTTP/1.1" 200 117
14.0.172.252 - - [13/Mar/2026:09:39:16 +0800] "POST /InternetTrading/Heartbeat HTTP/1.1" 200 32
14.0.172.252 - - [13/Mar/2026:09:39:16 +0800] "POST /InternetTrading/SessionErrorLogger HTTP/1.1" 200 117
14.0.172.252 - - [13/Mar/2026:09:39:16 +0800] "POST /InternetTrading/MarketStatus HTTP/1.1" 200 772
223.197.189.207 - - [13/Mar/2026:09:39:16 +0800] "GET /InternetTrading/longpoll/M7928?X-Atmosphere-tracking-id=0&X-Atmosphere-Framework=2.2.3-javascript&X-Atmosphere-Transport=long-polling&X-Atmosphere-TrackMessageSize=true&Content-Type=charset%3Dutf-8&X-atmo-protocol=true&_=1773366296322 HTTP/1.1" 200 -
183.60.24.53 - - [13/Mar/2026:09:39:17 +0800] "GET /InternetTrading/longpoll/54083?X-Atmosphere-tracking-id=0&X-Atmosphere-Framework=2.2.3-javascript&X-Atmosphere-Transport=long-polling&X-Atmosphere-TrackMessageSize=true&Content-Type=charset%3Dutf-8&X-atmo-protocol=true&_=1773366297538 HTTP/1.1" 200 -
183.60.24.53 - - [13/Mar/2026:09:39:17 +0800] "GET /InternetTrading/jquery/wait.gif HTTP/1.1" 200 432
183.60.24.53 - - [13/Mar/2026:09:39:17 +0800] "POST /InternetTrading/SessionErrorLogger HTTP/1.1" 200 117
183.60.24.53 - - [13/Mar/2026:09:39:17 +0800] "POST /InternetTrading/Portfolio HTTP/1.1" 200 1651
120.230.125.143 - - [13/Mar/2026:09:39:18 +0800] "GET /InternetTrading/longpoll/13975?X-Atmosphere-tracking-id=0&X-Atmosphere-Framework=2.2.3-javascript&X-Atmosphere-Transport=long-polling&X-Atmosphere-TrackMessageSize=true&Content-Type=charset%3Dutf-8&X-atmo-protocol=true&_=1773366302395 HTTP/1.1" 200 -
119.136.154.51 - - [13/Mar/2026:09:39:18 +0800] "GET /InternetTrading/longpoll/51803?X-Atmosphere-tracking-id=0&X-Atmosphere-Framework=2.2.3-javascript&X-Atmosphere-Transport=long-polling&X-Atmosphere-TrackMessageSize=true&Content-Type=charset%3Dutf-8&X-atmo-protocol=true&_=1773366295231 HTTP/1.1" 200 -
219.73.99.100 - - [13/Mar/2026:09:39:20 +0800] "GET /InternetTrading/longpoll/55136?X-Atmosphere-tracking-id=0&X-Atmosphere-Framework=2.2.3-javascript&X-Atmosphere-Transport=long-polling&X-Atmosphere-TrackMessageSize=true&Content-Type=charset%3Dutf-8&X-atmo-protocol=true&_=1773366300837 HTTP/1.1" 200 -
14.0.172.252 - - [13/Mar/2026:09:39:20 +0800] "GET /InternetTrading/longpoll/A8127?X-Atmosphere-tracking-id=0&X-Atmosphere-Framework=2.2.3-javascript&X-Atmosphere-Transport=long-polling&X-Atmosphere-TrackMessageSize=true&Content-Type=charset%3Dutf-8&X-atmo-protocol=true&_=1773366303234 HTTP/1.1" 200 -
223.197.189.207 - - [13/Mar/2026:09:39:22 +0800] "GET /InternetTrading/longpoll/M7928?X-Atmosphere-tracking-id=0&X-Atmosphere-Framework=2.2.3-javascript&X-Atmosphere-Transport=long-polling&X-Atmosphere-TrackMessageSize=true&Content-Type=charset%3Dutf-8&X-atmo-protocol=true&_=1773366302323 HTTP/1.1" 200 -
183.60.24.53 - - [13/Mar/2026:09:39:22 +0800] "GET /InternetTrading/longpoll/54083?X-Atmosphere-tracking-id=0&X-Atmosphere-Framework=2.2.3-javascript&X-Atmosphere-Transport=long-polling&X-Atmosphere-TrackMessageSize=true&Content-Type=charset%3Dutf-8&X-atmo-protocol=true&_=1773366302636 HTTP/1.1" 200 -
120.230.125.143 - - [13/Mar/2026:09:39:24 +0800] "GET /InternetTrading/longpoll/13975?X-Atmosphere-tracking-id=0&X-Atmosphere-Framework=2.2.3-javascript&X-Atmosphere-Transport=long-polling&X-Atmosphere-TrackMessageSize=true&Content-Type=charset%3Dutf-8&X-atmo-protocol=true&_=1773366308397 HTTP/1.1" 200 -
119.136.154.51 - - [13/Mar/2026:09:39:24 +0800] "GET /InternetTrading/longpoll/51803?X-Atmosphere-tracking-id=0&X-Atmosphere-Framework=2.2.3-javascript&X-Atmosphere-Transport=long-polling&X-Atmosphere-TrackMessageSize=true&Content-Type=charset%3Dutf-8&X-atmo-protocol=true&_=1773366305224 HTTP/1.1" 200 -
219.73.99.100 - - [13/Mar/2026:09:39:25 +0800] "GET /InternetTrading/longpoll/55136?X-Atmosphere-tracking-id=0&X-Atmosphere-Framework=2.2.3-javascript&X-Atmosphere-Transport=long-polling&X-Atmosphere-TrackMessageSize=true&Content-Type=charset%3Dutf-8&X-atmo-protocol=true&_=1773366305879 HTTP/1.1" 200 -
14.0.172.252 - - [13/Mar/2026:09:39:25 +0800] "GET /InternetTrading/longpoll/A8127?X-Atmosphere-tracking-id=0&X-Atmosphere-Framework=2.2.3-javascript&X-Atmosphere-Transport=long-polling&X-Atmosphere-TrackMessageSize=true&Content-Type=charset%3Dutf-8&X-atmo-protocol=true&_=1773366308369 HTTP/1.1" 200 -
183.60.24.53 - - [13/Mar/2026:09:39:27 +0800] "GET /InternetTrading/longpoll/54083?X-Atmosphere-tracking-id=0&X-Atmosphere-Framework=2.2.3-javascript&X-Atmosphere-Transport=long-polling&X-Atmosphere-TrackMessageSize=true&Content-Type=charset%3Dutf-8&X-atmo-protocol=true&_=1773366307692 HTTP/1.1" 200 -
223.197.189.207 - - [13/Mar/2026:09:39:28 +0800] "GET /InternetTrading/longpoll/M7928?X-Atmosphere-tracking-id=0&X-Atmosphere-Framework=2.2.3-javascript&X-Atmosphere-Transport=long-polling&X-Atmosphere-TrackMessageSize=true&Content-Type=charset%3Dutf-8&X-atmo-protocol=true&_=1773366308325 HTTP/1.1" 200 -
120.230.125.143 - - [13/Mar/2026:09:39:30 +0800] "GET /InternetTrading/longpoll/13975?X-Atmosphere-tracking-id=0&X-Atmosphere-Framework=2.2.3-javascript&X-Atmosphere-Transport=long-polling&X-Atmosphere-TrackMessageSize=true&Content-Type=charset%3Dutf-8&X-atmo-protocol=true&_=1773366314397 HTTP/1.1" 200 -
223.197.189.207 - - [13/Mar/2026:09:39:30 +0800] "POST /InternetTrading/SessionErrorLogger HTTP/1.1" 200 117
223.197.189.207 - - [13/Mar/2026:09:39:30 +0800] "POST /InternetTrading/Heartbeat HTTP/1.1" 200 32
223.197.189.207 - - [13/Mar/2026:09:39:30 +0800] "POST /InternetTrading/SessionErrorLogger HTTP/1.1" 200 117
223.197.189.207 - - [13/Mar/2026:09:39:30 +0800] "POST /InternetTrading/MarketStatus HTTP/1.1" 200 772
119.136.154.51 - - [13/Mar/2026:09:39:30 +0800] "GET /InternetTrading/longpoll/51803?X-Atmosphere-tracking-id=0&X-Atmosphere-Framework=2.2.3-javascript&X-Atmosphere-Transport=long-polling&X-Atmosphere-TrackMessageSize=true&Content-Type=charset%3Dutf-8&X-atmo-protocol=true&_=1773366311228 HTTP/1.1" 200 -
219.73.99.100 - - [13/Mar/2026:09:39:30 +0800] "GET /InternetTrading/longpoll/55136?X-Atmosphere-tracking-id=0&X-Atmosphere-Framework=2.2.3-javascript&X-Atmosphere-Transport=long-polling&X-Atmosphere-TrackMessageSize=true&Content-Type=charset%3Dutf-8&X-atmo-protocol=true&_=1773366310924 HTTP/1.1" 200 -
14.0.172.252 - - [13/Mar/2026:09:39:31 +0800] "GET /InternetTrading/longpoll/A8127?X-Atmosphere-tracking-id=0&X-Atmosphere-Framework=2.2.3-javascript&X-Atmosphere-Transport=long-polling&X-Atmosphere-TrackMessageSize=true&Content-Type=charset%3Dutf-8&X-atmo-protocol=true&_=1773366313470 HTTP/1.1" 200 -
183.60.24.53 - - [13/Mar/2026:09:39:31 +0800] "POST /InternetTrading/SessionErrorLogger HTTP/1.1" 200 117
183.60.24.53 - - [13/Mar/2026:09:39:31 +0800] "POST /InternetTrading/Heartbeat HTTP/1.1" 200 32
183.60.24.53 - - [13/Mar/2026:09:39:32 +0800] "GET /InternetTrading/longpoll/54083?X-Atmosphere-tracking-id=0&X-Atmosphere-Framework=2.2.3-javascript&X-Atmosphere-Transport=long-polling&X-Atmosphere-TrackMessageSize=true&Content-Type=charset%3Dutf-8&X-atmo-protocol=true&_=1773366312759 HTTP/1.1" 200 -
183.60.24.53 - - [13/Mar/2026:09:39:32 +0800] "POST /InternetTrading/SessionErrorLogger HTTP/1.1" 200 117
183.60.24.53 - - [13/Mar/2026:09:39:32 +0800] "GET /InternetTrading/tc/buy_ticket.html? HTTP/1.1" 200 1995
183.60.24.53 - - [13/Mar/2026:09:39:33 +0800] "POST /InternetTrading/SessionErrorLogger HTTP/1.1" 200 117
183.60.24.53 - - [13/Mar/2026:09:39:33 +0800] "POST /InternetTrading/MarketStatus HTTP/1.1" 200 772
183.60.24.53 - - [13/Mar/2026:09:39:33 +0800] "POST /InternetTrading/SessionErrorLogger HTTP/1.1" 200 117
183.60.24.53 - - [13/Mar/2026:09:39:33 +0800] "POST /InternetTrading/SessionErrorLogger HTTP/1.1" 200 117
183.60.24.53 - - [13/Mar/2026:09:39:33 +0800] "POST /InternetTrading/MarketStatus HTTP/1.1" 200 772
183.60.24.53 - - [13/Mar/2026:09:39:33 +0800] "POST /InternetTrading/Product HTTP/1.1" 200 311
219.73.99.100 - - [13/Mar/2026:09:39:33 +0800] "POST /InternetTrading/SessionErrorLogger HTTP/1.1" 200 117
219.73.99.100 - - [13/Mar/2026:09:39:33 +0800] "POST /InternetTrading/Heartbeat HTTP/1.1" 200 32
219.73.99.100 - - [13/Mar/2026:09:39:33 +0800] "POST /InternetTrading/SessionErrorLogger HTTP/1.1" 200 117
219.73.99.100 - - [13/Mar/2026:09:39:33 +0800] "POST /InternetTrading/MarketStatus HTTP/1.1" 200 772
223.197.189.207 - - [13/Mar/2026:09:39:34 +0800] "GET /InternetTrading/longpoll/M7928?X-Atmosphere-tracking-id=0&X-Atmosphere-Framework=2.2.3-javascript&X-Atmosphere-Transport=long-polling&X-Atmosphere-TrackMessageSize=true&Content-Type=charset%3Dutf-8&X-atmo-protocol=true&_=1773366314324 HTTP/1.1" 200 -
219.73.99.100 - - [13/Mar/2026:09:39:35 +0800] "GET /InternetTrading/longpoll/55136?X-Atmosphere-tracking-id=0&X-Atmosphere-Framework=2.2.3-javascript&X-Atmosphere-Transport=long-polling&X-Atmosphere-TrackMessageSize=true&Content-Type=charset%3Dutf-8&X-atmo-protocol=true&_=1773366315956 HTTP/1.1" 200 -
14.0.172.252 - - [13/Mar/2026:09:39:36 +0800] "GET /InternetTrading/longpoll/A8127?X-Atmosphere-tracking-id=0&X-Atmosphere-Framework=2.2.3-javascript&X-Atmosphere-Transport=long-polling&X-Atmosphere-TrackMessageSize=true&Content-Type=charset%3Dutf-8&X-atmo-protocol=true&_=1773366318628 HTTP/1.1" 200 -
120.230.125.143 - - [13/Mar/2026:09:39:36 +0800] "GET /InternetTrading/longpoll/13975?X-Atmosphere-tracking-id=0&X-Atmosphere-Framework=2.2.3-javascript&X-Atmosphere-Transport=long-polling&X-Atmosphere-TrackMessageSize=true&Content-Type=charset%3Dutf-8&X-atmo-protocol=true&_=1773366320397 HTTP/1.1" 200 -
119.136.154.51 - - [13/Mar/2026:09:39:36 +0800] "GET /InternetTrading/longpoll/51803?X-Atmosphere-tracking-id=0&X-Atmosphere-Framework=2.2.3-javascript&X-Atmosphere-Transport=long-polling&X-Atmosphere-TrackMessageSize=true&Content-Type=charset%3Dutf-8&X-atmo-protocol=true&_=1773366317235 HTTP/1.1" 200 -
183.60.24.53 - - [13/Mar/2026:09:39:38 +0800] "GET /InternetTrading/longpoll/54083?X-Atmosphere-tracking-id=0&X-Atmosphere-Framework=2.2.3-javascript&X-Atmosphere-Transport=long-polling&X-Atmosphere-TrackMessageSize=true&Content-Type=charset%3Dutf-8&X-atmo-protocol=true&_=1773366318450 HTTP/1.1" 200 -
223.197.189.207 - - [13/Mar/2026:09:39:40 +0800] "GET /InternetTrading/longpoll/M7928?X-Atmosphere-tracking-id=0&X-Atmosphere-Framework=2.2.3-javascript&X-Atmosphere-Transport=long-polling&X-Atmosphere-TrackMessageSize=true&Content-Type=charset%3Dutf-8&X-atmo-protocol=true&_=1773366320322 HTTP/1.1" 200 -
219.73.99.100 - - [13/Mar/2026:09:39:41 +0800] "GET /InternetTrading/longpoll/55136?X-Atmosphere-tracking-id=0&X-Atmosphere-Framework=2.2.3-javascript&X-Atmosphere-Transport=long-polling&X-Atmosphere-TrackMessageSize=true&Content-Type=charset%3Dutf-8&X-atmo-protocol=true&_=1773366320984 HTTP/1.1" 200 -
14.0.172.252 - - [13/Mar/2026:09:39:41 +0800] "GET /InternetTrading/longpoll/A8127?X-Atmosphere-tracking-id=0&X-Atmosphere-Framework=2.2.3-javascript&X-Atmosphere-Transport=long-polling&X-Atmosphere-TrackMessageSize=true&Content-Type=charset%3Dutf-8&X-atmo-protocol=true&_=1773366323800 HTTP/1.1" 200 -
120.230.125.143 - - [13/Mar/2026:09:39:42 +0800] "GET /InternetTrading/longpoll/13975?X-Atmosphere-tracking-id=0&X-Atmosphere-Framework=2.2.3-javascript&X-Atmosphere-Transport=long-polling&X-Atmosphere-TrackMessageSize=true&Content-Type=charset%3Dutf-8&X-atmo-protocol=true&_=1773366326397 HTTP/1.1" 200 -
119.136.154.51 - - [13/Mar/2026:09:39:42 +0800] "GET /InternetTrading/longpoll/51803?X-Atmosphere-tracking-id=0&X-Atmosphere-Framework=2.2.3-javascript&X-Atmosphere-Transport=long-polling&X-Atmosphere-TrackMessageSize=true&Content-Type=charset%3Dutf-8&X-atmo-protocol=true&_=1773366323226 HTTP/1.1" 200 -
183.60.24.53 - - [13/Mar/2026:09:39:43 +0800] "GET /InternetTrading/longpoll/54083?X-Atmosphere-tracking-id=0&X-Atmosphere-Framework=2.2.3-javascript&X-Atmosphere-Transport=long-polling&X-Atmosphere-TrackMessageSize=true&Content-Type=charset%3Dutf-8&X-atmo-protocol=true&_=1773366323545 HTTP/1.1" 200 -
183.60.24.53 - - [13/Mar/2026:09:39:43 +0800] "POST /InternetTrading/SessionErrorLogger HTTP/1.1" 200 117
183.60.24.53 - - [13/Mar/2026:09:39:43 +0800] "POST /InternetTrading/OrderMaxQuantity HTTP/1.1" 200 10
219.73.99.100 - - [13/Mar/2026:09:39:46 +0800] "GET /InternetTrading/longpoll/55136?X-Atmosphere-tracking-id=0&X-Atmosphere-Framework=2.2.3-javascript&X-Atmosphere-Transport=long-polling&X-Atmosphere-TrackMessageSize=true&Content-Type=charset%3Dutf-8&X-atmo-protocol=true&_=1773366326029 HTTP/1.1" 200 -
14.0.172.252 - - [13/Mar/2026:09:39:46 +0800] "POST /InternetTrading/SessionErrorLogger HTTP/1.1" 200 117
14.0.172.252 - - [13/Mar/2026:09:39:46 +0800] "POST /InternetTrading/Heartbeat HTTP/1.1" 200 32
14.0.172.252 - - [13/Mar/2026:09:39:46 +0800] "POST /InternetTrading/SessionErrorLogger HTTP/1.1" 200 117
223.197.189.207 - - [13/Mar/2026:09:39:46 +0800] "GET /InternetTrading/longpoll/M7928?X-Atmosphere-tracking-id=0&X-Atmosphere-Framework=2.2.3-javascript&X-Atmosphere-Transport=long-polling&X-Atmosphere-TrackMessageSize=true&Content-Type=charset%3Dutf-8&X-atmo-protocol=true&_=1773366326323 HTTP/1.1" 200 -
14.0.172.252 - - [13/Mar/2026:09:39:46 +0800] "POST /InternetTrading/MarketStatus HTTP/1.1" 200 772
119.136.154.51 - - [13/Mar/2026:09:39:46 +0800] "POST /InternetTrading/SessionErrorLogger HTTP/1.1" 200 117
14.0.172.252 - - [13/Mar/2026:09:39:46 +0800] "GET /InternetTrading/longpoll/A8127?X-Atmosphere-tracking-id=0&X-Atmosphere-Framework=2.2.3-javascript&X-Atmosphere-Transport=long-polling&X-Atmosphere-TrackMessageSize=true&Content-Type=charset%3Dutf-8&X-atmo-protocol=true&_=1773366329023 HTTP/1.1" 200 -
119.136.154.51 - - [13/Mar/2026:09:39:46 +0800] "POST /InternetTrading/Heartbeat HTTP/1.1" 200 32
119.136.154.51 - - [13/Mar/2026:09:39:46 +0800] "POST /InternetTrading/SessionErrorLogger HTTP/1.1" 200 117
119.136.154.51 - - [13/Mar/2026:09:39:46 +0800] "POST /InternetTrading/MarketStatus HTTP/1.1" 200 772
120.230.125.143 - - [13/Mar/2026:09:39:48 +0800] "GET /InternetTrading/longpoll/13975?X-Atmosphere-tracking-id=0&X-Atmosphere-Framework=2.2.3-javascript&X-Atmosphere-Transport=long-polling&X-Atmosphere-TrackMessageSize=true&Content-Type=charset%3Dutf-8&X-atmo-protocol=true&_=1773366332397 HTTP/1.1" 200 -
119.136.154.51 - - [13/Mar/2026:09:39:48 +0800] "GET /InternetTrading/longpoll/51803?X-Atmosphere-tracking-id=0&X-Atmosphere-Framework=2.2.3-javascript&X-Atmosphere-Transport=long-polling&X-Atmosphere-TrackMessageSize=true&Content-Type=charset%3Dutf-8&X-atmo-protocol=true&_=1773366329227 HTTP/1.1" 200 -
183.60.24.53 - - [13/Mar/2026:09:39:49 +0800] "GET /InternetTrading/longpoll/54083?X-Atmosphere-tracking-id=0&X-Atmosphere-Framework=2.2.3-javascript&X-Atmosphere-Transport=long-polling&X-Atmosphere-TrackMessageSize=true&Content-Type=charset%3Dutf-8&X-atmo-protocol=true&_=1773366329069 HTTP/1.1" 200 -
219.73.99.100 - - [13/Mar/2026:09:39:51 +0800] "GET /InternetTrading/longpoll/55136?X-Atmosphere-tracking-id=0&X-Atmosphere-Framework=2.2.3-javascript&X-Atmosphere-Transport=long-polling&X-Atmosphere-TrackMessageSize=true&Content-Type=charset%3Dutf-8&X-atmo-protocol=true&_=1773366331073 HTTP/1.1" 200 -
14.0.172.252 - - [13/Mar/2026:09:39:51 +0800] "GET /InternetTrading/longpoll/A8127?X-Atmosphere-tracking-id=0&X-Atmosphere-Framework=2.2.3-javascript&X-Atmosphere-Transport=long-polling&X-Atmosphere-TrackMessageSize=true&Content-Type=charset%3Dutf-8&X-atmo-protocol=true&_=1773366334075 HTTP/1.1" 200 -
223.197.189.207 - - [13/Mar/2026:09:39:52 +0800] "GET /InternetTrading/longpoll/M7928?X-Atmosphere-tracking-id=0&X-Atmosphere-Framework=2.2.3-javascript&X-Atmosphere-Transport=long-polling&X-Atmosphere-TrackMessageSize=true&Content-Type=charset%3Dutf-8&X-atmo-protocol=true&_=1773366332324 HTTP/1.1" 200 -
183.60.24.53 - - [13/Mar/2026:09:39:54 +0800] "GET /InternetTrading/longpoll/54083?X-Atmosphere-tracking-id=0&X-Atmosphere-Framework=2.2.3-javascript&X-Atmosphere-Transport=long-polling&X-Atmosphere-TrackMessageSize=true&Content-Type=charset%3Dutf-8&X-atmo-protocol=true&_=1773366334237 HTTP/1.1" 200 -
120.230.125.143 - - [13/Mar/2026:09:39:54 +0800] "GET /InternetTrading/longpoll/13975?X-Atmosphere-tracking-id=0&X-Atmosphere-Framework=2.2.3-javascript&X-Atmosphere-Transport=long-polling&X-Atmosphere-TrackMessageSize=true&Content-Type=charset%3Dutf-8&X-atmo-protocol=true&_=1773366338397 HTTP/1.1" 200 -
119.136.154.51 - - [13/Mar/2026:09:39:54 +0800] "GET /InternetTrading/longpoll/51803?X-Atmosphere-tracking-id=0&X-Atmosphere-Framework=2.2.3-javascript&X-Atmosphere-Transport=long-polling&X-Atmosphere-TrackMessageSize=true&Content-Type=charset%3Dutf-8&X-atmo-protocol=true&_=1773366335226 HTTP/1.1" 200 -
183.60.24.53 - - [13/Mar/2026:09:39:55 +0800] "POST /InternetTrading/SessionErrorLogger HTTP/1.1" 200 117
183.60.24.53 - - [13/Mar/2026:09:39:55 +0800] "POST /InternetTrading/LoginKey HTTP/1.1" 200 -
183.60.24.53 - - [13/Mar/2026:09:39:55 +0800] "POST /InternetTrading/PreOrder HTTP/1.1" 200 1226
183.60.24.53 - - [13/Mar/2026:09:39:55 +0800] "GET /InternetTrading/jquery/wait.gif HTTP/1.1" 200 432
219.73.99.100 - - [13/Mar/2026:09:39:56 +0800] "GET /InternetTrading/longpoll/55136?X-Atmosphere-tracking-id=0&X-Atmosphere-Framework=2.2.3-javascript&X-Atmosphere-Transport=long-polling&X-Atmosphere-TrackMessageSize=true&Content-Type=charset%3Dutf-8&X-atmo-protocol=true&_=1773366336095 HTTP/1.1" 200 -
14.0.172.252 - - [13/Mar/2026:09:39:56 +0800] "GET /InternetTrading/longpoll/A8127?X-Atmosphere-tracking-id=0&X-Atmosphere-Framework=2.2.3-javascript&X-Atmosphere-Transport=long-polling&X-Atmosphere-TrackMessageSize=true&Content-Type=charset%3Dutf-8&X-atmo-protocol=true&_=1773366339126 HTTP/1.1" 200 -
183.60.24.53 - - [13/Mar/2026:09:39:57 +0800] "POST /InternetTrading/SessionErrorLogger HTTP/1.1" 200 117
183.60.24.53 - - [13/Mar/2026:09:39:57 +0800] "GET /InternetTrading/Csrf?url=/Order HTTP/1.1" 200 126
183.60.24.53 - - [13/Mar/2026:09:39:57 +0800] "POST /InternetTrading/SessionErrorLogger HTTP/1.1" 200 117
183.60.24.53 - - [13/Mar/2026:09:39:57 +0800] "POST /InternetTrading/LoginKey HTTP/1.1" 200 -
183.60.24.53 - - [13/Mar/2026:09:39:57 +0800] "POST /InternetTrading/SessionErrorLogger HTTP/1.1" 200 117
183.60.24.53 - - [13/Mar/2026:09:39:57 +0800] "POST /InternetTrading/Order?csrf_nonce=1A44FB742BF10C507858881C1A184B3C HTTP/1.1" 200 1019
183.60.24.53 - - [13/Mar/2026:09:39:57 +0800] "POST /InternetTrading/SessionErrorLogger HTTP/1.1" 200 117
183.60.24.53 - - [13/Mar/2026:09:39:57 +0800] "GET /InternetTrading/tc/buy_ticket.html? HTTP/1.1" 200 1995
183.60.24.53 - - [13/Mar/2026:09:39:57 +0800] "POST /InternetTrading/SessionErrorLogger HTTP/1.1" 200 117
183.60.24.53 - - [13/Mar/2026:09:39:57 +0800] "POST /InternetTrading/SessionErrorLogger HTTP/1.1" 200 117
183.60.24.53 - - [13/Mar/2026:09:39:57 +0800] "POST /InternetTrading/MarketStatus HTTP/1.1" 200 772
183.60.24.53 - - [13/Mar/2026:09:39:57 +0800] "POST /InternetTrading/MarketStatus HTTP/1.1" 200 772
223.197.189.207 - - [13/Mar/2026:09:39:58 +0800] "GET /InternetTrading/longpoll/M7928?X-Atmosphere-tracking-id=0&X-Atmosphere-Framework=2.2.3-javascript&X-Atmosphere-Transport=long-polling&X-Atmosphere-TrackMessageSize=true&Content-Type=charset%3Dutf-8&X-atmo-protocol=true&_=1773366338325 HTTP/1.1" 200 -
183.60.24.53 - - [13/Mar/2026:09:39:59 +0800] "GET /InternetTrading/longpoll/54083?X-Atmosphere-tracking-id=0&X-Atmosphere-Framework=2.2.3-javascript&X-Atmosphere-Transport=long-polling&X-Atmosphere-TrackMessageSize=true&Content-Type=charset%3Dutf-8&X-atmo-protocol=true&_=1773366339346 HTTP/1.1" 200 -
183.60.24.53 - - [13/Mar/2026:09:40:00 +0800] "GET /InternetTrading/jquery/wait.gif HTTP/1.1" 200 432
183.60.24.53 - - [13/Mar/2026:09:40:00 +0800] "POST /InternetTrading/SessionErrorLogger HTTP/1.1" 200 117
120.230.125.143 - - [13/Mar/2026:09:40:00 +0800] "GET /InternetTrading/longpoll/13975?X-Atmosphere-tracking-id=0&X-Atmosphere-Framework=2.2.3-javascript&X-Atmosphere-Transport=long-polling&X-Atmosphere-TrackMessageSize=true&Content-Type=charset%3Dutf-8&X-atmo-protocol=true&_=1773366344397 HTTP/1.1" 200 -
183.60.24.53 - - [13/Mar/2026:09:40:00 +0800] "POST /InternetTrading/Orderbook HTTP/1.1" 200 1369
119.136.154.51 - - [13/Mar/2026:09:40:00 +0800] "GET /InternetTrading/longpoll/51803?X-Atmosphere-tracking-id=0&X-Atmosphere-Framework=2.2.3-javascript&X-Atmosphere-Transport=long-polling&X-Atmosphere-TrackMessageSize=true&Content-Type=charset%3Dutf-8&X-atmo-protocol=true&_=1773366341231 HTTP/1.1" 200 -
219.73.99.100 - - [13/Mar/2026:09:40:01 +0800] "GET /InternetTrading/longpoll/55136?X-Atmosphere-tracking-id=0&X-Atmosphere-Framework=2.2.3-javascript&X-Atmosphere-Transport=long-polling&X-Atmosphere-TrackMessageSize=true&Content-Type=charset%3Dutf-8&X-atmo-protocol=true&_=1773366341140 HTTP/1.1" 200 -
14.0.172.252 - - [13/Mar/2026:09:40:01 +0800] "GET /InternetTrading/longpoll/A8127?X-Atmosphere-tracking-id=0&X-Atmosphere-Framework=2.2.3-javascript&X-Atmosphere-Transport=long-polling&X-Atmosphere-TrackMessageSize=true&Content-Type=charset%3Dutf-8&X-atmo-protocol=true&_=1773366344258 HTTP/1.1" 200 -
183.60.24.53 - - [13/Mar/2026:09:40:02 +0800] "POST /InternetTrading/SessionErrorLogger HTTP/1.1" 200 117
183.60.24.53 - - [13/Mar/2026:09:40:02 +0800] "POST /InternetTrading/Heartbeat HTTP/1.1" 200 32
219.73.99.100 - - [13/Mar/2026:09:40:03 +0800] "POST /InternetTrading/SessionErrorLogger HTTP/1.1" 200 117
219.73.99.100 - - [13/Mar/2026:09:40:03 +0800] "POST /InternetTrading/Heartbeat HTTP/1.1" 200 32
219.73.99.100 - - [13/Mar/2026:09:40:03 +0800] "POST /InternetTrading/SessionErrorLogger HTTP/1.1" 200 117
219.73.99.100 - - [13/Mar/2026:09:40:03 +0800] "POST /InternetTrading/MarketStatus HTTP/1.1" 200 772
183.60.24.53 - - [13/Mar/2026:09:40:04 +0800] "GET /InternetTrading/longpoll/54083?X-Atmosphere-tracking-id=0&X-Atmosphere-Framework=2.2.3-javascript&X-Atmosphere-Transport=long-polling&X-Atmosphere-TrackMessageSize=true&Content-Type=charset%3Dutf-8&X-atmo-protocol=true&_=1773366344441 HTTP/1.1" 200 -
223.197.189.207 - - [13/Mar/2026:09:40:04 +0800] "GET /InternetTrading/longpoll/M7928?X-Atmosphere-tracking-id=0&X-Atmosphere-Framework=2.2.3-javascript&X-Atmosphere-Transport=long-polling&X-Atmosphere-TrackMessageSize=true&Content-Type=charset%3Dutf-8&X-atmo-protocol=true&_=1773366344330 HTTP/1.1" 200 -
183.60.24.53 - - [13/Mar/2026:09:40:05 +0800] "GET /InternetTrading/jquery/wait.gif HTTP/1.1" 200 432
183.60.24.53 - - [13/Mar/2026:09:40:05 +0800] "POST /InternetTrading/SessionErrorLogger HTTP/1.1" 200 117
183.60.24.53 - - [13/Mar/2026:09:40:05 +0800] "POST /InternetTrading/Portfolio HTTP/1.1" 200 1694
219.73.99.100 - - [13/Mar/2026:09:40:06 +0800] "GET /InternetTrading/longpoll/55136?X-Atmosphere-tracking-id=0&X-Atmosphere-Framework=2.2.3-javascript&X-Atmosphere-Transport=long-polling&X-Atmosphere-TrackMessageSize=true&Content-Type=charset%3Dutf-8&X-atmo-protocol=true&_=1773366346180 HTTP/1.1" 200 -
120.230.125.143 - - [13/Mar/2026:09:40:06 +0800] "GET /InternetTrading/longpoll/13975?X-Atmosphere-tracking-id=0&X-Atmosphere-Framework=2.2.3-javascript&X-Atmosphere-Transport=long-polling&X-Atmosphere-TrackMessageSize=true&Content-Type=charset%3Dutf-8&X-atmo-protocol=true&_=1773366350397 HTTP/1.1" 200 -
119.136.154.51 - - [13/Mar/2026:09:40:06 +0800] "GET /InternetTrading/longpoll/51803?X-Atmosphere-tracking-id=0&X-Atmosphere-Framework=2.2.3-javascript&X-Atmosphere-Transport=long-polling&X-Atmosphere-TrackMessageSize=true&Content-Type=charset%3Dutf-8&X-atmo-protocol=true&_=1773366347223 HTTP/1.1" 200 -
14.0.172.252 - - [13/Mar/2026:09:40:07 +0800] "GET /InternetTrading/longpoll/A8127?X-Atmosphere-tracking-id=0&X-Atmosphere-Framework=2.2.3-javascript&X-Atmosphere-Transport=long-polling&X-Atmosphere-TrackMessageSize=true&Content-Type=charset%3Dutf-8&X-atmo-protocol=true&_=1773366349449 HTTP/1.1" 200 -
120.230.125.143 - - [13/Mar/2026:09:40:09 +0800] "POST /InternetTrading/SessionErrorLogger HTTP/1.1" 200 117
120.230.125.143 - - [13/Mar/2026:09:40:09 +0800] "POST /InternetTrading/Heartbeat HTTP/1.1" 200 32
183.60.24.53 - - [13/Mar/2026:09:40:09 +0800] "GET /InternetTrading/longpoll/54083?X-Atmosphere-tracking-id=0&X-Atmosphere-Framework=2.2.3-javascript&X-Atmosphere-Transport=long-polling&X-Atmosphere-TrackMessageSize=true&Content-Type=charset%3Dutf-8&X-atmo-protocol=true&_=1773366349498 HTTP/1.1" 200 -
120.230.125.143 - - [13/Mar/2026:09:40:09 +0800] "POST /InternetTrading/SessionErrorLogger HTTP/1.1" 200 117
120.230.125.143 - - [13/Mar/2026:09:40:09 +0800] "POST /InternetTrading/MarketStatus HTTP/1.1" 200 772
223.197.189.207 - - [13/Mar/2026:09:40:10 +0800] "GET /InternetTrading/longpoll/M7928?X-Atmosphere-tracking-id=0&X-Atmosphere-Framework=2.2.3-javascript&X-Atmosphere-Transport=long-polling&X-Atmosphere-TrackMessageSize=true&Content-Type=charset%3Dutf-8&X-atmo-protocol=true&_=1773366350323 HTTP/1.1" 200 -
219.73.99.100 - - [13/Mar/2026:09:40:11 +0800] "GET /InternetTrading/longpoll/55136?X-Atmosphere-tracking-id=0&X-Atmosphere-Framework=2.2.3-javascript&X-Atmosphere-Transport=long-polling&X-Atmosphere-TrackMessageSize=true&Content-Type=charset%3Dutf-8&X-atmo-protocol=true&_=1773366351204 HTTP/1.1" 200 -
14.0.172.252 - - [13/Mar/2026:09:40:12 +0800] "GET /InternetTrading/longpoll/A8127?X-Atmosphere-tracking-id=0&X-Atmosphere-Framework=2.2.3-javascript&X-Atmosphere-Transport=long-polling&X-Atmosphere-TrackMessageSize=true&Content-Type=charset%3Dutf-8&X-atmo-protocol=true&_=1773366354599 HTTP/1.1" 200 -
120.230.125.143 - - [13/Mar/2026:09:40:12 +0800] "GET /InternetTrading/longpoll/13975?X-Atmosphere-tracking-id=0&X-Atmosphere-Framework=2.2.3-javascript&X-Atmosphere-Transport=long-polling&X-Atmosphere-TrackMessageSize=true&Content-Type=charset%3Dutf-8&X-atmo-protocol=true&_=1773366356397 HTTP/1.1" 200 -
119.136.154.51 - - [13/Mar/2026:09:40:12 +0800] "GET /InternetTrading/longpoll/51803?X-Atmosphere-tracking-id=0&X-Atmosphere-Framework=2.2.3-javascript&X-Atmosphere-Transport=long-polling&X-Atmosphere-TrackMessageSize=true&Content-Type=charset%3Dutf-8&X-atmo-protocol=true&_=1773366353229 HTTP/1.1" 200 -
183.60.24.53 - - [13/Mar/2026:09:40:14 +0800] "GET /InternetTrading/longpoll/54083?X-Atmosphere-tracking-id=0&X-Atmosphere-Framework=2.2.3-javascript&X-Atmosphere-Transport=long-polling&X-Atmosphere-TrackMessageSize=true&Content-Type=charset%3Dutf-8&X-atmo-protocol=true&_=1773366354570 HTTP/1.1" 200 -
219.73.99.100 - - [13/Mar/2026:09:40:16 +0800] "GET /InternetTrading/longpoll/55136?X-Atmosphere-tracking-id=0&X-Atmosphere-Framework=2.2.3-javascript&X-Atmosphere-Transport=long-polling&X-Atmosphere-TrackMessageSize=true&Content-Type=charset%3Dutf-8&X-atmo-protocol=true&_=1773366356228 HTTP/1.1" 200 -
14.0.172.252 - - [13/Mar/2026:09:40:16 +0800] "POST /InternetTrading/SessionErrorLogger HTTP/1.1" 200 117
14.0.172.252 - - [13/Mar/2026:09:40:16 +0800] "POST /InternetTrading/Heartbeat HTTP/1.1" 200 32
14.0.172.252 - - [13/Mar/2026:09:40:16 +0800] "POST /InternetTrading/SessionErrorLogger HTTP/1.1" 200 117
14.0.172.252 - - [13/Mar/2026:09:40:16 +0800] "POST /InternetTrading/MarketStatus HTTP/1.1" 200 772
223.197.189.207 - - [13/Mar/2026:09:40:16 +0800] "GET /InternetTrading/longpoll/M7928?X-Atmosphere-tracking-id=0&X-Atmosphere-Framework=2.2.3-javascript&X-Atmosphere-Transport=long-polling&X-Atmosphere-TrackMessageSize=true&Content-Type=charset%3Dutf-8&X-atmo-protocol=true&_=1773366356324 HTTP/1.1" 200 -
14.0.172.252 - - [13/Mar/2026:09:40:17 +0800] "GET /InternetTrading/longpoll/A8127?X-Atmosphere-tracking-id=0&X-Atmosphere-Framework=2.2.3-javascript&X-Atmosphere-Transport=long-polling&X-Atmosphere-TrackMessageSize=true&Content-Type=charset%3Dutf-8&X-atmo-protocol=true&_=1773366359734 HTTP/1.1" 200 -
120.230.125.143 - - [13/Mar/2026:09:40:18 +0800] "GET /InternetTrading/longpoll/13975?X-Atmosphere-tracking-id=0&X-Atmosphere-Framework=2.2.3-javascript&X-Atmosphere-Transport=long-polling&X-Atmosphere-TrackMessageSize=true&Content-Type=charset%3Dutf-8&X-atmo-protocol=true&_=1773366362398 HTTP/1.1" 200 -
119.136.154.51 - - [13/Mar/2026:09:40:18 +0800] "GET /InternetTrading/longpoll/51803?X-Atmosphere-tracking-id=0&X-Atmosphere-Framework=2.2.3-javascript&X-Atmosphere-Transport=long-polling&X-Atmosphere-TrackMessageSize=true&Content-Type=charset%3Dutf-8&X-atmo-protocol=true&_=1773366359232 HTTP/1.1" 200 -
183.60.24.53 - - [13/Mar/2026:09:40:19 +0800] "GET /InternetTrading/longpoll/54083?X-Atmosphere-tracking-id=0&X-Atmosphere-Framework=2.2.3-javascript&X-Atmosphere-Transport=long-polling&X-Atmosphere-TrackMessageSize=true&Content-Type=charset%3Dutf-8&X-atmo-protocol=true&_=1773366359636 HTTP/1.1" 200 -
219.73.99.100 - - [13/Mar/2026:09:40:21 +0800] "GET /InternetTrading/longpoll/55136?X-Atmosphere-tracking-id=0&X-Atmosphere-Framework=2.2.3-javascript&X-Atmosphere-Transport=long-polling&X-Atmosphere-TrackMessageSize=true&Content-Type=charset%3Dutf-8&X-atmo-protocol=true&_=1773366361268 HTTP/1.1" 200 -
223.197.189.207 - - [13/Mar/2026:09:40:22 +0800] "GET /InternetTrading/longpoll/M7928?X-Atmosphere-tracking-id=0&X-Atmosphere-Framework=2.2.3-javascript&X-Atmosphere-Transport=long-polling&X-Atmosphere-TrackMessageSize=true&Content-Type=charset%3Dutf-8&X-atmo-protocol=true&_=1773366362333 HTTP/1.1" 200 -
14.0.172.252 - - [13/Mar/2026:09:40:22 +0800] "GET /InternetTrading/longpoll/A8127?X-Atmosphere-tracking-id=0&X-Atmosphere-Framework=2.2.3-javascript&X-Atmosphere-Transport=long-polling&X-Atmosphere-TrackMessageSize=true&Content-Type=charset%3Dutf-8&X-atmo-protocol=true&_=1773366364847 HTTP/1.1" 200 -
120.230.125.143 - - [13/Mar/2026:09:40:24 +0800] "GET /InternetTrading/longpoll/13975?X-Atmosphere-tracking-id=0&X-Atmosphere-Framework=2.2.3-javascript&X-Atmosphere-Transport=long-polling&X-Atmosphere-TrackMessageSize=true&Content-Type=charset%3Dutf-8&X-atmo-protocol=true&_=1773366368399 HTTP/1.1" 200 -
119.136.154.51 - - [13/Mar/2026:09:40:24 +0800] "GET /InternetTrading/longpoll/51803?X-Atmosphere-tracking-id=0&X-Atmosphere-Framework=2.2.3-javascript&X-Atmosphere-Transport=long-polling&X-Atmosphere-TrackMessageSize=true&Content-Type=charset%3Dutf-8&X-atmo-protocol=true&_=1773366365234 HTTP/1.1" 200 -
183.60.24.53 - - [13/Mar/2026:09:40:25 +0800] "GET /InternetTrading/longpoll/54083?X-Atmosphere-tracking-id=0&X-Atmosphere-Framework=2.2.3-javascript&X-Atmosphere-Transport=long-polling&X-Atmosphere-TrackMessageSize=true&Content-Type=charset%3Dutf-8&X-atmo-protocol=true&_=1773366365475 HTTP/1.1" 200 -
219.73.99.100 - - [13/Mar/2026:09:40:26 +0800] "GET /InternetTrading/longpoll/55136?X-Atmosphere-tracking-id=0&X-Atmosphere-Framework=2.2.3-javascript&X-Atmosphere-Transport=long-polling&X-Atmosphere-TrackMessageSize=true&Content-Type=charset%3Dutf-8&X-atmo-protocol=true&_=1773366366285 HTTP/1.1" 200 -
183.60.24.53 - - [13/Mar/2026:09:40:27 +0800] "POST /InternetTrading/SessionErrorLogger HTTP/1.1" 200 117
183.60.24.53 - - [13/Mar/2026:09:40:27 +0800] "POST /InternetTrading/MarketStatus HTTP/1.1" 200 772
14.0.172.252 - - [13/Mar/2026:09:40:27 +0800] "GET /InternetTrading/longpoll/A8127?X-Atmosphere-tracking-id=0&X-Atmosphere-Framework=2.2.3-javascript&X-Atmosphere-Transport=long-polling&X-Atmosphere-TrackMessageSize=true&Content-Type=charset%3Dutf-8&X-atmo-protocol=true&_=1773366370255 HTTP/1.1" 200 -
183.60.24.53 - - [13/Mar/2026:09:40:28 +0800] "GET /InternetTrading/tc/2FA_authentication.html?language=tc&version=HTML HTTP/1.1" 200 1468
183.60.24.53 - - [13/Mar/2026:09:40:28 +0800] "GET /InternetTrading/tc/style_common.css?v=20200819161914 HTTP/1.1" 200 2540
223.197.189.207 - - [13/Mar/2026:09:40:28 +0800] "GET /InternetTrading/longpoll/M7928?X-Atmosphere-tracking-id=0&X-Atmosphere-Framework=2.2.3-javascript&X-Atmosphere-Transport=long-polling&X-Atmosphere-TrackMessageSize=true&Content-Type=charset%3Dutf-8&X-atmo-protocol=true&_=1773366368324 HTTP/1.1" 200 -
183.60.24.53 - - [13/Mar/2026:09:40:28 +0800] "GET /InternetTrading/tc/style.css?v=20200819161914 HTTP/1.1" 200 1435
183.60.24.53 - - [13/Mar/2026:09:40:28 +0800] "GET /InternetTrading/jquery/jquery-migrate-3.0.0.js HTTP/1.1" 200 4963
183.60.24.53 - - [13/Mar/2026:09:40:28 +0800] "GET /InternetTrading/jquery/additional-methods.js HTTP/1.1" 200 2238
183.60.24.53 - - [13/Mar/2026:09:40:28 +0800] "GET /InternetTrading/jquery/jquery.validate-1.11.1.js HTTP/1.1" 200 7041
183.60.24.53 - - [13/Mar/2026:09:40:28 +0800] "GET /InternetTrading/jquery/jquery.form-3.46.0.js HTTP/1.1" 200 5673
183.60.24.53 - - [13/Mar/2026:09:40:28 +0800] "GET /InternetTrading/jquery/jquery-3.3.1.js HTTP/1.1" 200 80650
183.60.24.53 - - [13/Mar/2026:09:40:28 +0800] "GET /InternetTrading/jquery/jquery.blockUI-2.66.0-iAsiaEdition.js HTTP/1.1" 200 6651
183.60.24.53 - - [13/Mar/2026:09:40:28 +0800] "GET /InternetTrading/jquery/jquery-ui-1.10.3.js HTTP/1.1" 200 69642
183.60.24.53 - - [13/Mar/2026:09:40:28 +0800] "GET /InternetTrading/jquery/jquery.timer-0.9.16.js HTTP/1.1" 200 542
183.60.24.53 - - [13/Mar/2026:09:40:28 +0800] "GET /InternetTrading/jquery/jquery.getParams.js HTTP/1.1" 200 587
183.60.24.53 - - [13/Mar/2026:09:40:28 +0800] "GET /InternetTrading/tc/user/translation.js?jsv=20200819161914 HTTP/1.1" 200 12818
183.60.24.53 - - [13/Mar/2026:09:40:28 +0800] "GET /InternetTrading/js/util.js?jsv=20200819161914 HTTP/1.1" 200 6636
183.60.24.53 - - [13/Mar/2026:09:40:28 +0800] "GET /InternetTrading/js/constants.js?jsv=20200819161914 HTTP/1.1" 200 400
183.60.24.53 - - [13/Mar/2026:09:40:28 +0800] "GET /InternetTrading/js/haitong.js?jsv=20200819161914 HTTP/1.1" 200 3881
183.60.24.53 - - [13/Mar/2026:09:40:28 +0800] "GET /InternetTrading/js/init.js?jsv=20200819161914 HTTP/1.1" 200 886
183.60.24.53 - - [13/Mar/2026:09:40:28 +0800] "GET /InternetTrading/tc/user/custom_variables.js?jsv=20200819161914 HTTP/1.1" 200 275
183.60.24.53 - - [13/Mar/2026:09:40:28 +0800] "GET /InternetTrading/js/2fa.js?jsv=20200819161914 HTTP/1.1" 200 1953
183.60.24.53 - - [13/Mar/2026:09:40:28 +0800] "GET /InternetTrading/settings/webpage_settings.js?jsv=20200819161914 HTTP/1.1" 200 33
183.60.24.53 - - [13/Mar/2026:09:40:28 +0800] "GET /InternetTrading/js/login.js?jsv=20200819161914 HTTP/1.1" 200 1684
