221.124.232.198 - - [13/Mar/2026:09:30:58 +0800] "GET /InternetTrading/js/validation_hkex.js?jsv=20200819161914 HTTP/1.1" 200 2300
221.124.232.198 - - [13/Mar/2026:09:30:58 +0800] "GET /InternetTrading/js/main.js?jsv=20200819161914 HTTP/1.1" 200 30725
221.124.232.198 - - [13/Mar/2026:09:30:58 +0800] "GET /InternetTrading/js/account.js?jsv=20200819161914 HTTP/1.1" 200 2656
221.124.232.198 - - [13/Mar/2026:09:30:58 +0800] "GET /InternetTrading/js/validation_global.js?jsv=20200819161914 HTTP/1.1" 200 1564
221.124.232.198 - - [13/Mar/2026:09:30:58 +0800] "GET /InternetTrading/js/ipo.js?jsv=20200819161914 HTTP/1.1" 200 5726
221.124.232.198 - - [13/Mar/2026:09:30:58 +0800] "GET /InternetTrading/js/spread_cache.js?jsv=20200819161914 HTTP/1.1" 200 908
221.124.232.198 - - [13/Mar/2026:09:30:58 +0800] "GET /InternetTrading/js/cash_transfer.js?jsv=20200819161914 HTTP/1.1" 200 2712
221.124.232.198 - - [13/Mar/2026:09:30:58 +0800] "GET /InternetTrading/js/mm.js?jsv=20200819161914 HTTP/1.1" 200 487
221.124.232.198 - - [13/Mar/2026:09:30:58 +0800] "GET /InternetTrading/js/payment_instruction.js?jsv=20200819161914 HTTP/1.1" 200 2178
221.124.232.198 - - [13/Mar/2026:09:30:58 +0800] "GET /InternetTrading/js/isec_calculator.js?jsv=20200819161914 HTTP/1.1" 200 1364
221.124.232.198 - - [13/Mar/2026:09:30:58 +0800] "GET /InternetTrading/js/payment_instruction_IMOS.js?jsv=20200819161914 HTTP/1.1" 200 6874
221.124.232.198 - - [13/Mar/2026:09:30:58 +0800] "GET /InternetTrading/js/eStatement.js?jsv=20200819161914 HTTP/1.1" 200 562
221.124.232.198 - - [13/Mar/2026:09:30:58 +0800] "GET /InternetTrading/js/string_extend.js?jsv=20200819161914 HTTP/1.1" 200 272
221.124.232.198 - - [13/Mar/2026:09:30:58 +0800] "GET /InternetTrading/ExchangeList?fmt=js&jsv=20200819161914 HTTP/1.1" 200 146
221.124.232.198 - - [13/Mar/2026:09:30:58 +0800] "GET /InternetTrading/GoodTillDateValidExch?fmt=js&jsv=20200819161914 HTTP/1.1" 200 29
221.124.232.198 - - [13/Mar/2026:09:30:58 +0800] "GET /InternetTrading/js/pidcrypt.js?jsv=20200819161914 HTTP/1.1" 200 982
221.124.232.198 - - [13/Mar/2026:09:30:58 +0800] "GET /InternetTrading/js/pidcrypt_util.js?jsv=20200819161914 HTTP/1.1" 200 1206
221.124.232.198 - - [13/Mar/2026:09:30:58 +0800] "GET /InternetTrading/js/aes_cbc.js?jsv=20200819161914 HTTP/1.1" 200 2043
221.124.232.198 - - [13/Mar/2026:09:30:58 +0800] "GET /InternetTrading/js/asn1.js?jsv=20200819161914 HTTP/1.1" 200 3099
221.124.232.198 - - [13/Mar/2026:09:30:58 +0800] "GET /InternetTrading/js/md5.js?jsv=20200819161914 HTTP/1.1" 200 1730
221.124.232.198 - - [13/Mar/2026:09:30:58 +0800] "GET /InternetTrading/js/aes_core.js?jsv=20200819161914 HTTP/1.1" 200 2106
221.124.232.198 - - [13/Mar/2026:09:30:58 +0800] "GET /InternetTrading/js/sha256.js?jsv=20200819161914 HTTP/1.1" 200 1362
221.124.232.198 - - [13/Mar/2026:09:30:58 +0800] "GET /InternetTrading/js/prng4.js?jsv=20200819161914 HTTP/1.1" 200 303
221.124.232.198 - - [13/Mar/2026:09:30:58 +0800] "GET /InternetTrading/js/jsbn.js?jsv=20200819161914 HTTP/1.1" 200 6736
221.124.232.198 - - [13/Mar/2026:09:30:58 +0800] "GET /InternetTrading/js/rng.js?jsv=20200819161914 HTTP/1.1" 200 481
221.124.232.198 - - [13/Mar/2026:09:30:58 +0800] "GET /InternetTrading/js/rsa.js?jsv=20200819161914 HTTP/1.1" 200 1658
221.124.232.198 - - [13/Mar/2026:09:30:58 +0800] "GET /InternetTrading/js/aes.js?jsv=20200819161914 HTTP/1.1" 200 4816
221.124.232.198 - - [13/Mar/2026:09:30:58 +0800] "GET /InternetTrading/js/mode-ecb.js?jsv=20200819161914 HTTP/1.1" 200 199
221.124.232.198 - - [13/Mar/2026:09:30:58 +0800] "GET /InternetTrading/js/utilSpec.js?jsv=20200819161914 HTTP/1.1" 200 27
221.124.232.198 - - [13/Mar/2026:09:30:58 +0800] "GET /InternetTrading/js/pw_alert.js?jsv=20200819161914 HTTP/1.1" 200 418
221.124.232.198 - - [13/Mar/2026:09:30:58 +0800] "GET /InternetTrading/js/update_lastlogin.js?jsv=20200819161914 HTTP/1.1" 200 980
221.124.232.198 - - [13/Mar/2026:09:30:58 +0800] "GET /InternetTrading/js/jquery.jscrollpane.js HTTP/1.1" 404 685
221.124.232.198 - - [13/Mar/2026:09:30:58 +0800] "GET /InternetTrading/js/jquery.mousewheel.js HTTP/1.1" 404 684
221.124.232.198 - - [13/Mar/2026:09:30:58 +0800] "GET /InternetTrading/js/jquery.cookie.js HTTP/1.1" 200 834
221.124.232.198 - - [13/Mar/2026:09:30:58 +0800] "GET /InternetTrading/js/decimal.js HTTP/1.1" 200 13492
221.124.232.198 - - [13/Mar/2026:09:30:58 +0800] "GET /InternetTrading/tc/images/logo.png HTTP/1.1" 200 7042
221.124.232.198 - - [13/Mar/2026:09:30:58 +0800] "GET /InternetTrading/tc/images/top_menu01.jpg HTTP/1.1" 200 3466
221.124.232.198 - - [13/Mar/2026:09:30:58 +0800] "GET /InternetTrading/tc/images/top_menu04.jpg HTTP/1.1" 200 3430
221.124.232.198 - - [13/Mar/2026:09:30:58 +0800] "GET /InternetTrading/tc/images/top_menu_logout.jpg HTTP/1.1" 200 1016
221.124.232.198 - - [13/Mar/2026:09:30:58 +0800] "GET /InternetTrading/images/top_bg3.jpg HTTP/1.1" 200 878
221.124.232.198 - - [13/Mar/2026:09:30:58 +0800] "GET /InternetTrading/images/top_bg2.jpg HTTP/1.1" 200 330
221.124.232.198 - - [13/Mar/2026:09:30:58 +0800] "GET /InternetTrading/images/top_bg1.jpg HTTP/1.1" 200 329
221.124.232.198 - - [13/Mar/2026:09:30:58 +0800] "GET /InternetTrading/tc/dialog.html?1773365799449 HTTP/1.1" 200 3188
221.124.232.198 - - [13/Mar/2026:09:30:58 +0800] "POST /InternetTrading/PopUpConfig HTTP/1.1" 200 2
221.124.232.198 - - [13/Mar/2026:09:30:58 +0800] "POST /InternetTrading/Heartbeat HTTP/1.1" 200 32
221.124.232.198 - - [13/Mar/2026:09:30:58 +0800] "POST /InternetTrading/CustomerInfoLite HTTP/1.1" 200 125
221.124.232.198 - - [13/Mar/2026:09:30:58 +0800] "GET /InternetTrading/tc/images/top_menu04.jpg HTTP/1.1" 200 3430
221.124.232.198 - - [13/Mar/2026:09:30:58 +0800] "GET /InternetTrading/jquery/wait.gif HTTP/1.1" 200 432
221.124.232.198 - - [13/Mar/2026:09:30:58 +0800] "GET /InternetTrading/tc/trade.html HTTP/1.1" 200 2113
221.124.232.198 - - [13/Mar/2026:09:30:58 +0800] "POST /InternetTrading/SpreadPriceCache HTTP/1.1" 200 1947
221.124.232.198 - - [13/Mar/2026:09:30:58 +0800] "GET /InternetTrading/tc/images/top_menu01_o.jpg HTTP/1.1" 200 3339
221.124.232.198 - - [13/Mar/2026:09:30:58 +0800] "POST /InternetTrading/SessionErrorLogger HTTP/1.1" 200 117
221.124.232.198 - - [13/Mar/2026:09:30:58 +0800] "POST /InternetTrading/GetLastLoginDate HTTP/1.1" 200 31
221.124.232.198 - - [13/Mar/2026:09:30:58 +0800] "POST /InternetTrading/SessionErrorLogger HTTP/1.1" 200 117
221.124.232.198 - - [13/Mar/2026:09:30:58 +0800] "GET /InternetTrading/tc/getpopupMsgName.jsp HTTP/1.1" 200 -
221.124.232.198 - - [13/Mar/2026:09:30:58 +0800] "GET /InternetTrading/tc/applet_dummy.html HTTP/1.1" 200 330
221.124.232.198 - - [13/Mar/2026:09:30:58 +0800] "POST /InternetTrading/SessionErrorLogger HTTP/1.1" 200 117
221.124.232.198 - - [13/Mar/2026:09:30:59 +0800] "GET /InternetTrading/tc/buy_ticket.html? HTTP/1.1" 200 1995
221.124.232.198 - - [13/Mar/2026:09:30:59 +0800] "POST /InternetTrading/SessionErrorLogger HTTP/1.1" 200 117
221.124.232.198 - - [13/Mar/2026:09:30:59 +0800] "POST /InternetTrading/MarketStatus HTTP/1.1" 200 772
221.124.232.198 - - [13/Mar/2026:09:30:59 +0800] "POST /InternetTrading/SessionErrorLogger HTTP/1.1" 200 117
221.124.232.198 - - [13/Mar/2026:09:30:59 +0800] "GET /InternetTrading/tc/multi_currency_balance.html HTTP/1.1" 200 295
221.124.232.198 - - [13/Mar/2026:09:30:59 +0800] "GET /InternetTrading/jquery/wait.gif HTTP/1.1" 200 432
221.124.232.198 - - [13/Mar/2026:09:30:59 +0800] "GET /InternetTrading/Home/PostToAA.jsp?hl=tc HTTP/1.1" 200 292
221.124.232.198 - - [13/Mar/2026:09:30:59 +0800] "GET /InternetTrading/tc/images/trade_point01.jpg HTTP/1.1" 200 358
221.124.232.198 - - [13/Mar/2026:09:30:59 +0800] "GET /InternetTrading/tc/images/refresh.gif HTTP/1.1" 200 1145
221.124.232.198 - - [13/Mar/2026:09:30:59 +0800] "GET /InternetTrading/jquery/images/ui-icons_222222_256x240.png HTTP/1.1" 200 6922
221.124.232.198 - - [13/Mar/2026:09:30:59 +0800] "GET /InternetTrading/jquery/images/ui-bg_flat_75_ffffff_40x100.png HTTP/1.1" 200 208
221.124.232.198 - - [13/Mar/2026:09:30:59 +0800] "POST /InternetTrading/SessionErrorLogger HTTP/1.1" 200 117
221.124.232.198 - - [13/Mar/2026:09:30:59 +0800] "POST /InternetTrading/SessionErrorLogger HTTP/1.1" 200 117
221.124.232.198 - - [13/Mar/2026:09:30:59 +0800] "POST /InternetTrading/MarketStatus HTTP/1.1" 200 772
221.124.232.198 - - [13/Mar/2026:09:30:59 +0800] "POST /InternetTrading/MarketStatus HTTP/1.1" 200 772
221.124.232.198 - - [13/Mar/2026:09:31:01 +0800] "POST /InternetTrading/SessionErrorLogger HTTP/1.1" 200 117
221.124.232.198 - - [13/Mar/2026:09:31:01 +0800] "POST /InternetTrading/CustomerInfo HTTP/1.1" 200 211
221.124.232.198 - - [13/Mar/2026:09:31:01 +0800] "POST /InternetTrading/SessionErrorLogger HTTP/1.1" 200 117
221.124.232.198 - - [13/Mar/2026:09:31:01 +0800] "POST /InternetTrading/SessionErrorLogger HTTP/1.1" 200 117
221.124.232.198 - - [13/Mar/2026:09:31:01 +0800] "POST /InternetTrading/MarketStatus HTTP/1.1" 200 772
221.124.232.198 - - [13/Mar/2026:09:31:01 +0800] "GET /InternetTrading/jquery/wait.gif HTTP/1.1" 200 432
221.124.232.198 - - [13/Mar/2026:09:31:01 +0800] "POST /InternetTrading/SessionErrorLogger HTTP/1.1" 200 117
221.124.232.198 - - [13/Mar/2026:09:31:01 +0800] "POST /InternetTrading/LongPollingConfig HTTP/1.1" 200 4
221.124.232.198 - - [13/Mar/2026:09:31:01 +0800] "POST /InternetTrading/SessionErrorLogger HTTP/1.1" 200 117
221.124.232.198 - - [13/Mar/2026:09:31:01 +0800] "GET /InternetTrading/tc/account_status.html HTTP/1.1" 200 426
221.124.232.198 - - [13/Mar/2026:09:31:01 +0800] "GET /InternetTrading/longpoll/13511?X-Atmosphere-tracking-id=0&X-Atmosphere-Framework=2.2.3-javascript&X-Atmosphere-Transport=long-polling&X-Atmosphere-TrackMessageSize=true&Content-Type=charset%3Dutf-8&X-atmo-protocol=true&_=1773365801680 HTTP/1.1" 200 -
221.124.232.198 - - [13/Mar/2026:09:31:01 +0800] "GET /InternetTrading/jquery/wait.gif HTTP/1.1" 200 432
221.124.232.198 - - [13/Mar/2026:09:31:01 +0800] "POST /InternetTrading/SessionErrorLogger HTTP/1.1" 200 117
221.124.232.198 - - [13/Mar/2026:09:31:01 +0800] "POST /InternetTrading/Portfolio HTTP/1.1" 200 757
14.0.172.252 - - [13/Mar/2026:09:31:02 +0800] "GET /InternetTrading/longpoll/A8127?X-Atmosphere-tracking-id=0&X-Atmosphere-Framework=2.2.3-javascript&X-Atmosphere-Transport=long-polling&X-Atmosphere-TrackMessageSize=true&Content-Type=charset%3Dutf-8&X-atmo-protocol=true&_=1773365804663 HTTP/1.1" 200 -
120.230.125.143 - - [13/Mar/2026:09:31:02 +0800] "GET /InternetTrading/longpoll/13975?X-Atmosphere-tracking-id=0&X-Atmosphere-Framework=2.2.3-javascript&X-Atmosphere-Transport=long-polling&X-Atmosphere-TrackMessageSize=true&Content-Type=charset%3Dutf-8&X-atmo-protocol=true&_=1773365806384 HTTP/1.1" 200 -
119.136.154.51 - - [13/Mar/2026:09:31:02 +0800] "GET /InternetTrading/longpoll/51803?X-Atmosphere-tracking-id=0&X-Atmosphere-Framework=2.2.3-javascript&X-Atmosphere-Transport=long-polling&X-Atmosphere-TrackMessageSize=true&Content-Type=charset%3Dutf-8&X-atmo-protocol=true&_=1773365803229 HTTP/1.1" 200 -
120.230.125.143 - - [13/Mar/2026:09:31:04 +0800] "POST /InternetTrading/SessionErrorLogger HTTP/1.1" 200 117
120.230.125.143 - - [13/Mar/2026:09:31:04 +0800] "POST /InternetTrading/Heartbeat HTTP/1.1" 200 32
120.230.125.143 - - [13/Mar/2026:09:31:04 +0800] "POST /InternetTrading/SessionErrorLogger HTTP/1.1" 200 117
223.197.189.207 - - [13/Mar/2026:09:31:04 +0800] "GET /InternetTrading/longpoll/M7928?X-Atmosphere-tracking-id=0&X-Atmosphere-Framework=2.2.3-javascript&X-Atmosphere-Transport=long-polling&X-Atmosphere-TrackMessageSize=true&Content-Type=charset%3Dutf-8&X-atmo-protocol=true&_=1773365804325 HTTP/1.1" 200 -
120.230.125.143 - - [13/Mar/2026:09:31:04 +0800] "POST /InternetTrading/MarketStatus HTTP/1.1" 200 772
221.124.232.198 - - [13/Mar/2026:09:31:06 +0800] "GET /InternetTrading/longpoll/13511?X-Atmosphere-tracking-id=0&X-Atmosphere-Framework=2.2.3-javascript&X-Atmosphere-Transport=long-polling&X-Atmosphere-TrackMessageSize=true&Content-Type=charset%3Dutf-8&X-atmo-protocol=true&_=1773365806722 HTTP/1.1" 200 -
14.0.172.252 - - [13/Mar/2026:09:31:07 +0800] "GET /InternetTrading/longpoll/A8127?X-Atmosphere-tracking-id=0&X-Atmosphere-Framework=2.2.3-javascript&X-Atmosphere-Transport=long-polling&X-Atmosphere-TrackMessageSize=true&Content-Type=charset%3Dutf-8&X-atmo-protocol=true&_=1773365809798 HTTP/1.1" 200 -
120.230.125.143 - - [13/Mar/2026:09:31:08 +0800] "GET /InternetTrading/longpoll/13975?X-Atmosphere-tracking-id=0&X-Atmosphere-Framework=2.2.3-javascript&X-Atmosphere-Transport=long-polling&X-Atmosphere-TrackMessageSize=true&Content-Type=charset%3Dutf-8&X-atmo-protocol=true&_=1773365812381 HTTP/1.1" 200 -
119.136.154.51 - - [13/Mar/2026:09:31:08 +0800] "GET /InternetTrading/longpoll/51803?X-Atmosphere-tracking-id=0&X-Atmosphere-Framework=2.2.3-javascript&X-Atmosphere-Transport=long-polling&X-Atmosphere-TrackMessageSize=true&Content-Type=charset%3Dutf-8&X-atmo-protocol=true&_=1773365809232 HTTP/1.1" 200 -
223.197.189.207 - - [13/Mar/2026:09:31:10 +0800] "GET /InternetTrading/longpoll/M7928?X-Atmosphere-tracking-id=0&X-Atmosphere-Framework=2.2.3-javascript&X-Atmosphere-Transport=long-polling&X-Atmosphere-TrackMessageSize=true&Content-Type=charset%3Dutf-8&X-atmo-protocol=true&_=1773365810320 HTTP/1.1" 200 -
221.124.232.198 - - [13/Mar/2026:09:31:11 +0800] "GET /InternetTrading/longpoll/13511?X-Atmosphere-tracking-id=0&X-Atmosphere-Framework=2.2.3-javascript&X-Atmosphere-Transport=long-polling&X-Atmosphere-TrackMessageSize=true&Content-Type=charset%3Dutf-8&X-atmo-protocol=true&_=1773365811745 HTTP/1.1" 200 -
14.0.172.252 - - [13/Mar/2026:09:31:12 +0800] "GET /InternetTrading/longpoll/A8127?X-Atmosphere-tracking-id=0&X-Atmosphere-Framework=2.2.3-javascript&X-Atmosphere-Transport=long-polling&X-Atmosphere-TrackMessageSize=true&Content-Type=charset%3Dutf-8&X-atmo-protocol=true&_=1773365814920 HTTP/1.1" 200 -
120.230.125.143 - - [13/Mar/2026:09:31:14 +0800] "GET /InternetTrading/longpoll/13975?X-Atmosphere-tracking-id=0&X-Atmosphere-Framework=2.2.3-javascript&X-Atmosphere-Transport=long-polling&X-Atmosphere-TrackMessageSize=true&Content-Type=charset%3Dutf-8&X-atmo-protocol=true&_=1773365818381 HTTP/1.1" 200 -
119.136.154.51 - - [13/Mar/2026:09:31:14 +0800] "GET /InternetTrading/longpoll/51803?X-Atmosphere-tracking-id=0&X-Atmosphere-Framework=2.2.3-javascript&X-Atmosphere-Transport=long-polling&X-Atmosphere-TrackMessageSize=true&Content-Type=charset%3Dutf-8&X-atmo-protocol=true&_=1773365815230 HTTP/1.1" 200 -
14.0.172.252 - - [13/Mar/2026:09:31:14 +0800] "POST /InternetTrading/SessionErrorLogger HTTP/1.1" 200 117
14.0.172.252 - - [13/Mar/2026:09:31:14 +0800] "POST /InternetTrading/Heartbeat HTTP/1.1" 200 32
14.0.172.252 - - [13/Mar/2026:09:31:14 +0800] "POST /InternetTrading/SessionErrorLogger HTTP/1.1" 200 117
14.0.172.252 - - [13/Mar/2026:09:31:14 +0800] "POST /InternetTrading/MarketStatus HTTP/1.1" 200 772
221.124.232.198 - - [13/Mar/2026:09:31:16 +0800] "GET /InternetTrading/longpoll/13511?X-Atmosphere-tracking-id=0&X-Atmosphere-Framework=2.2.3-javascript&X-Atmosphere-Transport=long-polling&X-Atmosphere-TrackMessageSize=true&Content-Type=charset%3Dutf-8&X-atmo-protocol=true&_=1773365816778 HTTP/1.1" 200 -
223.197.189.207 - - [13/Mar/2026:09:31:16 +0800] "GET /InternetTrading/longpoll/M7928?X-Atmosphere-tracking-id=0&X-Atmosphere-Framework=2.2.3-javascript&X-Atmosphere-Transport=long-polling&X-Atmosphere-TrackMessageSize=true&Content-Type=charset%3Dutf-8&X-atmo-protocol=true&_=1773365816320 HTTP/1.1" 200 -
14.0.172.252 - - [13/Mar/2026:09:31:17 +0800] "GET /InternetTrading/longpoll/A8127?X-Atmosphere-tracking-id=0&X-Atmosphere-Framework=2.2.3-javascript&X-Atmosphere-Transport=long-polling&X-Atmosphere-TrackMessageSize=true&Content-Type=charset%3Dutf-8&X-atmo-protocol=true&_=1773365820031 HTTP/1.1" 200 -
120.230.125.143 - - [13/Mar/2026:09:31:20 +0800] "GET /InternetTrading/longpoll/13975?X-Atmosphere-tracking-id=0&X-Atmosphere-Framework=2.2.3-javascript&X-Atmosphere-Transport=long-polling&X-Atmosphere-TrackMessageSize=true&Content-Type=charset%3Dutf-8&X-atmo-protocol=true&_=1773365824383 HTTP/1.1" 200 -
119.136.154.51 - - [13/Mar/2026:09:31:20 +0800] "GET /InternetTrading/longpoll/51803?X-Atmosphere-tracking-id=0&X-Atmosphere-Framework=2.2.3-javascript&X-Atmosphere-Transport=long-polling&X-Atmosphere-TrackMessageSize=true&Content-Type=charset%3Dutf-8&X-atmo-protocol=true&_=1773365821226 HTTP/1.1" 200 -
221.124.232.198 - - [13/Mar/2026:09:31:21 +0800] "GET /InternetTrading/longpoll/13511?X-Atmosphere-tracking-id=0&X-Atmosphere-Framework=2.2.3-javascript&X-Atmosphere-Transport=long-polling&X-Atmosphere-TrackMessageSize=true&Content-Type=charset%3Dutf-8&X-atmo-protocol=true&_=1773365821801 HTTP/1.1" 200 -
223.197.189.207 - - [13/Mar/2026:09:31:22 +0800] "GET /InternetTrading/longpoll/M7928?X-Atmosphere-tracking-id=0&X-Atmosphere-Framework=2.2.3-javascript&X-Atmosphere-Transport=long-polling&X-Atmosphere-TrackMessageSize=true&Content-Type=charset%3Dutf-8&X-atmo-protocol=true&_=1773365822334 HTTP/1.1" 200 -
14.0.172.252 - - [13/Mar/2026:09:31:22 +0800] "GET /InternetTrading/longpoll/A8127?X-Atmosphere-tracking-id=0&X-Atmosphere-Framework=2.2.3-javascript&X-Atmosphere-Transport=long-polling&X-Atmosphere-TrackMessageSize=true&Content-Type=charset%3Dutf-8&X-atmo-protocol=true&_=1773365825118 HTTP/1.1" 200 -
120.230.125.143 - - [13/Mar/2026:09:31:26 +0800] "GET /InternetTrading/longpoll/13975?X-Atmosphere-tracking-id=0&X-Atmosphere-Framework=2.2.3-javascript&X-Atmosphere-Transport=long-polling&X-Atmosphere-TrackMessageSize=true&Content-Type=charset%3Dutf-8&X-atmo-protocol=true&_=1773365830383 HTTP/1.1" 200 -
119.136.154.51 - - [13/Mar/2026:09:31:26 +0800] "GET /InternetTrading/longpoll/51803?X-Atmosphere-tracking-id=0&X-Atmosphere-Framework=2.2.3-javascript&X-Atmosphere-Transport=long-polling&X-Atmosphere-TrackMessageSize=true&Content-Type=charset%3Dutf-8&X-atmo-protocol=true&_=1773365827237 HTTP/1.1" 200 -
221.124.232.198 - - [13/Mar/2026:09:31:26 +0800] "GET /InternetTrading/longpoll/13511?X-Atmosphere-tracking-id=0&X-Atmosphere-Framework=2.2.3-javascript&X-Atmosphere-Transport=long-polling&X-Atmosphere-TrackMessageSize=true&Content-Type=charset%3Dutf-8&X-atmo-protocol=true&_=1773365827438 HTTP/1.1" 200 -
14.0.172.252 - - [13/Mar/2026:09:31:27 +0800] "GET /InternetTrading/longpoll/A8127?X-Atmosphere-tracking-id=0&X-Atmosphere-Framework=2.2.3-javascript&X-Atmosphere-Transport=long-polling&X-Atmosphere-TrackMessageSize=true&Content-Type=charset%3Dutf-8&X-atmo-protocol=true&_=1773365830203 HTTP/1.1" 200 -
223.197.189.207 - - [13/Mar/2026:09:31:28 +0800] "GET /InternetTrading/longpoll/M7928?X-Atmosphere-tracking-id=0&X-Atmosphere-Framework=2.2.3-javascript&X-Atmosphere-Transport=long-polling&X-Atmosphere-TrackMessageSize=true&Content-Type=charset%3Dutf-8&X-atmo-protocol=true&_=1773365828326 HTTP/1.1" 200 -
221.124.232.198 - - [13/Mar/2026:09:31:29 +0800] "POST /InternetTrading/SessionErrorLogger HTTP/1.1" 200 117
221.124.232.198 - - [13/Mar/2026:09:31:29 +0800] "POST /InternetTrading/Heartbeat HTTP/1.1" 200 32
221.124.232.198 - - [13/Mar/2026:09:31:29 +0800] "POST /InternetTrading/SessionErrorLogger HTTP/1.1" 200 117
221.124.232.198 - - [13/Mar/2026:09:31:29 +0800] "POST /InternetTrading/MarketStatus HTTP/1.1" 200 772
223.197.189.207 - - [13/Mar/2026:09:31:30 +0800] "POST /InternetTrading/SessionErrorLogger HTTP/1.1" 200 117
223.197.189.207 - - [13/Mar/2026:09:31:30 +0800] "POST /InternetTrading/Heartbeat HTTP/1.1" 200 32
223.197.189.207 - - [13/Mar/2026:09:31:30 +0800] "POST /InternetTrading/SessionErrorLogger HTTP/1.1" 200 117
223.197.189.207 - - [13/Mar/2026:09:31:30 +0800] "POST /InternetTrading/MarketStatus HTTP/1.1" 200 772
120.230.125.143 - - [13/Mar/2026:09:31:32 +0800] "GET /InternetTrading/longpoll/13975?X-Atmosphere-tracking-id=0&X-Atmosphere-Framework=2.2.3-javascript&X-Atmosphere-Transport=long-polling&X-Atmosphere-TrackMessageSize=true&Content-Type=charset%3Dutf-8&X-atmo-protocol=true&_=1773365836383 HTTP/1.1" 200 -
119.136.154.51 - - [13/Mar/2026:09:31:32 +0800] "GET /InternetTrading/longpoll/51803?X-Atmosphere-tracking-id=0&X-Atmosphere-Framework=2.2.3-javascript&X-Atmosphere-Transport=long-polling&X-Atmosphere-TrackMessageSize=true&Content-Type=charset%3Dutf-8&X-atmo-protocol=true&_=1773365833223 HTTP/1.1" 200 -
221.124.232.198 - - [13/Mar/2026:09:31:32 +0800] "GET /InternetTrading/longpoll/13511?X-Atmosphere-tracking-id=0&X-Atmosphere-Framework=2.2.3-javascript&X-Atmosphere-Transport=long-polling&X-Atmosphere-TrackMessageSize=true&Content-Type=charset%3Dutf-8&X-atmo-protocol=true&_=1773365833451 HTTP/1.1" 200 -
14.0.172.252 - - [13/Mar/2026:09:31:32 +0800] "GET /InternetTrading/longpoll/A8127?X-Atmosphere-tracking-id=0&X-Atmosphere-Framework=2.2.3-javascript&X-Atmosphere-Transport=long-polling&X-Atmosphere-TrackMessageSize=true&Content-Type=charset%3Dutf-8&X-atmo-protocol=true&_=1773365835325 HTTP/1.1" 200 -
223.197.189.207 - - [13/Mar/2026:09:31:34 +0800] "GET /InternetTrading/longpoll/M7928?X-Atmosphere-tracking-id=0&X-Atmosphere-Framework=2.2.3-javascript&X-Atmosphere-Transport=long-polling&X-Atmosphere-TrackMessageSize=true&Content-Type=charset%3Dutf-8&X-atmo-protocol=true&_=1773365834322 HTTP/1.1" 200 -
14.0.172.252 - - [13/Mar/2026:09:31:38 +0800] "GET /InternetTrading/longpoll/A8127?X-Atmosphere-tracking-id=0&X-Atmosphere-Framework=2.2.3-javascript&X-Atmosphere-Transport=long-polling&X-Atmosphere-TrackMessageSize=true&Content-Type=charset%3Dutf-8&X-atmo-protocol=true&_=1773365840511 HTTP/1.1" 200 -
120.230.125.143 - - [13/Mar/2026:09:31:38 +0800] "GET /InternetTrading/longpoll/13975?X-Atmosphere-tracking-id=0&X-Atmosphere-Framework=2.2.3-javascript&X-Atmosphere-Transport=long-polling&X-Atmosphere-TrackMessageSize=true&Content-Type=charset%3Dutf-8&X-atmo-protocol=true&_=1773365842383 HTTP/1.1" 200 -
119.136.154.51 - - [13/Mar/2026:09:31:38 +0800] "GET /InternetTrading/longpoll/51803?X-Atmosphere-tracking-id=0&X-Atmosphere-Framework=2.2.3-javascript&X-Atmosphere-Transport=long-polling&X-Atmosphere-TrackMessageSize=true&Content-Type=charset%3Dutf-8&X-atmo-protocol=true&_=1773365839226 HTTP/1.1" 200 -
221.124.232.198 - - [13/Mar/2026:09:31:38 +0800] "GET /InternetTrading/longpoll/13511?X-Atmosphere-tracking-id=0&X-Atmosphere-Framework=2.2.3-javascript&X-Atmosphere-Transport=long-polling&X-Atmosphere-TrackMessageSize=true&Content-Type=charset%3Dutf-8&X-atmo-protocol=true&_=1773365839452 HTTP/1.1" 200 -
223.197.189.207 - - [13/Mar/2026:09:31:40 +0800] "GET /InternetTrading/longpoll/M7928?X-Atmosphere-tracking-id=0&X-Atmosphere-Framework=2.2.3-javascript&X-Atmosphere-Transport=long-polling&X-Atmosphere-TrackMessageSize=true&Content-Type=charset%3Dutf-8&X-atmo-protocol=true&_=1773365840334 HTTP/1.1" 200 -
14.0.172.252 - - [13/Mar/2026:09:31:43 +0800] "GET /InternetTrading/longpoll/A8127?X-Atmosphere-tracking-id=0&X-Atmosphere-Framework=2.2.3-javascript&X-Atmosphere-Transport=long-polling&X-Atmosphere-TrackMessageSize=true&Content-Type=charset%3Dutf-8&X-atmo-protocol=true&_=1773365845625 HTTP/1.1" 200 -
221.124.232.198 - - [13/Mar/2026:09:31:43 +0800] "GET /InternetTrading/longpoll/13511?X-Atmosphere-tracking-id=0&X-Atmosphere-Framework=2.2.3-javascript&X-Atmosphere-Transport=long-polling&X-Atmosphere-TrackMessageSize=true&Content-Type=charset%3Dutf-8&X-atmo-protocol=true&_=1773365844489 HTTP/1.1" 200 -
120.230.125.143 - - [13/Mar/2026:09:31:44 +0800] "GET /InternetTrading/longpoll/13975?X-Atmosphere-tracking-id=0&X-Atmosphere-Framework=2.2.3-javascript&X-Atmosphere-Transport=long-polling&X-Atmosphere-TrackMessageSize=true&Content-Type=charset%3Dutf-8&X-atmo-protocol=true&_=1773365848383 HTTP/1.1" 200 -
119.136.154.51 - - [13/Mar/2026:09:31:44 +0800] "GET /InternetTrading/longpoll/51803?X-Atmosphere-tracking-id=0&X-Atmosphere-Framework=2.2.3-javascript&X-Atmosphere-Transport=long-polling&X-Atmosphere-TrackMessageSize=true&Content-Type=charset%3Dutf-8&X-atmo-protocol=true&_=1773365845224 HTTP/1.1" 200 -
14.0.172.252 - - [13/Mar/2026:09:31:44 +0800] "POST /InternetTrading/SessionErrorLogger HTTP/1.1" 200 117
14.0.172.252 - - [13/Mar/2026:09:31:44 +0800] "POST /InternetTrading/Heartbeat HTTP/1.1" 200 32
14.0.172.252 - - [13/Mar/2026:09:31:44 +0800] "POST /InternetTrading/SessionErrorLogger HTTP/1.1" 200 117
14.0.172.252 - - [13/Mar/2026:09:31:44 +0800] "POST /InternetTrading/MarketStatus HTTP/1.1" 200 772
221.124.232.198 - - [13/Mar/2026:09:31:45 +0800] "GET /InternetTrading/tc/main.html?language=tc&version=HTML HTTP/1.1" 200 3578
221.124.232.198 - - [13/Mar/2026:09:31:45 +0800] "GET /InternetTrading/jquery/ui.datepicker.css HTTP/1.1" 200 1145
221.124.232.198 - - [13/Mar/2026:09:31:45 +0800] "GET /InternetTrading/jquery/jquery.tablesorter-theme.blue.css HTTP/1.1" 200 2083
221.124.232.198 - - [13/Mar/2026:09:31:45 +0800] "GET /InternetTrading/jquery/dragtable-2.0.9.css HTTP/1.1" 200 316
221.124.232.198 - - [13/Mar/2026:09:31:45 +0800] "GET /InternetTrading/jquery/jquery-ui-1.10.3.css HTTP/1.1" 200 5283
221.124.232.198 - - [13/Mar/2026:09:31:45 +0800] "GET /InternetTrading/tc/css/jquery.jscrollpane.css HTTP/1.1" 404 690
221.124.232.198 - - [13/Mar/2026:09:31:45 +0800] "GET /InternetTrading/tc/style_common.css?v=20200819161914 HTTP/1.1" 200 2540
221.124.232.198 - - [13/Mar/2026:09:31:45 +0800] "GET /InternetTrading/jquery/jquery.ba-postmessage.js HTTP/1.1" 200 2990
221.124.232.198 - - [13/Mar/2026:09:31:45 +0800] "GET /InternetTrading/js/aastock.js HTTP/1.1" 200 553
221.124.232.198 - - [13/Mar/2026:09:31:45 +0800] "GET /InternetTrading/jquery/jquery-1.6.3.min.js HTTP/1.1" 200 32057
221.124.232.198 - - [13/Mar/2026:09:31:45 +0800] "GET /InternetTrading/jquery/jquery-migrate-3.0.0.js HTTP/1.1" 200 4963
221.124.232.198 - - [13/Mar/2026:09:31:45 +0800] "GET /InternetTrading/tc/style.css?v=20200819161914 HTTP/1.1" 200 1435
221.124.232.198 - - [13/Mar/2026:09:31:45 +0800] "GET /InternetTrading/jquery/jquery-3.3.1.js HTTP/1.1" 200 80650
221.124.232.198 - - [13/Mar/2026:09:31:45 +0800] "GET /InternetTrading/js/cache.js?jsv=20200819161914 HTTP/1.1" 200 940
221.124.232.198 - - [13/Mar/2026:09:31:45 +0800] "GET /InternetTrading/jquery/jquery.form-3.46.0.js HTTP/1.1" 200 5673
221.124.232.198 - - [13/Mar/2026:09:31:45 +0800] "GET /InternetTrading/jquery/jquery-ui-1.10.3.js HTTP/1.1" 200 69642
221.124.232.198 - - [13/Mar/2026:09:31:45 +0800] "GET /InternetTrading/jquery/jquery.blockUI-2.66.0.js HTTP/1.1" 200 6651
221.124.232.198 - - [13/Mar/2026:09:31:45 +0800] "GET /InternetTrading/js/atmosphere.js HTTP/1.1" 200 13461
221.124.232.198 - - [13/Mar/2026:09:31:45 +0800] "GET /InternetTrading/jquery/jquery.validate-1.11.1.js HTTP/1.1" 200 7041
221.124.232.198 - - [13/Mar/2026:09:31:45 +0800] "GET /InternetTrading/jquery/additional-methods.js HTTP/1.1" 200 2238
221.124.232.198 - - [13/Mar/2026:09:31:45 +0800] "GET /InternetTrading/jquery/jquery.mousewheel-3.1.4.js HTTP/1.1" 200 822
221.124.232.198 - - [13/Mar/2026:09:31:45 +0800] "GET /InternetTrading/jquery/jquery.tablesorter.widgets-2.14.5.js HTTP/1.1" 200 8611
221.124.232.198 - - [13/Mar/2026:09:31:45 +0800] "GET /InternetTrading/jquery/jquery.combobox.packed.js HTTP/1.1" 200 3387
221.124.232.198 - - [13/Mar/2026:09:31:45 +0800] "GET /InternetTrading/jquery/jquery.tablesorter-2.14.5.js HTTP/1.1" 200 8901
221.124.232.198 - - [13/Mar/2026:09:31:45 +0800] "GET /InternetTrading/jquery/jquery.timer-0.9.16.js HTTP/1.1" 200 542
221.124.232.198 - - [13/Mar/2026:09:31:45 +0800] "GET /InternetTrading/jquery/jquery.getParams.js HTTP/1.1" 200 587
221.124.232.198 - - [13/Mar/2026:09:31:45 +0800] "GET /InternetTrading/jquery/globalize-0.1.0a1.js HTTP/1.1" 200 6984
221.124.232.198 - - [13/Mar/2026:09:31:45 +0800] "GET /InternetTrading/jquery/jquery.selectboxes.pack.js HTTP/1.1" 200 1640
221.124.232.198 - - [13/Mar/2026:09:31:45 +0800] "GET /InternetTrading/json/json2.js?jsv=20200819161914 HTTP/1.1" 200 1372
221.124.232.198 - - [13/Mar/2026:09:31:45 +0800] "GET /InternetTrading/jquery/date.js HTTP/1.1" 200 2807
221.124.232.198 - - [13/Mar/2026:09:31:45 +0800] "GET /InternetTrading/js/constants.js?jsv=20200819161914 HTTP/1.1" 200 400
221.124.232.198 - - [13/Mar/2026:09:31:45 +0800] "GET /InternetTrading/settings/crm_display_settings.js?jsv=20200819161914 HTTP/1.1" 200 1781
221.124.232.198 - - [13/Mar/2026:09:31:45 +0800] "GET /InternetTrading/tc/user/custom_variables.js?jsv=20200819161914 HTTP/1.1" 200 275
221.124.232.198 - - [13/Mar/2026:09:31:45 +0800] "GET /InternetTrading/tc/user/translation.js?jsv=20200819161914 HTTP/1.1" 200 12818
221.124.232.198 - - [13/Mar/2026:09:31:45 +0800] "GET /InternetTrading/js/haitong.js?jsv=20200819161914 HTTP/1.1" 200 3881
221.124.232.198 - - [13/Mar/2026:09:31:45 +0800] "GET /InternetTrading/js/init.js?jsv=20200819161914 HTTP/1.1" 200 886
221.124.232.198 - - [13/Mar/2026:09:31:45 +0800] "GET /InternetTrading/js/util.js?jsv=20200819161914 HTTP/1.1" 200 6636
221.124.232.198 - - [13/Mar/2026:09:31:45 +0800] "GET /InternetTrading/js/rsautil.js?jsv=20200819161914 HTTP/1.1" 200 1017
221.124.232.198 - - [13/Mar/2026:09:31:45 +0800] "GET /InternetTrading/js/corporate.js?jsv=20200819161914 HTTP/1.1" 200 1575
221.124.232.198 - - [13/Mar/2026:09:31:45 +0800] "GET /InternetTrading/js/update_mdf.js?jsv=20200819161914 HTTP/1.1" 200 856
221.124.232.198 - - [13/Mar/2026:09:31:45 +0800] "GET /InternetTrading/js/validation_hkex.js?jsv=20200819161914 HTTP/1.1" 200 2300
221.124.232.198 - - [13/Mar/2026:09:31:45 +0800] "GET /InternetTrading/js/validation_bshare.js?jsv=20200819161914 HTTP/1.1" 200 1567
221.124.232.198 - - [13/Mar/2026:09:31:45 +0800] "GET /InternetTrading/js/main.js?jsv=20200819161914 HTTP/1.1" 200 30725
221.124.232.198 - - [13/Mar/2026:09:31:45 +0800] "GET /InternetTrading/js/validation_ashare.js?jsv=20200819161914 HTTP/1.1" 200 2482
221.124.232.198 - - [13/Mar/2026:09:31:45 +0800] "GET /InternetTrading/js/validation_global.js?jsv=20200819161914 HTTP/1.1" 200 1564
221.124.232.198 - - [13/Mar/2026:09:31:45 +0800] "GET /InternetTrading/js/account.js?jsv=20200819161914 HTTP/1.1" 200 2656
221.124.232.198 - - [13/Mar/2026:09:31:45 +0800] "GET /InternetTrading/js/ipo.js?jsv=20200819161914 HTTP/1.1" 200 5726
221.124.232.198 - - [13/Mar/2026:09:31:45 +0800] "GET /InternetTrading/js/cash_transfer.js?jsv=20200819161914 HTTP/1.1" 200 2712
221.124.232.198 - - [13/Mar/2026:09:31:45 +0800] "GET /InternetTrading/js/spread_cache.js?jsv=20200819161914 HTTP/1.1" 200 908
221.124.232.198 - - [13/Mar/2026:09:31:45 +0800] "GET /InternetTrading/js/mm.js?jsv=20200819161914 HTTP/1.1" 200 487
221.124.232.198 - - [13/Mar/2026:09:31:45 +0800] "GET /InternetTrading/js/isec_calculator.js?jsv=20200819161914 HTTP/1.1" 200 1364
221.124.232.198 - - [13/Mar/2026:09:31:45 +0800] "GET /InternetTrading/js/payment_instruction.js?jsv=20200819161914 HTTP/1.1" 200 2178
221.124.232.198 - - [13/Mar/2026:09:31:45 +0800] "GET /InternetTrading/js/payment_instruction_IMOS.js?jsv=20200819161914 HTTP/1.1" 200 6874
221.124.232.198 - - [13/Mar/2026:09:31:45 +0800] "GET /InternetTrading/js/eStatement.js?jsv=20200819161914 HTTP/1.1" 200 562
221.124.232.198 - - [13/Mar/2026:09:31:45 +0800] "GET /InternetTrading/js/string_extend.js?jsv=20200819161914 HTTP/1.1" 200 272
221.124.232.198 - - [13/Mar/2026:09:31:45 +0800] "GET /InternetTrading/js/pidcrypt.js?jsv=20200819161914 HTTP/1.1" 200 982
221.124.232.198 - - [13/Mar/2026:09:31:45 +0800] "GET /InternetTrading/ExchangeList?fmt=js&jsv=20200819161914 HTTP/1.1" 200 146
221.124.232.198 - - [13/Mar/2026:09:31:45 +0800] "GET /InternetTrading/js/pidcrypt_util.js?jsv=20200819161914 HTTP/1.1" 200 1206
221.124.232.198 - - [13/Mar/2026:09:31:45 +0800] "GET /InternetTrading/js/aes_cbc.js?jsv=20200819161914 HTTP/1.1" 200 2043
221.124.232.198 - - [13/Mar/2026:09:31:45 +0800] "GET /InternetTrading/js/aes_core.js?jsv=20200819161914 HTTP/1.1" 200 2106
221.124.232.198 - - [13/Mar/2026:09:31:45 +0800] "GET /InternetTrading/js/md5.js?jsv=20200819161914 HTTP/1.1" 200 1730
221.124.232.198 - - [13/Mar/2026:09:31:45 +0800] "GET /InternetTrading/js/asn1.js?jsv=20200819161914 HTTP/1.1" 200 3099
221.124.232.198 - - [13/Mar/2026:09:31:45 +0800] "GET /InternetTrading/js/sha256.js?jsv=20200819161914 HTTP/1.1" 200 1362
221.124.232.198 - - [13/Mar/2026:09:31:45 +0800] "GET /InternetTrading/js/rng.js?jsv=20200819161914 HTTP/1.1" 200 481
221.124.232.198 - - [13/Mar/2026:09:31:45 +0800] "GET /InternetTrading/js/prng4.js?jsv=20200819161914 HTTP/1.1" 200 303
221.124.232.198 - - [13/Mar/2026:09:31:45 +0800] "GET /InternetTrading/js/jsbn.js?jsv=20200819161914 HTTP/1.1" 200 6736
221.124.232.198 - - [13/Mar/2026:09:31:45 +0800] "GET /InternetTrading/js/rsa.js?jsv=20200819161914 HTTP/1.1" 200 1658
221.124.232.198 - - [13/Mar/2026:09:31:45 +0800] "GET /InternetTrading/js/aes.js?jsv=20200819161914 HTTP/1.1" 200 4816
221.124.232.198 - - [13/Mar/2026:09:31:45 +0800] "GET /InternetTrading/js/mode-ecb.js?jsv=20200819161914 HTTP/1.1" 200 199
221.124.232.198 - - [13/Mar/2026:09:31:45 +0800] "GET /InternetTrading/js/utilSpec.js?jsv=20200819161914 HTTP/1.1" 200 27
221.124.232.198 - - [13/Mar/2026:09:31:45 +0800] "GET /InternetTrading/js/update_lastlogin.js?jsv=20200819161914 HTTP/1.1" 200 980
221.124.232.198 - - [13/Mar/2026:09:31:45 +0800] "GET /InternetTrading/js/pw_alert.js?jsv=20200819161914 HTTP/1.1" 200 418
221.124.232.198 - - [13/Mar/2026:09:31:45 +0800] "GET /InternetTrading/js/jquery.jscrollpane.js HTTP/1.1" 404 685
221.124.232.198 - - [13/Mar/2026:09:31:45 +0800] "GET /InternetTrading/js/jquery.mousewheel.js HTTP/1.1" 404 684
221.124.232.198 - - [13/Mar/2026:09:31:45 +0800] "GET /InternetTrading/js/jquery.cookie.js HTTP/1.1" 200 834
221.124.232.198 - - [13/Mar/2026:09:31:45 +0800] "GET /InternetTrading/tc/images/logo.png HTTP/1.1" 200 7042
221.124.232.198 - - [13/Mar/2026:09:31:45 +0800] "GET /InternetTrading/tc/images/top_menu01.jpg HTTP/1.1" 200 3466
221.124.232.198 - - [13/Mar/2026:09:31:45 +0800] "GET /InternetTrading/GoodTillDateValidExch?fmt=js&jsv=20200819161914 HTTP/1.1" 200 29
221.124.232.198 - - [13/Mar/2026:09:31:45 +0800] "GET /InternetTrading/js/decimal.js HTTP/1.1" 200 13492
221.124.232.198 - - [13/Mar/2026:09:31:45 +0800] "GET /InternetTrading/tc/images/top_menu04.jpg HTTP/1.1" 200 3430
221.124.232.198 - - [13/Mar/2026:09:31:45 +0800] "GET /InternetTrading/tc/images/top_menu_logout.jpg HTTP/1.1" 200 1016
221.124.232.198 - - [13/Mar/2026:09:31:45 +0800] "GET /InternetTrading/images/top_bg3.jpg HTTP/1.1" 200 878
221.124.232.198 - - [13/Mar/2026:09:31:45 +0800] "GET /InternetTrading/images/top_bg2.jpg HTTP/1.1" 200 330
221.124.232.198 - - [13/Mar/2026:09:31:45 +0800] "GET /InternetTrading/images/top_bg1.jpg HTTP/1.1" 200 329
221.124.232.198 - - [13/Mar/2026:09:31:45 +0800] "GET /InternetTrading/tc/dialog.html?1773365846551 HTTP/1.1" 200 3188
221.124.232.198 - - [13/Mar/2026:09:31:45 +0800] "POST /InternetTrading/PopUpConfig HTTP/1.1" 200 2
221.124.232.198 - - [13/Mar/2026:09:31:45 +0800] "POST /InternetTrading/Heartbeat HTTP/1.1" 200 32
221.124.232.198 - - [13/Mar/2026:09:31:46 +0800] "POST /InternetTrading/CustomerInfoLite HTTP/1.1" 200 125
221.124.232.198 - - [13/Mar/2026:09:31:46 +0800] "GET /InternetTrading/tc/images/top_menu01_o.jpg HTTP/1.1" 200 3339
221.124.232.198 - - [13/Mar/2026:09:31:46 +0800] "GET /InternetTrading/tc/images/top_menu04.jpg HTTP/1.1" 200 3430
221.124.232.198 - - [13/Mar/2026:09:31:46 +0800] "GET /InternetTrading/tc/trade.html HTTP/1.1" 200 2113
221.124.232.198 - - [13/Mar/2026:09:31:46 +0800] "POST /InternetTrading/SpreadPriceCache HTTP/1.1" 200 1947
221.124.232.198 - - [13/Mar/2026:09:31:46 +0800] "GET /InternetTrading/jquery/wait.gif HTTP/1.1" 200 432
221.124.232.198 - - [13/Mar/2026:09:31:46 +0800] "POST /InternetTrading/SessionErrorLogger HTTP/1.1" 200 117
221.124.232.198 - - [13/Mar/2026:09:31:46 +0800] "POST /InternetTrading/GetLastLoginDate HTTP/1.1" 200 31
221.124.232.198 - - [13/Mar/2026:09:31:46 +0800] "POST /InternetTrading/SessionErrorLogger HTTP/1.1" 200 117
221.124.232.198 - - [13/Mar/2026:09:31:46 +0800] "GET /InternetTrading/tc/getpopupMsgName.jsp HTTP/1.1" 200 -
221.124.232.198 - - [13/Mar/2026:09:31:46 +0800] "GET /InternetTrading/tc/images/trade_point01.jpg HTTP/1.1" 200 358
221.124.232.198 - - [13/Mar/2026:09:31:46 +0800] "GET /InternetTrading/tc/images/refresh.gif HTTP/1.1" 200 1145
221.124.232.198 - - [13/Mar/2026:09:31:46 +0800] "GET /InternetTrading/tc/applet_dummy.html HTTP/1.1" 200 330
221.124.232.198 - - [13/Mar/2026:09:31:46 +0800] "POST /InternetTrading/SessionErrorLogger HTTP/1.1" 200 117
221.124.232.198 - - [13/Mar/2026:09:31:46 +0800] "GET /InternetTrading/tc/buy_ticket.html? HTTP/1.1" 200 1995
221.124.232.198 - - [13/Mar/2026:09:31:46 +0800] "POST /InternetTrading/SessionErrorLogger HTTP/1.1" 200 117
221.124.232.198 - - [13/Mar/2026:09:31:46 +0800] "POST /InternetTrading/MarketStatus HTTP/1.1" 200 772
221.124.232.198 - - [13/Mar/2026:09:31:46 +0800] "POST /InternetTrading/SessionErrorLogger HTTP/1.1" 200 117
221.124.232.198 - - [13/Mar/2026:09:31:46 +0800] "GET /InternetTrading/tc/multi_currency_balance.html HTTP/1.1" 200 295
221.124.232.198 - - [13/Mar/2026:09:31:46 +0800] "GET /InternetTrading/jquery/wait.gif HTTP/1.1" 200 432
221.124.232.198 - - [13/Mar/2026:09:31:46 +0800] "GET /InternetTrading/Home/PostToAA.jsp?hl=tc HTTP/1.1" 200 292
221.124.232.198 - - [13/Mar/2026:09:31:46 +0800] "GET /InternetTrading/jquery/images/ui-icons_222222_256x240.png HTTP/1.1" 200 6922
221.124.232.198 - - [13/Mar/2026:09:31:46 +0800] "GET /InternetTrading/jquery/images/ui-bg_flat_75_ffffff_40x100.png HTTP/1.1" 200 208
221.124.232.198 - - [13/Mar/2026:09:31:46 +0800] "POST /InternetTrading/SessionErrorLogger HTTP/1.1" 200 117
221.124.232.198 - - [13/Mar/2026:09:31:46 +0800] "POST /InternetTrading/SessionErrorLogger HTTP/1.1" 200 117
221.124.232.198 - - [13/Mar/2026:09:31:46 +0800] "POST /InternetTrading/MarketStatus HTTP/1.1" 200 772
221.124.232.198 - - [13/Mar/2026:09:31:46 +0800] "POST /InternetTrading/MarketStatus HTTP/1.1" 200 772
223.197.189.207 - - [13/Mar/2026:09:31:46 +0800] "GET /InternetTrading/longpoll/M7928?X-Atmosphere-tracking-id=0&X-Atmosphere-Framework=2.2.3-javascript&X-Atmosphere-Transport=long-polling&X-Atmosphere-TrackMessageSize=true&Content-Type=charset%3Dutf-8&X-atmo-protocol=true&_=1773365846325 HTTP/1.1" 200 -
119.136.154.51 - - [13/Mar/2026:09:31:46 +0800] "POST /InternetTrading/SessionErrorLogger HTTP/1.1" 200 117
119.136.154.51 - - [13/Mar/2026:09:31:46 +0800] "POST /InternetTrading/Heartbeat HTTP/1.1" 200 32
119.136.154.51 - - [13/Mar/2026:09:31:46 +0800] "POST /InternetTrading/SessionErrorLogger HTTP/1.1" 200 117
119.136.154.51 - - [13/Mar/2026:09:31:46 +0800] "POST /InternetTrading/MarketStatus HTTP/1.1" 200 772
221.124.232.198 - - [13/Mar/2026:09:31:48 +0800] "POST /InternetTrading/SessionErrorLogger HTTP/1.1" 200 117
221.124.232.198 - - [13/Mar/2026:09:31:48 +0800] "POST /InternetTrading/CustomerInfo HTTP/1.1" 200 211
221.124.232.198 - - [13/Mar/2026:09:31:48 +0800] "POST /InternetTrading/SessionErrorLogger HTTP/1.1" 200 117
221.124.232.198 - - [13/Mar/2026:09:31:48 +0800] "GET /InternetTrading/tc/account_status.html HTTP/1.1" 200 426
221.124.232.198 - - [13/Mar/2026:09:31:48 +0800] "POST /InternetTrading/SessionErrorLogger HTTP/1.1" 200 117
221.124.232.198 - - [13/Mar/2026:09:31:48 +0800] "POST /InternetTrading/SessionErrorLogger HTTP/1.1" 200 117
221.124.232.198 - - [13/Mar/2026:09:31:48 +0800] "POST /InternetTrading/MarketStatus HTTP/1.1" 200 772
221.124.232.198 - - [13/Mar/2026:09:31:48 +0800] "GET /InternetTrading/jquery/wait.gif HTTP/1.1" 200 432
221.124.232.198 - - [13/Mar/2026:09:31:48 +0800] "POST /InternetTrading/SessionErrorLogger HTTP/1.1" 200 117
221.124.232.198 - - [13/Mar/2026:09:31:48 +0800] "POST /InternetTrading/LongPollingConfig HTTP/1.1" 200 4
221.124.232.198 - - [13/Mar/2026:09:31:48 +0800] "GET /InternetTrading/jquery/wait.gif HTTP/1.1" 200 432
221.124.232.198 - - [13/Mar/2026:09:31:48 +0800] "POST /InternetTrading/SessionErrorLogger HTTP/1.1" 200 117
221.124.232.198 - - [13/Mar/2026:09:31:48 +0800] "GET /InternetTrading/longpoll/13511?X-Atmosphere-tracking-id=0&X-Atmosphere-Framework=2.2.3-javascript&X-Atmosphere-Transport=long-polling&X-Atmosphere-TrackMessageSize=true&Content-Type=charset%3Dutf-8&X-atmo-protocol=true&_=1773365848805 HTTP/1.1" 200 -
221.124.232.198 - - [13/Mar/2026:09:31:48 +0800] "POST /InternetTrading/Portfolio HTTP/1.1" 200 757
14.0.172.252 - - [13/Mar/2026:09:31:48 +0800] "GET /InternetTrading/longpoll/A8127?X-Atmosphere-tracking-id=0&X-Atmosphere-Framework=2.2.3-javascript&X-Atmosphere-Transport=long-polling&X-Atmosphere-TrackMessageSize=true&Content-Type=charset%3Dutf-8&X-atmo-protocol=true&_=1773365850735 HTTP/1.1" 200 -
120.230.125.143 - - [13/Mar/2026:09:31:50 +0800] "GET /InternetTrading/longpoll/13975?X-Atmosphere-tracking-id=0&X-Atmosphere-Framework=2.2.3-javascript&X-Atmosphere-Transport=long-polling&X-Atmosphere-TrackMessageSize=true&Content-Type=charset%3Dutf-8&X-atmo-protocol=true&_=1773365854383 HTTP/1.1" 200 -
119.136.154.51 - - [13/Mar/2026:09:31:50 +0800] "GET /InternetTrading/longpoll/51803?X-Atmosphere-tracking-id=0&X-Atmosphere-Framework=2.2.3-javascript&X-Atmosphere-Transport=long-polling&X-Atmosphere-TrackMessageSize=true&Content-Type=charset%3Dutf-8&X-atmo-protocol=true&_=1773365851235 HTTP/1.1" 200 -
223.197.189.207 - - [13/Mar/2026:09:31:52 +0800] "GET /InternetTrading/longpoll/M7928?X-Atmosphere-tracking-id=0&X-Atmosphere-Framework=2.2.3-javascript&X-Atmosphere-Transport=long-polling&X-Atmosphere-TrackMessageSize=true&Content-Type=charset%3Dutf-8&X-atmo-protocol=true&_=1773365852324 HTTP/1.1" 200 -
14.0.172.252 - - [13/Mar/2026:09:31:53 +0800] "GET /InternetTrading/longpoll/A8127?X-Atmosphere-tracking-id=0&X-Atmosphere-Framework=2.2.3-javascript&X-Atmosphere-Transport=long-polling&X-Atmosphere-TrackMessageSize=true&Content-Type=charset%3Dutf-8&X-atmo-protocol=true&_=1773365855790 HTTP/1.1" 200 -
221.124.232.198 - - [13/Mar/2026:09:31:53 +0800] "GET /InternetTrading/longpoll/13511?X-Atmosphere-tracking-id=0&X-Atmosphere-Framework=2.2.3-javascript&X-Atmosphere-Transport=long-polling&X-Atmosphere-TrackMessageSize=true&Content-Type=charset%3Dutf-8&X-atmo-protocol=true&_=1773365854447 HTTP/1.1" 200 -
120.230.125.143 - - [13/Mar/2026:09:31:56 +0800] "GET /InternetTrading/longpoll/13975?X-Atmosphere-tracking-id=0&X-Atmosphere-Framework=2.2.3-javascript&X-Atmosphere-Transport=long-polling&X-Atmosphere-TrackMessageSize=true&Content-Type=charset%3Dutf-8&X-atmo-protocol=true&_=1773365860383 HTTP/1.1" 200 -
119.136.154.51 - - [13/Mar/2026:09:31:56 +0800] "GET /InternetTrading/longpoll/51803?X-Atmosphere-tracking-id=0&X-Atmosphere-Framework=2.2.3-javascript&X-Atmosphere-Transport=long-polling&X-Atmosphere-TrackMessageSize=true&Content-Type=charset%3Dutf-8&X-atmo-protocol=true&_=1773365857225 HTTP/1.1" 200 -
223.197.189.207 - - [13/Mar/2026:09:31:58 +0800] "GET /InternetTrading/longpoll/M7928?X-Atmosphere-tracking-id=0&X-Atmosphere-Framework=2.2.3-javascript&X-Atmosphere-Transport=long-polling&X-Atmosphere-TrackMessageSize=true&Content-Type=charset%3Dutf-8&X-atmo-protocol=true&_=1773365858325 HTTP/1.1" 200 -
14.0.172.252 - - [13/Mar/2026:09:31:58 +0800] "GET /InternetTrading/longpoll/A8127?X-Atmosphere-tracking-id=0&X-Atmosphere-Framework=2.2.3-javascript&X-Atmosphere-Transport=long-polling&X-Atmosphere-TrackMessageSize=true&Content-Type=charset%3Dutf-8&X-atmo-protocol=true&_=1773365860915 HTTP/1.1" 200 -
221.124.232.198 - - [13/Mar/2026:09:31:59 +0800] "GET /InternetTrading/longpoll/13511?X-Atmosphere-tracking-id=0&X-Atmosphere-Framework=2.2.3-javascript&X-Atmosphere-Transport=long-polling&X-Atmosphere-TrackMessageSize=true&Content-Type=charset%3Dutf-8&X-atmo-protocol=true&_=1773365860444 HTTP/1.1" 200 -
120.230.125.143 - - [13/Mar/2026:09:32:02 +0800] "GET /InternetTrading/longpoll/13975?X-Atmosphere-tracking-id=0&X-Atmosphere-Framework=2.2.3-javascript&X-Atmosphere-Transport=long-polling&X-Atmosphere-TrackMessageSize=true&Content-Type=charset%3Dutf-8&X-atmo-protocol=true&_=1773365866383 HTTP/1.1" 200 -
119.136.154.51 - - [13/Mar/2026:09:32:02 +0800] "GET /InternetTrading/longpoll/51803?X-Atmosphere-tracking-id=0&X-Atmosphere-Framework=2.2.3-javascript&X-Atmosphere-Transport=long-polling&X-Atmosphere-TrackMessageSize=true&Content-Type=charset%3Dutf-8&X-atmo-protocol=true&_=1773365863226 HTTP/1.1" 200 -
14.0.172.252 - - [13/Mar/2026:09:32:03 +0800] "GET /InternetTrading/longpoll/A8127?X-Atmosphere-tracking-id=0&X-Atmosphere-Framework=2.2.3-javascript&X-Atmosphere-Transport=long-polling&X-Atmosphere-TrackMessageSize=true&Content-Type=charset%3Dutf-8&X-atmo-protocol=true&_=1773365866046 HTTP/1.1" 200 -
223.197.189.207 - - [13/Mar/2026:09:32:04 +0800] "GET /InternetTrading/longpoll/M7928?X-Atmosphere-tracking-id=0&X-Atmosphere-Framework=2.2.3-javascript&X-Atmosphere-Transport=long-polling&X-Atmosphere-TrackMessageSize=true&Content-Type=charset%3Dutf-8&X-atmo-protocol=true&_=1773365864323 HTTP/1.1" 200 -
120.230.125.143 - - [13/Mar/2026:09:32:08 +0800] "GET /InternetTrading/longpoll/13975?X-Atmosphere-tracking-id=0&X-Atmosphere-Framework=2.2.3-javascript&X-Atmosphere-Transport=long-polling&X-Atmosphere-TrackMessageSize=true&Content-Type=charset%3Dutf-8&X-atmo-protocol=true&_=1773365872383 HTTP/1.1" 200 -
119.136.154.51 - - [13/Mar/2026:09:32:08 +0800] "GET /InternetTrading/longpoll/51803?X-Atmosphere-tracking-id=0&X-Atmosphere-Framework=2.2.3-javascript&X-Atmosphere-Transport=long-polling&X-Atmosphere-TrackMessageSize=true&Content-Type=charset%3Dutf-8&X-atmo-protocol=true&_=1773365869236 HTTP/1.1" 200 -
14.0.172.252 - - [13/Mar/2026:09:32:08 +0800] "GET /InternetTrading/longpoll/A8127?X-Atmosphere-tracking-id=0&X-Atmosphere-Framework=2.2.3-javascript&X-Atmosphere-Transport=long-polling&X-Atmosphere-TrackMessageSize=true&Content-Type=charset%3Dutf-8&X-atmo-protocol=true&_=1773365871155 HTTP/1.1" 200 -
120.230.125.143 - - [13/Mar/2026:09:32:09 +0800] "POST /InternetTrading/SessionErrorLogger HTTP/1.1" 200 117
120.230.125.143 - - [13/Mar/2026:09:32:09 +0800] "POST /InternetTrading/Heartbeat HTTP/1.1" 200 32
120.230.125.143 - - [13/Mar/2026:09:32:09 +0800] "POST /InternetTrading/SessionErrorLogger HTTP/1.1" 200 117
120.230.125.143 - - [13/Mar/2026:09:32:09 +0800] "POST /InternetTrading/MarketStatus HTTP/1.1" 200 772
223.197.189.207 - - [13/Mar/2026:09:32:10 +0800] "GET /InternetTrading/longpoll/M7928?X-Atmosphere-tracking-id=0&X-Atmosphere-Framework=2.2.3-javascript&X-Atmosphere-Transport=long-polling&X-Atmosphere-TrackMessageSize=true&Content-Type=charset%3Dutf-8&X-atmo-protocol=true&_=1773365870325 HTTP/1.1" 200 -
14.0.172.252 - - [13/Mar/2026:09:32:13 +0800] "GET /InternetTrading/longpoll/A8127?X-Atmosphere-tracking-id=0&X-Atmosphere-Framework=2.2.3-javascript&X-Atmosphere-Transport=long-polling&X-Atmosphere-TrackMessageSize=true&Content-Type=charset%3Dutf-8&X-atmo-protocol=true&_=1773365876294 HTTP/1.1" 200 -
120.230.125.143 - - [13/Mar/2026:09:32:14 +0800] "GET /InternetTrading/longpoll/13975?X-Atmosphere-tracking-id=0&X-Atmosphere-Framework=2.2.3-javascript&X-Atmosphere-Transport=long-polling&X-Atmosphere-TrackMessageSize=true&Content-Type=charset%3Dutf-8&X-atmo-protocol=true&_=1773365878382 HTTP/1.1" 200 -
119.136.154.51 - - [13/Mar/2026:09:32:14 +0800] "GET /InternetTrading/longpoll/51803?X-Atmosphere-tracking-id=0&X-Atmosphere-Framework=2.2.3-javascript&X-Atmosphere-Transport=long-polling&X-Atmosphere-TrackMessageSize=true&Content-Type=charset%3Dutf-8&X-atmo-protocol=true&_=1773365875237 HTTP/1.1" 200 -
14.0.172.252 - - [13/Mar/2026:09:32:14 +0800] "POST /InternetTrading/SessionErrorLogger HTTP/1.1" 200 117
14.0.172.252 - - [13/Mar/2026:09:32:15 +0800] "POST /InternetTrading/Heartbeat HTTP/1.1" 200 32
14.0.172.252 - - [13/Mar/2026:09:32:15 +0800] "POST /InternetTrading/SessionErrorLogger HTTP/1.1" 200 117
14.0.172.252 - - [13/Mar/2026:09:32:15 +0800] "POST /InternetTrading/MarketStatus HTTP/1.1" 200 772
223.197.189.207 - - [13/Mar/2026:09:32:16 +0800] "GET /InternetTrading/longpoll/M7928?X-Atmosphere-tracking-id=0&X-Atmosphere-Framework=2.2.3-javascript&X-Atmosphere-Transport=long-polling&X-Atmosphere-TrackMessageSize=true&Content-Type=charset%3Dutf-8&X-atmo-protocol=true&_=1773365876324 HTTP/1.1" 200 -
14.0.172.252 - - [13/Mar/2026:09:32:19 +0800] "GET /InternetTrading/longpoll/A8127?X-Atmosphere-tracking-id=0&X-Atmosphere-Framework=2.2.3-javascript&X-Atmosphere-Transport=long-polling&X-Atmosphere-TrackMessageSize=true&Content-Type=charset%3Dutf-8&X-atmo-protocol=true&_=1773365881474 HTTP/1.1" 200 -
120.230.125.143 - - [13/Mar/2026:09:32:20 +0800] "GET /InternetTrading/longpoll/13975?X-Atmosphere-tracking-id=0&X-Atmosphere-Framework=2.2.3-javascript&X-Atmosphere-Transport=long-polling&X-Atmosphere-TrackMessageSize=true&Content-Type=charset%3Dutf-8&X-atmo-protocol=true&_=1773365884384 HTTP/1.1" 200 -
119.136.154.51 - - [13/Mar/2026:09:32:20 +0800] "GET /InternetTrading/longpoll/51803?X-Atmosphere-tracking-id=0&X-Atmosphere-Framework=2.2.3-javascript&X-Atmosphere-Transport=long-polling&X-Atmosphere-TrackMessageSize=true&Content-Type=charset%3Dutf-8&X-atmo-protocol=true&_=1773365881238 HTTP/1.1" 200 -
223.197.189.207 - - [13/Mar/2026:09:32:22 +0800] "GET /InternetTrading/longpoll/M7928?X-Atmosphere-tracking-id=0&X-Atmosphere-Framework=2.2.3-javascript&X-Atmosphere-Transport=long-polling&X-Atmosphere-TrackMessageSize=true&Content-Type=charset%3Dutf-8&X-atmo-protocol=true&_=1773365882321 HTTP/1.1" 200 -
14.0.172.252 - - [13/Mar/2026:09:32:24 +0800] "GET /InternetTrading/longpoll/A8127?X-Atmosphere-tracking-id=0&X-Atmosphere-Framework=2.2.3-javascript&X-Atmosphere-Transport=long-polling&X-Atmosphere-TrackMessageSize=true&Content-Type=charset%3Dutf-8&X-atmo-protocol=true&_=1773365886536 HTTP/1.1" 200 -
42.2.216.4 - - [13/Mar/2026:09:32:24 +0800] "-" 408 -
