223.197.189.207 - - [13/Mar/2026:09:35:46 +0800] "GET /InternetTrading/longpoll/M7928?X-Atmosphere-tracking-id=0&X-Atmosphere-Framework=2.2.3-javascript&X-Atmosphere-Transport=long-polling&X-Atmosphere-TrackMessageSize=true&Content-Type=charset%3Dutf-8&X-atmo-protocol=true&_=1773366086323 HTTP/1.1" 200 -
119.136.154.51 - - [13/Mar/2026:09:35:46 +0800] "POST /InternetTrading/SessionErrorLogger HTTP/1.1" 200 117
119.136.154.51 - - [13/Mar/2026:09:35:46 +0800] "POST /InternetTrading/Heartbeat HTTP/1.1" 200 32
119.136.154.51 - - [13/Mar/2026:09:35:46 +0800] "POST /InternetTrading/SessionErrorLogger HTTP/1.1" 200 117
119.136.154.51 - - [13/Mar/2026:09:35:46 +0800] "POST /InternetTrading/MarketStatus HTTP/1.1" 200 772
14.0.172.252 - - [13/Mar/2026:09:35:49 +0800] "GET /InternetTrading/longpoll/A8127?X-Atmosphere-tracking-id=0&X-Atmosphere-Framework=2.2.3-javascript&X-Atmosphere-Transport=long-polling&X-Atmosphere-TrackMessageSize=true&Content-Type=charset%3Dutf-8&X-atmo-protocol=true&_=1773366092335 HTTP/1.1" 200 -
120.230.125.143 - - [13/Mar/2026:09:35:50 +0800] "GET /InternetTrading/longpoll/13975?X-Atmosphere-tracking-id=0&X-Atmosphere-Framework=2.2.3-javascript&X-Atmosphere-Transport=long-polling&X-Atmosphere-TrackMessageSize=true&Content-Type=charset%3Dutf-8&X-atmo-protocol=true&_=1773366094390 HTTP/1.1" 200 -
119.136.154.51 - - [13/Mar/2026:09:35:50 +0800] "GET /InternetTrading/longpoll/51803?X-Atmosphere-tracking-id=0&X-Atmosphere-Framework=2.2.3-javascript&X-Atmosphere-Transport=long-polling&X-Atmosphere-TrackMessageSize=true&Content-Type=charset%3Dutf-8&X-atmo-protocol=true&_=1773366091230 HTTP/1.1" 200 -
223.197.189.207 - - [13/Mar/2026:09:35:52 +0800] "GET /InternetTrading/longpoll/M7928?X-Atmosphere-tracking-id=0&X-Atmosphere-Framework=2.2.3-javascript&X-Atmosphere-Transport=long-polling&X-Atmosphere-TrackMessageSize=true&Content-Type=charset%3Dutf-8&X-atmo-protocol=true&_=1773366092323 HTTP/1.1" 200 -
14.0.172.252 - - [13/Mar/2026:09:35:55 +0800] "GET /InternetTrading/longpoll/A8127?X-Atmosphere-tracking-id=0&X-Atmosphere-Framework=2.2.3-javascript&X-Atmosphere-Transport=long-polling&X-Atmosphere-TrackMessageSize=true&Content-Type=charset%3Dutf-8&X-atmo-protocol=true&_=1773366097372 HTTP/1.1" 200 -
120.230.125.143 - - [13/Mar/2026:09:35:56 +0800] "GET /InternetTrading/longpoll/13975?X-Atmosphere-tracking-id=0&X-Atmosphere-Framework=2.2.3-javascript&X-Atmosphere-Transport=long-polling&X-Atmosphere-TrackMessageSize=true&Content-Type=charset%3Dutf-8&X-atmo-protocol=true&_=1773366100390 HTTP/1.1" 200 -
119.136.154.51 - - [13/Mar/2026:09:35:56 +0800] "GET /InternetTrading/longpoll/51803?X-Atmosphere-tracking-id=0&X-Atmosphere-Framework=2.2.3-javascript&X-Atmosphere-Transport=long-polling&X-Atmosphere-TrackMessageSize=true&Content-Type=charset%3Dutf-8&X-atmo-protocol=true&_=1773366097229 HTTP/1.1" 200 -
223.197.189.207 - - [13/Mar/2026:09:35:58 +0800] "GET /InternetTrading/longpoll/M7928?X-Atmosphere-tracking-id=0&X-Atmosphere-Framework=2.2.3-javascript&X-Atmosphere-Transport=long-polling&X-Atmosphere-TrackMessageSize=true&Content-Type=charset%3Dutf-8&X-atmo-protocol=true&_=1773366098324 HTTP/1.1" 200 -
14.0.172.252 - - [13/Mar/2026:09:36:00 +0800] "GET /InternetTrading/longpoll/A8127?X-Atmosphere-tracking-id=0&X-Atmosphere-Framework=2.2.3-javascript&X-Atmosphere-Transport=long-polling&X-Atmosphere-TrackMessageSize=true&Content-Type=charset%3Dutf-8&X-atmo-protocol=true&_=1773366102547 HTTP/1.1" 200 -
120.230.125.143 - - [13/Mar/2026:09:36:02 +0800] "GET /InternetTrading/longpoll/13975?X-Atmosphere-tracking-id=0&X-Atmosphere-Framework=2.2.3-javascript&X-Atmosphere-Transport=long-polling&X-Atmosphere-TrackMessageSize=true&Content-Type=charset%3Dutf-8&X-atmo-protocol=true&_=1773366106391 HTTP/1.1" 200 -
119.136.154.51 - - [13/Mar/2026:09:36:02 +0800] "GET /InternetTrading/longpoll/51803?X-Atmosphere-tracking-id=0&X-Atmosphere-Framework=2.2.3-javascript&X-Atmosphere-Transport=long-polling&X-Atmosphere-TrackMessageSize=true&Content-Type=charset%3Dutf-8&X-atmo-protocol=true&_=1773366103226 HTTP/1.1" 200 -
223.197.189.207 - - [13/Mar/2026:09:36:04 +0800] "GET /InternetTrading/longpoll/M7928?X-Atmosphere-tracking-id=0&X-Atmosphere-Framework=2.2.3-javascript&X-Atmosphere-Transport=long-polling&X-Atmosphere-TrackMessageSize=true&Content-Type=charset%3Dutf-8&X-atmo-protocol=true&_=1773366104323 HTTP/1.1" 200 -
14.0.172.252 - - [13/Mar/2026:09:36:05 +0800] "GET /InternetTrading/longpoll/A8127?X-Atmosphere-tracking-id=0&X-Atmosphere-Framework=2.2.3-javascript&X-Atmosphere-Transport=long-polling&X-Atmosphere-TrackMessageSize=true&Content-Type=charset%3Dutf-8&X-atmo-protocol=true&_=1773366107720 HTTP/1.1" 200 -
120.230.125.143 - - [13/Mar/2026:09:36:08 +0800] "GET /InternetTrading/longpoll/13975?X-Atmosphere-tracking-id=0&X-Atmosphere-Framework=2.2.3-javascript&X-Atmosphere-Transport=long-polling&X-Atmosphere-TrackMessageSize=true&Content-Type=charset%3Dutf-8&X-atmo-protocol=true&_=1773366112390 HTTP/1.1" 200 -
119.136.154.51 - - [13/Mar/2026:09:36:08 +0800] "GET /InternetTrading/longpoll/51803?X-Atmosphere-tracking-id=0&X-Atmosphere-Framework=2.2.3-javascript&X-Atmosphere-Transport=long-polling&X-Atmosphere-TrackMessageSize=true&Content-Type=charset%3Dutf-8&X-atmo-protocol=true&_=1773366109224 HTTP/1.1" 200 -
120.230.125.143 - - [13/Mar/2026:09:36:09 +0800] "POST /InternetTrading/SessionErrorLogger HTTP/1.1" 200 117
120.230.125.143 - - [13/Mar/2026:09:36:09 +0800] "POST /InternetTrading/Heartbeat HTTP/1.1" 200 32
120.230.125.143 - - [13/Mar/2026:09:36:09 +0800] "POST /InternetTrading/SessionErrorLogger HTTP/1.1" 200 117
120.230.125.143 - - [13/Mar/2026:09:36:09 +0800] "POST /InternetTrading/MarketStatus HTTP/1.1" 200 772
14.0.172.252 - - [13/Mar/2026:09:36:10 +0800] "GET /InternetTrading/longpoll/A8127?X-Atmosphere-tracking-id=0&X-Atmosphere-Framework=2.2.3-javascript&X-Atmosphere-Transport=long-polling&X-Atmosphere-TrackMessageSize=true&Content-Type=charset%3Dutf-8&X-atmo-protocol=true&_=1773366112859 HTTP/1.1" 200 -
223.197.189.207 - - [13/Mar/2026:09:36:10 +0800] "GET /InternetTrading/longpoll/M7928?X-Atmosphere-tracking-id=0&X-Atmosphere-Framework=2.2.3-javascript&X-Atmosphere-Transport=long-polling&X-Atmosphere-TrackMessageSize=true&Content-Type=charset%3Dutf-8&X-atmo-protocol=true&_=1773366110334 HTTP/1.1" 200 -
120.230.125.143 - - [13/Mar/2026:09:36:14 +0800] "GET /InternetTrading/longpoll/13975?X-Atmosphere-tracking-id=0&X-Atmosphere-Framework=2.2.3-javascript&X-Atmosphere-Transport=long-polling&X-Atmosphere-TrackMessageSize=true&Content-Type=charset%3Dutf-8&X-atmo-protocol=true&_=1773366118391 HTTP/1.1" 200 -
119.136.154.51 - - [13/Mar/2026:09:36:14 +0800] "GET /InternetTrading/longpoll/51803?X-Atmosphere-tracking-id=0&X-Atmosphere-Framework=2.2.3-javascript&X-Atmosphere-Transport=long-polling&X-Atmosphere-TrackMessageSize=true&Content-Type=charset%3Dutf-8&X-atmo-protocol=true&_=1773366115238 HTTP/1.1" 200 -
14.0.172.252 - - [13/Mar/2026:09:36:15 +0800] "POST /InternetTrading/SessionErrorLogger HTTP/1.1" 200 117
14.0.172.252 - - [13/Mar/2026:09:36:15 +0800] "POST /InternetTrading/Heartbeat HTTP/1.1" 200 32
14.0.172.252 - - [13/Mar/2026:09:36:15 +0800] "GET /InternetTrading/longpoll/A8127?X-Atmosphere-tracking-id=0&X-Atmosphere-Framework=2.2.3-javascript&X-Atmosphere-Transport=long-polling&X-Atmosphere-TrackMessageSize=true&Content-Type=charset%3Dutf-8&X-atmo-protocol=true&_=1773366118009 HTTP/1.1" 200 -
14.0.172.252 - - [13/Mar/2026:09:36:15 +0800] "POST /InternetTrading/SessionErrorLogger HTTP/1.1" 200 117
14.0.172.252 - - [13/Mar/2026:09:36:15 +0800] "POST /InternetTrading/MarketStatus HTTP/1.1" 200 772
223.197.189.207 - - [13/Mar/2026:09:36:16 +0800] "GET /InternetTrading/longpoll/M7928?X-Atmosphere-tracking-id=0&X-Atmosphere-Framework=2.2.3-javascript&X-Atmosphere-Transport=long-polling&X-Atmosphere-TrackMessageSize=true&Content-Type=charset%3Dutf-8&X-atmo-protocol=true&_=1773366116323 HTTP/1.1" 200 -
120.230.125.143 - - [13/Mar/2026:09:36:20 +0800] "GET /InternetTrading/longpoll/13975?X-Atmosphere-tracking-id=0&X-Atmosphere-Framework=2.2.3-javascript&X-Atmosphere-Transport=long-polling&X-Atmosphere-TrackMessageSize=true&Content-Type=charset%3Dutf-8&X-atmo-protocol=true&_=1773366124390 HTTP/1.1" 200 -
119.136.154.51 - - [13/Mar/2026:09:36:20 +0800] "GET /InternetTrading/longpoll/51803?X-Atmosphere-tracking-id=0&X-Atmosphere-Framework=2.2.3-javascript&X-Atmosphere-Transport=long-polling&X-Atmosphere-TrackMessageSize=true&Content-Type=charset%3Dutf-8&X-atmo-protocol=true&_=1773366121232 HTTP/1.1" 200 -
14.0.172.252 - - [13/Mar/2026:09:36:20 +0800] "GET /InternetTrading/longpoll/A8127?X-Atmosphere-tracking-id=0&X-Atmosphere-Framework=2.2.3-javascript&X-Atmosphere-Transport=long-polling&X-Atmosphere-TrackMessageSize=true&Content-Type=charset%3Dutf-8&X-atmo-protocol=true&_=1773366123096 HTTP/1.1" 200 -
223.197.189.207 - - [13/Mar/2026:09:36:22 +0800] "GET /InternetTrading/longpoll/M7928?X-Atmosphere-tracking-id=0&X-Atmosphere-Framework=2.2.3-javascript&X-Atmosphere-Transport=long-polling&X-Atmosphere-TrackMessageSize=true&Content-Type=charset%3Dutf-8&X-atmo-protocol=true&_=1773366122328 HTTP/1.1" 200 -
14.0.172.252 - - [13/Mar/2026:09:36:25 +0800] "GET /InternetTrading/longpoll/A8127?X-Atmosphere-tracking-id=0&X-Atmosphere-Framework=2.2.3-javascript&X-Atmosphere-Transport=long-polling&X-Atmosphere-TrackMessageSize=true&Content-Type=charset%3Dutf-8&X-atmo-protocol=true&_=1773366128149 HTTP/1.1" 200 -
120.230.125.143 - - [13/Mar/2026:09:36:26 +0800] "GET /InternetTrading/longpoll/13975?X-Atmosphere-tracking-id=0&X-Atmosphere-Framework=2.2.3-javascript&X-Atmosphere-Transport=long-polling&X-Atmosphere-TrackMessageSize=true&Content-Type=charset%3Dutf-8&X-atmo-protocol=true&_=1773366130391 HTTP/1.1" 200 -
119.136.154.51 - - [13/Mar/2026:09:36:26 +0800] "GET /InternetTrading/longpoll/51803?X-Atmosphere-tracking-id=0&X-Atmosphere-Framework=2.2.3-javascript&X-Atmosphere-Transport=long-polling&X-Atmosphere-TrackMessageSize=true&Content-Type=charset%3Dutf-8&X-atmo-protocol=true&_=1773366127225 HTTP/1.1" 200 -
223.197.189.207 - - [13/Mar/2026:09:36:28 +0800] "GET /InternetTrading/longpoll/M7928?X-Atmosphere-tracking-id=0&X-Atmosphere-Framework=2.2.3-javascript&X-Atmosphere-Transport=long-polling&X-Atmosphere-TrackMessageSize=true&Content-Type=charset%3Dutf-8&X-atmo-protocol=true&_=1773366128327 HTTP/1.1" 200 -
223.197.189.207 - - [13/Mar/2026:09:36:30 +0800] "POST /InternetTrading/SessionErrorLogger HTTP/1.1" 200 117
223.197.189.207 - - [13/Mar/2026:09:36:30 +0800] "POST /InternetTrading/Heartbeat HTTP/1.1" 200 32
223.197.189.207 - - [13/Mar/2026:09:36:30 +0800] "POST /InternetTrading/SessionErrorLogger HTTP/1.1" 200 117
223.197.189.207 - - [13/Mar/2026:09:36:30 +0800] "POST /InternetTrading/MarketStatus HTTP/1.1" 200 772
219.73.99.100 - - [13/Mar/2026:09:36:30 +0800] "GET /InternetTrading/sc/login.html HTTP/1.1" 200 1752
219.73.99.100 - - [13/Mar/2026:09:36:30 +0800] "GET /InternetTrading/sc/style.css?v=20200819161913 HTTP/1.1" 200 1435
219.73.99.100 - - [13/Mar/2026:09:36:30 +0800] "GET /InternetTrading/sc/style_common.css?v=20200819161913 HTTP/1.1" 200 2540
14.0.172.252 - - [13/Mar/2026:09:36:30 +0800] "GET /InternetTrading/longpoll/A8127?X-Atmosphere-tracking-id=0&X-Atmosphere-Framework=2.2.3-javascript&X-Atmosphere-Transport=long-polling&X-Atmosphere-TrackMessageSize=true&Content-Type=charset%3Dutf-8&X-atmo-protocol=true&_=1773366133214 HTTP/1.1" 200 -
219.73.99.100 - - [13/Mar/2026:09:36:31 +0800] "GET /InternetTrading/jquery/jquery-migrate-3.0.0.js HTTP/1.1" 200 4963
219.73.99.100 - - [13/Mar/2026:09:36:31 +0800] "GET /InternetTrading/jquery/jquery.validate-1.11.1.js HTTP/1.1" 200 7041
219.73.99.100 - - [13/Mar/2026:09:36:31 +0800] "GET /InternetTrading/jquery/jquery.form-3.46.0.js HTTP/1.1" 200 5673
219.73.99.100 - - [13/Mar/2026:09:36:31 +0800] "GET /InternetTrading/jquery/additional-methods.js HTTP/1.1" 200 2238
219.73.99.100 - - [13/Mar/2026:09:36:31 +0800] "GET /InternetTrading/jquery/jquery.blockUI-2.66.0.js HTTP/1.1" 200 6651
219.73.99.100 - - [13/Mar/2026:09:36:31 +0800] "GET /InternetTrading/jquery/jquery-3.3.1.js HTTP/1.1" 200 80650
219.73.99.100 - - [13/Mar/2026:09:36:31 +0800] "GET /InternetTrading/jquery/jquery-ui-personalized-1.6rc2.min.js HTTP/1.1" 200 55543
219.73.99.100 - - [13/Mar/2026:09:36:31 +0800] "GET /InternetTrading/jquery/jquery.timer-0.9.16.js HTTP/1.1" 200 542
219.73.99.100 - - [13/Mar/2026:09:36:31 +0800] "GET /InternetTrading/jquery/jquery.getParams.js HTTP/1.1" 200 587
219.73.99.100 - - [13/Mar/2026:09:36:31 +0800] "GET /InternetTrading/js/constants.js?jsv=20200819161913 HTTP/1.1" 200 400
219.73.99.100 - - [13/Mar/2026:09:36:31 +0800] "GET /InternetTrading/sc/user/translation.js?jsv=20200819161913 HTTP/1.1" 200 12866
219.73.99.100 - - [13/Mar/2026:09:36:31 +0800] "GET /InternetTrading/js/rsautil.js?jsv=20200819161913 HTTP/1.1" 200 1017
219.73.99.100 - - [13/Mar/2026:09:36:31 +0800] "GET /InternetTrading/js/util.js?jsv=20200819161913 HTTP/1.1" 200 6636
219.73.99.100 - - [13/Mar/2026:09:36:31 +0800] "GET /InternetTrading/js/haitong.js?jsv=20200819161913 HTTP/1.1" 200 3881
219.73.99.100 - - [13/Mar/2026:09:36:31 +0800] "GET /InternetTrading/js/init.js?jsv=20200819161913 HTTP/1.1" 200 886
219.73.99.100 - - [13/Mar/2026:09:36:31 +0800] "GET /InternetTrading/js/login.js?jsv=20200819161913 HTTP/1.1" 200 1684
219.73.99.100 - - [13/Mar/2026:09:36:31 +0800] "GET /InternetTrading/js/version.js?jsv=20200819161913 HTTP/1.1" 200 85
219.73.99.100 - - [13/Mar/2026:09:36:31 +0800] "GET /InternetTrading/sc/user/custom_variables.js?jsv=20200819161913 HTTP/1.1" 200 275
219.73.99.100 - - [13/Mar/2026:09:36:31 +0800] "GET /InternetTrading/js/string_extend.js?jsv=20200819161913 HTTP/1.1" 200 272
219.73.99.100 - - [13/Mar/2026:09:36:31 +0800] "GET /InternetTrading/js/pidcrypt.js?jsv=20200819161913 HTTP/1.1" 200 982
219.73.99.100 - - [13/Mar/2026:09:36:31 +0800] "GET /InternetTrading/js/pidcrypt_util.js?jsv=20200819161913 HTTP/1.1" 200 1206
219.73.99.100 - - [13/Mar/2026:09:36:31 +0800] "GET /InternetTrading/js/aes_core.js?jsv=20200819161913 HTTP/1.1" 200 2106
219.73.99.100 - - [13/Mar/2026:09:36:31 +0800] "GET /InternetTrading/js/aes_cbc.js?jsv=20200819161913 HTTP/1.1" 200 2043
219.73.99.100 - - [13/Mar/2026:09:36:31 +0800] "GET /InternetTrading/js/asn1.js?jsv=20200819161913 HTTP/1.1" 200 3099
219.73.99.100 - - [13/Mar/2026:09:36:31 +0800] "GET /InternetTrading/js/sha256.js?jsv=20200819161913 HTTP/1.1" 200 1362
219.73.99.100 - - [13/Mar/2026:09:36:31 +0800] "GET /InternetTrading/js/md5.js?jsv=20200819161913 HTTP/1.1" 200 1730
219.73.99.100 - - [13/Mar/2026:09:36:31 +0800] "GET /InternetTrading/js/prng4.js?jsv=20200819161913 HTTP/1.1" 200 303
219.73.99.100 - - [13/Mar/2026:09:36:31 +0800] "GET /InternetTrading/js/rng.js?jsv=20200819161913 HTTP/1.1" 200 481
219.73.99.100 - - [13/Mar/2026:09:36:31 +0800] "GET /InternetTrading/js/jsbn.js?jsv=20200819161913 HTTP/1.1" 200 6736
219.73.99.100 - - [13/Mar/2026:09:36:31 +0800] "GET /InternetTrading/js/rsa.js?jsv=20200819161913 HTTP/1.1" 200 1658
219.73.99.100 - - [13/Mar/2026:09:36:31 +0800] "GET /InternetTrading/sc/images/bg_login.jpg HTTP/1.1" 200 29296
219.73.99.100 - - [13/Mar/2026:09:36:32 +0800] "GET /InternetTrading/sc/images/favicon.ico HTTP/1.1" 404 682
219.73.99.100 - - [13/Mar/2026:09:36:32 +0800] "POST /InternetTrading/SystemMaintenanceCheck HTTP/1.1" 200 119
219.73.99.100 - - [13/Mar/2026:09:36:32 +0800] "GET /InternetTrading/sc/dialog.html?1773366131892 HTTP/1.1" 200 3179
120.230.125.143 - - [13/Mar/2026:09:36:32 +0800] "GET /InternetTrading/longpoll/13975?X-Atmosphere-tracking-id=0&X-Atmosphere-Framework=2.2.3-javascript&X-Atmosphere-Transport=long-polling&X-Atmosphere-TrackMessageSize=true&Content-Type=charset%3Dutf-8&X-atmo-protocol=true&_=1773366136391 HTTP/1.1" 200 -
119.136.154.51 - - [13/Mar/2026:09:36:32 +0800] "GET /InternetTrading/longpoll/51803?X-Atmosphere-tracking-id=0&X-Atmosphere-Framework=2.2.3-javascript&X-Atmosphere-Transport=long-polling&X-Atmosphere-TrackMessageSize=true&Content-Type=charset%3Dutf-8&X-atmo-protocol=true&_=1773366133230 HTTP/1.1" 200 -
223.197.189.207 - - [13/Mar/2026:09:36:34 +0800] "GET /InternetTrading/longpoll/M7928?X-Atmosphere-tracking-id=0&X-Atmosphere-Framework=2.2.3-javascript&X-Atmosphere-Transport=long-polling&X-Atmosphere-TrackMessageSize=true&Content-Type=charset%3Dutf-8&X-atmo-protocol=true&_=1773366134320 HTTP/1.1" 200 -
14.0.172.252 - - [13/Mar/2026:09:36:35 +0800] "GET /InternetTrading/longpoll/A8127?X-Atmosphere-tracking-id=0&X-Atmosphere-Framework=2.2.3-javascript&X-Atmosphere-Transport=long-polling&X-Atmosphere-TrackMessageSize=true&Content-Type=charset%3Dutf-8&X-atmo-protocol=true&_=1773366138340 HTTP/1.1" 200 -
120.230.125.143 - - [13/Mar/2026:09:36:38 +0800] "GET /InternetTrading/longpoll/13975?X-Atmosphere-tracking-id=0&X-Atmosphere-Framework=2.2.3-javascript&X-Atmosphere-Transport=long-polling&X-Atmosphere-TrackMessageSize=true&Content-Type=charset%3Dutf-8&X-atmo-protocol=true&_=1773366142391 HTTP/1.1" 200 -
119.136.154.51 - - [13/Mar/2026:09:36:38 +0800] "GET /InternetTrading/longpoll/51803?X-Atmosphere-tracking-id=0&X-Atmosphere-Framework=2.2.3-javascript&X-Atmosphere-Transport=long-polling&X-Atmosphere-TrackMessageSize=true&Content-Type=charset%3Dutf-8&X-atmo-protocol=true&_=1773366139228 HTTP/1.1" 200 -
223.197.189.207 - - [13/Mar/2026:09:36:40 +0800] "GET /InternetTrading/longpoll/M7928?X-Atmosphere-tracking-id=0&X-Atmosphere-Framework=2.2.3-javascript&X-Atmosphere-Transport=long-polling&X-Atmosphere-TrackMessageSize=true&Content-Type=charset%3Dutf-8&X-atmo-protocol=true&_=1773366140325 HTTP/1.1" 200 -
14.0.172.252 - - [13/Mar/2026:09:36:41 +0800] "GET /InternetTrading/longpoll/A8127?X-Atmosphere-tracking-id=0&X-Atmosphere-Framework=2.2.3-javascript&X-Atmosphere-Transport=long-polling&X-Atmosphere-TrackMessageSize=true&Content-Type=charset%3Dutf-8&X-atmo-protocol=true&_=1773366143499 HTTP/1.1" 200 -
120.230.125.143 - - [13/Mar/2026:09:36:44 +0800] "GET /InternetTrading/longpoll/13975?X-Atmosphere-tracking-id=0&X-Atmosphere-Framework=2.2.3-javascript&X-Atmosphere-Transport=long-polling&X-Atmosphere-TrackMessageSize=true&Content-Type=charset%3Dutf-8&X-atmo-protocol=true&_=1773366148392 HTTP/1.1" 200 -
119.136.154.51 - - [13/Mar/2026:09:36:44 +0800] "GET /InternetTrading/longpoll/51803?X-Atmosphere-tracking-id=0&X-Atmosphere-Framework=2.2.3-javascript&X-Atmosphere-Transport=long-polling&X-Atmosphere-TrackMessageSize=true&Content-Type=charset%3Dutf-8&X-atmo-protocol=true&_=1773366145228 HTTP/1.1" 200 -
14.0.172.252 - - [13/Mar/2026:09:36:45 +0800] "POST /InternetTrading/SessionErrorLogger HTTP/1.1" 200 117
14.0.172.252 - - [13/Mar/2026:09:36:45 +0800] "POST /InternetTrading/Heartbeat HTTP/1.1" 200 32
14.0.172.252 - - [13/Mar/2026:09:36:45 +0800] "POST /InternetTrading/SessionErrorLogger HTTP/1.1" 200 117
14.0.172.252 - - [13/Mar/2026:09:36:45 +0800] "POST /InternetTrading/MarketStatus HTTP/1.1" 200 772
14.0.172.252 - - [13/Mar/2026:09:36:46 +0800] "GET /InternetTrading/longpoll/A8127?X-Atmosphere-tracking-id=0&X-Atmosphere-Framework=2.2.3-javascript&X-Atmosphere-Transport=long-polling&X-Atmosphere-TrackMessageSize=true&Content-Type=charset%3Dutf-8&X-atmo-protocol=true&_=1773366148636 HTTP/1.1" 200 -
223.197.189.207 - - [13/Mar/2026:09:36:46 +0800] "GET /InternetTrading/longpoll/M7928?X-Atmosphere-tracking-id=0&X-Atmosphere-Framework=2.2.3-javascript&X-Atmosphere-Transport=long-polling&X-Atmosphere-TrackMessageSize=true&Content-Type=charset%3Dutf-8&X-atmo-protocol=true&_=1773366146323 HTTP/1.1" 200 -
119.136.154.51 - - [13/Mar/2026:09:36:46 +0800] "POST /InternetTrading/SessionErrorLogger HTTP/1.1" 200 117
119.136.154.51 - - [13/Mar/2026:09:36:46 +0800] "POST /InternetTrading/Heartbeat HTTP/1.1" 200 32
119.136.154.51 - - [13/Mar/2026:09:36:46 +0800] "POST /InternetTrading/SessionErrorLogger HTTP/1.1" 200 117
119.136.154.51 - - [13/Mar/2026:09:36:46 +0800] "POST /InternetTrading/MarketStatus HTTP/1.1" 200 772
120.230.125.143 - - [13/Mar/2026:09:36:50 +0800] "GET /InternetTrading/longpoll/13975?X-Atmosphere-tracking-id=0&X-Atmosphere-Framework=2.2.3-javascript&X-Atmosphere-Transport=long-polling&X-Atmosphere-TrackMessageSize=true&Content-Type=charset%3Dutf-8&X-atmo-protocol=true&_=1773366154392 HTTP/1.1" 200 -
119.136.154.51 - - [13/Mar/2026:09:36:50 +0800] "GET /InternetTrading/longpoll/51803?X-Atmosphere-tracking-id=0&X-Atmosphere-Framework=2.2.3-javascript&X-Atmosphere-Transport=long-polling&X-Atmosphere-TrackMessageSize=true&Content-Type=charset%3Dutf-8&X-atmo-protocol=true&_=1773366151238 HTTP/1.1" 200 -
14.0.172.252 - - [13/Mar/2026:09:36:51 +0800] "GET /InternetTrading/longpoll/A8127?X-Atmosphere-tracking-id=0&X-Atmosphere-Framework=2.2.3-javascript&X-Atmosphere-Transport=long-polling&X-Atmosphere-TrackMessageSize=true&Content-Type=charset%3Dutf-8&X-atmo-protocol=true&_=1773366153713 HTTP/1.1" 200 -
219.73.99.100 - - [13/Mar/2026:09:36:51 +0800] "POST /InternetTrading/CheckIsEnableRSA HTTP/1.1" 200 1
219.73.99.100 - - [13/Mar/2026:09:36:51 +0800] "POST /InternetTrading/CheckPwEncryptType HTTP/1.1" 200 -
219.73.99.100 - - [13/Mar/2026:09:36:52 +0800] "POST /InternetTrading/LoginKey HTTP/1.1" 200 -
219.73.99.100 - - [13/Mar/2026:09:36:52 +0800] "GET /InternetTrading/jquery/wait.gif HTTP/1.1" 200 432
223.197.189.207 - - [13/Mar/2026:09:36:52 +0800] "GET /InternetTrading/longpoll/M7928?X-Atmosphere-tracking-id=0&X-Atmosphere-Framework=2.2.3-javascript&X-Atmosphere-Transport=long-polling&X-Atmosphere-TrackMessageSize=true&Content-Type=charset%3Dutf-8&X-atmo-protocol=true&_=1773366152328 HTTP/1.1" 200 -
219.73.99.100 - - [13/Mar/2026:09:36:52 +0800] "POST /InternetTrading/Login HTTP/1.1" 200 452
219.73.99.100 - - [13/Mar/2026:09:36:53 +0800] "GET /InternetTrading/sc/2FA_authentication.html?language=sc&version=HTML HTTP/1.1" 200 1468
219.73.99.100 - - [13/Mar/2026:09:36:53 +0800] "GET /InternetTrading/sc/style.css?v=20200819161913 HTTP/1.1" 200 1435
219.73.99.100 - - [13/Mar/2026:09:36:53 +0800] "GET /InternetTrading/sc/style_common.css?v=20200819161913 HTTP/1.1" 200 2540
219.73.99.100 - - [13/Mar/2026:09:36:53 +0800] "GET /InternetTrading/jquery/jquery-migrate-3.0.0.js HTTP/1.1" 200 4963
219.73.99.100 - - [13/Mar/2026:09:36:53 +0800] "GET /InternetTrading/jquery/jquery.form-3.46.0.js HTTP/1.1" 200 5673
219.73.99.100 - - [13/Mar/2026:09:36:53 +0800] "GET /InternetTrading/jquery/jquery-ui-1.10.3.js HTTP/1.1" 200 69642
219.73.99.100 - - [13/Mar/2026:09:36:53 +0800] "GET /InternetTrading/jquery/jquery.validate-1.11.1.js HTTP/1.1" 200 7041
219.73.99.100 - - [13/Mar/2026:09:36:53 +0800] "GET /InternetTrading/jquery/additional-methods.js HTTP/1.1" 200 2238
219.73.99.100 - - [13/Mar/2026:09:36:53 +0800] "GET /InternetTrading/jquery/jquery-3.3.1.js HTTP/1.1" 200 80650
219.73.99.100 - - [13/Mar/2026:09:36:53 +0800] "GET /InternetTrading/jquery/jquery.timer-0.9.16.js HTTP/1.1" 200 542
219.73.99.100 - - [13/Mar/2026:09:36:53 +0800] "GET /InternetTrading/jquery/jquery.blockUI-2.66.0-iAsiaEdition.js HTTP/1.1" 200 6651
219.73.99.100 - - [13/Mar/2026:09:36:53 +0800] "GET /InternetTrading/jquery/jquery.getParams.js HTTP/1.1" 200 587
219.73.99.100 - - [13/Mar/2026:09:36:53 +0800] "GET /InternetTrading/js/constants.js?jsv=20200819161913 HTTP/1.1" 200 400
219.73.99.100 - - [13/Mar/2026:09:36:53 +0800] "GET /InternetTrading/sc/user/translation.js?jsv=20200819161913 HTTP/1.1" 200 12866
219.73.99.100 - - [13/Mar/2026:09:36:53 +0800] "GET /InternetTrading/js/haitong.js?jsv=20200819161913 HTTP/1.1" 200 3881
219.73.99.100 - - [13/Mar/2026:09:36:53 +0800] "GET /InternetTrading/js/init.js?jsv=20200819161913 HTTP/1.1" 200 886
219.73.99.100 - - [13/Mar/2026:09:36:53 +0800] "GET /InternetTrading/js/util.js?jsv=20200819161913 HTTP/1.1" 200 6636
219.73.99.100 - - [13/Mar/2026:09:36:53 +0800] "GET /InternetTrading/sc/user/custom_variables.js?jsv=20200819161913 HTTP/1.1" 200 275
219.73.99.100 - - [13/Mar/2026:09:36:53 +0800] "GET /InternetTrading/js/2fa.js?jsv=20200819161913 HTTP/1.1" 200 1953
219.73.99.100 - - [13/Mar/2026:09:36:53 +0800] "GET /InternetTrading/js/login.js?jsv=20200819161913 HTTP/1.1" 200 1684
219.73.99.100 - - [13/Mar/2026:09:36:53 +0800] "GET /InternetTrading/settings/webpage_settings.js?jsv=20200819161913 HTTP/1.1" 200 33
219.73.99.100 - - [13/Mar/2026:09:36:53 +0800] "GET /InternetTrading/sc/images/logo.png HTTP/1.1" 200 7042
219.73.99.100 - - [13/Mar/2026:09:36:53 +0800] "GET /InternetTrading/js/login.js?jsv=20200819161913 HTTP/1.1" 200 1684
219.73.99.100 - - [13/Mar/2026:09:36:53 +0800] "GET /InternetTrading/sc/dialog.html?1773366153768 HTTP/1.1" 200 3179
219.73.99.100 - - [13/Mar/2026:09:36:53 +0800] "GET /InternetTrading/jquery/wait.gif HTTP/1.1" 200 432
219.73.99.100 - - [13/Mar/2026:09:36:53 +0800] "POST /InternetTrading/SystemMaintenanceCheck HTTP/1.1" 200 119
219.73.99.100 - - [13/Mar/2026:09:36:53 +0800] "POST /InternetTrading/Get2FAInfoService HTTP/1.1" 200 109
219.73.99.100 - - [13/Mar/2026:09:36:53 +0800] "POST /InternetTrading/SystemMaintenanceCheck HTTP/1.1" 200 119
219.73.99.100 - - [13/Mar/2026:09:36:53 +0800] "GET /favicon.ico HTTP/1.1" 404 196
120.230.125.143 - - [13/Mar/2026:09:36:56 +0800] "GET /InternetTrading/longpoll/13975?X-Atmosphere-tracking-id=0&X-Atmosphere-Framework=2.2.3-javascript&X-Atmosphere-Transport=long-polling&X-Atmosphere-TrackMessageSize=true&Content-Type=charset%3Dutf-8&X-atmo-protocol=true&_=1773366160391 HTTP/1.1" 200 -
119.136.154.51 - - [13/Mar/2026:09:36:56 +0800] "GET /InternetTrading/longpoll/51803?X-Atmosphere-tracking-id=0&X-Atmosphere-Framework=2.2.3-javascript&X-Atmosphere-Transport=long-polling&X-Atmosphere-TrackMessageSize=true&Content-Type=charset%3Dutf-8&X-atmo-protocol=true&_=1773366157225 HTTP/1.1" 200 -
14.0.172.252 - - [13/Mar/2026:09:36:56 +0800] "GET /InternetTrading/longpoll/A8127?X-Atmosphere-tracking-id=0&X-Atmosphere-Framework=2.2.3-javascript&X-Atmosphere-Transport=long-polling&X-Atmosphere-TrackMessageSize=true&Content-Type=charset%3Dutf-8&X-atmo-protocol=true&_=1773366158943 HTTP/1.1" 200 -
223.197.189.207 - - [13/Mar/2026:09:36:58 +0800] "GET /InternetTrading/longpoll/M7928?X-Atmosphere-tracking-id=0&X-Atmosphere-Framework=2.2.3-javascript&X-Atmosphere-Transport=long-polling&X-Atmosphere-TrackMessageSize=true&Content-Type=charset%3Dutf-8&X-atmo-protocol=true&_=1773366158325 HTTP/1.1" 200 -
14.0.172.252 - - [13/Mar/2026:09:37:01 +0800] "GET /InternetTrading/longpoll/A8127?X-Atmosphere-tracking-id=0&X-Atmosphere-Framework=2.2.3-javascript&X-Atmosphere-Transport=long-polling&X-Atmosphere-TrackMessageSize=true&Content-Type=charset%3Dutf-8&X-atmo-protocol=true&_=1773366164094 HTTP/1.1" 200 -
120.230.125.143 - - [13/Mar/2026:09:37:02 +0800] "GET /InternetTrading/longpoll/13975?X-Atmosphere-tracking-id=0&X-Atmosphere-Framework=2.2.3-javascript&X-Atmosphere-Transport=long-polling&X-Atmosphere-TrackMessageSize=true&Content-Type=charset%3Dutf-8&X-atmo-protocol=true&_=1773366166391 HTTP/1.1" 200 -
119.136.154.51 - - [13/Mar/2026:09:37:02 +0800] "GET /InternetTrading/longpoll/51803?X-Atmosphere-tracking-id=0&X-Atmosphere-Framework=2.2.3-javascript&X-Atmosphere-Transport=long-polling&X-Atmosphere-TrackMessageSize=true&Content-Type=charset%3Dutf-8&X-atmo-protocol=true&_=1773366163224 HTTP/1.1" 200 -
223.197.189.207 - - [13/Mar/2026:09:37:04 +0800] "GET /InternetTrading/longpoll/M7928?X-Atmosphere-tracking-id=0&X-Atmosphere-Framework=2.2.3-javascript&X-Atmosphere-Transport=long-polling&X-Atmosphere-TrackMessageSize=true&Content-Type=charset%3Dutf-8&X-atmo-protocol=true&_=1773366164327 HTTP/1.1" 200 -
14.0.172.252 - - [13/Mar/2026:09:37:06 +0800] "GET /InternetTrading/longpoll/A8127?X-Atmosphere-tracking-id=0&X-Atmosphere-Framework=2.2.3-javascript&X-Atmosphere-Transport=long-polling&X-Atmosphere-TrackMessageSize=true&Content-Type=charset%3Dutf-8&X-atmo-protocol=true&_=1773366169290 HTTP/1.1" 200 -
120.230.125.143 - - [13/Mar/2026:09:37:08 +0800] "GET /InternetTrading/longpoll/13975?X-Atmosphere-tracking-id=0&X-Atmosphere-Framework=2.2.3-javascript&X-Atmosphere-Transport=long-polling&X-Atmosphere-TrackMessageSize=true&Content-Type=charset%3Dutf-8&X-atmo-protocol=true&_=1773366172391 HTTP/1.1" 200 -
119.136.154.51 - - [13/Mar/2026:09:37:08 +0800] "GET /InternetTrading/longpoll/51803?X-Atmosphere-tracking-id=0&X-Atmosphere-Framework=2.2.3-javascript&X-Atmosphere-Transport=long-polling&X-Atmosphere-TrackMessageSize=true&Content-Type=charset%3Dutf-8&X-atmo-protocol=true&_=1773366169228 HTTP/1.1" 200 -
120.230.125.143 - - [13/Mar/2026:09:37:09 +0800] "POST /InternetTrading/SessionErrorLogger HTTP/1.1" 200 117
120.230.125.143 - - [13/Mar/2026:09:37:09 +0800] "POST /InternetTrading/Heartbeat HTTP/1.1" 200 32
120.230.125.143 - - [13/Mar/2026:09:37:09 +0800] "POST /InternetTrading/SessionErrorLogger HTTP/1.1" 200 117
120.230.125.143 - - [13/Mar/2026:09:37:09 +0800] "POST /InternetTrading/MarketStatus HTTP/1.1" 200 772
223.197.189.207 - - [13/Mar/2026:09:37:10 +0800] "GET /InternetTrading/longpoll/M7928?X-Atmosphere-tracking-id=0&X-Atmosphere-Framework=2.2.3-javascript&X-Atmosphere-Transport=long-polling&X-Atmosphere-TrackMessageSize=true&Content-Type=charset%3Dutf-8&X-atmo-protocol=true&_=1773366170321 HTTP/1.1" 200 -
14.0.172.252 - - [13/Mar/2026:09:37:11 +0800] "GET /InternetTrading/longpoll/A8127?X-Atmosphere-tracking-id=0&X-Atmosphere-Framework=2.2.3-javascript&X-Atmosphere-Transport=long-polling&X-Atmosphere-TrackMessageSize=true&Content-Type=charset%3Dutf-8&X-atmo-protocol=true&_=1773366174386 HTTP/1.1" 200 -
120.230.125.143 - - [13/Mar/2026:09:37:14 +0800] "GET /InternetTrading/longpoll/13975?X-Atmosphere-tracking-id=0&X-Atmosphere-Framework=2.2.3-javascript&X-Atmosphere-Transport=long-polling&X-Atmosphere-TrackMessageSize=true&Content-Type=charset%3Dutf-8&X-atmo-protocol=true&_=1773366178391 HTTP/1.1" 200 -
119.136.154.51 - - [13/Mar/2026:09:37:14 +0800] "GET /InternetTrading/longpoll/51803?X-Atmosphere-tracking-id=0&X-Atmosphere-Framework=2.2.3-javascript&X-Atmosphere-Transport=long-polling&X-Atmosphere-TrackMessageSize=true&Content-Type=charset%3Dutf-8&X-atmo-protocol=true&_=1773366175229 HTTP/1.1" 200 -
14.0.172.252 - - [13/Mar/2026:09:37:15 +0800] "POST /InternetTrading/SessionErrorLogger HTTP/1.1" 200 117
14.0.172.252 - - [13/Mar/2026:09:37:15 +0800] "POST /InternetTrading/Heartbeat HTTP/1.1" 200 32
14.0.172.252 - - [13/Mar/2026:09:37:15 +0800] "POST /InternetTrading/SessionErrorLogger HTTP/1.1" 200 117
14.0.172.252 - - [13/Mar/2026:09:37:16 +0800] "POST /InternetTrading/MarketStatus HTTP/1.1" 200 772
223.197.189.207 - - [13/Mar/2026:09:37:16 +0800] "GET /InternetTrading/longpoll/M7928?X-Atmosphere-tracking-id=0&X-Atmosphere-Framework=2.2.3-javascript&X-Atmosphere-Transport=long-polling&X-Atmosphere-TrackMessageSize=true&Content-Type=charset%3Dutf-8&X-atmo-protocol=true&_=1773366176330 HTTP/1.1" 200 -
14.0.172.252 - - [13/Mar/2026:09:37:17 +0800] "GET /InternetTrading/longpoll/A8127?X-Atmosphere-tracking-id=0&X-Atmosphere-Framework=2.2.3-javascript&X-Atmosphere-Transport=long-polling&X-Atmosphere-TrackMessageSize=true&Content-Type=charset%3Dutf-8&X-atmo-protocol=true&_=1773366179543 HTTP/1.1" 200 -
120.230.125.143 - - [13/Mar/2026:09:37:20 +0800] "GET /InternetTrading/longpoll/13975?X-Atmosphere-tracking-id=0&X-Atmosphere-Framework=2.2.3-javascript&X-Atmosphere-Transport=long-polling&X-Atmosphere-TrackMessageSize=true&Content-Type=charset%3Dutf-8&X-atmo-protocol=true&_=1773366184394 HTTP/1.1" 200 -
119.136.154.51 - - [13/Mar/2026:09:37:20 +0800] "GET /InternetTrading/longpoll/51803?X-Atmosphere-tracking-id=0&X-Atmosphere-Framework=2.2.3-javascript&X-Atmosphere-Transport=long-polling&X-Atmosphere-TrackMessageSize=true&Content-Type=charset%3Dutf-8&X-atmo-protocol=true&_=1773366181233 HTTP/1.1" 200 -
14.0.172.252 - - [13/Mar/2026:09:37:22 +0800] "GET /InternetTrading/longpoll/A8127?X-Atmosphere-tracking-id=0&X-Atmosphere-Framework=2.2.3-javascript&X-Atmosphere-Transport=long-polling&X-Atmosphere-TrackMessageSize=true&Content-Type=charset%3Dutf-8&X-atmo-protocol=true&_=1773366184595 HTTP/1.1" 200 -
223.197.189.207 - - [13/Mar/2026:09:37:22 +0800] "GET /InternetTrading/longpoll/M7928?X-Atmosphere-tracking-id=0&X-Atmosphere-Framework=2.2.3-javascript&X-Atmosphere-Transport=long-polling&X-Atmosphere-TrackMessageSize=true&Content-Type=charset%3Dutf-8&X-atmo-protocol=true&_=1773366182320 HTTP/1.1" 200 -
219.73.99.100 - - [13/Mar/2026:09:37:23 +0800] "POST /InternetTrading/Heartbeat2FAService HTTP/1.1" 200 1
120.230.125.143 - - [13/Mar/2026:09:37:26 +0800] "GET /InternetTrading/longpoll/13975?X-Atmosphere-tracking-id=0&X-Atmosphere-Framework=2.2.3-javascript&X-Atmosphere-Transport=long-polling&X-Atmosphere-TrackMessageSize=true&Content-Type=charset%3Dutf-8&X-atmo-protocol=true&_=1773366190394 HTTP/1.1" 200 -
119.136.154.51 - - [13/Mar/2026:09:37:26 +0800] "GET /InternetTrading/longpoll/51803?X-Atmosphere-tracking-id=0&X-Atmosphere-Framework=2.2.3-javascript&X-Atmosphere-Transport=long-polling&X-Atmosphere-TrackMessageSize=true&Content-Type=charset%3Dutf-8&X-atmo-protocol=true&_=1773366187224 HTTP/1.1" 200 -
14.0.172.252 - - [13/Mar/2026:09:37:27 +0800] "GET /InternetTrading/longpoll/A8127?X-Atmosphere-tracking-id=0&X-Atmosphere-Framework=2.2.3-javascript&X-Atmosphere-Transport=long-polling&X-Atmosphere-TrackMessageSize=true&Content-Type=charset%3Dutf-8&X-atmo-protocol=true&_=1773366189710 HTTP/1.1" 200 -
223.197.189.207 - - [13/Mar/2026:09:37:28 +0800] "GET /InternetTrading/longpoll/M7928?X-Atmosphere-tracking-id=0&X-Atmosphere-Framework=2.2.3-javascript&X-Atmosphere-Transport=long-polling&X-Atmosphere-TrackMessageSize=true&Content-Type=charset%3Dutf-8&X-atmo-protocol=true&_=1773366188320 HTTP/1.1" 200 -
223.197.189.207 - - [13/Mar/2026:09:37:30 +0800] "POST /InternetTrading/SessionErrorLogger HTTP/1.1" 200 117
223.197.189.207 - - [13/Mar/2026:09:37:30 +0800] "POST /InternetTrading/Heartbeat HTTP/1.1" 200 32
223.197.189.207 - - [13/Mar/2026:09:37:30 +0800] "POST /InternetTrading/SessionErrorLogger HTTP/1.1" 200 117
223.197.189.207 - - [13/Mar/2026:09:37:30 +0800] "POST /InternetTrading/MarketStatus HTTP/1.1" 200 772
219.73.99.100 - - [13/Mar/2026:09:37:31 +0800] "GET /InternetTrading/jquery/wait.gif HTTP/1.1" 200 432
180.163.28.114 - - [13/Mar/2026:09:37:32 +0800] "GET /InternetTrading/tc/login.html HTTP/1.1" 200 1755
183.60.24.53 - - [13/Mar/2026:09:37:32 +0800] "GET /InternetTrading/tc/login.html HTTP/1.1" 200 1755
183.60.24.53 - - [13/Mar/2026:09:37:32 +0800] "GET /InternetTrading/tc/style_common.css?v=20200819161914 HTTP/1.1" 200 2540
120.230.125.143 - - [13/Mar/2026:09:37:32 +0800] "GET /InternetTrading/longpoll/13975?X-Atmosphere-tracking-id=0&X-Atmosphere-Framework=2.2.3-javascript&X-Atmosphere-Transport=long-polling&X-Atmosphere-TrackMessageSize=true&Content-Type=charset%3Dutf-8&X-atmo-protocol=true&_=1773366196393 HTTP/1.1" 200 -
183.60.24.53 - - [13/Mar/2026:09:37:32 +0800] "GET /InternetTrading/tc/style.css?v=20200819161914 HTTP/1.1" 200 1435
183.60.24.53 - - [13/Mar/2026:09:37:32 +0800] "GET /InternetTrading/jquery/jquery-migrate-3.0.0.js HTTP/1.1" 200 4963
183.60.24.53 - - [13/Mar/2026:09:37:32 +0800] "GET /InternetTrading/jquery/jquery.validate-1.11.1.js HTTP/1.1" 200 7041
183.60.24.53 - - [13/Mar/2026:09:37:32 +0800] "GET /InternetTrading/jquery/additional-methods.js HTTP/1.1" 200 2238
183.60.24.53 - - [13/Mar/2026:09:37:32 +0800] "GET /InternetTrading/jquery/jquery.form-3.46.0.js HTTP/1.1" 200 5673
183.60.24.53 - - [13/Mar/2026:09:37:32 +0800] "GET /InternetTrading/jquery/jquery.blockUI-2.66.0.js HTTP/1.1" 200 6651
183.60.24.53 - - [13/Mar/2026:09:37:32 +0800] "GET /InternetTrading/jquery/jquery-3.3.1.js HTTP/1.1" 200 80650
219.73.99.100 - - [13/Mar/2026:09:37:31 +0800] "POST /InternetTrading/Verify2FAService HTTP/1.1" 200 419
183.60.24.53 - - [13/Mar/2026:09:37:32 +0800] "GET /InternetTrading/js/haitong.js?jsv=20200819161914 HTTP/1.1" 200 3881
183.60.24.53 - - [13/Mar/2026:09:37:32 +0800] "GET /InternetTrading/jquery/jquery.getParams.js HTTP/1.1" 200 587
183.60.24.53 - - [13/Mar/2026:09:37:32 +0800] "GET /InternetTrading/jquery/jquery-ui-personalized-1.6rc2.min.js HTTP/1.1" 200 55543
219.73.99.100 - - [13/Mar/2026:09:37:32 +0800] "GET /InternetTrading/sc/main.html?language=sc&version=HTML HTTP/1.1" 200 3570
183.60.24.53 - - [13/Mar/2026:09:37:32 +0800] "GET /InternetTrading/jquery/jquery.timer-0.9.16.js HTTP/1.1" 200 542
183.60.24.53 - - [13/Mar/2026:09:37:32 +0800] "GET /InternetTrading/tc/user/translation.js?jsv=20200819161914 HTTP/1.1" 200 12818
183.60.24.53 - - [13/Mar/2026:09:37:32 +0800] "GET /InternetTrading/js/util.js?jsv=20200819161914 HTTP/1.1" 200 6636
183.60.24.53 - - [13/Mar/2026:09:37:32 +0800] "GET /InternetTrading/js/constants.js?jsv=20200819161914 HTTP/1.1" 200 400
183.60.24.53 - - [13/Mar/2026:09:37:32 +0800] "GET /InternetTrading/js/rsautil.js?jsv=20200819161914 HTTP/1.1" 200 1017
183.60.24.53 - - [13/Mar/2026:09:37:32 +0800] "GET /InternetTrading/js/init.js?jsv=20200819161914 HTTP/1.1" 200 886
183.60.24.53 - - [13/Mar/2026:09:37:32 +0800] "GET /InternetTrading/js/login.js?jsv=20200819161914 HTTP/1.1" 200 1684
183.60.24.53 - - [13/Mar/2026:09:37:32 +0800] "GET /InternetTrading/js/version.js?jsv=20200819161914 HTTP/1.1" 200 85
219.73.99.100 - - [13/Mar/2026:09:37:32 +0800] "GET /InternetTrading/jquery/ui.datepicker.css HTTP/1.1" 200 1145
219.73.99.100 - - [13/Mar/2026:09:37:32 +0800] "GET /InternetTrading/jquery/jquery.tablesorter-theme.blue.css HTTP/1.1" 200 2083
183.60.24.53 - - [13/Mar/2026:09:37:32 +0800] "GET /InternetTrading/tc/user/custom_variables.js?jsv=20200819161914 HTTP/1.1" 200 275
219.73.99.100 - - [13/Mar/2026:09:37:32 +0800] "GET /InternetTrading/jquery/dragtable-2.0.9.css HTTP/1.1" 200 316
219.73.99.100 - - [13/Mar/2026:09:37:32 +0800] "GET /InternetTrading/jquery/jquery-ui-1.10.3.css HTTP/1.1" 200 5283
219.73.99.100 - - [13/Mar/2026:09:37:32 +0800] "GET /InternetTrading/sc/style.css?v=20200819161913 HTTP/1.1" 200 1435
183.60.24.53 - - [13/Mar/2026:09:37:32 +0800] "GET /InternetTrading/js/string_extend.js?jsv=20200819161914 HTTP/1.1" 200 272
219.73.99.100 - - [13/Mar/2026:09:37:32 +0800] "GET /InternetTrading/sc/style_common.css?v=20200819161913 HTTP/1.1" 200 2540
219.73.99.100 - - [13/Mar/2026:09:37:32 +0800] "GET /InternetTrading/sc/css/jquery.jscrollpane.css HTTP/1.1" 404 690
183.60.24.53 - - [13/Mar/2026:09:37:32 +0800] "GET /InternetTrading/js/pidcrypt.js?jsv=20200819161914 HTTP/1.1" 200 982
183.60.24.53 - - [13/Mar/2026:09:37:32 +0800] "GET /InternetTrading/js/pidcrypt_util.js?jsv=20200819161914 HTTP/1.1" 200 1206
183.60.24.53 - - [13/Mar/2026:09:37:32 +0800] "GET /InternetTrading/js/aes_core.js?jsv=20200819161914 HTTP/1.1" 200 2106
219.73.99.100 - - [13/Mar/2026:09:37:32 +0800] "GET /InternetTrading/jquery/jquery.ba-postmessage.js HTTP/1.1" 200 2990
183.60.24.53 - - [13/Mar/2026:09:37:32 +0800] "GET /InternetTrading/js/asn1.js?jsv=20200819161914 HTTP/1.1" 200 3099
183.60.24.53 - - [13/Mar/2026:09:37:32 +0800] "GET /InternetTrading/js/aes_cbc.js?jsv=20200819161914 HTTP/1.1" 200 2043
219.73.99.100 - - [13/Mar/2026:09:37:32 +0800] "GET /InternetTrading/jquery/jquery-1.6.3.min.js HTTP/1.1" 200 32057
219.73.99.100 - - [13/Mar/2026:09:37:32 +0800] "GET /InternetTrading/js/aastock.js HTTP/1.1" 200 553
219.73.99.100 - - [13/Mar/2026:09:37:32 +0800] "GET /InternetTrading/jquery/jquery-migrate-3.0.0.js HTTP/1.1" 200 4963
219.73.99.100 - - [13/Mar/2026:09:37:32 +0800] "GET /InternetTrading/jquery/jquery-ui-1.10.3.js HTTP/1.1" 200 69642
219.73.99.100 - - [13/Mar/2026:09:37:32 +0800] "GET /InternetTrading/jquery/jquery.blockUI-2.66.0.js HTTP/1.1" 200 6651
219.73.99.100 - - [13/Mar/2026:09:37:32 +0800] "GET /InternetTrading/jquery/jquery-3.3.1.js HTTP/1.1" 200 80650
183.60.24.53 - - [13/Mar/2026:09:37:32 +0800] "GET /InternetTrading/js/rng.js?jsv=20200819161914 HTTP/1.1" 200 481
219.73.99.100 - - [13/Mar/2026:09:37:32 +0800] "GET /InternetTrading/js/cache.js?jsv=20200819161913 HTTP/1.1" 200 940
219.73.99.100 - - [13/Mar/2026:09:37:32 +0800] "GET /InternetTrading/jquery/jquery.form-3.46.0.js HTTP/1.1" 200 5673
183.60.24.53 - - [13/Mar/2026:09:37:32 +0800] "GET /InternetTrading/js/rsa.js?jsv=20200819161914 HTTP/1.1" 200 1658
183.60.24.53 - - [13/Mar/2026:09:37:32 +0800] "GET /InternetTrading/js/prng4.js?jsv=20200819161914 HTTP/1.1" 200 303
183.60.24.53 - - [13/Mar/2026:09:37:32 +0800] "GET /InternetTrading/js/md5.js?jsv=20200819161914 HTTP/1.1" 200 1730
183.60.24.53 - - [13/Mar/2026:09:37:32 +0800] "GET /InternetTrading/js/sha256.js?jsv=20200819161914 HTTP/1.1" 200 1362
183.60.24.53 - - [13/Mar/2026:09:37:32 +0800] "GET /InternetTrading/js/jsbn.js?jsv=20200819161914 HTTP/1.1" 200 6736
219.73.99.100 - - [13/Mar/2026:09:37:32 +0800] "GET /InternetTrading/js/atmosphere.js HTTP/1.1" 200 13461
219.73.99.100 - - [13/Mar/2026:09:37:32 +0800] "GET /InternetTrading/jquery/additional-methods.js HTTP/1.1" 200 2238
219.73.99.100 - - [13/Mar/2026:09:37:32 +0800] "GET /InternetTrading/jquery/jquery.validate-1.11.1.js HTTP/1.1" 200 7041
219.73.99.100 - - [13/Mar/2026:09:37:32 +0800] "GET /InternetTrading/jquery/jquery.mousewheel-3.1.4.js HTTP/1.1" 200 822
119.136.154.51 - - [13/Mar/2026:09:37:32 +0800] "GET /InternetTrading/longpoll/51803?X-Atmosphere-tracking-id=0&X-Atmosphere-Framework=2.2.3-javascript&X-Atmosphere-Transport=long-polling&X-Atmosphere-TrackMessageSize=true&Content-Type=charset%3Dutf-8&X-atmo-protocol=true&_=1773366193238 HTTP/1.1" 200 -
219.73.99.100 - - [13/Mar/2026:09:37:32 +0800] "GET /InternetTrading/jquery/jquery.tablesorter-2.14.5.js HTTP/1.1" 200 8901
219.73.99.100 - - [13/Mar/2026:09:37:32 +0800] "GET /InternetTrading/jquery/jquery.tablesorter.widgets-2.14.5.js HTTP/1.1" 200 8611
219.73.99.100 - - [13/Mar/2026:09:37:32 +0800] "GET /InternetTrading/jquery/jquery.timer-0.9.16.js HTTP/1.1" 200 542
219.73.99.100 - - [13/Mar/2026:09:37:32 +0800] "GET /InternetTrading/jquery/jquery.combobox.packed.js HTTP/1.1" 200 3387
219.73.99.100 - - [13/Mar/2026:09:37:32 +0800] "GET /InternetTrading/jquery/jquery.getParams.js HTTP/1.1" 200 587
183.60.24.53 - - [13/Mar/2026:09:37:32 +0800] "GET /InternetTrading/tc/images/bg_login.jpg HTTP/1.1" 200 29296
219.73.99.100 - - [13/Mar/2026:09:37:32 +0800] "GET /InternetTrading/jquery/jquery.selectboxes.pack.js HTTP/1.1" 200 1640
219.73.99.100 - - [13/Mar/2026:09:37:32 +0800] "GET /InternetTrading/jquery/globalize-0.1.0a1.js HTTP/1.1" 200 6984
219.73.99.100 - - [13/Mar/2026:09:37:32 +0800] "GET /InternetTrading/jquery/date.js HTTP/1.1" 200 2807
219.73.99.100 - - [13/Mar/2026:09:37:32 +0800] "GET /InternetTrading/json/json2.js?jsv=20200819161913 HTTP/1.1" 200 1372
219.73.99.100 - - [13/Mar/2026:09:37:32 +0800] "GET /InternetTrading/settings/crm_display_settings.js?jsv=20200819161913 HTTP/1.1" 200 1781
14.0.172.252 - - [13/Mar/2026:09:37:32 +0800] "GET /InternetTrading/longpoll/A8127?X-Atmosphere-tracking-id=0&X-Atmosphere-Framework=2.2.3-javascript&X-Atmosphere-Transport=long-polling&X-Atmosphere-TrackMessageSize=true&Content-Type=charset%3Dutf-8&X-atmo-protocol=true&_=1773366194894 HTTP/1.1" 200 -
219.73.99.100 - - [13/Mar/2026:09:37:32 +0800] "GET /InternetTrading/sc/user/translation.js?jsv=20200819161913 HTTP/1.1" 200 12866
219.73.99.100 - - [13/Mar/2026:09:37:32 +0800] "GET /InternetTrading/js/constants.js?jsv=20200819161913 HTTP/1.1" 200 400
219.73.99.100 - - [13/Mar/2026:09:37:32 +0800] "GET /InternetTrading/sc/user/custom_variables.js?jsv=20200819161913 HTTP/1.1" 200 275
219.73.99.100 - - [13/Mar/2026:09:37:32 +0800] "GET /InternetTrading/js/haitong.js?jsv=20200819161913 HTTP/1.1" 200 3881
219.73.99.100 - - [13/Mar/2026:09:37:32 +0800] "GET /InternetTrading/js/init.js?jsv=20200819161913 HTTP/1.1" 200 886
219.73.99.100 - - [13/Mar/2026:09:37:32 +0800] "GET /InternetTrading/js/rsautil.js?jsv=20200819161913 HTTP/1.1" 200 1017
219.73.99.100 - - [13/Mar/2026:09:37:32 +0800] "GET /InternetTrading/js/util.js?jsv=20200819161913 HTTP/1.1" 200 6636
219.73.99.100 - - [13/Mar/2026:09:37:32 +0800] "GET /InternetTrading/js/corporate.js?jsv=20200819161913 HTTP/1.1" 200 1575
219.73.99.100 - - [13/Mar/2026:09:37:32 +0800] "GET /InternetTrading/js/update_mdf.js?jsv=20200819161913 HTTP/1.1" 200 856
219.73.99.100 - - [13/Mar/2026:09:37:32 +0800] "GET /InternetTrading/js/validation_hkex.js?jsv=20200819161913 HTTP/1.1" 200 2300
219.73.99.100 - - [13/Mar/2026:09:37:32 +0800] "GET /InternetTrading/js/validation_bshare.js?jsv=20200819161913 HTTP/1.1" 200 1567
219.73.99.100 - - [13/Mar/2026:09:37:32 +0800] "GET /InternetTrading/js/validation_ashare.js?jsv=20200819161913 HTTP/1.1" 200 2482
219.73.99.100 - - [13/Mar/2026:09:37:32 +0800] "GET /InternetTrading/js/validation_global.js?jsv=20200819161913 HTTP/1.1" 200 1564
219.73.99.100 - - [13/Mar/2026:09:37:32 +0800] "GET /InternetTrading/js/main.js?jsv=20200819161913 HTTP/1.1" 200 30725
219.73.99.100 - - [13/Mar/2026:09:37:32 +0800] "GET /InternetTrading/js/account.js?jsv=20200819161913 HTTP/1.1" 200 2656
219.73.99.100 - - [13/Mar/2026:09:37:32 +0800] "GET /InternetTrading/js/ipo.js?jsv=20200819161913 HTTP/1.1" 200 5726
219.73.99.100 - - [13/Mar/2026:09:37:32 +0800] "GET /InternetTrading/js/cash_transfer.js?jsv=20200819161913 HTTP/1.1" 200 2712
219.73.99.100 - - [13/Mar/2026:09:37:32 +0800] "GET /InternetTrading/js/spread_cache.js?jsv=20200819161913 HTTP/1.1" 200 908
219.73.99.100 - - [13/Mar/2026:09:37:32 +0800] "GET /InternetTrading/js/mm.js?jsv=20200819161913 HTTP/1.1" 200 487
219.73.99.100 - - [13/Mar/2026:09:37:32 +0800] "GET /InternetTrading/js/isec_calculator.js?jsv=20200819161913 HTTP/1.1" 200 1364
219.73.99.100 - - [13/Mar/2026:09:37:32 +0800] "GET /InternetTrading/js/payment_instruction.js?jsv=20200819161913 HTTP/1.1" 200 2178
183.60.24.53 - - [13/Mar/2026:09:37:32 +0800] "POST /InternetTrading/SystemMaintenanceCheck HTTP/1.1" 200 119
219.73.99.100 - - [13/Mar/2026:09:37:32 +0800] "GET /InternetTrading/js/eStatement.js?jsv=20200819161913 HTTP/1.1" 200 562
219.73.99.100 - - [13/Mar/2026:09:37:32 +0800] "GET /InternetTrading/js/payment_instruction_IMOS.js?jsv=20200819161913 HTTP/1.1" 200 6874
219.73.99.100 - - [13/Mar/2026:09:37:32 +0800] "GET /InternetTrading/js/string_extend.js?jsv=20200819161913 HTTP/1.1" 200 272
219.73.99.100 - - [13/Mar/2026:09:37:32 +0800] "GET /InternetTrading/ExchangeList?fmt=js&jsv=20200819161913 HTTP/1.1" 200 146
219.73.99.100 - - [13/Mar/2026:09:37:32 +0800] "GET /InternetTrading/js/pidcrypt.js?jsv=20200819161913 HTTP/1.1" 200 982
183.60.24.53 - - [13/Mar/2026:09:37:32 +0800] "GET /InternetTrading/tc/dialog.html?1773366192779 HTTP/1.1" 200 3188
219.73.99.100 - - [13/Mar/2026:09:37:32 +0800] "GET /InternetTrading/js/pidcrypt_util.js?jsv=20200819161913 HTTP/1.1" 200 1206
219.73.99.100 - - [13/Mar/2026:09:37:32 +0800] "GET /InternetTrading/js/aes_cbc.js?jsv=20200819161913 HTTP/1.1" 200 2043
219.73.99.100 - - [13/Mar/2026:09:37:32 +0800] "GET /InternetTrading/js/aes_core.js?jsv=20200819161913 HTTP/1.1" 200 2106
219.73.99.100 - - [13/Mar/2026:09:37:32 +0800] "GET /InternetTrading/js/asn1.js?jsv=20200819161913 HTTP/1.1" 200 3099
219.73.99.100 - - [13/Mar/2026:09:37:32 +0800] "GET /InternetTrading/js/md5.js?jsv=20200819161913 HTTP/1.1" 200 1730
219.73.99.100 - - [13/Mar/2026:09:37:32 +0800] "GET /InternetTrading/js/sha256.js?jsv=20200819161913 HTTP/1.1" 200 1362
183.60.24.53 - - [13/Mar/2026:09:37:32 +0800] "GET /InternetTrading/tc/images/favicon.ico HTTP/1.1" 404 682
219.73.99.100 - - [13/Mar/2026:09:37:32 +0800] "GET /InternetTrading/js/jsbn.js?jsv=20200819161913 HTTP/1.1" 200 6736
219.73.99.100 - - [13/Mar/2026:09:37:32 +0800] "GET /InternetTrading/js/prng4.js?jsv=20200819161913 HTTP/1.1" 200 303
219.73.99.100 - - [13/Mar/2026:09:37:32 +0800] "GET /InternetTrading/GoodTillDateValidExch?fmt=js&jsv=20200819161913 HTTP/1.1" 200 29
219.73.99.100 - - [13/Mar/2026:09:37:32 +0800] "GET /InternetTrading/js/rng.js?jsv=20200819161913 HTTP/1.1" 200 481
219.73.99.100 - - [13/Mar/2026:09:37:32 +0800] "GET /InternetTrading/js/rsa.js?jsv=20200819161913 HTTP/1.1" 200 1658
219.73.99.100 - - [13/Mar/2026:09:37:32 +0800] "GET /InternetTrading/js/aes.js?jsv=20200819161913 HTTP/1.1" 200 4816
219.73.99.100 - - [13/Mar/2026:09:37:32 +0800] "GET /InternetTrading/js/mode-ecb.js?jsv=20200819161913 HTTP/1.1" 200 199
219.73.99.100 - - [13/Mar/2026:09:37:32 +0800] "GET /InternetTrading/js/utilSpec.js?jsv=20200819161913 HTTP/1.1" 200 27
219.73.99.100 - - [13/Mar/2026:09:37:32 +0800] "GET /InternetTrading/js/update_lastlogin.js?jsv=20200819161913 HTTP/1.1" 200 980
219.73.99.100 - - [13/Mar/2026:09:37:32 +0800] "GET /InternetTrading/js/pw_alert.js?jsv=20200819161913 HTTP/1.1" 200 418
219.73.99.100 - - [13/Mar/2026:09:37:32 +0800] "GET /InternetTrading/js/jquery.jscrollpane.js HTTP/1.1" 404 685
219.73.99.100 - - [13/Mar/2026:09:37:32 +0800] "GET /InternetTrading/js/jquery.mousewheel.js HTTP/1.1" 404 684
219.73.99.100 - - [13/Mar/2026:09:37:32 +0800] "GET /InternetTrading/js/jquery.cookie.js HTTP/1.1" 200 834
219.73.99.100 - - [13/Mar/2026:09:37:32 +0800] "GET /InternetTrading/js/decimal.js HTTP/1.1" 200 13492
219.73.99.100 - - [13/Mar/2026:09:37:32 +0800] "GET /InternetTrading/sc/images/logo.png HTTP/1.1" 200 7042
219.73.99.100 - - [13/Mar/2026:09:37:32 +0800] "GET /InternetTrading/sc/images/top_menu01.jpg HTTP/1.1" 200 3582
183.60.24.53 - - [13/Mar/2026:09:37:32 +0800] "GET /InternetTrading/tc/images/favicon.ico HTTP/1.1" 404 682
219.73.99.100 - - [13/Mar/2026:09:37:32 +0800] "GET /InternetTrading/sc/images/top_menu04.jpg HTTP/1.1" 200 3470
219.73.99.100 - - [13/Mar/2026:09:37:32 +0800] "GET /InternetTrading/sc/images/top_menu_logout.jpg HTTP/1.1" 200 2595
219.73.99.100 - - [13/Mar/2026:09:37:32 +0800] "GET /InternetTrading/images/top_bg3.jpg HTTP/1.1" 200 878
219.73.99.100 - - [13/Mar/2026:09:37:32 +0800] "GET /InternetTrading/images/top_bg1.jpg HTTP/1.1" 200 329
219.73.99.100 - - [13/Mar/2026:09:37:32 +0800] "GET /InternetTrading/images/top_bg2.jpg HTTP/1.1" 200 330
