219.73.99.100 - - [13/Mar/2026:10:20:38 +0800] "GET /InternetTrading/longpoll/55136?X-Atmosphere-tracking-id=0&X-Atmosphere-Framework=2.2.3-javascript&X-Atmosphere-Transport=long-polling&X-Atmosphere-TrackMessageSize=true&Content-Type=charset%3Dutf-8&X-atmo-protocol=true&_=1773368778175 HTTP/1.1" 200 -
119.136.154.51 - - [13/Mar/2026:10:20:38 +0800] "GET /InternetTrading/longpoll/51803?X-Atmosphere-tracking-id=0&X-Atmosphere-Framework=2.2.3-javascript&X-Atmosphere-Transport=long-polling&X-Atmosphere-TrackMessageSize=true&Content-Type=charset%3Dutf-8&X-atmo-protocol=true&_=1773368779235 HTTP/1.1" 200 -
14.0.172.252 - - [13/Mar/2026:10:20:38 +0800] "GET /InternetTrading/longpoll/A8127?X-Atmosphere-tracking-id=0&X-Atmosphere-Framework=2.2.3-javascript&X-Atmosphere-Transport=long-polling&X-Atmosphere-TrackMessageSize=true&Content-Type=charset%3Dutf-8&X-atmo-protocol=true&_=1773368781106 HTTP/1.1" 200 -
223.197.189.207 - - [13/Mar/2026:10:20:40 +0800] "GET /InternetTrading/longpoll/M7928?X-Atmosphere-tracking-id=0&X-Atmosphere-Framework=2.2.3-javascript&X-Atmosphere-Transport=long-polling&X-Atmosphere-TrackMessageSize=true&Content-Type=charset%3Dutf-8&X-atmo-protocol=true&_=1773368780327 HTTP/1.1" 200 -
219.73.99.100 - - [13/Mar/2026:10:20:43 +0800] "GET /InternetTrading/longpoll/55136?X-Atmosphere-tracking-id=0&X-Atmosphere-Framework=2.2.3-javascript&X-Atmosphere-Transport=long-polling&X-Atmosphere-TrackMessageSize=true&Content-Type=charset%3Dutf-8&X-atmo-protocol=true&_=1773368783196 HTTP/1.1" 200 -
120.230.125.143 - - [13/Mar/2026:10:20:43 +0800] "POST /InternetTrading/SessionErrorLogger HTTP/1.1" 200 117
120.230.125.143 - - [13/Mar/2026:10:20:43 +0800] "GET /InternetTrading/longpoll/13975?X-Atmosphere-tracking-id=0&X-Atmosphere-Framework=2.2.3-javascript&X-Atmosphere-Transport=long-polling&X-Atmosphere-TrackMessageSize=true&Content-Type=charset%3Dutf-8&X-atmo-protocol=true&_=1773368787468 HTTP/1.1" 200 -
120.230.125.143 - - [13/Mar/2026:10:20:43 +0800] "POST /InternetTrading/MarketStatus HTTP/1.1" 200 772
14.0.172.252 - - [13/Mar/2026:10:20:43 +0800] "GET /InternetTrading/longpoll/A8127?X-Atmosphere-tracking-id=0&X-Atmosphere-Framework=2.2.3-javascript&X-Atmosphere-Transport=long-polling&X-Atmosphere-TrackMessageSize=true&Content-Type=charset%3Dutf-8&X-atmo-protocol=true&_=1773368786340 HTTP/1.1" 200 -
119.136.154.51 - - [13/Mar/2026:10:20:44 +0800] "GET /InternetTrading/longpoll/51803?X-Atmosphere-tracking-id=0&X-Atmosphere-Framework=2.2.3-javascript&X-Atmosphere-Transport=long-polling&X-Atmosphere-TrackMessageSize=true&Content-Type=charset%3Dutf-8&X-atmo-protocol=true&_=1773368785228 HTTP/1.1" 200 -
223.197.189.207 - - [13/Mar/2026:10:20:46 +0800] "GET /InternetTrading/longpoll/M7928?X-Atmosphere-tracking-id=0&X-Atmosphere-Framework=2.2.3-javascript&X-Atmosphere-Transport=long-polling&X-Atmosphere-TrackMessageSize=true&Content-Type=charset%3Dutf-8&X-atmo-protocol=true&_=1773368786323 HTTP/1.1" 200 -
119.136.154.51 - - [13/Mar/2026:10:20:46 +0800] "POST /InternetTrading/SessionErrorLogger HTTP/1.1" 200 117
119.136.154.51 - - [13/Mar/2026:10:20:46 +0800] "POST /InternetTrading/Heartbeat HTTP/1.1" 200 32
119.136.154.51 - - [13/Mar/2026:10:20:46 +0800] "POST /InternetTrading/SessionErrorLogger HTTP/1.1" 200 117
119.136.154.51 - - [13/Mar/2026:10:20:46 +0800] "POST /InternetTrading/MarketStatus HTTP/1.1" 200 772
219.73.99.100 - - [13/Mar/2026:10:20:48 +0800] "GET /InternetTrading/longpoll/55136?X-Atmosphere-tracking-id=0&X-Atmosphere-Framework=2.2.3-javascript&X-Atmosphere-Transport=long-polling&X-Atmosphere-TrackMessageSize=true&Content-Type=charset%3Dutf-8&X-atmo-protocol=true&_=1773368788217 HTTP/1.1" 200 -
120.230.125.143 - - [13/Mar/2026:10:20:48 +0800] "POST /InternetTrading/SessionErrorLogger HTTP/1.1" 200 117
120.230.125.143 - - [13/Mar/2026:10:20:48 +0800] "POST /InternetTrading/Heartbeat HTTP/1.1" 200 32
14.0.172.252 - - [13/Mar/2026:10:20:49 +0800] "GET /InternetTrading/longpoll/A8127?X-Atmosphere-tracking-id=0&X-Atmosphere-Framework=2.2.3-javascript&X-Atmosphere-Transport=long-polling&X-Atmosphere-TrackMessageSize=true&Content-Type=charset%3Dutf-8&X-atmo-protocol=true&_=1773368791468 HTTP/1.1" 200 -
120.230.125.143 - - [13/Mar/2026:10:20:49 +0800] "GET /InternetTrading/longpoll/13975?X-Atmosphere-tracking-id=0&X-Atmosphere-Framework=2.2.3-javascript&X-Atmosphere-Transport=long-polling&X-Atmosphere-TrackMessageSize=true&Content-Type=charset%3Dutf-8&X-atmo-protocol=true&_=1773368793466 HTTP/1.1" 200 -
119.136.154.51 - - [13/Mar/2026:10:20:50 +0800] "GET /InternetTrading/longpoll/51803?X-Atmosphere-tracking-id=0&X-Atmosphere-Framework=2.2.3-javascript&X-Atmosphere-Transport=long-polling&X-Atmosphere-TrackMessageSize=true&Content-Type=charset%3Dutf-8&X-atmo-protocol=true&_=1773368791228 HTTP/1.1" 200 -
223.197.189.207 - - [13/Mar/2026:10:20:52 +0800] "GET /InternetTrading/longpoll/M7928?X-Atmosphere-tracking-id=0&X-Atmosphere-Framework=2.2.3-javascript&X-Atmosphere-Transport=long-polling&X-Atmosphere-TrackMessageSize=true&Content-Type=charset%3Dutf-8&X-atmo-protocol=true&_=1773368792331 HTTP/1.1" 200 -
219.73.99.100 - - [13/Mar/2026:10:20:53 +0800] "GET /InternetTrading/longpoll/55136?X-Atmosphere-tracking-id=0&X-Atmosphere-Framework=2.2.3-javascript&X-Atmosphere-Transport=long-polling&X-Atmosphere-TrackMessageSize=true&Content-Type=charset%3Dutf-8&X-atmo-protocol=true&_=1773368793252 HTTP/1.1" 200 -
14.0.172.252 - - [13/Mar/2026:10:20:54 +0800] "GET /InternetTrading/longpoll/A8127?X-Atmosphere-tracking-id=0&X-Atmosphere-Framework=2.2.3-javascript&X-Atmosphere-Transport=long-polling&X-Atmosphere-TrackMessageSize=true&Content-Type=charset%3Dutf-8&X-atmo-protocol=true&_=1773368796654 HTTP/1.1" 200 -
120.230.125.143 - - [13/Mar/2026:10:20:55 +0800] "GET /InternetTrading/longpoll/13975?X-Atmosphere-tracking-id=0&X-Atmosphere-Framework=2.2.3-javascript&X-Atmosphere-Transport=long-polling&X-Atmosphere-TrackMessageSize=true&Content-Type=charset%3Dutf-8&X-atmo-protocol=true&_=1773368799467 HTTP/1.1" 200 -
119.136.154.51 - - [13/Mar/2026:10:20:56 +0800] "GET /InternetTrading/longpoll/51803?X-Atmosphere-tracking-id=0&X-Atmosphere-Framework=2.2.3-javascript&X-Atmosphere-Transport=long-polling&X-Atmosphere-TrackMessageSize=true&Content-Type=charset%3Dutf-8&X-atmo-protocol=true&_=1773368797237 HTTP/1.1" 200 -
219.73.99.100 - - [13/Mar/2026:10:20:58 +0800] "GET /InternetTrading/longpoll/55136?X-Atmosphere-tracking-id=0&X-Atmosphere-Framework=2.2.3-javascript&X-Atmosphere-Transport=long-polling&X-Atmosphere-TrackMessageSize=true&Content-Type=charset%3Dutf-8&X-atmo-protocol=true&_=1773368798281 HTTP/1.1" 200 -
223.197.189.207 - - [13/Mar/2026:10:20:58 +0800] "GET /InternetTrading/longpoll/M7928?X-Atmosphere-tracking-id=0&X-Atmosphere-Framework=2.2.3-javascript&X-Atmosphere-Transport=long-polling&X-Atmosphere-TrackMessageSize=true&Content-Type=charset%3Dutf-8&X-atmo-protocol=true&_=1773368798324 HTTP/1.1" 200 -
14.0.172.252 - - [13/Mar/2026:10:20:58 +0800] "POST /InternetTrading/SessionErrorLogger HTTP/1.1" 200 117
14.0.172.252 - - [13/Mar/2026:10:20:59 +0800] "POST /InternetTrading/Heartbeat HTTP/1.1" 200 32
14.0.172.252 - - [13/Mar/2026:10:20:59 +0800] "POST /InternetTrading/SessionErrorLogger HTTP/1.1" 200 117
14.0.172.252 - - [13/Mar/2026:10:20:59 +0800] "POST /InternetTrading/MarketStatus HTTP/1.1" 200 772
14.0.172.252 - - [13/Mar/2026:10:20:59 +0800] "GET /InternetTrading/longpoll/A8127?X-Atmosphere-tracking-id=0&X-Atmosphere-Framework=2.2.3-javascript&X-Atmosphere-Transport=long-polling&X-Atmosphere-TrackMessageSize=true&Content-Type=charset%3Dutf-8&X-atmo-protocol=true&_=1773368801790 HTTP/1.1" 200 -
120.230.125.143 - - [13/Mar/2026:10:21:01 +0800] "GET /InternetTrading/longpoll/13975?X-Atmosphere-tracking-id=0&X-Atmosphere-Framework=2.2.3-javascript&X-Atmosphere-Transport=long-polling&X-Atmosphere-TrackMessageSize=true&Content-Type=charset%3Dutf-8&X-atmo-protocol=true&_=1773368805468 HTTP/1.1" 200 -
119.136.154.51 - - [13/Mar/2026:10:21:02 +0800] "GET /InternetTrading/longpoll/51803?X-Atmosphere-tracking-id=0&X-Atmosphere-Framework=2.2.3-javascript&X-Atmosphere-Transport=long-polling&X-Atmosphere-TrackMessageSize=true&Content-Type=charset%3Dutf-8&X-atmo-protocol=true&_=1773368803235 HTTP/1.1" 200 -
219.73.99.100 - - [13/Mar/2026:10:21:03 +0800] "GET /InternetTrading/longpoll/55136?X-Atmosphere-tracking-id=0&X-Atmosphere-Framework=2.2.3-javascript&X-Atmosphere-Transport=long-polling&X-Atmosphere-TrackMessageSize=true&Content-Type=charset%3Dutf-8&X-atmo-protocol=true&_=1773368803324 HTTP/1.1" 200 -
223.197.189.207 - - [13/Mar/2026:10:21:04 +0800] "GET /InternetTrading/longpoll/M7928?X-Atmosphere-tracking-id=0&X-Atmosphere-Framework=2.2.3-javascript&X-Atmosphere-Transport=long-polling&X-Atmosphere-TrackMessageSize=true&Content-Type=charset%3Dutf-8&X-atmo-protocol=true&_=1773368804333 HTTP/1.1" 200 -
14.0.172.252 - - [13/Mar/2026:10:21:04 +0800] "GET /InternetTrading/longpoll/A8127?X-Atmosphere-tracking-id=0&X-Atmosphere-Framework=2.2.3-javascript&X-Atmosphere-Transport=long-polling&X-Atmosphere-TrackMessageSize=true&Content-Type=charset%3Dutf-8&X-atmo-protocol=true&_=1773368806867 HTTP/1.1" 200 -
219.73.99.100 - - [13/Mar/2026:10:21:05 +0800] "POST /InternetTrading/SessionErrorLogger HTTP/1.1" 200 117
219.73.99.100 - - [13/Mar/2026:10:21:05 +0800] "POST /InternetTrading/Heartbeat HTTP/1.1" 200 32
219.73.99.100 - - [13/Mar/2026:10:21:05 +0800] "POST /InternetTrading/SessionErrorLogger HTTP/1.1" 200 117
219.73.99.100 - - [13/Mar/2026:10:21:05 +0800] "POST /InternetTrading/MarketStatus HTTP/1.1" 200 772
120.230.125.143 - - [13/Mar/2026:10:21:07 +0800] "GET /InternetTrading/longpoll/13975?X-Atmosphere-tracking-id=0&X-Atmosphere-Framework=2.2.3-javascript&X-Atmosphere-Transport=long-polling&X-Atmosphere-TrackMessageSize=true&Content-Type=charset%3Dutf-8&X-atmo-protocol=true&_=1773368811468 HTTP/1.1" 200 -
219.73.99.100 - - [13/Mar/2026:10:21:08 +0800] "GET /InternetTrading/longpoll/55136?X-Atmosphere-tracking-id=0&X-Atmosphere-Framework=2.2.3-javascript&X-Atmosphere-Transport=long-polling&X-Atmosphere-TrackMessageSize=true&Content-Type=charset%3Dutf-8&X-atmo-protocol=true&_=1773368808368 HTTP/1.1" 200 -
119.136.154.51 - - [13/Mar/2026:10:21:08 +0800] "GET /InternetTrading/longpoll/51803?X-Atmosphere-tracking-id=0&X-Atmosphere-Framework=2.2.3-javascript&X-Atmosphere-Transport=long-polling&X-Atmosphere-TrackMessageSize=true&Content-Type=charset%3Dutf-8&X-atmo-protocol=true&_=1773368809223 HTTP/1.1" 200 -
14.0.172.252 - - [13/Mar/2026:10:21:09 +0800] "GET /InternetTrading/longpoll/A8127?X-Atmosphere-tracking-id=0&X-Atmosphere-Framework=2.2.3-javascript&X-Atmosphere-Transport=long-polling&X-Atmosphere-TrackMessageSize=true&Content-Type=charset%3Dutf-8&X-atmo-protocol=true&_=1773368812001 HTTP/1.1" 200 -
223.197.189.207 - - [13/Mar/2026:10:21:10 +0800] "GET /InternetTrading/longpoll/M7928?X-Atmosphere-tracking-id=0&X-Atmosphere-Framework=2.2.3-javascript&X-Atmosphere-Transport=long-polling&X-Atmosphere-TrackMessageSize=true&Content-Type=charset%3Dutf-8&X-atmo-protocol=true&_=1773368810327 HTTP/1.1" 200 -
219.73.99.100 - - [13/Mar/2026:10:21:13 +0800] "GET /InternetTrading/longpoll/55136?X-Atmosphere-tracking-id=0&X-Atmosphere-Framework=2.2.3-javascript&X-Atmosphere-Transport=long-polling&X-Atmosphere-TrackMessageSize=true&Content-Type=charset%3Dutf-8&X-atmo-protocol=true&_=1773368813389 HTTP/1.1" 200 -
120.230.125.143 - - [13/Mar/2026:10:21:13 +0800] "GET /InternetTrading/longpoll/13975?X-Atmosphere-tracking-id=0&X-Atmosphere-Framework=2.2.3-javascript&X-Atmosphere-Transport=long-polling&X-Atmosphere-TrackMessageSize=true&Content-Type=charset%3Dutf-8&X-atmo-protocol=true&_=1773368817470 HTTP/1.1" 200 -
120.230.125.143 - - [13/Mar/2026:10:21:14 +0800] "POST /InternetTrading/SessionErrorLogger HTTP/1.1" 200 117
120.230.125.143 - - [13/Mar/2026:10:21:14 +0800] "POST /InternetTrading/MarketStatus HTTP/1.1" 200 772
119.136.154.51 - - [13/Mar/2026:10:21:14 +0800] "GET /InternetTrading/longpoll/51803?X-Atmosphere-tracking-id=0&X-Atmosphere-Framework=2.2.3-javascript&X-Atmosphere-Transport=long-polling&X-Atmosphere-TrackMessageSize=true&Content-Type=charset%3Dutf-8&X-atmo-protocol=true&_=1773368815237 HTTP/1.1" 200 -
14.0.172.252 - - [13/Mar/2026:10:21:14 +0800] "GET /InternetTrading/longpoll/A8127?X-Atmosphere-tracking-id=0&X-Atmosphere-Framework=2.2.3-javascript&X-Atmosphere-Transport=long-polling&X-Atmosphere-TrackMessageSize=true&Content-Type=charset%3Dutf-8&X-atmo-protocol=true&_=1773368817187 HTTP/1.1" 200 -
223.197.189.207 - - [13/Mar/2026:10:21:16 +0800] "GET /InternetTrading/longpoll/M7928?X-Atmosphere-tracking-id=0&X-Atmosphere-Framework=2.2.3-javascript&X-Atmosphere-Transport=long-polling&X-Atmosphere-TrackMessageSize=true&Content-Type=charset%3Dutf-8&X-atmo-protocol=true&_=1773368816327 HTTP/1.1" 200 -
219.73.99.100 - - [13/Mar/2026:10:21:18 +0800] "GET /InternetTrading/longpoll/55136?X-Atmosphere-tracking-id=0&X-Atmosphere-Framework=2.2.3-javascript&X-Atmosphere-Transport=long-polling&X-Atmosphere-TrackMessageSize=true&Content-Type=charset%3Dutf-8&X-atmo-protocol=true&_=1773368818422 HTTP/1.1" 200 -
120.230.125.143 - - [13/Mar/2026:10:21:19 +0800] "GET /InternetTrading/longpoll/13975?X-Atmosphere-tracking-id=0&X-Atmosphere-Framework=2.2.3-javascript&X-Atmosphere-Transport=long-polling&X-Atmosphere-TrackMessageSize=true&Content-Type=charset%3Dutf-8&X-atmo-protocol=true&_=1773368823469 HTTP/1.1" 200 -
14.0.172.252 - - [13/Mar/2026:10:21:20 +0800] "GET /InternetTrading/longpoll/A8127?X-Atmosphere-tracking-id=0&X-Atmosphere-Framework=2.2.3-javascript&X-Atmosphere-Transport=long-polling&X-Atmosphere-TrackMessageSize=true&Content-Type=charset%3Dutf-8&X-atmo-protocol=true&_=1773368822341 HTTP/1.1" 200 -
119.136.154.51 - - [13/Mar/2026:10:21:20 +0800] "GET /InternetTrading/longpoll/51803?X-Atmosphere-tracking-id=0&X-Atmosphere-Framework=2.2.3-javascript&X-Atmosphere-Transport=long-polling&X-Atmosphere-TrackMessageSize=true&Content-Type=charset%3Dutf-8&X-atmo-protocol=true&_=1773368821228 HTTP/1.1" 200 -
223.197.189.207 - - [13/Mar/2026:10:21:22 +0800] "GET /InternetTrading/longpoll/M7928?X-Atmosphere-tracking-id=0&X-Atmosphere-Framework=2.2.3-javascript&X-Atmosphere-Transport=long-polling&X-Atmosphere-TrackMessageSize=true&Content-Type=charset%3Dutf-8&X-atmo-protocol=true&_=1773368822325 HTTP/1.1" 200 -
219.73.99.100 - - [13/Mar/2026:10:21:23 +0800] "GET /InternetTrading/longpoll/55136?X-Atmosphere-tracking-id=0&X-Atmosphere-Framework=2.2.3-javascript&X-Atmosphere-Transport=long-polling&X-Atmosphere-TrackMessageSize=true&Content-Type=charset%3Dutf-8&X-atmo-protocol=true&_=1773368823446 HTTP/1.1" 200 -
14.0.172.252 - - [13/Mar/2026:10:21:25 +0800] "GET /InternetTrading/longpoll/A8127?X-Atmosphere-tracking-id=0&X-Atmosphere-Framework=2.2.3-javascript&X-Atmosphere-Transport=long-polling&X-Atmosphere-TrackMessageSize=true&Content-Type=charset%3Dutf-8&X-atmo-protocol=true&_=1773368827540 HTTP/1.1" 200 -
120.230.125.143 - - [13/Mar/2026:10:21:25 +0800] "GET /InternetTrading/longpoll/13975?X-Atmosphere-tracking-id=0&X-Atmosphere-Framework=2.2.3-javascript&X-Atmosphere-Transport=long-polling&X-Atmosphere-TrackMessageSize=true&Content-Type=charset%3Dutf-8&X-atmo-protocol=true&_=1773368829469 HTTP/1.1" 200 -
119.136.154.51 - - [13/Mar/2026:10:21:26 +0800] "GET /InternetTrading/longpoll/51803?X-Atmosphere-tracking-id=0&X-Atmosphere-Framework=2.2.3-javascript&X-Atmosphere-Transport=long-polling&X-Atmosphere-TrackMessageSize=true&Content-Type=charset%3Dutf-8&X-atmo-protocol=true&_=1773368827228 HTTP/1.1" 200 -
219.73.99.100 - - [13/Mar/2026:10:21:28 +0800] "GET /InternetTrading/longpoll/55136?X-Atmosphere-tracking-id=0&X-Atmosphere-Framework=2.2.3-javascript&X-Atmosphere-Transport=long-polling&X-Atmosphere-TrackMessageSize=true&Content-Type=charset%3Dutf-8&X-atmo-protocol=true&_=1773368828467 HTTP/1.1" 200 -
223.197.189.207 - - [13/Mar/2026:10:21:28 +0800] "GET /InternetTrading/longpoll/M7928?X-Atmosphere-tracking-id=0&X-Atmosphere-Framework=2.2.3-javascript&X-Atmosphere-Transport=long-polling&X-Atmosphere-TrackMessageSize=true&Content-Type=charset%3Dutf-8&X-atmo-protocol=true&_=1773368828328 HTTP/1.1" 200 -
14.0.172.252 - - [13/Mar/2026:10:21:29 +0800] "POST /InternetTrading/SessionErrorLogger HTTP/1.1" 200 117
14.0.172.252 - - [13/Mar/2026:10:21:29 +0800] "POST /InternetTrading/Heartbeat HTTP/1.1" 200 32
14.0.172.252 - - [13/Mar/2026:10:21:29 +0800] "POST /InternetTrading/SessionErrorLogger HTTP/1.1" 200 117
14.0.172.252 - - [13/Mar/2026:10:21:29 +0800] "POST /InternetTrading/MarketStatus HTTP/1.1" 200 772
14.0.172.252 - - [13/Mar/2026:10:21:30 +0800] "GET /InternetTrading/longpoll/A8127?X-Atmosphere-tracking-id=0&X-Atmosphere-Framework=2.2.3-javascript&X-Atmosphere-Transport=long-polling&X-Atmosphere-TrackMessageSize=true&Content-Type=charset%3Dutf-8&X-atmo-protocol=true&_=1773368832683 HTTP/1.1" 200 -
223.197.189.207 - - [13/Mar/2026:10:21:30 +0800] "POST /InternetTrading/SessionErrorLogger HTTP/1.1" 200 117
223.197.189.207 - - [13/Mar/2026:10:21:30 +0800] "POST /InternetTrading/Heartbeat HTTP/1.1" 200 32
223.197.189.207 - - [13/Mar/2026:10:21:30 +0800] "POST /InternetTrading/SessionErrorLogger HTTP/1.1" 200 117
223.197.189.207 - - [13/Mar/2026:10:21:30 +0800] "POST /InternetTrading/MarketStatus HTTP/1.1" 200 772
120.230.125.143 - - [13/Mar/2026:10:21:31 +0800] "GET /InternetTrading/longpoll/13975?X-Atmosphere-tracking-id=0&X-Atmosphere-Framework=2.2.3-javascript&X-Atmosphere-Transport=long-polling&X-Atmosphere-TrackMessageSize=true&Content-Type=charset%3Dutf-8&X-atmo-protocol=true&_=1773368835469 HTTP/1.1" 200 -
119.136.154.51 - - [13/Mar/2026:10:21:32 +0800] "GET /InternetTrading/longpoll/51803?X-Atmosphere-tracking-id=0&X-Atmosphere-Framework=2.2.3-javascript&X-Atmosphere-Transport=long-polling&X-Atmosphere-TrackMessageSize=true&Content-Type=charset%3Dutf-8&X-atmo-protocol=true&_=1773368833228 HTTP/1.1" 200 -
219.73.99.100 - - [13/Mar/2026:10:21:33 +0800] "GET /InternetTrading/longpoll/55136?X-Atmosphere-tracking-id=0&X-Atmosphere-Framework=2.2.3-javascript&X-Atmosphere-Transport=long-polling&X-Atmosphere-TrackMessageSize=true&Content-Type=charset%3Dutf-8&X-atmo-protocol=true&_=1773368833490 HTTP/1.1" 200 -
223.197.189.207 - - [13/Mar/2026:10:21:34 +0800] "GET /InternetTrading/longpoll/M7928?X-Atmosphere-tracking-id=0&X-Atmosphere-Framework=2.2.3-javascript&X-Atmosphere-Transport=long-polling&X-Atmosphere-TrackMessageSize=true&Content-Type=charset%3Dutf-8&X-atmo-protocol=true&_=1773368834323 HTTP/1.1" 200 -
14.0.172.252 - - [13/Mar/2026:10:21:35 +0800] "GET /InternetTrading/longpoll/A8127?X-Atmosphere-tracking-id=0&X-Atmosphere-Framework=2.2.3-javascript&X-Atmosphere-Transport=long-polling&X-Atmosphere-TrackMessageSize=true&Content-Type=charset%3Dutf-8&X-atmo-protocol=true&_=1773368837792 HTTP/1.1" 200 -
219.73.99.100 - - [13/Mar/2026:10:21:35 +0800] "POST /InternetTrading/SessionErrorLogger HTTP/1.1" 200 117
219.73.99.100 - - [13/Mar/2026:10:21:35 +0800] "POST /InternetTrading/Heartbeat HTTP/1.1" 200 32
219.73.99.100 - - [13/Mar/2026:10:21:35 +0800] "POST /InternetTrading/SessionErrorLogger HTTP/1.1" 200 117
219.73.99.100 - - [13/Mar/2026:10:21:35 +0800] "POST /InternetTrading/MarketStatus HTTP/1.1" 200 772
120.230.125.143 - - [13/Mar/2026:10:21:37 +0800] "GET /InternetTrading/longpoll/13975?X-Atmosphere-tracking-id=0&X-Atmosphere-Framework=2.2.3-javascript&X-Atmosphere-Transport=long-polling&X-Atmosphere-TrackMessageSize=true&Content-Type=charset%3Dutf-8&X-atmo-protocol=true&_=1773368841469 HTTP/1.1" 200 -
219.73.99.100 - - [13/Mar/2026:10:21:38 +0800] "GET /InternetTrading/longpoll/55136?X-Atmosphere-tracking-id=0&X-Atmosphere-Framework=2.2.3-javascript&X-Atmosphere-Transport=long-polling&X-Atmosphere-TrackMessageSize=true&Content-Type=charset%3Dutf-8&X-atmo-protocol=true&_=1773368838511 HTTP/1.1" 200 -
119.136.154.51 - - [13/Mar/2026:10:21:38 +0800] "GET /InternetTrading/longpoll/51803?X-Atmosphere-tracking-id=0&X-Atmosphere-Framework=2.2.3-javascript&X-Atmosphere-Transport=long-polling&X-Atmosphere-TrackMessageSize=true&Content-Type=charset%3Dutf-8&X-atmo-protocol=true&_=1773368839236 HTTP/1.1" 200 -
223.197.189.207 - - [13/Mar/2026:10:21:40 +0800] "GET /InternetTrading/longpoll/M7928?X-Atmosphere-tracking-id=0&X-Atmosphere-Framework=2.2.3-javascript&X-Atmosphere-Transport=long-polling&X-Atmosphere-TrackMessageSize=true&Content-Type=charset%3Dutf-8&X-atmo-protocol=true&_=1773368840324 HTTP/1.1" 200 -
14.0.172.252 - - [13/Mar/2026:10:21:40 +0800] "GET /InternetTrading/longpoll/A8127?X-Atmosphere-tracking-id=0&X-Atmosphere-Framework=2.2.3-javascript&X-Atmosphere-Transport=long-polling&X-Atmosphere-TrackMessageSize=true&Content-Type=charset%3Dutf-8&X-atmo-protocol=true&_=1773368842946 HTTP/1.1" 200 -
120.230.125.143 - - [13/Mar/2026:10:21:43 +0800] "GET /InternetTrading/longpoll/13975?X-Atmosphere-tracking-id=0&X-Atmosphere-Framework=2.2.3-javascript&X-Atmosphere-Transport=long-polling&X-Atmosphere-TrackMessageSize=true&Content-Type=charset%3Dutf-8&X-atmo-protocol=true&_=1773368847469 HTTP/1.1" 200 -
219.73.99.100 - - [13/Mar/2026:10:21:43 +0800] "GET /InternetTrading/longpoll/55136?X-Atmosphere-tracking-id=0&X-Atmosphere-Framework=2.2.3-javascript&X-Atmosphere-Transport=long-polling&X-Atmosphere-TrackMessageSize=true&Content-Type=charset%3Dutf-8&X-atmo-protocol=true&_=1773368843549 HTTP/1.1" 200 -
119.136.154.51 - - [13/Mar/2026:10:21:44 +0800] "GET /InternetTrading/longpoll/51803?X-Atmosphere-tracking-id=0&X-Atmosphere-Framework=2.2.3-javascript&X-Atmosphere-Transport=long-polling&X-Atmosphere-TrackMessageSize=true&Content-Type=charset%3Dutf-8&X-atmo-protocol=true&_=1773368845224 HTTP/1.1" 200 -
120.230.125.143 - - [13/Mar/2026:10:21:45 +0800] "POST /InternetTrading/SessionErrorLogger HTTP/1.1" 200 117
120.230.125.143 - - [13/Mar/2026:10:21:45 +0800] "POST /InternetTrading/MarketStatus HTTP/1.1" 200 772
14.0.172.252 - - [13/Mar/2026:10:21:45 +0800] "GET /InternetTrading/longpoll/A8127?X-Atmosphere-tracking-id=0&X-Atmosphere-Framework=2.2.3-javascript&X-Atmosphere-Transport=long-polling&X-Atmosphere-TrackMessageSize=true&Content-Type=charset%3Dutf-8&X-atmo-protocol=true&_=1773368848155 HTTP/1.1" 200 -
223.197.189.207 - - [13/Mar/2026:10:21:46 +0800] "GET /InternetTrading/longpoll/M7928?X-Atmosphere-tracking-id=0&X-Atmosphere-Framework=2.2.3-javascript&X-Atmosphere-Transport=long-polling&X-Atmosphere-TrackMessageSize=true&Content-Type=charset%3Dutf-8&X-atmo-protocol=true&_=1773368846329 HTTP/1.1" 200 -
119.136.154.51 - - [13/Mar/2026:10:21:46 +0800] "POST /InternetTrading/SessionErrorLogger HTTP/1.1" 200 117
119.136.154.51 - - [13/Mar/2026:10:21:46 +0800] "POST /InternetTrading/Heartbeat HTTP/1.1" 200 15
119.136.154.51 - - [13/Mar/2026:10:21:46 +0800] "POST /InternetTrading/SessionErrorLogger HTTP/1.1" 200 117
119.136.154.51 - - [13/Mar/2026:10:21:46 +0800] "POST /InternetTrading/MarketStatus HTTP/1.1" 200 772
219.73.99.100 - - [13/Mar/2026:10:21:48 +0800] "GET /InternetTrading/longpoll/55136?X-Atmosphere-tracking-id=0&X-Atmosphere-Framework=2.2.3-javascript&X-Atmosphere-Transport=long-polling&X-Atmosphere-TrackMessageSize=true&Content-Type=charset%3Dutf-8&X-atmo-protocol=true&_=1773368848578 HTTP/1.1" 200 -
120.230.125.143 - - [13/Mar/2026:10:21:49 +0800] "GET /InternetTrading/longpoll/13975?X-Atmosphere-tracking-id=0&X-Atmosphere-Framework=2.2.3-javascript&X-Atmosphere-Transport=long-polling&X-Atmosphere-TrackMessageSize=true&Content-Type=charset%3Dutf-8&X-atmo-protocol=true&_=1773368853469 HTTP/1.1" 200 -
14.0.172.252 - - [13/Mar/2026:10:21:51 +0800] "GET /InternetTrading/longpoll/A8127?X-Atmosphere-tracking-id=0&X-Atmosphere-Framework=2.2.3-javascript&X-Atmosphere-Transport=long-polling&X-Atmosphere-TrackMessageSize=true&Content-Type=charset%3Dutf-8&X-atmo-protocol=true&_=1773368853403 HTTP/1.1" 200 -
223.197.189.207 - - [13/Mar/2026:10:21:52 +0800] "GET /InternetTrading/longpoll/M7928?X-Atmosphere-tracking-id=0&X-Atmosphere-Framework=2.2.3-javascript&X-Atmosphere-Transport=long-polling&X-Atmosphere-TrackMessageSize=true&Content-Type=charset%3Dutf-8&X-atmo-protocol=true&_=1773368852332 HTTP/1.1" 200 -
219.73.99.100 - - [13/Mar/2026:10:21:53 +0800] "GET /InternetTrading/longpoll/55136?X-Atmosphere-tracking-id=0&X-Atmosphere-Framework=2.2.3-javascript&X-Atmosphere-Transport=long-polling&X-Atmosphere-TrackMessageSize=true&Content-Type=charset%3Dutf-8&X-atmo-protocol=true&_=1773368853651 HTTP/1.1" 200 -
120.230.125.143 - - [13/Mar/2026:10:21:55 +0800] "GET /InternetTrading/longpoll/13975?X-Atmosphere-tracking-id=0&X-Atmosphere-Framework=2.2.3-javascript&X-Atmosphere-Transport=long-polling&X-Atmosphere-TrackMessageSize=true&Content-Type=charset%3Dutf-8&X-atmo-protocol=true&_=1773368859469 HTTP/1.1" 200 -
14.0.172.252 - - [13/Mar/2026:10:21:56 +0800] "GET /InternetTrading/longpoll/A8127?X-Atmosphere-tracking-id=0&X-Atmosphere-Framework=2.2.3-javascript&X-Atmosphere-Transport=long-polling&X-Atmosphere-TrackMessageSize=true&Content-Type=charset%3Dutf-8&X-atmo-protocol=true&_=1773368858538 HTTP/1.1" 200 -
223.197.189.207 - - [13/Mar/2026:10:21:58 +0800] "GET /InternetTrading/longpoll/M7928?X-Atmosphere-tracking-id=0&X-Atmosphere-Framework=2.2.3-javascript&X-Atmosphere-Transport=long-polling&X-Atmosphere-TrackMessageSize=true&Content-Type=charset%3Dutf-8&X-atmo-protocol=true&_=1773368858326 HTTP/1.1" 200 -
219.73.99.100 - - [13/Mar/2026:10:21:58 +0800] "GET /InternetTrading/longpoll/55136?X-Atmosphere-tracking-id=0&X-Atmosphere-Framework=2.2.3-javascript&X-Atmosphere-Transport=long-polling&X-Atmosphere-TrackMessageSize=true&Content-Type=charset%3Dutf-8&X-atmo-protocol=true&_=1773368858691 HTTP/1.1" 200 -
14.0.172.252 - - [13/Mar/2026:10:21:59 +0800] "POST /InternetTrading/SessionErrorLogger HTTP/1.1" 200 117
14.0.172.252 - - [13/Mar/2026:10:21:59 +0800] "POST /InternetTrading/Heartbeat HTTP/1.1" 200 32
14.0.172.252 - - [13/Mar/2026:10:21:59 +0800] "POST /InternetTrading/SessionErrorLogger HTTP/1.1" 200 117
14.0.172.252 - - [13/Mar/2026:10:21:59 +0800] "POST /InternetTrading/MarketStatus HTTP/1.1" 200 772
14.0.172.252 - - [13/Mar/2026:10:22:01 +0800] "GET /InternetTrading/longpoll/A8127?X-Atmosphere-tracking-id=0&X-Atmosphere-Framework=2.2.3-javascript&X-Atmosphere-Transport=long-polling&X-Atmosphere-TrackMessageSize=true&Content-Type=charset%3Dutf-8&X-atmo-protocol=true&_=1773368863676 HTTP/1.1" 200 -
120.230.125.143 - - [13/Mar/2026:10:22:01 +0800] "GET /InternetTrading/longpoll/13975?X-Atmosphere-tracking-id=0&X-Atmosphere-Framework=2.2.3-javascript&X-Atmosphere-Transport=long-polling&X-Atmosphere-TrackMessageSize=true&Content-Type=charset%3Dutf-8&X-atmo-protocol=true&_=1773368865470 HTTP/1.1" 200 -
219.73.99.100 - - [13/Mar/2026:10:22:03 +0800] "GET /InternetTrading/longpoll/55136?X-Atmosphere-tracking-id=0&X-Atmosphere-Framework=2.2.3-javascript&X-Atmosphere-Transport=long-polling&X-Atmosphere-TrackMessageSize=true&Content-Type=charset%3Dutf-8&X-atmo-protocol=true&_=1773368863750 HTTP/1.1" 200 -
223.197.189.207 - - [13/Mar/2026:10:22:04 +0800] "GET /InternetTrading/longpoll/M7928?X-Atmosphere-tracking-id=0&X-Atmosphere-Framework=2.2.3-javascript&X-Atmosphere-Transport=long-polling&X-Atmosphere-TrackMessageSize=true&Content-Type=charset%3Dutf-8&X-atmo-protocol=true&_=1773368864322 HTTP/1.1" 200 -
219.73.99.100 - - [13/Mar/2026:10:22:05 +0800] "POST /InternetTrading/SessionErrorLogger HTTP/1.1" 200 117
219.73.99.100 - - [13/Mar/2026:10:22:05 +0800] "POST /InternetTrading/Heartbeat HTTP/1.1" 200 32
219.73.99.100 - - [13/Mar/2026:10:22:05 +0800] "POST /InternetTrading/SessionErrorLogger HTTP/1.1" 200 117
219.73.99.100 - - [13/Mar/2026:10:22:05 +0800] "POST /InternetTrading/MarketStatus HTTP/1.1" 200 772
14.0.172.252 - - [13/Mar/2026:10:22:06 +0800] "GET /InternetTrading/longpoll/A8127?X-Atmosphere-tracking-id=0&X-Atmosphere-Framework=2.2.3-javascript&X-Atmosphere-Transport=long-polling&X-Atmosphere-TrackMessageSize=true&Content-Type=charset%3Dutf-8&X-atmo-protocol=true&_=1773368868753 HTTP/1.1" 200 -
120.230.125.143 - - [13/Mar/2026:10:22:07 +0800] "GET /InternetTrading/longpoll/13975?X-Atmosphere-tracking-id=0&X-Atmosphere-Framework=2.2.3-javascript&X-Atmosphere-Transport=long-polling&X-Atmosphere-TrackMessageSize=true&Content-Type=charset%3Dutf-8&X-atmo-protocol=true&_=1773368871469 HTTP/1.1" 200 -
219.73.99.100 - - [13/Mar/2026:10:22:08 +0800] "GET /InternetTrading/longpoll/55136?X-Atmosphere-tracking-id=0&X-Atmosphere-Framework=2.2.3-javascript&X-Atmosphere-Transport=long-polling&X-Atmosphere-TrackMessageSize=true&Content-Type=charset%3Dutf-8&X-atmo-protocol=true&_=1773368868799 HTTP/1.1" 200 -
120.230.125.143 - - [13/Mar/2026:10:22:09 +0800] "POST /InternetTrading/SessionErrorLogger HTTP/1.1" 200 117
120.230.125.143 - - [13/Mar/2026:10:22:09 +0800] "POST /InternetTrading/Heartbeat HTTP/1.1" 200 32
223.197.189.207 - - [13/Mar/2026:10:22:10 +0800] "GET /InternetTrading/longpoll/M7928?X-Atmosphere-tracking-id=0&X-Atmosphere-Framework=2.2.3-javascript&X-Atmosphere-Transport=long-polling&X-Atmosphere-TrackMessageSize=true&Content-Type=charset%3Dutf-8&X-atmo-protocol=true&_=1773368870329 HTTP/1.1" 200 -
14.0.172.252 - - [13/Mar/2026:10:22:11 +0800] "GET /InternetTrading/longpoll/A8127?X-Atmosphere-tracking-id=0&X-Atmosphere-Framework=2.2.3-javascript&X-Atmosphere-Transport=long-polling&X-Atmosphere-TrackMessageSize=true&Content-Type=charset%3Dutf-8&X-atmo-protocol=true&_=1773368873893 HTTP/1.1" 200 -
120.230.125.143 - - [13/Mar/2026:10:22:13 +0800] "GET /InternetTrading/longpoll/13975?X-Atmosphere-tracking-id=0&X-Atmosphere-Framework=2.2.3-javascript&X-Atmosphere-Transport=long-polling&X-Atmosphere-TrackMessageSize=true&Content-Type=charset%3Dutf-8&X-atmo-protocol=true&_=1773368877469 HTTP/1.1" 200 -
219.73.99.100 - - [13/Mar/2026:10:22:13 +0800] "GET /InternetTrading/longpoll/55136?X-Atmosphere-tracking-id=0&X-Atmosphere-Framework=2.2.3-javascript&X-Atmosphere-Transport=long-polling&X-Atmosphere-TrackMessageSize=true&Content-Type=charset%3Dutf-8&X-atmo-protocol=true&_=1773368873831 HTTP/1.1" 200 -
120.230.125.143 - - [13/Mar/2026:10:22:16 +0800] "POST /InternetTrading/SessionErrorLogger HTTP/1.1" 200 117
223.197.189.207 - - [13/Mar/2026:10:22:16 +0800] "GET /InternetTrading/longpoll/M7928?X-Atmosphere-tracking-id=0&X-Atmosphere-Framework=2.2.3-javascript&X-Atmosphere-Transport=long-polling&X-Atmosphere-TrackMessageSize=true&Content-Type=charset%3Dutf-8&X-atmo-protocol=true&_=1773368876324 HTTP/1.1" 200 -
120.230.125.143 - - [13/Mar/2026:10:22:16 +0800] "POST /InternetTrading/MarketStatus HTTP/1.1" 200 772
14.0.172.252 - - [13/Mar/2026:10:22:16 +0800] "GET /InternetTrading/longpoll/A8127?X-Atmosphere-tracking-id=0&X-Atmosphere-Framework=2.2.3-javascript&X-Atmosphere-Transport=long-polling&X-Atmosphere-TrackMessageSize=true&Content-Type=charset%3Dutf-8&X-atmo-protocol=true&_=1773368879031 HTTP/1.1" 200 -
219.73.99.100 - - [13/Mar/2026:10:22:18 +0800] "GET /InternetTrading/longpoll/55136?X-Atmosphere-tracking-id=0&X-Atmosphere-Framework=2.2.3-javascript&X-Atmosphere-Transport=long-polling&X-Atmosphere-TrackMessageSize=true&Content-Type=charset%3Dutf-8&X-atmo-protocol=true&_=1773368878864 HTTP/1.1" 200 -
120.230.125.143 - - [13/Mar/2026:10:22:19 +0800] "GET /InternetTrading/longpoll/13975?X-Atmosphere-tracking-id=0&X-Atmosphere-Framework=2.2.3-javascript&X-Atmosphere-Transport=long-polling&X-Atmosphere-TrackMessageSize=true&Content-Type=charset%3Dutf-8&X-atmo-protocol=true&_=1773368883471 HTTP/1.1" 200 -
14.0.172.252 - - [13/Mar/2026:10:22:21 +0800] "GET /InternetTrading/longpoll/A8127?X-Atmosphere-tracking-id=0&X-Atmosphere-Framework=2.2.3-javascript&X-Atmosphere-Transport=long-polling&X-Atmosphere-TrackMessageSize=true&Content-Type=charset%3Dutf-8&X-atmo-protocol=true&_=1773368884193 HTTP/1.1" 200 -
223.197.189.207 - - [13/Mar/2026:10:22:22 +0800] "GET /InternetTrading/longpoll/M7928?X-Atmosphere-tracking-id=0&X-Atmosphere-Framework=2.2.3-javascript&X-Atmosphere-Transport=long-polling&X-Atmosphere-TrackMessageSize=true&Content-Type=charset%3Dutf-8&X-atmo-protocol=true&_=1773368882325 HTTP/1.1" 200 -
219.73.99.100 - - [13/Mar/2026:10:22:23 +0800] "GET /InternetTrading/longpoll/55136?X-Atmosphere-tracking-id=0&X-Atmosphere-Framework=2.2.3-javascript&X-Atmosphere-Transport=long-polling&X-Atmosphere-TrackMessageSize=true&Content-Type=charset%3Dutf-8&X-atmo-protocol=true&_=1773368883899 HTTP/1.1" 200 -
120.230.125.143 - - [13/Mar/2026:10:22:25 +0800] "GET /InternetTrading/longpoll/13975?X-Atmosphere-tracking-id=0&X-Atmosphere-Framework=2.2.3-javascript&X-Atmosphere-Transport=long-polling&X-Atmosphere-TrackMessageSize=true&Content-Type=charset%3Dutf-8&X-atmo-protocol=true&_=1773368889471 HTTP/1.1" 200 -
14.0.172.252 - - [13/Mar/2026:10:22:27 +0800] "GET /InternetTrading/longpoll/A8127?X-Atmosphere-tracking-id=0&X-Atmosphere-Framework=2.2.3-javascript&X-Atmosphere-Transport=long-polling&X-Atmosphere-TrackMessageSize=true&Content-Type=charset%3Dutf-8&X-atmo-protocol=true&_=1773368889383 HTTP/1.1" 200 -
223.197.189.207 - - [13/Mar/2026:10:22:28 +0800] "GET /InternetTrading/longpoll/M7928?X-Atmosphere-tracking-id=0&X-Atmosphere-Framework=2.2.3-javascript&X-Atmosphere-Transport=long-polling&X-Atmosphere-TrackMessageSize=true&Content-Type=charset%3Dutf-8&X-atmo-protocol=true&_=1773368888324 HTTP/1.1" 200 -
219.73.99.100 - - [13/Mar/2026:10:22:28 +0800] "GET /InternetTrading/longpoll/55136?X-Atmosphere-tracking-id=0&X-Atmosphere-Framework=2.2.3-javascript&X-Atmosphere-Transport=long-polling&X-Atmosphere-TrackMessageSize=true&Content-Type=charset%3Dutf-8&X-atmo-protocol=true&_=1773368888948 HTTP/1.1" 200 -
14.0.172.252 - - [13/Mar/2026:10:22:29 +0800] "POST /InternetTrading/SessionErrorLogger HTTP/1.1" 200 117
14.0.172.252 - - [13/Mar/2026:10:22:29 +0800] "POST /InternetTrading/Heartbeat HTTP/1.1" 200 32
14.0.172.252 - - [13/Mar/2026:10:22:29 +0800] "POST /InternetTrading/SessionErrorLogger HTTP/1.1" 200 117
14.0.172.252 - - [13/Mar/2026:10:22:29 +0800] "POST /InternetTrading/MarketStatus HTTP/1.1" 200 772
223.197.189.207 - - [13/Mar/2026:10:22:30 +0800] "POST /InternetTrading/SessionErrorLogger HTTP/1.1" 200 117
223.197.189.207 - - [13/Mar/2026:10:22:30 +0800] "POST /InternetTrading/Heartbeat HTTP/1.1" 200 15
223.197.189.207 - - [13/Mar/2026:10:22:30 +0800] "POST /InternetTrading/SessionErrorLogger HTTP/1.1" 200 117
223.197.189.207 - - [13/Mar/2026:10:22:30 +0800] "POST /InternetTrading/MarketStatus HTTP/1.1" 200 772
223.197.189.207 - - [13/Mar/2026:10:22:30 +0800] "GET /InternetTrading/tc/login.html HTTP/1.1" 200 1755
223.197.189.207 - - [13/Mar/2026:10:22:30 +0800] "GET /InternetTrading/tc/style.css?v=20200819161914 HTTP/1.1" 200 1435
223.197.189.207 - - [13/Mar/2026:10:22:30 +0800] "GET /InternetTrading/tc/style_common.css?v=20200819161914 HTTP/1.1" 200 2540
223.197.189.207 - - [13/Mar/2026:10:22:30 +0800] "GET /InternetTrading/jquery/jquery-migrate-3.0.0.js HTTP/1.1" 200 4963
223.197.189.207 - - [13/Mar/2026:10:22:30 +0800] "GET /InternetTrading/jquery/jquery.form-3.46.0.js HTTP/1.1" 200 5673
223.197.189.207 - - [13/Mar/2026:10:22:30 +0800] "GET /InternetTrading/jquery/additional-methods.js HTTP/1.1" 200 2238
223.197.189.207 - - [13/Mar/2026:10:22:30 +0800] "GET /InternetTrading/jquery/jquery.validate-1.11.1.js HTTP/1.1" 200 7041
223.197.189.207 - - [13/Mar/2026:10:22:30 +0800] "GET /InternetTrading/jquery/jquery-3.3.1.js HTTP/1.1" 200 80650
223.197.189.207 - - [13/Mar/2026:10:22:30 +0800] "GET /InternetTrading/jquery/jquery.blockUI-2.66.0.js HTTP/1.1" 200 6651
223.197.189.207 - - [13/Mar/2026:10:22:30 +0800] "GET /InternetTrading/jquery/jquery.timer-0.9.16.js HTTP/1.1" 200 542
223.197.189.207 - - [13/Mar/2026:10:22:30 +0800] "GET /InternetTrading/jquery/jquery.getParams.js HTTP/1.1" 200 587
223.197.189.207 - - [13/Mar/2026:10:22:30 +0800] "GET /InternetTrading/jquery/jquery-ui-personalized-1.6rc2.min.js HTTP/1.1" 200 55543
223.197.189.207 - - [13/Mar/2026:10:22:30 +0800] "GET /InternetTrading/tc/user/translation.js?jsv=20200819161914 HTTP/1.1" 200 12818
223.197.189.207 - - [13/Mar/2026:10:22:30 +0800] "GET /InternetTrading/js/constants.js?jsv=20200819161914 HTTP/1.1" 200 400
223.197.189.207 - - [13/Mar/2026:10:22:30 +0800] "GET /InternetTrading/js/haitong.js?jsv=20200819161914 HTTP/1.1" 200 3881
223.197.189.207 - - [13/Mar/2026:10:22:30 +0800] "GET /InternetTrading/js/util.js?jsv=20200819161914 HTTP/1.1" 200 6636
223.197.189.207 - - [13/Mar/2026:10:22:30 +0800] "GET /InternetTrading/js/rsautil.js?jsv=20200819161914 HTTP/1.1" 200 1017
223.197.189.207 - - [13/Mar/2026:10:22:30 +0800] "GET /InternetTrading/js/init.js?jsv=20200819161914 HTTP/1.1" 200 886
223.197.189.207 - - [13/Mar/2026:10:22:30 +0800] "GET /InternetTrading/js/version.js?jsv=20200819161914 HTTP/1.1" 200 85
223.197.189.207 - - [13/Mar/2026:10:22:30 +0800] "GET /InternetTrading/js/login.js?jsv=20200819161914 HTTP/1.1" 200 1684
223.197.189.207 - - [13/Mar/2026:10:22:30 +0800] "GET /InternetTrading/tc/user/custom_variables.js?jsv=20200819161914 HTTP/1.1" 200 275
223.197.189.207 - - [13/Mar/2026:10:22:30 +0800] "GET /InternetTrading/js/string_extend.js?jsv=20200819161914 HTTP/1.1" 200 272
223.197.189.207 - - [13/Mar/2026:10:22:30 +0800] "GET /InternetTrading/js/pidcrypt.js?jsv=20200819161914 HTTP/1.1" 200 982
223.197.189.207 - - [13/Mar/2026:10:22:30 +0800] "GET /InternetTrading/js/pidcrypt_util.js?jsv=20200819161914 HTTP/1.1" 200 1206
223.197.189.207 - - [13/Mar/2026:10:22:30 +0800] "GET /InternetTrading/js/aes_core.js?jsv=20200819161914 HTTP/1.1" 200 2106
223.197.189.207 - - [13/Mar/2026:10:22:30 +0800] "GET /InternetTrading/js/aes_cbc.js?jsv=20200819161914 HTTP/1.1" 200 2043
223.197.189.207 - - [13/Mar/2026:10:22:30 +0800] "GET /InternetTrading/js/asn1.js?jsv=20200819161914 HTTP/1.1" 200 3099
223.197.189.207 - - [13/Mar/2026:10:22:30 +0800] "GET /InternetTrading/js/sha256.js?jsv=20200819161914 HTTP/1.1" 200 1362
223.197.189.207 - - [13/Mar/2026:10:22:30 +0800] "GET /InternetTrading/js/md5.js?jsv=20200819161914 HTTP/1.1" 200 1730
223.197.189.207 - - [13/Mar/2026:10:22:30 +0800] "GET /InternetTrading/js/prng4.js?jsv=20200819161914 HTTP/1.1" 200 303
223.197.189.207 - - [13/Mar/2026:10:22:30 +0800] "GET /InternetTrading/js/rng.js?jsv=20200819161914 HTTP/1.1" 200 481
223.197.189.207 - - [13/Mar/2026:10:22:30 +0800] "GET /InternetTrading/js/jsbn.js?jsv=20200819161914 HTTP/1.1" 200 6736
223.197.189.207 - - [13/Mar/2026:10:22:30 +0800] "GET /InternetTrading/js/rsa.js?jsv=20200819161914 HTTP/1.1" 200 1658
223.197.189.207 - - [13/Mar/2026:10:22:30 +0800] "GET /InternetTrading/tc/images/bg_login.jpg HTTP/1.1" 200 29296
223.197.189.207 - - [13/Mar/2026:10:22:30 +0800] "GET /InternetTrading/tc/dialog.html?1773368890664 HTTP/1.1" 200 3188
223.197.189.207 - - [13/Mar/2026:10:22:30 +0800] "POST /InternetTrading/SystemMaintenanceCheck HTTP/1.1" 200 119
120.230.125.143 - - [13/Mar/2026:10:22:31 +0800] "GET /InternetTrading/longpoll/13975?X-Atmosphere-tracking-id=0&X-Atmosphere-Framework=2.2.3-javascript&X-Atmosphere-Transport=long-polling&X-Atmosphere-TrackMessageSize=true&Content-Type=charset%3Dutf-8&X-atmo-protocol=true&_=1773368895471 HTTP/1.1" 200 -
14.0.172.252 - - [13/Mar/2026:10:22:32 +0800] "GET /InternetTrading/longpoll/A8127?X-Atmosphere-tracking-id=0&X-Atmosphere-Framework=2.2.3-javascript&X-Atmosphere-Transport=long-polling&X-Atmosphere-TrackMessageSize=true&Content-Type=charset%3Dutf-8&X-atmo-protocol=true&_=1773368894600 HTTP/1.1" 200 -
219.73.99.100 - - [13/Mar/2026:10:22:33 +0800] "GET /InternetTrading/longpoll/55136?X-Atmosphere-tracking-id=0&X-Atmosphere-Framework=2.2.3-javascript&X-Atmosphere-Transport=long-polling&X-Atmosphere-TrackMessageSize=true&Content-Type=charset%3Dutf-8&X-atmo-protocol=true&_=1773368893982 HTTP/1.1" 200 -
219.73.99.100 - - [13/Mar/2026:10:22:35 +0800] "POST /InternetTrading/SessionErrorLogger HTTP/1.1" 200 117
219.73.99.100 - - [13/Mar/2026:10:22:35 +0800] "POST /InternetTrading/Heartbeat HTTP/1.1" 200 32
219.73.99.100 - - [13/Mar/2026:10:22:35 +0800] "POST /InternetTrading/SessionErrorLogger HTTP/1.1" 200 117
219.73.99.100 - - [13/Mar/2026:10:22:35 +0800] "POST /InternetTrading/MarketStatus HTTP/1.1" 200 772
14.0.172.252 - - [13/Mar/2026:10:22:37 +0800] "GET /InternetTrading/longpoll/A8127?X-Atmosphere-tracking-id=0&X-Atmosphere-Framework=2.2.3-javascript&X-Atmosphere-Transport=long-polling&X-Atmosphere-TrackMessageSize=true&Content-Type=charset%3Dutf-8&X-atmo-protocol=true&_=1773368899653 HTTP/1.1" 200 -
120.230.125.143 - - [13/Mar/2026:10:22:37 +0800] "GET /InternetTrading/longpoll/13975?X-Atmosphere-tracking-id=0&X-Atmosphere-Framework=2.2.3-javascript&X-Atmosphere-Transport=long-polling&X-Atmosphere-TrackMessageSize=true&Content-Type=charset%3Dutf-8&X-atmo-protocol=true&_=1773368901471 HTTP/1.1" 200 -
219.73.99.100 - - [13/Mar/2026:10:22:39 +0800] "GET /InternetTrading/longpoll/55136?X-Atmosphere-tracking-id=0&X-Atmosphere-Framework=2.2.3-javascript&X-Atmosphere-Transport=long-polling&X-Atmosphere-TrackMessageSize=true&Content-Type=charset%3Dutf-8&X-atmo-protocol=true&_=1773368899033 HTTP/1.1" 200 -
14.0.172.252 - - [13/Mar/2026:10:22:42 +0800] "GET /InternetTrading/longpoll/A8127?X-Atmosphere-tracking-id=0&X-Atmosphere-Framework=2.2.3-javascript&X-Atmosphere-Transport=long-polling&X-Atmosphere-TrackMessageSize=true&Content-Type=charset%3Dutf-8&X-atmo-protocol=true&_=1773368904714 HTTP/1.1" 200 -
120.230.125.143 - - [13/Mar/2026:10:22:43 +0800] "GET /InternetTrading/longpoll/13975?X-Atmosphere-tracking-id=0&X-Atmosphere-Framework=2.2.3-javascript&X-Atmosphere-Transport=long-polling&X-Atmosphere-TrackMessageSize=true&Content-Type=charset%3Dutf-8&X-atmo-protocol=true&_=1773368907471 HTTP/1.1" 200 -
219.73.99.100 - - [13/Mar/2026:10:22:44 +0800] "GET /InternetTrading/longpoll/55136?X-Atmosphere-tracking-id=0&X-Atmosphere-Framework=2.2.3-javascript&X-Atmosphere-Transport=long-polling&X-Atmosphere-TrackMessageSize=true&Content-Type=charset%3Dutf-8&X-atmo-protocol=true&_=1773368904082 HTTP/1.1" 200 -
119.136.154.51 - - [13/Mar/2026:10:22:46 +0800] "-" 408 -
14.0.172.252 - - [13/Mar/2026:10:22:47 +0800] "GET /InternetTrading/longpoll/A8127?X-Atmosphere-tracking-id=0&X-Atmosphere-Framework=2.2.3-javascript&X-Atmosphere-Transport=long-polling&X-Atmosphere-TrackMessageSize=true&Content-Type=charset%3Dutf-8&X-atmo-protocol=true&_=1773368909903 HTTP/1.1" 200 -
219.73.99.100 - - [13/Mar/2026:10:22:49 +0800] "GET /InternetTrading/longpoll/55136?X-Atmosphere-tracking-id=0&X-Atmosphere-Framework=2.2.3-javascript&X-Atmosphere-Transport=long-polling&X-Atmosphere-TrackMessageSize=true&Content-Type=charset%3Dutf-8&X-atmo-protocol=true&_=1773368909102 HTTP/1.1" 200 -
120.230.125.143 - - [13/Mar/2026:10:22:49 +0800] "GET /InternetTrading/longpoll/13975?X-Atmosphere-tracking-id=0&X-Atmosphere-Framework=2.2.3-javascript&X-Atmosphere-Transport=long-polling&X-Atmosphere-TrackMessageSize=true&Content-Type=charset%3Dutf-8&X-atmo-protocol=true&_=1773368913471 HTTP/1.1" 200 -
14.0.172.252 - - [13/Mar/2026:10:22:52 +0800] "GET /InternetTrading/longpoll/A8127?X-Atmosphere-tracking-id=0&X-Atmosphere-Framework=2.2.3-javascript&X-Atmosphere-Transport=long-polling&X-Atmosphere-TrackMessageSize=true&Content-Type=charset%3Dutf-8&X-atmo-protocol=true&_=1773368915075 HTTP/1.1" 200 -
219.73.99.100 - - [13/Mar/2026:10:22:54 +0800] "GET /InternetTrading/longpoll/55136?X-Atmosphere-tracking-id=0&X-Atmosphere-Framework=2.2.3-javascript&X-Atmosphere-Transport=long-polling&X-Atmosphere-TrackMessageSize=true&Content-Type=charset%3Dutf-8&X-atmo-protocol=true&_=1773368914137 HTTP/1.1" 200 -
120.230.125.143 - - [13/Mar/2026:10:22:55 +0800] "GET /InternetTrading/longpoll/13975?X-Atmosphere-tracking-id=0&X-Atmosphere-Framework=2.2.3-javascript&X-Atmosphere-Transport=long-polling&X-Atmosphere-TrackMessageSize=true&Content-Type=charset%3Dutf-8&X-atmo-protocol=true&_=1773368919471 HTTP/1.1" 200 -
14.0.172.252 - - [13/Mar/2026:10:22:57 +0800] "GET /InternetTrading/longpoll/A8127?X-Atmosphere-tracking-id=0&X-Atmosphere-Framework=2.2.3-javascript&X-Atmosphere-Transport=long-polling&X-Atmosphere-TrackMessageSize=true&Content-Type=charset%3Dutf-8&X-atmo-protocol=true&_=1773368920233 HTTP/1.1" 200 -
219.73.99.100 - - [13/Mar/2026:10:22:59 +0800] "GET /InternetTrading/longpoll/55136?X-Atmosphere-tracking-id=0&X-Atmosphere-Framework=2.2.3-javascript&X-Atmosphere-Transport=long-polling&X-Atmosphere-TrackMessageSize=true&Content-Type=charset%3Dutf-8&X-atmo-protocol=true&_=1773368919188 HTTP/1.1" 200 -
14.0.172.252 - - [13/Mar/2026:10:22:59 +0800] "POST /InternetTrading/SessionErrorLogger HTTP/1.1" 200 117
14.0.172.252 - - [13/Mar/2026:10:22:59 +0800] "POST /InternetTrading/Heartbeat HTTP/1.1" 200 32
14.0.172.252 - - [13/Mar/2026:10:22:59 +0800] "POST /InternetTrading/SessionErrorLogger HTTP/1.1" 200 117
14.0.172.252 - - [13/Mar/2026:10:22:59 +0800] "POST /InternetTrading/MarketStatus HTTP/1.1" 200 772
120.230.125.143 - - [13/Mar/2026:10:23:01 +0800] "GET /InternetTrading/longpoll/13975?X-Atmosphere-tracking-id=0&X-Atmosphere-Framework=2.2.3-javascript&X-Atmosphere-Transport=long-polling&X-Atmosphere-TrackMessageSize=true&Content-Type=charset%3Dutf-8&X-atmo-protocol=true&_=1773368925471 HTTP/1.1" 200 -
14.0.172.252 - - [13/Mar/2026:10:23:02 +0800] "GET /InternetTrading/longpoll/A8127?X-Atmosphere-tracking-id=0&X-Atmosphere-Framework=2.2.3-javascript&X-Atmosphere-Transport=long-polling&X-Atmosphere-TrackMessageSize=true&Content-Type=charset%3Dutf-8&X-atmo-protocol=true&_=1773368925390 HTTP/1.1" 200 -
219.73.99.100 - - [13/Mar/2026:10:23:04 +0800] "GET /InternetTrading/longpoll/55136?X-Atmosphere-tracking-id=0&X-Atmosphere-Framework=2.2.3-javascript&X-Atmosphere-Transport=long-polling&X-Atmosphere-TrackMessageSize=true&Content-Type=charset%3Dutf-8&X-atmo-protocol=true&_=1773368924213 HTTP/1.1" 200 -
219.73.99.100 - - [13/Mar/2026:10:23:05 +0800] "POST /InternetTrading/SessionErrorLogger HTTP/1.1" 200 117
219.73.99.100 - - [13/Mar/2026:10:23:05 +0800] "POST /InternetTrading/Heartbeat HTTP/1.1" 200 32
219.73.99.100 - - [13/Mar/2026:10:23:05 +0800] "POST /InternetTrading/SessionErrorLogger HTTP/1.1" 200 117
219.73.99.100 - - [13/Mar/2026:10:23:05 +0800] "POST /InternetTrading/MarketStatus HTTP/1.1" 200 772
120.230.125.143 - - [13/Mar/2026:10:23:07 +0800] "GET /InternetTrading/longpoll/13975?X-Atmosphere-tracking-id=0&X-Atmosphere-Framework=2.2.3-javascript&X-Atmosphere-Transport=long-polling&X-Atmosphere-TrackMessageSize=true&Content-Type=charset%3Dutf-8&X-atmo-protocol=true&_=1773368931471 HTTP/1.1" 200 -
14.0.172.252 - - [13/Mar/2026:10:23:08 +0800] "GET /InternetTrading/longpoll/A8127?X-Atmosphere-tracking-id=0&X-Atmosphere-Framework=2.2.3-javascript&X-Atmosphere-Transport=long-polling&X-Atmosphere-TrackMessageSize=true&Content-Type=charset%3Dutf-8&X-atmo-protocol=true&_=1773368930470 HTTP/1.1" 200 -
219.73.99.100 - - [13/Mar/2026:10:23:09 +0800] "GET /InternetTrading/longpoll/55136?X-Atmosphere-tracking-id=0&X-Atmosphere-Framework=2.2.3-javascript&X-Atmosphere-Transport=long-polling&X-Atmosphere-TrackMessageSize=true&Content-Type=charset%3Dutf-8&X-atmo-protocol=true&_=1773368929256 HTTP/1.1" 200 -
120.230.125.143 - - [13/Mar/2026:10:23:09 +0800] "POST /InternetTrading/SessionErrorLogger HTTP/1.1" 200 117
120.230.125.143 - - [13/Mar/2026:10:23:09 +0800] "POST /InternetTrading/Heartbeat HTTP/1.1" 200 32
120.230.125.143 - - [13/Mar/2026:10:23:09 +0800] "POST /InternetTrading/SessionErrorLogger HTTP/1.1" 200 117
120.230.125.143 - - [13/Mar/2026:10:23:09 +0800] "POST /InternetTrading/MarketStatus HTTP/1.1" 200 772
14.0.172.252 - - [13/Mar/2026:10:23:13 +0800] "GET /InternetTrading/longpoll/A8127?X-Atmosphere-tracking-id=0&X-Atmosphere-Framework=2.2.3-javascript&X-Atmosphere-Transport=long-polling&X-Atmosphere-TrackMessageSize=true&Content-Type=charset%3Dutf-8&X-atmo-protocol=true&_=1773368935546 HTTP/1.1" 200 -
120.230.125.143 - - [13/Mar/2026:10:23:13 +0800] "GET /InternetTrading/longpoll/13975?X-Atmosphere-tracking-id=0&X-Atmosphere-Framework=2.2.3-javascript&X-Atmosphere-Transport=long-polling&X-Atmosphere-TrackMessageSize=true&Content-Type=charset%3Dutf-8&X-atmo-protocol=true&_=1773368937471 HTTP/1.1" 200 -
219.73.99.100 - - [13/Mar/2026:10:23:14 +0800] "GET /InternetTrading/longpoll/55136?X-Atmosphere-tracking-id=0&X-Atmosphere-Framework=2.2.3-javascript&X-Atmosphere-Transport=long-polling&X-Atmosphere-TrackMessageSize=true&Content-Type=charset%3Dutf-8&X-atmo-protocol=true&_=1773368934283 HTTP/1.1" 200 -
14.0.172.252 - - [13/Mar/2026:10:23:18 +0800] "GET /InternetTrading/longpoll/A8127?X-Atmosphere-tracking-id=0&X-Atmosphere-Framework=2.2.3-javascript&X-Atmosphere-Transport=long-polling&X-Atmosphere-TrackMessageSize=true&Content-Type=charset%3Dutf-8&X-atmo-protocol=true&_=1773368940705 HTTP/1.1" 200 -
219.73.99.100 - - [13/Mar/2026:10:23:19 +0800] "GET /InternetTrading/longpoll/55136?X-Atmosphere-tracking-id=0&X-Atmosphere-Framework=2.2.3-javascript&X-Atmosphere-Transport=long-polling&X-Atmosphere-TrackMessageSize=true&Content-Type=charset%3Dutf-8&X-atmo-protocol=true&_=1773368939317 HTTP/1.1" 200 -
120.230.125.143 - - [13/Mar/2026:10:23:19 +0800] "GET /InternetTrading/longpoll/13975?X-Atmosphere-tracking-id=0&X-Atmosphere-Framework=2.2.3-javascript&X-Atmosphere-Transport=long-polling&X-Atmosphere-TrackMessageSize=true&Content-Type=charset%3Dutf-8&X-atmo-protocol=true&_=1773368943472 HTTP/1.1" 200 -
14.0.172.252 - - [13/Mar/2026:10:23:23 +0800] "GET /InternetTrading/longpoll/A8127?X-Atmosphere-tracking-id=0&X-Atmosphere-Framework=2.2.3-javascript&X-Atmosphere-Transport=long-polling&X-Atmosphere-TrackMessageSize=true&Content-Type=charset%3Dutf-8&X-atmo-protocol=true&_=1773368945901 HTTP/1.1" 200 -
219.73.99.100 - - [13/Mar/2026:10:23:24 +0800] "GET /InternetTrading/longpoll/55136?X-Atmosphere-tracking-id=0&X-Atmosphere-Framework=2.2.3-javascript&X-Atmosphere-Transport=long-polling&X-Atmosphere-TrackMessageSize=true&Content-Type=charset%3Dutf-8&X-atmo-protocol=true&_=1773368944349 HTTP/1.1" 200 -
