14.19.84.100 - - [16/Apr/2026:10:46:51 +0800] "GET /InternetTrading/longpoll/13975?X-Atmosphere-tracking-id=0&X-Atmosphere-Framework=2.2.3-javascript&X-Atmosphere-Transport=long-polling&X-Atmosphere-TrackMessageSize=true&Content-Type=charset%3Dutf-8&X-atmo-protocol=true&_=1776307991673 HTTP/1.1" 200 -
110.81.59.254 - - [16/Apr/2026:10:46:51 +0800] "POST /InternetTrading/SessionErrorLogger HTTP/1.1" 200 117
110.81.59.254 - - [16/Apr/2026:10:46:51 +0800] "POST /InternetTrading/MarketStatus HTTP/1.1" 200 772
110.81.59.254 - - [16/Apr/2026:10:46:51 +0800] "POST /InternetTrading/SessionErrorLogger HTTP/1.1" 200 117
110.81.59.254 - - [16/Apr/2026:10:46:52 +0800] "POST /InternetTrading/Heartbeat HTTP/1.1" 200 32
119.136.152.250 - - [16/Apr/2026:10:46:52 +0800] "GET /InternetTrading/longpoll/51803?X-Atmosphere-tracking-id=0&X-Atmosphere-Framework=2.2.3-javascript&X-Atmosphere-Transport=long-polling&X-Atmosphere-TrackMessageSize=true&Content-Type=charset%3Dutf-8&X-atmo-protocol=true&_=1776307997227 HTTP/1.1" 200 -
110.81.59.254 - - [16/Apr/2026:10:46:52 +0800] "GET /InternetTrading/longpoll/M8773?X-Atmosphere-tracking-id=0&X-Atmosphere-Framework=2.2.3-javascript&X-Atmosphere-Transport=long-polling&X-Atmosphere-TrackMessageSize=true&Content-Type=charset%3Dutf-8&X-atmo-protocol=true&_=1776307994959 HTTP/1.1" 200 -
14.19.84.100 - - [16/Apr/2026:10:46:57 +0800] "GET /InternetTrading/longpoll/13975?X-Atmosphere-tracking-id=0&X-Atmosphere-Framework=2.2.3-javascript&X-Atmosphere-Transport=long-polling&X-Atmosphere-TrackMessageSize=true&Content-Type=charset%3Dutf-8&X-atmo-protocol=true&_=1776307997672 HTTP/1.1" 200 -
119.136.152.250 - - [16/Apr/2026:10:46:58 +0800] "GET /InternetTrading/longpoll/51803?X-Atmosphere-tracking-id=0&X-Atmosphere-Framework=2.2.3-javascript&X-Atmosphere-Transport=long-polling&X-Atmosphere-TrackMessageSize=true&Content-Type=charset%3Dutf-8&X-atmo-protocol=true&_=1776308003231 HTTP/1.1" 200 -
110.81.59.254 - - [16/Apr/2026:10:46:58 +0800] "GET /InternetTrading/longpoll/M8773?X-Atmosphere-tracking-id=0&X-Atmosphere-Framework=2.2.3-javascript&X-Atmosphere-Transport=long-polling&X-Atmosphere-TrackMessageSize=true&Content-Type=charset%3Dutf-8&X-atmo-protocol=true&_=1776308000959 HTTP/1.1" 200 -
14.19.84.100 - - [16/Apr/2026:10:47:03 +0800] "GET /InternetTrading/longpoll/13975?X-Atmosphere-tracking-id=0&X-Atmosphere-Framework=2.2.3-javascript&X-Atmosphere-Transport=long-polling&X-Atmosphere-TrackMessageSize=true&Content-Type=charset%3Dutf-8&X-atmo-protocol=true&_=1776308003671 HTTP/1.1" 200 -
119.136.152.250 - - [16/Apr/2026:10:47:04 +0800] "GET /InternetTrading/longpoll/51803?X-Atmosphere-tracking-id=0&X-Atmosphere-Framework=2.2.3-javascript&X-Atmosphere-Transport=long-polling&X-Atmosphere-TrackMessageSize=true&Content-Type=charset%3Dutf-8&X-atmo-protocol=true&_=1776308009226 HTTP/1.1" 200 -
110.81.59.254 - - [16/Apr/2026:10:47:05 +0800] "GET /InternetTrading/longpoll/M8773?X-Atmosphere-tracking-id=0&X-Atmosphere-Framework=2.2.3-javascript&X-Atmosphere-Transport=long-polling&X-Atmosphere-TrackMessageSize=true&Content-Type=charset%3Dutf-8&X-atmo-protocol=true&_=1776308006960 HTTP/1.1" 200 -
14.19.84.100 - - [16/Apr/2026:10:47:05 +0800] "POST /InternetTrading/SessionErrorLogger HTTP/1.1" 200 117
14.19.84.100 - - [16/Apr/2026:10:47:05 +0800] "POST /InternetTrading/Heartbeat HTTP/1.1" 200 32
14.19.84.100 - - [16/Apr/2026:10:47:05 +0800] "POST /InternetTrading/SessionErrorLogger HTTP/1.1" 200 117
14.19.84.100 - - [16/Apr/2026:10:47:05 +0800] "POST /InternetTrading/MarketStatus HTTP/1.1" 200 772
14.19.84.100 - - [16/Apr/2026:10:47:09 +0800] "GET /InternetTrading/longpoll/13975?X-Atmosphere-tracking-id=0&X-Atmosphere-Framework=2.2.3-javascript&X-Atmosphere-Transport=long-polling&X-Atmosphere-TrackMessageSize=true&Content-Type=charset%3Dutf-8&X-atmo-protocol=true&_=1776308009671 HTTP/1.1" 200 -
119.136.152.250 - - [16/Apr/2026:10:47:10 +0800] "GET /InternetTrading/longpoll/51803?X-Atmosphere-tracking-id=0&X-Atmosphere-Framework=2.2.3-javascript&X-Atmosphere-Transport=long-polling&X-Atmosphere-TrackMessageSize=true&Content-Type=charset%3Dutf-8&X-atmo-protocol=true&_=1776308015229 HTTP/1.1" 200 -
110.81.59.254 - - [16/Apr/2026:10:47:10 +0800] "GET /InternetTrading/longpoll/M8773?X-Atmosphere-tracking-id=0&X-Atmosphere-Framework=2.2.3-javascript&X-Atmosphere-Transport=long-polling&X-Atmosphere-TrackMessageSize=true&Content-Type=charset%3Dutf-8&X-atmo-protocol=true&_=1776308012959 HTTP/1.1" 200 -
14.19.84.100 - - [16/Apr/2026:10:47:15 +0800] "GET /InternetTrading/longpoll/13975?X-Atmosphere-tracking-id=0&X-Atmosphere-Framework=2.2.3-javascript&X-Atmosphere-Transport=long-polling&X-Atmosphere-TrackMessageSize=true&Content-Type=charset%3Dutf-8&X-atmo-protocol=true&_=1776308015671 HTTP/1.1" 200 -
119.136.152.250 - - [16/Apr/2026:10:47:16 +0800] "GET /InternetTrading/longpoll/51803?X-Atmosphere-tracking-id=0&X-Atmosphere-Framework=2.2.3-javascript&X-Atmosphere-Transport=long-polling&X-Atmosphere-TrackMessageSize=true&Content-Type=charset%3Dutf-8&X-atmo-protocol=true&_=1776308021223 HTTP/1.1" 200 -
110.81.59.254 - - [16/Apr/2026:10:47:16 +0800] "GET /InternetTrading/longpoll/M8773?X-Atmosphere-tracking-id=0&X-Atmosphere-Framework=2.2.3-javascript&X-Atmosphere-Transport=long-polling&X-Atmosphere-TrackMessageSize=true&Content-Type=charset%3Dutf-8&X-atmo-protocol=true&_=1776308018959 HTTP/1.1" 200 -
14.19.84.100 - - [16/Apr/2026:10:47:21 +0800] "GET /InternetTrading/longpoll/13975?X-Atmosphere-tracking-id=0&X-Atmosphere-Framework=2.2.3-javascript&X-Atmosphere-Transport=long-polling&X-Atmosphere-TrackMessageSize=true&Content-Type=charset%3Dutf-8&X-atmo-protocol=true&_=1776308021672 HTTP/1.1" 200 -
119.136.152.250 - - [16/Apr/2026:10:47:22 +0800] "GET /InternetTrading/longpoll/51803?X-Atmosphere-tracking-id=0&X-Atmosphere-Framework=2.2.3-javascript&X-Atmosphere-Transport=long-polling&X-Atmosphere-TrackMessageSize=true&Content-Type=charset%3Dutf-8&X-atmo-protocol=true&_=1776308027225 HTTP/1.1" 200 -
110.81.59.254 - - [16/Apr/2026:10:47:22 +0800] "GET /InternetTrading/longpoll/M8773?X-Atmosphere-tracking-id=0&X-Atmosphere-Framework=2.2.3-javascript&X-Atmosphere-Transport=long-polling&X-Atmosphere-TrackMessageSize=true&Content-Type=charset%3Dutf-8&X-atmo-protocol=true&_=1776308024959 HTTP/1.1" 200 -
119.136.152.250 - - [16/Apr/2026:10:47:24 +0800] "POST /InternetTrading/SessionErrorLogger HTTP/1.1" 200 117
119.136.152.250 - - [16/Apr/2026:10:47:24 +0800] "POST /InternetTrading/Heartbeat HTTP/1.1" 200 32
119.136.152.250 - - [16/Apr/2026:10:47:24 +0800] "POST /InternetTrading/SessionErrorLogger HTTP/1.1" 200 117
119.136.152.250 - - [16/Apr/2026:10:47:24 +0800] "POST /InternetTrading/MarketStatus HTTP/1.1" 200 772
14.19.84.100 - - [16/Apr/2026:10:47:27 +0800] "GET /InternetTrading/longpoll/13975?X-Atmosphere-tracking-id=0&X-Atmosphere-Framework=2.2.3-javascript&X-Atmosphere-Transport=long-polling&X-Atmosphere-TrackMessageSize=true&Content-Type=charset%3Dutf-8&X-atmo-protocol=true&_=1776308027672 HTTP/1.1" 200 -
119.136.152.250 - - [16/Apr/2026:10:47:28 +0800] "GET /InternetTrading/longpoll/51803?X-Atmosphere-tracking-id=0&X-Atmosphere-Framework=2.2.3-javascript&X-Atmosphere-Transport=long-polling&X-Atmosphere-TrackMessageSize=true&Content-Type=charset%3Dutf-8&X-atmo-protocol=true&_=1776308033236 HTTP/1.1" 200 -
110.81.59.254 - - [16/Apr/2026:10:47:29 +0800] "GET /InternetTrading/longpoll/M8773?X-Atmosphere-tracking-id=0&X-Atmosphere-Framework=2.2.3-javascript&X-Atmosphere-Transport=long-polling&X-Atmosphere-TrackMessageSize=true&Content-Type=charset%3Dutf-8&X-atmo-protocol=true&_=1776308030960 HTTP/1.1" 200 -
14.19.84.100 - - [16/Apr/2026:10:47:33 +0800] "GET /InternetTrading/longpoll/13975?X-Atmosphere-tracking-id=0&X-Atmosphere-Framework=2.2.3-javascript&X-Atmosphere-Transport=long-polling&X-Atmosphere-TrackMessageSize=true&Content-Type=charset%3Dutf-8&X-atmo-protocol=true&_=1776308033672 HTTP/1.1" 200 -
119.136.152.250 - - [16/Apr/2026:10:47:34 +0800] "GET /InternetTrading/longpoll/51803?X-Atmosphere-tracking-id=0&X-Atmosphere-Framework=2.2.3-javascript&X-Atmosphere-Transport=long-polling&X-Atmosphere-TrackMessageSize=true&Content-Type=charset%3Dutf-8&X-atmo-protocol=true&_=1776308039228 HTTP/1.1" 200 -
110.81.59.254 - - [16/Apr/2026:10:47:34 +0800] "GET /InternetTrading/longpoll/M8773?X-Atmosphere-tracking-id=0&X-Atmosphere-Framework=2.2.3-javascript&X-Atmosphere-Transport=long-polling&X-Atmosphere-TrackMessageSize=true&Content-Type=charset%3Dutf-8&X-atmo-protocol=true&_=1776308036960 HTTP/1.1" 200 -
14.19.84.100 - - [16/Apr/2026:10:47:39 +0800] "GET /InternetTrading/longpoll/13975?X-Atmosphere-tracking-id=0&X-Atmosphere-Framework=2.2.3-javascript&X-Atmosphere-Transport=long-polling&X-Atmosphere-TrackMessageSize=true&Content-Type=charset%3Dutf-8&X-atmo-protocol=true&_=1776308039671 HTTP/1.1" 200 -
119.136.152.250 - - [16/Apr/2026:10:47:40 +0800] "GET /InternetTrading/longpoll/51803?X-Atmosphere-tracking-id=0&X-Atmosphere-Framework=2.2.3-javascript&X-Atmosphere-Transport=long-polling&X-Atmosphere-TrackMessageSize=true&Content-Type=charset%3Dutf-8&X-atmo-protocol=true&_=1776308045236 HTTP/1.1" 200 -
110.81.59.254 - - [16/Apr/2026:10:47:40 +0800] "GET /InternetTrading/longpoll/M8773?X-Atmosphere-tracking-id=0&X-Atmosphere-Framework=2.2.3-javascript&X-Atmosphere-Transport=long-polling&X-Atmosphere-TrackMessageSize=true&Content-Type=charset%3Dutf-8&X-atmo-protocol=true&_=1776308042961 HTTP/1.1" 200 -
14.19.84.100 - - [16/Apr/2026:10:47:45 +0800] "GET /InternetTrading/longpoll/13975?X-Atmosphere-tracking-id=0&X-Atmosphere-Framework=2.2.3-javascript&X-Atmosphere-Transport=long-polling&X-Atmosphere-TrackMessageSize=true&Content-Type=charset%3Dutf-8&X-atmo-protocol=true&_=1776308045674 HTTP/1.1" 200 -
119.136.152.250 - - [16/Apr/2026:10:47:46 +0800] "GET /InternetTrading/longpoll/51803?X-Atmosphere-tracking-id=0&X-Atmosphere-Framework=2.2.3-javascript&X-Atmosphere-Transport=long-polling&X-Atmosphere-TrackMessageSize=true&Content-Type=charset%3Dutf-8&X-atmo-protocol=true&_=1776308051227 HTTP/1.1" 200 -
110.81.59.254 - - [16/Apr/2026:10:47:46 +0800] "GET /InternetTrading/longpoll/M8773?X-Atmosphere-tracking-id=0&X-Atmosphere-Framework=2.2.3-javascript&X-Atmosphere-Transport=long-polling&X-Atmosphere-TrackMessageSize=true&Content-Type=charset%3Dutf-8&X-atmo-protocol=true&_=1776308048961 HTTP/1.1" 200 -
14.19.84.100 - - [16/Apr/2026:10:47:51 +0800] "GET /InternetTrading/longpoll/13975?X-Atmosphere-tracking-id=0&X-Atmosphere-Framework=2.2.3-javascript&X-Atmosphere-Transport=long-polling&X-Atmosphere-TrackMessageSize=true&Content-Type=charset%3Dutf-8&X-atmo-protocol=true&_=1776308051674 HTTP/1.1" 200 -
110.81.59.254 - - [16/Apr/2026:10:47:51 +0800] "POST /InternetTrading/SessionErrorLogger HTTP/1.1" 200 117
110.81.59.254 - - [16/Apr/2026:10:47:52 +0800] "POST /InternetTrading/MarketStatus HTTP/1.1" 200 772
110.81.59.254 - - [16/Apr/2026:10:47:52 +0800] "POST /InternetTrading/SessionErrorLogger HTTP/1.1" 200 117
110.81.59.254 - - [16/Apr/2026:10:47:52 +0800] "POST /InternetTrading/Heartbeat HTTP/1.1" 200 32
119.136.152.250 - - [16/Apr/2026:10:47:52 +0800] "GET /InternetTrading/longpoll/51803?X-Atmosphere-tracking-id=0&X-Atmosphere-Framework=2.2.3-javascript&X-Atmosphere-Transport=long-polling&X-Atmosphere-TrackMessageSize=true&Content-Type=charset%3Dutf-8&X-atmo-protocol=true&_=1776308057239 HTTP/1.1" 200 -
110.81.59.254 - - [16/Apr/2026:10:47:52 +0800] "GET /InternetTrading/longpoll/M8773?X-Atmosphere-tracking-id=0&X-Atmosphere-Framework=2.2.3-javascript&X-Atmosphere-Transport=long-polling&X-Atmosphere-TrackMessageSize=true&Content-Type=charset%3Dutf-8&X-atmo-protocol=true&_=1776308054961 HTTP/1.1" 200 -
14.19.84.100 - - [16/Apr/2026:10:47:57 +0800] "GET /InternetTrading/longpoll/13975?X-Atmosphere-tracking-id=0&X-Atmosphere-Framework=2.2.3-javascript&X-Atmosphere-Transport=long-polling&X-Atmosphere-TrackMessageSize=true&Content-Type=charset%3Dutf-8&X-atmo-protocol=true&_=1776308057674 HTTP/1.1" 200 -
119.136.152.250 - - [16/Apr/2026:10:47:58 +0800] "GET /InternetTrading/longpoll/51803?X-Atmosphere-tracking-id=0&X-Atmosphere-Framework=2.2.3-javascript&X-Atmosphere-Transport=long-polling&X-Atmosphere-TrackMessageSize=true&Content-Type=charset%3Dutf-8&X-atmo-protocol=true&_=1776308063224 HTTP/1.1" 200 -
110.81.59.254 - - [16/Apr/2026:10:47:58 +0800] "GET /InternetTrading/longpoll/M8773?X-Atmosphere-tracking-id=0&X-Atmosphere-Framework=2.2.3-javascript&X-Atmosphere-Transport=long-polling&X-Atmosphere-TrackMessageSize=true&Content-Type=charset%3Dutf-8&X-atmo-protocol=true&_=1776308060961 HTTP/1.1" 200 -
66.132.172.185 - - [16/Apr/2026:10:47:59 +0800] "GET / HTTP/1.1" 200 3426
66.132.172.185 - - [16/Apr/2026:10:48:00 +0800] "GET /lib HTTP/1.1" 301 236
66.132.172.185 - - [16/Apr/2026:10:48:01 +0800] "GET /lib/ HTTP/1.1" 200 4338
66.132.172.185 - - [16/Apr/2026:10:48:02 +0800] "GET /conf HTTP/1.1" 301 237
66.132.172.185 - - [16/Apr/2026:10:48:02 +0800] "GET /conf/ HTTP/1.1" 200 3003
66.132.172.185 - - [16/Apr/2026:10:48:03 +0800] "GET /conf/ssl HTTP/1.1" 301 241
14.19.84.100 - - [16/Apr/2026:10:48:03 +0800] "GET /InternetTrading/longpoll/13975?X-Atmosphere-tracking-id=0&X-Atmosphere-Framework=2.2.3-javascript&X-Atmosphere-Transport=long-polling&X-Atmosphere-TrackMessageSize=true&Content-Type=charset%3Dutf-8&X-atmo-protocol=true&_=1776308063674 HTTP/1.1" 200 -
119.136.152.250 - - [16/Apr/2026:10:48:04 +0800] "GET /InternetTrading/longpoll/51803?X-Atmosphere-tracking-id=0&X-Atmosphere-Framework=2.2.3-javascript&X-Atmosphere-Transport=long-polling&X-Atmosphere-TrackMessageSize=true&Content-Type=charset%3Dutf-8&X-atmo-protocol=true&_=1776308069237 HTTP/1.1" 200 -
66.132.172.185 - - [16/Apr/2026:10:48:04 +0800] "GET /conf/ssl/ HTTP/1.1" 200 1538
110.81.59.254 - - [16/Apr/2026:10:48:04 +0800] "GET /InternetTrading/longpoll/M8773?X-Atmosphere-tracking-id=0&X-Atmosphere-Framework=2.2.3-javascript&X-Atmosphere-Transport=long-polling&X-Atmosphere-TrackMessageSize=true&Content-Type=charset%3Dutf-8&X-atmo-protocol=true&_=1776308066960 HTTP/1.1" 200 -
14.19.84.100 - - [16/Apr/2026:10:48:05 +0800] "POST /InternetTrading/SessionErrorLogger HTTP/1.1" 200 117
14.19.84.100 - - [16/Apr/2026:10:48:05 +0800] "POST /InternetTrading/Heartbeat HTTP/1.1" 200 32
14.19.84.100 - - [16/Apr/2026:10:48:05 +0800] "POST /InternetTrading/SessionErrorLogger HTTP/1.1" 200 117
14.19.84.100 - - [16/Apr/2026:10:48:05 +0800] "POST /InternetTrading/MarketStatus HTTP/1.1" 200 772
66.132.172.185 - - [16/Apr/2026:10:48:07 +0800] "GET /conf/ssl/kingston2025 HTTP/1.1" 301 254
66.132.172.185 - - [16/Apr/2026:10:48:07 +0800] "GET /conf/ssl/kingston2025/ HTTP/1.1" 200 1359
66.132.172.185 - - [16/Apr/2026:10:48:08 +0800] "GET /conf/ssl/Old HTTP/1.1" 301 245
66.132.172.185 - - [16/Apr/2026:10:48:08 +0800] "GET /conf/ssl/Old/ HTTP/1.1" 200 1124
66.132.172.185 - - [16/Apr/2026:10:48:09 +0800] "GET /conf/ssl/backup2024 HTTP/1.1" 301 252
14.19.84.100 - - [16/Apr/2026:10:48:09 +0800] "GET /InternetTrading/longpoll/13975?X-Atmosphere-tracking-id=0&X-Atmosphere-Framework=2.2.3-javascript&X-Atmosphere-Transport=long-polling&X-Atmosphere-TrackMessageSize=true&Content-Type=charset%3Dutf-8&X-atmo-protocol=true&_=1776308069673 HTTP/1.1" 200 -
66.132.172.185 - - [16/Apr/2026:10:48:10 +0800] "GET /conf/ssl/backup2024/ HTTP/1.1" 200 1355
119.136.152.250 - - [16/Apr/2026:10:48:10 +0800] "GET /InternetTrading/longpoll/51803?X-Atmosphere-tracking-id=0&X-Atmosphere-Framework=2.2.3-javascript&X-Atmosphere-Transport=long-polling&X-Atmosphere-TrackMessageSize=true&Content-Type=charset%3Dutf-8&X-atmo-protocol=true&_=1776308075228 HTTP/1.1" 200 -
110.81.59.254 - - [16/Apr/2026:10:48:10 +0800] "GET /InternetTrading/longpoll/M8773?X-Atmosphere-tracking-id=0&X-Atmosphere-Framework=2.2.3-javascript&X-Atmosphere-Transport=long-polling&X-Atmosphere-TrackMessageSize=true&Content-Type=charset%3Dutf-8&X-atmo-protocol=true&_=1776308072960 HTTP/1.1" 200 -
66.132.172.185 - - [16/Apr/2026:10:48:11 +0800] "GET /conf/cert HTTP/1.1" 301 242
66.132.172.185 - - [16/Apr/2026:10:48:12 +0800] "GET /conf/cert/ HTTP/1.1" 200 1541
66.132.172.185 - - [16/Apr/2026:10:48:13 +0800] "GET /conf/cert/backup HTTP/1.1" 301 249
66.132.172.185 - - [16/Apr/2026:10:48:14 +0800] "GET /conf/cert/backup/ HTTP/1.1" 200 1562
14.19.84.100 - - [16/Apr/2026:10:48:15 +0800] "GET /InternetTrading/longpoll/13975?X-Atmosphere-tracking-id=0&X-Atmosphere-Framework=2.2.3-javascript&X-Atmosphere-Transport=long-polling&X-Atmosphere-TrackMessageSize=true&Content-Type=charset%3Dutf-8&X-atmo-protocol=true&_=1776308075674 HTTP/1.1" 200 -
66.132.172.185 - - [16/Apr/2026:10:48:15 +0800] "GET /conf/cert/backup/20260204 HTTP/1.1" 301 258
119.136.152.250 - - [16/Apr/2026:10:48:16 +0800] "GET /InternetTrading/longpoll/51803?X-Atmosphere-tracking-id=0&X-Atmosphere-Framework=2.2.3-javascript&X-Atmosphere-Transport=long-polling&X-Atmosphere-TrackMessageSize=true&Content-Type=charset%3Dutf-8&X-atmo-protocol=true&_=1776308081226 HTTP/1.1" 200 -
110.81.59.254 - - [16/Apr/2026:10:48:16 +0800] "GET /InternetTrading/longpoll/M8773?X-Atmosphere-tracking-id=0&X-Atmosphere-Framework=2.2.3-javascript&X-Atmosphere-Transport=long-polling&X-Atmosphere-TrackMessageSize=true&Content-Type=charset%3Dutf-8&X-atmo-protocol=true&_=1776308078960 HTTP/1.1" 200 -
66.132.172.185 - - [16/Apr/2026:10:48:17 +0800] "GET /conf/cert/backup/20260204/ HTTP/1.1" 200 1375
66.132.172.185 - - [16/Apr/2026:10:48:18 +0800] "GET /conf/original HTTP/1.1" 301 246
66.132.172.185 - - [16/Apr/2026:10:48:19 +0800] "GET /conf/original/ HTTP/1.1" 200 1753
66.132.172.185 - - [16/Apr/2026:10:48:20 +0800] "GET /conf/original/extra HTTP/1.1" 301 252
66.132.172.185 - - [16/Apr/2026:10:48:20 +0800] "GET /conf/original/extra/ HTTP/1.1" 200 3341
14.19.84.100 - - [16/Apr/2026:10:48:21 +0800] "GET /InternetTrading/longpoll/13975?X-Atmosphere-tracking-id=0&X-Atmosphere-Framework=2.2.3-javascript&X-Atmosphere-Transport=long-polling&X-Atmosphere-TrackMessageSize=true&Content-Type=charset%3Dutf-8&X-atmo-protocol=true&_=1776308081674 HTTP/1.1" 200 -
66.132.172.185 - - [16/Apr/2026:10:48:21 +0800] "GET /conf/iasia HTTP/1.1" 301 243
119.136.152.250 - - [16/Apr/2026:10:48:22 +0800] "GET /InternetTrading/longpoll/51803?X-Atmosphere-tracking-id=0&X-Atmosphere-Framework=2.2.3-javascript&X-Atmosphere-Transport=long-polling&X-Atmosphere-TrackMessageSize=true&Content-Type=charset%3Dutf-8&X-atmo-protocol=true&_=1776308087236 HTTP/1.1" 200 -
110.81.59.254 - - [16/Apr/2026:10:48:22 +0800] "GET /InternetTrading/longpoll/M8773?X-Atmosphere-tracking-id=0&X-Atmosphere-Framework=2.2.3-javascript&X-Atmosphere-Transport=long-polling&X-Atmosphere-TrackMessageSize=true&Content-Type=charset%3Dutf-8&X-atmo-protocol=true&_=1776308084960 HTTP/1.1" 200 -
66.132.172.185 - - [16/Apr/2026:10:48:23 +0800] "GET /conf/iasia/ HTTP/1.1" 200 1353
119.136.152.250 - - [16/Apr/2026:10:48:24 +0800] "POST /InternetTrading/SessionErrorLogger HTTP/1.1" 200 117
119.136.152.250 - - [16/Apr/2026:10:48:24 +0800] "POST /InternetTrading/Heartbeat HTTP/1.1" 200 32
119.136.152.250 - - [16/Apr/2026:10:48:24 +0800] "POST /InternetTrading/SessionErrorLogger HTTP/1.1" 200 117
119.136.152.250 - - [16/Apr/2026:10:48:24 +0800] "POST /InternetTrading/MarketStatus HTTP/1.1" 200 772
66.132.172.185 - - [16/Apr/2026:10:48:25 +0800] "GET /conf/extra HTTP/1.1" 301 243
66.132.172.185 - - [16/Apr/2026:10:48:26 +0800] "GET /conf/extra/ HTTP/1.1" 200 4002
14.19.84.100 - - [16/Apr/2026:10:48:27 +0800] "GET /InternetTrading/longpoll/13975?X-Atmosphere-tracking-id=0&X-Atmosphere-Framework=2.2.3-javascript&X-Atmosphere-Transport=long-polling&X-Atmosphere-TrackMessageSize=true&Content-Type=charset%3Dutf-8&X-atmo-protocol=true&_=1776308087674 HTTP/1.1" 200 -
119.136.152.250 - - [16/Apr/2026:10:48:28 +0800] "GET /InternetTrading/longpoll/51803?X-Atmosphere-tracking-id=0&X-Atmosphere-Framework=2.2.3-javascript&X-Atmosphere-Transport=long-polling&X-Atmosphere-TrackMessageSize=true&Content-Type=charset%3Dutf-8&X-atmo-protocol=true&_=1776308093238 HTTP/1.1" 200 -
110.81.59.254 - - [16/Apr/2026:10:48:29 +0800] "GET /InternetTrading/longpoll/M8773?X-Atmosphere-tracking-id=0&X-Atmosphere-Framework=2.2.3-javascript&X-Atmosphere-Transport=long-polling&X-Atmosphere-TrackMessageSize=true&Content-Type=charset%3Dutf-8&X-atmo-protocol=true&_=1776308090961 HTTP/1.1" 200 -
66.132.172.185 - - [16/Apr/2026:10:48:29 +0800] "GET /modules HTTP/1.1" 301 240
66.132.172.185 - - [16/Apr/2026:10:48:31 +0800] "GET /modules/ HTTP/1.1" 200 25762
14.19.84.100 - - [16/Apr/2026:10:48:33 +0800] "GET /InternetTrading/longpoll/13975?X-Atmosphere-tracking-id=0&X-Atmosphere-Framework=2.2.3-javascript&X-Atmosphere-Transport=long-polling&X-Atmosphere-TrackMessageSize=true&Content-Type=charset%3Dutf-8&X-atmo-protocol=true&_=1776308093674 HTTP/1.1" 200 -
119.136.152.250 - - [16/Apr/2026:10:48:34 +0800] "GET /InternetTrading/longpoll/51803?X-Atmosphere-tracking-id=0&X-Atmosphere-Framework=2.2.3-javascript&X-Atmosphere-Transport=long-polling&X-Atmosphere-TrackMessageSize=true&Content-Type=charset%3Dutf-8&X-atmo-protocol=true&_=1776308099229 HTTP/1.1" 200 -
110.81.59.254 - - [16/Apr/2026:10:48:34 +0800] "GET /InternetTrading/longpoll/M8773?X-Atmosphere-tracking-id=0&X-Atmosphere-Framework=2.2.3-javascript&X-Atmosphere-Transport=long-polling&X-Atmosphere-TrackMessageSize=true&Content-Type=charset%3Dutf-8&X-atmo-protocol=true&_=1776308096962 HTTP/1.1" 200 -
66.132.172.185 - - [16/Apr/2026:10:48:35 +0800] "GET /bin HTTP/1.1" 301 236
66.132.172.185 - - [16/Apr/2026:10:48:37 +0800] "GET /bin/ HTTP/1.1" 200 7805
66.132.172.185 - - [16/Apr/2026:10:48:38 +0800] "GET /manual HTTP/1.1" 301 239
66.132.172.185 - - [16/Apr/2026:10:48:39 +0800] "GET /manual/ HTTP/1.1" 200 884
14.19.84.100 - - [16/Apr/2026:10:48:39 +0800] "GET /InternetTrading/longpoll/13975?X-Atmosphere-tracking-id=0&X-Atmosphere-Framework=2.2.3-javascript&X-Atmosphere-Transport=long-polling&X-Atmosphere-TrackMessageSize=true&Content-Type=charset%3Dutf-8&X-atmo-protocol=true&_=1776308099673 HTTP/1.1" 200 -
119.136.152.250 - - [16/Apr/2026:10:48:40 +0800] "GET /InternetTrading/longpoll/51803?X-Atmosphere-tracking-id=0&X-Atmosphere-Framework=2.2.3-javascript&X-Atmosphere-Transport=long-polling&X-Atmosphere-TrackMessageSize=true&Content-Type=charset%3Dutf-8&X-atmo-protocol=true&_=1776308105225 HTTP/1.1" 200 -
110.81.59.254 - - [16/Apr/2026:10:48:41 +0800] "GET /InternetTrading/longpoll/M8773?X-Atmosphere-tracking-id=0&X-Atmosphere-Framework=2.2.3-javascript&X-Atmosphere-Transport=long-polling&X-Atmosphere-TrackMessageSize=true&Content-Type=charset%3Dutf-8&X-atmo-protocol=true&_=1776308102962 HTTP/1.1" 200 -
66.132.172.185 - - [16/Apr/2026:10:48:42 +0800] "GET /htdocs HTTP/1.1" 301 239
14.19.84.100 - - [16/Apr/2026:10:48:45 +0800] "GET /InternetTrading/longpoll/13975?X-Atmosphere-tracking-id=0&X-Atmosphere-Framework=2.2.3-javascript&X-Atmosphere-Transport=long-polling&X-Atmosphere-TrackMessageSize=true&Content-Type=charset%3Dutf-8&X-atmo-protocol=true&_=1776308105673 HTTP/1.1" 200 -
119.136.152.250 - - [16/Apr/2026:10:48:46 +0800] "GET /InternetTrading/longpoll/51803?X-Atmosphere-tracking-id=0&X-Atmosphere-Framework=2.2.3-javascript&X-Atmosphere-Transport=long-polling&X-Atmosphere-TrackMessageSize=true&Content-Type=charset%3Dutf-8&X-atmo-protocol=true&_=1776308111228 HTTP/1.1" 200 -
110.81.59.254 - - [16/Apr/2026:10:48:46 +0800] "GET /InternetTrading/longpoll/M8773?X-Atmosphere-tracking-id=0&X-Atmosphere-Framework=2.2.3-javascript&X-Atmosphere-Transport=long-polling&X-Atmosphere-TrackMessageSize=true&Content-Type=charset%3Dutf-8&X-atmo-protocol=true&_=1776308108962 HTTP/1.1" 200 -
66.132.172.185 - - [16/Apr/2026:10:48:46 +0800] "GET /htdocs/ HTTP/1.1" 200 46
66.132.172.185 - - [16/Apr/2026:10:48:47 +0800] "GET /logs HTTP/1.1" 301 237
66.132.172.185 - - [16/Apr/2026:10:48:48 +0800] "GET /logs/ HTTP/1.1" 200 306258
14.19.84.100 - - [16/Apr/2026:10:48:51 +0800] "GET /InternetTrading/longpoll/13975?X-Atmosphere-tracking-id=0&X-Atmosphere-Framework=2.2.3-javascript&X-Atmosphere-Transport=long-polling&X-Atmosphere-TrackMessageSize=true&Content-Type=charset%3Dutf-8&X-atmo-protocol=true&_=1776308111675 HTTP/1.1" 200 -
110.81.59.254 - - [16/Apr/2026:10:48:51 +0800] "POST /InternetTrading/SessionErrorLogger HTTP/1.1" 200 117
110.81.59.254 - - [16/Apr/2026:10:48:51 +0800] "POST /InternetTrading/MarketStatus HTTP/1.1" 200 772
110.81.59.254 - - [16/Apr/2026:10:48:52 +0800] "POST /InternetTrading/SessionErrorLogger HTTP/1.1" 200 117
110.81.59.254 - - [16/Apr/2026:10:48:52 +0800] "POST /InternetTrading/Heartbeat HTTP/1.1" 200 32
119.136.152.250 - - [16/Apr/2026:10:48:52 +0800] "GET /InternetTrading/longpoll/51803?X-Atmosphere-tracking-id=0&X-Atmosphere-Framework=2.2.3-javascript&X-Atmosphere-Transport=long-polling&X-Atmosphere-TrackMessageSize=true&Content-Type=charset%3Dutf-8&X-atmo-protocol=true&_=1776308117236 HTTP/1.1" 200 -
110.81.59.254 - - [16/Apr/2026:10:48:52 +0800] "GET /InternetTrading/longpoll/M8773?X-Atmosphere-tracking-id=0&X-Atmosphere-Framework=2.2.3-javascript&X-Atmosphere-Transport=long-polling&X-Atmosphere-TrackMessageSize=true&Content-Type=charset%3Dutf-8&X-atmo-protocol=true&_=1776308114962 HTTP/1.1" 200 -
14.19.84.100 - - [16/Apr/2026:10:48:57 +0800] "GET /InternetTrading/longpoll/13975?X-Atmosphere-tracking-id=0&X-Atmosphere-Framework=2.2.3-javascript&X-Atmosphere-Transport=long-polling&X-Atmosphere-TrackMessageSize=true&Content-Type=charset%3Dutf-8&X-atmo-protocol=true&_=1776308117680 HTTP/1.1" 200 -
119.136.152.250 - - [16/Apr/2026:10:48:58 +0800] "GET /InternetTrading/longpoll/51803?X-Atmosphere-tracking-id=0&X-Atmosphere-Framework=2.2.3-javascript&X-Atmosphere-Transport=long-polling&X-Atmosphere-TrackMessageSize=true&Content-Type=charset%3Dutf-8&X-atmo-protocol=true&_=1776308123235 HTTP/1.1" 200 -
110.81.59.254 - - [16/Apr/2026:10:48:58 +0800] "GET /InternetTrading/longpoll/M8773?X-Atmosphere-tracking-id=0&X-Atmosphere-Framework=2.2.3-javascript&X-Atmosphere-Transport=long-polling&X-Atmosphere-TrackMessageSize=true&Content-Type=charset%3Dutf-8&X-atmo-protocol=true&_=1776308120962 HTTP/1.1" 200 -
14.19.84.100 - - [16/Apr/2026:10:49:03 +0800] "GET /InternetTrading/longpoll/13975?X-Atmosphere-tracking-id=0&X-Atmosphere-Framework=2.2.3-javascript&X-Atmosphere-Transport=long-polling&X-Atmosphere-TrackMessageSize=true&Content-Type=charset%3Dutf-8&X-atmo-protocol=true&_=1776308123675 HTTP/1.1" 200 -
119.136.152.250 - - [16/Apr/2026:10:49:04 +0800] "GET /InternetTrading/longpoll/51803?X-Atmosphere-tracking-id=0&X-Atmosphere-Framework=2.2.3-javascript&X-Atmosphere-Transport=long-polling&X-Atmosphere-TrackMessageSize=true&Content-Type=charset%3Dutf-8&X-atmo-protocol=true&_=1776308129229 HTTP/1.1" 200 -
110.81.59.254 - - [16/Apr/2026:10:49:04 +0800] "GET /InternetTrading/longpoll/M8773?X-Atmosphere-tracking-id=0&X-Atmosphere-Framework=2.2.3-javascript&X-Atmosphere-Transport=long-polling&X-Atmosphere-TrackMessageSize=true&Content-Type=charset%3Dutf-8&X-atmo-protocol=true&_=1776308126961 HTTP/1.1" 200 -
14.19.84.100 - - [16/Apr/2026:10:49:05 +0800] "POST /InternetTrading/SessionErrorLogger HTTP/1.1" 200 117
14.19.84.100 - - [16/Apr/2026:10:49:05 +0800] "POST /InternetTrading/Heartbeat HTTP/1.1" 200 32
14.19.84.100 - - [16/Apr/2026:10:49:05 +0800] "POST /InternetTrading/SessionErrorLogger HTTP/1.1" 200 117
14.19.84.100 - - [16/Apr/2026:10:49:05 +0800] "POST /InternetTrading/MarketStatus HTTP/1.1" 200 772
14.19.84.100 - - [16/Apr/2026:10:49:09 +0800] "GET /InternetTrading/longpoll/13975?X-Atmosphere-tracking-id=0&X-Atmosphere-Framework=2.2.3-javascript&X-Atmosphere-Transport=long-polling&X-Atmosphere-TrackMessageSize=true&Content-Type=charset%3Dutf-8&X-atmo-protocol=true&_=1776308129675 HTTP/1.1" 200 -
119.136.152.250 - - [16/Apr/2026:10:49:10 +0800] "GET /InternetTrading/longpoll/51803?X-Atmosphere-tracking-id=0&X-Atmosphere-Framework=2.2.3-javascript&X-Atmosphere-Transport=long-polling&X-Atmosphere-TrackMessageSize=true&Content-Type=charset%3Dutf-8&X-atmo-protocol=true&_=1776308135224 HTTP/1.1" 200 -
110.81.59.254 - - [16/Apr/2026:10:49:10 +0800] "GET /InternetTrading/longpoll/M8773?X-Atmosphere-tracking-id=0&X-Atmosphere-Framework=2.2.3-javascript&X-Atmosphere-Transport=long-polling&X-Atmosphere-TrackMessageSize=true&Content-Type=charset%3Dutf-8&X-atmo-protocol=true&_=1776308132962 HTTP/1.1" 200 -
14.19.84.100 - - [16/Apr/2026:10:49:15 +0800] "GET /InternetTrading/longpoll/13975?X-Atmosphere-tracking-id=0&X-Atmosphere-Framework=2.2.3-javascript&X-Atmosphere-Transport=long-polling&X-Atmosphere-TrackMessageSize=true&Content-Type=charset%3Dutf-8&X-atmo-protocol=true&_=1776308135676 HTTP/1.1" 200 -
119.136.152.250 - - [16/Apr/2026:10:49:16 +0800] "GET /InternetTrading/longpoll/51803?X-Atmosphere-tracking-id=0&X-Atmosphere-Framework=2.2.3-javascript&X-Atmosphere-Transport=long-polling&X-Atmosphere-TrackMessageSize=true&Content-Type=charset%3Dutf-8&X-atmo-protocol=true&_=1776308141239 HTTP/1.1" 200 -
110.81.59.254 - - [16/Apr/2026:10:49:17 +0800] "GET /InternetTrading/longpoll/M8773?X-Atmosphere-tracking-id=0&X-Atmosphere-Framework=2.2.3-javascript&X-Atmosphere-Transport=long-polling&X-Atmosphere-TrackMessageSize=true&Content-Type=charset%3Dutf-8&X-atmo-protocol=true&_=1776308138962 HTTP/1.1" 200 -
14.19.84.100 - - [16/Apr/2026:10:49:21 +0800] "GET /InternetTrading/longpoll/13975?X-Atmosphere-tracking-id=0&X-Atmosphere-Framework=2.2.3-javascript&X-Atmosphere-Transport=long-polling&X-Atmosphere-TrackMessageSize=true&Content-Type=charset%3Dutf-8&X-atmo-protocol=true&_=1776308141675 HTTP/1.1" 200 -
119.136.152.250 - - [16/Apr/2026:10:49:22 +0800] "GET /InternetTrading/longpoll/51803?X-Atmosphere-tracking-id=0&X-Atmosphere-Framework=2.2.3-javascript&X-Atmosphere-Transport=long-polling&X-Atmosphere-TrackMessageSize=true&Content-Type=charset%3Dutf-8&X-atmo-protocol=true&_=1776308147237 HTTP/1.1" 200 -
110.81.59.254 - - [16/Apr/2026:10:49:22 +0800] "GET /InternetTrading/longpoll/M8773?X-Atmosphere-tracking-id=0&X-Atmosphere-Framework=2.2.3-javascript&X-Atmosphere-Transport=long-polling&X-Atmosphere-TrackMessageSize=true&Content-Type=charset%3Dutf-8&X-atmo-protocol=true&_=1776308144962 HTTP/1.1" 200 -
119.136.152.250 - - [16/Apr/2026:10:49:24 +0800] "POST /InternetTrading/SessionErrorLogger HTTP/1.1" 200 117
119.136.152.250 - - [16/Apr/2026:10:49:24 +0800] "POST /InternetTrading/Heartbeat HTTP/1.1" 200 32
119.136.152.250 - - [16/Apr/2026:10:49:24 +0800] "POST /InternetTrading/SessionErrorLogger HTTP/1.1" 200 117
119.136.152.250 - - [16/Apr/2026:10:49:24 +0800] "POST /InternetTrading/MarketStatus HTTP/1.1" 200 772
14.19.84.100 - - [16/Apr/2026:10:49:27 +0800] "GET /InternetTrading/longpoll/13975?X-Atmosphere-tracking-id=0&X-Atmosphere-Framework=2.2.3-javascript&X-Atmosphere-Transport=long-polling&X-Atmosphere-TrackMessageSize=true&Content-Type=charset%3Dutf-8&X-atmo-protocol=true&_=1776308147675 HTTP/1.1" 200 -
119.136.152.250 - - [16/Apr/2026:10:49:28 +0800] "GET /InternetTrading/longpoll/51803?X-Atmosphere-tracking-id=0&X-Atmosphere-Framework=2.2.3-javascript&X-Atmosphere-Transport=long-polling&X-Atmosphere-TrackMessageSize=true&Content-Type=charset%3Dutf-8&X-atmo-protocol=true&_=1776308153237 HTTP/1.1" 200 -
110.81.59.254 - - [16/Apr/2026:10:49:29 +0800] "GET /InternetTrading/longpoll/M8773?X-Atmosphere-tracking-id=0&X-Atmosphere-Framework=2.2.3-javascript&X-Atmosphere-Transport=long-polling&X-Atmosphere-TrackMessageSize=true&Content-Type=charset%3Dutf-8&X-atmo-protocol=true&_=1776308150963 HTTP/1.1" 200 -
14.19.84.100 - - [16/Apr/2026:10:49:33 +0800] "GET /InternetTrading/longpoll/13975?X-Atmosphere-tracking-id=0&X-Atmosphere-Framework=2.2.3-javascript&X-Atmosphere-Transport=long-polling&X-Atmosphere-TrackMessageSize=true&Content-Type=charset%3Dutf-8&X-atmo-protocol=true&_=1776308153675 HTTP/1.1" 200 -
119.136.152.250 - - [16/Apr/2026:10:49:34 +0800] "GET /InternetTrading/longpoll/51803?X-Atmosphere-tracking-id=0&X-Atmosphere-Framework=2.2.3-javascript&X-Atmosphere-Transport=long-polling&X-Atmosphere-TrackMessageSize=true&Content-Type=charset%3Dutf-8&X-atmo-protocol=true&_=1776308159237 HTTP/1.1" 200 -
110.81.59.254 - - [16/Apr/2026:10:49:34 +0800] "GET /InternetTrading/longpoll/M8773?X-Atmosphere-tracking-id=0&X-Atmosphere-Framework=2.2.3-javascript&X-Atmosphere-Transport=long-polling&X-Atmosphere-TrackMessageSize=true&Content-Type=charset%3Dutf-8&X-atmo-protocol=true&_=1776308156963 HTTP/1.1" 200 -
14.19.84.100 - - [16/Apr/2026:10:49:39 +0800] "GET /InternetTrading/longpoll/13975?X-Atmosphere-tracking-id=0&X-Atmosphere-Framework=2.2.3-javascript&X-Atmosphere-Transport=long-polling&X-Atmosphere-TrackMessageSize=true&Content-Type=charset%3Dutf-8&X-atmo-protocol=true&_=1776308159676 HTTP/1.1" 200 -
119.136.152.250 - - [16/Apr/2026:10:49:40 +0800] "GET /InternetTrading/longpoll/51803?X-Atmosphere-tracking-id=0&X-Atmosphere-Framework=2.2.3-javascript&X-Atmosphere-Transport=long-polling&X-Atmosphere-TrackMessageSize=true&Content-Type=charset%3Dutf-8&X-atmo-protocol=true&_=1776308165226 HTTP/1.1" 200 -
110.81.59.254 - - [16/Apr/2026:10:49:40 +0800] "GET /InternetTrading/longpoll/M8773?X-Atmosphere-tracking-id=0&X-Atmosphere-Framework=2.2.3-javascript&X-Atmosphere-Transport=long-polling&X-Atmosphere-TrackMessageSize=true&Content-Type=charset%3Dutf-8&X-atmo-protocol=true&_=1776308162963 HTTP/1.1" 200 -
14.19.84.100 - - [16/Apr/2026:10:49:45 +0800] "GET /InternetTrading/longpoll/13975?X-Atmosphere-tracking-id=0&X-Atmosphere-Framework=2.2.3-javascript&X-Atmosphere-Transport=long-polling&X-Atmosphere-TrackMessageSize=true&Content-Type=charset%3Dutf-8&X-atmo-protocol=true&_=1776308165678 HTTP/1.1" 200 -
119.136.152.250 - - [16/Apr/2026:10:49:46 +0800] "GET /InternetTrading/longpoll/51803?X-Atmosphere-tracking-id=0&X-Atmosphere-Framework=2.2.3-javascript&X-Atmosphere-Transport=long-polling&X-Atmosphere-TrackMessageSize=true&Content-Type=charset%3Dutf-8&X-atmo-protocol=true&_=1776308171225 HTTP/1.1" 200 -
110.81.59.254 - - [16/Apr/2026:10:49:47 +0800] "GET /InternetTrading/longpoll/M8773?X-Atmosphere-tracking-id=0&X-Atmosphere-Framework=2.2.3-javascript&X-Atmosphere-Transport=long-polling&X-Atmosphere-TrackMessageSize=true&Content-Type=charset%3Dutf-8&X-atmo-protocol=true&_=1776308168962 HTTP/1.1" 200 -
14.19.84.100 - - [16/Apr/2026:10:49:51 +0800] "GET /InternetTrading/longpoll/13975?X-Atmosphere-tracking-id=0&X-Atmosphere-Framework=2.2.3-javascript&X-Atmosphere-Transport=long-polling&X-Atmosphere-TrackMessageSize=true&Content-Type=charset%3Dutf-8&X-atmo-protocol=true&_=1776308171678 HTTP/1.1" 200 -
110.81.59.254 - - [16/Apr/2026:10:49:52 +0800] "POST /InternetTrading/SessionErrorLogger HTTP/1.1" 200 117
110.81.59.254 - - [16/Apr/2026:10:49:52 +0800] "POST /InternetTrading/MarketStatus HTTP/1.1" 200 772
110.81.59.254 - - [16/Apr/2026:10:49:52 +0800] "POST /InternetTrading/SessionErrorLogger HTTP/1.1" 200 117
110.81.59.254 - - [16/Apr/2026:10:49:52 +0800] "POST /InternetTrading/Heartbeat HTTP/1.1" 200 32
119.136.152.250 - - [16/Apr/2026:10:49:52 +0800] "GET /InternetTrading/longpoll/51803?X-Atmosphere-tracking-id=0&X-Atmosphere-Framework=2.2.3-javascript&X-Atmosphere-Transport=long-polling&X-Atmosphere-TrackMessageSize=true&Content-Type=charset%3Dutf-8&X-atmo-protocol=true&_=1776308177229 HTTP/1.1" 200 -
110.81.59.254 - - [16/Apr/2026:10:49:52 +0800] "GET /InternetTrading/longpoll/M8773?X-Atmosphere-tracking-id=0&X-Atmosphere-Framework=2.2.3-javascript&X-Atmosphere-Transport=long-polling&X-Atmosphere-TrackMessageSize=true&Content-Type=charset%3Dutf-8&X-atmo-protocol=true&_=1776308174962 HTTP/1.1" 200 -
14.19.84.100 - - [16/Apr/2026:10:49:57 +0800] "GET /InternetTrading/longpoll/13975?X-Atmosphere-tracking-id=0&X-Atmosphere-Framework=2.2.3-javascript&X-Atmosphere-Transport=long-polling&X-Atmosphere-TrackMessageSize=true&Content-Type=charset%3Dutf-8&X-atmo-protocol=true&_=1776308177677 HTTP/1.1" 200 -
119.136.152.250 - - [16/Apr/2026:10:49:58 +0800] "GET /InternetTrading/longpoll/51803?X-Atmosphere-tracking-id=0&X-Atmosphere-Framework=2.2.3-javascript&X-Atmosphere-Transport=long-polling&X-Atmosphere-TrackMessageSize=true&Content-Type=charset%3Dutf-8&X-atmo-protocol=true&_=1776308183228 HTTP/1.1" 200 -
110.81.59.254 - - [16/Apr/2026:10:49:58 +0800] "GET /InternetTrading/longpoll/M8773?X-Atmosphere-tracking-id=0&X-Atmosphere-Framework=2.2.3-javascript&X-Atmosphere-Transport=long-polling&X-Atmosphere-TrackMessageSize=true&Content-Type=charset%3Dutf-8&X-atmo-protocol=true&_=1776308180962 HTTP/1.1" 200 -
14.19.84.100 - - [16/Apr/2026:10:50:03 +0800] "GET /InternetTrading/longpoll/13975?X-Atmosphere-tracking-id=0&X-Atmosphere-Framework=2.2.3-javascript&X-Atmosphere-Transport=long-polling&X-Atmosphere-TrackMessageSize=true&Content-Type=charset%3Dutf-8&X-atmo-protocol=true&_=1776308183677 HTTP/1.1" 200 -
119.136.152.250 - - [16/Apr/2026:10:50:04 +0800] "GET /InternetTrading/longpoll/51803?X-Atmosphere-tracking-id=0&X-Atmosphere-Framework=2.2.3-javascript&X-Atmosphere-Transport=long-polling&X-Atmosphere-TrackMessageSize=true&Content-Type=charset%3Dutf-8&X-atmo-protocol=true&_=1776308189235 HTTP/1.1" 200 -
110.81.59.254 - - [16/Apr/2026:10:50:04 +0800] "GET /InternetTrading/longpoll/M8773?X-Atmosphere-tracking-id=0&X-Atmosphere-Framework=2.2.3-javascript&X-Atmosphere-Transport=long-polling&X-Atmosphere-TrackMessageSize=true&Content-Type=charset%3Dutf-8&X-atmo-protocol=true&_=1776308186963 HTTP/1.1" 200 -
14.19.84.100 - - [16/Apr/2026:10:50:05 +0800] "POST /InternetTrading/SessionErrorLogger HTTP/1.1" 200 117
14.19.84.100 - - [16/Apr/2026:10:50:05 +0800] "POST /InternetTrading/Heartbeat HTTP/1.1" 200 32
14.19.84.100 - - [16/Apr/2026:10:50:05 +0800] "POST /InternetTrading/SessionErrorLogger HTTP/1.1" 200 117
14.19.84.100 - - [16/Apr/2026:10:50:05 +0800] "POST /InternetTrading/MarketStatus HTTP/1.1" 200 772
14.19.84.100 - - [16/Apr/2026:10:50:09 +0800] "GET /InternetTrading/longpoll/13975?X-Atmosphere-tracking-id=0&X-Atmosphere-Framework=2.2.3-javascript&X-Atmosphere-Transport=long-polling&X-Atmosphere-TrackMessageSize=true&Content-Type=charset%3Dutf-8&X-atmo-protocol=true&_=1776308189681 HTTP/1.1" 200 -
119.136.152.250 - - [16/Apr/2026:10:50:10 +0800] "GET /InternetTrading/longpoll/51803?X-Atmosphere-tracking-id=0&X-Atmosphere-Framework=2.2.3-javascript&X-Atmosphere-Transport=long-polling&X-Atmosphere-TrackMessageSize=true&Content-Type=charset%3Dutf-8&X-atmo-protocol=true&_=1776308195234 HTTP/1.1" 200 -
110.81.59.254 - - [16/Apr/2026:10:50:10 +0800] "GET /InternetTrading/longpoll/M8773?X-Atmosphere-tracking-id=0&X-Atmosphere-Framework=2.2.3-javascript&X-Atmosphere-Transport=long-polling&X-Atmosphere-TrackMessageSize=true&Content-Type=charset%3Dutf-8&X-atmo-protocol=true&_=1776308192962 HTTP/1.1" 200 -
14.19.84.100 - - [16/Apr/2026:10:50:15 +0800] "GET /InternetTrading/longpoll/13975?X-Atmosphere-tracking-id=0&X-Atmosphere-Framework=2.2.3-javascript&X-Atmosphere-Transport=long-polling&X-Atmosphere-TrackMessageSize=true&Content-Type=charset%3Dutf-8&X-atmo-protocol=true&_=1776308195677 HTTP/1.1" 200 -
119.136.152.250 - - [16/Apr/2026:10:50:16 +0800] "GET /InternetTrading/longpoll/51803?X-Atmosphere-tracking-id=0&X-Atmosphere-Framework=2.2.3-javascript&X-Atmosphere-Transport=long-polling&X-Atmosphere-TrackMessageSize=true&Content-Type=charset%3Dutf-8&X-atmo-protocol=true&_=1776308201225 HTTP/1.1" 200 -
110.81.59.254 - - [16/Apr/2026:10:50:16 +0800] "GET /InternetTrading/longpoll/M8773?X-Atmosphere-tracking-id=0&X-Atmosphere-Framework=2.2.3-javascript&X-Atmosphere-Transport=long-polling&X-Atmosphere-TrackMessageSize=true&Content-Type=charset%3Dutf-8&X-atmo-protocol=true&_=1776308198963 HTTP/1.1" 200 -
14.19.84.100 - - [16/Apr/2026:10:50:21 +0800] "GET /InternetTrading/longpoll/13975?X-Atmosphere-tracking-id=0&X-Atmosphere-Framework=2.2.3-javascript&X-Atmosphere-Transport=long-polling&X-Atmosphere-TrackMessageSize=true&Content-Type=charset%3Dutf-8&X-atmo-protocol=true&_=1776308201680 HTTP/1.1" 200 -
119.136.152.250 - - [16/Apr/2026:10:50:22 +0800] "GET /InternetTrading/longpoll/51803?X-Atmosphere-tracking-id=0&X-Atmosphere-Framework=2.2.3-javascript&X-Atmosphere-Transport=long-polling&X-Atmosphere-TrackMessageSize=true&Content-Type=charset%3Dutf-8&X-atmo-protocol=true&_=1776308207233 HTTP/1.1" 200 -
110.81.59.254 - - [16/Apr/2026:10:50:22 +0800] "GET /InternetTrading/longpoll/M8773?X-Atmosphere-tracking-id=0&X-Atmosphere-Framework=2.2.3-javascript&X-Atmosphere-Transport=long-polling&X-Atmosphere-TrackMessageSize=true&Content-Type=charset%3Dutf-8&X-atmo-protocol=true&_=1776308204963 HTTP/1.1" 200 -
119.136.152.250 - - [16/Apr/2026:10:50:24 +0800] "POST /InternetTrading/SessionErrorLogger HTTP/1.1" 200 117
119.136.152.250 - - [16/Apr/2026:10:50:24 +0800] "POST /InternetTrading/Heartbeat HTTP/1.1" 200 32
119.136.152.250 - - [16/Apr/2026:10:50:24 +0800] "POST /InternetTrading/SessionErrorLogger HTTP/1.1" 200 117
119.136.152.250 - - [16/Apr/2026:10:50:24 +0800] "POST /InternetTrading/MarketStatus HTTP/1.1" 200 772
14.19.84.100 - - [16/Apr/2026:10:50:27 +0800] "GET /InternetTrading/longpoll/13975?X-Atmosphere-tracking-id=0&X-Atmosphere-Framework=2.2.3-javascript&X-Atmosphere-Transport=long-polling&X-Atmosphere-TrackMessageSize=true&Content-Type=charset%3Dutf-8&X-atmo-protocol=true&_=1776308207678 HTTP/1.1" 200 -
119.136.152.250 - - [16/Apr/2026:10:50:28 +0800] "GET /InternetTrading/longpoll/51803?X-Atmosphere-tracking-id=0&X-Atmosphere-Framework=2.2.3-javascript&X-Atmosphere-Transport=long-polling&X-Atmosphere-TrackMessageSize=true&Content-Type=charset%3Dutf-8&X-atmo-protocol=true&_=1776308213238 HTTP/1.1" 200 -
110.81.59.254 - - [16/Apr/2026:10:50:28 +0800] "GET /InternetTrading/longpoll/M8773?X-Atmosphere-tracking-id=0&X-Atmosphere-Framework=2.2.3-javascript&X-Atmosphere-Transport=long-polling&X-Atmosphere-TrackMessageSize=true&Content-Type=charset%3Dutf-8&X-atmo-protocol=true&_=1776308210965 HTTP/1.1" 200 -
14.19.84.100 - - [16/Apr/2026:10:50:33 +0800] "GET /InternetTrading/longpoll/13975?X-Atmosphere-tracking-id=0&X-Atmosphere-Framework=2.2.3-javascript&X-Atmosphere-Transport=long-polling&X-Atmosphere-TrackMessageSize=true&Content-Type=charset%3Dutf-8&X-atmo-protocol=true&_=1776308213677 HTTP/1.1" 200 -
119.136.152.250 - - [16/Apr/2026:10:50:34 +0800] "GET /InternetTrading/longpoll/51803?X-Atmosphere-tracking-id=0&X-Atmosphere-Framework=2.2.3-javascript&X-Atmosphere-Transport=long-polling&X-Atmosphere-TrackMessageSize=true&Content-Type=charset%3Dutf-8&X-atmo-protocol=true&_=1776308219230 HTTP/1.1" 200 -
110.81.59.254 - - [16/Apr/2026:10:50:35 +0800] "GET /InternetTrading/longpoll/M8773?X-Atmosphere-tracking-id=0&X-Atmosphere-Framework=2.2.3-javascript&X-Atmosphere-Transport=long-polling&X-Atmosphere-TrackMessageSize=true&Content-Type=charset%3Dutf-8&X-atmo-protocol=true&_=1776308216964 HTTP/1.1" 200 -
14.19.84.100 - - [16/Apr/2026:10:50:39 +0800] "GET /InternetTrading/longpoll/13975?X-Atmosphere-tracking-id=0&X-Atmosphere-Framework=2.2.3-javascript&X-Atmosphere-Transport=long-polling&X-Atmosphere-TrackMessageSize=true&Content-Type=charset%3Dutf-8&X-atmo-protocol=true&_=1776308219677 HTTP/1.1" 200 -
119.136.152.250 - - [16/Apr/2026:10:50:40 +0800] "GET /InternetTrading/longpoll/51803?X-Atmosphere-tracking-id=0&X-Atmosphere-Framework=2.2.3-javascript&X-Atmosphere-Transport=long-polling&X-Atmosphere-TrackMessageSize=true&Content-Type=charset%3Dutf-8&X-atmo-protocol=true&_=1776308225229 HTTP/1.1" 200 -
110.81.59.254 - - [16/Apr/2026:10:50:40 +0800] "GET /InternetTrading/longpoll/M8773?X-Atmosphere-tracking-id=0&X-Atmosphere-Framework=2.2.3-javascript&X-Atmosphere-Transport=long-polling&X-Atmosphere-TrackMessageSize=true&Content-Type=charset%3Dutf-8&X-atmo-protocol=true&_=1776308222965 HTTP/1.1" 200 -
14.19.84.100 - - [16/Apr/2026:10:50:45 +0800] "GET /InternetTrading/longpoll/13975?X-Atmosphere-tracking-id=0&X-Atmosphere-Framework=2.2.3-javascript&X-Atmosphere-Transport=long-polling&X-Atmosphere-TrackMessageSize=true&Content-Type=charset%3Dutf-8&X-atmo-protocol=true&_=1776308225677 HTTP/1.1" 200 -
119.136.152.250 - - [16/Apr/2026:10:50:46 +0800] "GET /InternetTrading/longpoll/51803?X-Atmosphere-tracking-id=0&X-Atmosphere-Framework=2.2.3-javascript&X-Atmosphere-Transport=long-polling&X-Atmosphere-TrackMessageSize=true&Content-Type=charset%3Dutf-8&X-atmo-protocol=true&_=1776308231226 HTTP/1.1" 200 -
110.81.59.254 - - [16/Apr/2026:10:50:47 +0800] "GET /InternetTrading/longpoll/M8773?X-Atmosphere-tracking-id=0&X-Atmosphere-Framework=2.2.3-javascript&X-Atmosphere-Transport=long-polling&X-Atmosphere-TrackMessageSize=true&Content-Type=charset%3Dutf-8&X-atmo-protocol=true&_=1776308228964 HTTP/1.1" 200 -
14.19.84.100 - - [16/Apr/2026:10:50:51 +0800] "GET /InternetTrading/longpoll/13975?X-Atmosphere-tracking-id=0&X-Atmosphere-Framework=2.2.3-javascript&X-Atmosphere-Transport=long-polling&X-Atmosphere-TrackMessageSize=true&Content-Type=charset%3Dutf-8&X-atmo-protocol=true&_=1776308231679 HTTP/1.1" 200 -
110.81.59.254 - - [16/Apr/2026:10:50:51 +0800] "POST /InternetTrading/SessionErrorLogger HTTP/1.1" 200 117
110.81.59.254 - - [16/Apr/2026:10:50:51 +0800] "POST /InternetTrading/MarketStatus HTTP/1.1" 200 772
110.81.59.254 - - [16/Apr/2026:10:50:52 +0800] "POST /InternetTrading/SessionErrorLogger HTTP/1.1" 200 117
110.81.59.254 - - [16/Apr/2026:10:50:52 +0800] "POST /InternetTrading/Heartbeat HTTP/1.1" 200 32
119.136.152.250 - - [16/Apr/2026:10:50:52 +0800] "GET /InternetTrading/longpoll/51803?X-Atmosphere-tracking-id=0&X-Atmosphere-Framework=2.2.3-javascript&X-Atmosphere-Transport=long-polling&X-Atmosphere-TrackMessageSize=true&Content-Type=charset%3Dutf-8&X-atmo-protocol=true&_=1776308237237 HTTP/1.1" 200 -
110.81.59.254 - - [16/Apr/2026:10:50:52 +0800] "GET /InternetTrading/longpoll/M8773?X-Atmosphere-tracking-id=0&X-Atmosphere-Framework=2.2.3-javascript&X-Atmosphere-Transport=long-polling&X-Atmosphere-TrackMessageSize=true&Content-Type=charset%3Dutf-8&X-atmo-protocol=true&_=1776308234965 HTTP/1.1" 200 -
14.19.84.100 - - [16/Apr/2026:10:50:57 +0800] "GET /InternetTrading/longpoll/13975?X-Atmosphere-tracking-id=0&X-Atmosphere-Framework=2.2.3-javascript&X-Atmosphere-Transport=long-polling&X-Atmosphere-TrackMessageSize=true&Content-Type=charset%3Dutf-8&X-atmo-protocol=true&_=1776308237679 HTTP/1.1" 200 -
119.136.152.250 - - [16/Apr/2026:10:50:58 +0800] "GET /InternetTrading/longpoll/51803?X-Atmosphere-tracking-id=0&X-Atmosphere-Framework=2.2.3-javascript&X-Atmosphere-Transport=long-polling&X-Atmosphere-TrackMessageSize=true&Content-Type=charset%3Dutf-8&X-atmo-protocol=true&_=1776308243229 HTTP/1.1" 200 -
110.81.59.254 - - [16/Apr/2026:10:50:58 +0800] "GET /InternetTrading/longpoll/M8773?X-Atmosphere-tracking-id=0&X-Atmosphere-Framework=2.2.3-javascript&X-Atmosphere-Transport=long-polling&X-Atmosphere-TrackMessageSize=true&Content-Type=charset%3Dutf-8&X-atmo-protocol=true&_=1776308240964 HTTP/1.1" 200 -
14.19.84.100 - - [16/Apr/2026:10:51:03 +0800] "GET /InternetTrading/longpoll/13975?X-Atmosphere-tracking-id=0&X-Atmosphere-Framework=2.2.3-javascript&X-Atmosphere-Transport=long-polling&X-Atmosphere-TrackMessageSize=true&Content-Type=charset%3Dutf-8&X-atmo-protocol=true&_=1776308243678 HTTP/1.1" 200 -
119.136.152.250 - - [16/Apr/2026:10:51:04 +0800] "GET /InternetTrading/longpoll/51803?X-Atmosphere-tracking-id=0&X-Atmosphere-Framework=2.2.3-javascript&X-Atmosphere-Transport=long-polling&X-Atmosphere-TrackMessageSize=true&Content-Type=charset%3Dutf-8&X-atmo-protocol=true&_=1776308249230 HTTP/1.1" 200 -
110.81.59.254 - - [16/Apr/2026:10:51:04 +0800] "GET /InternetTrading/longpoll/M8773?X-Atmosphere-tracking-id=0&X-Atmosphere-Framework=2.2.3-javascript&X-Atmosphere-Transport=long-polling&X-Atmosphere-TrackMessageSize=true&Content-Type=charset%3Dutf-8&X-atmo-protocol=true&_=1776308246965 HTTP/1.1" 200 -
14.19.84.100 - - [16/Apr/2026:10:51:05 +0800] "POST /InternetTrading/SessionErrorLogger HTTP/1.1" 200 117
14.19.84.100 - - [16/Apr/2026:10:51:05 +0800] "POST /InternetTrading/Heartbeat HTTP/1.1" 200 32
14.19.84.100 - - [16/Apr/2026:10:51:05 +0800] "POST /InternetTrading/SessionErrorLogger HTTP/1.1" 200 117
14.19.84.100 - - [16/Apr/2026:10:51:05 +0800] "POST /InternetTrading/MarketStatus HTTP/1.1" 200 772
14.19.84.100 - - [16/Apr/2026:10:51:09 +0800] "GET /InternetTrading/longpoll/13975?X-Atmosphere-tracking-id=0&X-Atmosphere-Framework=2.2.3-javascript&X-Atmosphere-Transport=long-polling&X-Atmosphere-TrackMessageSize=true&Content-Type=charset%3Dutf-8&X-atmo-protocol=true&_=1776308249678 HTTP/1.1" 200 -
119.136.152.250 - - [16/Apr/2026:10:51:10 +0800] "GET /InternetTrading/longpoll/51803?X-Atmosphere-tracking-id=0&X-Atmosphere-Framework=2.2.3-javascript&X-Atmosphere-Transport=long-polling&X-Atmosphere-TrackMessageSize=true&Content-Type=charset%3Dutf-8&X-atmo-protocol=true&_=1776308255236 HTTP/1.1" 200 -
110.81.59.254 - - [16/Apr/2026:10:51:10 +0800] "GET /InternetTrading/longpoll/M8773?X-Atmosphere-tracking-id=0&X-Atmosphere-Framework=2.2.3-javascript&X-Atmosphere-Transport=long-polling&X-Atmosphere-TrackMessageSize=true&Content-Type=charset%3Dutf-8&X-atmo-protocol=true&_=1776308252965 HTTP/1.1" 200 -
14.19.84.100 - - [16/Apr/2026:10:51:15 +0800] "GET /InternetTrading/longpoll/13975?X-Atmosphere-tracking-id=0&X-Atmosphere-Framework=2.2.3-javascript&X-Atmosphere-Transport=long-polling&X-Atmosphere-TrackMessageSize=true&Content-Type=charset%3Dutf-8&X-atmo-protocol=true&_=1776308255678 HTTP/1.1" 200 -
119.136.152.250 - - [16/Apr/2026:10:51:16 +0800] "GET /InternetTrading/longpoll/51803?X-Atmosphere-tracking-id=0&X-Atmosphere-Framework=2.2.3-javascript&X-Atmosphere-Transport=long-polling&X-Atmosphere-TrackMessageSize=true&Content-Type=charset%3Dutf-8&X-atmo-protocol=true&_=1776308261233 HTTP/1.1" 200 -
110.81.59.254 - - [16/Apr/2026:10:51:16 +0800] "GET /InternetTrading/longpoll/M8773?X-Atmosphere-tracking-id=0&X-Atmosphere-Framework=2.2.3-javascript&X-Atmosphere-Transport=long-polling&X-Atmosphere-TrackMessageSize=true&Content-Type=charset%3Dutf-8&X-atmo-protocol=true&_=1776308258965 HTTP/1.1" 200 -
