14.19.84.100 - - [16/Apr/2026:10:37:35 +0800] "GET /InternetTrading/longpoll/13975?X-Atmosphere-tracking-id=0&X-Atmosphere-Framework=2.2.3-javascript&X-Atmosphere-Transport=long-polling&X-Atmosphere-TrackMessageSize=true&Content-Type=charset%3Dutf-8&X-atmo-protocol=true&_=1776307434656 HTTP/1.1" 200 -
110.81.59.254 - - [16/Apr/2026:10:37:35 +0800] "GET /InternetTrading/longpoll/M8773?X-Atmosphere-tracking-id=0&X-Atmosphere-Framework=2.2.3-javascript&X-Atmosphere-Transport=long-polling&X-Atmosphere-TrackMessageSize=true&Content-Type=charset%3Dutf-8&X-atmo-protocol=true&_=1776307436949 HTTP/1.1" 200 -
119.136.152.250 - - [16/Apr/2026:10:37:40 +0800] "GET /InternetTrading/longpoll/51803?X-Atmosphere-tracking-id=0&X-Atmosphere-Framework=2.2.3-javascript&X-Atmosphere-Transport=long-polling&X-Atmosphere-TrackMessageSize=true&Content-Type=charset%3Dutf-8&X-atmo-protocol=true&_=1776307445224 HTTP/1.1" 200 -
14.19.84.100 - - [16/Apr/2026:10:37:40 +0800] "GET /InternetTrading/longpoll/13975?X-Atmosphere-tracking-id=0&X-Atmosphere-Framework=2.2.3-javascript&X-Atmosphere-Transport=long-polling&X-Atmosphere-TrackMessageSize=true&Content-Type=charset%3Dutf-8&X-atmo-protocol=true&_=1776307440655 HTTP/1.1" 200 -
110.81.59.254 - - [16/Apr/2026:10:37:40 +0800] "GET /InternetTrading/longpoll/M8773?X-Atmosphere-tracking-id=0&X-Atmosphere-Framework=2.2.3-javascript&X-Atmosphere-Transport=long-polling&X-Atmosphere-TrackMessageSize=true&Content-Type=charset%3Dutf-8&X-atmo-protocol=true&_=1776307442948 HTTP/1.1" 200 -
119.136.152.250 - - [16/Apr/2026:10:37:46 +0800] "GET /InternetTrading/longpoll/51803?X-Atmosphere-tracking-id=0&X-Atmosphere-Framework=2.2.3-javascript&X-Atmosphere-Transport=long-polling&X-Atmosphere-TrackMessageSize=true&Content-Type=charset%3Dutf-8&X-atmo-protocol=true&_=1776307451233 HTTP/1.1" 200 -
14.19.84.100 - - [16/Apr/2026:10:37:46 +0800] "GET /InternetTrading/longpoll/13975?X-Atmosphere-tracking-id=0&X-Atmosphere-Framework=2.2.3-javascript&X-Atmosphere-Transport=long-polling&X-Atmosphere-TrackMessageSize=true&Content-Type=charset%3Dutf-8&X-atmo-protocol=true&_=1776307446655 HTTP/1.1" 200 -
110.81.59.254 - - [16/Apr/2026:10:37:46 +0800] "GET /InternetTrading/longpoll/M8773?X-Atmosphere-tracking-id=0&X-Atmosphere-Framework=2.2.3-javascript&X-Atmosphere-Transport=long-polling&X-Atmosphere-TrackMessageSize=true&Content-Type=charset%3Dutf-8&X-atmo-protocol=true&_=1776307448948 HTTP/1.1" 200 -
110.81.59.254 - - [16/Apr/2026:10:37:51 +0800] "POST /InternetTrading/SessionErrorLogger HTTP/1.1" 200 117
110.81.59.254 - - [16/Apr/2026:10:37:52 +0800] "POST /InternetTrading/MarketStatus HTTP/1.1" 200 772
110.81.59.254 - - [16/Apr/2026:10:37:52 +0800] "POST /InternetTrading/SessionErrorLogger HTTP/1.1" 200 117
110.81.59.254 - - [16/Apr/2026:10:37:52 +0800] "POST /InternetTrading/Heartbeat HTTP/1.1" 200 32
119.136.152.250 - - [16/Apr/2026:10:37:52 +0800] "GET /InternetTrading/longpoll/51803?X-Atmosphere-tracking-id=0&X-Atmosphere-Framework=2.2.3-javascript&X-Atmosphere-Transport=long-polling&X-Atmosphere-TrackMessageSize=true&Content-Type=charset%3Dutf-8&X-atmo-protocol=true&_=1776307457225 HTTP/1.1" 200 -
14.19.84.100 - - [16/Apr/2026:10:37:52 +0800] "GET /InternetTrading/longpoll/13975?X-Atmosphere-tracking-id=0&X-Atmosphere-Framework=2.2.3-javascript&X-Atmosphere-Transport=long-polling&X-Atmosphere-TrackMessageSize=true&Content-Type=charset%3Dutf-8&X-atmo-protocol=true&_=1776307452655 HTTP/1.1" 200 -
110.81.59.254 - - [16/Apr/2026:10:37:52 +0800] "GET /InternetTrading/longpoll/M8773?X-Atmosphere-tracking-id=0&X-Atmosphere-Framework=2.2.3-javascript&X-Atmosphere-Transport=long-polling&X-Atmosphere-TrackMessageSize=true&Content-Type=charset%3Dutf-8&X-atmo-protocol=true&_=1776307454948 HTTP/1.1" 200 -
119.136.152.250 - - [16/Apr/2026:10:37:58 +0800] "GET /InternetTrading/longpoll/51803?X-Atmosphere-tracking-id=0&X-Atmosphere-Framework=2.2.3-javascript&X-Atmosphere-Transport=long-polling&X-Atmosphere-TrackMessageSize=true&Content-Type=charset%3Dutf-8&X-atmo-protocol=true&_=1776307463228 HTTP/1.1" 200 -
14.19.84.100 - - [16/Apr/2026:10:37:58 +0800] "GET /InternetTrading/longpoll/13975?X-Atmosphere-tracking-id=0&X-Atmosphere-Framework=2.2.3-javascript&X-Atmosphere-Transport=long-polling&X-Atmosphere-TrackMessageSize=true&Content-Type=charset%3Dutf-8&X-atmo-protocol=true&_=1776307458656 HTTP/1.1" 200 -
110.81.59.254 - - [16/Apr/2026:10:37:58 +0800] "GET /InternetTrading/longpoll/M8773?X-Atmosphere-tracking-id=0&X-Atmosphere-Framework=2.2.3-javascript&X-Atmosphere-Transport=long-polling&X-Atmosphere-TrackMessageSize=true&Content-Type=charset%3Dutf-8&X-atmo-protocol=true&_=1776307460948 HTTP/1.1" 200 -
119.136.152.250 - - [16/Apr/2026:10:38:04 +0800] "GET /InternetTrading/longpoll/51803?X-Atmosphere-tracking-id=0&X-Atmosphere-Framework=2.2.3-javascript&X-Atmosphere-Transport=long-polling&X-Atmosphere-TrackMessageSize=true&Content-Type=charset%3Dutf-8&X-atmo-protocol=true&_=1776307469233 HTTP/1.1" 200 -
14.19.84.100 - - [16/Apr/2026:10:38:04 +0800] "GET /InternetTrading/longpoll/13975?X-Atmosphere-tracking-id=0&X-Atmosphere-Framework=2.2.3-javascript&X-Atmosphere-Transport=long-polling&X-Atmosphere-TrackMessageSize=true&Content-Type=charset%3Dutf-8&X-atmo-protocol=true&_=1776307464656 HTTP/1.1" 200 -
110.81.59.254 - - [16/Apr/2026:10:38:04 +0800] "GET /InternetTrading/longpoll/M8773?X-Atmosphere-tracking-id=0&X-Atmosphere-Framework=2.2.3-javascript&X-Atmosphere-Transport=long-polling&X-Atmosphere-TrackMessageSize=true&Content-Type=charset%3Dutf-8&X-atmo-protocol=true&_=1776307466949 HTTP/1.1" 200 -
14.19.84.100 - - [16/Apr/2026:10:38:05 +0800] "POST /InternetTrading/SessionErrorLogger HTTP/1.1" 200 117
14.19.84.100 - - [16/Apr/2026:10:38:05 +0800] "POST /InternetTrading/Heartbeat HTTP/1.1" 200 32
14.19.84.100 - - [16/Apr/2026:10:38:05 +0800] "POST /InternetTrading/SessionErrorLogger HTTP/1.1" 200 117
14.19.84.100 - - [16/Apr/2026:10:38:05 +0800] "POST /InternetTrading/MarketStatus HTTP/1.1" 200 772
119.136.152.250 - - [16/Apr/2026:10:38:10 +0800] "GET /InternetTrading/longpoll/51803?X-Atmosphere-tracking-id=0&X-Atmosphere-Framework=2.2.3-javascript&X-Atmosphere-Transport=long-polling&X-Atmosphere-TrackMessageSize=true&Content-Type=charset%3Dutf-8&X-atmo-protocol=true&_=1776307475238 HTTP/1.1" 200 -
14.19.84.100 - - [16/Apr/2026:10:38:10 +0800] "GET /InternetTrading/longpoll/13975?X-Atmosphere-tracking-id=0&X-Atmosphere-Framework=2.2.3-javascript&X-Atmosphere-Transport=long-polling&X-Atmosphere-TrackMessageSize=true&Content-Type=charset%3Dutf-8&X-atmo-protocol=true&_=1776307470656 HTTP/1.1" 200 -
110.81.59.254 - - [16/Apr/2026:10:38:10 +0800] "GET /InternetTrading/longpoll/M8773?X-Atmosphere-tracking-id=0&X-Atmosphere-Framework=2.2.3-javascript&X-Atmosphere-Transport=long-polling&X-Atmosphere-TrackMessageSize=true&Content-Type=charset%3Dutf-8&X-atmo-protocol=true&_=1776307472948 HTTP/1.1" 200 -
119.136.152.250 - - [16/Apr/2026:10:38:16 +0800] "GET /InternetTrading/longpoll/51803?X-Atmosphere-tracking-id=0&X-Atmosphere-Framework=2.2.3-javascript&X-Atmosphere-Transport=long-polling&X-Atmosphere-TrackMessageSize=true&Content-Type=charset%3Dutf-8&X-atmo-protocol=true&_=1776307481238 HTTP/1.1" 200 -
14.19.84.100 - - [16/Apr/2026:10:38:16 +0800] "GET /InternetTrading/longpoll/13975?X-Atmosphere-tracking-id=0&X-Atmosphere-Framework=2.2.3-javascript&X-Atmosphere-Transport=long-polling&X-Atmosphere-TrackMessageSize=true&Content-Type=charset%3Dutf-8&X-atmo-protocol=true&_=1776307476657 HTTP/1.1" 200 -
110.81.59.254 - - [16/Apr/2026:10:38:16 +0800] "GET /InternetTrading/longpoll/M8773?X-Atmosphere-tracking-id=0&X-Atmosphere-Framework=2.2.3-javascript&X-Atmosphere-Transport=long-polling&X-Atmosphere-TrackMessageSize=true&Content-Type=charset%3Dutf-8&X-atmo-protocol=true&_=1776307478949 HTTP/1.1" 200 -
119.136.152.250 - - [16/Apr/2026:10:38:22 +0800] "GET /InternetTrading/longpoll/51803?X-Atmosphere-tracking-id=0&X-Atmosphere-Framework=2.2.3-javascript&X-Atmosphere-Transport=long-polling&X-Atmosphere-TrackMessageSize=true&Content-Type=charset%3Dutf-8&X-atmo-protocol=true&_=1776307487232 HTTP/1.1" 200 -
14.19.84.100 - - [16/Apr/2026:10:38:22 +0800] "GET /InternetTrading/longpoll/13975?X-Atmosphere-tracking-id=0&X-Atmosphere-Framework=2.2.3-javascript&X-Atmosphere-Transport=long-polling&X-Atmosphere-TrackMessageSize=true&Content-Type=charset%3Dutf-8&X-atmo-protocol=true&_=1776307482655 HTTP/1.1" 200 -
110.81.59.254 - - [16/Apr/2026:10:38:22 +0800] "GET /InternetTrading/longpoll/M8773?X-Atmosphere-tracking-id=0&X-Atmosphere-Framework=2.2.3-javascript&X-Atmosphere-Transport=long-polling&X-Atmosphere-TrackMessageSize=true&Content-Type=charset%3Dutf-8&X-atmo-protocol=true&_=1776307484949 HTTP/1.1" 200 -
119.136.152.250 - - [16/Apr/2026:10:38:24 +0800] "POST /InternetTrading/SessionErrorLogger HTTP/1.1" 200 117
119.136.152.250 - - [16/Apr/2026:10:38:24 +0800] "POST /InternetTrading/Heartbeat HTTP/1.1" 200 32
119.136.152.250 - - [16/Apr/2026:10:38:24 +0800] "POST /InternetTrading/SessionErrorLogger HTTP/1.1" 200 117
119.136.152.250 - - [16/Apr/2026:10:38:24 +0800] "POST /InternetTrading/MarketStatus HTTP/1.1" 200 772
119.136.152.250 - - [16/Apr/2026:10:38:28 +0800] "GET /InternetTrading/longpoll/51803?X-Atmosphere-tracking-id=0&X-Atmosphere-Framework=2.2.3-javascript&X-Atmosphere-Transport=long-polling&X-Atmosphere-TrackMessageSize=true&Content-Type=charset%3Dutf-8&X-atmo-protocol=true&_=1776307493229 HTTP/1.1" 200 -
14.19.84.100 - - [16/Apr/2026:10:38:28 +0800] "GET /InternetTrading/longpoll/13975?X-Atmosphere-tracking-id=0&X-Atmosphere-Framework=2.2.3-javascript&X-Atmosphere-Transport=long-polling&X-Atmosphere-TrackMessageSize=true&Content-Type=charset%3Dutf-8&X-atmo-protocol=true&_=1776307488465 HTTP/1.1" 200 -
110.81.59.254 - - [16/Apr/2026:10:38:28 +0800] "GET /InternetTrading/longpoll/M8773?X-Atmosphere-tracking-id=0&X-Atmosphere-Framework=2.2.3-javascript&X-Atmosphere-Transport=long-polling&X-Atmosphere-TrackMessageSize=true&Content-Type=charset%3Dutf-8&X-atmo-protocol=true&_=1776307490949 HTTP/1.1" 200 -
14.19.84.100 - - [16/Apr/2026:10:38:31 +0800] "POST /InternetTrading/SessionErrorLogger HTTP/1.1" 200 117
14.19.84.100 - - [16/Apr/2026:10:38:32 +0800] "POST /InternetTrading/Orderbook HTTP/1.1" 200 1162
14.19.84.100 - - [16/Apr/2026:10:38:32 +0800] "GET /InternetTrading/jquery/wait.gif HTTP/1.1" 200 432
14.19.84.100 - - [16/Apr/2026:10:38:33 +0800] "GET /InternetTrading/longpoll/13975?X-Atmosphere-tracking-id=0&X-Atmosphere-Framework=2.2.3-javascript&X-Atmosphere-Transport=long-polling&X-Atmosphere-TrackMessageSize=true&Content-Type=charset%3Dutf-8&X-atmo-protocol=true&_=1776307493659 HTTP/1.1" 200 -
119.136.152.250 - - [16/Apr/2026:10:38:34 +0800] "GET /InternetTrading/longpoll/51803?X-Atmosphere-tracking-id=0&X-Atmosphere-Framework=2.2.3-javascript&X-Atmosphere-Transport=long-polling&X-Atmosphere-TrackMessageSize=true&Content-Type=charset%3Dutf-8&X-atmo-protocol=true&_=1776307499228 HTTP/1.1" 200 -
110.81.59.254 - - [16/Apr/2026:10:38:34 +0800] "GET /InternetTrading/longpoll/M8773?X-Atmosphere-tracking-id=0&X-Atmosphere-Framework=2.2.3-javascript&X-Atmosphere-Transport=long-polling&X-Atmosphere-TrackMessageSize=true&Content-Type=charset%3Dutf-8&X-atmo-protocol=true&_=1776307496949 HTTP/1.1" 200 -
14.19.84.100 - - [16/Apr/2026:10:38:36 +0800] "POST /InternetTrading/SessionErrorLogger HTTP/1.1" 200 117
14.19.84.100 - - [16/Apr/2026:10:38:36 +0800] "POST /InternetTrading/Heartbeat HTTP/1.1" 200 32
14.19.84.100 - - [16/Apr/2026:10:38:36 +0800] "POST /InternetTrading/SessionErrorLogger HTTP/1.1" 200 117
14.19.84.100 - - [16/Apr/2026:10:38:37 +0800] "POST /InternetTrading/MarketStatus HTTP/1.1" 200 772
14.19.84.100 - - [16/Apr/2026:10:38:39 +0800] "GET /InternetTrading/longpoll/13975?X-Atmosphere-tracking-id=0&X-Atmosphere-Framework=2.2.3-javascript&X-Atmosphere-Transport=long-polling&X-Atmosphere-TrackMessageSize=true&Content-Type=charset%3Dutf-8&X-atmo-protocol=true&_=1776307499658 HTTP/1.1" 200 -
119.136.152.250 - - [16/Apr/2026:10:38:40 +0800] "GET /InternetTrading/longpoll/51803?X-Atmosphere-tracking-id=0&X-Atmosphere-Framework=2.2.3-javascript&X-Atmosphere-Transport=long-polling&X-Atmosphere-TrackMessageSize=true&Content-Type=charset%3Dutf-8&X-atmo-protocol=true&_=1776307505231 HTTP/1.1" 200 -
110.81.59.254 - - [16/Apr/2026:10:38:41 +0800] "GET /InternetTrading/longpoll/M8773?X-Atmosphere-tracking-id=0&X-Atmosphere-Framework=2.2.3-javascript&X-Atmosphere-Transport=long-polling&X-Atmosphere-TrackMessageSize=true&Content-Type=charset%3Dutf-8&X-atmo-protocol=true&_=1776307502949 HTTP/1.1" 200 -
14.19.84.100 - - [16/Apr/2026:10:38:45 +0800] "GET /InternetTrading/longpoll/13975?X-Atmosphere-tracking-id=0&X-Atmosphere-Framework=2.2.3-javascript&X-Atmosphere-Transport=long-polling&X-Atmosphere-TrackMessageSize=true&Content-Type=charset%3Dutf-8&X-atmo-protocol=true&_=1776307505661 HTTP/1.1" 200 -
119.136.152.250 - - [16/Apr/2026:10:38:46 +0800] "GET /InternetTrading/longpoll/51803?X-Atmosphere-tracking-id=0&X-Atmosphere-Framework=2.2.3-javascript&X-Atmosphere-Transport=long-polling&X-Atmosphere-TrackMessageSize=true&Content-Type=charset%3Dutf-8&X-atmo-protocol=true&_=1776307511227 HTTP/1.1" 200 -
110.81.59.254 - - [16/Apr/2026:10:38:46 +0800] "GET /InternetTrading/longpoll/M8773?X-Atmosphere-tracking-id=0&X-Atmosphere-Framework=2.2.3-javascript&X-Atmosphere-Transport=long-polling&X-Atmosphere-TrackMessageSize=true&Content-Type=charset%3Dutf-8&X-atmo-protocol=true&_=1776307508949 HTTP/1.1" 200 -
14.19.84.100 - - [16/Apr/2026:10:38:51 +0800] "GET /InternetTrading/longpoll/13975?X-Atmosphere-tracking-id=0&X-Atmosphere-Framework=2.2.3-javascript&X-Atmosphere-Transport=long-polling&X-Atmosphere-TrackMessageSize=true&Content-Type=charset%3Dutf-8&X-atmo-protocol=true&_=1776307511658 HTTP/1.1" 200 -
110.81.59.254 - - [16/Apr/2026:10:38:51 +0800] "POST /InternetTrading/SessionErrorLogger HTTP/1.1" 200 117
110.81.59.254 - - [16/Apr/2026:10:38:51 +0800] "POST /InternetTrading/MarketStatus HTTP/1.1" 200 772
110.81.59.254 - - [16/Apr/2026:10:38:52 +0800] "POST /InternetTrading/SessionErrorLogger HTTP/1.1" 200 117
110.81.59.254 - - [16/Apr/2026:10:38:52 +0800] "POST /InternetTrading/Heartbeat HTTP/1.1" 200 32
119.136.152.250 - - [16/Apr/2026:10:38:52 +0800] "GET /InternetTrading/longpoll/51803?X-Atmosphere-tracking-id=0&X-Atmosphere-Framework=2.2.3-javascript&X-Atmosphere-Transport=long-polling&X-Atmosphere-TrackMessageSize=true&Content-Type=charset%3Dutf-8&X-atmo-protocol=true&_=1776307517229 HTTP/1.1" 200 -
110.81.59.254 - - [16/Apr/2026:10:38:52 +0800] "GET /InternetTrading/longpoll/M8773?X-Atmosphere-tracking-id=0&X-Atmosphere-Framework=2.2.3-javascript&X-Atmosphere-Transport=long-polling&X-Atmosphere-TrackMessageSize=true&Content-Type=charset%3Dutf-8&X-atmo-protocol=true&_=1776307514949 HTTP/1.1" 200 -
14.19.84.100 - - [16/Apr/2026:10:38:57 +0800] "GET /InternetTrading/longpoll/13975?X-Atmosphere-tracking-id=0&X-Atmosphere-Framework=2.2.3-javascript&X-Atmosphere-Transport=long-polling&X-Atmosphere-TrackMessageSize=true&Content-Type=charset%3Dutf-8&X-atmo-protocol=true&_=1776307517658 HTTP/1.1" 200 -
119.136.152.250 - - [16/Apr/2026:10:38:58 +0800] "GET /InternetTrading/longpoll/51803?X-Atmosphere-tracking-id=0&X-Atmosphere-Framework=2.2.3-javascript&X-Atmosphere-Transport=long-polling&X-Atmosphere-TrackMessageSize=true&Content-Type=charset%3Dutf-8&X-atmo-protocol=true&_=1776307523233 HTTP/1.1" 200 -
110.81.59.254 - - [16/Apr/2026:10:38:58 +0800] "GET /InternetTrading/longpoll/M8773?X-Atmosphere-tracking-id=0&X-Atmosphere-Framework=2.2.3-javascript&X-Atmosphere-Transport=long-polling&X-Atmosphere-TrackMessageSize=true&Content-Type=charset%3Dutf-8&X-atmo-protocol=true&_=1776307520949 HTTP/1.1" 200 -
14.19.84.100 - - [16/Apr/2026:10:39:03 +0800] "GET /InternetTrading/longpoll/13975?X-Atmosphere-tracking-id=0&X-Atmosphere-Framework=2.2.3-javascript&X-Atmosphere-Transport=long-polling&X-Atmosphere-TrackMessageSize=true&Content-Type=charset%3Dutf-8&X-atmo-protocol=true&_=1776307523658 HTTP/1.1" 200 -
119.136.152.250 - - [16/Apr/2026:10:39:04 +0800] "GET /InternetTrading/longpoll/51803?X-Atmosphere-tracking-id=0&X-Atmosphere-Framework=2.2.3-javascript&X-Atmosphere-Transport=long-polling&X-Atmosphere-TrackMessageSize=true&Content-Type=charset%3Dutf-8&X-atmo-protocol=true&_=1776307529236 HTTP/1.1" 200 -
110.81.59.254 - - [16/Apr/2026:10:39:04 +0800] "GET /InternetTrading/longpoll/M8773?X-Atmosphere-tracking-id=0&X-Atmosphere-Framework=2.2.3-javascript&X-Atmosphere-Transport=long-polling&X-Atmosphere-TrackMessageSize=true&Content-Type=charset%3Dutf-8&X-atmo-protocol=true&_=1776307526949 HTTP/1.1" 200 -
14.19.84.100 - - [16/Apr/2026:10:39:07 +0800] "POST /InternetTrading/SessionErrorLogger HTTP/1.1" 200 117
14.19.84.100 - - [16/Apr/2026:10:39:07 +0800] "POST /InternetTrading/Heartbeat HTTP/1.1" 200 32
14.19.84.100 - - [16/Apr/2026:10:39:07 +0800] "POST /InternetTrading/SessionErrorLogger HTTP/1.1" 200 117
14.19.84.100 - - [16/Apr/2026:10:39:07 +0800] "POST /InternetTrading/MarketStatus HTTP/1.1" 200 772
14.19.84.100 - - [16/Apr/2026:10:39:09 +0800] "GET /InternetTrading/longpoll/13975?X-Atmosphere-tracking-id=0&X-Atmosphere-Framework=2.2.3-javascript&X-Atmosphere-Transport=long-polling&X-Atmosphere-TrackMessageSize=true&Content-Type=charset%3Dutf-8&X-atmo-protocol=true&_=1776307529659 HTTP/1.1" 200 -
119.136.152.250 - - [16/Apr/2026:10:39:10 +0800] "GET /InternetTrading/longpoll/51803?X-Atmosphere-tracking-id=0&X-Atmosphere-Framework=2.2.3-javascript&X-Atmosphere-Transport=long-polling&X-Atmosphere-TrackMessageSize=true&Content-Type=charset%3Dutf-8&X-atmo-protocol=true&_=1776307535226 HTTP/1.1" 200 -
110.81.59.254 - - [16/Apr/2026:10:39:10 +0800] "GET /InternetTrading/longpoll/M8773?X-Atmosphere-tracking-id=0&X-Atmosphere-Framework=2.2.3-javascript&X-Atmosphere-Transport=long-polling&X-Atmosphere-TrackMessageSize=true&Content-Type=charset%3Dutf-8&X-atmo-protocol=true&_=1776307532949 HTTP/1.1" 200 -
14.19.84.100 - - [16/Apr/2026:10:39:15 +0800] "GET /InternetTrading/longpoll/13975?X-Atmosphere-tracking-id=0&X-Atmosphere-Framework=2.2.3-javascript&X-Atmosphere-Transport=long-polling&X-Atmosphere-TrackMessageSize=true&Content-Type=charset%3Dutf-8&X-atmo-protocol=true&_=1776307535658 HTTP/1.1" 200 -
119.136.152.250 - - [16/Apr/2026:10:39:16 +0800] "GET /InternetTrading/longpoll/51803?X-Atmosphere-tracking-id=0&X-Atmosphere-Framework=2.2.3-javascript&X-Atmosphere-Transport=long-polling&X-Atmosphere-TrackMessageSize=true&Content-Type=charset%3Dutf-8&X-atmo-protocol=true&_=1776307541226 HTTP/1.1" 200 -
110.81.59.254 - - [16/Apr/2026:10:39:16 +0800] "GET /InternetTrading/longpoll/M8773?X-Atmosphere-tracking-id=0&X-Atmosphere-Framework=2.2.3-javascript&X-Atmosphere-Transport=long-polling&X-Atmosphere-TrackMessageSize=true&Content-Type=charset%3Dutf-8&X-atmo-protocol=true&_=1776307538950 HTTP/1.1" 200 -
14.19.84.100 - - [16/Apr/2026:10:39:21 +0800] "GET /InternetTrading/longpoll/13975?X-Atmosphere-tracking-id=0&X-Atmosphere-Framework=2.2.3-javascript&X-Atmosphere-Transport=long-polling&X-Atmosphere-TrackMessageSize=true&Content-Type=charset%3Dutf-8&X-atmo-protocol=true&_=1776307541665 HTTP/1.1" 200 -
119.136.152.250 - - [16/Apr/2026:10:39:22 +0800] "GET /InternetTrading/longpoll/51803?X-Atmosphere-tracking-id=0&X-Atmosphere-Framework=2.2.3-javascript&X-Atmosphere-Transport=long-polling&X-Atmosphere-TrackMessageSize=true&Content-Type=charset%3Dutf-8&X-atmo-protocol=true&_=1776307547228 HTTP/1.1" 200 -
110.81.59.254 - - [16/Apr/2026:10:39:22 +0800] "GET /InternetTrading/longpoll/M8773?X-Atmosphere-tracking-id=0&X-Atmosphere-Framework=2.2.3-javascript&X-Atmosphere-Transport=long-polling&X-Atmosphere-TrackMessageSize=true&Content-Type=charset%3Dutf-8&X-atmo-protocol=true&_=1776307544950 HTTP/1.1" 200 -
119.136.152.250 - - [16/Apr/2026:10:39:24 +0800] "POST /InternetTrading/SessionErrorLogger HTTP/1.1" 200 117
119.136.152.250 - - [16/Apr/2026:10:39:24 +0800] "POST /InternetTrading/Heartbeat HTTP/1.1" 200 32
119.136.152.250 - - [16/Apr/2026:10:39:24 +0800] "POST /InternetTrading/SessionErrorLogger HTTP/1.1" 200 117
119.136.152.250 - - [16/Apr/2026:10:39:24 +0800] "POST /InternetTrading/MarketStatus HTTP/1.1" 200 772
14.19.84.100 - - [16/Apr/2026:10:39:27 +0800] "GET /InternetTrading/longpoll/13975?X-Atmosphere-tracking-id=0&X-Atmosphere-Framework=2.2.3-javascript&X-Atmosphere-Transport=long-polling&X-Atmosphere-TrackMessageSize=true&Content-Type=charset%3Dutf-8&X-atmo-protocol=true&_=1776307547657 HTTP/1.1" 200 -
119.136.152.250 - - [16/Apr/2026:10:39:28 +0800] "GET /InternetTrading/longpoll/51803?X-Atmosphere-tracking-id=0&X-Atmosphere-Framework=2.2.3-javascript&X-Atmosphere-Transport=long-polling&X-Atmosphere-TrackMessageSize=true&Content-Type=charset%3Dutf-8&X-atmo-protocol=true&_=1776307553237 HTTP/1.1" 200 -
110.81.59.254 - - [16/Apr/2026:10:39:28 +0800] "GET /InternetTrading/longpoll/M8773?X-Atmosphere-tracking-id=0&X-Atmosphere-Framework=2.2.3-javascript&X-Atmosphere-Transport=long-polling&X-Atmosphere-TrackMessageSize=true&Content-Type=charset%3Dutf-8&X-atmo-protocol=true&_=1776307550950 HTTP/1.1" 200 -
14.19.84.100 - - [16/Apr/2026:10:39:33 +0800] "GET /InternetTrading/longpoll/13975?X-Atmosphere-tracking-id=0&X-Atmosphere-Framework=2.2.3-javascript&X-Atmosphere-Transport=long-polling&X-Atmosphere-TrackMessageSize=true&Content-Type=charset%3Dutf-8&X-atmo-protocol=true&_=1776307553660 HTTP/1.1" 200 -
119.136.152.250 - - [16/Apr/2026:10:39:34 +0800] "GET /InternetTrading/longpoll/51803?X-Atmosphere-tracking-id=0&X-Atmosphere-Framework=2.2.3-javascript&X-Atmosphere-Transport=long-polling&X-Atmosphere-TrackMessageSize=true&Content-Type=charset%3Dutf-8&X-atmo-protocol=true&_=1776307559228 HTTP/1.1" 200 -
110.81.59.254 - - [16/Apr/2026:10:39:34 +0800] "GET /InternetTrading/longpoll/M8773?X-Atmosphere-tracking-id=0&X-Atmosphere-Framework=2.2.3-javascript&X-Atmosphere-Transport=long-polling&X-Atmosphere-TrackMessageSize=true&Content-Type=charset%3Dutf-8&X-atmo-protocol=true&_=1776307556950 HTTP/1.1" 200 -
14.19.84.100 - - [16/Apr/2026:10:39:39 +0800] "GET /InternetTrading/longpoll/13975?X-Atmosphere-tracking-id=0&X-Atmosphere-Framework=2.2.3-javascript&X-Atmosphere-Transport=long-polling&X-Atmosphere-TrackMessageSize=true&Content-Type=charset%3Dutf-8&X-atmo-protocol=true&_=1776307559660 HTTP/1.1" 200 -
119.136.152.250 - - [16/Apr/2026:10:39:40 +0800] "GET /InternetTrading/longpoll/51803?X-Atmosphere-tracking-id=0&X-Atmosphere-Framework=2.2.3-javascript&X-Atmosphere-Transport=long-polling&X-Atmosphere-TrackMessageSize=true&Content-Type=charset%3Dutf-8&X-atmo-protocol=true&_=1776307565231 HTTP/1.1" 200 -
110.81.59.254 - - [16/Apr/2026:10:39:40 +0800] "GET /InternetTrading/longpoll/M8773?X-Atmosphere-tracking-id=0&X-Atmosphere-Framework=2.2.3-javascript&X-Atmosphere-Transport=long-polling&X-Atmosphere-TrackMessageSize=true&Content-Type=charset%3Dutf-8&X-atmo-protocol=true&_=1776307562950 HTTP/1.1" 200 -
66.132.195.102 - - [16/Apr/2026:10:39:43 +0800] "GET / HTTP/1.1" 200 3426
14.19.84.100 - - [16/Apr/2026:10:39:45 +0800] "GET /InternetTrading/longpoll/13975?X-Atmosphere-tracking-id=0&X-Atmosphere-Framework=2.2.3-javascript&X-Atmosphere-Transport=long-polling&X-Atmosphere-TrackMessageSize=true&Content-Type=charset%3Dutf-8&X-atmo-protocol=true&_=1776307565660 HTTP/1.1" 200 -
119.136.152.250 - - [16/Apr/2026:10:39:46 +0800] "GET /InternetTrading/longpoll/51803?X-Atmosphere-tracking-id=0&X-Atmosphere-Framework=2.2.3-javascript&X-Atmosphere-Transport=long-polling&X-Atmosphere-TrackMessageSize=true&Content-Type=charset%3Dutf-8&X-atmo-protocol=true&_=1776307571224 HTTP/1.1" 200 -
66.132.195.102 - - [16/Apr/2026:10:39:46 +0800] "GET /favicon.ico HTTP/1.1" 404 196
110.81.59.254 - - [16/Apr/2026:10:39:46 +0800] "GET /InternetTrading/longpoll/M8773?X-Atmosphere-tracking-id=0&X-Atmosphere-Framework=2.2.3-javascript&X-Atmosphere-Transport=long-polling&X-Atmosphere-TrackMessageSize=true&Content-Type=charset%3Dutf-8&X-atmo-protocol=true&_=1776307568950 HTTP/1.1" 200 -
14.19.84.100 - - [16/Apr/2026:10:39:51 +0800] "GET /InternetTrading/longpoll/13975?X-Atmosphere-tracking-id=0&X-Atmosphere-Framework=2.2.3-javascript&X-Atmosphere-Transport=long-polling&X-Atmosphere-TrackMessageSize=true&Content-Type=charset%3Dutf-8&X-atmo-protocol=true&_=1776307571660 HTTP/1.1" 200 -
110.81.59.254 - - [16/Apr/2026:10:39:51 +0800] "POST /InternetTrading/SessionErrorLogger HTTP/1.1" 200 117
110.81.59.254 - - [16/Apr/2026:10:39:51 +0800] "POST /InternetTrading/MarketStatus HTTP/1.1" 200 772
110.81.59.254 - - [16/Apr/2026:10:39:52 +0800] "POST /InternetTrading/SessionErrorLogger HTTP/1.1" 200 117
110.81.59.254 - - [16/Apr/2026:10:39:52 +0800] "POST /InternetTrading/Heartbeat HTTP/1.1" 200 32
119.136.152.250 - - [16/Apr/2026:10:39:52 +0800] "GET /InternetTrading/longpoll/51803?X-Atmosphere-tracking-id=0&X-Atmosphere-Framework=2.2.3-javascript&X-Atmosphere-Transport=long-polling&X-Atmosphere-TrackMessageSize=true&Content-Type=charset%3Dutf-8&X-atmo-protocol=true&_=1776307577230 HTTP/1.1" 200 -
110.81.59.254 - - [16/Apr/2026:10:39:52 +0800] "GET /InternetTrading/longpoll/M8773?X-Atmosphere-tracking-id=0&X-Atmosphere-Framework=2.2.3-javascript&X-Atmosphere-Transport=long-polling&X-Atmosphere-TrackMessageSize=true&Content-Type=charset%3Dutf-8&X-atmo-protocol=true&_=1776307574950 HTTP/1.1" 200 -
14.19.84.100 - - [16/Apr/2026:10:39:57 +0800] "GET /InternetTrading/longpoll/13975?X-Atmosphere-tracking-id=0&X-Atmosphere-Framework=2.2.3-javascript&X-Atmosphere-Transport=long-polling&X-Atmosphere-TrackMessageSize=true&Content-Type=charset%3Dutf-8&X-atmo-protocol=true&_=1776307577660 HTTP/1.1" 200 -
119.136.152.250 - - [16/Apr/2026:10:39:58 +0800] "GET /InternetTrading/longpoll/51803?X-Atmosphere-tracking-id=0&X-Atmosphere-Framework=2.2.3-javascript&X-Atmosphere-Transport=long-polling&X-Atmosphere-TrackMessageSize=true&Content-Type=charset%3Dutf-8&X-atmo-protocol=true&_=1776307583231 HTTP/1.1" 200 -
110.81.59.254 - - [16/Apr/2026:10:39:58 +0800] "GET /InternetTrading/longpoll/M8773?X-Atmosphere-tracking-id=0&X-Atmosphere-Framework=2.2.3-javascript&X-Atmosphere-Transport=long-polling&X-Atmosphere-TrackMessageSize=true&Content-Type=charset%3Dutf-8&X-atmo-protocol=true&_=1776307580950 HTTP/1.1" 200 -
14.19.84.100 - - [16/Apr/2026:10:40:03 +0800] "GET /InternetTrading/longpoll/13975?X-Atmosphere-tracking-id=0&X-Atmosphere-Framework=2.2.3-javascript&X-Atmosphere-Transport=long-polling&X-Atmosphere-TrackMessageSize=true&Content-Type=charset%3Dutf-8&X-atmo-protocol=true&_=1776307583659 HTTP/1.1" 200 -
119.136.152.250 - - [16/Apr/2026:10:40:04 +0800] "GET /InternetTrading/longpoll/51803?X-Atmosphere-tracking-id=0&X-Atmosphere-Framework=2.2.3-javascript&X-Atmosphere-Transport=long-polling&X-Atmosphere-TrackMessageSize=true&Content-Type=charset%3Dutf-8&X-atmo-protocol=true&_=1776307589227 HTTP/1.1" 200 -
110.81.59.254 - - [16/Apr/2026:10:40:04 +0800] "GET /InternetTrading/longpoll/M8773?X-Atmosphere-tracking-id=0&X-Atmosphere-Framework=2.2.3-javascript&X-Atmosphere-Transport=long-polling&X-Atmosphere-TrackMessageSize=true&Content-Type=charset%3Dutf-8&X-atmo-protocol=true&_=1776307586950 HTTP/1.1" 200 -
14.19.84.100 - - [16/Apr/2026:10:40:05 +0800] "POST /InternetTrading/SessionErrorLogger HTTP/1.1" 200 117
14.19.84.100 - - [16/Apr/2026:10:40:05 +0800] "POST /InternetTrading/Heartbeat HTTP/1.1" 200 32
14.19.84.100 - - [16/Apr/2026:10:40:05 +0800] "POST /InternetTrading/SessionErrorLogger HTTP/1.1" 200 117
14.19.84.100 - - [16/Apr/2026:10:40:05 +0800] "POST /InternetTrading/MarketStatus HTTP/1.1" 200 772
14.19.84.100 - - [16/Apr/2026:10:40:09 +0800] "GET /InternetTrading/longpoll/13975?X-Atmosphere-tracking-id=0&X-Atmosphere-Framework=2.2.3-javascript&X-Atmosphere-Transport=long-polling&X-Atmosphere-TrackMessageSize=true&Content-Type=charset%3Dutf-8&X-atmo-protocol=true&_=1776307589660 HTTP/1.1" 200 -
66.132.195.102 - - [16/Apr/2026:10:40:09 +0800] "GET / HTTP/1.1" 200 3426
119.136.152.250 - - [16/Apr/2026:10:40:10 +0800] "GET /InternetTrading/longpoll/51803?X-Atmosphere-tracking-id=0&X-Atmosphere-Framework=2.2.3-javascript&X-Atmosphere-Transport=long-polling&X-Atmosphere-TrackMessageSize=true&Content-Type=charset%3Dutf-8&X-atmo-protocol=true&_=1776307595233 HTTP/1.1" 200 -
110.81.59.254 - - [16/Apr/2026:10:40:10 +0800] "GET /InternetTrading/longpoll/M8773?X-Atmosphere-tracking-id=0&X-Atmosphere-Framework=2.2.3-javascript&X-Atmosphere-Transport=long-polling&X-Atmosphere-TrackMessageSize=true&Content-Type=charset%3Dutf-8&X-atmo-protocol=true&_=1776307592950 HTTP/1.1" 200 -
66.132.195.102 - - [16/Apr/2026:10:40:11 +0800] "GET /lib HTTP/1.1" 301 236
66.132.195.102 - - [16/Apr/2026:10:40:12 +0800] "GET /lib/ HTTP/1.1" 200 4338
66.132.195.102 - - [16/Apr/2026:10:40:12 +0800] "GET /conf HTTP/1.1" 301 237
66.132.195.102 - - [16/Apr/2026:10:40:13 +0800] "GET /conf/ HTTP/1.1" 200 3003
66.132.195.102 - - [16/Apr/2026:10:40:13 +0800] "GET /conf/cert HTTP/1.1" 301 242
66.132.195.102 - - [16/Apr/2026:10:40:14 +0800] "GET /conf/cert/ HTTP/1.1" 200 1541
66.132.195.102 - - [16/Apr/2026:10:40:15 +0800] "GET /conf/cert/backup HTTP/1.1" 301 249
14.19.84.100 - - [16/Apr/2026:10:40:15 +0800] "GET /InternetTrading/longpoll/13975?X-Atmosphere-tracking-id=0&X-Atmosphere-Framework=2.2.3-javascript&X-Atmosphere-Transport=long-polling&X-Atmosphere-TrackMessageSize=true&Content-Type=charset%3Dutf-8&X-atmo-protocol=true&_=1776307595660 HTTP/1.1" 200 -
66.132.195.102 - - [16/Apr/2026:10:40:15 +0800] "GET /conf/cert/backup/ HTTP/1.1" 200 1562
66.132.195.102 - - [16/Apr/2026:10:40:16 +0800] "GET /conf/cert/backup/20260204 HTTP/1.1" 301 258
119.136.152.250 - - [16/Apr/2026:10:40:16 +0800] "GET /InternetTrading/longpoll/51803?X-Atmosphere-tracking-id=0&X-Atmosphere-Framework=2.2.3-javascript&X-Atmosphere-Transport=long-polling&X-Atmosphere-TrackMessageSize=true&Content-Type=charset%3Dutf-8&X-atmo-protocol=true&_=1776307601224 HTTP/1.1" 200 -
66.132.195.102 - - [16/Apr/2026:10:40:16 +0800] "GET /conf/cert/backup/20260204/ HTTP/1.1" 200 1375
110.81.59.254 - - [16/Apr/2026:10:40:16 +0800] "GET /InternetTrading/longpoll/M8773?X-Atmosphere-tracking-id=0&X-Atmosphere-Framework=2.2.3-javascript&X-Atmosphere-Transport=long-polling&X-Atmosphere-TrackMessageSize=true&Content-Type=charset%3Dutf-8&X-atmo-protocol=true&_=1776307598951 HTTP/1.1" 200 -
66.132.195.102 - - [16/Apr/2026:10:40:17 +0800] "GET /conf/extra HTTP/1.1" 301 243
66.132.195.102 - - [16/Apr/2026:10:40:17 +0800] "GET /conf/extra/ HTTP/1.1" 200 4002
66.132.195.102 - - [16/Apr/2026:10:40:18 +0800] "GET /conf/iasia HTTP/1.1" 301 243
66.132.195.102 - - [16/Apr/2026:10:40:19 +0800] "GET /conf/iasia/ HTTP/1.1" 200 1353
66.132.195.102 - - [16/Apr/2026:10:40:19 +0800] "GET /conf/original HTTP/1.1" 301 246
66.132.195.102 - - [16/Apr/2026:10:40:20 +0800] "GET /conf/original/ HTTP/1.1" 200 1753
66.132.195.102 - - [16/Apr/2026:10:40:20 +0800] "GET /conf/original/extra HTTP/1.1" 301 252
66.132.195.102 - - [16/Apr/2026:10:40:20 +0800] "GET /conf/original/extra/ HTTP/1.1" 200 3341
66.132.195.102 - - [16/Apr/2026:10:40:21 +0800] "GET /conf/ssl HTTP/1.1" 301 241
14.19.84.100 - - [16/Apr/2026:10:40:21 +0800] "GET /InternetTrading/longpoll/13975?X-Atmosphere-tracking-id=0&X-Atmosphere-Framework=2.2.3-javascript&X-Atmosphere-Transport=long-polling&X-Atmosphere-TrackMessageSize=true&Content-Type=charset%3Dutf-8&X-atmo-protocol=true&_=1776307601660 HTTP/1.1" 200 -
66.132.195.102 - - [16/Apr/2026:10:40:21 +0800] "GET /conf/ssl/ HTTP/1.1" 200 1538
66.132.195.102 - - [16/Apr/2026:10:40:22 +0800] "GET /conf/ssl/backup2024 HTTP/1.1" 301 252
119.136.152.250 - - [16/Apr/2026:10:40:22 +0800] "GET /InternetTrading/longpoll/51803?X-Atmosphere-tracking-id=0&X-Atmosphere-Framework=2.2.3-javascript&X-Atmosphere-Transport=long-polling&X-Atmosphere-TrackMessageSize=true&Content-Type=charset%3Dutf-8&X-atmo-protocol=true&_=1776307607226 HTTP/1.1" 200 -
66.132.195.102 - - [16/Apr/2026:10:40:22 +0800] "GET /conf/ssl/backup2024/ HTTP/1.1" 200 1355
110.81.59.254 - - [16/Apr/2026:10:40:22 +0800] "GET /InternetTrading/longpoll/M8773?X-Atmosphere-tracking-id=0&X-Atmosphere-Framework=2.2.3-javascript&X-Atmosphere-Transport=long-polling&X-Atmosphere-TrackMessageSize=true&Content-Type=charset%3Dutf-8&X-atmo-protocol=true&_=1776307604951 HTTP/1.1" 200 -
119.136.152.250 - - [16/Apr/2026:10:40:24 +0800] "POST /InternetTrading/SessionErrorLogger HTTP/1.1" 200 117
119.136.152.250 - - [16/Apr/2026:10:40:24 +0800] "POST /InternetTrading/Heartbeat HTTP/1.1" 200 32
119.136.152.250 - - [16/Apr/2026:10:40:24 +0800] "POST /InternetTrading/SessionErrorLogger HTTP/1.1" 200 117
119.136.152.250 - - [16/Apr/2026:10:40:24 +0800] "POST /InternetTrading/MarketStatus HTTP/1.1" 200 772
66.132.195.102 - - [16/Apr/2026:10:40:24 +0800] "GET /conf/ssl/kingston2025 HTTP/1.1" 301 254
66.132.195.102 - - [16/Apr/2026:10:40:24 +0800] "GET /conf/ssl/kingston2025/ HTTP/1.1" 200 1359
66.132.195.102 - - [16/Apr/2026:10:40:25 +0800] "GET /conf/ssl/Old HTTP/1.1" 301 245
66.132.195.102 - - [16/Apr/2026:10:40:25 +0800] "GET /conf/ssl/Old/ HTTP/1.1" 200 1124
66.132.195.102 - - [16/Apr/2026:10:40:26 +0800] "GET /manual HTTP/1.1" 301 239
66.132.195.102 - - [16/Apr/2026:10:40:27 +0800] "GET /manual/ HTTP/1.1" 200 884
14.19.84.100 - - [16/Apr/2026:10:40:27 +0800] "GET /InternetTrading/longpoll/13975?X-Atmosphere-tracking-id=0&X-Atmosphere-Framework=2.2.3-javascript&X-Atmosphere-Transport=long-polling&X-Atmosphere-TrackMessageSize=true&Content-Type=charset%3Dutf-8&X-atmo-protocol=true&_=1776307607660 HTTP/1.1" 200 -
119.136.152.250 - - [16/Apr/2026:10:40:28 +0800] "GET /InternetTrading/longpoll/51803?X-Atmosphere-tracking-id=0&X-Atmosphere-Framework=2.2.3-javascript&X-Atmosphere-Transport=long-polling&X-Atmosphere-TrackMessageSize=true&Content-Type=charset%3Dutf-8&X-atmo-protocol=true&_=1776307613233 HTTP/1.1" 200 -
66.132.195.102 - - [16/Apr/2026:10:40:29 +0800] "GET /bin HTTP/1.1" 301 236
110.81.59.254 - - [16/Apr/2026:10:40:29 +0800] "GET /InternetTrading/longpoll/M8773?X-Atmosphere-tracking-id=0&X-Atmosphere-Framework=2.2.3-javascript&X-Atmosphere-Transport=long-polling&X-Atmosphere-TrackMessageSize=true&Content-Type=charset%3Dutf-8&X-atmo-protocol=true&_=1776307610952 HTTP/1.1" 200 -
66.132.195.102 - - [16/Apr/2026:10:40:29 +0800] "GET /bin/ HTTP/1.1" 200 7805
66.132.195.102 - - [16/Apr/2026:10:40:30 +0800] "GET /logs HTTP/1.1" 301 237
66.132.195.102 - - [16/Apr/2026:10:40:31 +0800] "GET /logs/ HTTP/1.1" 200 306258
14.19.84.100 - - [16/Apr/2026:10:40:33 +0800] "GET /InternetTrading/longpoll/13975?X-Atmosphere-tracking-id=0&X-Atmosphere-Framework=2.2.3-javascript&X-Atmosphere-Transport=long-polling&X-Atmosphere-TrackMessageSize=true&Content-Type=charset%3Dutf-8&X-atmo-protocol=true&_=1776307613662 HTTP/1.1" 200 -
119.136.152.250 - - [16/Apr/2026:10:40:34 +0800] "GET /InternetTrading/longpoll/51803?X-Atmosphere-tracking-id=0&X-Atmosphere-Framework=2.2.3-javascript&X-Atmosphere-Transport=long-polling&X-Atmosphere-TrackMessageSize=true&Content-Type=charset%3Dutf-8&X-atmo-protocol=true&_=1776307619225 HTTP/1.1" 200 -
110.81.59.254 - - [16/Apr/2026:10:40:34 +0800] "GET /InternetTrading/longpoll/M8773?X-Atmosphere-tracking-id=0&X-Atmosphere-Framework=2.2.3-javascript&X-Atmosphere-Transport=long-polling&X-Atmosphere-TrackMessageSize=true&Content-Type=charset%3Dutf-8&X-atmo-protocol=true&_=1776307616952 HTTP/1.1" 200 -
14.19.84.100 - - [16/Apr/2026:10:40:39 +0800] "GET /InternetTrading/longpoll/13975?X-Atmosphere-tracking-id=0&X-Atmosphere-Framework=2.2.3-javascript&X-Atmosphere-Transport=long-polling&X-Atmosphere-TrackMessageSize=true&Content-Type=charset%3Dutf-8&X-atmo-protocol=true&_=1776307619661 HTTP/1.1" 200 -
119.136.152.250 - - [16/Apr/2026:10:40:40 +0800] "GET /InternetTrading/longpoll/51803?X-Atmosphere-tracking-id=0&X-Atmosphere-Framework=2.2.3-javascript&X-Atmosphere-Transport=long-polling&X-Atmosphere-TrackMessageSize=true&Content-Type=charset%3Dutf-8&X-atmo-protocol=true&_=1776307625235 HTTP/1.1" 200 -
110.81.59.254 - - [16/Apr/2026:10:40:40 +0800] "GET /InternetTrading/longpoll/M8773?X-Atmosphere-tracking-id=0&X-Atmosphere-Framework=2.2.3-javascript&X-Atmosphere-Transport=long-polling&X-Atmosphere-TrackMessageSize=true&Content-Type=charset%3Dutf-8&X-atmo-protocol=true&_=1776307622951 HTTP/1.1" 200 -
14.19.84.100 - - [16/Apr/2026:10:40:45 +0800] "GET /InternetTrading/longpoll/13975?X-Atmosphere-tracking-id=0&X-Atmosphere-Framework=2.2.3-javascript&X-Atmosphere-Transport=long-polling&X-Atmosphere-TrackMessageSize=true&Content-Type=charset%3Dutf-8&X-atmo-protocol=true&_=1776307625661 HTTP/1.1" 200 -
66.132.195.102 - - [16/Apr/2026:10:40:45 +0800] "GET /robots.txt HTTP/1.1" 404 196
119.136.152.250 - - [16/Apr/2026:10:40:46 +0800] "GET /InternetTrading/longpoll/51803?X-Atmosphere-tracking-id=0&X-Atmosphere-Framework=2.2.3-javascript&X-Atmosphere-Transport=long-polling&X-Atmosphere-TrackMessageSize=true&Content-Type=charset%3Dutf-8&X-atmo-protocol=true&_=1776307631226 HTTP/1.1" 200 -
110.81.59.254 - - [16/Apr/2026:10:40:46 +0800] "GET /InternetTrading/longpoll/M8773?X-Atmosphere-tracking-id=0&X-Atmosphere-Framework=2.2.3-javascript&X-Atmosphere-Transport=long-polling&X-Atmosphere-TrackMessageSize=true&Content-Type=charset%3Dutf-8&X-atmo-protocol=true&_=1776307628951 HTTP/1.1" 200 -
14.19.84.100 - - [16/Apr/2026:10:40:51 +0800] "GET /InternetTrading/longpoll/13975?X-Atmosphere-tracking-id=0&X-Atmosphere-Framework=2.2.3-javascript&X-Atmosphere-Transport=long-polling&X-Atmosphere-TrackMessageSize=true&Content-Type=charset%3Dutf-8&X-atmo-protocol=true&_=1776307631661 HTTP/1.1" 200 -
110.81.59.254 - - [16/Apr/2026:10:40:51 +0800] "POST /InternetTrading/SessionErrorLogger HTTP/1.1" 200 117
110.81.59.254 - - [16/Apr/2026:10:40:52 +0800] "POST /InternetTrading/MarketStatus HTTP/1.1" 200 772
110.81.59.254 - - [16/Apr/2026:10:40:52 +0800] "POST /InternetTrading/SessionErrorLogger HTTP/1.1" 200 117
110.81.59.254 - - [16/Apr/2026:10:40:52 +0800] "POST /InternetTrading/Heartbeat HTTP/1.1" 200 32
119.136.152.250 - - [16/Apr/2026:10:40:52 +0800] "GET /InternetTrading/longpoll/51803?X-Atmosphere-tracking-id=0&X-Atmosphere-Framework=2.2.3-javascript&X-Atmosphere-Transport=long-polling&X-Atmosphere-TrackMessageSize=true&Content-Type=charset%3Dutf-8&X-atmo-protocol=true&_=1776307637237 HTTP/1.1" 200 -
110.81.59.254 - - [16/Apr/2026:10:40:52 +0800] "GET /InternetTrading/longpoll/M8773?X-Atmosphere-tracking-id=0&X-Atmosphere-Framework=2.2.3-javascript&X-Atmosphere-Transport=long-polling&X-Atmosphere-TrackMessageSize=true&Content-Type=charset%3Dutf-8&X-atmo-protocol=true&_=1776307634951 HTTP/1.1" 200 -
14.19.84.100 - - [16/Apr/2026:10:40:57 +0800] "GET /InternetTrading/longpoll/13975?X-Atmosphere-tracking-id=0&X-Atmosphere-Framework=2.2.3-javascript&X-Atmosphere-Transport=long-polling&X-Atmosphere-TrackMessageSize=true&Content-Type=charset%3Dutf-8&X-atmo-protocol=true&_=1776307637662 HTTP/1.1" 200 -
119.136.152.250 - - [16/Apr/2026:10:40:58 +0800] "GET /InternetTrading/longpoll/51803?X-Atmosphere-tracking-id=0&X-Atmosphere-Framework=2.2.3-javascript&X-Atmosphere-Transport=long-polling&X-Atmosphere-TrackMessageSize=true&Content-Type=charset%3Dutf-8&X-atmo-protocol=true&_=1776307643230 HTTP/1.1" 200 -
110.81.59.254 - - [16/Apr/2026:10:40:58 +0800] "GET /InternetTrading/longpoll/M8773?X-Atmosphere-tracking-id=0&X-Atmosphere-Framework=2.2.3-javascript&X-Atmosphere-Transport=long-polling&X-Atmosphere-TrackMessageSize=true&Content-Type=charset%3Dutf-8&X-atmo-protocol=true&_=1776307640951 HTTP/1.1" 200 -
14.19.84.100 - - [16/Apr/2026:10:41:03 +0800] "GET /InternetTrading/longpoll/13975?X-Atmosphere-tracking-id=0&X-Atmosphere-Framework=2.2.3-javascript&X-Atmosphere-Transport=long-polling&X-Atmosphere-TrackMessageSize=true&Content-Type=charset%3Dutf-8&X-atmo-protocol=true&_=1776307643662 HTTP/1.1" 200 -
119.136.152.250 - - [16/Apr/2026:10:41:04 +0800] "GET /InternetTrading/longpoll/51803?X-Atmosphere-tracking-id=0&X-Atmosphere-Framework=2.2.3-javascript&X-Atmosphere-Transport=long-polling&X-Atmosphere-TrackMessageSize=true&Content-Type=charset%3Dutf-8&X-atmo-protocol=true&_=1776307649235 HTTP/1.1" 200 -
110.81.59.254 - - [16/Apr/2026:10:41:04 +0800] "GET /InternetTrading/longpoll/M8773?X-Atmosphere-tracking-id=0&X-Atmosphere-Framework=2.2.3-javascript&X-Atmosphere-Transport=long-polling&X-Atmosphere-TrackMessageSize=true&Content-Type=charset%3Dutf-8&X-atmo-protocol=true&_=1776307646951 HTTP/1.1" 200 -
14.19.84.100 - - [16/Apr/2026:10:41:05 +0800] "POST /InternetTrading/SessionErrorLogger HTTP/1.1" 200 117
14.19.84.100 - - [16/Apr/2026:10:41:05 +0800] "POST /InternetTrading/Heartbeat HTTP/1.1" 200 32
14.19.84.100 - - [16/Apr/2026:10:41:05 +0800] "POST /InternetTrading/SessionErrorLogger HTTP/1.1" 200 117
14.19.84.100 - - [16/Apr/2026:10:41:05 +0800] "POST /InternetTrading/MarketStatus HTTP/1.1" 200 772
14.19.84.100 - - [16/Apr/2026:10:41:09 +0800] "GET /InternetTrading/longpoll/13975?X-Atmosphere-tracking-id=0&X-Atmosphere-Framework=2.2.3-javascript&X-Atmosphere-Transport=long-polling&X-Atmosphere-TrackMessageSize=true&Content-Type=charset%3Dutf-8&X-atmo-protocol=true&_=1776307649662 HTTP/1.1" 200 -
119.136.152.250 - - [16/Apr/2026:10:41:10 +0800] "GET /InternetTrading/longpoll/51803?X-Atmosphere-tracking-id=0&X-Atmosphere-Framework=2.2.3-javascript&X-Atmosphere-Transport=long-polling&X-Atmosphere-TrackMessageSize=true&Content-Type=charset%3Dutf-8&X-atmo-protocol=true&_=1776307655227 HTTP/1.1" 200 -
110.81.59.254 - - [16/Apr/2026:10:41:11 +0800] "GET /InternetTrading/longpoll/M8773?X-Atmosphere-tracking-id=0&X-Atmosphere-Framework=2.2.3-javascript&X-Atmosphere-Transport=long-polling&X-Atmosphere-TrackMessageSize=true&Content-Type=charset%3Dutf-8&X-atmo-protocol=true&_=1776307652951 HTTP/1.1" 200 -
14.19.84.100 - - [16/Apr/2026:10:41:15 +0800] "GET /InternetTrading/longpoll/13975?X-Atmosphere-tracking-id=0&X-Atmosphere-Framework=2.2.3-javascript&X-Atmosphere-Transport=long-polling&X-Atmosphere-TrackMessageSize=true&Content-Type=charset%3Dutf-8&X-atmo-protocol=true&_=1776307655661 HTTP/1.1" 200 -
119.136.152.250 - - [16/Apr/2026:10:41:16 +0800] "GET /InternetTrading/longpoll/51803?X-Atmosphere-tracking-id=0&X-Atmosphere-Framework=2.2.3-javascript&X-Atmosphere-Transport=long-polling&X-Atmosphere-TrackMessageSize=true&Content-Type=charset%3Dutf-8&X-atmo-protocol=true&_=1776307661227 HTTP/1.1" 200 -
110.81.59.254 - - [16/Apr/2026:10:41:16 +0800] "GET /InternetTrading/longpoll/M8773?X-Atmosphere-tracking-id=0&X-Atmosphere-Framework=2.2.3-javascript&X-Atmosphere-Transport=long-polling&X-Atmosphere-TrackMessageSize=true&Content-Type=charset%3Dutf-8&X-atmo-protocol=true&_=1776307658953 HTTP/1.1" 200 -
14.19.84.100 - - [16/Apr/2026:10:41:21 +0800] "GET /InternetTrading/longpoll/13975?X-Atmosphere-tracking-id=0&X-Atmosphere-Framework=2.2.3-javascript&X-Atmosphere-Transport=long-polling&X-Atmosphere-TrackMessageSize=true&Content-Type=charset%3Dutf-8&X-atmo-protocol=true&_=1776307661664 HTTP/1.1" 200 -
119.136.152.250 - - [16/Apr/2026:10:41:22 +0800] "GET /InternetTrading/longpoll/51803?X-Atmosphere-tracking-id=0&X-Atmosphere-Framework=2.2.3-javascript&X-Atmosphere-Transport=long-polling&X-Atmosphere-TrackMessageSize=true&Content-Type=charset%3Dutf-8&X-atmo-protocol=true&_=1776307667235 HTTP/1.1" 200 -
110.81.59.254 - - [16/Apr/2026:10:41:22 +0800] "GET /InternetTrading/longpoll/M8773?X-Atmosphere-tracking-id=0&X-Atmosphere-Framework=2.2.3-javascript&X-Atmosphere-Transport=long-polling&X-Atmosphere-TrackMessageSize=true&Content-Type=charset%3Dutf-8&X-atmo-protocol=true&_=1776307664953 HTTP/1.1" 200 -
119.136.152.250 - - [16/Apr/2026:10:41:24 +0800] "POST /InternetTrading/SessionErrorLogger HTTP/1.1" 200 117
119.136.152.250 - - [16/Apr/2026:10:41:24 +0800] "POST /InternetTrading/Heartbeat HTTP/1.1" 200 32
119.136.152.250 - - [16/Apr/2026:10:41:24 +0800] "POST /InternetTrading/SessionErrorLogger HTTP/1.1" 200 117
119.136.152.250 - - [16/Apr/2026:10:41:24 +0800] "POST /InternetTrading/MarketStatus HTTP/1.1" 200 772
14.19.84.100 - - [16/Apr/2026:10:41:27 +0800] "GET /InternetTrading/longpoll/13975?X-Atmosphere-tracking-id=0&X-Atmosphere-Framework=2.2.3-javascript&X-Atmosphere-Transport=long-polling&X-Atmosphere-TrackMessageSize=true&Content-Type=charset%3Dutf-8&X-atmo-protocol=true&_=1776307667662 HTTP/1.1" 200 -
119.136.152.250 - - [16/Apr/2026:10:41:28 +0800] "GET /InternetTrading/longpoll/51803?X-Atmosphere-tracking-id=0&X-Atmosphere-Framework=2.2.3-javascript&X-Atmosphere-Transport=long-polling&X-Atmosphere-TrackMessageSize=true&Content-Type=charset%3Dutf-8&X-atmo-protocol=true&_=1776307673225 HTTP/1.1" 200 -
110.81.59.254 - - [16/Apr/2026:10:41:28 +0800] "GET /InternetTrading/longpoll/M8773?X-Atmosphere-tracking-id=0&X-Atmosphere-Framework=2.2.3-javascript&X-Atmosphere-Transport=long-polling&X-Atmosphere-TrackMessageSize=true&Content-Type=charset%3Dutf-8&X-atmo-protocol=true&_=1776307670953 HTTP/1.1" 200 -
14.19.84.100 - - [16/Apr/2026:10:41:33 +0800] "GET /InternetTrading/longpoll/13975?X-Atmosphere-tracking-id=0&X-Atmosphere-Framework=2.2.3-javascript&X-Atmosphere-Transport=long-polling&X-Atmosphere-TrackMessageSize=true&Content-Type=charset%3Dutf-8&X-atmo-protocol=true&_=1776307673662 HTTP/1.1" 200 -
119.136.152.250 - - [16/Apr/2026:10:41:34 +0800] "GET /InternetTrading/longpoll/51803?X-Atmosphere-tracking-id=0&X-Atmosphere-Framework=2.2.3-javascript&X-Atmosphere-Transport=long-polling&X-Atmosphere-TrackMessageSize=true&Content-Type=charset%3Dutf-8&X-atmo-protocol=true&_=1776307679224 HTTP/1.1" 200 -
110.81.59.254 - - [16/Apr/2026:10:41:34 +0800] "GET /InternetTrading/longpoll/M8773?X-Atmosphere-tracking-id=0&X-Atmosphere-Framework=2.2.3-javascript&X-Atmosphere-Transport=long-polling&X-Atmosphere-TrackMessageSize=true&Content-Type=charset%3Dutf-8&X-atmo-protocol=true&_=1776307676953 HTTP/1.1" 200 -
14.19.84.100 - - [16/Apr/2026:10:41:39 +0800] "GET /InternetTrading/longpoll/13975?X-Atmosphere-tracking-id=0&X-Atmosphere-Framework=2.2.3-javascript&X-Atmosphere-Transport=long-polling&X-Atmosphere-TrackMessageSize=true&Content-Type=charset%3Dutf-8&X-atmo-protocol=true&_=1776307679663 HTTP/1.1" 200 -
119.136.152.250 - - [16/Apr/2026:10:41:40 +0800] "GET /InternetTrading/longpoll/51803?X-Atmosphere-tracking-id=0&X-Atmosphere-Framework=2.2.3-javascript&X-Atmosphere-Transport=long-polling&X-Atmosphere-TrackMessageSize=true&Content-Type=charset%3Dutf-8&X-atmo-protocol=true&_=1776307685232 HTTP/1.1" 200 -
110.81.59.254 - - [16/Apr/2026:10:41:41 +0800] "GET /InternetTrading/longpoll/M8773?X-Atmosphere-tracking-id=0&X-Atmosphere-Framework=2.2.3-javascript&X-Atmosphere-Transport=long-polling&X-Atmosphere-TrackMessageSize=true&Content-Type=charset%3Dutf-8&X-atmo-protocol=true&_=1776307682953 HTTP/1.1" 200 -
14.19.84.100 - - [16/Apr/2026:10:41:45 +0800] "GET /InternetTrading/longpoll/13975?X-Atmosphere-tracking-id=0&X-Atmosphere-Framework=2.2.3-javascript&X-Atmosphere-Transport=long-polling&X-Atmosphere-TrackMessageSize=true&Content-Type=charset%3Dutf-8&X-atmo-protocol=true&_=1776307685662 HTTP/1.1" 200 -
119.136.152.250 - - [16/Apr/2026:10:41:46 +0800] "GET /InternetTrading/longpoll/51803?X-Atmosphere-tracking-id=0&X-Atmosphere-Framework=2.2.3-javascript&X-Atmosphere-Transport=long-polling&X-Atmosphere-TrackMessageSize=true&Content-Type=charset%3Dutf-8&X-atmo-protocol=true&_=1776307691236 HTTP/1.1" 200 -
110.81.59.254 - - [16/Apr/2026:10:41:46 +0800] "GET /InternetTrading/longpoll/M8773?X-Atmosphere-tracking-id=0&X-Atmosphere-Framework=2.2.3-javascript&X-Atmosphere-Transport=long-polling&X-Atmosphere-TrackMessageSize=true&Content-Type=charset%3Dutf-8&X-atmo-protocol=true&_=1776307688953 HTTP/1.1" 200 -
14.19.84.100 - - [16/Apr/2026:10:41:51 +0800] "GET /InternetTrading/longpoll/13975?X-Atmosphere-tracking-id=0&X-Atmosphere-Framework=2.2.3-javascript&X-Atmosphere-Transport=long-polling&X-Atmosphere-TrackMessageSize=true&Content-Type=charset%3Dutf-8&X-atmo-protocol=true&_=1776307691662 HTTP/1.1" 200 -
110.81.59.254 - - [16/Apr/2026:10:41:51 +0800] "POST /InternetTrading/SessionErrorLogger HTTP/1.1" 200 117
110.81.59.254 - - [16/Apr/2026:10:41:51 +0800] "POST /InternetTrading/MarketStatus HTTP/1.1" 200 772
110.81.59.254 - - [16/Apr/2026:10:41:52 +0800] "POST /InternetTrading/SessionErrorLogger HTTP/1.1" 200 117
110.81.59.254 - - [16/Apr/2026:10:41:52 +0800] "POST /InternetTrading/Heartbeat HTTP/1.1" 200 32
119.136.152.250 - - [16/Apr/2026:10:41:52 +0800] "GET /InternetTrading/longpoll/51803?X-Atmosphere-tracking-id=0&X-Atmosphere-Framework=2.2.3-javascript&X-Atmosphere-Transport=long-polling&X-Atmosphere-TrackMessageSize=true&Content-Type=charset%3Dutf-8&X-atmo-protocol=true&_=1776307697234 HTTP/1.1" 200 -
110.81.59.254 - - [16/Apr/2026:10:41:52 +0800] "GET /InternetTrading/longpoll/M8773?X-Atmosphere-tracking-id=0&X-Atmosphere-Framework=2.2.3-javascript&X-Atmosphere-Transport=long-polling&X-Atmosphere-TrackMessageSize=true&Content-Type=charset%3Dutf-8&X-atmo-protocol=true&_=1776307694952 HTTP/1.1" 200 -
14.19.84.100 - - [16/Apr/2026:10:41:57 +0800] "GET /InternetTrading/longpoll/13975?X-Atmosphere-tracking-id=0&X-Atmosphere-Framework=2.2.3-javascript&X-Atmosphere-Transport=long-polling&X-Atmosphere-TrackMessageSize=true&Content-Type=charset%3Dutf-8&X-atmo-protocol=true&_=1776307697663 HTTP/1.1" 200 -
119.136.152.250 - - [16/Apr/2026:10:41:58 +0800] "GET /InternetTrading/longpoll/51803?X-Atmosphere-tracking-id=0&X-Atmosphere-Framework=2.2.3-javascript&X-Atmosphere-Transport=long-polling&X-Atmosphere-TrackMessageSize=true&Content-Type=charset%3Dutf-8&X-atmo-protocol=true&_=1776307703231 HTTP/1.1" 200 -
110.81.59.254 - - [16/Apr/2026:10:41:58 +0800] "GET /InternetTrading/longpoll/M8773?X-Atmosphere-tracking-id=0&X-Atmosphere-Framework=2.2.3-javascript&X-Atmosphere-Transport=long-polling&X-Atmosphere-TrackMessageSize=true&Content-Type=charset%3Dutf-8&X-atmo-protocol=true&_=1776307700952 HTTP/1.1" 200 -
