14.19.84.100 - - [16/Apr/2026:10:10:26 +0800] "GET /InternetTrading/longpoll/13975?X-Atmosphere-tracking-id=0&X-Atmosphere-Framework=2.2.3-javascript&X-Atmosphere-Transport=long-polling&X-Atmosphere-TrackMessageSize=true&Content-Type=charset%3Dutf-8&X-atmo-protocol=true&_=1776305806211 HTTP/1.1" 200 -
27.18.242.154 - - [16/Apr/2026:10:10:26 +0800] "GET /InternetTrading/longpoll/M9990?X-Atmosphere-tracking-id=0&X-Atmosphere-Framework=2.2.3-javascript&X-Atmosphere-Transport=long-polling&X-Atmosphere-TrackMessageSize=true&Content-Type=charset%3Dutf-8&X-atmo-protocol=true&_=1776305805490 HTTP/1.1" 200 -
27.18.242.154 - - [16/Apr/2026:10:10:27 +0800] "POST /InternetTrading/SessionErrorLogger HTTP/1.1" 200 117
27.18.242.154 - - [16/Apr/2026:10:10:27 +0800] "GET /InternetTrading/Csrf?url=/Order HTTP/1.1" 200 126
219.73.99.100 - - [16/Apr/2026:10:10:27 +0800] "GET /InternetTrading/longpoll/55136?X-Atmosphere-tracking-id=0&X-Atmosphere-Framework=2.2.3-javascript&X-Atmosphere-Transport=long-polling&X-Atmosphere-TrackMessageSize=true&Content-Type=charset%3Dutf-8&X-atmo-protocol=true&_=1776305806345 HTTP/1.1" 200 -
27.18.242.154 - - [16/Apr/2026:10:10:27 +0800] "POST /InternetTrading/SessionErrorLogger HTTP/1.1" 200 117
119.136.152.250 - - [16/Apr/2026:10:10:27 +0800] "GET /InternetTrading/longpoll/51803?X-Atmosphere-tracking-id=0&X-Atmosphere-Framework=2.2.3-javascript&X-Atmosphere-Transport=long-polling&X-Atmosphere-TrackMessageSize=true&Content-Type=charset%3Dutf-8&X-atmo-protocol=true&_=1776305812743 HTTP/1.1" 200 -
27.18.242.154 - - [16/Apr/2026:10:10:27 +0800] "POST /InternetTrading/LoginKey HTTP/1.1" 200 -
27.18.242.154 - - [16/Apr/2026:10:10:28 +0800] "POST /InternetTrading/SessionErrorLogger HTTP/1.1" 200 117
27.18.242.154 - - [16/Apr/2026:10:10:28 +0800] "POST /InternetTrading/Order?csrf_nonce=2E0AA45F30DB84D33DF0980C8D0291E0 HTTP/1.1" 200 1019
27.18.242.154 - - [16/Apr/2026:10:10:28 +0800] "POST /InternetTrading/SessionErrorLogger HTTP/1.1" 200 117
27.18.242.154 - - [16/Apr/2026:10:10:28 +0800] "GET /InternetTrading/tc/sell_ticket.html? HTTP/1.1" 200 2261
27.18.242.154 - - [16/Apr/2026:10:10:29 +0800] "POST /InternetTrading/SessionErrorLogger HTTP/1.1" 200 117
110.81.59.254 - - [16/Apr/2026:10:10:29 +0800] "GET /InternetTrading/longpoll/M8773?X-Atmosphere-tracking-id=0&X-Atmosphere-Framework=2.2.3-javascript&X-Atmosphere-Transport=long-polling&X-Atmosphere-TrackMessageSize=true&Content-Type=charset%3Dutf-8&X-atmo-protocol=true&_=1776305810914 HTTP/1.1" 200 -
27.18.242.154 - - [16/Apr/2026:10:10:29 +0800] "POST /InternetTrading/SessionErrorLogger HTTP/1.1" 200 117
27.18.242.154 - - [16/Apr/2026:10:10:29 +0800] "POST /InternetTrading/MarketStatus HTTP/1.1" 200 772
27.18.242.154 - - [16/Apr/2026:10:10:29 +0800] "POST /InternetTrading/MarketStatus HTTP/1.1" 200 772
27.18.242.154 - - [16/Apr/2026:10:10:30 +0800] "GET /InternetTrading/jquery/wait.gif HTTP/1.1" 200 432
27.18.242.154 - - [16/Apr/2026:10:10:30 +0800] "POST /InternetTrading/SessionErrorLogger HTTP/1.1" 200 117
27.18.242.154 - - [16/Apr/2026:10:10:30 +0800] "POST /InternetTrading/Orderbook HTTP/1.1" 200 1345
14.19.84.100 - - [16/Apr/2026:10:10:31 +0800] "GET /InternetTrading/longpoll/13975?X-Atmosphere-tracking-id=0&X-Atmosphere-Framework=2.2.3-javascript&X-Atmosphere-Transport=long-polling&X-Atmosphere-TrackMessageSize=true&Content-Type=charset%3Dutf-8&X-atmo-protocol=true&_=1776305811376 HTTP/1.1" 200 -
27.18.242.154 - - [16/Apr/2026:10:10:32 +0800] "GET /InternetTrading/longpoll/M9990?X-Atmosphere-tracking-id=0&X-Atmosphere-Framework=2.2.3-javascript&X-Atmosphere-Transport=long-polling&X-Atmosphere-TrackMessageSize=true&Content-Type=charset%3Dutf-8&X-atmo-protocol=true&_=1776305810638 HTTP/1.1" 200 -
219.73.99.100 - - [16/Apr/2026:10:10:32 +0800] "GET /InternetTrading/longpoll/55136?X-Atmosphere-tracking-id=0&X-Atmosphere-Framework=2.2.3-javascript&X-Atmosphere-Transport=long-polling&X-Atmosphere-TrackMessageSize=true&Content-Type=charset%3Dutf-8&X-atmo-protocol=true&_=1776305811383 HTTP/1.1" 200 -
119.136.152.250 - - [16/Apr/2026:10:10:32 +0800] "GET /InternetTrading/longpoll/51803?X-Atmosphere-tracking-id=0&X-Atmosphere-Framework=2.2.3-javascript&X-Atmosphere-Transport=long-polling&X-Atmosphere-TrackMessageSize=true&Content-Type=charset%3Dutf-8&X-atmo-protocol=true&_=1776305817818 HTTP/1.1" 200 -
110.81.59.254 - - [16/Apr/2026:10:10:34 +0800] "GET /InternetTrading/longpoll/M8773?X-Atmosphere-tracking-id=0&X-Atmosphere-Framework=2.2.3-javascript&X-Atmosphere-Transport=long-polling&X-Atmosphere-TrackMessageSize=true&Content-Type=charset%3Dutf-8&X-atmo-protocol=true&_=1776305816914 HTTP/1.1" 200 -
14.19.84.100 - - [16/Apr/2026:10:10:36 +0800] "GET /InternetTrading/longpoll/13975?X-Atmosphere-tracking-id=0&X-Atmosphere-Framework=2.2.3-javascript&X-Atmosphere-Transport=long-polling&X-Atmosphere-TrackMessageSize=true&Content-Type=charset%3Dutf-8&X-atmo-protocol=true&_=1776305816430 HTTP/1.1" 200 -
27.18.242.154 - - [16/Apr/2026:10:10:37 +0800] "GET /InternetTrading/longpoll/M9990?X-Atmosphere-tracking-id=0&X-Atmosphere-Framework=2.2.3-javascript&X-Atmosphere-Transport=long-polling&X-Atmosphere-TrackMessageSize=true&Content-Type=charset%3Dutf-8&X-atmo-protocol=true&_=1776305815783 HTTP/1.1" 200 -
219.73.99.100 - - [16/Apr/2026:10:10:37 +0800] "GET /InternetTrading/longpoll/55136?X-Atmosphere-tracking-id=0&X-Atmosphere-Framework=2.2.3-javascript&X-Atmosphere-Transport=long-polling&X-Atmosphere-TrackMessageSize=true&Content-Type=charset%3Dutf-8&X-atmo-protocol=true&_=1776305816420 HTTP/1.1" 200 -
119.136.152.250 - - [16/Apr/2026:10:10:38 +0800] "GET /InternetTrading/longpoll/51803?X-Atmosphere-tracking-id=0&X-Atmosphere-Framework=2.2.3-javascript&X-Atmosphere-Transport=long-polling&X-Atmosphere-TrackMessageSize=true&Content-Type=charset%3Dutf-8&X-atmo-protocol=true&_=1776305822901 HTTP/1.1" 200 -
14.19.84.100 - - [16/Apr/2026:10:10:40 +0800] "POST /InternetTrading/SessionErrorLogger HTTP/1.1" 200 117
14.19.84.100 - - [16/Apr/2026:10:10:40 +0800] "POST /InternetTrading/Heartbeat HTTP/1.1" 200 32
110.81.59.254 - - [16/Apr/2026:10:10:40 +0800] "GET /InternetTrading/longpoll/M8773?X-Atmosphere-tracking-id=0&X-Atmosphere-Framework=2.2.3-javascript&X-Atmosphere-Transport=long-polling&X-Atmosphere-TrackMessageSize=true&Content-Type=charset%3Dutf-8&X-atmo-protocol=true&_=1776305822914 HTTP/1.1" 200 -
14.19.84.100 - - [16/Apr/2026:10:10:41 +0800] "GET /InternetTrading/longpoll/13975?X-Atmosphere-tracking-id=0&X-Atmosphere-Framework=2.2.3-javascript&X-Atmosphere-Transport=long-polling&X-Atmosphere-TrackMessageSize=true&Content-Type=charset%3Dutf-8&X-atmo-protocol=true&_=1776305821455 HTTP/1.1" 200 -
119.136.152.250 - - [16/Apr/2026:10:10:41 +0800] "POST /InternetTrading/SessionErrorLogger HTTP/1.1" 200 117
119.136.152.250 - - [16/Apr/2026:10:10:41 +0800] "POST /InternetTrading/Heartbeat HTTP/1.1" 200 32
119.136.152.250 - - [16/Apr/2026:10:10:41 +0800] "POST /InternetTrading/SessionErrorLogger HTTP/1.1" 200 117
119.136.152.250 - - [16/Apr/2026:10:10:41 +0800] "POST /InternetTrading/MarketStatus HTTP/1.1" 200 772
219.73.99.100 - - [16/Apr/2026:10:10:42 +0800] "GET /InternetTrading/longpoll/55136?X-Atmosphere-tracking-id=0&X-Atmosphere-Framework=2.2.3-javascript&X-Atmosphere-Transport=long-polling&X-Atmosphere-TrackMessageSize=true&Content-Type=charset%3Dutf-8&X-atmo-protocol=true&_=1776305821452 HTTP/1.1" 200 -
119.136.152.250 - - [16/Apr/2026:10:10:43 +0800] "GET /InternetTrading/longpoll/51803?X-Atmosphere-tracking-id=0&X-Atmosphere-Framework=2.2.3-javascript&X-Atmosphere-Transport=long-polling&X-Atmosphere-TrackMessageSize=true&Content-Type=charset%3Dutf-8&X-atmo-protocol=true&_=1776305827961 HTTP/1.1" 200 -
27.18.242.154 - - [16/Apr/2026:10:10:43 +0800] "GET /InternetTrading/longpoll/M9990?X-Atmosphere-tracking-id=0&X-Atmosphere-Framework=2.2.3-javascript&X-Atmosphere-Transport=long-polling&X-Atmosphere-TrackMessageSize=true&Content-Type=charset%3Dutf-8&X-atmo-protocol=true&_=1776305821522 HTTP/1.1" 200 -
27.18.242.154 - - [16/Apr/2026:10:10:45 +0800] "POST /InternetTrading/SessionErrorLogger HTTP/1.1" 200 117
27.18.242.154 - - [16/Apr/2026:10:10:45 +0800] "POST /InternetTrading/Heartbeat HTTP/1.1" 200 32
14.19.84.100 - - [16/Apr/2026:10:10:46 +0800] "POST /InternetTrading/SessionErrorLogger HTTP/1.1" 200 117
14.19.84.100 - - [16/Apr/2026:10:10:46 +0800] "POST /InternetTrading/MarketStatus HTTP/1.1" 200 772
14.19.84.100 - - [16/Apr/2026:10:10:46 +0800] "GET /InternetTrading/longpoll/13975?X-Atmosphere-tracking-id=0&X-Atmosphere-Framework=2.2.3-javascript&X-Atmosphere-Transport=long-polling&X-Atmosphere-TrackMessageSize=true&Content-Type=charset%3Dutf-8&X-atmo-protocol=true&_=1776305826481 HTTP/1.1" 200 -
110.81.59.254 - - [16/Apr/2026:10:10:46 +0800] "GET /InternetTrading/longpoll/M8773?X-Atmosphere-tracking-id=0&X-Atmosphere-Framework=2.2.3-javascript&X-Atmosphere-Transport=long-polling&X-Atmosphere-TrackMessageSize=true&Content-Type=charset%3Dutf-8&X-atmo-protocol=true&_=1776305828914 HTTP/1.1" 200 -
219.73.99.100 - - [16/Apr/2026:10:10:47 +0800] "GET /InternetTrading/longpoll/55136?X-Atmosphere-tracking-id=0&X-Atmosphere-Framework=2.2.3-javascript&X-Atmosphere-Transport=long-polling&X-Atmosphere-TrackMessageSize=true&Content-Type=charset%3Dutf-8&X-atmo-protocol=true&_=1776305826489 HTTP/1.1" 200 -
119.136.152.250 - - [16/Apr/2026:10:10:48 +0800] "GET /InternetTrading/longpoll/51803?X-Atmosphere-tracking-id=0&X-Atmosphere-Framework=2.2.3-javascript&X-Atmosphere-Transport=long-polling&X-Atmosphere-TrackMessageSize=true&Content-Type=charset%3Dutf-8&X-atmo-protocol=true&_=1776305832990 HTTP/1.1" 200 -
27.18.242.154 - - [16/Apr/2026:10:10:48 +0800] "GET /InternetTrading/longpoll/M9990?X-Atmosphere-tracking-id=0&X-Atmosphere-Framework=2.2.3-javascript&X-Atmosphere-Transport=long-polling&X-Atmosphere-TrackMessageSize=true&Content-Type=charset%3Dutf-8&X-atmo-protocol=true&_=1776305827018 HTTP/1.1" 200 -
14.19.84.100 - - [16/Apr/2026:10:10:51 +0800] "GET /InternetTrading/longpoll/13975?X-Atmosphere-tracking-id=0&X-Atmosphere-Framework=2.2.3-javascript&X-Atmosphere-Transport=long-polling&X-Atmosphere-TrackMessageSize=true&Content-Type=charset%3Dutf-8&X-atmo-protocol=true&_=1776305831507 HTTP/1.1" 200 -
110.81.59.254 - - [16/Apr/2026:10:10:51 +0800] "POST /InternetTrading/SessionErrorLogger HTTP/1.1" 200 117
110.81.59.254 - - [16/Apr/2026:10:10:51 +0800] "POST /InternetTrading/Heartbeat HTTP/1.1" 200 32
110.81.59.254 - - [16/Apr/2026:10:10:51 +0800] "POST /InternetTrading/SessionErrorLogger HTTP/1.1" 200 117
110.81.59.254 - - [16/Apr/2026:10:10:51 +0800] "POST /InternetTrading/MarketStatus HTTP/1.1" 200 772
219.73.99.100 - - [16/Apr/2026:10:10:52 +0800] "POST /InternetTrading/SessionErrorLogger HTTP/1.1" 200 117
219.73.99.100 - - [16/Apr/2026:10:10:52 +0800] "POST /InternetTrading/Heartbeat HTTP/1.1" 200 32
219.73.99.100 - - [16/Apr/2026:10:10:52 +0800] "POST /InternetTrading/SessionErrorLogger HTTP/1.1" 200 117
219.73.99.100 - - [16/Apr/2026:10:10:52 +0800] "POST /InternetTrading/MarketStatus HTTP/1.1" 200 772
110.81.59.254 - - [16/Apr/2026:10:10:52 +0800] "GET /InternetTrading/longpoll/M8773?X-Atmosphere-tracking-id=0&X-Atmosphere-Framework=2.2.3-javascript&X-Atmosphere-Transport=long-polling&X-Atmosphere-TrackMessageSize=true&Content-Type=charset%3Dutf-8&X-atmo-protocol=true&_=1776305834916 HTTP/1.1" 200 -
219.73.99.100 - - [16/Apr/2026:10:10:52 +0800] "GET /InternetTrading/longpoll/55136?X-Atmosphere-tracking-id=0&X-Atmosphere-Framework=2.2.3-javascript&X-Atmosphere-Transport=long-polling&X-Atmosphere-TrackMessageSize=true&Content-Type=charset%3Dutf-8&X-atmo-protocol=true&_=1776305831513 HTTP/1.1" 200 -
119.136.152.250 - - [16/Apr/2026:10:10:53 +0800] "GET /InternetTrading/longpoll/51803?X-Atmosphere-tracking-id=0&X-Atmosphere-Framework=2.2.3-javascript&X-Atmosphere-Transport=long-polling&X-Atmosphere-TrackMessageSize=true&Content-Type=charset%3Dutf-8&X-atmo-protocol=true&_=1776305838051 HTTP/1.1" 200 -
27.18.242.154 - - [16/Apr/2026:10:10:54 +0800] "GET /InternetTrading/longpoll/M9990?X-Atmosphere-tracking-id=0&X-Atmosphere-Framework=2.2.3-javascript&X-Atmosphere-Transport=long-polling&X-Atmosphere-TrackMessageSize=true&Content-Type=charset%3Dutf-8&X-atmo-protocol=true&_=1776305832147 HTTP/1.1" 200 -
14.19.84.100 - - [16/Apr/2026:10:10:56 +0800] "GET /InternetTrading/longpoll/13975?X-Atmosphere-tracking-id=0&X-Atmosphere-Framework=2.2.3-javascript&X-Atmosphere-Transport=long-polling&X-Atmosphere-TrackMessageSize=true&Content-Type=charset%3Dutf-8&X-atmo-protocol=true&_=1776305836569 HTTP/1.1" 200 -
219.73.99.100 - - [16/Apr/2026:10:10:57 +0800] "GET /InternetTrading/longpoll/55136?X-Atmosphere-tracking-id=0&X-Atmosphere-Framework=2.2.3-javascript&X-Atmosphere-Transport=long-polling&X-Atmosphere-TrackMessageSize=true&Content-Type=charset%3Dutf-8&X-atmo-protocol=true&_=1776305836551 HTTP/1.1" 200 -
119.136.152.250 - - [16/Apr/2026:10:10:58 +0800] "GET /InternetTrading/longpoll/51803?X-Atmosphere-tracking-id=0&X-Atmosphere-Framework=2.2.3-javascript&X-Atmosphere-Transport=long-polling&X-Atmosphere-TrackMessageSize=true&Content-Type=charset%3Dutf-8&X-atmo-protocol=true&_=1776305843076 HTTP/1.1" 200 -
110.81.59.254 - - [16/Apr/2026:10:10:58 +0800] "GET /InternetTrading/longpoll/M8773?X-Atmosphere-tracking-id=0&X-Atmosphere-Framework=2.2.3-javascript&X-Atmosphere-Transport=long-polling&X-Atmosphere-TrackMessageSize=true&Content-Type=charset%3Dutf-8&X-atmo-protocol=true&_=1776305840915 HTTP/1.1" 200 -
27.18.242.154 - - [16/Apr/2026:10:10:59 +0800] "GET /InternetTrading/longpoll/M9990?X-Atmosphere-tracking-id=0&X-Atmosphere-Framework=2.2.3-javascript&X-Atmosphere-Transport=long-polling&X-Atmosphere-TrackMessageSize=true&Content-Type=charset%3Dutf-8&X-atmo-protocol=true&_=1776305837823 HTTP/1.1" 200 -
27.18.242.154 - - [16/Apr/2026:10:10:59 +0800] "POST /InternetTrading/SessionErrorLogger HTTP/1.1" 200 117
27.18.242.154 - - [16/Apr/2026:10:10:59 +0800] "POST /InternetTrading/MarketStatus HTTP/1.1" 200 772
14.19.84.100 - - [16/Apr/2026:10:11:01 +0800] "GET /InternetTrading/longpoll/13975?X-Atmosphere-tracking-id=0&X-Atmosphere-Framework=2.2.3-javascript&X-Atmosphere-Transport=long-polling&X-Atmosphere-TrackMessageSize=true&Content-Type=charset%3Dutf-8&X-atmo-protocol=true&_=1776305841637 HTTP/1.1" 200 -
219.73.99.100 - - [16/Apr/2026:10:11:02 +0800] "GET /InternetTrading/longpoll/55136?X-Atmosphere-tracking-id=0&X-Atmosphere-Framework=2.2.3-javascript&X-Atmosphere-Transport=long-polling&X-Atmosphere-TrackMessageSize=true&Content-Type=charset%3Dutf-8&X-atmo-protocol=true&_=1776305841661 HTTP/1.1" 200 -
119.136.152.250 - - [16/Apr/2026:10:11:03 +0800] "GET /InternetTrading/longpoll/51803?X-Atmosphere-tracking-id=0&X-Atmosphere-Framework=2.2.3-javascript&X-Atmosphere-Transport=long-polling&X-Atmosphere-TrackMessageSize=true&Content-Type=charset%3Dutf-8&X-atmo-protocol=true&_=1776305848144 HTTP/1.1" 200 -
110.81.59.254 - - [16/Apr/2026:10:11:04 +0800] "GET /InternetTrading/longpoll/M8773?X-Atmosphere-tracking-id=0&X-Atmosphere-Framework=2.2.3-javascript&X-Atmosphere-Transport=long-polling&X-Atmosphere-TrackMessageSize=true&Content-Type=charset%3Dutf-8&X-atmo-protocol=true&_=1776305846915 HTTP/1.1" 200 -
27.18.242.154 - - [16/Apr/2026:10:11:05 +0800] "GET /InternetTrading/longpoll/M9990?X-Atmosphere-tracking-id=0&X-Atmosphere-Framework=2.2.3-javascript&X-Atmosphere-Transport=long-polling&X-Atmosphere-TrackMessageSize=true&Content-Type=charset%3Dutf-8&X-atmo-protocol=true&_=1776305843645 HTTP/1.1" 200 -
14.19.84.100 - - [16/Apr/2026:10:11:06 +0800] "GET /InternetTrading/longpoll/13975?X-Atmosphere-tracking-id=0&X-Atmosphere-Framework=2.2.3-javascript&X-Atmosphere-Transport=long-polling&X-Atmosphere-TrackMessageSize=true&Content-Type=charset%3Dutf-8&X-atmo-protocol=true&_=1776305846701 HTTP/1.1" 200 -
219.73.99.100 - - [16/Apr/2026:10:11:08 +0800] "GET /InternetTrading/longpoll/55136?X-Atmosphere-tracking-id=0&X-Atmosphere-Framework=2.2.3-javascript&X-Atmosphere-Transport=long-polling&X-Atmosphere-TrackMessageSize=true&Content-Type=charset%3Dutf-8&X-atmo-protocol=true&_=1776305846701 HTTP/1.1" 200 -
119.136.152.250 - - [16/Apr/2026:10:11:08 +0800] "GET /InternetTrading/longpoll/51803?X-Atmosphere-tracking-id=0&X-Atmosphere-Framework=2.2.3-javascript&X-Atmosphere-Transport=long-polling&X-Atmosphere-TrackMessageSize=true&Content-Type=charset%3Dutf-8&X-atmo-protocol=true&_=1776305853181 HTTP/1.1" 200 -
14.19.84.100 - - [16/Apr/2026:10:11:10 +0800] "POST /InternetTrading/SessionErrorLogger HTTP/1.1" 200 117
27.18.242.154 - - [16/Apr/2026:10:11:10 +0800] "GET /InternetTrading/longpoll/M9990?X-Atmosphere-tracking-id=0&X-Atmosphere-Framework=2.2.3-javascript&X-Atmosphere-Transport=long-polling&X-Atmosphere-TrackMessageSize=true&Content-Type=charset%3Dutf-8&X-atmo-protocol=true&_=1776305848773 HTTP/1.1" 200 -
14.19.84.100 - - [16/Apr/2026:10:11:10 +0800] "POST /InternetTrading/Heartbeat HTTP/1.1" 200 32
110.81.59.254 - - [16/Apr/2026:10:11:10 +0800] "GET /InternetTrading/longpoll/M8773?X-Atmosphere-tracking-id=0&X-Atmosphere-Framework=2.2.3-javascript&X-Atmosphere-Transport=long-polling&X-Atmosphere-TrackMessageSize=true&Content-Type=charset%3Dutf-8&X-atmo-protocol=true&_=1776305852915 HTTP/1.1" 200 -
14.19.84.100 - - [16/Apr/2026:10:11:11 +0800] "GET /InternetTrading/longpoll/13975?X-Atmosphere-tracking-id=0&X-Atmosphere-Framework=2.2.3-javascript&X-Atmosphere-Transport=long-polling&X-Atmosphere-TrackMessageSize=true&Content-Type=charset%3Dutf-8&X-atmo-protocol=true&_=1776305851761 HTTP/1.1" 200 -
119.136.152.250 - - [16/Apr/2026:10:11:11 +0800] "POST /InternetTrading/SessionErrorLogger HTTP/1.1" 200 117
119.136.152.250 - - [16/Apr/2026:10:11:11 +0800] "POST /InternetTrading/Heartbeat HTTP/1.1" 200 32
119.136.152.250 - - [16/Apr/2026:10:11:11 +0800] "POST /InternetTrading/SessionErrorLogger HTTP/1.1" 200 117
119.136.152.250 - - [16/Apr/2026:10:11:11 +0800] "POST /InternetTrading/MarketStatus HTTP/1.1" 200 772
219.73.99.100 - - [16/Apr/2026:10:11:13 +0800] "GET /InternetTrading/longpoll/55136?X-Atmosphere-tracking-id=0&X-Atmosphere-Framework=2.2.3-javascript&X-Atmosphere-Transport=long-polling&X-Atmosphere-TrackMessageSize=true&Content-Type=charset%3Dutf-8&X-atmo-protocol=true&_=1776305851736 HTTP/1.1" 200 -
119.136.152.250 - - [16/Apr/2026:10:11:13 +0800] "GET /InternetTrading/longpoll/51803?X-Atmosphere-tracking-id=0&X-Atmosphere-Framework=2.2.3-javascript&X-Atmosphere-Transport=long-polling&X-Atmosphere-TrackMessageSize=true&Content-Type=charset%3Dutf-8&X-atmo-protocol=true&_=1776305858265 HTTP/1.1" 200 -
14.19.84.100 - - [16/Apr/2026:10:11:16 +0800] "POST /InternetTrading/SessionErrorLogger HTTP/1.1" 200 117
27.18.242.154 - - [16/Apr/2026:10:11:16 +0800] "POST /InternetTrading/SessionErrorLogger HTTP/1.1" 200 117
14.19.84.100 - - [16/Apr/2026:10:11:16 +0800] "POST /InternetTrading/MarketStatus HTTP/1.1" 200 772
27.18.242.154 - - [16/Apr/2026:10:11:16 +0800] "GET /InternetTrading/longpoll/M9990?X-Atmosphere-tracking-id=0&X-Atmosphere-Framework=2.2.3-javascript&X-Atmosphere-Transport=long-polling&X-Atmosphere-TrackMessageSize=true&Content-Type=charset%3Dutf-8&X-atmo-protocol=true&_=1776305854375 HTTP/1.1" 200 -
27.18.242.154 - - [16/Apr/2026:10:11:16 +0800] "POST /InternetTrading/Heartbeat HTTP/1.1" 200 32
14.19.84.100 - - [16/Apr/2026:10:11:16 +0800] "GET /InternetTrading/longpoll/13975?X-Atmosphere-tracking-id=0&X-Atmosphere-Framework=2.2.3-javascript&X-Atmosphere-Transport=long-polling&X-Atmosphere-TrackMessageSize=true&Content-Type=charset%3Dutf-8&X-atmo-protocol=true&_=1776305856849 HTTP/1.1" 200 -
110.81.59.254 - - [16/Apr/2026:10:11:16 +0800] "GET /InternetTrading/longpoll/M8773?X-Atmosphere-tracking-id=0&X-Atmosphere-Framework=2.2.3-javascript&X-Atmosphere-Transport=long-polling&X-Atmosphere-TrackMessageSize=true&Content-Type=charset%3Dutf-8&X-atmo-protocol=true&_=1776305858915 HTTP/1.1" 200 -
27.18.242.154 - - [16/Apr/2026:10:11:16 +0800] "GET /InternetTrading/tc/2FA_authentication.html?language=tc&version=HTML HTTP/1.1" 200 1468
27.18.242.154 - - [16/Apr/2026:10:11:17 +0800] "GET /InternetTrading/tc/style.css?v=20200819161914 HTTP/1.1" 200 1435
27.18.242.154 - - [16/Apr/2026:10:11:17 +0800] "GET /InternetTrading/tc/style_common.css?v=20200819161914 HTTP/1.1" 200 2540
27.18.242.154 - - [16/Apr/2026:10:11:17 +0800] "GET /InternetTrading/jquery/jquery-3.3.1.js HTTP/1.1" 200 80650
27.18.242.154 - - [16/Apr/2026:10:11:17 +0800] "GET /InternetTrading/jquery/jquery-migrate-3.0.0.js HTTP/1.1" 200 4963
27.18.242.154 - - [16/Apr/2026:10:11:17 +0800] "GET /InternetTrading/jquery/jquery.form-3.46.0.js HTTP/1.1" 200 5673
27.18.242.154 - - [16/Apr/2026:10:11:17 +0800] "GET /InternetTrading/jquery/jquery-ui-1.10.3.js HTTP/1.1" 200 69642
27.18.242.154 - - [16/Apr/2026:10:11:17 +0800] "GET /InternetTrading/jquery/jquery.validate-1.11.1.js HTTP/1.1" 200 7041
27.18.242.154 - - [16/Apr/2026:10:11:17 +0800] "GET /InternetTrading/jquery/additional-methods.js HTTP/1.1" 200 2238
27.18.242.154 - - [16/Apr/2026:10:11:17 +0800] "GET /InternetTrading/jquery/jquery.blockUI-2.66.0-iAsiaEdition.js HTTP/1.1" 200 6651
27.18.242.154 - - [16/Apr/2026:10:11:17 +0800] "GET /InternetTrading/jquery/jquery.timer-0.9.16.js HTTP/1.1" 200 542
27.18.242.154 - - [16/Apr/2026:10:11:17 +0800] "GET /InternetTrading/jquery/jquery.getParams.js HTTP/1.1" 200 587
27.18.242.154 - - [16/Apr/2026:10:11:17 +0800] "GET /InternetTrading/tc/user/translation.js?jsv=20200819161914 HTTP/1.1" 200 12818
27.18.242.154 - - [16/Apr/2026:10:11:17 +0800] "GET /InternetTrading/js/constants.js?jsv=20200819161914 HTTP/1.1" 200 400
27.18.242.154 - - [16/Apr/2026:10:11:17 +0800] "GET /InternetTrading/js/haitong.js?jsv=20200819161914 HTTP/1.1" 200 3881
27.18.242.154 - - [16/Apr/2026:10:11:17 +0800] "GET /InternetTrading/js/util.js?jsv=20200819161914 HTTP/1.1" 200 6636
27.18.242.154 - - [16/Apr/2026:10:11:17 +0800] "GET /InternetTrading/js/init.js?jsv=20200819161914 HTTP/1.1" 200 886
27.18.242.154 - - [16/Apr/2026:10:11:17 +0800] "GET /InternetTrading/tc/user/custom_variables.js?jsv=20200819161914 HTTP/1.1" 200 275
27.18.242.154 - - [16/Apr/2026:10:11:17 +0800] "GET /InternetTrading/js/2fa.js?jsv=20200819161914 HTTP/1.1" 200 1953
27.18.242.154 - - [16/Apr/2026:10:11:17 +0800] "GET /InternetTrading/js/login.js?jsv=20200819161914 HTTP/1.1" 200 1684
27.18.242.154 - - [16/Apr/2026:10:11:17 +0800] "GET /InternetTrading/settings/webpage_settings.js?jsv=20200819161914 HTTP/1.1" 200 33
27.18.242.154 - - [16/Apr/2026:10:11:18 +0800] "GET /InternetTrading/js/login.js?jsv=20200819161914 HTTP/1.1" 200 1684
219.73.99.100 - - [16/Apr/2026:10:11:18 +0800] "GET /InternetTrading/longpoll/55136?X-Atmosphere-tracking-id=0&X-Atmosphere-Framework=2.2.3-javascript&X-Atmosphere-Transport=long-polling&X-Atmosphere-TrackMessageSize=true&Content-Type=charset%3Dutf-8&X-atmo-protocol=true&_=1776305856758 HTTP/1.1" 200 -
27.18.242.154 - - [16/Apr/2026:10:11:18 +0800] "GET /InternetTrading/tc/dialog.html?1776305856813 HTTP/1.1" 200 3188
27.18.242.154 - - [16/Apr/2026:10:11:18 +0800] "POST /InternetTrading/Get2FAInfoService HTTP/1.1" 200 15
27.18.242.154 - - [16/Apr/2026:10:11:18 +0800] "GET /InternetTrading/jquery/wait.gif HTTP/1.1" 200 432
27.18.242.154 - - [16/Apr/2026:10:11:18 +0800] "POST /InternetTrading/SystemMaintenanceCheck HTTP/1.1" 200 119
27.18.242.154 - - [16/Apr/2026:10:11:18 +0800] "POST /InternetTrading/SystemMaintenanceCheck HTTP/1.1" 200 119
119.136.152.250 - - [16/Apr/2026:10:11:18 +0800] "GET /InternetTrading/longpoll/51803?X-Atmosphere-tracking-id=0&X-Atmosphere-Framework=2.2.3-javascript&X-Atmosphere-Transport=long-polling&X-Atmosphere-TrackMessageSize=true&Content-Type=charset%3Dutf-8&X-atmo-protocol=true&_=1776305863303 HTTP/1.1" 200 -
27.18.242.154 - - [16/Apr/2026:10:11:19 +0800] "GET /InternetTrading/tc/login.html HTTP/1.1" 200 1755
27.18.242.154 - - [16/Apr/2026:10:11:20 +0800] "GET /InternetTrading/tc/style_common.css?v=20200819161914 HTTP/1.1" 200 2540
27.18.242.154 - - [16/Apr/2026:10:11:20 +0800] "GET /InternetTrading/tc/style.css?v=20200819161914 HTTP/1.1" 200 1435
27.18.242.154 - - [16/Apr/2026:10:11:20 +0800] "GET /InternetTrading/jquery/jquery.form-3.46.0.js HTTP/1.1" 200 5673
27.18.242.154 - - [16/Apr/2026:10:11:20 +0800] "GET /InternetTrading/jquery/jquery-migrate-3.0.0.js HTTP/1.1" 200 4963
27.18.242.154 - - [16/Apr/2026:10:11:20 +0800] "GET /InternetTrading/jquery/jquery.validate-1.11.1.js HTTP/1.1" 200 7041
27.18.242.154 - - [16/Apr/2026:10:11:20 +0800] "GET /InternetTrading/jquery/jquery-3.3.1.js HTTP/1.1" 200 80650
27.18.242.154 - - [16/Apr/2026:10:11:20 +0800] "GET /InternetTrading/jquery/additional-methods.js HTTP/1.1" 200 2238
27.18.242.154 - - [16/Apr/2026:10:11:20 +0800] "GET /InternetTrading/jquery/jquery.blockUI-2.66.0.js HTTP/1.1" 200 6651
27.18.242.154 - - [16/Apr/2026:10:11:20 +0800] "GET /InternetTrading/jquery/jquery.timer-0.9.16.js HTTP/1.1" 200 542
27.18.242.154 - - [16/Apr/2026:10:11:20 +0800] "GET /InternetTrading/jquery/jquery.getParams.js HTTP/1.1" 200 587
27.18.242.154 - - [16/Apr/2026:10:11:20 +0800] "GET /InternetTrading/jquery/jquery-ui-personalized-1.6rc2.min.js HTTP/1.1" 200 55543
27.18.242.154 - - [16/Apr/2026:10:11:20 +0800] "GET /InternetTrading/js/constants.js?jsv=20200819161914 HTTP/1.1" 200 400
27.18.242.154 - - [16/Apr/2026:10:11:20 +0800] "GET /InternetTrading/js/haitong.js?jsv=20200819161914 HTTP/1.1" 200 3881
27.18.242.154 - - [16/Apr/2026:10:11:20 +0800] "GET /InternetTrading/tc/user/translation.js?jsv=20200819161914 HTTP/1.1" 200 12818
27.18.242.154 - - [16/Apr/2026:10:11:20 +0800] "GET /InternetTrading/js/util.js?jsv=20200819161914 HTTP/1.1" 200 6636
27.18.242.154 - - [16/Apr/2026:10:11:20 +0800] "GET /InternetTrading/js/rsautil.js?jsv=20200819161914 HTTP/1.1" 200 1017
27.18.242.154 - - [16/Apr/2026:10:11:20 +0800] "GET /InternetTrading/js/init.js?jsv=20200819161914 HTTP/1.1" 200 886
27.18.242.154 - - [16/Apr/2026:10:11:21 +0800] "GET /InternetTrading/js/login.js?jsv=20200819161914 HTTP/1.1" 200 1684
27.18.242.154 - - [16/Apr/2026:10:11:21 +0800] "GET /InternetTrading/js/version.js?jsv=20200819161914 HTTP/1.1" 200 85
27.18.242.154 - - [16/Apr/2026:10:11:21 +0800] "GET /InternetTrading/tc/user/custom_variables.js?jsv=20200819161914 HTTP/1.1" 200 275
27.18.242.154 - - [16/Apr/2026:10:11:21 +0800] "GET /InternetTrading/js/string_extend.js?jsv=20200819161914 HTTP/1.1" 200 272
27.18.242.154 - - [16/Apr/2026:10:11:21 +0800] "GET /InternetTrading/js/pidcrypt.js?jsv=20200819161914 HTTP/1.1" 200 982
27.18.242.154 - - [16/Apr/2026:10:11:21 +0800] "GET /InternetTrading/js/pidcrypt_util.js?jsv=20200819161914 HTTP/1.1" 200 1206
27.18.242.154 - - [16/Apr/2026:10:11:21 +0800] "GET /InternetTrading/js/aes_cbc.js?jsv=20200819161914 HTTP/1.1" 200 2043
27.18.242.154 - - [16/Apr/2026:10:11:21 +0800] "GET /InternetTrading/js/aes_core.js?jsv=20200819161914 HTTP/1.1" 200 2106
14.19.84.100 - - [16/Apr/2026:10:11:21 +0800] "GET /InternetTrading/longpoll/13975?X-Atmosphere-tracking-id=0&X-Atmosphere-Framework=2.2.3-javascript&X-Atmosphere-Transport=long-polling&X-Atmosphere-TrackMessageSize=true&Content-Type=charset%3Dutf-8&X-atmo-protocol=true&_=1776305861899 HTTP/1.1" 200 -
219.73.99.100 - - [16/Apr/2026:10:11:22 +0800] "POST /InternetTrading/SessionErrorLogger HTTP/1.1" 200 117
219.73.99.100 - - [16/Apr/2026:10:11:22 +0800] "POST /InternetTrading/Heartbeat HTTP/1.1" 200 32
219.73.99.100 - - [16/Apr/2026:10:11:22 +0800] "POST /InternetTrading/SessionErrorLogger HTTP/1.1" 200 117
219.73.99.100 - - [16/Apr/2026:10:11:22 +0800] "POST /InternetTrading/MarketStatus HTTP/1.1" 200 772
110.81.59.254 - - [16/Apr/2026:10:11:22 +0800] "GET /InternetTrading/longpoll/M8773?X-Atmosphere-tracking-id=0&X-Atmosphere-Framework=2.2.3-javascript&X-Atmosphere-Transport=long-polling&X-Atmosphere-TrackMessageSize=true&Content-Type=charset%3Dutf-8&X-atmo-protocol=true&_=1776305864916 HTTP/1.1" 200 -
219.73.99.100 - - [16/Apr/2026:10:11:23 +0800] "GET /InternetTrading/longpoll/55136?X-Atmosphere-tracking-id=0&X-Atmosphere-Framework=2.2.3-javascript&X-Atmosphere-Transport=long-polling&X-Atmosphere-TrackMessageSize=true&Content-Type=charset%3Dutf-8&X-atmo-protocol=true&_=1776305861842 HTTP/1.1" 200 -
119.136.152.250 - - [16/Apr/2026:10:11:23 +0800] "GET /InternetTrading/longpoll/51803?X-Atmosphere-tracking-id=0&X-Atmosphere-Framework=2.2.3-javascript&X-Atmosphere-Transport=long-polling&X-Atmosphere-TrackMessageSize=true&Content-Type=charset%3Dutf-8&X-atmo-protocol=true&_=1776305868373 HTTP/1.1" 200 -
14.19.84.100 - - [16/Apr/2026:10:11:27 +0800] "GET /InternetTrading/longpoll/13975?X-Atmosphere-tracking-id=0&X-Atmosphere-Framework=2.2.3-javascript&X-Atmosphere-Transport=long-polling&X-Atmosphere-TrackMessageSize=true&Content-Type=charset%3Dutf-8&X-atmo-protocol=true&_=1776305866977 HTTP/1.1" 200 -
219.73.99.100 - - [16/Apr/2026:10:11:28 +0800] "GET /InternetTrading/longpoll/55136?X-Atmosphere-tracking-id=0&X-Atmosphere-Framework=2.2.3-javascript&X-Atmosphere-Transport=long-polling&X-Atmosphere-TrackMessageSize=true&Content-Type=charset%3Dutf-8&X-atmo-protocol=true&_=1776305866864 HTTP/1.1" 200 -
119.136.152.250 - - [16/Apr/2026:10:11:28 +0800] "GET /InternetTrading/longpoll/51803?X-Atmosphere-tracking-id=0&X-Atmosphere-Framework=2.2.3-javascript&X-Atmosphere-Transport=long-polling&X-Atmosphere-TrackMessageSize=true&Content-Type=charset%3Dutf-8&X-atmo-protocol=true&_=1776305873455 HTTP/1.1" 200 -
110.81.59.254 - - [16/Apr/2026:10:11:28 +0800] "GET /InternetTrading/longpoll/M8773?X-Atmosphere-tracking-id=0&X-Atmosphere-Framework=2.2.3-javascript&X-Atmosphere-Transport=long-polling&X-Atmosphere-TrackMessageSize=true&Content-Type=charset%3Dutf-8&X-atmo-protocol=true&_=1776305870916 HTTP/1.1" 200 -
14.19.84.100 - - [16/Apr/2026:10:11:32 +0800] "GET /InternetTrading/longpoll/13975?X-Atmosphere-tracking-id=0&X-Atmosphere-Framework=2.2.3-javascript&X-Atmosphere-Transport=long-polling&X-Atmosphere-TrackMessageSize=true&Content-Type=charset%3Dutf-8&X-atmo-protocol=true&_=1776305872309 HTTP/1.1" 200 -
219.73.99.100 - - [16/Apr/2026:10:11:33 +0800] "GET /InternetTrading/longpoll/55136?X-Atmosphere-tracking-id=0&X-Atmosphere-Framework=2.2.3-javascript&X-Atmosphere-Transport=long-polling&X-Atmosphere-TrackMessageSize=true&Content-Type=charset%3Dutf-8&X-atmo-protocol=true&_=1776305871890 HTTP/1.1" 200 -
119.136.152.250 - - [16/Apr/2026:10:11:33 +0800] "GET /InternetTrading/longpoll/51803?X-Atmosphere-tracking-id=0&X-Atmosphere-Framework=2.2.3-javascript&X-Atmosphere-Transport=long-polling&X-Atmosphere-TrackMessageSize=true&Content-Type=charset%3Dutf-8&X-atmo-protocol=true&_=1776305878527 HTTP/1.1" 200 -
110.81.59.254 - - [16/Apr/2026:10:11:34 +0800] "GET /InternetTrading/longpoll/M8773?X-Atmosphere-tracking-id=0&X-Atmosphere-Framework=2.2.3-javascript&X-Atmosphere-Transport=long-polling&X-Atmosphere-TrackMessageSize=true&Content-Type=charset%3Dutf-8&X-atmo-protocol=true&_=1776305876916 HTTP/1.1" 200 -
14.19.84.100 - - [16/Apr/2026:10:11:37 +0800] "GET /InternetTrading/longpoll/13975?X-Atmosphere-tracking-id=0&X-Atmosphere-Framework=2.2.3-javascript&X-Atmosphere-Transport=long-polling&X-Atmosphere-TrackMessageSize=true&Content-Type=charset%3Dutf-8&X-atmo-protocol=true&_=1776305877371 HTTP/1.1" 200 -
219.73.99.100 - - [16/Apr/2026:10:11:38 +0800] "GET /InternetTrading/longpoll/55136?X-Atmosphere-tracking-id=0&X-Atmosphere-Framework=2.2.3-javascript&X-Atmosphere-Transport=long-polling&X-Atmosphere-TrackMessageSize=true&Content-Type=charset%3Dutf-8&X-atmo-protocol=true&_=1776305876906 HTTP/1.1" 200 -
119.136.152.250 - - [16/Apr/2026:10:11:38 +0800] "GET /InternetTrading/longpoll/51803?X-Atmosphere-tracking-id=0&X-Atmosphere-Framework=2.2.3-javascript&X-Atmosphere-Transport=long-polling&X-Atmosphere-TrackMessageSize=true&Content-Type=charset%3Dutf-8&X-atmo-protocol=true&_=1776305883602 HTTP/1.1" 200 -
14.19.84.100 - - [16/Apr/2026:10:11:40 +0800] "POST /InternetTrading/SessionErrorLogger HTTP/1.1" 200 117
14.19.84.100 - - [16/Apr/2026:10:11:40 +0800] "POST /InternetTrading/Heartbeat HTTP/1.1" 200 32
110.81.59.254 - - [16/Apr/2026:10:11:40 +0800] "GET /InternetTrading/longpoll/M8773?X-Atmosphere-tracking-id=0&X-Atmosphere-Framework=2.2.3-javascript&X-Atmosphere-Transport=long-polling&X-Atmosphere-TrackMessageSize=true&Content-Type=charset%3Dutf-8&X-atmo-protocol=true&_=1776305882916 HTTP/1.1" 200 -
119.136.152.250 - - [16/Apr/2026:10:11:41 +0800] "POST /InternetTrading/SessionErrorLogger HTTP/1.1" 200 117
119.136.152.250 - - [16/Apr/2026:10:11:41 +0800] "POST /InternetTrading/Heartbeat HTTP/1.1" 200 32
119.136.152.250 - - [16/Apr/2026:10:11:41 +0800] "POST /InternetTrading/SessionErrorLogger HTTP/1.1" 200 117
119.136.152.250 - - [16/Apr/2026:10:11:41 +0800] "POST /InternetTrading/MarketStatus HTTP/1.1" 200 772
14.19.84.100 - - [16/Apr/2026:10:11:42 +0800] "GET /InternetTrading/longpoll/13975?X-Atmosphere-tracking-id=0&X-Atmosphere-Framework=2.2.3-javascript&X-Atmosphere-Transport=long-polling&X-Atmosphere-TrackMessageSize=true&Content-Type=charset%3Dutf-8&X-atmo-protocol=true&_=1776305882446 HTTP/1.1" 200 -
219.73.99.100 - - [16/Apr/2026:10:11:43 +0800] "GET /InternetTrading/longpoll/55136?X-Atmosphere-tracking-id=0&X-Atmosphere-Framework=2.2.3-javascript&X-Atmosphere-Transport=long-polling&X-Atmosphere-TrackMessageSize=true&Content-Type=charset%3Dutf-8&X-atmo-protocol=true&_=1776305881947 HTTP/1.1" 200 -
119.136.152.250 - - [16/Apr/2026:10:11:43 +0800] "GET /InternetTrading/longpoll/51803?X-Atmosphere-tracking-id=0&X-Atmosphere-Framework=2.2.3-javascript&X-Atmosphere-Transport=long-polling&X-Atmosphere-TrackMessageSize=true&Content-Type=charset%3Dutf-8&X-atmo-protocol=true&_=1776305888673 HTTP/1.1" 200 -
14.19.84.100 - - [16/Apr/2026:10:11:46 +0800] "POST /InternetTrading/SessionErrorLogger HTTP/1.1" 200 117
14.19.84.100 - - [16/Apr/2026:10:11:46 +0800] "POST /InternetTrading/MarketStatus HTTP/1.1" 200 772
110.81.59.254 - - [16/Apr/2026:10:11:46 +0800] "GET /InternetTrading/longpoll/M8773?X-Atmosphere-tracking-id=0&X-Atmosphere-Framework=2.2.3-javascript&X-Atmosphere-Transport=long-polling&X-Atmosphere-TrackMessageSize=true&Content-Type=charset%3Dutf-8&X-atmo-protocol=true&_=1776305888915 HTTP/1.1" 200 -
14.19.84.100 - - [16/Apr/2026:10:11:47 +0800] "GET /InternetTrading/longpoll/13975?X-Atmosphere-tracking-id=0&X-Atmosphere-Framework=2.2.3-javascript&X-Atmosphere-Transport=long-polling&X-Atmosphere-TrackMessageSize=true&Content-Type=charset%3Dutf-8&X-atmo-protocol=true&_=1776305887474 HTTP/1.1" 200 -
219.73.99.100 - - [16/Apr/2026:10:11:48 +0800] "GET /InternetTrading/longpoll/55136?X-Atmosphere-tracking-id=0&X-Atmosphere-Framework=2.2.3-javascript&X-Atmosphere-Transport=long-polling&X-Atmosphere-TrackMessageSize=true&Content-Type=charset%3Dutf-8&X-atmo-protocol=true&_=1776305886987 HTTP/1.1" 200 -
119.136.152.250 - - [16/Apr/2026:10:11:48 +0800] "GET /InternetTrading/longpoll/51803?X-Atmosphere-tracking-id=0&X-Atmosphere-Framework=2.2.3-javascript&X-Atmosphere-Transport=long-polling&X-Atmosphere-TrackMessageSize=true&Content-Type=charset%3Dutf-8&X-atmo-protocol=true&_=1776305893695 HTTP/1.1" 200 -
110.81.59.254 - - [16/Apr/2026:10:11:51 +0800] "POST /InternetTrading/SessionErrorLogger HTTP/1.1" 200 117
110.81.59.254 - - [16/Apr/2026:10:11:51 +0800] "POST /InternetTrading/Heartbeat HTTP/1.1" 200 32
110.81.59.254 - - [16/Apr/2026:10:11:51 +0800] "POST /InternetTrading/SessionErrorLogger HTTP/1.1" 200 117
110.81.59.254 - - [16/Apr/2026:10:11:52 +0800] "POST /InternetTrading/MarketStatus HTTP/1.1" 200 772
219.73.99.100 - - [16/Apr/2026:10:11:52 +0800] "POST /InternetTrading/SessionErrorLogger HTTP/1.1" 200 117
219.73.99.100 - - [16/Apr/2026:10:11:52 +0800] "POST /InternetTrading/Heartbeat HTTP/1.1" 200 32
219.73.99.100 - - [16/Apr/2026:10:11:52 +0800] "POST /InternetTrading/SessionErrorLogger HTTP/1.1" 200 117
219.73.99.100 - - [16/Apr/2026:10:11:52 +0800] "POST /InternetTrading/MarketStatus HTTP/1.1" 200 772
14.19.84.100 - - [16/Apr/2026:10:11:52 +0800] "GET /InternetTrading/longpoll/13975?X-Atmosphere-tracking-id=0&X-Atmosphere-Framework=2.2.3-javascript&X-Atmosphere-Transport=long-polling&X-Atmosphere-TrackMessageSize=true&Content-Type=charset%3Dutf-8&X-atmo-protocol=true&_=1776305892501 HTTP/1.1" 200 -
110.81.59.254 - - [16/Apr/2026:10:11:52 +0800] "GET /InternetTrading/longpoll/M8773?X-Atmosphere-tracking-id=0&X-Atmosphere-Framework=2.2.3-javascript&X-Atmosphere-Transport=long-polling&X-Atmosphere-TrackMessageSize=true&Content-Type=charset%3Dutf-8&X-atmo-protocol=true&_=1776305894916 HTTP/1.1" 200 -
219.73.99.100 - - [16/Apr/2026:10:11:53 +0800] "GET /InternetTrading/longpoll/55136?X-Atmosphere-tracking-id=0&X-Atmosphere-Framework=2.2.3-javascript&X-Atmosphere-Transport=long-polling&X-Atmosphere-TrackMessageSize=true&Content-Type=charset%3Dutf-8&X-atmo-protocol=true&_=1776305892033 HTTP/1.1" 200 -
119.136.152.250 - - [16/Apr/2026:10:11:53 +0800] "GET /InternetTrading/longpoll/51803?X-Atmosphere-tracking-id=0&X-Atmosphere-Framework=2.2.3-javascript&X-Atmosphere-Transport=long-polling&X-Atmosphere-TrackMessageSize=true&Content-Type=charset%3Dutf-8&X-atmo-protocol=true&_=1776305898728 HTTP/1.1" 200 -
14.19.84.100 - - [16/Apr/2026:10:11:57 +0800] "GET /InternetTrading/longpoll/13975?X-Atmosphere-tracking-id=0&X-Atmosphere-Framework=2.2.3-javascript&X-Atmosphere-Transport=long-polling&X-Atmosphere-TrackMessageSize=true&Content-Type=charset%3Dutf-8&X-atmo-protocol=true&_=1776305897794 HTTP/1.1" 200 -
219.73.99.100 - - [16/Apr/2026:10:11:58 +0800] "GET /InternetTrading/longpoll/55136?X-Atmosphere-tracking-id=0&X-Atmosphere-Framework=2.2.3-javascript&X-Atmosphere-Transport=long-polling&X-Atmosphere-TrackMessageSize=true&Content-Type=charset%3Dutf-8&X-atmo-protocol=true&_=1776305897054 HTTP/1.1" 200 -
110.81.59.254 - - [16/Apr/2026:10:11:58 +0800] "GET /InternetTrading/longpoll/M8773?X-Atmosphere-tracking-id=0&X-Atmosphere-Framework=2.2.3-javascript&X-Atmosphere-Transport=long-polling&X-Atmosphere-TrackMessageSize=true&Content-Type=charset%3Dutf-8&X-atmo-protocol=true&_=1776305900916 HTTP/1.1" 200 -
119.136.152.250 - - [16/Apr/2026:10:11:58 +0800] "GET /InternetTrading/longpoll/51803?X-Atmosphere-tracking-id=0&X-Atmosphere-Framework=2.2.3-javascript&X-Atmosphere-Transport=long-polling&X-Atmosphere-TrackMessageSize=true&Content-Type=charset%3Dutf-8&X-atmo-protocol=true&_=1776305903810 HTTP/1.1" 200 -
14.19.84.100 - - [16/Apr/2026:10:12:02 +0800] "GET /InternetTrading/longpoll/13975?X-Atmosphere-tracking-id=0&X-Atmosphere-Framework=2.2.3-javascript&X-Atmosphere-Transport=long-polling&X-Atmosphere-TrackMessageSize=true&Content-Type=charset%3Dutf-8&X-atmo-protocol=true&_=1776305902923 HTTP/1.1" 200 -
219.73.99.100 - - [16/Apr/2026:10:12:03 +0800] "GET /InternetTrading/longpoll/55136?X-Atmosphere-tracking-id=0&X-Atmosphere-Framework=2.2.3-javascript&X-Atmosphere-Transport=long-polling&X-Atmosphere-TrackMessageSize=true&Content-Type=charset%3Dutf-8&X-atmo-protocol=true&_=1776305902092 HTTP/1.1" 200 -
119.136.152.250 - - [16/Apr/2026:10:12:04 +0800] "GET /InternetTrading/longpoll/51803?X-Atmosphere-tracking-id=0&X-Atmosphere-Framework=2.2.3-javascript&X-Atmosphere-Transport=long-polling&X-Atmosphere-TrackMessageSize=true&Content-Type=charset%3Dutf-8&X-atmo-protocol=true&_=1776305908874 HTTP/1.1" 200 -
110.81.59.254 - - [16/Apr/2026:10:12:04 +0800] "GET /InternetTrading/longpoll/M8773?X-Atmosphere-tracking-id=0&X-Atmosphere-Framework=2.2.3-javascript&X-Atmosphere-Transport=long-polling&X-Atmosphere-TrackMessageSize=true&Content-Type=charset%3Dutf-8&X-atmo-protocol=true&_=1776305906916 HTTP/1.1" 200 -
14.19.84.100 - - [16/Apr/2026:10:12:08 +0800] "GET /InternetTrading/longpoll/13975?X-Atmosphere-tracking-id=0&X-Atmosphere-Framework=2.2.3-javascript&X-Atmosphere-Transport=long-polling&X-Atmosphere-TrackMessageSize=true&Content-Type=charset%3Dutf-8&X-atmo-protocol=true&_=1776305907990 HTTP/1.1" 200 -
219.73.99.100 - - [16/Apr/2026:10:12:08 +0800] "GET /InternetTrading/longpoll/55136?X-Atmosphere-tracking-id=0&X-Atmosphere-Framework=2.2.3-javascript&X-Atmosphere-Transport=long-polling&X-Atmosphere-TrackMessageSize=true&Content-Type=charset%3Dutf-8&X-atmo-protocol=true&_=1776305907131 HTTP/1.1" 200 -
119.136.152.250 - - [16/Apr/2026:10:12:09 +0800] "GET /InternetTrading/longpoll/51803?X-Atmosphere-tracking-id=0&X-Atmosphere-Framework=2.2.3-javascript&X-Atmosphere-Transport=long-polling&X-Atmosphere-TrackMessageSize=true&Content-Type=charset%3Dutf-8&X-atmo-protocol=true&_=1776305913943 HTTP/1.1" 200 -
14.19.84.100 - - [16/Apr/2026:10:12:10 +0800] "POST /InternetTrading/SessionErrorLogger HTTP/1.1" 200 117
14.19.84.100 - - [16/Apr/2026:10:12:10 +0800] "POST /InternetTrading/Heartbeat HTTP/1.1" 200 32
110.81.59.254 - - [16/Apr/2026:10:12:10 +0800] "GET /InternetTrading/longpoll/M8773?X-Atmosphere-tracking-id=0&X-Atmosphere-Framework=2.2.3-javascript&X-Atmosphere-Transport=long-polling&X-Atmosphere-TrackMessageSize=true&Content-Type=charset%3Dutf-8&X-atmo-protocol=true&_=1776305912917 HTTP/1.1" 200 -
119.136.152.250 - - [16/Apr/2026:10:12:11 +0800] "POST /InternetTrading/SessionErrorLogger HTTP/1.1" 200 117
119.136.152.250 - - [16/Apr/2026:10:12:11 +0800] "POST /InternetTrading/Heartbeat HTTP/1.1" 200 32
119.136.152.250 - - [16/Apr/2026:10:12:11 +0800] "POST /InternetTrading/SessionErrorLogger HTTP/1.1" 200 117
119.136.152.250 - - [16/Apr/2026:10:12:11 +0800] "POST /InternetTrading/MarketStatus HTTP/1.1" 200 772
14.19.84.100 - - [16/Apr/2026:10:12:13 +0800] "GET /InternetTrading/longpoll/13975?X-Atmosphere-tracking-id=0&X-Atmosphere-Framework=2.2.3-javascript&X-Atmosphere-Transport=long-polling&X-Atmosphere-TrackMessageSize=true&Content-Type=charset%3Dutf-8&X-atmo-protocol=true&_=1776305913073 HTTP/1.1" 200 -
219.73.99.100 - - [16/Apr/2026:10:12:13 +0800] "GET /InternetTrading/longpoll/55136?X-Atmosphere-tracking-id=0&X-Atmosphere-Framework=2.2.3-javascript&X-Atmosphere-Transport=long-polling&X-Atmosphere-TrackMessageSize=true&Content-Type=charset%3Dutf-8&X-atmo-protocol=true&_=1776305912176 HTTP/1.1" 200 -
119.136.152.250 - - [16/Apr/2026:10:12:14 +0800] "GET /InternetTrading/longpoll/51803?X-Atmosphere-tracking-id=0&X-Atmosphere-Framework=2.2.3-javascript&X-Atmosphere-Transport=long-polling&X-Atmosphere-TrackMessageSize=true&Content-Type=charset%3Dutf-8&X-atmo-protocol=true&_=1776305919004 HTTP/1.1" 200 -
14.19.84.100 - - [16/Apr/2026:10:12:16 +0800] "POST /InternetTrading/SessionErrorLogger HTTP/1.1" 200 117
14.19.84.100 - - [16/Apr/2026:10:12:16 +0800] "POST /InternetTrading/MarketStatus HTTP/1.1" 200 772
110.81.59.254 - - [16/Apr/2026:10:12:16 +0800] "GET /InternetTrading/longpoll/M8773?X-Atmosphere-tracking-id=0&X-Atmosphere-Framework=2.2.3-javascript&X-Atmosphere-Transport=long-polling&X-Atmosphere-TrackMessageSize=true&Content-Type=charset%3Dutf-8&X-atmo-protocol=true&_=1776305918917 HTTP/1.1" 200 -
14.19.84.100 - - [16/Apr/2026:10:12:18 +0800] "GET /InternetTrading/longpoll/13975?X-Atmosphere-tracking-id=0&X-Atmosphere-Framework=2.2.3-javascript&X-Atmosphere-Transport=long-polling&X-Atmosphere-TrackMessageSize=true&Content-Type=charset%3Dutf-8&X-atmo-protocol=true&_=1776305918096 HTTP/1.1" 200 -
219.73.99.100 - - [16/Apr/2026:10:12:18 +0800] "GET /InternetTrading/longpoll/55136?X-Atmosphere-tracking-id=0&X-Atmosphere-Framework=2.2.3-javascript&X-Atmosphere-Transport=long-polling&X-Atmosphere-TrackMessageSize=true&Content-Type=charset%3Dutf-8&X-atmo-protocol=true&_=1776305917230 HTTP/1.1" 200 -
119.136.152.250 - - [16/Apr/2026:10:12:19 +0800] "GET /InternetTrading/longpoll/51803?X-Atmosphere-tracking-id=0&X-Atmosphere-Framework=2.2.3-javascript&X-Atmosphere-Transport=long-polling&X-Atmosphere-TrackMessageSize=true&Content-Type=charset%3Dutf-8&X-atmo-protocol=true&_=1776305924031 HTTP/1.1" 200 -
219.73.99.100 - - [16/Apr/2026:10:12:22 +0800] "POST /InternetTrading/SessionErrorLogger HTTP/1.1" 200 117
219.73.99.100 - - [16/Apr/2026:10:12:22 +0800] "POST /InternetTrading/Heartbeat HTTP/1.1" 200 32
219.73.99.100 - - [16/Apr/2026:10:12:22 +0800] "POST /InternetTrading/SessionErrorLogger HTTP/1.1" 200 117
219.73.99.100 - - [16/Apr/2026:10:12:22 +0800] "POST /InternetTrading/MarketStatus HTTP/1.1" 200 772
110.81.59.254 - - [16/Apr/2026:10:12:22 +0800] "GET /InternetTrading/longpoll/M8773?X-Atmosphere-tracking-id=0&X-Atmosphere-Framework=2.2.3-javascript&X-Atmosphere-Transport=long-polling&X-Atmosphere-TrackMessageSize=true&Content-Type=charset%3Dutf-8&X-atmo-protocol=true&_=1776305924917 HTTP/1.1" 200 -
14.19.84.100 - - [16/Apr/2026:10:12:23 +0800] "GET /InternetTrading/longpoll/13975?X-Atmosphere-tracking-id=0&X-Atmosphere-Framework=2.2.3-javascript&X-Atmosphere-Transport=long-polling&X-Atmosphere-TrackMessageSize=true&Content-Type=charset%3Dutf-8&X-atmo-protocol=true&_=1776305923121 HTTP/1.1" 200 -
219.73.99.100 - - [16/Apr/2026:10:12:23 +0800] "GET /InternetTrading/longpoll/55136?X-Atmosphere-tracking-id=0&X-Atmosphere-Framework=2.2.3-javascript&X-Atmosphere-Transport=long-polling&X-Atmosphere-TrackMessageSize=true&Content-Type=charset%3Dutf-8&X-atmo-protocol=true&_=1776305922270 HTTP/1.1" 200 -
119.136.152.250 - - [16/Apr/2026:10:12:24 +0800] "GET /InternetTrading/longpoll/51803?X-Atmosphere-tracking-id=0&X-Atmosphere-Framework=2.2.3-javascript&X-Atmosphere-Transport=long-polling&X-Atmosphere-TrackMessageSize=true&Content-Type=charset%3Dutf-8&X-atmo-protocol=true&_=1776305929097 HTTP/1.1" 200 -
14.19.84.100 - - [16/Apr/2026:10:12:28 +0800] "GET /InternetTrading/longpoll/13975?X-Atmosphere-tracking-id=0&X-Atmosphere-Framework=2.2.3-javascript&X-Atmosphere-Transport=long-polling&X-Atmosphere-TrackMessageSize=true&Content-Type=charset%3Dutf-8&X-atmo-protocol=true&_=1776305928184 HTTP/1.1" 200 -
219.73.99.100 - - [16/Apr/2026:10:12:28 +0800] "GET /InternetTrading/longpoll/55136?X-Atmosphere-tracking-id=0&X-Atmosphere-Framework=2.2.3-javascript&X-Atmosphere-Transport=long-polling&X-Atmosphere-TrackMessageSize=true&Content-Type=charset%3Dutf-8&X-atmo-protocol=true&_=1776305927292 HTTP/1.1" 200 -
110.81.59.254 - - [16/Apr/2026:10:12:28 +0800] "GET /InternetTrading/longpoll/M8773?X-Atmosphere-tracking-id=0&X-Atmosphere-Framework=2.2.3-javascript&X-Atmosphere-Transport=long-polling&X-Atmosphere-TrackMessageSize=true&Content-Type=charset%3Dutf-8&X-atmo-protocol=true&_=1776305930916 HTTP/1.1" 200 -
119.136.152.250 - - [16/Apr/2026:10:12:29 +0800] "GET /InternetTrading/longpoll/51803?X-Atmosphere-tracking-id=0&X-Atmosphere-Framework=2.2.3-javascript&X-Atmosphere-Transport=long-polling&X-Atmosphere-TrackMessageSize=true&Content-Type=charset%3Dutf-8&X-atmo-protocol=true&_=1776305934228 HTTP/1.1" 200 -
14.19.84.100 - - [16/Apr/2026:10:12:33 +0800] "GET /InternetTrading/longpoll/13975?X-Atmosphere-tracking-id=0&X-Atmosphere-Framework=2.2.3-javascript&X-Atmosphere-Transport=long-polling&X-Atmosphere-TrackMessageSize=true&Content-Type=charset%3Dutf-8&X-atmo-protocol=true&_=1776305933291 HTTP/1.1" 200 -
219.73.99.100 - - [16/Apr/2026:10:12:33 +0800] "GET /InternetTrading/longpoll/55136?X-Atmosphere-tracking-id=0&X-Atmosphere-Framework=2.2.3-javascript&X-Atmosphere-Transport=long-polling&X-Atmosphere-TrackMessageSize=true&Content-Type=charset%3Dutf-8&X-atmo-protocol=true&_=1776305932322 HTTP/1.1" 200 -
119.136.152.250 - - [16/Apr/2026:10:12:34 +0800] "GET /InternetTrading/longpoll/51803?X-Atmosphere-tracking-id=0&X-Atmosphere-Framework=2.2.3-javascript&X-Atmosphere-Transport=long-polling&X-Atmosphere-TrackMessageSize=true&Content-Type=charset%3Dutf-8&X-atmo-protocol=true&_=1776305939285 HTTP/1.1" 200 -
110.81.59.254 - - [16/Apr/2026:10:12:34 +0800] "GET /InternetTrading/longpoll/M8773?X-Atmosphere-tracking-id=0&X-Atmosphere-Framework=2.2.3-javascript&X-Atmosphere-Transport=long-polling&X-Atmosphere-TrackMessageSize=true&Content-Type=charset%3Dutf-8&X-atmo-protocol=true&_=1776305936916 HTTP/1.1" 200 -
14.19.84.100 - - [16/Apr/2026:10:12:38 +0800] "GET /InternetTrading/longpoll/13975?X-Atmosphere-tracking-id=0&X-Atmosphere-Framework=2.2.3-javascript&X-Atmosphere-Transport=long-polling&X-Atmosphere-TrackMessageSize=true&Content-Type=charset%3Dutf-8&X-atmo-protocol=true&_=1776305938347 HTTP/1.1" 200 -
219.73.99.100 - - [16/Apr/2026:10:12:38 +0800] "GET /InternetTrading/longpoll/55136?X-Atmosphere-tracking-id=0&X-Atmosphere-Framework=2.2.3-javascript&X-Atmosphere-Transport=long-polling&X-Atmosphere-TrackMessageSize=true&Content-Type=charset%3Dutf-8&X-atmo-protocol=true&_=1776305937375 HTTP/1.1" 200 -
119.136.152.250 - - [16/Apr/2026:10:12:39 +0800] "GET /InternetTrading/longpoll/51803?X-Atmosphere-tracking-id=0&X-Atmosphere-Framework=2.2.3-javascript&X-Atmosphere-Transport=long-polling&X-Atmosphere-TrackMessageSize=true&Content-Type=charset%3Dutf-8&X-atmo-protocol=true&_=1776305944352 HTTP/1.1" 200 -
14.19.84.100 - - [16/Apr/2026:10:12:40 +0800] "POST /InternetTrading/SessionErrorLogger HTTP/1.1" 200 117
14.19.84.100 - - [16/Apr/2026:10:12:40 +0800] "POST /InternetTrading/Heartbeat HTTP/1.1" 200 32
110.81.59.254 - - [16/Apr/2026:10:12:41 +0800] "GET /InternetTrading/longpoll/M8773?X-Atmosphere-tracking-id=0&X-Atmosphere-Framework=2.2.3-javascript&X-Atmosphere-Transport=long-polling&X-Atmosphere-TrackMessageSize=true&Content-Type=charset%3Dutf-8&X-atmo-protocol=true&_=1776305942917 HTTP/1.1" 200 -
119.136.152.250 - - [16/Apr/2026:10:12:41 +0800] "POST /InternetTrading/SessionErrorLogger HTTP/1.1" 200 117
119.136.152.250 - - [16/Apr/2026:10:12:41 +0800] "POST /InternetTrading/Heartbeat HTTP/1.1" 200 32
119.136.152.250 - - [16/Apr/2026:10:12:41 +0800] "POST /InternetTrading/SessionErrorLogger HTTP/1.1" 200 117
119.136.152.250 - - [16/Apr/2026:10:12:41 +0800] "POST /InternetTrading/MarketStatus HTTP/1.1" 200 772
14.19.84.100 - - [16/Apr/2026:10:12:43 +0800] "GET /InternetTrading/longpoll/13975?X-Atmosphere-tracking-id=0&X-Atmosphere-Framework=2.2.3-javascript&X-Atmosphere-Transport=long-polling&X-Atmosphere-TrackMessageSize=true&Content-Type=charset%3Dutf-8&X-atmo-protocol=true&_=1776305943371 HTTP/1.1" 200 -
