119.136.152.250 - - [16/Apr/2026:10:08:41 +0800] "GET /InternetTrading/longpoll/51803?X-Atmosphere-tracking-id=0&X-Atmosphere-Framework=2.2.3-javascript&X-Atmosphere-Transport=long-polling&X-Atmosphere-TrackMessageSize=true&Content-Type=charset%3Dutf-8&X-atmo-protocol=true&_=1776305706151 HTTP/1.1" 200 -
27.18.242.154 - - [16/Apr/2026:10:08:41 +0800] "GET /InternetTrading/js/login.js?jsv=20200819161914 HTTP/1.1" 200 1684
119.136.152.250 - - [16/Apr/2026:10:08:41 +0800] "POST /InternetTrading/SessionErrorLogger HTTP/1.1" 200 117
119.136.152.250 - - [16/Apr/2026:10:08:41 +0800] "POST /InternetTrading/Heartbeat HTTP/1.1" 200 32
119.136.152.250 - - [16/Apr/2026:10:08:41 +0800] "POST /InternetTrading/SessionErrorLogger HTTP/1.1" 200 117
119.136.152.250 - - [16/Apr/2026:10:08:41 +0800] "POST /InternetTrading/MarketStatus HTTP/1.1" 200 772
27.18.242.154 - - [16/Apr/2026:10:08:41 +0800] "GET /InternetTrading/jquery/wait.gif HTTP/1.1" 200 432
27.18.242.154 - - [16/Apr/2026:10:08:41 +0800] "GET /InternetTrading/tc/dialog.html?1776305700423 HTTP/1.1" 200 3188
27.18.242.154 - - [16/Apr/2026:10:08:41 +0800] "POST /InternetTrading/Get2FAInfoService HTTP/1.1" 200 109
27.18.242.154 - - [16/Apr/2026:10:08:41 +0800] "POST /InternetTrading/SystemMaintenanceCheck HTTP/1.1" 200 119
27.18.242.154 - - [16/Apr/2026:10:08:41 +0800] "POST /InternetTrading/SystemMaintenanceCheck HTTP/1.1" 200 119
27.18.242.154 - - [16/Apr/2026:10:08:41 +0800] "GET /favicon.ico HTTP/1.1" 404 196
219.73.99.100 - - [16/Apr/2026:10:08:42 +0800] "GET /InternetTrading/longpoll/55136?X-Atmosphere-tracking-id=0&X-Atmosphere-Framework=2.2.3-javascript&X-Atmosphere-Transport=long-polling&X-Atmosphere-TrackMessageSize=true&Content-Type=charset%3Dutf-8&X-atmo-protocol=true&_=1776305700661 HTTP/1.1" 200 -
14.19.84.100 - - [16/Apr/2026:10:08:43 +0800] "GET /InternetTrading/longpoll/13975?X-Atmosphere-tracking-id=0&X-Atmosphere-Framework=2.2.3-javascript&X-Atmosphere-Transport=long-polling&X-Atmosphere-TrackMessageSize=true&Content-Type=charset%3Dutf-8&X-atmo-protocol=true&_=1776305703879 HTTP/1.1" 200 -
14.19.84.100 - - [16/Apr/2026:10:08:46 +0800] "POST /InternetTrading/SessionErrorLogger HTTP/1.1" 200 117
14.19.84.100 - - [16/Apr/2026:10:08:46 +0800] "POST /InternetTrading/MarketStatus HTTP/1.1" 200 772
119.136.152.250 - - [16/Apr/2026:10:08:46 +0800] "GET /InternetTrading/longpoll/51803?X-Atmosphere-tracking-id=0&X-Atmosphere-Framework=2.2.3-javascript&X-Atmosphere-Transport=long-polling&X-Atmosphere-TrackMessageSize=true&Content-Type=charset%3Dutf-8&X-atmo-protocol=true&_=1776305711217 HTTP/1.1" 200 -
110.81.59.254 - - [16/Apr/2026:10:08:46 +0800] "GET /InternetTrading/longpoll/M8773?X-Atmosphere-tracking-id=0&X-Atmosphere-Framework=2.2.3-javascript&X-Atmosphere-Transport=long-polling&X-Atmosphere-TrackMessageSize=true&Content-Type=charset%3Dutf-8&X-atmo-protocol=true&_=1776305708911 HTTP/1.1" 200 -
219.73.99.100 - - [16/Apr/2026:10:08:47 +0800] "GET /InternetTrading/longpoll/55136?X-Atmosphere-tracking-id=0&X-Atmosphere-Framework=2.2.3-javascript&X-Atmosphere-Transport=long-polling&X-Atmosphere-TrackMessageSize=true&Content-Type=charset%3Dutf-8&X-atmo-protocol=true&_=1776305705703 HTTP/1.1" 200 -
14.19.84.100 - - [16/Apr/2026:10:08:48 +0800] "GET /InternetTrading/longpoll/13975?X-Atmosphere-tracking-id=0&X-Atmosphere-Framework=2.2.3-javascript&X-Atmosphere-Transport=long-polling&X-Atmosphere-TrackMessageSize=true&Content-Type=charset%3Dutf-8&X-atmo-protocol=true&_=1776305708903 HTTP/1.1" 200 -
119.136.152.250 - - [16/Apr/2026:10:08:51 +0800] "GET /InternetTrading/longpoll/51803?X-Atmosphere-tracking-id=0&X-Atmosphere-Framework=2.2.3-javascript&X-Atmosphere-Transport=long-polling&X-Atmosphere-TrackMessageSize=true&Content-Type=charset%3Dutf-8&X-atmo-protocol=true&_=1776305716249 HTTP/1.1" 200 -
110.81.59.254 - - [16/Apr/2026:10:08:51 +0800] "POST /InternetTrading/SessionErrorLogger HTTP/1.1" 200 117
219.73.99.100 - - [16/Apr/2026:10:08:51 +0800] "POST /InternetTrading/SessionErrorLogger HTTP/1.1" 200 117
219.73.99.100 - - [16/Apr/2026:10:08:51 +0800] "POST /InternetTrading/Heartbeat HTTP/1.1" 200 32
219.73.99.100 - - [16/Apr/2026:10:08:52 +0800] "POST /InternetTrading/SessionErrorLogger HTTP/1.1" 200 117
110.81.59.254 - - [16/Apr/2026:10:08:52 +0800] "POST /InternetTrading/Heartbeat HTTP/1.1" 200 32
219.73.99.100 - - [16/Apr/2026:10:08:52 +0800] "POST /InternetTrading/MarketStatus HTTP/1.1" 200 772
219.73.99.100 - - [16/Apr/2026:10:08:52 +0800] "GET /InternetTrading/longpoll/55136?X-Atmosphere-tracking-id=0&X-Atmosphere-Framework=2.2.3-javascript&X-Atmosphere-Transport=long-polling&X-Atmosphere-TrackMessageSize=true&Content-Type=charset%3Dutf-8&X-atmo-protocol=true&_=1776305710742 HTTP/1.1" 200 -
110.81.59.254 - - [16/Apr/2026:10:08:52 +0800] "POST /InternetTrading/SessionErrorLogger HTTP/1.1" 200 117
110.81.59.254 - - [16/Apr/2026:10:08:52 +0800] "POST /InternetTrading/MarketStatus HTTP/1.1" 200 772
110.81.59.254 - - [16/Apr/2026:10:08:52 +0800] "GET /InternetTrading/longpoll/M8773?X-Atmosphere-tracking-id=0&X-Atmosphere-Framework=2.2.3-javascript&X-Atmosphere-Transport=long-polling&X-Atmosphere-TrackMessageSize=true&Content-Type=charset%3Dutf-8&X-atmo-protocol=true&_=1776305714912 HTTP/1.1" 200 -
14.19.84.100 - - [16/Apr/2026:10:08:53 +0800] "GET /InternetTrading/longpoll/13975?X-Atmosphere-tracking-id=0&X-Atmosphere-Framework=2.2.3-javascript&X-Atmosphere-Transport=long-polling&X-Atmosphere-TrackMessageSize=true&Content-Type=charset%3Dutf-8&X-atmo-protocol=true&_=1776305713955 HTTP/1.1" 200 -
119.136.152.250 - - [16/Apr/2026:10:08:56 +0800] "GET /InternetTrading/longpoll/51803?X-Atmosphere-tracking-id=0&X-Atmosphere-Framework=2.2.3-javascript&X-Atmosphere-Transport=long-polling&X-Atmosphere-TrackMessageSize=true&Content-Type=charset%3Dutf-8&X-atmo-protocol=true&_=1776305721320 HTTP/1.1" 200 -
219.73.99.100 - - [16/Apr/2026:10:08:57 +0800] "GET /InternetTrading/longpoll/55136?X-Atmosphere-tracking-id=0&X-Atmosphere-Framework=2.2.3-javascript&X-Atmosphere-Transport=long-polling&X-Atmosphere-TrackMessageSize=true&Content-Type=charset%3Dutf-8&X-atmo-protocol=true&_=1776305715764 HTTP/1.1" 200 -
110.81.59.254 - - [16/Apr/2026:10:08:58 +0800] "GET /InternetTrading/longpoll/M8773?X-Atmosphere-tracking-id=0&X-Atmosphere-Framework=2.2.3-javascript&X-Atmosphere-Transport=long-polling&X-Atmosphere-TrackMessageSize=true&Content-Type=charset%3Dutf-8&X-atmo-protocol=true&_=1776305720913 HTTP/1.1" 200 -
14.19.84.100 - - [16/Apr/2026:10:08:59 +0800] "GET /InternetTrading/longpoll/13975?X-Atmosphere-tracking-id=0&X-Atmosphere-Framework=2.2.3-javascript&X-Atmosphere-Transport=long-polling&X-Atmosphere-TrackMessageSize=true&Content-Type=charset%3Dutf-8&X-atmo-protocol=true&_=1776305719024 HTTP/1.1" 200 -
119.136.152.250 - - [16/Apr/2026:10:09:01 +0800] "GET /InternetTrading/longpoll/51803?X-Atmosphere-tracking-id=0&X-Atmosphere-Framework=2.2.3-javascript&X-Atmosphere-Transport=long-polling&X-Atmosphere-TrackMessageSize=true&Content-Type=charset%3Dutf-8&X-atmo-protocol=true&_=1776305726411 HTTP/1.1" 200 -
219.73.99.100 - - [16/Apr/2026:10:09:02 +0800] "GET /InternetTrading/longpoll/55136?X-Atmosphere-tracking-id=0&X-Atmosphere-Framework=2.2.3-javascript&X-Atmosphere-Transport=long-polling&X-Atmosphere-TrackMessageSize=true&Content-Type=charset%3Dutf-8&X-atmo-protocol=true&_=1776305720812 HTTP/1.1" 200 -
14.19.84.100 - - [16/Apr/2026:10:09:04 +0800] "GET /InternetTrading/longpoll/13975?X-Atmosphere-tracking-id=0&X-Atmosphere-Framework=2.2.3-javascript&X-Atmosphere-Transport=long-polling&X-Atmosphere-TrackMessageSize=true&Content-Type=charset%3Dutf-8&X-atmo-protocol=true&_=1776305724084 HTTP/1.1" 200 -
110.81.59.254 - - [16/Apr/2026:10:09:04 +0800] "GET /InternetTrading/longpoll/M8773?X-Atmosphere-tracking-id=0&X-Atmosphere-Framework=2.2.3-javascript&X-Atmosphere-Transport=long-polling&X-Atmosphere-TrackMessageSize=true&Content-Type=charset%3Dutf-8&X-atmo-protocol=true&_=1776305726913 HTTP/1.1" 200 -
119.136.152.250 - - [16/Apr/2026:10:09:06 +0800] "GET /InternetTrading/longpoll/51803?X-Atmosphere-tracking-id=0&X-Atmosphere-Framework=2.2.3-javascript&X-Atmosphere-Transport=long-polling&X-Atmosphere-TrackMessageSize=true&Content-Type=charset%3Dutf-8&X-atmo-protocol=true&_=1776305731473 HTTP/1.1" 200 -
219.73.99.100 - - [16/Apr/2026:10:09:07 +0800] "GET /InternetTrading/longpoll/55136?X-Atmosphere-tracking-id=0&X-Atmosphere-Framework=2.2.3-javascript&X-Atmosphere-Transport=long-polling&X-Atmosphere-TrackMessageSize=true&Content-Type=charset%3Dutf-8&X-atmo-protocol=true&_=1776305725849 HTTP/1.1" 200 -
14.19.84.100 - - [16/Apr/2026:10:09:09 +0800] "GET /InternetTrading/longpoll/13975?X-Atmosphere-tracking-id=0&X-Atmosphere-Framework=2.2.3-javascript&X-Atmosphere-Transport=long-polling&X-Atmosphere-TrackMessageSize=true&Content-Type=charset%3Dutf-8&X-atmo-protocol=true&_=1776305729158 HTTP/1.1" 200 -
14.19.84.100 - - [16/Apr/2026:10:09:09 +0800] "POST /InternetTrading/SessionErrorLogger HTTP/1.1" 200 117
14.19.84.100 - - [16/Apr/2026:10:09:09 +0800] "POST /InternetTrading/Heartbeat HTTP/1.1" 200 32
27.18.242.154 - - [16/Apr/2026:10:09:10 +0800] "GET /InternetTrading/jquery/wait.gif HTTP/1.1" 200 432
110.81.59.254 - - [16/Apr/2026:10:09:10 +0800] "GET /InternetTrading/longpoll/M8773?X-Atmosphere-tracking-id=0&X-Atmosphere-Framework=2.2.3-javascript&X-Atmosphere-Transport=long-polling&X-Atmosphere-TrackMessageSize=true&Content-Type=charset%3Dutf-8&X-atmo-protocol=true&_=1776305732913 HTTP/1.1" 200 -
27.18.242.154 - - [16/Apr/2026:10:09:10 +0800] "POST /InternetTrading/Verify2FAService HTTP/1.1" 200 123
27.18.242.154 - - [16/Apr/2026:10:09:11 +0800] "POST /InternetTrading/SessionErrorLogger HTTP/1.1" 200 117
119.136.152.250 - - [16/Apr/2026:10:09:11 +0800] "POST /InternetTrading/SessionErrorLogger HTTP/1.1" 200 117
119.136.152.250 - - [16/Apr/2026:10:09:11 +0800] "POST /InternetTrading/Heartbeat HTTP/1.1" 200 32
119.136.152.250 - - [16/Apr/2026:10:09:11 +0800] "POST /InternetTrading/SessionErrorLogger HTTP/1.1" 200 117
119.136.152.250 - - [16/Apr/2026:10:09:11 +0800] "GET /InternetTrading/longpoll/51803?X-Atmosphere-tracking-id=0&X-Atmosphere-Framework=2.2.3-javascript&X-Atmosphere-Transport=long-polling&X-Atmosphere-TrackMessageSize=true&Content-Type=charset%3Dutf-8&X-atmo-protocol=true&_=1776305736609 HTTP/1.1" 200 -
119.136.152.250 - - [16/Apr/2026:10:09:11 +0800] "POST /InternetTrading/MarketStatus HTTP/1.1" 200 772
27.18.242.154 - - [16/Apr/2026:10:09:11 +0800] "POST /InternetTrading/Heartbeat2FAService HTTP/1.1" 200 1
219.73.99.100 - - [16/Apr/2026:10:09:12 +0800] "GET /InternetTrading/longpoll/55136?X-Atmosphere-tracking-id=0&X-Atmosphere-Framework=2.2.3-javascript&X-Atmosphere-Transport=long-polling&X-Atmosphere-TrackMessageSize=true&Content-Type=charset%3Dutf-8&X-atmo-protocol=true&_=1776305730876 HTTP/1.1" 200 -
14.19.84.100 - - [16/Apr/2026:10:09:14 +0800] "GET /InternetTrading/longpoll/13975?X-Atmosphere-tracking-id=0&X-Atmosphere-Framework=2.2.3-javascript&X-Atmosphere-Transport=long-polling&X-Atmosphere-TrackMessageSize=true&Content-Type=charset%3Dutf-8&X-atmo-protocol=true&_=1776305734227 HTTP/1.1" 200 -
14.19.84.100 - - [16/Apr/2026:10:09:16 +0800] "POST /InternetTrading/SessionErrorLogger HTTP/1.1" 200 117
14.19.84.100 - - [16/Apr/2026:10:09:16 +0800] "POST /InternetTrading/MarketStatus HTTP/1.1" 200 772
119.136.152.250 - - [16/Apr/2026:10:09:16 +0800] "GET /InternetTrading/longpoll/51803?X-Atmosphere-tracking-id=0&X-Atmosphere-Framework=2.2.3-javascript&X-Atmosphere-Transport=long-polling&X-Atmosphere-TrackMessageSize=true&Content-Type=charset%3Dutf-8&X-atmo-protocol=true&_=1776305741665 HTTP/1.1" 200 -
110.81.59.254 - - [16/Apr/2026:10:09:16 +0800] "GET /InternetTrading/longpoll/M8773?X-Atmosphere-tracking-id=0&X-Atmosphere-Framework=2.2.3-javascript&X-Atmosphere-Transport=long-polling&X-Atmosphere-TrackMessageSize=true&Content-Type=charset%3Dutf-8&X-atmo-protocol=true&_=1776305738913 HTTP/1.1" 200 -
219.73.99.100 - - [16/Apr/2026:10:09:17 +0800] "GET /InternetTrading/longpoll/55136?X-Atmosphere-tracking-id=0&X-Atmosphere-Framework=2.2.3-javascript&X-Atmosphere-Transport=long-polling&X-Atmosphere-TrackMessageSize=true&Content-Type=charset%3Dutf-8&X-atmo-protocol=true&_=1776305735924 HTTP/1.1" 200 -
60.248.0.134 - - [16/Apr/2026:10:09:18 +0800] "-" 408 -
14.19.84.100 - - [16/Apr/2026:10:09:19 +0800] "GET /InternetTrading/longpoll/13975?X-Atmosphere-tracking-id=0&X-Atmosphere-Framework=2.2.3-javascript&X-Atmosphere-Transport=long-polling&X-Atmosphere-TrackMessageSize=true&Content-Type=charset%3Dutf-8&X-atmo-protocol=true&_=1776305739289 HTTP/1.1" 200 -
119.136.152.250 - - [16/Apr/2026:10:09:21 +0800] "GET /InternetTrading/longpoll/51803?X-Atmosphere-tracking-id=0&X-Atmosphere-Framework=2.2.3-javascript&X-Atmosphere-Transport=long-polling&X-Atmosphere-TrackMessageSize=true&Content-Type=charset%3Dutf-8&X-atmo-protocol=true&_=1776305746704 HTTP/1.1" 200 -
219.73.99.100 - - [16/Apr/2026:10:09:21 +0800] "POST /InternetTrading/SessionErrorLogger HTTP/1.1" 200 117
219.73.99.100 - - [16/Apr/2026:10:09:22 +0800] "POST /InternetTrading/Heartbeat HTTP/1.1" 200 32
219.73.99.100 - - [16/Apr/2026:10:09:22 +0800] "POST /InternetTrading/SessionErrorLogger HTTP/1.1" 200 117
219.73.99.100 - - [16/Apr/2026:10:09:22 +0800] "POST /InternetTrading/MarketStatus HTTP/1.1" 200 772
219.73.99.100 - - [16/Apr/2026:10:09:22 +0800] "GET /InternetTrading/longpoll/55136?X-Atmosphere-tracking-id=0&X-Atmosphere-Framework=2.2.3-javascript&X-Atmosphere-Transport=long-polling&X-Atmosphere-TrackMessageSize=true&Content-Type=charset%3Dutf-8&X-atmo-protocol=true&_=1776305740973 HTTP/1.1" 200 -
110.81.59.254 - - [16/Apr/2026:10:09:22 +0800] "GET /InternetTrading/longpoll/M8773?X-Atmosphere-tracking-id=0&X-Atmosphere-Framework=2.2.3-javascript&X-Atmosphere-Transport=long-polling&X-Atmosphere-TrackMessageSize=true&Content-Type=charset%3Dutf-8&X-atmo-protocol=true&_=1776305744913 HTTP/1.1" 200 -
14.19.84.100 - - [16/Apr/2026:10:09:24 +0800] "GET /InternetTrading/longpoll/13975?X-Atmosphere-tracking-id=0&X-Atmosphere-Framework=2.2.3-javascript&X-Atmosphere-Transport=long-polling&X-Atmosphere-TrackMessageSize=true&Content-Type=charset%3Dutf-8&X-atmo-protocol=true&_=1776305744346 HTTP/1.1" 200 -
119.136.152.250 - - [16/Apr/2026:10:09:26 +0800] "GET /InternetTrading/longpoll/51803?X-Atmosphere-tracking-id=0&X-Atmosphere-Framework=2.2.3-javascript&X-Atmosphere-Transport=long-polling&X-Atmosphere-TrackMessageSize=true&Content-Type=charset%3Dutf-8&X-atmo-protocol=true&_=1776305751768 HTTP/1.1" 200 -
219.73.99.100 - - [16/Apr/2026:10:09:27 +0800] "GET /InternetTrading/longpoll/55136?X-Atmosphere-tracking-id=0&X-Atmosphere-Framework=2.2.3-javascript&X-Atmosphere-Transport=long-polling&X-Atmosphere-TrackMessageSize=true&Content-Type=charset%3Dutf-8&X-atmo-protocol=true&_=1776305746001 HTTP/1.1" 200 -
110.81.59.254 - - [16/Apr/2026:10:09:28 +0800] "GET /InternetTrading/longpoll/M8773?X-Atmosphere-tracking-id=0&X-Atmosphere-Framework=2.2.3-javascript&X-Atmosphere-Transport=long-polling&X-Atmosphere-TrackMessageSize=true&Content-Type=charset%3Dutf-8&X-atmo-protocol=true&_=1776305750913 HTTP/1.1" 200 -
14.19.84.100 - - [16/Apr/2026:10:09:29 +0800] "GET /InternetTrading/longpoll/13975?X-Atmosphere-tracking-id=0&X-Atmosphere-Framework=2.2.3-javascript&X-Atmosphere-Transport=long-polling&X-Atmosphere-TrackMessageSize=true&Content-Type=charset%3Dutf-8&X-atmo-protocol=true&_=1776305749426 HTTP/1.1" 200 -
119.136.152.250 - - [16/Apr/2026:10:09:32 +0800] "GET /InternetTrading/longpoll/51803?X-Atmosphere-tracking-id=0&X-Atmosphere-Framework=2.2.3-javascript&X-Atmosphere-Transport=long-polling&X-Atmosphere-TrackMessageSize=true&Content-Type=charset%3Dutf-8&X-atmo-protocol=true&_=1776305756853 HTTP/1.1" 200 -
219.73.99.100 - - [16/Apr/2026:10:09:32 +0800] "GET /InternetTrading/longpoll/55136?X-Atmosphere-tracking-id=0&X-Atmosphere-Framework=2.2.3-javascript&X-Atmosphere-Transport=long-polling&X-Atmosphere-TrackMessageSize=true&Content-Type=charset%3Dutf-8&X-atmo-protocol=true&_=1776305751038 HTTP/1.1" 200 -
14.19.84.100 - - [16/Apr/2026:10:09:34 +0800] "GET /InternetTrading/longpoll/13975?X-Atmosphere-tracking-id=0&X-Atmosphere-Framework=2.2.3-javascript&X-Atmosphere-Transport=long-polling&X-Atmosphere-TrackMessageSize=true&Content-Type=charset%3Dutf-8&X-atmo-protocol=true&_=1776305754481 HTTP/1.1" 200 -
110.81.59.254 - - [16/Apr/2026:10:09:34 +0800] "GET /InternetTrading/longpoll/M8773?X-Atmosphere-tracking-id=0&X-Atmosphere-Framework=2.2.3-javascript&X-Atmosphere-Transport=long-polling&X-Atmosphere-TrackMessageSize=true&Content-Type=charset%3Dutf-8&X-atmo-protocol=true&_=1776305756913 HTTP/1.1" 200 -
119.136.152.250 - - [16/Apr/2026:10:09:37 +0800] "GET /InternetTrading/longpoll/51803?X-Atmosphere-tracking-id=0&X-Atmosphere-Framework=2.2.3-javascript&X-Atmosphere-Transport=long-polling&X-Atmosphere-TrackMessageSize=true&Content-Type=charset%3Dutf-8&X-atmo-protocol=true&_=1776305761913 HTTP/1.1" 200 -
219.73.99.100 - - [16/Apr/2026:10:09:37 +0800] "GET /InternetTrading/longpoll/55136?X-Atmosphere-tracking-id=0&X-Atmosphere-Framework=2.2.3-javascript&X-Atmosphere-Transport=long-polling&X-Atmosphere-TrackMessageSize=true&Content-Type=charset%3Dutf-8&X-atmo-protocol=true&_=1776305756064 HTTP/1.1" 200 -
27.18.242.154 - - [16/Apr/2026:10:09:39 +0800] "GET /InternetTrading/jquery/wait.gif HTTP/1.1" 200 432
14.19.84.100 - - [16/Apr/2026:10:09:39 +0800] "POST /InternetTrading/SessionErrorLogger HTTP/1.1" 200 117
14.19.84.100 - - [16/Apr/2026:10:09:39 +0800] "GET /InternetTrading/longpoll/13975?X-Atmosphere-tracking-id=0&X-Atmosphere-Framework=2.2.3-javascript&X-Atmosphere-Transport=long-polling&X-Atmosphere-TrackMessageSize=true&Content-Type=charset%3Dutf-8&X-atmo-protocol=true&_=1776305759541 HTTP/1.1" 200 -
14.19.84.100 - - [16/Apr/2026:10:09:39 +0800] "POST /InternetTrading/Heartbeat HTTP/1.1" 200 32
27.18.242.154 - - [16/Apr/2026:10:09:39 +0800] "POST /InternetTrading/Verify2FAService HTTP/1.1" 200 425
27.18.242.154 - - [16/Apr/2026:10:09:40 +0800] "GET /InternetTrading/tc/main.html?language=tc&version=HTML HTTP/1.1" 200 3578
110.81.59.254 - - [16/Apr/2026:10:09:41 +0800] "GET /InternetTrading/longpoll/M8773?X-Atmosphere-tracking-id=0&X-Atmosphere-Framework=2.2.3-javascript&X-Atmosphere-Transport=long-polling&X-Atmosphere-TrackMessageSize=true&Content-Type=charset%3Dutf-8&X-atmo-protocol=true&_=1776305762913 HTTP/1.1" 200 -
27.18.242.154 - - [16/Apr/2026:10:09:41 +0800] "GET /InternetTrading/jquery/ui.datepicker.css HTTP/1.1" 200 1145
27.18.242.154 - - [16/Apr/2026:10:09:41 +0800] "GET /InternetTrading/jquery/jquery.tablesorter-theme.blue.css HTTP/1.1" 200 2083
27.18.242.154 - - [16/Apr/2026:10:09:41 +0800] "GET /InternetTrading/jquery/jquery-ui-1.10.3.css HTTP/1.1" 200 5283
27.18.242.154 - - [16/Apr/2026:10:09:41 +0800] "GET /InternetTrading/jquery/dragtable-2.0.9.css HTTP/1.1" 200 316
27.18.242.154 - - [16/Apr/2026:10:09:41 +0800] "GET /InternetTrading/tc/style_common.css?v=20200819161914 HTTP/1.1" 200 2540
119.136.152.250 - - [16/Apr/2026:10:09:41 +0800] "POST /InternetTrading/SessionErrorLogger HTTP/1.1" 200 117
119.136.152.250 - - [16/Apr/2026:10:09:41 +0800] "POST /InternetTrading/Heartbeat HTTP/1.1" 200 32
119.136.152.250 - - [16/Apr/2026:10:09:41 +0800] "POST /InternetTrading/SessionErrorLogger HTTP/1.1" 200 117
27.18.242.154 - - [16/Apr/2026:10:09:41 +0800] "GET /InternetTrading/tc/css/jquery.jscrollpane.css HTTP/1.1" 404 690
27.18.242.154 - - [16/Apr/2026:10:09:41 +0800] "GET /InternetTrading/tc/style.css?v=20200819161914 HTTP/1.1" 200 1435
119.136.152.250 - - [16/Apr/2026:10:09:41 +0800] "POST /InternetTrading/MarketStatus HTTP/1.1" 200 772
27.18.242.154 - - [16/Apr/2026:10:09:41 +0800] "GET /InternetTrading/jquery/jquery-1.6.3.min.js HTTP/1.1" 200 32057
27.18.242.154 - - [16/Apr/2026:10:09:41 +0800] "GET /InternetTrading/jquery/jquery.ba-postmessage.js HTTP/1.1" 200 2990
27.18.242.154 - - [16/Apr/2026:10:09:41 +0800] "GET /InternetTrading/js/aastock.js HTTP/1.1" 200 553
27.18.242.154 - - [16/Apr/2026:10:09:41 +0800] "GET /InternetTrading/jquery/jquery-migrate-3.0.0.js HTTP/1.1" 200 4963
27.18.242.154 - - [16/Apr/2026:10:09:41 +0800] "GET /InternetTrading/jquery/jquery-3.3.1.js HTTP/1.1" 200 80650
27.18.242.154 - - [16/Apr/2026:10:09:41 +0800] "GET /InternetTrading/js/atmosphere.js HTTP/1.1" 200 13461
27.18.242.154 - - [16/Apr/2026:10:09:41 +0800] "GET /InternetTrading/jquery/jquery-ui-1.10.3.js HTTP/1.1" 200 69642
27.18.242.154 - - [16/Apr/2026:10:09:41 +0800] "GET /InternetTrading/js/cache.js?jsv=20200819161914 HTTP/1.1" 200 940
27.18.242.154 - - [16/Apr/2026:10:09:42 +0800] "GET /InternetTrading/jquery/jquery.form-3.46.0.js HTTP/1.1" 200 5673
27.18.242.154 - - [16/Apr/2026:10:09:42 +0800] "GET /InternetTrading/jquery/jquery.blockUI-2.66.0.js HTTP/1.1" 200 6651
119.136.152.250 - - [16/Apr/2026:10:09:42 +0800] "GET /InternetTrading/longpoll/51803?X-Atmosphere-tracking-id=0&X-Atmosphere-Framework=2.2.3-javascript&X-Atmosphere-Transport=long-polling&X-Atmosphere-TrackMessageSize=true&Content-Type=charset%3Dutf-8&X-atmo-protocol=true&_=1776305766979 HTTP/1.1" 200 -
27.18.242.154 - - [16/Apr/2026:10:09:42 +0800] "GET /InternetTrading/jquery/jquery.validate-1.11.1.js HTTP/1.1" 200 7041
27.18.242.154 - - [16/Apr/2026:10:09:42 +0800] "GET /InternetTrading/jquery/additional-methods.js HTTP/1.1" 200 2238
27.18.242.154 - - [16/Apr/2026:10:09:42 +0800] "GET /InternetTrading/jquery/jquery.mousewheel-3.1.4.js HTTP/1.1" 200 822
27.18.242.154 - - [16/Apr/2026:10:09:42 +0800] "GET /InternetTrading/jquery/jquery.tablesorter-2.14.5.js HTTP/1.1" 200 8901
27.18.242.154 - - [16/Apr/2026:10:09:42 +0800] "GET /InternetTrading/jquery/jquery.combobox.packed.js HTTP/1.1" 200 3387
27.18.242.154 - - [16/Apr/2026:10:09:42 +0800] "GET /InternetTrading/jquery/jquery.tablesorter.widgets-2.14.5.js HTTP/1.1" 200 8611
219.73.99.100 - - [16/Apr/2026:10:09:42 +0800] "GET /InternetTrading/longpoll/55136?X-Atmosphere-tracking-id=0&X-Atmosphere-Framework=2.2.3-javascript&X-Atmosphere-Transport=long-polling&X-Atmosphere-TrackMessageSize=true&Content-Type=charset%3Dutf-8&X-atmo-protocol=true&_=1776305761103 HTTP/1.1" 200 -
27.18.242.154 - - [16/Apr/2026:10:09:42 +0800] "GET /InternetTrading/jquery/jquery.timer-0.9.16.js HTTP/1.1" 200 542
27.18.242.154 - - [16/Apr/2026:10:09:42 +0800] "GET /InternetTrading/jquery/jquery.getParams.js HTTP/1.1" 200 587
27.18.242.154 - - [16/Apr/2026:10:09:42 +0800] "GET /InternetTrading/jquery/jquery.selectboxes.pack.js HTTP/1.1" 200 1640
27.18.242.154 - - [16/Apr/2026:10:09:42 +0800] "GET /InternetTrading/jquery/date.js HTTP/1.1" 200 2807
27.18.242.154 - - [16/Apr/2026:10:09:42 +0800] "GET /InternetTrading/jquery/globalize-0.1.0a1.js HTTP/1.1" 200 6984
27.18.242.154 - - [16/Apr/2026:10:09:42 +0800] "GET /InternetTrading/json/json2.js?jsv=20200819161914 HTTP/1.1" 200 1372
27.18.242.154 - - [16/Apr/2026:10:09:42 +0800] "GET /InternetTrading/settings/crm_display_settings.js?jsv=20200819161914 HTTP/1.1" 200 1781
27.18.242.154 - - [16/Apr/2026:10:09:42 +0800] "GET /InternetTrading/tc/user/translation.js?jsv=20200819161914 HTTP/1.1" 200 12818
27.18.242.154 - - [16/Apr/2026:10:09:42 +0800] "GET /InternetTrading/js/constants.js?jsv=20200819161914 HTTP/1.1" 200 400
27.18.242.154 - - [16/Apr/2026:10:09:42 +0800] "GET /InternetTrading/tc/user/custom_variables.js?jsv=20200819161914 HTTP/1.1" 200 275
27.18.242.154 - - [16/Apr/2026:10:09:42 +0800] "GET /InternetTrading/js/haitong.js?jsv=20200819161914 HTTP/1.1" 200 3881
27.18.242.154 - - [16/Apr/2026:10:09:42 +0800] "GET /InternetTrading/js/util.js?jsv=20200819161914 HTTP/1.1" 200 6636
27.18.242.154 - - [16/Apr/2026:10:09:42 +0800] "GET /InternetTrading/js/init.js?jsv=20200819161914 HTTP/1.1" 200 886
27.18.242.154 - - [16/Apr/2026:10:09:43 +0800] "GET /InternetTrading/js/rsautil.js?jsv=20200819161914 HTTP/1.1" 200 1017
27.18.242.154 - - [16/Apr/2026:10:09:43 +0800] "GET /InternetTrading/js/main.js?jsv=20200819161914 HTTP/1.1" 200 30725
27.18.242.154 - - [16/Apr/2026:10:09:43 +0800] "GET /InternetTrading/js/corporate.js?jsv=20200819161914 HTTP/1.1" 200 1575
27.18.242.154 - - [16/Apr/2026:10:09:43 +0800] "GET /InternetTrading/js/update_mdf.js?jsv=20200819161914 HTTP/1.1" 200 856
27.18.242.154 - - [16/Apr/2026:10:09:43 +0800] "GET /InternetTrading/js/validation_hkex.js?jsv=20200819161914 HTTP/1.1" 200 2300
27.18.242.154 - - [16/Apr/2026:10:09:43 +0800] "GET /InternetTrading/js/validation_bshare.js?jsv=20200819161914 HTTP/1.1" 200 1567
27.18.242.154 - - [16/Apr/2026:10:09:43 +0800] "GET /InternetTrading/js/validation_global.js?jsv=20200819161914 HTTP/1.1" 200 1564
27.18.242.154 - - [16/Apr/2026:10:09:43 +0800] "GET /InternetTrading/js/validation_ashare.js?jsv=20200819161914 HTTP/1.1" 200 2482
27.18.242.154 - - [16/Apr/2026:10:09:43 +0800] "GET /InternetTrading/js/account.js?jsv=20200819161914 HTTP/1.1" 200 2656
27.18.242.154 - - [16/Apr/2026:10:09:43 +0800] "GET /InternetTrading/js/cash_transfer.js?jsv=20200819161914 HTTP/1.1" 200 2712
27.18.242.154 - - [16/Apr/2026:10:09:43 +0800] "GET /InternetTrading/js/ipo.js?jsv=20200819161914 HTTP/1.1" 200 5726
27.18.242.154 - - [16/Apr/2026:10:09:43 +0800] "GET /InternetTrading/js/spread_cache.js?jsv=20200819161914 HTTP/1.1" 200 908
27.18.242.154 - - [16/Apr/2026:10:09:43 +0800] "GET /InternetTrading/js/mm.js?jsv=20200819161914 HTTP/1.1" 200 487
27.18.242.154 - - [16/Apr/2026:10:09:43 +0800] "GET /InternetTrading/js/isec_calculator.js?jsv=20200819161914 HTTP/1.1" 200 1364
27.18.242.154 - - [16/Apr/2026:10:09:43 +0800] "GET /InternetTrading/js/payment_instruction.js?jsv=20200819161914 HTTP/1.1" 200 2178
27.18.242.154 - - [16/Apr/2026:10:09:43 +0800] "GET /InternetTrading/js/eStatement.js?jsv=20200819161914 HTTP/1.1" 200 562
27.18.242.154 - - [16/Apr/2026:10:09:43 +0800] "GET /InternetTrading/js/payment_instruction_IMOS.js?jsv=20200819161914 HTTP/1.1" 200 6874
27.18.242.154 - - [16/Apr/2026:10:09:43 +0800] "GET /InternetTrading/ExchangeList?fmt=js&jsv=20200819161914 HTTP/1.1" 200 146
27.18.242.154 - - [16/Apr/2026:10:09:43 +0800] "GET /InternetTrading/js/string_extend.js?jsv=20200819161914 HTTP/1.1" 200 272
27.18.242.154 - - [16/Apr/2026:10:09:43 +0800] "GET /InternetTrading/js/pidcrypt.js?jsv=20200819161914 HTTP/1.1" 200 982
27.18.242.154 - - [16/Apr/2026:10:09:43 +0800] "GET /InternetTrading/js/aes_cbc.js?jsv=20200819161914 HTTP/1.1" 200 2043
27.18.242.154 - - [16/Apr/2026:10:09:43 +0800] "GET /InternetTrading/js/pidcrypt_util.js?jsv=20200819161914 HTTP/1.1" 200 1206
27.18.242.154 - - [16/Apr/2026:10:09:43 +0800] "GET /InternetTrading/js/aes_core.js?jsv=20200819161914 HTTP/1.1" 200 2106
27.18.242.154 - - [16/Apr/2026:10:09:43 +0800] "GET /InternetTrading/js/asn1.js?jsv=20200819161914 HTTP/1.1" 200 3099
27.18.242.154 - - [16/Apr/2026:10:09:43 +0800] "GET /InternetTrading/js/md5.js?jsv=20200819161914 HTTP/1.1" 200 1730
27.18.242.154 - - [16/Apr/2026:10:09:43 +0800] "GET /InternetTrading/js/sha256.js?jsv=20200819161914 HTTP/1.1" 200 1362
27.18.242.154 - - [16/Apr/2026:10:09:43 +0800] "GET /InternetTrading/js/jsbn.js?jsv=20200819161914 HTTP/1.1" 200 6736
27.18.242.154 - - [16/Apr/2026:10:09:43 +0800] "GET /InternetTrading/js/prng4.js?jsv=20200819161914 HTTP/1.1" 200 303
27.18.242.154 - - [16/Apr/2026:10:09:43 +0800] "GET /InternetTrading/js/rng.js?jsv=20200819161914 HTTP/1.1" 200 481
27.18.242.154 - - [16/Apr/2026:10:09:43 +0800] "GET /InternetTrading/js/rsa.js?jsv=20200819161914 HTTP/1.1" 200 1658
27.18.242.154 - - [16/Apr/2026:10:09:43 +0800] "GET /InternetTrading/js/aes.js?jsv=20200819161914 HTTP/1.1" 200 4816
27.18.242.154 - - [16/Apr/2026:10:09:43 +0800] "GET /InternetTrading/js/mode-ecb.js?jsv=20200819161914 HTTP/1.1" 200 199
27.18.242.154 - - [16/Apr/2026:10:09:43 +0800] "GET /InternetTrading/js/utilSpec.js?jsv=20200819161914 HTTP/1.1" 200 27
27.18.242.154 - - [16/Apr/2026:10:09:43 +0800] "GET /InternetTrading/js/update_lastlogin.js?jsv=20200819161914 HTTP/1.1" 200 980
27.18.242.154 - - [16/Apr/2026:10:09:43 +0800] "GET /InternetTrading/js/pw_alert.js?jsv=20200819161914 HTTP/1.1" 200 418
27.18.242.154 - - [16/Apr/2026:10:09:43 +0800] "GET /InternetTrading/js/jquery.jscrollpane.js HTTP/1.1" 404 685
27.18.242.154 - - [16/Apr/2026:10:09:43 +0800] "GET /InternetTrading/js/jquery.mousewheel.js HTTP/1.1" 404 684
27.18.242.154 - - [16/Apr/2026:10:09:44 +0800] "GET /InternetTrading/js/jquery.cookie.js HTTP/1.1" 200 834
27.18.242.154 - - [16/Apr/2026:10:09:44 +0800] "GET /InternetTrading/js/decimal.js HTTP/1.1" 200 13492
27.18.242.154 - - [16/Apr/2026:10:09:44 +0800] "GET /InternetTrading/tc/images/logo.png HTTP/1.1" 200 7042
27.18.242.154 - - [16/Apr/2026:10:09:44 +0800] "GET /InternetTrading/GoodTillDateValidExch?fmt=js&jsv=20200819161914 HTTP/1.1" 200 29
27.18.242.154 - - [16/Apr/2026:10:09:44 +0800] "GET /InternetTrading/tc/images/top_menu01.jpg HTTP/1.1" 200 3466
27.18.242.154 - - [16/Apr/2026:10:09:44 +0800] "GET /InternetTrading/tc/images/top_menu04.jpg HTTP/1.1" 200 3430
27.18.242.154 - - [16/Apr/2026:10:09:44 +0800] "GET /InternetTrading/tc/images/top_menu_logout.jpg HTTP/1.1" 200 1016
27.18.242.154 - - [16/Apr/2026:10:09:44 +0800] "GET /InternetTrading/images/top_bg3.jpg HTTP/1.1" 200 878
27.18.242.154 - - [16/Apr/2026:10:09:44 +0800] "GET /InternetTrading/images/top_bg1.jpg HTTP/1.1" 200 329
27.18.242.154 - - [16/Apr/2026:10:09:44 +0800] "GET /InternetTrading/images/top_bg2.jpg HTTP/1.1" 200 330
27.18.242.154 - - [16/Apr/2026:10:09:44 +0800] "GET /InternetTrading/tc/dialog.html?1776305763090 HTTP/1.1" 200 3188
27.18.242.154 - - [16/Apr/2026:10:09:44 +0800] "POST /InternetTrading/PopUpConfig HTTP/1.1" 200 2
27.18.242.154 - - [16/Apr/2026:10:09:44 +0800] "POST /InternetTrading/Heartbeat HTTP/1.1" 200 32
27.18.242.154 - - [16/Apr/2026:10:09:44 +0800] "POST /InternetTrading/CustomerInfoLite HTTP/1.1" 200 118
27.18.242.154 - - [16/Apr/2026:10:09:44 +0800] "GET /InternetTrading/tc/images/top_menu04.jpg HTTP/1.1" 200 3430
27.18.242.154 - - [16/Apr/2026:10:09:44 +0800] "GET /InternetTrading/jquery/wait.gif HTTP/1.1" 200 432
27.18.242.154 - - [16/Apr/2026:10:09:44 +0800] "GET /InternetTrading/tc/trade.html HTTP/1.1" 200 2113
27.18.242.154 - - [16/Apr/2026:10:09:44 +0800] "POST /InternetTrading/SpreadPriceCache HTTP/1.1" 200 1947
27.18.242.154 - - [16/Apr/2026:10:09:44 +0800] "GET /InternetTrading/tc/images/top_menu01_o.jpg HTTP/1.1" 200 3339
27.18.242.154 - - [16/Apr/2026:10:09:44 +0800] "POST /InternetTrading/SessionErrorLogger HTTP/1.1" 200 117
14.19.84.100 - - [16/Apr/2026:10:09:45 +0800] "GET /InternetTrading/longpoll/13975?X-Atmosphere-tracking-id=0&X-Atmosphere-Framework=2.2.3-javascript&X-Atmosphere-Transport=long-polling&X-Atmosphere-TrackMessageSize=true&Content-Type=charset%3Dutf-8&X-atmo-protocol=true&_=1776305764985 HTTP/1.1" 200 -
27.18.242.154 - - [16/Apr/2026:10:09:45 +0800] "POST /InternetTrading/GetLastLoginDate HTTP/1.1" 200 31
27.18.242.154 - - [16/Apr/2026:10:09:45 +0800] "POST /InternetTrading/SessionErrorLogger HTTP/1.1" 200 117
27.18.242.154 - - [16/Apr/2026:10:09:45 +0800] "GET /InternetTrading/tc/getpopupMsgName.jsp HTTP/1.1" 200 -
27.18.242.154 - - [16/Apr/2026:10:09:45 +0800] "GET /InternetTrading/tc/applet_dummy.html HTTP/1.1" 200 330
27.18.242.154 - - [16/Apr/2026:10:09:45 +0800] "POST /InternetTrading/SessionErrorLogger HTTP/1.1" 200 117
27.18.242.154 - - [16/Apr/2026:10:09:45 +0800] "GET /InternetTrading/tc/buy_ticket.html? HTTP/1.1" 200 1995
27.18.242.154 - - [16/Apr/2026:10:09:45 +0800] "POST /InternetTrading/SessionErrorLogger HTTP/1.1" 200 117
27.18.242.154 - - [16/Apr/2026:10:09:45 +0800] "POST /InternetTrading/MarketStatus HTTP/1.1" 200 772
27.18.242.154 - - [16/Apr/2026:10:09:45 +0800] "POST /InternetTrading/SessionErrorLogger HTTP/1.1" 200 117
27.18.242.154 - - [16/Apr/2026:10:09:45 +0800] "GET /InternetTrading/tc/multi_currency_balance.html HTTP/1.1" 200 295
27.18.242.154 - - [16/Apr/2026:10:09:45 +0800] "GET /InternetTrading/jquery/wait.gif HTTP/1.1" 200 432
27.18.242.154 - - [16/Apr/2026:10:09:45 +0800] "GET /InternetTrading/tc/images/refresh.gif HTTP/1.1" 200 1145
27.18.242.154 - - [16/Apr/2026:10:09:45 +0800] "GET /InternetTrading/jquery/images/ui-icons_222222_256x240.png HTTP/1.1" 200 6922
27.18.242.154 - - [16/Apr/2026:10:09:45 +0800] "GET /InternetTrading/tc/images/trade_point01.jpg HTTP/1.1" 200 358
27.18.242.154 - - [16/Apr/2026:10:09:45 +0800] "GET /InternetTrading/Home/PostToAA.jsp?hl=tc HTTP/1.1" 200 287
27.18.242.154 - - [16/Apr/2026:10:09:45 +0800] "GET /InternetTrading/jquery/images/ui-bg_flat_75_ffffff_40x100.png HTTP/1.1" 200 208
27.18.242.154 - - [16/Apr/2026:10:09:45 +0800] "POST /InternetTrading/SessionErrorLogger HTTP/1.1" 200 117
14.19.84.100 - - [16/Apr/2026:10:09:46 +0800] "POST /InternetTrading/SessionErrorLogger HTTP/1.1" 200 117
27.18.242.154 - - [16/Apr/2026:10:09:46 +0800] "POST /InternetTrading/SessionErrorLogger HTTP/1.1" 200 117
27.18.242.154 - - [16/Apr/2026:10:09:46 +0800] "POST /InternetTrading/MarketStatus HTTP/1.1" 200 772
14.19.84.100 - - [16/Apr/2026:10:09:46 +0800] "POST /InternetTrading/MarketStatus HTTP/1.1" 200 772
27.18.242.154 - - [16/Apr/2026:10:09:46 +0800] "POST /InternetTrading/MarketStatus HTTP/1.1" 200 772
110.81.59.254 - - [16/Apr/2026:10:09:46 +0800] "GET /InternetTrading/longpoll/M8773?X-Atmosphere-tracking-id=0&X-Atmosphere-Framework=2.2.3-javascript&X-Atmosphere-Transport=long-polling&X-Atmosphere-TrackMessageSize=true&Content-Type=charset%3Dutf-8&X-atmo-protocol=true&_=1776305768913 HTTP/1.1" 200 -
119.136.152.250 - - [16/Apr/2026:10:09:47 +0800] "GET /InternetTrading/longpoll/51803?X-Atmosphere-tracking-id=0&X-Atmosphere-Framework=2.2.3-javascript&X-Atmosphere-Transport=long-polling&X-Atmosphere-TrackMessageSize=true&Content-Type=charset%3Dutf-8&X-atmo-protocol=true&_=1776305772009 HTTP/1.1" 200 -
219.73.99.100 - - [16/Apr/2026:10:09:47 +0800] "GET /InternetTrading/longpoll/55136?X-Atmosphere-tracking-id=0&X-Atmosphere-Framework=2.2.3-javascript&X-Atmosphere-Transport=long-polling&X-Atmosphere-TrackMessageSize=true&Content-Type=charset%3Dutf-8&X-atmo-protocol=true&_=1776305766149 HTTP/1.1" 200 -
27.18.242.154 - - [16/Apr/2026:10:09:47 +0800] "POST /InternetTrading/SessionErrorLogger HTTP/1.1" 200 117
27.18.242.154 - - [16/Apr/2026:10:09:48 +0800] "POST /InternetTrading/CustomerInfo HTTP/1.1" 200 205
27.18.242.154 - - [16/Apr/2026:10:09:48 +0800] "POST /InternetTrading/SessionErrorLogger HTTP/1.1" 200 117
27.18.242.154 - - [16/Apr/2026:10:09:48 +0800] "POST /InternetTrading/SessionErrorLogger HTTP/1.1" 200 117
27.18.242.154 - - [16/Apr/2026:10:09:48 +0800] "GET /InternetTrading/tc/account_status.html HTTP/1.1" 200 426
27.18.242.154 - - [16/Apr/2026:10:09:48 +0800] "POST /InternetTrading/SessionErrorLogger HTTP/1.1" 200 117
27.18.242.154 - - [16/Apr/2026:10:09:48 +0800] "POST /InternetTrading/MarketStatus HTTP/1.1" 200 772
27.18.242.154 - - [16/Apr/2026:10:09:48 +0800] "GET /InternetTrading/jquery/wait.gif HTTP/1.1" 200 432
27.18.242.154 - - [16/Apr/2026:10:09:48 +0800] "POST /InternetTrading/SessionErrorLogger HTTP/1.1" 200 117
27.18.242.154 - - [16/Apr/2026:10:09:48 +0800] "POST /InternetTrading/LongPollingConfig HTTP/1.1" 200 4
27.18.242.154 - - [16/Apr/2026:10:09:48 +0800] "POST /InternetTrading/SessionErrorLogger HTTP/1.1" 200 117
27.18.242.154 - - [16/Apr/2026:10:09:48 +0800] "GET /InternetTrading/longpoll/M9990?X-Atmosphere-tracking-id=0&X-Atmosphere-Framework=2.2.3-javascript&X-Atmosphere-Transport=long-polling&X-Atmosphere-TrackMessageSize=true&Content-Type=charset%3Dutf-8&X-atmo-protocol=true&_=1776305767447 HTTP/1.1" 200 -
27.18.242.154 - - [16/Apr/2026:10:09:48 +0800] "POST /InternetTrading/Portfolio HTTP/1.1" 200 1348
14.19.84.100 - - [16/Apr/2026:10:09:50 +0800] "GET /InternetTrading/longpoll/13975?X-Atmosphere-tracking-id=0&X-Atmosphere-Framework=2.2.3-javascript&X-Atmosphere-Transport=long-polling&X-Atmosphere-TrackMessageSize=true&Content-Type=charset%3Dutf-8&X-atmo-protocol=true&_=1776305770047 HTTP/1.1" 200 -
110.81.59.254 - - [16/Apr/2026:10:09:51 +0800] "POST /InternetTrading/SessionErrorLogger HTTP/1.1" 200 117
219.73.99.100 - - [16/Apr/2026:10:09:52 +0800] "POST /InternetTrading/SessionErrorLogger HTTP/1.1" 200 117
110.81.59.254 - - [16/Apr/2026:10:09:52 +0800] "POST /InternetTrading/Heartbeat HTTP/1.1" 200 32
219.73.99.100 - - [16/Apr/2026:10:09:52 +0800] "POST /InternetTrading/Heartbeat HTTP/1.1" 200 32
219.73.99.100 - - [16/Apr/2026:10:09:52 +0800] "POST /InternetTrading/SessionErrorLogger HTTP/1.1" 200 117
219.73.99.100 - - [16/Apr/2026:10:09:52 +0800] "POST /InternetTrading/MarketStatus HTTP/1.1" 200 772
110.81.59.254 - - [16/Apr/2026:10:09:52 +0800] "POST /InternetTrading/SessionErrorLogger HTTP/1.1" 200 117
110.81.59.254 - - [16/Apr/2026:10:09:52 +0800] "POST /InternetTrading/MarketStatus HTTP/1.1" 200 772
119.136.152.250 - - [16/Apr/2026:10:09:52 +0800] "GET /InternetTrading/longpoll/51803?X-Atmosphere-tracking-id=0&X-Atmosphere-Framework=2.2.3-javascript&X-Atmosphere-Transport=long-polling&X-Atmosphere-TrackMessageSize=true&Content-Type=charset%3Dutf-8&X-atmo-protocol=true&_=1776305777043 HTTP/1.1" 200 -
219.73.99.100 - - [16/Apr/2026:10:09:52 +0800] "GET /InternetTrading/longpoll/55136?X-Atmosphere-tracking-id=0&X-Atmosphere-Framework=2.2.3-javascript&X-Atmosphere-Transport=long-polling&X-Atmosphere-TrackMessageSize=true&Content-Type=charset%3Dutf-8&X-atmo-protocol=true&_=1776305771186 HTTP/1.1" 200 -
157.55.39.53 - - [16/Apr/2026:10:09:52 +0800] "GET /secure_ssl_request_log.20241028 HTTP/1.1" 404 196
110.81.59.254 - - [16/Apr/2026:10:09:52 +0800] "GET /InternetTrading/longpoll/M8773?X-Atmosphere-tracking-id=0&X-Atmosphere-Framework=2.2.3-javascript&X-Atmosphere-Transport=long-polling&X-Atmosphere-TrackMessageSize=true&Content-Type=charset%3Dutf-8&X-atmo-protocol=true&_=1776305774914 HTTP/1.1" 200 -
27.18.242.154 - - [16/Apr/2026:10:09:54 +0800] "POST /InternetTrading/SessionErrorLogger HTTP/1.1" 200 117
27.18.242.154 - - [16/Apr/2026:10:09:54 +0800] "GET /InternetTrading/tc/sell_ticket.html? HTTP/1.1" 200 2261
27.18.242.154 - - [16/Apr/2026:10:09:54 +0800] "GET /InternetTrading/longpoll/M9990?X-Atmosphere-tracking-id=0&X-Atmosphere-Framework=2.2.3-javascript&X-Atmosphere-Transport=long-polling&X-Atmosphere-TrackMessageSize=true&Content-Type=charset%3Dutf-8&X-atmo-protocol=true&_=1776305772923 HTTP/1.1" 200 -
27.18.242.154 - - [16/Apr/2026:10:09:54 +0800] "POST /InternetTrading/SessionErrorLogger HTTP/1.1" 200 117
27.18.242.154 - - [16/Apr/2026:10:09:54 +0800] "POST /InternetTrading/MarketStatus HTTP/1.1" 200 772
27.18.242.154 - - [16/Apr/2026:10:09:54 +0800] "POST /InternetTrading/SessionErrorLogger HTTP/1.1" 200 117
27.18.242.154 - - [16/Apr/2026:10:09:54 +0800] "POST /InternetTrading/MarketStatus HTTP/1.1" 200 772
27.18.242.154 - - [16/Apr/2026:10:09:55 +0800] "POST /InternetTrading/SessionErrorLogger HTTP/1.1" 200 117
27.18.242.154 - - [16/Apr/2026:10:09:55 +0800] "POST /InternetTrading/Product HTTP/1.1" 200 308
27.18.242.154 - - [16/Apr/2026:10:09:55 +0800] "POST /InternetTrading/SessionErrorLogger HTTP/1.1" 200 117
27.18.242.154 - - [16/Apr/2026:10:09:55 +0800] "POST /InternetTrading/OrderMaxQuantity HTTP/1.1" 200 9
14.19.84.100 - - [16/Apr/2026:10:09:55 +0800] "GET /InternetTrading/longpoll/13975?X-Atmosphere-tracking-id=0&X-Atmosphere-Framework=2.2.3-javascript&X-Atmosphere-Transport=long-polling&X-Atmosphere-TrackMessageSize=true&Content-Type=charset%3Dutf-8&X-atmo-protocol=true&_=1776305775103 HTTP/1.1" 200 -
119.136.152.250 - - [16/Apr/2026:10:09:57 +0800] "GET /InternetTrading/longpoll/51803?X-Atmosphere-tracking-id=0&X-Atmosphere-Framework=2.2.3-javascript&X-Atmosphere-Transport=long-polling&X-Atmosphere-TrackMessageSize=true&Content-Type=charset%3Dutf-8&X-atmo-protocol=true&_=1776305782129 HTTP/1.1" 200 -
219.73.99.100 - - [16/Apr/2026:10:09:57 +0800] "GET /InternetTrading/longpoll/55136?X-Atmosphere-tracking-id=0&X-Atmosphere-Framework=2.2.3-javascript&X-Atmosphere-Transport=long-polling&X-Atmosphere-TrackMessageSize=true&Content-Type=charset%3Dutf-8&X-atmo-protocol=true&_=1776305776199 HTTP/1.1" 200 -
110.81.59.254 - - [16/Apr/2026:10:09:58 +0800] "GET /InternetTrading/longpoll/M8773?X-Atmosphere-tracking-id=0&X-Atmosphere-Framework=2.2.3-javascript&X-Atmosphere-Transport=long-polling&X-Atmosphere-TrackMessageSize=true&Content-Type=charset%3Dutf-8&X-atmo-protocol=true&_=1776305780914 HTTP/1.1" 200 -
27.18.242.154 - - [16/Apr/2026:10:10:00 +0800] "GET /InternetTrading/longpoll/M9990?X-Atmosphere-tracking-id=0&X-Atmosphere-Framework=2.2.3-javascript&X-Atmosphere-Transport=long-polling&X-Atmosphere-TrackMessageSize=true&Content-Type=charset%3Dutf-8&X-atmo-protocol=true&_=1776305778973 HTTP/1.1" 200 -
14.19.84.100 - - [16/Apr/2026:10:10:00 +0800] "GET /InternetTrading/longpoll/13975?X-Atmosphere-tracking-id=0&X-Atmosphere-Framework=2.2.3-javascript&X-Atmosphere-Transport=long-polling&X-Atmosphere-TrackMessageSize=true&Content-Type=charset%3Dutf-8&X-atmo-protocol=true&_=1776305780913 HTTP/1.1" 200 -
119.136.152.250 - - [16/Apr/2026:10:10:02 +0800] "GET /InternetTrading/longpoll/51803?X-Atmosphere-tracking-id=0&X-Atmosphere-Framework=2.2.3-javascript&X-Atmosphere-Transport=long-polling&X-Atmosphere-TrackMessageSize=true&Content-Type=charset%3Dutf-8&X-atmo-protocol=true&_=1776305787215 HTTP/1.1" 200 -
219.73.99.100 - - [16/Apr/2026:10:10:02 +0800] "GET /InternetTrading/longpoll/55136?X-Atmosphere-tracking-id=0&X-Atmosphere-Framework=2.2.3-javascript&X-Atmosphere-Transport=long-polling&X-Atmosphere-TrackMessageSize=true&Content-Type=charset%3Dutf-8&X-atmo-protocol=true&_=1776305781214 HTTP/1.1" 200 -
110.81.59.254 - - [16/Apr/2026:10:10:04 +0800] "GET /InternetTrading/longpoll/M8773?X-Atmosphere-tracking-id=0&X-Atmosphere-Framework=2.2.3-javascript&X-Atmosphere-Transport=long-polling&X-Atmosphere-TrackMessageSize=true&Content-Type=charset%3Dutf-8&X-atmo-protocol=true&_=1776305786914 HTTP/1.1" 200 -
27.18.242.154 - - [16/Apr/2026:10:10:05 +0800] "GET /InternetTrading/longpoll/M9990?X-Atmosphere-tracking-id=0&X-Atmosphere-Framework=2.2.3-javascript&X-Atmosphere-Transport=long-polling&X-Atmosphere-TrackMessageSize=true&Content-Type=charset%3Dutf-8&X-atmo-protocol=true&_=1776305784486 HTTP/1.1" 200 -
14.19.84.100 - - [16/Apr/2026:10:10:06 +0800] "GET /InternetTrading/longpoll/13975?X-Atmosphere-tracking-id=0&X-Atmosphere-Framework=2.2.3-javascript&X-Atmosphere-Transport=long-polling&X-Atmosphere-TrackMessageSize=true&Content-Type=charset%3Dutf-8&X-atmo-protocol=true&_=1776305786035 HTTP/1.1" 200 -
219.73.99.100 - - [16/Apr/2026:10:10:07 +0800] "GET /InternetTrading/longpoll/55136?X-Atmosphere-tracking-id=0&X-Atmosphere-Framework=2.2.3-javascript&X-Atmosphere-Transport=long-polling&X-Atmosphere-TrackMessageSize=true&Content-Type=charset%3Dutf-8&X-atmo-protocol=true&_=1776305786232 HTTP/1.1" 200 -
119.136.152.250 - - [16/Apr/2026:10:10:07 +0800] "GET /InternetTrading/longpoll/51803?X-Atmosphere-tracking-id=0&X-Atmosphere-Framework=2.2.3-javascript&X-Atmosphere-Transport=long-polling&X-Atmosphere-TrackMessageSize=true&Content-Type=charset%3Dutf-8&X-atmo-protocol=true&_=1776305792529 HTTP/1.1" 200 -
14.19.84.100 - - [16/Apr/2026:10:10:09 +0800] "POST /InternetTrading/SessionErrorLogger HTTP/1.1" 200 117
14.19.84.100 - - [16/Apr/2026:10:10:10 +0800] "POST /InternetTrading/Heartbeat HTTP/1.1" 200 32
110.81.59.254 - - [16/Apr/2026:10:10:10 +0800] "GET /InternetTrading/longpoll/M8773?X-Atmosphere-tracking-id=0&X-Atmosphere-Framework=2.2.3-javascript&X-Atmosphere-Transport=long-polling&X-Atmosphere-TrackMessageSize=true&Content-Type=charset%3Dutf-8&X-atmo-protocol=true&_=1776305792914 HTTP/1.1" 200 -
27.18.242.154 - - [16/Apr/2026:10:10:11 +0800] "GET /InternetTrading/longpoll/M9990?X-Atmosphere-tracking-id=0&X-Atmosphere-Framework=2.2.3-javascript&X-Atmosphere-Transport=long-polling&X-Atmosphere-TrackMessageSize=true&Content-Type=charset%3Dutf-8&X-atmo-protocol=true&_=1776305789693 HTTP/1.1" 200 -
14.19.84.100 - - [16/Apr/2026:10:10:11 +0800] "GET /InternetTrading/longpoll/13975?X-Atmosphere-tracking-id=0&X-Atmosphere-Framework=2.2.3-javascript&X-Atmosphere-Transport=long-polling&X-Atmosphere-TrackMessageSize=true&Content-Type=charset%3Dutf-8&X-atmo-protocol=true&_=1776305791107 HTTP/1.1" 200 -
119.136.152.250 - - [16/Apr/2026:10:10:11 +0800] "POST /InternetTrading/SessionErrorLogger HTTP/1.1" 200 117
119.136.152.250 - - [16/Apr/2026:10:10:11 +0800] "POST /InternetTrading/Heartbeat HTTP/1.1" 200 32
119.136.152.250 - - [16/Apr/2026:10:10:11 +0800] "POST /InternetTrading/SessionErrorLogger HTTP/1.1" 200 117
119.136.152.250 - - [16/Apr/2026:10:10:11 +0800] "POST /InternetTrading/MarketStatus HTTP/1.1" 200 772
219.73.99.100 - - [16/Apr/2026:10:10:12 +0800] "GET /InternetTrading/longpoll/55136?X-Atmosphere-tracking-id=0&X-Atmosphere-Framework=2.2.3-javascript&X-Atmosphere-Transport=long-polling&X-Atmosphere-TrackMessageSize=true&Content-Type=charset%3Dutf-8&X-atmo-protocol=true&_=1776305791266 HTTP/1.1" 200 -
119.136.152.250 - - [16/Apr/2026:10:10:12 +0800] "GET /InternetTrading/longpoll/51803?X-Atmosphere-tracking-id=0&X-Atmosphere-Framework=2.2.3-javascript&X-Atmosphere-Transport=long-polling&X-Atmosphere-TrackMessageSize=true&Content-Type=charset%3Dutf-8&X-atmo-protocol=true&_=1776305797594 HTTP/1.1" 200 -
27.18.242.154 - - [16/Apr/2026:10:10:13 +0800] "GET /InternetTrading/jquery/images/ui-icons_888888_256x240.png HTTP/1.1" 200 6999
27.18.242.154 - - [16/Apr/2026:10:10:13 +0800] "GET /InternetTrading/jquery/images/ui-icons_454545_256x240.png HTTP/1.1" 200 6992
27.18.242.154 - - [16/Apr/2026:10:10:15 +0800] "POST /InternetTrading/SessionErrorLogger HTTP/1.1" 200 117
27.18.242.154 - - [16/Apr/2026:10:10:15 +0800] "POST /InternetTrading/Heartbeat HTTP/1.1" 200 32
14.19.84.100 - - [16/Apr/2026:10:10:16 +0800] "GET /InternetTrading/longpoll/13975?X-Atmosphere-tracking-id=0&X-Atmosphere-Framework=2.2.3-javascript&X-Atmosphere-Transport=long-polling&X-Atmosphere-TrackMessageSize=true&Content-Type=charset%3Dutf-8&X-atmo-protocol=true&_=1776305796130 HTTP/1.1" 200 -
27.18.242.154 - - [16/Apr/2026:10:10:16 +0800] "GET /InternetTrading/longpoll/M9990?X-Atmosphere-tracking-id=0&X-Atmosphere-Framework=2.2.3-javascript&X-Atmosphere-Transport=long-polling&X-Atmosphere-TrackMessageSize=true&Content-Type=charset%3Dutf-8&X-atmo-protocol=true&_=1776305794903 HTTP/1.1" 200 -
14.19.84.100 - - [16/Apr/2026:10:10:16 +0800] "POST /InternetTrading/SessionErrorLogger HTTP/1.1" 200 117
14.19.84.100 - - [16/Apr/2026:10:10:16 +0800] "POST /InternetTrading/MarketStatus HTTP/1.1" 200 772
110.81.59.254 - - [16/Apr/2026:10:10:16 +0800] "GET /InternetTrading/longpoll/M8773?X-Atmosphere-tracking-id=0&X-Atmosphere-Framework=2.2.3-javascript&X-Atmosphere-Transport=long-polling&X-Atmosphere-TrackMessageSize=true&Content-Type=charset%3Dutf-8&X-atmo-protocol=true&_=1776305798914 HTTP/1.1" 200 -
219.73.99.100 - - [16/Apr/2026:10:10:17 +0800] "GET /InternetTrading/longpoll/55136?X-Atmosphere-tracking-id=0&X-Atmosphere-Framework=2.2.3-javascript&X-Atmosphere-Transport=long-polling&X-Atmosphere-TrackMessageSize=true&Content-Type=charset%3Dutf-8&X-atmo-protocol=true&_=1776305796291 HTTP/1.1" 200 -
119.136.152.250 - - [16/Apr/2026:10:10:17 +0800] "GET /InternetTrading/longpoll/51803?X-Atmosphere-tracking-id=0&X-Atmosphere-Framework=2.2.3-javascript&X-Atmosphere-Transport=long-polling&X-Atmosphere-TrackMessageSize=true&Content-Type=charset%3Dutf-8&X-atmo-protocol=true&_=1776305802621 HTTP/1.1" 200 -
14.19.84.100 - - [16/Apr/2026:10:10:21 +0800] "GET /InternetTrading/longpoll/13975?X-Atmosphere-tracking-id=0&X-Atmosphere-Framework=2.2.3-javascript&X-Atmosphere-Transport=long-polling&X-Atmosphere-TrackMessageSize=true&Content-Type=charset%3Dutf-8&X-atmo-protocol=true&_=1776305801156 HTTP/1.1" 200 -
27.18.242.154 - - [16/Apr/2026:10:10:21 +0800] "GET /InternetTrading/longpoll/M9990?X-Atmosphere-tracking-id=0&X-Atmosphere-Framework=2.2.3-javascript&X-Atmosphere-Transport=long-polling&X-Atmosphere-TrackMessageSize=true&Content-Type=charset%3Dutf-8&X-atmo-protocol=true&_=1776305800045 HTTP/1.1" 200 -
219.73.99.100 - - [16/Apr/2026:10:10:22 +0800] "POST /InternetTrading/SessionErrorLogger HTTP/1.1" 200 117
219.73.99.100 - - [16/Apr/2026:10:10:22 +0800] "POST /InternetTrading/Heartbeat HTTP/1.1" 200 32
219.73.99.100 - - [16/Apr/2026:10:10:22 +0800] "POST /InternetTrading/SessionErrorLogger HTTP/1.1" 200 117
219.73.99.100 - - [16/Apr/2026:10:10:22 +0800] "POST /InternetTrading/MarketStatus HTTP/1.1" 200 772
219.73.99.100 - - [16/Apr/2026:10:10:22 +0800] "GET /InternetTrading/longpoll/55136?X-Atmosphere-tracking-id=0&X-Atmosphere-Framework=2.2.3-javascript&X-Atmosphere-Transport=long-polling&X-Atmosphere-TrackMessageSize=true&Content-Type=charset%3Dutf-8&X-atmo-protocol=true&_=1776305801320 HTTP/1.1" 200 -
119.136.152.250 - - [16/Apr/2026:10:10:22 +0800] "GET /InternetTrading/longpoll/51803?X-Atmosphere-tracking-id=0&X-Atmosphere-Framework=2.2.3-javascript&X-Atmosphere-Transport=long-polling&X-Atmosphere-TrackMessageSize=true&Content-Type=charset%3Dutf-8&X-atmo-protocol=true&_=1776305807690 HTTP/1.1" 200 -
110.81.59.254 - - [16/Apr/2026:10:10:22 +0800] "GET /InternetTrading/longpoll/M8773?X-Atmosphere-tracking-id=0&X-Atmosphere-Framework=2.2.3-javascript&X-Atmosphere-Transport=long-polling&X-Atmosphere-TrackMessageSize=true&Content-Type=charset%3Dutf-8&X-atmo-protocol=true&_=1776305804913 HTTP/1.1" 200 -
27.18.242.154 - - [16/Apr/2026:10:10:24 +0800] "POST /InternetTrading/SessionErrorLogger HTTP/1.1" 200 117
27.18.242.154 - - [16/Apr/2026:10:10:24 +0800] "POST /InternetTrading/LoginKey HTTP/1.1" 200 -
27.18.242.154 - - [16/Apr/2026:10:10:24 +0800] "POST /InternetTrading/PreOrder HTTP/1.1" 200 1229
27.18.242.154 - - [16/Apr/2026:10:10:25 +0800] "POST /InternetTrading/SessionErrorLogger HTTP/1.1" 200 117
27.18.242.154 - - [16/Apr/2026:10:10:25 +0800] "GET /InternetTrading/jquery/wait.gif HTTP/1.1" 200 432
27.18.242.154 - - [16/Apr/2026:10:10:25 +0800] "POST /InternetTrading/MarketStatus HTTP/1.1" 200 772
