110.81.59.75 - - [08/May/2026:09:48:13 +0800] "GET /InternetTrading/longpoll/M8773?X-Atmosphere-tracking-id=0&X-Atmosphere-Framework=2.2.3-javascript&X-Atmosphere-Transport=long-polling&X-Atmosphere-TrackMessageSize=true&Content-Type=charset%3Dutf-8&X-atmo-protocol=true&_=1778205298848 HTTP/1.1" 200 -
14.0.230.253 - - [08/May/2026:09:48:13 +0800] "POST /InternetTrading/SessionErrorLogger HTTP/1.1" 200 117
14.0.230.253 - - [08/May/2026:09:48:13 +0800] "POST /InternetTrading/MarketStatus HTTP/1.1" 200 772
27.38.142.113 - - [08/May/2026:09:48:14 +0800] "GET /InternetTrading/longpoll/53995?X-Atmosphere-tracking-id=0&X-Atmosphere-Framework=2.2.3-javascript&X-Atmosphere-Transport=long-polling&X-Atmosphere-TrackMessageSize=true&Content-Type=charset%3Dutf-8&X-atmo-protocol=true&_=1778205295806 HTTP/1.1" 200 -
14.0.230.253 - - [08/May/2026:09:48:16 +0800] "GET /InternetTrading/longpoll/A8127?X-Atmosphere-tracking-id=0&X-Atmosphere-Framework=2.2.3-javascript&X-Atmosphere-Transport=long-polling&X-Atmosphere-TrackMessageSize=true&Content-Type=charset%3Dutf-8&X-atmo-protocol=true&_=1778205300479 HTTP/1.1" 200 -
117.26.250.159 - - [08/May/2026:09:48:17 +0800] "POST /InternetTrading/Heartbeat2FAService HTTP/1.1" 200 1
113.118.4.108 - - [08/May/2026:09:48:19 +0800] "GET /InternetTrading/longpoll/51803?X-Atmosphere-tracking-id=0&X-Atmosphere-Framework=2.2.3-javascript&X-Atmosphere-Transport=long-polling&X-Atmosphere-TrackMessageSize=true&Content-Type=charset%3Dutf-8&X-atmo-protocol=true&_=1778205303227 HTTP/1.1" 200 -
110.81.59.75 - - [08/May/2026:09:48:19 +0800] "GET /InternetTrading/longpoll/M8773?X-Atmosphere-tracking-id=0&X-Atmosphere-Framework=2.2.3-javascript&X-Atmosphere-Transport=long-polling&X-Atmosphere-TrackMessageSize=true&Content-Type=charset%3Dutf-8&X-atmo-protocol=true&_=1778205304848 HTTP/1.1" 200 -
27.38.142.113 - - [08/May/2026:09:48:20 +0800] "GET /InternetTrading/longpoll/53995?X-Atmosphere-tracking-id=0&X-Atmosphere-Framework=2.2.3-javascript&X-Atmosphere-Transport=long-polling&X-Atmosphere-TrackMessageSize=true&Content-Type=charset%3Dutf-8&X-atmo-protocol=true&_=1778205301804 HTTP/1.1" 200 -
117.26.250.159 - - [08/May/2026:09:48:20 +0800] "GET /InternetTrading/jquery/wait.gif HTTP/1.1" 200 432
117.26.250.159 - - [08/May/2026:09:48:20 +0800] "POST /InternetTrading/Verify2FAService HTTP/1.1" 200 414
117.26.250.159 - - [08/May/2026:09:48:21 +0800] "GET /InternetTrading/sc/main.html?language=sc&version=HTML HTTP/1.1" 200 3570
117.26.250.159 - - [08/May/2026:09:48:21 +0800] "GET /InternetTrading/jquery/ui.datepicker.css HTTP/1.1" 200 1145
117.26.250.159 - - [08/May/2026:09:48:21 +0800] "GET /InternetTrading/jquery/jquery.tablesorter-theme.blue.css HTTP/1.1" 200 2083
117.26.250.159 - - [08/May/2026:09:48:21 +0800] "GET /InternetTrading/jquery/jquery-ui-1.10.3.css HTTP/1.1" 200 5283
117.26.250.159 - - [08/May/2026:09:48:21 +0800] "GET /InternetTrading/jquery/dragtable-2.0.9.css HTTP/1.1" 200 316
117.26.250.159 - - [08/May/2026:09:48:21 +0800] "GET /InternetTrading/sc/style_common.css?v=20200819161913 HTTP/1.1" 200 2540
117.26.250.159 - - [08/May/2026:09:48:21 +0800] "GET /InternetTrading/sc/style.css?v=20200819161913 HTTP/1.1" 200 1435
117.26.250.159 - - [08/May/2026:09:48:21 +0800] "GET /InternetTrading/sc/css/jquery.jscrollpane.css HTTP/1.1" 404 690
117.26.250.159 - - [08/May/2026:09:48:21 +0800] "GET /InternetTrading/jquery/jquery.ba-postmessage.js HTTP/1.1" 200 2990
117.26.250.159 - - [08/May/2026:09:48:21 +0800] "GET /InternetTrading/js/aastock.js HTTP/1.1" 200 553
117.26.250.159 - - [08/May/2026:09:48:21 +0800] "GET /InternetTrading/jquery/jquery-1.6.3.min.js HTTP/1.1" 200 32057
117.26.250.159 - - [08/May/2026:09:48:21 +0800] "GET /InternetTrading/jquery/jquery-ui-1.10.3.js HTTP/1.1" 200 69642
117.26.250.159 - - [08/May/2026:09:48:21 +0800] "GET /InternetTrading/jquery/jquery-3.3.1.js HTTP/1.1" 200 80650
117.26.250.159 - - [08/May/2026:09:48:21 +0800] "GET /InternetTrading/js/cache.js?jsv=20200819161913 HTTP/1.1" 200 940
117.26.250.159 - - [08/May/2026:09:48:21 +0800] "GET /InternetTrading/jquery/jquery-migrate-3.0.0.js HTTP/1.1" 200 4963
117.26.250.159 - - [08/May/2026:09:48:21 +0800] "GET /InternetTrading/js/atmosphere.js HTTP/1.1" 200 13461
117.26.250.159 - - [08/May/2026:09:48:21 +0800] "GET /InternetTrading/jquery/jquery.blockUI-2.66.0.js HTTP/1.1" 200 6651
117.26.250.159 - - [08/May/2026:09:48:21 +0800] "GET /InternetTrading/jquery/jquery.form-3.46.0.js HTTP/1.1" 200 5673
117.26.250.159 - - [08/May/2026:09:48:21 +0800] "GET /InternetTrading/jquery/jquery.validate-1.11.1.js HTTP/1.1" 200 7041
117.26.250.159 - - [08/May/2026:09:48:21 +0800] "GET /InternetTrading/jquery/additional-methods.js HTTP/1.1" 200 2238
117.26.250.159 - - [08/May/2026:09:48:21 +0800] "GET /InternetTrading/jquery/jquery.mousewheel-3.1.4.js HTTP/1.1" 200 822
113.118.4.108 - - [08/May/2026:09:48:21 +0800] "POST /InternetTrading/SessionErrorLogger HTTP/1.1" 200 117
117.26.250.159 - - [08/May/2026:09:48:21 +0800] "GET /InternetTrading/jquery/jquery.combobox.packed.js HTTP/1.1" 200 3387
117.26.250.159 - - [08/May/2026:09:48:21 +0800] "GET /InternetTrading/jquery/jquery.tablesorter-2.14.5.js HTTP/1.1" 200 8901
117.26.250.159 - - [08/May/2026:09:48:21 +0800] "GET /InternetTrading/jquery/jquery.tablesorter.widgets-2.14.5.js HTTP/1.1" 200 8611
117.26.250.159 - - [08/May/2026:09:48:21 +0800] "GET /InternetTrading/jquery/jquery.timer-0.9.16.js HTTP/1.1" 200 542
113.118.4.108 - - [08/May/2026:09:48:21 +0800] "POST /InternetTrading/Heartbeat HTTP/1.1" 200 32
113.118.4.108 - - [08/May/2026:09:48:21 +0800] "POST /InternetTrading/SessionErrorLogger HTTP/1.1" 200 117
117.26.250.159 - - [08/May/2026:09:48:21 +0800] "GET /InternetTrading/jquery/date.js HTTP/1.1" 200 2807
117.26.250.159 - - [08/May/2026:09:48:21 +0800] "GET /InternetTrading/jquery/jquery.getParams.js HTTP/1.1" 200 587
117.26.250.159 - - [08/May/2026:09:48:21 +0800] "GET /InternetTrading/jquery/jquery.selectboxes.pack.js HTTP/1.1" 200 1640
117.26.250.159 - - [08/May/2026:09:48:21 +0800] "GET /InternetTrading/jquery/globalize-0.1.0a1.js HTTP/1.1" 200 6984
113.118.4.108 - - [08/May/2026:09:48:21 +0800] "POST /InternetTrading/MarketStatus HTTP/1.1" 200 772
117.26.250.159 - - [08/May/2026:09:48:21 +0800] "GET /InternetTrading/json/json2.js?jsv=20200819161913 HTTP/1.1" 200 1372
117.26.250.159 - - [08/May/2026:09:48:21 +0800] "GET /InternetTrading/sc/user/translation.js?jsv=20200819161913 HTTP/1.1" 200 12866
117.26.250.159 - - [08/May/2026:09:48:21 +0800] "GET /InternetTrading/settings/crm_display_settings.js?jsv=20200819161913 HTTP/1.1" 200 1781
117.26.250.159 - - [08/May/2026:09:48:21 +0800] "GET /InternetTrading/js/constants.js?jsv=20200819161913 HTTP/1.1" 200 400
117.26.250.159 - - [08/May/2026:09:48:21 +0800] "GET /InternetTrading/sc/user/custom_variables.js?jsv=20200819161913 HTTP/1.1" 200 275
117.26.250.159 - - [08/May/2026:09:48:21 +0800] "GET /InternetTrading/js/haitong.js?jsv=20200819161913 HTTP/1.1" 200 3881
117.26.250.159 - - [08/May/2026:09:48:21 +0800] "GET /InternetTrading/js/util.js?jsv=20200819161913 HTTP/1.1" 200 6636
117.26.250.159 - - [08/May/2026:09:48:21 +0800] "GET /InternetTrading/js/init.js?jsv=20200819161913 HTTP/1.1" 200 886
117.26.250.159 - - [08/May/2026:09:48:21 +0800] "GET /InternetTrading/js/rsautil.js?jsv=20200819161913 HTTP/1.1" 200 1017
117.26.250.159 - - [08/May/2026:09:48:21 +0800] "GET /InternetTrading/js/corporate.js?jsv=20200819161913 HTTP/1.1" 200 1575
117.26.250.159 - - [08/May/2026:09:48:21 +0800] "GET /InternetTrading/js/validation_hkex.js?jsv=20200819161913 HTTP/1.1" 200 2300
117.26.250.159 - - [08/May/2026:09:48:21 +0800] "GET /InternetTrading/js/update_mdf.js?jsv=20200819161913 HTTP/1.1" 200 856
117.26.250.159 - - [08/May/2026:09:48:21 +0800] "GET /InternetTrading/js/main.js?jsv=20200819161913 HTTP/1.1" 200 30725
117.26.250.159 - - [08/May/2026:09:48:21 +0800] "GET /InternetTrading/js/validation_bshare.js?jsv=20200819161913 HTTP/1.1" 200 1567
117.26.250.159 - - [08/May/2026:09:48:21 +0800] "GET /InternetTrading/js/validation_global.js?jsv=20200819161913 HTTP/1.1" 200 1564
117.26.250.159 - - [08/May/2026:09:48:21 +0800] "GET /InternetTrading/js/validation_ashare.js?jsv=20200819161913 HTTP/1.1" 200 2482
117.26.250.159 - - [08/May/2026:09:48:21 +0800] "GET /InternetTrading/js/ipo.js?jsv=20200819161913 HTTP/1.1" 200 5726
117.26.250.159 - - [08/May/2026:09:48:21 +0800] "GET /InternetTrading/js/account.js?jsv=20200819161913 HTTP/1.1" 200 2656
117.26.250.159 - - [08/May/2026:09:48:21 +0800] "GET /InternetTrading/js/spread_cache.js?jsv=20200819161913 HTTP/1.1" 200 908
117.26.250.159 - - [08/May/2026:09:48:21 +0800] "GET /InternetTrading/js/mm.js?jsv=20200819161913 HTTP/1.1" 200 487
117.26.250.159 - - [08/May/2026:09:48:21 +0800] "GET /InternetTrading/js/cash_transfer.js?jsv=20200819161913 HTTP/1.1" 200 2712
117.26.250.159 - - [08/May/2026:09:48:21 +0800] "GET /InternetTrading/js/isec_calculator.js?jsv=20200819161913 HTTP/1.1" 200 1364
117.26.250.159 - - [08/May/2026:09:48:21 +0800] "GET /InternetTrading/js/payment_instruction.js?jsv=20200819161913 HTTP/1.1" 200 2178
117.26.250.159 - - [08/May/2026:09:48:21 +0800] "GET /InternetTrading/js/eStatement.js?jsv=20200819161913 HTTP/1.1" 200 562
117.26.250.159 - - [08/May/2026:09:48:21 +0800] "GET /InternetTrading/js/payment_instruction_IMOS.js?jsv=20200819161913 HTTP/1.1" 200 6874
117.26.250.159 - - [08/May/2026:09:48:21 +0800] "GET /InternetTrading/ExchangeList?fmt=js&jsv=20200819161913 HTTP/1.1" 200 146
117.26.250.159 - - [08/May/2026:09:48:21 +0800] "GET /InternetTrading/js/string_extend.js?jsv=20200819161913 HTTP/1.1" 200 272
117.26.250.159 - - [08/May/2026:09:48:21 +0800] "GET /InternetTrading/js/pidcrypt.js?jsv=20200819161913 HTTP/1.1" 200 982
117.26.250.159 - - [08/May/2026:09:48:21 +0800] "GET /InternetTrading/js/pidcrypt_util.js?jsv=20200819161913 HTTP/1.1" 200 1206
117.26.250.159 - - [08/May/2026:09:48:21 +0800] "GET /InternetTrading/js/aes_core.js?jsv=20200819161913 HTTP/1.1" 200 2106
117.26.250.159 - - [08/May/2026:09:48:21 +0800] "GET /InternetTrading/js/asn1.js?jsv=20200819161913 HTTP/1.1" 200 3099
117.26.250.159 - - [08/May/2026:09:48:21 +0800] "GET /InternetTrading/js/aes_cbc.js?jsv=20200819161913 HTTP/1.1" 200 2043
117.26.250.159 - - [08/May/2026:09:48:21 +0800] "GET /InternetTrading/GoodTillDateValidExch?fmt=js&jsv=20200819161913 HTTP/1.1" 200 29
117.26.250.159 - - [08/May/2026:09:48:21 +0800] "GET /InternetTrading/js/md5.js?jsv=20200819161913 HTTP/1.1" 200 1730
117.26.250.159 - - [08/May/2026:09:48:21 +0800] "GET /InternetTrading/js/sha256.js?jsv=20200819161913 HTTP/1.1" 200 1362
117.26.250.159 - - [08/May/2026:09:48:21 +0800] "GET /InternetTrading/js/jsbn.js?jsv=20200819161913 HTTP/1.1" 200 6736
117.26.250.159 - - [08/May/2026:09:48:21 +0800] "GET /InternetTrading/js/prng4.js?jsv=20200819161913 HTTP/1.1" 200 303
117.26.250.159 - - [08/May/2026:09:48:21 +0800] "GET /InternetTrading/js/rng.js?jsv=20200819161913 HTTP/1.1" 200 481
117.26.250.159 - - [08/May/2026:09:48:21 +0800] "GET /InternetTrading/js/mode-ecb.js?jsv=20200819161913 HTTP/1.1" 200 199
117.26.250.159 - - [08/May/2026:09:48:21 +0800] "GET /InternetTrading/js/aes.js?jsv=20200819161913 HTTP/1.1" 200 4816
117.26.250.159 - - [08/May/2026:09:48:21 +0800] "GET /InternetTrading/js/rsa.js?jsv=20200819161913 HTTP/1.1" 200 1658
117.26.250.159 - - [08/May/2026:09:48:21 +0800] "GET /InternetTrading/js/utilSpec.js?jsv=20200819161913 HTTP/1.1" 200 27
117.26.250.159 - - [08/May/2026:09:48:21 +0800] "GET /InternetTrading/js/pw_alert.js?jsv=20200819161913 HTTP/1.1" 200 418
117.26.250.159 - - [08/May/2026:09:48:21 +0800] "GET /InternetTrading/js/jquery.jscrollpane.js HTTP/1.1" 404 685
117.26.250.159 - - [08/May/2026:09:48:21 +0800] "GET /InternetTrading/js/update_lastlogin.js?jsv=20200819161913 HTTP/1.1" 200 980
117.26.250.159 - - [08/May/2026:09:48:21 +0800] "GET /InternetTrading/js/jquery.mousewheel.js HTTP/1.1" 404 684
117.26.250.159 - - [08/May/2026:09:48:21 +0800] "GET /InternetTrading/js/decimal.js HTTP/1.1" 200 13492
117.26.250.159 - - [08/May/2026:09:48:21 +0800] "GET /InternetTrading/js/jquery.cookie.js HTTP/1.1" 200 834
117.26.250.159 - - [08/May/2026:09:48:21 +0800] "GET /InternetTrading/sc/images/logo.png HTTP/1.1" 200 7042
117.26.250.159 - - [08/May/2026:09:48:21 +0800] "GET /InternetTrading/sc/images/top_menu01.jpg HTTP/1.1" 200 3582
117.26.250.159 - - [08/May/2026:09:48:21 +0800] "GET /InternetTrading/sc/images/top_menu04.jpg HTTP/1.1" 200 3470
117.26.250.159 - - [08/May/2026:09:48:21 +0800] "GET /InternetTrading/sc/images/top_menu_logout.jpg HTTP/1.1" 200 2595
117.26.250.159 - - [08/May/2026:09:48:22 +0800] "GET /InternetTrading/images/top_bg1.jpg HTTP/1.1" 200 329
117.26.250.159 - - [08/May/2026:09:48:22 +0800] "GET /InternetTrading/images/top_bg3.jpg HTTP/1.1" 200 878
117.26.250.159 - - [08/May/2026:09:48:22 +0800] "GET /InternetTrading/images/top_bg2.jpg HTTP/1.1" 200 330
117.26.250.159 - - [08/May/2026:09:48:22 +0800] "GET /InternetTrading/sc/dialog.html?1778205305765 HTTP/1.1" 200 3179
117.26.250.159 - - [08/May/2026:09:48:22 +0800] "POST /InternetTrading/PopUpConfig HTTP/1.1" 200 2
117.26.250.159 - - [08/May/2026:09:48:22 +0800] "POST /InternetTrading/Heartbeat HTTP/1.1" 200 32
14.0.230.253 - - [08/May/2026:09:48:22 +0800] "GET /InternetTrading/longpoll/A8127?X-Atmosphere-tracking-id=0&X-Atmosphere-Framework=2.2.3-javascript&X-Atmosphere-Transport=long-polling&X-Atmosphere-TrackMessageSize=true&Content-Type=charset%3Dutf-8&X-atmo-protocol=true&_=1778205305518 HTTP/1.1" 200 -
117.26.250.159 - - [08/May/2026:09:48:22 +0800] "POST /InternetTrading/CustomerInfoLite HTTP/1.1" 200 118
117.26.250.159 - - [08/May/2026:09:48:22 +0800] "GET /InternetTrading/jquery/wait.gif HTTP/1.1" 200 432
117.26.250.159 - - [08/May/2026:09:48:22 +0800] "GET /InternetTrading/sc/trade.html HTTP/1.1" 200 2115
117.26.250.159 - - [08/May/2026:09:48:22 +0800] "POST /InternetTrading/SpreadPriceCache HTTP/1.1" 200 1947
117.26.250.159 - - [08/May/2026:09:48:22 +0800] "GET /InternetTrading/sc/images/top_menu01_o.jpg HTTP/1.1" 200 3474
117.26.250.159 - - [08/May/2026:09:48:22 +0800] "POST /InternetTrading/SessionErrorLogger HTTP/1.1" 200 117
117.26.250.159 - - [08/May/2026:09:48:22 +0800] "POST /InternetTrading/GetLastLoginDate HTTP/1.1" 200 31
117.26.250.159 - - [08/May/2026:09:48:22 +0800] "POST /InternetTrading/SessionErrorLogger HTTP/1.1" 200 117
117.26.250.159 - - [08/May/2026:09:48:22 +0800] "POST /InternetTrading/SessionErrorLogger HTTP/1.1" 200 117
117.26.250.159 - - [08/May/2026:09:48:22 +0800] "GET /InternetTrading/sc/getpopupMsgName.jsp HTTP/1.1" 200 -
117.26.250.159 - - [08/May/2026:09:48:22 +0800] "GET /InternetTrading/sc/applet_dummy.html HTTP/1.1" 200 330
117.26.250.159 - - [08/May/2026:09:48:22 +0800] "POST /InternetTrading/SessionErrorLogger HTTP/1.1" 200 117
117.26.250.159 - - [08/May/2026:09:48:22 +0800] "GET /InternetTrading/sc/buy_ticket.html? HTTP/1.1" 200 1996
117.26.250.159 - - [08/May/2026:09:48:22 +0800] "POST /InternetTrading/MarketStatus HTTP/1.1" 200 772
117.26.250.159 - - [08/May/2026:09:48:22 +0800] "POST /InternetTrading/SessionErrorLogger HTTP/1.1" 200 117
117.26.250.159 - - [08/May/2026:09:48:22 +0800] "GET /InternetTrading/sc/images/trade_point01.jpg HTTP/1.1" 200 358
117.26.250.159 - - [08/May/2026:09:48:22 +0800] "GET /InternetTrading/Home/PostToAA.jsp?hl=sc HTTP/1.1" 200 287
117.26.250.159 - - [08/May/2026:09:48:22 +0800] "GET /InternetTrading/sc/multi_currency_balance.html HTTP/1.1" 200 295
117.26.250.159 - - [08/May/2026:09:48:22 +0800] "GET /InternetTrading/jquery/images/ui-icons_222222_256x240.png HTTP/1.1" 200 6922
117.26.250.159 - - [08/May/2026:09:48:22 +0800] "GET /InternetTrading/sc/images/refresh.gif HTTP/1.1" 200 1145
117.26.250.159 - - [08/May/2026:09:48:22 +0800] "GET /InternetTrading/jquery/images/ui-bg_flat_75_ffffff_40x100.png HTTP/1.1" 200 208
117.26.250.159 - - [08/May/2026:09:48:22 +0800] "POST /InternetTrading/SessionErrorLogger HTTP/1.1" 200 117
117.26.250.159 - - [08/May/2026:09:48:22 +0800] "POST /InternetTrading/SessionErrorLogger HTTP/1.1" 200 117
117.26.250.159 - - [08/May/2026:09:48:22 +0800] "POST /InternetTrading/MarketStatus HTTP/1.1" 200 772
117.26.250.159 - - [08/May/2026:09:48:22 +0800] "POST /InternetTrading/MarketStatus HTTP/1.1" 200 772
117.26.250.159 - - [08/May/2026:09:48:24 +0800] "POST /InternetTrading/SessionErrorLogger HTTP/1.1" 200 117
117.26.250.159 - - [08/May/2026:09:48:24 +0800] "POST /InternetTrading/SessionErrorLogger HTTP/1.1" 200 117
117.26.250.159 - - [08/May/2026:09:48:24 +0800] "POST /InternetTrading/CustomerInfo HTTP/1.1" 200 207
117.26.250.159 - - [08/May/2026:09:48:24 +0800] "GET /InternetTrading/sc/account_status.html HTTP/1.1" 200 426
117.26.250.159 - - [08/May/2026:09:48:24 +0800] "POST /InternetTrading/SessionErrorLogger HTTP/1.1" 200 117
117.26.250.159 - - [08/May/2026:09:48:24 +0800] "POST /InternetTrading/SessionErrorLogger HTTP/1.1" 200 117
117.26.250.159 - - [08/May/2026:09:48:24 +0800] "POST /InternetTrading/MarketStatus HTTP/1.1" 200 772
117.26.250.159 - - [08/May/2026:09:48:24 +0800] "POST /InternetTrading/SessionErrorLogger HTTP/1.1" 200 117
117.26.250.159 - - [08/May/2026:09:48:24 +0800] "POST /InternetTrading/LongPollingConfig HTTP/1.1" 200 4
117.26.250.159 - - [08/May/2026:09:48:24 +0800] "POST /InternetTrading/SessionErrorLogger HTTP/1.1" 200 117
117.26.250.159 - - [08/May/2026:09:48:25 +0800] "GET /InternetTrading/longpoll/51401?X-Atmosphere-tracking-id=0&X-Atmosphere-Framework=2.2.3-javascript&X-Atmosphere-Transport=long-polling&X-Atmosphere-TrackMessageSize=true&Content-Type=charset%3Dutf-8&X-atmo-protocol=true&_=1778205308766 HTTP/1.1" 200 -
117.26.250.159 - - [08/May/2026:09:48:25 +0800] "POST /InternetTrading/Portfolio HTTP/1.1" 200 1445
113.118.4.108 - - [08/May/2026:09:48:25 +0800] "GET /InternetTrading/longpoll/51803?X-Atmosphere-tracking-id=0&X-Atmosphere-Framework=2.2.3-javascript&X-Atmosphere-Transport=long-polling&X-Atmosphere-TrackMessageSize=true&Content-Type=charset%3Dutf-8&X-atmo-protocol=true&_=1778205309229 HTTP/1.1" 200 -
110.81.59.75 - - [08/May/2026:09:48:25 +0800] "GET /InternetTrading/longpoll/M8773?X-Atmosphere-tracking-id=0&X-Atmosphere-Framework=2.2.3-javascript&X-Atmosphere-Transport=long-polling&X-Atmosphere-TrackMessageSize=true&Content-Type=charset%3Dutf-8&X-atmo-protocol=true&_=1778205310848 HTTP/1.1" 200 -
27.38.142.113 - - [08/May/2026:09:48:26 +0800] "GET /InternetTrading/longpoll/53995?X-Atmosphere-tracking-id=0&X-Atmosphere-Framework=2.2.3-javascript&X-Atmosphere-Transport=long-polling&X-Atmosphere-TrackMessageSize=true&Content-Type=charset%3Dutf-8&X-atmo-protocol=true&_=1778205307804 HTTP/1.1" 200 -
45.144.227.8 - - [08/May/2026:09:48:27 +0800] "GET /InternetTrading/longpoll/55511?X-Atmosphere-tracking-id=0&X-Atmosphere-Framework=2.2.3-javascript&X-Atmosphere-Transport=long-polling&X-Atmosphere-TrackMessageSize=true&Content-Type=charset%3Dutf-8&X-atmo-protocol=true&_=1778205310740 HTTP/1.1" 200 -
14.0.230.253 - - [08/May/2026:09:48:27 +0800] "GET /InternetTrading/longpoll/A8127?X-Atmosphere-tracking-id=0&X-Atmosphere-Framework=2.2.3-javascript&X-Atmosphere-Transport=long-polling&X-Atmosphere-TrackMessageSize=true&Content-Type=charset%3Dutf-8&X-atmo-protocol=true&_=1778205310809 HTTP/1.1" 200 -
117.26.250.159 - - [08/May/2026:09:48:30 +0800] "GET /InternetTrading/longpoll/51401?X-Atmosphere-tracking-id=0&X-Atmosphere-Framework=2.2.3-javascript&X-Atmosphere-Transport=long-polling&X-Atmosphere-TrackMessageSize=true&Content-Type=charset%3Dutf-8&X-atmo-protocol=true&_=1778205313831 HTTP/1.1" 200 -
113.118.4.108 - - [08/May/2026:09:48:31 +0800] "GET /InternetTrading/longpoll/51803?X-Atmosphere-tracking-id=0&X-Atmosphere-Framework=2.2.3-javascript&X-Atmosphere-Transport=long-polling&X-Atmosphere-TrackMessageSize=true&Content-Type=charset%3Dutf-8&X-atmo-protocol=true&_=1778205315230 HTTP/1.1" 200 -
110.81.59.75 - - [08/May/2026:09:48:31 +0800] "GET /InternetTrading/longpoll/M8773?X-Atmosphere-tracking-id=0&X-Atmosphere-Framework=2.2.3-javascript&X-Atmosphere-Transport=long-polling&X-Atmosphere-TrackMessageSize=true&Content-Type=charset%3Dutf-8&X-atmo-protocol=true&_=1778205316848 HTTP/1.1" 200 -
27.38.142.113 - - [08/May/2026:09:48:32 +0800] "GET /InternetTrading/longpoll/53995?X-Atmosphere-tracking-id=0&X-Atmosphere-Framework=2.2.3-javascript&X-Atmosphere-Transport=long-polling&X-Atmosphere-TrackMessageSize=true&Content-Type=charset%3Dutf-8&X-atmo-protocol=true&_=1778205313792 HTTP/1.1" 200 -
14.0.230.253 - - [08/May/2026:09:48:32 +0800] "GET /InternetTrading/longpoll/A8127?X-Atmosphere-tracking-id=0&X-Atmosphere-Framework=2.2.3-javascript&X-Atmosphere-Transport=long-polling&X-Atmosphere-TrackMessageSize=true&Content-Type=charset%3Dutf-8&X-atmo-protocol=true&_=1778205316083 HTTP/1.1" 200 -
172.94.9.253 - - [08/May/2026:09:48:34 +0800] "GET /.git/config HTTP/1.1" 404 196
117.26.250.159 - - [08/May/2026:09:48:35 +0800] "GET /InternetTrading/longpoll/51401?X-Atmosphere-tracking-id=0&X-Atmosphere-Framework=2.2.3-javascript&X-Atmosphere-Transport=long-polling&X-Atmosphere-TrackMessageSize=true&Content-Type=charset%3Dutf-8&X-atmo-protocol=true&_=1778205318891 HTTP/1.1" 200 -
113.118.4.108 - - [08/May/2026:09:48:37 +0800] "GET /InternetTrading/longpoll/51803?X-Atmosphere-tracking-id=0&X-Atmosphere-Framework=2.2.3-javascript&X-Atmosphere-Transport=long-polling&X-Atmosphere-TrackMessageSize=true&Content-Type=charset%3Dutf-8&X-atmo-protocol=true&_=1778205321226 HTTP/1.1" 200 -
117.26.250.159 - - [08/May/2026:09:48:37 +0800] "GET /InternetTrading/jquery/images/ui-icons_888888_256x240.png HTTP/1.1" 200 6999
110.81.59.75 - - [08/May/2026:09:48:37 +0800] "GET /InternetTrading/longpoll/M8773?X-Atmosphere-tracking-id=0&X-Atmosphere-Framework=2.2.3-javascript&X-Atmosphere-Transport=long-polling&X-Atmosphere-TrackMessageSize=true&Content-Type=charset%3Dutf-8&X-atmo-protocol=true&_=1778205322848 HTTP/1.1" 200 -
14.0.230.253 - - [08/May/2026:09:48:37 +0800] "GET /InternetTrading/longpoll/A8127?X-Atmosphere-tracking-id=0&X-Atmosphere-Framework=2.2.3-javascript&X-Atmosphere-Transport=long-polling&X-Atmosphere-TrackMessageSize=true&Content-Type=charset%3Dutf-8&X-atmo-protocol=true&_=1778205321286 HTTP/1.1" 200 -
45.144.227.8 - - [08/May/2026:09:48:38 +0800] "GET /InternetTrading/longpoll/55511?X-Atmosphere-tracking-id=0&X-Atmosphere-Framework=2.2.3-javascript&X-Atmosphere-Transport=long-polling&X-Atmosphere-TrackMessageSize=true&Content-Type=charset%3Dutf-8&X-atmo-protocol=true&_=1778205321745 HTTP/1.1" 200 -
27.38.142.113 - - [08/May/2026:09:48:38 +0800] "GET /InternetTrading/longpoll/53995?X-Atmosphere-tracking-id=0&X-Atmosphere-Framework=2.2.3-javascript&X-Atmosphere-Transport=long-polling&X-Atmosphere-TrackMessageSize=true&Content-Type=charset%3Dutf-8&X-atmo-protocol=true&_=1778205319806 HTTP/1.1" 200 -
117.26.250.159 - - [08/May/2026:09:48:40 +0800] "POST /InternetTrading/SessionErrorLogger HTTP/1.1" 200 117
117.26.250.159 - - [08/May/2026:09:48:40 +0800] "POST /InternetTrading/Product HTTP/1.1" 200 309
117.26.250.159 - - [08/May/2026:09:48:40 +0800] "POST /InternetTrading/SessionErrorLogger HTTP/1.1" 200 117
117.26.250.159 - - [08/May/2026:09:48:40 +0800] "POST /InternetTrading/Product HTTP/1.1" 200 309
117.26.250.159 - - [08/May/2026:09:48:40 +0800] "GET /InternetTrading/longpoll/51401?X-Atmosphere-tracking-id=0&X-Atmosphere-Framework=2.2.3-javascript&X-Atmosphere-Transport=long-polling&X-Atmosphere-TrackMessageSize=true&Content-Type=charset%3Dutf-8&X-atmo-protocol=true&_=1778205323994 HTTP/1.1" 200 -
117.26.250.159 - - [08/May/2026:09:48:40 +0800] "POST /InternetTrading/SessionErrorLogger HTTP/1.1" 200 117
117.26.250.159 - - [08/May/2026:09:48:40 +0800] "POST /InternetTrading/SessionErrorLogger HTTP/1.1" 200 117
117.26.250.159 - - [08/May/2026:09:48:40 +0800] "POST /InternetTrading/Product HTTP/1.1" 200 309
117.26.250.159 - - [08/May/2026:09:48:40 +0800] "POST /InternetTrading/Product HTTP/1.1" 200 309
14.0.230.253 - - [08/May/2026:09:48:41 +0800] "POST /InternetTrading/SessionErrorLogger HTTP/1.1" 200 117
14.0.230.253 - - [08/May/2026:09:48:41 +0800] "POST /InternetTrading/Heartbeat HTTP/1.1" 200 32
117.26.250.159 - - [08/May/2026:09:48:42 +0800] "POST /InternetTrading/SessionErrorLogger HTTP/1.1" 200 117
117.26.250.159 - - [08/May/2026:09:48:42 +0800] "GET /InternetTrading/jquery/images/ui-icons_454545_256x240.png HTTP/1.1" 200 6992
117.26.250.159 - - [08/May/2026:09:48:42 +0800] "POST /InternetTrading/Product HTTP/1.1" 200 309
14.0.230.253 - - [08/May/2026:09:48:43 +0800] "GET /InternetTrading/longpoll/A8127?X-Atmosphere-tracking-id=0&X-Atmosphere-Framework=2.2.3-javascript&X-Atmosphere-Transport=long-polling&X-Atmosphere-TrackMessageSize=true&Content-Type=charset%3Dutf-8&X-atmo-protocol=true&_=1778205326554 HTTP/1.1" 200 -
113.118.4.108 - - [08/May/2026:09:48:43 +0800] "GET /InternetTrading/longpoll/51803?X-Atmosphere-tracking-id=0&X-Atmosphere-Framework=2.2.3-javascript&X-Atmosphere-Transport=long-polling&X-Atmosphere-TrackMessageSize=true&Content-Type=charset%3Dutf-8&X-atmo-protocol=true&_=1778205327228 HTTP/1.1" 200 -
110.81.59.75 - - [08/May/2026:09:48:43 +0800] "GET /InternetTrading/longpoll/M8773?X-Atmosphere-tracking-id=0&X-Atmosphere-Framework=2.2.3-javascript&X-Atmosphere-Transport=long-polling&X-Atmosphere-TrackMessageSize=true&Content-Type=charset%3Dutf-8&X-atmo-protocol=true&_=1778205328848 HTTP/1.1" 200 -
14.0.230.253 - - [08/May/2026:09:48:43 +0800] "POST /InternetTrading/SessionErrorLogger HTTP/1.1" 200 117
14.0.230.253 - - [08/May/2026:09:48:44 +0800] "POST /InternetTrading/MarketStatus HTTP/1.1" 200 772
27.38.142.113 - - [08/May/2026:09:48:44 +0800] "GET /InternetTrading/longpoll/53995?X-Atmosphere-tracking-id=0&X-Atmosphere-Framework=2.2.3-javascript&X-Atmosphere-Transport=long-polling&X-Atmosphere-TrackMessageSize=true&Content-Type=charset%3Dutf-8&X-atmo-protocol=true&_=1778205325807 HTTP/1.1" 200 -
27.38.142.113 - - [08/May/2026:09:48:45 +0800] "POST /InternetTrading/SessionErrorLogger HTTP/1.1" 200 117
27.38.142.113 - - [08/May/2026:09:48:45 +0800] "POST /InternetTrading/Heartbeat HTTP/1.1" 200 32
27.38.142.113 - - [08/May/2026:09:48:45 +0800] "POST /InternetTrading/SessionErrorLogger HTTP/1.1" 200 117
27.38.142.113 - - [08/May/2026:09:48:45 +0800] "POST /InternetTrading/MarketStatus HTTP/1.1" 200 772
117.26.250.159 - - [08/May/2026:09:48:45 +0800] "GET /InternetTrading/longpoll/51401?X-Atmosphere-tracking-id=0&X-Atmosphere-Framework=2.2.3-javascript&X-Atmosphere-Transport=long-polling&X-Atmosphere-TrackMessageSize=true&Content-Type=charset%3Dutf-8&X-atmo-protocol=true&_=1778205329025 HTTP/1.1" 200 -
14.0.230.253 - - [08/May/2026:09:48:48 +0800] "GET /InternetTrading/longpoll/A8127?X-Atmosphere-tracking-id=0&X-Atmosphere-Framework=2.2.3-javascript&X-Atmosphere-Transport=long-polling&X-Atmosphere-TrackMessageSize=true&Content-Type=charset%3Dutf-8&X-atmo-protocol=true&_=1778205331627 HTTP/1.1" 200 -
45.144.227.8 - - [08/May/2026:09:48:48 +0800] "GET /InternetTrading/longpoll/55511?X-Atmosphere-tracking-id=0&X-Atmosphere-Framework=2.2.3-javascript&X-Atmosphere-Transport=long-polling&X-Atmosphere-TrackMessageSize=true&Content-Type=charset%3Dutf-8&X-atmo-protocol=true&_=1778205332118 HTTP/1.1" 200 -
45.144.227.8 - - [08/May/2026:09:48:48 +0800] "POST /InternetTrading/SessionErrorLogger HTTP/1.1" 200 117
45.144.227.8 - - [08/May/2026:09:48:48 +0800] "POST /InternetTrading/SessionErrorLogger HTTP/1.1" 200 117
45.144.227.8 - - [08/May/2026:09:48:48 +0800] "POST /InternetTrading/Heartbeat HTTP/1.1" 200 32
45.144.227.8 - - [08/May/2026:09:48:48 +0800] "POST /InternetTrading/MarketStatus HTTP/1.1" 200 772
113.118.4.108 - - [08/May/2026:09:48:49 +0800] "GET /InternetTrading/longpoll/51803?X-Atmosphere-tracking-id=0&X-Atmosphere-Framework=2.2.3-javascript&X-Atmosphere-Transport=long-polling&X-Atmosphere-TrackMessageSize=true&Content-Type=charset%3Dutf-8&X-atmo-protocol=true&_=1778205333230 HTTP/1.1" 200 -
110.81.59.75 - - [08/May/2026:09:48:49 +0800] "GET /InternetTrading/longpoll/M8773?X-Atmosphere-tracking-id=0&X-Atmosphere-Framework=2.2.3-javascript&X-Atmosphere-Transport=long-polling&X-Atmosphere-TrackMessageSize=true&Content-Type=charset%3Dutf-8&X-atmo-protocol=true&_=1778205334848 HTTP/1.1" 200 -
117.26.250.159 - - [08/May/2026:09:48:51 +0800] "GET /InternetTrading/longpoll/51401?X-Atmosphere-tracking-id=0&X-Atmosphere-Framework=2.2.3-javascript&X-Atmosphere-Transport=long-polling&X-Atmosphere-TrackMessageSize=true&Content-Type=charset%3Dutf-8&X-atmo-protocol=true&_=1778205334668 HTTP/1.1" 200 -
117.26.250.159 - - [08/May/2026:09:48:53 +0800] "POST /InternetTrading/SessionErrorLogger HTTP/1.1" 200 117
117.26.250.159 - - [08/May/2026:09:48:53 +0800] "POST /InternetTrading/Heartbeat HTTP/1.1" 200 32
117.26.250.159 - - [08/May/2026:09:48:53 +0800] "POST /InternetTrading/SessionErrorLogger HTTP/1.1" 200 117
117.26.250.159 - - [08/May/2026:09:48:53 +0800] "POST /InternetTrading/MarketStatus HTTP/1.1" 200 772
14.0.230.253 - - [08/May/2026:09:48:53 +0800] "GET /InternetTrading/longpoll/A8127?X-Atmosphere-tracking-id=0&X-Atmosphere-Framework=2.2.3-javascript&X-Atmosphere-Transport=long-polling&X-Atmosphere-TrackMessageSize=true&Content-Type=charset%3Dutf-8&X-atmo-protocol=true&_=1778205336742 HTTP/1.1" 200 -
110.81.59.75 - - [08/May/2026:09:48:53 +0800] "POST /InternetTrading/SessionErrorLogger HTTP/1.1" 200 117
110.81.59.75 - - [08/May/2026:09:48:53 +0800] "POST /InternetTrading/Heartbeat HTTP/1.1" 200 32
110.81.59.75 - - [08/May/2026:09:48:53 +0800] "POST /InternetTrading/SessionErrorLogger HTTP/1.1" 200 117
110.81.59.75 - - [08/May/2026:09:48:53 +0800] "POST /InternetTrading/MarketStatus HTTP/1.1" 200 772
113.118.4.108 - - [08/May/2026:09:48:55 +0800] "GET /InternetTrading/longpoll/51803?X-Atmosphere-tracking-id=0&X-Atmosphere-Framework=2.2.3-javascript&X-Atmosphere-Transport=long-polling&X-Atmosphere-TrackMessageSize=true&Content-Type=charset%3Dutf-8&X-atmo-protocol=true&_=1778205339225 HTTP/1.1" 200 -
110.81.59.75 - - [08/May/2026:09:48:55 +0800] "GET /InternetTrading/longpoll/M8773?X-Atmosphere-tracking-id=0&X-Atmosphere-Framework=2.2.3-javascript&X-Atmosphere-Transport=long-polling&X-Atmosphere-TrackMessageSize=true&Content-Type=charset%3Dutf-8&X-atmo-protocol=true&_=1778205340847 HTTP/1.1" 200 -
117.26.250.159 - - [08/May/2026:09:48:57 +0800] "GET /InternetTrading/longpoll/51401?X-Atmosphere-tracking-id=0&X-Atmosphere-Framework=2.2.3-javascript&X-Atmosphere-Transport=long-polling&X-Atmosphere-TrackMessageSize=true&Content-Type=charset%3Dutf-8&X-atmo-protocol=true&_=1778205340673 HTTP/1.1" 200 -
14.0.230.253 - - [08/May/2026:09:48:58 +0800] "GET /InternetTrading/longpoll/A8127?X-Atmosphere-tracking-id=0&X-Atmosphere-Framework=2.2.3-javascript&X-Atmosphere-Transport=long-polling&X-Atmosphere-TrackMessageSize=true&Content-Type=charset%3Dutf-8&X-atmo-protocol=true&_=1778205341996 HTTP/1.1" 200 -
45.144.227.8 - - [08/May/2026:09:48:59 +0800] "GET /InternetTrading/longpoll/55511?X-Atmosphere-tracking-id=0&X-Atmosphere-Framework=2.2.3-javascript&X-Atmosphere-Transport=long-polling&X-Atmosphere-TrackMessageSize=true&Content-Type=charset%3Dutf-8&X-atmo-protocol=true&_=1778205342533 HTTP/1.1" 200 -
113.118.4.108 - - [08/May/2026:09:49:01 +0800] "GET /InternetTrading/longpoll/51803?X-Atmosphere-tracking-id=0&X-Atmosphere-Framework=2.2.3-javascript&X-Atmosphere-Transport=long-polling&X-Atmosphere-TrackMessageSize=true&Content-Type=charset%3Dutf-8&X-atmo-protocol=true&_=1778205345234 HTTP/1.1" 200 -
110.81.59.75 - - [08/May/2026:09:49:01 +0800] "GET /InternetTrading/longpoll/M8773?X-Atmosphere-tracking-id=0&X-Atmosphere-Framework=2.2.3-javascript&X-Atmosphere-Transport=long-polling&X-Atmosphere-TrackMessageSize=true&Content-Type=charset%3Dutf-8&X-atmo-protocol=true&_=1778205346847 HTTP/1.1" 200 -
27.38.142.113 - - [08/May/2026:09:49:01 +0800] "GET /InternetTrading/longpoll/53995?X-Atmosphere-tracking-id=0&X-Atmosphere-Framework=2.2.3-javascript&X-Atmosphere-Transport=long-polling&X-Atmosphere-TrackMessageSize=true&Content-Type=charset%3Dutf-8&X-atmo-protocol=true&_=1778205331811 HTTP/1.1" 200 -
117.26.250.159 - - [08/May/2026:09:49:03 +0800] "GET /InternetTrading/longpoll/51401?X-Atmosphere-tracking-id=0&X-Atmosphere-Framework=2.2.3-javascript&X-Atmosphere-Transport=long-polling&X-Atmosphere-TrackMessageSize=true&Content-Type=charset%3Dutf-8&X-atmo-protocol=true&_=1778205346675 HTTP/1.1" 200 -
14.0.230.253 - - [08/May/2026:09:49:03 +0800] "GET /InternetTrading/longpoll/A8127?X-Atmosphere-tracking-id=0&X-Atmosphere-Framework=2.2.3-javascript&X-Atmosphere-Transport=long-polling&X-Atmosphere-TrackMessageSize=true&Content-Type=charset%3Dutf-8&X-atmo-protocol=true&_=1778205347194 HTTP/1.1" 200 -
113.118.4.108 - - [08/May/2026:09:49:07 +0800] "GET /InternetTrading/longpoll/51803?X-Atmosphere-tracking-id=0&X-Atmosphere-Framework=2.2.3-javascript&X-Atmosphere-Transport=long-polling&X-Atmosphere-TrackMessageSize=true&Content-Type=charset%3Dutf-8&X-atmo-protocol=true&_=1778205351231 HTTP/1.1" 200 -
110.81.59.75 - - [08/May/2026:09:49:07 +0800] "GET /InternetTrading/longpoll/M8773?X-Atmosphere-tracking-id=0&X-Atmosphere-Framework=2.2.3-javascript&X-Atmosphere-Transport=long-polling&X-Atmosphere-TrackMessageSize=true&Content-Type=charset%3Dutf-8&X-atmo-protocol=true&_=1778205352849 HTTP/1.1" 200 -
117.26.250.159 - - [08/May/2026:09:49:08 +0800] "GET /InternetTrading/longpoll/51401?X-Atmosphere-tracking-id=0&X-Atmosphere-Framework=2.2.3-javascript&X-Atmosphere-Transport=long-polling&X-Atmosphere-TrackMessageSize=true&Content-Type=charset%3Dutf-8&X-atmo-protocol=true&_=1778205351739 HTTP/1.1" 200 -
14.0.230.253 - - [08/May/2026:09:49:09 +0800] "GET /InternetTrading/longpoll/A8127?X-Atmosphere-tracking-id=0&X-Atmosphere-Framework=2.2.3-javascript&X-Atmosphere-Transport=long-polling&X-Atmosphere-TrackMessageSize=true&Content-Type=charset%3Dutf-8&X-atmo-protocol=true&_=1778205352481 HTTP/1.1" 200 -
45.144.227.8 - - [08/May/2026:09:49:09 +0800] "GET /InternetTrading/longpoll/55511?X-Atmosphere-tracking-id=0&X-Atmosphere-Framework=2.2.3-javascript&X-Atmosphere-Transport=long-polling&X-Atmosphere-TrackMessageSize=true&Content-Type=charset%3Dutf-8&X-atmo-protocol=true&_=1778205352800 HTTP/1.1" 200 -
27.38.142.113 - - [08/May/2026:09:49:09 +0800] "GET /InternetTrading/longpoll/53995?X-Atmosphere-tracking-id=0&X-Atmosphere-Framework=2.2.3-javascript&X-Atmosphere-Transport=long-polling&X-Atmosphere-TrackMessageSize=true&Content-Type=charset%3Dutf-8&X-atmo-protocol=true&_=1778205350803 HTTP/1.1" 200 -
14.0.230.253 - - [08/May/2026:09:49:11 +0800] "POST /InternetTrading/SessionErrorLogger HTTP/1.1" 200 117
14.0.230.253 - - [08/May/2026:09:49:12 +0800] "POST /InternetTrading/Heartbeat HTTP/1.1" 200 32
117.26.250.159 - - [08/May/2026:09:49:12 +0800] "POST /InternetTrading/SessionErrorLogger HTTP/1.1" 200 117
117.26.250.159 - - [08/May/2026:09:49:13 +0800] "POST /InternetTrading/OrderMaxQuantity HTTP/1.1" 200 9
117.26.250.159 - - [08/May/2026:09:49:13 +0800] "POST /InternetTrading/SessionErrorLogger HTTP/1.1" 200 117
117.26.250.159 - - [08/May/2026:09:49:13 +0800] "POST /InternetTrading/LoginKey HTTP/1.1" 200 -
117.26.250.159 - - [08/May/2026:09:49:13 +0800] "POST /InternetTrading/PreOrder HTTP/1.1" 200 1232
117.26.250.159 - - [08/May/2026:09:49:13 +0800] "GET /InternetTrading/longpoll/51401?X-Atmosphere-tracking-id=0&X-Atmosphere-Framework=2.2.3-javascript&X-Atmosphere-Transport=long-polling&X-Atmosphere-TrackMessageSize=true&Content-Type=charset%3Dutf-8&X-atmo-protocol=true&_=1778205356865 HTTP/1.1" 200 -
117.26.250.159 - - [08/May/2026:09:49:13 +0800] "GET /InternetTrading/jquery/wait.gif HTTP/1.1" 200 432
113.118.4.108 - - [08/May/2026:09:49:13 +0800] "GET /InternetTrading/longpoll/51803?X-Atmosphere-tracking-id=0&X-Atmosphere-Framework=2.2.3-javascript&X-Atmosphere-Transport=long-polling&X-Atmosphere-TrackMessageSize=true&Content-Type=charset%3Dutf-8&X-atmo-protocol=true&_=1778205357230 HTTP/1.1" 200 -
110.81.59.75 - - [08/May/2026:09:49:13 +0800] "GET /InternetTrading/longpoll/M8773?X-Atmosphere-tracking-id=0&X-Atmosphere-Framework=2.2.3-javascript&X-Atmosphere-Transport=long-polling&X-Atmosphere-TrackMessageSize=true&Content-Type=charset%3Dutf-8&X-atmo-protocol=true&_=1778205358849 HTTP/1.1" 200 -
14.0.230.253 - - [08/May/2026:09:49:14 +0800] "POST /InternetTrading/SessionErrorLogger HTTP/1.1" 200 117
14.0.230.253 - - [08/May/2026:09:49:14 +0800] "POST /InternetTrading/MarketStatus HTTP/1.1" 200 772
14.0.230.253 - - [08/May/2026:09:49:14 +0800] "GET /InternetTrading/longpoll/A8127?X-Atmosphere-tracking-id=0&X-Atmosphere-Framework=2.2.3-javascript&X-Atmosphere-Transport=long-polling&X-Atmosphere-TrackMessageSize=true&Content-Type=charset%3Dutf-8&X-atmo-protocol=true&_=1778205357764 HTTP/1.1" 200 -
117.26.250.159 - - [08/May/2026:09:49:14 +0800] "POST /InternetTrading/SessionErrorLogger HTTP/1.1" 200 117
117.26.250.159 - - [08/May/2026:09:49:14 +0800] "GET /InternetTrading/Csrf?url=/Order HTTP/1.1" 200 125
117.26.250.159 - - [08/May/2026:09:49:14 +0800] "POST /InternetTrading/SessionErrorLogger HTTP/1.1" 200 117
117.26.250.159 - - [08/May/2026:09:49:15 +0800] "POST /InternetTrading/LoginKey HTTP/1.1" 200 -
117.26.250.159 - - [08/May/2026:09:49:15 +0800] "POST /InternetTrading/SessionErrorLogger HTTP/1.1" 200 117
117.26.250.159 - - [08/May/2026:09:49:15 +0800] "POST /InternetTrading/Order?csrf_nonce=AA2B4BC8FA8A0EDDB0105451F0B01E52 HTTP/1.1" 200 1019
117.26.250.159 - - [08/May/2026:09:49:15 +0800] "POST /InternetTrading/SessionErrorLogger HTTP/1.1" 200 117
117.26.250.159 - - [08/May/2026:09:49:15 +0800] "GET /InternetTrading/sc/buy_ticket.html? HTTP/1.1" 200 1996
117.26.250.159 - - [08/May/2026:09:49:15 +0800] "POST /InternetTrading/SessionErrorLogger HTTP/1.1" 200 117
117.26.250.159 - - [08/May/2026:09:49:15 +0800] "POST /InternetTrading/SessionErrorLogger HTTP/1.1" 200 117
117.26.250.159 - - [08/May/2026:09:49:15 +0800] "POST /InternetTrading/MarketStatus HTTP/1.1" 200 772
117.26.250.159 - - [08/May/2026:09:49:15 +0800] "POST /InternetTrading/MarketStatus HTTP/1.1" 200 772
45.144.227.8 - - [08/May/2026:09:49:15 +0800] "GET /InternetTrading/longpoll/55511?X-Atmosphere-tracking-id=0&X-Atmosphere-Framework=2.2.3-javascript&X-Atmosphere-Transport=long-polling&X-Atmosphere-TrackMessageSize=true&Content-Type=charset%3Dutf-8&X-atmo-protocol=true&_=1778205358868 HTTP/1.1" 200 -
27.38.142.113 - - [08/May/2026:09:49:15 +0800] "GET /InternetTrading/longpoll/53995?X-Atmosphere-tracking-id=0&X-Atmosphere-Framework=2.2.3-javascript&X-Atmosphere-Transport=long-polling&X-Atmosphere-TrackMessageSize=true&Content-Type=charset%3Dutf-8&X-atmo-protocol=true&_=1778205356803 HTTP/1.1" 200 -
117.26.250.159 - - [08/May/2026:09:49:17 +0800] "POST /InternetTrading/SessionErrorLogger HTTP/1.1" 200 117
117.26.250.159 - - [08/May/2026:09:49:17 +0800] "POST /InternetTrading/Orderbook HTTP/1.1" 200 1164
117.26.250.159 - - [08/May/2026:09:49:18 +0800] "GET /InternetTrading/longpoll/51401?X-Atmosphere-tracking-id=0&X-Atmosphere-Framework=2.2.3-javascript&X-Atmosphere-Transport=long-polling&X-Atmosphere-TrackMessageSize=true&Content-Type=charset%3Dutf-8&X-atmo-protocol=true&_=1778205361939 HTTP/1.1" 200 -
14.0.230.253 - - [08/May/2026:09:49:19 +0800] "GET /InternetTrading/longpoll/A8127?X-Atmosphere-tracking-id=0&X-Atmosphere-Framework=2.2.3-javascript&X-Atmosphere-Transport=long-polling&X-Atmosphere-TrackMessageSize=true&Content-Type=charset%3Dutf-8&X-atmo-protocol=true&_=1778205362822 HTTP/1.1" 200 -
113.118.4.108 - - [08/May/2026:09:49:19 +0800] "GET /InternetTrading/longpoll/51803?X-Atmosphere-tracking-id=0&X-Atmosphere-Framework=2.2.3-javascript&X-Atmosphere-Transport=long-polling&X-Atmosphere-TrackMessageSize=true&Content-Type=charset%3Dutf-8&X-atmo-protocol=true&_=1778205363226 HTTP/1.1" 200 -
110.81.59.75 - - [08/May/2026:09:49:19 +0800] "GET /InternetTrading/longpoll/M8773?X-Atmosphere-tracking-id=0&X-Atmosphere-Framework=2.2.3-javascript&X-Atmosphere-Transport=long-polling&X-Atmosphere-TrackMessageSize=true&Content-Type=charset%3Dutf-8&X-atmo-protocol=true&_=1778205364849 HTTP/1.1" 200 -
113.118.4.108 - - [08/May/2026:09:49:21 +0800] "POST /InternetTrading/SessionErrorLogger HTTP/1.1" 200 117
113.118.4.108 - - [08/May/2026:09:49:21 +0800] "POST /InternetTrading/Heartbeat HTTP/1.1" 200 32
113.118.4.108 - - [08/May/2026:09:49:21 +0800] "POST /InternetTrading/SessionErrorLogger HTTP/1.1" 200 117
113.118.4.108 - - [08/May/2026:09:49:21 +0800] "POST /InternetTrading/MarketStatus HTTP/1.1" 200 772
27.38.142.113 - - [08/May/2026:09:49:21 +0800] "GET /InternetTrading/longpoll/53995?X-Atmosphere-tracking-id=0&X-Atmosphere-Framework=2.2.3-javascript&X-Atmosphere-Transport=long-polling&X-Atmosphere-TrackMessageSize=true&Content-Type=charset%3Dutf-8&X-atmo-protocol=true&_=1778205362805 HTTP/1.1" 200 -
117.26.250.159 - - [08/May/2026:09:49:24 +0800] "POST /InternetTrading/SessionErrorLogger HTTP/1.1" 200 117
117.26.250.159 - - [08/May/2026:09:49:24 +0800] "POST /InternetTrading/Heartbeat HTTP/1.1" 200 32
117.26.250.159 - - [08/May/2026:09:49:24 +0800] "GET /InternetTrading/longpoll/51401?X-Atmosphere-tracking-id=0&X-Atmosphere-Framework=2.2.3-javascript&X-Atmosphere-Transport=long-polling&X-Atmosphere-TrackMessageSize=true&Content-Type=charset%3Dutf-8&X-atmo-protocol=true&_=1778205367753 HTTP/1.1" 200 -
14.0.230.253 - - [08/May/2026:09:49:24 +0800] "GET /InternetTrading/longpoll/A8127?X-Atmosphere-tracking-id=0&X-Atmosphere-Framework=2.2.3-javascript&X-Atmosphere-Transport=long-polling&X-Atmosphere-TrackMessageSize=true&Content-Type=charset%3Dutf-8&X-atmo-protocol=true&_=1778205368085 HTTP/1.1" 200 -
113.118.4.108 - - [08/May/2026:09:49:25 +0800] "GET /InternetTrading/longpoll/51803?X-Atmosphere-tracking-id=0&X-Atmosphere-Framework=2.2.3-javascript&X-Atmosphere-Transport=long-polling&X-Atmosphere-TrackMessageSize=true&Content-Type=charset%3Dutf-8&X-atmo-protocol=true&_=1778205369224 HTTP/1.1" 200 -
45.144.227.8 - - [08/May/2026:09:49:25 +0800] "POST /InternetTrading/SessionErrorLogger HTTP/1.1" 200 117
45.144.227.8 - - [08/May/2026:09:49:25 +0800] "POST /InternetTrading/Heartbeat HTTP/1.1" 200 32
45.144.227.8 - - [08/May/2026:09:49:25 +0800] "POST /InternetTrading/SessionErrorLogger HTTP/1.1" 200 117
45.144.227.8 - - [08/May/2026:09:49:25 +0800] "GET /InternetTrading/longpoll/55511?X-Atmosphere-tracking-id=0&X-Atmosphere-Framework=2.2.3-javascript&X-Atmosphere-Transport=long-polling&X-Atmosphere-TrackMessageSize=true&Content-Type=charset%3Dutf-8&X-atmo-protocol=true&_=1778205369439 HTTP/1.1" 200 -
45.144.227.8 - - [08/May/2026:09:49:25 +0800] "POST /InternetTrading/MarketStatus HTTP/1.1" 200 772
110.81.59.75 - - [08/May/2026:09:49:25 +0800] "GET /InternetTrading/longpoll/M8773?X-Atmosphere-tracking-id=0&X-Atmosphere-Framework=2.2.3-javascript&X-Atmosphere-Transport=long-polling&X-Atmosphere-TrackMessageSize=true&Content-Type=charset%3Dutf-8&X-atmo-protocol=true&_=1778205370848 HTTP/1.1" 200 -
27.38.142.113 - - [08/May/2026:09:49:27 +0800] "GET /InternetTrading/longpoll/53995?X-Atmosphere-tracking-id=0&X-Atmosphere-Framework=2.2.3-javascript&X-Atmosphere-Transport=long-polling&X-Atmosphere-TrackMessageSize=true&Content-Type=charset%3Dutf-8&X-atmo-protocol=true&_=1778205368803 HTTP/1.1" 200 -
14.0.230.253 - - [08/May/2026:09:49:29 +0800] "GET /InternetTrading/longpoll/A8127?X-Atmosphere-tracking-id=0&X-Atmosphere-Framework=2.2.3-javascript&X-Atmosphere-Transport=long-polling&X-Atmosphere-TrackMessageSize=true&Content-Type=charset%3Dutf-8&X-atmo-protocol=true&_=1778205373368 HTTP/1.1" 200 -
117.26.250.159 - - [08/May/2026:09:49:30 +0800] "GET /InternetTrading/longpoll/51401?X-Atmosphere-tracking-id=0&X-Atmosphere-Framework=2.2.3-javascript&X-Atmosphere-Transport=long-polling&X-Atmosphere-TrackMessageSize=true&Content-Type=charset%3Dutf-8&X-atmo-protocol=true&_=1778205373682 HTTP/1.1" 200 -
110.81.59.75 - - [08/May/2026:09:49:31 +0800] "GET /InternetTrading/longpoll/M8773?X-Atmosphere-tracking-id=0&X-Atmosphere-Framework=2.2.3-javascript&X-Atmosphere-Transport=long-polling&X-Atmosphere-TrackMessageSize=true&Content-Type=charset%3Dutf-8&X-atmo-protocol=true&_=1778205376849 HTTP/1.1" 200 -
27.38.142.113 - - [08/May/2026:09:49:33 +0800] "GET /InternetTrading/longpoll/53995?X-Atmosphere-tracking-id=0&X-Atmosphere-Framework=2.2.3-javascript&X-Atmosphere-Transport=long-polling&X-Atmosphere-TrackMessageSize=true&Content-Type=charset%3Dutf-8&X-atmo-protocol=true&_=1778205374803 HTTP/1.1" 200 -
14.0.230.253 - - [08/May/2026:09:49:35 +0800] "GET /InternetTrading/longpoll/A8127?X-Atmosphere-tracking-id=0&X-Atmosphere-Framework=2.2.3-javascript&X-Atmosphere-Transport=long-polling&X-Atmosphere-TrackMessageSize=true&Content-Type=charset%3Dutf-8&X-atmo-protocol=true&_=1778205378579 HTTP/1.1" 200 -
45.144.227.8 - - [08/May/2026:09:49:36 +0800] "GET /InternetTrading/longpoll/55511?X-Atmosphere-tracking-id=0&X-Atmosphere-Framework=2.2.3-javascript&X-Atmosphere-Transport=long-polling&X-Atmosphere-TrackMessageSize=true&Content-Type=charset%3Dutf-8&X-atmo-protocol=true&_=1778205379600 HTTP/1.1" 200 -
117.26.250.159 - - [08/May/2026:09:49:36 +0800] "GET /InternetTrading/longpoll/51401?X-Atmosphere-tracking-id=0&X-Atmosphere-Framework=2.2.3-javascript&X-Atmosphere-Transport=long-polling&X-Atmosphere-TrackMessageSize=true&Content-Type=charset%3Dutf-8&X-atmo-protocol=true&_=1778205379674 HTTP/1.1" 200 -
110.81.59.75 - - [08/May/2026:09:49:37 +0800] "GET /InternetTrading/longpoll/M8773?X-Atmosphere-tracking-id=0&X-Atmosphere-Framework=2.2.3-javascript&X-Atmosphere-Transport=long-polling&X-Atmosphere-TrackMessageSize=true&Content-Type=charset%3Dutf-8&X-atmo-protocol=true&_=1778205382849 HTTP/1.1" 200 -
27.38.142.113 - - [08/May/2026:09:49:39 +0800] "GET /InternetTrading/longpoll/53995?X-Atmosphere-tracking-id=0&X-Atmosphere-Framework=2.2.3-javascript&X-Atmosphere-Transport=long-polling&X-Atmosphere-TrackMessageSize=true&Content-Type=charset%3Dutf-8&X-atmo-protocol=true&_=1778205380806 HTTP/1.1" 200 -
14.0.230.253 - - [08/May/2026:09:49:40 +0800] "GET /InternetTrading/longpoll/A8127?X-Atmosphere-tracking-id=0&X-Atmosphere-Framework=2.2.3-javascript&X-Atmosphere-Transport=long-polling&X-Atmosphere-TrackMessageSize=true&Content-Type=charset%3Dutf-8&X-atmo-protocol=true&_=1778205383696 HTTP/1.1" 200 -
14.0.230.253 - - [08/May/2026:09:49:42 +0800] "POST /InternetTrading/SessionErrorLogger HTTP/1.1" 200 117
117.26.250.159 - - [08/May/2026:09:49:42 +0800] "GET /InternetTrading/longpoll/51401?X-Atmosphere-tracking-id=0&X-Atmosphere-Framework=2.2.3-javascript&X-Atmosphere-Transport=long-polling&X-Atmosphere-TrackMessageSize=true&Content-Type=charset%3Dutf-8&X-atmo-protocol=true&_=1778205385683 HTTP/1.1" 200 -
14.0.230.253 - - [08/May/2026:09:49:42 +0800] "POST /InternetTrading/Heartbeat HTTP/1.1" 200 32
14.0.230.253 - - [08/May/2026:09:49:44 +0800] "POST /InternetTrading/SessionErrorLogger HTTP/1.1" 200 117
110.81.59.75 - - [08/May/2026:09:49:44 +0800] "GET /InternetTrading/longpoll/M8773?X-Atmosphere-tracking-id=0&X-Atmosphere-Framework=2.2.3-javascript&X-Atmosphere-Transport=long-polling&X-Atmosphere-TrackMessageSize=true&Content-Type=charset%3Dutf-8&X-atmo-protocol=true&_=1778205388849 HTTP/1.1" 200 -
14.0.230.253 - - [08/May/2026:09:49:44 +0800] "POST /InternetTrading/MarketStatus HTTP/1.1" 200 772
14.0.230.253 - - [08/May/2026:09:49:45 +0800] "GET /InternetTrading/longpoll/A8127?X-Atmosphere-tracking-id=0&X-Atmosphere-Framework=2.2.3-javascript&X-Atmosphere-Transport=long-polling&X-Atmosphere-TrackMessageSize=true&Content-Type=charset%3Dutf-8&X-atmo-protocol=true&_=1778205388991 HTTP/1.1" 200 -
27.38.142.113 - - [08/May/2026:09:49:45 +0800] "POST /InternetTrading/SessionErrorLogger HTTP/1.1" 200 117
27.38.142.113 - - [08/May/2026:09:49:45 +0800] "POST /InternetTrading/Heartbeat HTTP/1.1" 200 32
27.38.142.113 - - [08/May/2026:09:49:45 +0800] "POST /InternetTrading/SessionErrorLogger HTTP/1.1" 200 117
27.38.142.113 - - [08/May/2026:09:49:46 +0800] "POST /InternetTrading/MarketStatus HTTP/1.1" 200 772
27.38.142.113 - - [08/May/2026:09:49:46 +0800] "GET /InternetTrading/longpoll/53995?X-Atmosphere-tracking-id=0&X-Atmosphere-Framework=2.2.3-javascript&X-Atmosphere-Transport=long-polling&X-Atmosphere-TrackMessageSize=true&Content-Type=charset%3Dutf-8&X-atmo-protocol=true&_=1778205387770 HTTP/1.1" 200 -
117.26.250.159 - - [08/May/2026:09:49:46 +0800] "POST /InternetTrading/SessionErrorLogger HTTP/1.1" 200 117
117.26.250.159 - - [08/May/2026:09:49:46 +0800] "POST /InternetTrading/MarketStatus HTTP/1.1" 200 772
45.144.227.8 - - [08/May/2026:09:49:46 +0800] "GET /InternetTrading/longpoll/55511?X-Atmosphere-tracking-id=0&X-Atmosphere-Framework=2.2.3-javascript&X-Atmosphere-Transport=long-polling&X-Atmosphere-TrackMessageSize=true&Content-Type=charset%3Dutf-8&X-atmo-protocol=true&_=1778205389863 HTTP/1.1" 200 -
117.26.250.159 - - [08/May/2026:09:49:48 +0800] "GET /InternetTrading/longpoll/51401?X-Atmosphere-tracking-id=0&X-Atmosphere-Framework=2.2.3-javascript&X-Atmosphere-Transport=long-polling&X-Atmosphere-TrackMessageSize=true&Content-Type=charset%3Dutf-8&X-atmo-protocol=true&_=1778205391678 HTTP/1.1" 200 -
14.0.230.253 - - [08/May/2026:09:49:50 +0800] "GET /InternetTrading/longpoll/A8127?X-Atmosphere-tracking-id=0&X-Atmosphere-Framework=2.2.3-javascript&X-Atmosphere-Transport=long-polling&X-Atmosphere-TrackMessageSize=true&Content-Type=charset%3Dutf-8&X-atmo-protocol=true&_=1778205394082 HTTP/1.1" 200 -
110.81.59.75 - - [08/May/2026:09:49:50 +0800] "GET /InternetTrading/longpoll/M8773?X-Atmosphere-tracking-id=0&X-Atmosphere-Framework=2.2.3-javascript&X-Atmosphere-Transport=long-polling&X-Atmosphere-TrackMessageSize=true&Content-Type=charset%3Dutf-8&X-atmo-protocol=true&_=1778205395849 HTTP/1.1" 200 -
