113.118.4.108 - - [08/May/2026:10:43:56 +0800] "GET /InternetTrading/longpoll/51803?X-Atmosphere-tracking-id=0&X-Atmosphere-Framework=2.2.3-javascript&X-Atmosphere-Transport=long-polling&X-Atmosphere-TrackMessageSize=true&Content-Type=charset%3Dutf-8&X-atmo-protocol=true&_=1778208639216 HTTP/1.1" 200 -
27.38.142.113 - - [08/May/2026:10:43:58 +0800] "GET /InternetTrading/longpoll/53995?X-Atmosphere-tracking-id=0&X-Atmosphere-Framework=2.2.3-javascript&X-Atmosphere-Transport=long-polling&X-Atmosphere-TrackMessageSize=true&Content-Type=charset%3Dutf-8&X-atmo-protocol=true&_=1778208639798 HTTP/1.1" 200 -
14.0.230.253 - - [08/May/2026:10:43:59 +0800] "GET /InternetTrading/longpoll/A8127?X-Atmosphere-tracking-id=0&X-Atmosphere-Framework=2.2.3-javascript&X-Atmosphere-Transport=long-polling&X-Atmosphere-TrackMessageSize=true&Content-Type=charset%3Dutf-8&X-atmo-protocol=true&_=1778208642874 HTTP/1.1" 200 -
117.26.250.159 - - [08/May/2026:10:44:00 +0800] "GET /InternetTrading/longpoll/51401?X-Atmosphere-tracking-id=0&X-Atmosphere-Framework=2.2.3-javascript&X-Atmosphere-Transport=long-polling&X-Atmosphere-TrackMessageSize=true&Content-Type=charset%3Dutf-8&X-atmo-protocol=true&_=1778208643667 HTTP/1.1" 200 -
14.0.230.253 - - [08/May/2026:10:44:01 +0800] "POST /InternetTrading/SessionErrorLogger HTTP/1.1" 200 117
14.0.230.253 - - [08/May/2026:10:44:01 +0800] "POST /InternetTrading/Heartbeat HTTP/1.1" 200 32
113.118.4.108 - - [08/May/2026:10:44:02 +0800] "GET /InternetTrading/longpoll/51803?X-Atmosphere-tracking-id=0&X-Atmosphere-Framework=2.2.3-javascript&X-Atmosphere-Transport=long-polling&X-Atmosphere-TrackMessageSize=true&Content-Type=charset%3Dutf-8&X-atmo-protocol=true&_=1778208645220 HTTP/1.1" 200 -
14.0.230.253 - - [08/May/2026:10:44:04 +0800] "POST /InternetTrading/SessionErrorLogger HTTP/1.1" 200 117
14.0.230.253 - - [08/May/2026:10:44:04 +0800] "POST /InternetTrading/MarketStatus HTTP/1.1" 200 772
27.38.142.113 - - [08/May/2026:10:44:04 +0800] "GET /InternetTrading/longpoll/53995?X-Atmosphere-tracking-id=0&X-Atmosphere-Framework=2.2.3-javascript&X-Atmosphere-Transport=long-polling&X-Atmosphere-TrackMessageSize=true&Content-Type=charset%3Dutf-8&X-atmo-protocol=true&_=1778208645798 HTTP/1.1" 200 -
14.0.230.253 - - [08/May/2026:10:44:04 +0800] "GET /InternetTrading/longpoll/A8127?X-Atmosphere-tracking-id=0&X-Atmosphere-Framework=2.2.3-javascript&X-Atmosphere-Transport=long-polling&X-Atmosphere-TrackMessageSize=true&Content-Type=charset%3Dutf-8&X-atmo-protocol=true&_=1778208648073 HTTP/1.1" 200 -
89.117.42.68 - - [08/May/2026:10:44:04 +0800] "GET /InternetTrading/longpoll/55511?X-Atmosphere-tracking-id=0&X-Atmosphere-Framework=2.2.3-javascript&X-Atmosphere-Transport=long-polling&X-Atmosphere-TrackMessageSize=true&Content-Type=charset%3Dutf-8&X-atmo-protocol=true&_=1778208648362 HTTP/1.1" 200 -
89.117.42.68 - - [08/May/2026:10:44:04 +0800] "GET /InternetTrading/longpoll/55511?X-Atmosphere-tracking-id=0&X-Atmosphere-Framework=2.2.3-javascript&X-Atmosphere-Transport=long-polling&X-Atmosphere-TrackMessageSize=true&Content-Type=charset%3Dutf-8&X-atmo-protocol=true&_=1778208648362 HTTP/1.1" 200 -
117.26.250.159 - - [08/May/2026:10:44:06 +0800] "GET /InternetTrading/longpoll/51401?X-Atmosphere-tracking-id=0&X-Atmosphere-Framework=2.2.3-javascript&X-Atmosphere-Transport=long-polling&X-Atmosphere-TrackMessageSize=true&Content-Type=charset%3Dutf-8&X-atmo-protocol=true&_=1778208649678 HTTP/1.1" 200 -
113.118.4.108 - - [08/May/2026:10:44:08 +0800] "GET /InternetTrading/longpoll/51803?X-Atmosphere-tracking-id=0&X-Atmosphere-Framework=2.2.3-javascript&X-Atmosphere-Transport=long-polling&X-Atmosphere-TrackMessageSize=true&Content-Type=charset%3Dutf-8&X-atmo-protocol=true&_=1778208651217 HTTP/1.1" 200 -
14.0.230.253 - - [08/May/2026:10:44:09 +0800] "GET /InternetTrading/longpoll/A8127?X-Atmosphere-tracking-id=0&X-Atmosphere-Framework=2.2.3-javascript&X-Atmosphere-Transport=long-polling&X-Atmosphere-TrackMessageSize=true&Content-Type=charset%3Dutf-8&X-atmo-protocol=true&_=1778208653207 HTTP/1.1" 200 -
27.38.142.113 - - [08/May/2026:10:44:10 +0800] "GET /InternetTrading/longpoll/53995?X-Atmosphere-tracking-id=0&X-Atmosphere-Framework=2.2.3-javascript&X-Atmosphere-Transport=long-polling&X-Atmosphere-TrackMessageSize=true&Content-Type=charset%3Dutf-8&X-atmo-protocol=true&_=1778208651801 HTTP/1.1" 200 -
117.26.250.159 - - [08/May/2026:10:44:12 +0800] "GET /InternetTrading/longpoll/51401?X-Atmosphere-tracking-id=0&X-Atmosphere-Framework=2.2.3-javascript&X-Atmosphere-Transport=long-polling&X-Atmosphere-TrackMessageSize=true&Content-Type=charset%3Dutf-8&X-atmo-protocol=true&_=1778208655671 HTTP/1.1" 200 -
113.118.4.108 - - [08/May/2026:10:44:14 +0800] "GET /InternetTrading/longpoll/51803?X-Atmosphere-tracking-id=0&X-Atmosphere-Framework=2.2.3-javascript&X-Atmosphere-Transport=long-polling&X-Atmosphere-TrackMessageSize=true&Content-Type=charset%3Dutf-8&X-atmo-protocol=true&_=1778208657220 HTTP/1.1" 200 -
14.0.230.253 - - [08/May/2026:10:44:14 +0800] "GET /InternetTrading/longpoll/A8127?X-Atmosphere-tracking-id=0&X-Atmosphere-Framework=2.2.3-javascript&X-Atmosphere-Transport=long-polling&X-Atmosphere-TrackMessageSize=true&Content-Type=charset%3Dutf-8&X-atmo-protocol=true&_=1778208658236 HTTP/1.1" 200 -
89.117.42.68 - - [08/May/2026:10:44:15 +0800] "GET /InternetTrading/longpoll/55511?X-Atmosphere-tracking-id=0&X-Atmosphere-Framework=2.2.3-javascript&X-Atmosphere-Transport=long-polling&X-Atmosphere-TrackMessageSize=true&Content-Type=charset%3Dutf-8&X-atmo-protocol=true&_=1778208658666 HTTP/1.1" 200 -
89.117.42.68 - - [08/May/2026:10:44:15 +0800] "GET /InternetTrading/longpoll/55511?X-Atmosphere-tracking-id=0&X-Atmosphere-Framework=2.2.3-javascript&X-Atmosphere-Transport=long-polling&X-Atmosphere-TrackMessageSize=true&Content-Type=charset%3Dutf-8&X-atmo-protocol=true&_=1778208658666 HTTP/1.1" 200 -
27.38.142.113 - - [08/May/2026:10:44:16 +0800] "GET /InternetTrading/longpoll/53995?X-Atmosphere-tracking-id=0&X-Atmosphere-Framework=2.2.3-javascript&X-Atmosphere-Transport=long-polling&X-Atmosphere-TrackMessageSize=true&Content-Type=charset%3Dutf-8&X-atmo-protocol=true&_=1778208657798 HTTP/1.1" 200 -
117.26.250.159 - - [08/May/2026:10:44:17 +0800] "POST /InternetTrading/SessionErrorLogger HTTP/1.1" 200 117
117.26.250.159 - - [08/May/2026:10:44:17 +0800] "POST /InternetTrading/Heartbeat HTTP/1.1" 200 32
117.26.250.159 - - [08/May/2026:10:44:17 +0800] "POST /InternetTrading/SessionErrorLogger HTTP/1.1" 200 117
117.26.250.159 - - [08/May/2026:10:44:17 +0800] "POST /InternetTrading/MarketStatus HTTP/1.1" 200 772
117.26.250.159 - - [08/May/2026:10:44:18 +0800] "GET /InternetTrading/longpoll/51401?X-Atmosphere-tracking-id=0&X-Atmosphere-Framework=2.2.3-javascript&X-Atmosphere-Transport=long-polling&X-Atmosphere-TrackMessageSize=true&Content-Type=charset%3Dutf-8&X-atmo-protocol=true&_=1778208661667 HTTP/1.1" 200 -
14.0.230.253 - - [08/May/2026:10:44:20 +0800] "GET /InternetTrading/longpoll/A8127?X-Atmosphere-tracking-id=0&X-Atmosphere-Framework=2.2.3-javascript&X-Atmosphere-Transport=long-polling&X-Atmosphere-TrackMessageSize=true&Content-Type=charset%3Dutf-8&X-atmo-protocol=true&_=1778208663444 HTTP/1.1" 200 -
113.118.4.108 - - [08/May/2026:10:44:20 +0800] "GET /InternetTrading/longpoll/51803?X-Atmosphere-tracking-id=0&X-Atmosphere-Framework=2.2.3-javascript&X-Atmosphere-Transport=long-polling&X-Atmosphere-TrackMessageSize=true&Content-Type=charset%3Dutf-8&X-atmo-protocol=true&_=1778208663223 HTTP/1.1" 200 -
113.118.4.108 - - [08/May/2026:10:44:22 +0800] "POST /InternetTrading/SessionErrorLogger HTTP/1.1" 200 117
113.118.4.108 - - [08/May/2026:10:44:22 +0800] "POST /InternetTrading/Heartbeat HTTP/1.1" 200 32
113.118.4.108 - - [08/May/2026:10:44:22 +0800] "POST /InternetTrading/SessionErrorLogger HTTP/1.1" 200 117
113.118.4.108 - - [08/May/2026:10:44:22 +0800] "POST /InternetTrading/MarketStatus HTTP/1.1" 200 772
27.38.142.113 - - [08/May/2026:10:44:22 +0800] "GET /InternetTrading/longpoll/53995?X-Atmosphere-tracking-id=0&X-Atmosphere-Framework=2.2.3-javascript&X-Atmosphere-Transport=long-polling&X-Atmosphere-TrackMessageSize=true&Content-Type=charset%3Dutf-8&X-atmo-protocol=true&_=1778208663795 HTTP/1.1" 200 -
117.26.250.159 - - [08/May/2026:10:44:24 +0800] "GET /InternetTrading/longpoll/51401?X-Atmosphere-tracking-id=0&X-Atmosphere-Framework=2.2.3-javascript&X-Atmosphere-Transport=long-polling&X-Atmosphere-TrackMessageSize=true&Content-Type=charset%3Dutf-8&X-atmo-protocol=true&_=1778208667665 HTTP/1.1" 200 -
14.0.230.253 - - [08/May/2026:10:44:25 +0800] "GET /InternetTrading/longpoll/A8127?X-Atmosphere-tracking-id=0&X-Atmosphere-Framework=2.2.3-javascript&X-Atmosphere-Transport=long-polling&X-Atmosphere-TrackMessageSize=true&Content-Type=charset%3Dutf-8&X-atmo-protocol=true&_=1778208668719 HTTP/1.1" 200 -
113.118.4.108 - - [08/May/2026:10:44:26 +0800] "GET /InternetTrading/longpoll/51803?X-Atmosphere-tracking-id=0&X-Atmosphere-Framework=2.2.3-javascript&X-Atmosphere-Transport=long-polling&X-Atmosphere-TrackMessageSize=true&Content-Type=charset%3Dutf-8&X-atmo-protocol=true&_=1778208669225 HTTP/1.1" 200 -
89.117.42.68 - - [08/May/2026:10:44:28 +0800] "POST /InternetTrading/SessionErrorLogger HTTP/1.1" 200 117
89.117.42.68 - - [08/May/2026:10:44:28 +0800] "POST /InternetTrading/Heartbeat HTTP/1.1" 200 32
89.117.42.68 - - [08/May/2026:10:44:28 +0800] "POST /InternetTrading/SessionErrorLogger HTTP/1.1" 200 117
89.117.42.68 - - [08/May/2026:10:44:28 +0800] "GET /InternetTrading/longpoll/55511?X-Atmosphere-tracking-id=0&X-Atmosphere-Framework=2.2.3-javascript&X-Atmosphere-Transport=long-polling&X-Atmosphere-TrackMessageSize=true&Content-Type=charset%3Dutf-8&X-atmo-protocol=true&_=1778208672121 HTTP/1.1" 200 -
89.117.42.68 - - [08/May/2026:10:44:28 +0800] "POST /InternetTrading/MarketStatus HTTP/1.1" 200 772
89.117.42.68 - - [08/May/2026:10:44:28 +0800] "GET /InternetTrading/longpoll/55511?X-Atmosphere-tracking-id=0&X-Atmosphere-Framework=2.2.3-javascript&X-Atmosphere-Transport=long-polling&X-Atmosphere-TrackMessageSize=true&Content-Type=charset%3Dutf-8&X-atmo-protocol=true&_=1778208672121 HTTP/1.1" 200 -
27.38.142.113 - - [08/May/2026:10:44:28 +0800] "GET /InternetTrading/longpoll/53995?X-Atmosphere-tracking-id=0&X-Atmosphere-Framework=2.2.3-javascript&X-Atmosphere-Transport=long-polling&X-Atmosphere-TrackMessageSize=true&Content-Type=charset%3Dutf-8&X-atmo-protocol=true&_=1778208669798 HTTP/1.1" 200 -
117.26.250.159 - - [08/May/2026:10:44:30 +0800] "GET /InternetTrading/longpoll/51401?X-Atmosphere-tracking-id=0&X-Atmosphere-Framework=2.2.3-javascript&X-Atmosphere-Transport=long-polling&X-Atmosphere-TrackMessageSize=true&Content-Type=charset%3Dutf-8&X-atmo-protocol=true&_=1778208673679 HTTP/1.1" 200 -
14.0.230.253 - - [08/May/2026:10:44:30 +0800] "GET /InternetTrading/longpoll/A8127?X-Atmosphere-tracking-id=0&X-Atmosphere-Framework=2.2.3-javascript&X-Atmosphere-Transport=long-polling&X-Atmosphere-TrackMessageSize=true&Content-Type=charset%3Dutf-8&X-atmo-protocol=true&_=1778208674079 HTTP/1.1" 200 -
14.0.230.253 - - [08/May/2026:10:44:31 +0800] "POST /InternetTrading/SessionErrorLogger HTTP/1.1" 200 117
14.0.230.253 - - [08/May/2026:10:44:31 +0800] "POST /InternetTrading/Heartbeat HTTP/1.1" 200 32
113.118.4.108 - - [08/May/2026:10:44:32 +0800] "GET /InternetTrading/longpoll/51803?X-Atmosphere-tracking-id=0&X-Atmosphere-Framework=2.2.3-javascript&X-Atmosphere-Transport=long-polling&X-Atmosphere-TrackMessageSize=true&Content-Type=charset%3Dutf-8&X-atmo-protocol=true&_=1778208675223 HTTP/1.1" 200 -
27.38.142.113 - - [08/May/2026:10:44:34 +0800] "GET /InternetTrading/longpoll/53995?X-Atmosphere-tracking-id=0&X-Atmosphere-Framework=2.2.3-javascript&X-Atmosphere-Transport=long-polling&X-Atmosphere-TrackMessageSize=true&Content-Type=charset%3Dutf-8&X-atmo-protocol=true&_=1778208675803 HTTP/1.1" 200 -
14.0.230.253 - - [08/May/2026:10:44:34 +0800] "POST /InternetTrading/SessionErrorLogger HTTP/1.1" 200 117
14.0.230.253 - - [08/May/2026:10:44:34 +0800] "POST /InternetTrading/MarketStatus HTTP/1.1" 200 772
14.0.230.253 - - [08/May/2026:10:44:35 +0800] "GET /InternetTrading/longpoll/A8127?X-Atmosphere-tracking-id=0&X-Atmosphere-Framework=2.2.3-javascript&X-Atmosphere-Transport=long-polling&X-Atmosphere-TrackMessageSize=true&Content-Type=charset%3Dutf-8&X-atmo-protocol=true&_=1778208679368 HTTP/1.1" 200 -
117.26.250.159 - - [08/May/2026:10:44:36 +0800] "GET /InternetTrading/longpoll/51401?X-Atmosphere-tracking-id=0&X-Atmosphere-Framework=2.2.3-javascript&X-Atmosphere-Transport=long-polling&X-Atmosphere-TrackMessageSize=true&Content-Type=charset%3Dutf-8&X-atmo-protocol=true&_=1778208679666 HTTP/1.1" 200 -
113.118.4.108 - - [08/May/2026:10:44:38 +0800] "GET /InternetTrading/longpoll/51803?X-Atmosphere-tracking-id=0&X-Atmosphere-Framework=2.2.3-javascript&X-Atmosphere-Transport=long-polling&X-Atmosphere-TrackMessageSize=true&Content-Type=charset%3Dutf-8&X-atmo-protocol=true&_=1778208681222 HTTP/1.1" 200 -
89.117.42.68 - - [08/May/2026:10:44:38 +0800] "GET /InternetTrading/longpoll/55511?X-Atmosphere-tracking-id=0&X-Atmosphere-Framework=2.2.3-javascript&X-Atmosphere-Transport=long-polling&X-Atmosphere-TrackMessageSize=true&Content-Type=charset%3Dutf-8&X-atmo-protocol=true&_=1778208682287 HTTP/1.1" 200 -
89.117.42.68 - - [08/May/2026:10:44:38 +0800] "GET /InternetTrading/longpoll/55511?X-Atmosphere-tracking-id=0&X-Atmosphere-Framework=2.2.3-javascript&X-Atmosphere-Transport=long-polling&X-Atmosphere-TrackMessageSize=true&Content-Type=charset%3Dutf-8&X-atmo-protocol=true&_=1778208682286 HTTP/1.1" 200 -
27.38.142.113 - - [08/May/2026:10:44:40 +0800] "GET /InternetTrading/longpoll/53995?X-Atmosphere-tracking-id=0&X-Atmosphere-Framework=2.2.3-javascript&X-Atmosphere-Transport=long-polling&X-Atmosphere-TrackMessageSize=true&Content-Type=charset%3Dutf-8&X-atmo-protocol=true&_=1778208681797 HTTP/1.1" 200 -
14.0.230.253 - - [08/May/2026:10:44:41 +0800] "GET /InternetTrading/longpoll/A8127?X-Atmosphere-tracking-id=0&X-Atmosphere-Framework=2.2.3-javascript&X-Atmosphere-Transport=long-polling&X-Atmosphere-TrackMessageSize=true&Content-Type=charset%3Dutf-8&X-atmo-protocol=true&_=1778208684485 HTTP/1.1" 200 -
117.26.250.159 - - [08/May/2026:10:44:42 +0800] "GET /InternetTrading/longpoll/51401?X-Atmosphere-tracking-id=0&X-Atmosphere-Framework=2.2.3-javascript&X-Atmosphere-Transport=long-polling&X-Atmosphere-TrackMessageSize=true&Content-Type=charset%3Dutf-8&X-atmo-protocol=true&_=1778208685672 HTTP/1.1" 200 -
113.118.4.108 - - [08/May/2026:10:44:44 +0800] "GET /InternetTrading/longpoll/51803?X-Atmosphere-tracking-id=0&X-Atmosphere-Framework=2.2.3-javascript&X-Atmosphere-Transport=long-polling&X-Atmosphere-TrackMessageSize=true&Content-Type=charset%3Dutf-8&X-atmo-protocol=true&_=1778208687223 HTTP/1.1" 200 -
27.38.142.113 - - [08/May/2026:10:44:45 +0800] "POST /InternetTrading/SessionErrorLogger HTTP/1.1" 200 117
27.38.142.113 - - [08/May/2026:10:44:45 +0800] "POST /InternetTrading/Heartbeat HTTP/1.1" 200 32
27.38.142.113 - - [08/May/2026:10:44:45 +0800] "POST /InternetTrading/SessionErrorLogger HTTP/1.1" 200 117
27.38.142.113 - - [08/May/2026:10:44:45 +0800] "POST /InternetTrading/MarketStatus HTTP/1.1" 200 772
27.38.142.113 - - [08/May/2026:10:44:46 +0800] "GET /InternetTrading/longpoll/53995?X-Atmosphere-tracking-id=0&X-Atmosphere-Framework=2.2.3-javascript&X-Atmosphere-Transport=long-polling&X-Atmosphere-TrackMessageSize=true&Content-Type=charset%3Dutf-8&X-atmo-protocol=true&_=1778208687794 HTTP/1.1" 200 -
14.0.230.253 - - [08/May/2026:10:44:46 +0800] "GET /InternetTrading/longpoll/A8127?X-Atmosphere-tracking-id=0&X-Atmosphere-Framework=2.2.3-javascript&X-Atmosphere-Transport=long-polling&X-Atmosphere-TrackMessageSize=true&Content-Type=charset%3Dutf-8&X-atmo-protocol=true&_=1778208689684 HTTP/1.1" 200 -
3.1.128.83 - - [08/May/2026:10:44:47 +0800] "GET / HTTP/1.1" 200 3426
117.26.250.159 - - [08/May/2026:10:44:48 +0800] "GET /InternetTrading/longpoll/51401?X-Atmosphere-tracking-id=0&X-Atmosphere-Framework=2.2.3-javascript&X-Atmosphere-Transport=long-polling&X-Atmosphere-TrackMessageSize=true&Content-Type=charset%3Dutf-8&X-atmo-protocol=true&_=1778208691667 HTTP/1.1" 200 -
89.117.42.68 - - [08/May/2026:10:44:49 +0800] "GET /InternetTrading/longpoll/55511?X-Atmosphere-tracking-id=0&X-Atmosphere-Framework=2.2.3-javascript&X-Atmosphere-Transport=long-polling&X-Atmosphere-TrackMessageSize=true&Content-Type=charset%3Dutf-8&X-atmo-protocol=true&_=1778208692603 HTTP/1.1" 200 -
89.117.42.68 - - [08/May/2026:10:44:49 +0800] "GET /InternetTrading/longpoll/55511?X-Atmosphere-tracking-id=0&X-Atmosphere-Framework=2.2.3-javascript&X-Atmosphere-Transport=long-polling&X-Atmosphere-TrackMessageSize=true&Content-Type=charset%3Dutf-8&X-atmo-protocol=true&_=1778208692603 HTTP/1.1" 200 -
113.118.4.108 - - [08/May/2026:10:44:50 +0800] "GET /InternetTrading/longpoll/51803?X-Atmosphere-tracking-id=0&X-Atmosphere-Framework=2.2.3-javascript&X-Atmosphere-Transport=long-polling&X-Atmosphere-TrackMessageSize=true&Content-Type=charset%3Dutf-8&X-atmo-protocol=true&_=1778208693224 HTTP/1.1" 200 -
14.0.230.253 - - [08/May/2026:10:44:51 +0800] "GET /InternetTrading/longpoll/A8127?X-Atmosphere-tracking-id=0&X-Atmosphere-Framework=2.2.3-javascript&X-Atmosphere-Transport=long-polling&X-Atmosphere-TrackMessageSize=true&Content-Type=charset%3Dutf-8&X-atmo-protocol=true&_=1778208694959 HTTP/1.1" 200 -
27.38.142.113 - - [08/May/2026:10:44:52 +0800] "GET /InternetTrading/longpoll/53995?X-Atmosphere-tracking-id=0&X-Atmosphere-Framework=2.2.3-javascript&X-Atmosphere-Transport=long-polling&X-Atmosphere-TrackMessageSize=true&Content-Type=charset%3Dutf-8&X-atmo-protocol=true&_=1778208693798 HTTP/1.1" 200 -
117.26.250.159 - - [08/May/2026:10:44:54 +0800] "GET /InternetTrading/longpoll/51401?X-Atmosphere-tracking-id=0&X-Atmosphere-Framework=2.2.3-javascript&X-Atmosphere-Transport=long-polling&X-Atmosphere-TrackMessageSize=true&Content-Type=charset%3Dutf-8&X-atmo-protocol=true&_=1778208697669 HTTP/1.1" 200 -
113.118.4.108 - - [08/May/2026:10:44:56 +0800] "GET /InternetTrading/longpoll/51803?X-Atmosphere-tracking-id=0&X-Atmosphere-Framework=2.2.3-javascript&X-Atmosphere-Transport=long-polling&X-Atmosphere-TrackMessageSize=true&Content-Type=charset%3Dutf-8&X-atmo-protocol=true&_=1778208699225 HTTP/1.1" 200 -
14.0.230.253 - - [08/May/2026:10:44:57 +0800] "GET /InternetTrading/longpoll/A8127?X-Atmosphere-tracking-id=0&X-Atmosphere-Framework=2.2.3-javascript&X-Atmosphere-Transport=long-polling&X-Atmosphere-TrackMessageSize=true&Content-Type=charset%3Dutf-8&X-atmo-protocol=true&_=1778208700503 HTTP/1.1" 200 -
27.38.142.113 - - [08/May/2026:10:44:58 +0800] "GET /InternetTrading/longpoll/53995?X-Atmosphere-tracking-id=0&X-Atmosphere-Framework=2.2.3-javascript&X-Atmosphere-Transport=long-polling&X-Atmosphere-TrackMessageSize=true&Content-Type=charset%3Dutf-8&X-atmo-protocol=true&_=1778208699797 HTTP/1.1" 200 -
89.117.42.68 - - [08/May/2026:10:44:59 +0800] "GET /InternetTrading/longpoll/55511?X-Atmosphere-tracking-id=0&X-Atmosphere-Framework=2.2.3-javascript&X-Atmosphere-Transport=long-polling&X-Atmosphere-TrackMessageSize=true&Content-Type=charset%3Dutf-8&X-atmo-protocol=true&_=1778208702888 HTTP/1.1" 200 -
89.117.42.68 - - [08/May/2026:10:44:59 +0800] "GET /InternetTrading/longpoll/55511?X-Atmosphere-tracking-id=0&X-Atmosphere-Framework=2.2.3-javascript&X-Atmosphere-Transport=long-polling&X-Atmosphere-TrackMessageSize=true&Content-Type=charset%3Dutf-8&X-atmo-protocol=true&_=1778208702887 HTTP/1.1" 200 -
117.26.250.159 - - [08/May/2026:10:45:00 +0800] "GET /InternetTrading/longpoll/51401?X-Atmosphere-tracking-id=0&X-Atmosphere-Framework=2.2.3-javascript&X-Atmosphere-Transport=long-polling&X-Atmosphere-TrackMessageSize=true&Content-Type=charset%3Dutf-8&X-atmo-protocol=true&_=1778208703665 HTTP/1.1" 200 -
3.1.128.83 - - [08/May/2026:10:45:00 +0800] "GET / HTTP/1.1" 200 3426
3.1.128.83 - - [08/May/2026:10:45:00 +0800] "GET / HTTP/1.1" 200 3426
3.1.128.83 - - [08/May/2026:10:45:00 +0800] "GET / HTTP/1.1" 200 3426
3.1.128.83 - - [08/May/2026:10:45:01 +0800] "GET /NyV4KRAp.asp+ HTTP/1.1" 404 196
3.1.128.83 - - [08/May/2026:10:45:01 +0800] "GET /NyV4KRAp.phtml HTTP/1.1" 404 196
14.0.230.253 - - [08/May/2026:10:45:01 +0800] "POST /InternetTrading/SessionErrorLogger HTTP/1.1" 200 117
14.0.230.253 - - [08/May/2026:10:45:01 +0800] "POST /InternetTrading/Heartbeat HTTP/1.1" 200 32
3.1.128.83 - - [08/May/2026:10:45:01 +0800] "GET /NyV4KRAp.pt HTTP/1.1" 404 196
3.1.128.83 - - [08/May/2026:10:45:01 +0800] "GET /NyV4KRAp.yml HTTP/1.1" 404 196
3.1.128.83 - - [08/May/2026:10:45:01 +0800] "GET /NyV4KRAp.tw HTTP/1.1" 404 196
14.0.230.253 - - [08/May/2026:10:45:02 +0800] "GET /InternetTrading/longpoll/A8127?X-Atmosphere-tracking-id=0&X-Atmosphere-Framework=2.2.3-javascript&X-Atmosphere-Transport=long-polling&X-Atmosphere-TrackMessageSize=true&Content-Type=charset%3Dutf-8&X-atmo-protocol=true&_=1778208705610 HTTP/1.1" 200 -
113.118.4.108 - - [08/May/2026:10:45:02 +0800] "GET /InternetTrading/longpoll/51803?X-Atmosphere-tracking-id=0&X-Atmosphere-Framework=2.2.3-javascript&X-Atmosphere-Transport=long-polling&X-Atmosphere-TrackMessageSize=true&Content-Type=charset%3Dutf-8&X-atmo-protocol=true&_=1778208705222 HTTP/1.1" 200 -
3.1.128.83 - - [08/May/2026:10:45:02 +0800] "GET /NyV4KRAp.show_query_columns HTTP/1.1" 404 196
3.1.128.83 - - [08/May/2026:10:45:02 +0800] "GET /NyV4KRAp.php= HTTP/1.1" 404 196
3.1.128.83 - - [08/May/2026:10:45:02 +0800] "GET /NyV4KRAp.do HTTP/1.1" 404 196
3.1.128.83 - - [08/May/2026:10:45:03 +0800] "GET /NyV4KRAp.php# HTTP/1.1" 400 226
3.1.128.83 - - [08/May/2026:10:45:03 +0800] "GET /NyV4KRAp.dtd HTTP/1.1" 404 196
3.1.128.83 - - [08/May/2026:10:45:03 +0800] "GET /NyV4KRAp.SMAIL893 HTTP/1.1" 404 196
3.1.128.83 - - [08/May/2026:10:45:03 +0800] "GET /NyV4KRAp.dpgs HTTP/1.1" 404 196
3.1.128.83 - - [08/May/2026:10:45:03 +0800] "GET /NyV4KRAp.priv HTTP/1.1" 404 196
3.1.128.83 - - [08/May/2026:10:45:04 +0800] "GET /NyV4KRAp.dbc HTTP/1.1" 404 196
3.1.128.83 - - [08/May/2026:10:45:04 +0800] "GET /NyV4KRAp.c HTTP/1.1" 404 196
3.1.128.83 - - [08/May/2026:10:45:04 +0800] "GET /NyV4KRAp.mdb HTTP/1.1" 404 196
3.1.128.83 - - [08/May/2026:10:45:04 +0800] "GET /NyV4KRAp.iso2022-kr HTTP/1.1" 404 196
27.38.142.113 - - [08/May/2026:10:45:04 +0800] "GET /InternetTrading/longpoll/53995?X-Atmosphere-tracking-id=0&X-Atmosphere-Framework=2.2.3-javascript&X-Atmosphere-Transport=long-polling&X-Atmosphere-TrackMessageSize=true&Content-Type=charset%3Dutf-8&X-atmo-protocol=true&_=1778208705797 HTTP/1.1" 200 -
3.1.128.83 - - [08/May/2026:10:45:04 +0800] "GET /NyV4KRAp.cfm HTTP/1.1" 404 196
14.0.230.253 - - [08/May/2026:10:45:04 +0800] "POST /InternetTrading/SessionErrorLogger HTTP/1.1" 200 117
14.0.230.253 - - [08/May/2026:10:45:04 +0800] "POST /InternetTrading/MarketStatus HTTP/1.1" 200 772
3.1.128.83 - - [08/May/2026:10:45:04 +0800] "GET /NyV4KRAp.bat HTTP/1.1" 404 196
3.1.128.83 - - [08/May/2026:10:45:04 +0800] "GET /NyV4KRAp.box HTTP/1.1" 404 196
3.1.128.83 - - [08/May/2026:10:45:05 +0800] "GET /NyV4KRAp.old HTTP/1.1" 404 196
3.1.128.83 - - [08/May/2026:10:45:05 +0800] "GET /NyV4KRAp.BBoardServlet HTTP/1.1" 404 196
3.1.128.83 - - [08/May/2026:10:45:05 +0800] "GET /NyV4KRAp.jsp HTTP/1.1" 404 196
3.1.128.83 - - [08/May/2026:10:45:05 +0800] "GET /NyV4KRAp/ HTTP/1.1" 404 196
3.1.128.83 - - [08/May/2026:10:45:05 +0800] "GET /NyV4KRAp.org HTTP/1.1" 404 196
3.1.128.83 - - [08/May/2026:10:45:05 +0800] "GET /NyV4KRAp.nsconfig HTTP/1.1" 404 196
3.1.128.83 - - [08/May/2026:10:45:06 +0800] "GET /NyV4KRAp.xtp HTTP/1.1" 404 196
117.26.250.159 - - [08/May/2026:10:45:06 +0800] "GET /InternetTrading/longpoll/51401?X-Atmosphere-tracking-id=0&X-Atmosphere-Framework=2.2.3-javascript&X-Atmosphere-Transport=long-polling&X-Atmosphere-TrackMessageSize=true&Content-Type=charset%3Dutf-8&X-atmo-protocol=true&_=1778208709675 HTTP/1.1" 200 -
3.1.128.83 - - [08/May/2026:10:45:06 +0800] "GET /NyV4KRAp.cgi+ HTTP/1.1" 404 196
3.1.128.83 - - [08/May/2026:10:45:06 +0800] "GET /NyV4KRAp.PWD HTTP/1.1" 404 196
3.1.128.83 - - [08/May/2026:10:45:06 +0800] "GET /NyV4KRAp.com HTTP/1.1" 404 196
3.1.128.83 - - [08/May/2026:10:45:06 +0800] "GET /NyV4KRAp.aspx HTTP/1.1" 404 196
3.1.128.83 - - [08/May/2026:10:45:06 +0800] "GET /NyV4KRAp.vts HTTP/1.1" 404 196
3.1.128.83 - - [08/May/2026:10:45:07 +0800] "GET /NyV4KRAp.php+ HTTP/1.1" 404 196
14.0.230.253 - - [08/May/2026:10:45:07 +0800] "GET /InternetTrading/longpoll/A8127?X-Atmosphere-tracking-id=0&X-Atmosphere-Framework=2.2.3-javascript&X-Atmosphere-Transport=long-polling&X-Atmosphere-TrackMessageSize=true&Content-Type=charset%3Dutf-8&X-atmo-protocol=true&_=1778208710749 HTTP/1.1" 200 -
3.1.128.83 - - [08/May/2026:10:45:07 +0800] "GET /NyV4KRAp.htr HTTP/1.1" 404 196
3.1.128.83 - - [08/May/2026:10:45:07 +0800] "GET /NyV4KRAp.btr HTTP/1.1" 404 196
3.1.128.83 - - [08/May/2026:10:45:07 +0800] "GET /NyV4KRAp.nn HTTP/1.1" 404 196
3.1.128.83 - - [08/May/2026:10:45:07 +0800] "GET /NyV4KRAp.bas:ShowVolume HTTP/1.1" 403 199
3.1.128.83 - - [08/May/2026:10:45:07 +0800] "GET /NyV4KRAp.SSIFilter HTTP/1.1" 404 196
3.1.128.83 - - [08/May/2026:10:45:08 +0800] "GET /NyV4KRAp.SHOW HTTP/1.1" 404 196
113.118.4.108 - - [08/May/2026:10:45:08 +0800] "GET /InternetTrading/longpoll/51803?X-Atmosphere-tracking-id=0&X-Atmosphere-Framework=2.2.3-javascript&X-Atmosphere-Transport=long-polling&X-Atmosphere-TrackMessageSize=true&Content-Type=charset%3Dutf-8&X-atmo-protocol=true&_=1778208711221 HTTP/1.1" 200 -
3.1.128.83 - - [08/May/2026:10:45:08 +0800] "GET /NyV4KRAp.py HTTP/1.1" 404 196
3.1.128.83 - - [08/May/2026:10:45:08 +0800] "GET /NyV4KRAp.show HTTP/1.1" 404 196
3.1.128.83 - - [08/May/2026:10:45:08 +0800] "GET /NyV4KRAp.xslt HTTP/1.1" 404 196
3.1.128.83 - - [08/May/2026:10:45:08 +0800] "GET /NyV4KRAp.INC HTTP/1.1" 404 196
3.1.128.83 - - [08/May/2026:10:45:09 +0800] "GET /NyV4KRAp.Big5 HTTP/1.1" 404 196
3.1.128.83 - - [08/May/2026:10:45:09 +0800] "GET /NyV4KRAp.10:100 HTTP/1.1" 403 199
3.1.128.83 - - [08/May/2026:10:45:09 +0800] "GET /NyV4KRAp.fr HTTP/1.1" 404 196
3.1.128.83 - - [08/May/2026:10:45:09 +0800] "GET /NyV4KRAp.dll HTTP/1.1" 404 196
89.117.42.68 - - [08/May/2026:10:45:09 +0800] "GET /InternetTrading/longpoll/55511?X-Atmosphere-tracking-id=0&X-Atmosphere-Framework=2.2.3-javascript&X-Atmosphere-Transport=long-polling&X-Atmosphere-TrackMessageSize=true&Content-Type=charset%3Dutf-8&X-atmo-protocol=true&_=1778208713265 HTTP/1.1" 200 -
89.117.42.68 - - [08/May/2026:10:45:09 +0800] "GET /InternetTrading/longpoll/55511?X-Atmosphere-tracking-id=0&X-Atmosphere-Framework=2.2.3-javascript&X-Atmosphere-Transport=long-polling&X-Atmosphere-TrackMessageSize=true&Content-Type=charset%3Dutf-8&X-atmo-protocol=true&_=1778208713266 HTTP/1.1" 200 -
3.1.128.83 - - [08/May/2026:10:45:09 +0800] "GET /NyV4KRAp._ HTTP/1.1" 404 196
3.1.128.83 - - [08/May/2026:10:45:09 +0800] "GET /NyV4KRAp.sqlite HTTP/1.1" 404 196
3.1.128.83 - - [08/May/2026:10:45:10 +0800] "GET /NyV4KRAp.csp HTTP/1.1" 404 196
3.1.128.83 - - [08/May/2026:10:45:10 +0800] "GET /NyV4KRAp.csc HTTP/1.1" 404 196
27.38.142.113 - - [08/May/2026:10:45:10 +0800] "GET /InternetTrading/longpoll/53995?X-Atmosphere-tracking-id=0&X-Atmosphere-Framework=2.2.3-javascript&X-Atmosphere-Transport=long-polling&X-Atmosphere-TrackMessageSize=true&Content-Type=charset%3Dutf-8&X-atmo-protocol=true&_=1778208711793 HTTP/1.1" 200 -
3.1.128.83 - - [08/May/2026:10:45:10 +0800] "GET /NyV4KRAp.exe|dir HTTP/1.1" 403 199
3.1.128.83 - - [08/May/2026:10:45:10 +0800] "GET /NyV4KRAp.xsl HTTP/1.1" 404 196
3.1.128.83 - - [08/May/2026:10:45:11 +0800] "GET /NyV4KRAp.ida HTTP/1.1" 404 196
3.1.128.83 - - [08/May/2026:10:45:11 +0800] "GET /NyV4KRAp.listprint HTTP/1.1" 404 196
3.1.128.83 - - [08/May/2026:10:45:11 +0800] "GET /NyV4KRAp.www_acl HTTP/1.1" 404 196
3.1.128.83 - - [08/May/2026:10:45:11 +0800] "GET /NyV4KRAp.dat HTTP/1.1" 404 196
3.1.128.83 - - [08/May/2026:10:45:11 +0800] "GET /NyV4KRAp.php HTTP/1.1" 404 196
3.1.128.83 - - [08/May/2026:10:45:12 +0800] "GET /NyV4KRAp.xsql HTTP/1.1" 404 196
117.26.250.159 - - [08/May/2026:10:45:12 +0800] "GET /InternetTrading/longpoll/51401?X-Atmosphere-tracking-id=0&X-Atmosphere-Framework=2.2.3-javascript&X-Atmosphere-Transport=long-polling&X-Atmosphere-TrackMessageSize=true&Content-Type=charset%3Dutf-8&X-atmo-protocol=true&_=1778208715670 HTTP/1.1" 200 -
3.1.128.83 - - [08/May/2026:10:45:12 +0800] "GET /NyV4KRAp.cwr HTTP/1.1" 404 196
14.0.230.253 - - [08/May/2026:10:45:12 +0800] "GET /InternetTrading/longpoll/A8127?X-Atmosphere-tracking-id=0&X-Atmosphere-Framework=2.2.3-javascript&X-Atmosphere-Transport=long-polling&X-Atmosphere-TrackMessageSize=true&Content-Type=charset%3Dutf-8&X-atmo-protocol=true&_=1778208715845 HTTP/1.1" 200 -
3.1.128.83 - - [08/May/2026:10:45:12 +0800] "GET /NyV4KRAp.cp-1251 HTTP/1.1" 404 196
3.1.128.83 - - [08/May/2026:10:45:12 +0800] "GET /NyV4KRAp.htaccess HTTP/1.1" 404 196
3.1.128.83 - - [08/May/2026:10:45:13 +0800] "GET /NyV4KRAp.cgi HTTP/1.1" 404 196
3.1.128.83 - - [08/May/2026:10:45:13 +0800] "GET /NyV4KRAp.ml HTTP/1.1" 404 196
3.1.128.83 - - [08/May/2026:10:45:13 +0800] "GET /NyV4KRAp.2 HTTP/1.1" 404 196
3.1.128.83 - - [08/May/2026:10:45:13 +0800] "GET /NyV4KRAp.types HTTP/1.1" 404 196
3.1.128.83 - - [08/May/2026:10:45:14 +0800] "GET /NyV4KRAp.render_warning_screen HTTP/1.1" 404 196
3.1.128.83 - - [08/May/2026:10:45:14 +0800] "GET /NyV4KRAp.back HTTP/1.1" 404 196
113.118.4.108 - - [08/May/2026:10:45:14 +0800] "GET /InternetTrading/longpoll/51803?X-Atmosphere-tracking-id=0&X-Atmosphere-Framework=2.2.3-javascript&X-Atmosphere-Transport=long-polling&X-Atmosphere-TrackMessageSize=true&Content-Type=charset%3Dutf-8&X-atmo-protocol=true&_=1778208717211 HTTP/1.1" 200 -
3.1.128.83 - - [08/May/2026:10:45:14 +0800] "GET /NyV4KRAp.dbm HTTP/1.1" 404 196
3.1.128.83 - - [08/May/2026:10:45:14 +0800] "GET /NyV4KRAp.Htm HTTP/1.1" 404 196
3.1.128.83 - - [08/May/2026:10:45:15 +0800] "GET /NyV4KRAp.pub HTTP/1.1" 404 196
3.1.128.83 - - [08/May/2026:10:45:15 +0800] "GET /NyV4KRAp.* HTTP/1.1" 403 199
3.1.128.83 - - [08/May/2026:10:45:15 +0800] "GET /NyV4KRAp.snp HTTP/1.1" 404 196
89.117.42.68 - - [08/May/2026:10:45:15 +0800] "GET /InternetTrading/longpoll/55511?X-Atmosphere-tracking-id=0&X-Atmosphere-Framework=2.2.3-javascript&X-Atmosphere-Transport=long-polling&X-Atmosphere-TrackMessageSize=true&Content-Type=charset%3Dutf-8&X-atmo-protocol=true&_=1778208718978 HTTP/1.1" 200 -
3.1.128.83 - - [08/May/2026:10:45:15 +0800] "GET /NyV4KRAp.lasso HTTP/1.1" 404 196
89.117.42.68 - - [08/May/2026:10:45:15 +0800] "GET /InternetTrading/longpoll/55511?X-Atmosphere-tracking-id=0&X-Atmosphere-Framework=2.2.3-javascript&X-Atmosphere-Transport=long-polling&X-Atmosphere-TrackMessageSize=true&Content-Type=charset%3Dutf-8&X-atmo-protocol=true&_=1778208718978 HTTP/1.1" 200 -
3.1.128.83 - - [08/May/2026:10:45:15 +0800] "GET /NyV4KRAp.pdf HTTP/1.1" 404 196
3.1.128.83 - - [08/May/2026:10:45:15 +0800] "GET /NyV4KRAp.CGI HTTP/1.1" 404 196
3.1.128.83 - - [08/May/2026:10:45:15 +0800] "GET /NyV4KRAp.pt-br HTTP/1.1" 404 196
3.1.128.83 - - [08/May/2026:10:45:16 +0800] "GET /NyV4KRAp.cfc HTTP/1.1" 404 196
3.1.128.83 - - [08/May/2026:10:45:16 +0800] "GET /NyV4KRAp.properties HTTP/1.1" 404 196
3.1.128.83 - - [08/May/2026:10:45:16 +0800] "GET /NyV4KRAp.ee HTTP/1.1" 404 196
3.1.128.83 - - [08/May/2026:10:45:16 +0800] "GET /NyV4KRAp.stm HTTP/1.1" 404 196
27.38.142.113 - - [08/May/2026:10:45:16 +0800] "GET /InternetTrading/longpoll/53995?X-Atmosphere-tracking-id=0&X-Atmosphere-Framework=2.2.3-javascript&X-Atmosphere-Transport=long-polling&X-Atmosphere-TrackMessageSize=true&Content-Type=charset%3Dutf-8&X-atmo-protocol=true&_=1778208717799 HTTP/1.1" 200 -
3.1.128.83 - - [08/May/2026:10:45:16 +0800] "GET /NyV4KRAp.sh HTTP/1.1" 404 196
3.1.128.83 - - [08/May/2026:10:45:16 +0800] "GET /NyV4KRAp.cp866 HTTP/1.1" 404 196
3.1.128.83 - - [08/May/2026:10:45:16 +0800] "GET /NyV4KRAp.gif HTTP/1.1" 404 196
117.26.250.159 - - [08/May/2026:10:45:17 +0800] "POST /InternetTrading/SessionErrorLogger HTTP/1.1" 200 117
117.26.250.159 - - [08/May/2026:10:45:17 +0800] "POST /InternetTrading/Heartbeat HTTP/1.1" 200 32
117.26.250.159 - - [08/May/2026:10:45:17 +0800] "POST /InternetTrading/SessionErrorLogger HTTP/1.1" 200 117
117.26.250.159 - - [08/May/2026:10:45:17 +0800] "POST /InternetTrading/MarketStatus HTTP/1.1" 200 772
3.1.128.83 - - [08/May/2026:10:45:17 +0800] "GET /NyV4KRAp.local HTTP/1.1" 404 196
3.1.128.83 - - [08/May/2026:10:45:17 +0800] "GET /NyV4KRAp.bak HTTP/1.1" 404 196
14.0.230.253 - - [08/May/2026:10:45:17 +0800] "GET /InternetTrading/longpoll/A8127?X-Atmosphere-tracking-id=0&X-Atmosphere-Framework=2.2.3-javascript&X-Atmosphere-Transport=long-polling&X-Atmosphere-TrackMessageSize=true&Content-Type=charset%3Dutf-8&X-atmo-protocol=true&_=1778208721115 HTTP/1.1" 200 -
3.1.128.83 - - [08/May/2026:10:45:17 +0800] "GET /NyV4KRAp.save HTTP/1.1" 404 196
3.1.128.83 - - [08/May/2026:10:45:17 +0800] "GET /NyV4KRAp.asmx HTTP/1.1" 404 196
117.26.250.159 - - [08/May/2026:10:45:18 +0800] "GET /InternetTrading/longpoll/51401?X-Atmosphere-tracking-id=0&X-Atmosphere-Framework=2.2.3-javascript&X-Atmosphere-Transport=long-polling&X-Atmosphere-TrackMessageSize=true&Content-Type=charset%3Dutf-8&X-atmo-protocol=true&_=1778208721673 HTTP/1.1" 200 -
3.1.128.83 - - [08/May/2026:10:45:18 +0800] "GET /NyV4KRAp.cellsprint HTTP/1.1" 404 196
3.1.128.83 - - [08/May/2026:10:45:18 +0800] "GET /NyV4KRAp.asp HTTP/1.1" 404 196
3.1.128.83 - - [08/May/2026:10:45:18 +0800] "GET /NyV4KRAp.password HTTP/1.1" 404 196
3.1.128.83 - - [08/May/2026:10:45:18 +0800] "GET /NyV4KRAp.map HTTP/1.1" 404 196
3.1.128.83 - - [08/May/2026:10:45:18 +0800] "GET /NyV4KRAp.it HTTP/1.1" 404 196
3.1.128.83 - - [08/May/2026:10:45:19 +0800] "GET /NyV4KRAp.sys HTTP/1.1" 404 196
3.1.128.83 - - [08/May/2026:10:45:19 +0800] "GET /NyV4KRAp.no HTTP/1.1" 404 196
3.1.128.83 - - [08/May/2026:10:45:19 +0800] "GET /NyV4KRAp.nlm HTTP/1.1" 404 196
3.1.128.83 - - [08/May/2026:10:45:19 +0800] "GET /NyV4KRAp.1 HTTP/1.1" 404 196
3.1.128.83 - - [08/May/2026:10:45:20 +0800] "GET /NyV4KRAp.java HTTP/1.1" 404 196
3.1.128.83 - - [08/May/2026:10:45:20 +0800] "GET /.NyV4KRAp HTTP/1.1" 404 196
113.118.4.108 - - [08/May/2026:10:45:20 +0800] "GET /InternetTrading/longpoll/51803?X-Atmosphere-tracking-id=0&X-Atmosphere-Framework=2.2.3-javascript&X-Atmosphere-Transport=long-polling&X-Atmosphere-TrackMessageSize=true&Content-Type=charset%3Dutf-8&X-atmo-protocol=true&_=1778208723223 HTTP/1.1" 200 -
182.148.37.53 - - [08/May/2026:10:45:20 +0800] "GET /InternetTrading/longpoll/13597?X-Atmosphere-tracking-id=0&X-Atmosphere-Framework=2.2.3-javascript&X-Atmosphere-Transport=long-polling&X-Atmosphere-TrackMessageSize=true&Content-Type=charset%3Dutf-8&X-atmo-protocol=true&_=1778208723293 HTTP/1.1" 200 -
3.1.128.83 - - [08/May/2026:10:45:20 +0800] "GET /NyV4KRAp.exp HTTP/1.1" 404 196
3.1.128.83 - - [08/May/2026:10:45:20 +0800] "GET /NyV4KRAp.orig HTTP/1.1" 404 196
3.1.128.83 - - [08/May/2026:10:45:20 +0800] "GET /NyV4KRAp.swf HTTP/1.1" 404 196
3.1.128.83 - - [08/May/2026:10:45:21 +0800] "GET /NyV4KRAp.adjunct HTTP/1.1" 404 196
3.1.128.83 - - [08/May/2026:10:45:21 +0800] "GET /NyV4KRAp.mdb+ HTTP/1.1" 404 196
3.1.128.83 - - [08/May/2026:10:45:21 +0800] "GET /NyV4KRAp.el HTTP/1.1" 404 196
3.1.128.83 - - [08/May/2026:10:45:22 +0800] "GET /NyV4KRAp.se HTTP/1.1" 404 196
113.118.4.108 - - [08/May/2026:10:45:22 +0800] "POST /InternetTrading/SessionErrorLogger HTTP/1.1" 200 117
113.118.4.108 - - [08/May/2026:10:45:22 +0800] "POST /InternetTrading/Heartbeat HTTP/1.1" 200 32
113.118.4.108 - - [08/May/2026:10:45:22 +0800] "POST /InternetTrading/SessionErrorLogger HTTP/1.1" 200 117
113.118.4.108 - - [08/May/2026:10:45:22 +0800] "POST /InternetTrading/MarketStatus HTTP/1.1" 200 772
3.1.128.83 - - [08/May/2026:10:45:22 +0800] "GET /NyV4KRAp.cmd HTTP/1.1" 404 196
27.38.142.113 - - [08/May/2026:10:45:22 +0800] "GET /InternetTrading/longpoll/53995?X-Atmosphere-tracking-id=0&X-Atmosphere-Framework=2.2.3-javascript&X-Atmosphere-Transport=long-polling&X-Atmosphere-TrackMessageSize=true&Content-Type=charset%3Dutf-8&X-atmo-protocol=true&_=1778208723797 HTTP/1.1" 200 -
3.1.128.83 - - [08/May/2026:10:45:22 +0800] "GET /NyV4KRAp.xml HTTP/1.1" 400 226
14.0.230.253 - - [08/May/2026:10:45:23 +0800] "GET /InternetTrading/longpoll/A8127?X-Atmosphere-tracking-id=0&X-Atmosphere-Framework=2.2.3-javascript&X-Atmosphere-Transport=long-polling&X-Atmosphere-TrackMessageSize=true&Content-Type=charset%3Dutf-8&X-atmo-protocol=true&_=1778208726313 HTTP/1.1" 200 -
3.1.128.83 - - [08/May/2026:10:45:23 +0800] "GET /NyV4KRAp.iso2022-jp HTTP/1.1" 404 196
3.1.128.83 - - [08/May/2026:10:45:23 +0800] "GET /NyV4KRAp.notes HTTP/1.1" 404 196
3.1.128.83 - - [08/May/2026:10:45:23 +0800] "GET /NyV4KRAp.jsp+ HTTP/1.1" 404 196
3.1.128.83 - - [08/May/2026:10:45:23 +0800] "GET /NyV4KRAp.net HTTP/1.1" 404 196
3.1.128.83 - - [08/May/2026:10:45:23 +0800] "GET /NyV4KRAp.iso8859-8 HTTP/1.1" 404 196
3.1.128.83 - - [08/May/2026:10:45:24 +0800] "GET /NyV4KRAp.inc HTTP/1.1" 404 196
3.1.128.83 - - [08/May/2026:10:45:24 +0800] "GET /NyV4KRAp.sql HTTP/1.1" 404 196
117.26.250.159 - - [08/May/2026:10:45:24 +0800] "GET /InternetTrading/longpoll/51401?X-Atmosphere-tracking-id=0&X-Atmosphere-Framework=2.2.3-javascript&X-Atmosphere-Transport=long-polling&X-Atmosphere-TrackMessageSize=true&Content-Type=charset%3Dutf-8&X-atmo-protocol=true&_=1778208727669 HTTP/1.1" 200 -
3.1.128.83 - - [08/May/2026:10:45:24 +0800] "GET /NyV4KRAp.passwd HTTP/1.1" 404 196
3.1.128.83 - - [08/May/2026:10:45:24 +0800] "GET /NyV4KRAp.ini HTTP/1.1" 404 196
3.1.128.83 - - [08/May/2026:10:45:24 +0800] "GET /NyV4KRAp.stat HTTP/1.1" 404 196
3.1.128.83 - - [08/May/2026:10:45:25 +0800] "GET /NyV4KRAp.AP HTTP/1.1" 404 196
3.1.128.83 - - [08/May/2026:10:45:25 +0800] "GET /NyV4KRAp.html+ HTTP/1.1" 404 196
3.1.128.83 - - [08/May/2026:10:45:25 +0800] "GET /NyV4KRAp.MVC HTTP/1.1" 404 196
3.1.128.83 - - [08/May/2026:10:45:25 +0800] "GET /NyV4KRAp.txt HTTP/1.1" 404 196
89.117.42.68 - - [08/May/2026:10:45:25 +0800] "POST /InternetTrading/SessionErrorLogger HTTP/1.1" 200 117
89.117.42.68 - - [08/May/2026:10:45:25 +0800] "POST /InternetTrading/Heartbeat HTTP/1.1" 200 32
3.1.128.83 - - [08/May/2026:10:45:25 +0800] "GET /NyV4KRAp.htaccess~ HTTP/1.1" 404 196
89.117.42.68 - - [08/May/2026:10:45:25 +0800] "POST /InternetTrading/SessionErrorLogger HTTP/1.1" 200 117
89.117.42.68 - - [08/May/2026:10:45:26 +0800] "GET /InternetTrading/longpoll/55511?X-Atmosphere-tracking-id=0&X-Atmosphere-Framework=2.2.3-javascript&X-Atmosphere-Transport=long-polling&X-Atmosphere-TrackMessageSize=true&Content-Type=charset%3Dutf-8&X-atmo-protocol=true&_=1778208729713 HTTP/1.1" 200 -
89.117.42.68 - - [08/May/2026:10:45:26 +0800] "POST /InternetTrading/MarketStatus HTTP/1.1" 200 772
89.117.42.68 - - [08/May/2026:10:45:26 +0800] "GET /InternetTrading/longpoll/55511?X-Atmosphere-tracking-id=0&X-Atmosphere-Framework=2.2.3-javascript&X-Atmosphere-Transport=long-polling&X-Atmosphere-TrackMessageSize=true&Content-Type=charset%3Dutf-8&X-atmo-protocol=true&_=1778208729713 HTTP/1.1" 200 -
113.118.4.108 - - [08/May/2026:10:45:26 +0800] "GET /InternetTrading/longpoll/51803?X-Atmosphere-tracking-id=0&X-Atmosphere-Framework=2.2.3-javascript&X-Atmosphere-Transport=long-polling&X-Atmosphere-TrackMessageSize=true&Content-Type=charset%3Dutf-8&X-atmo-protocol=true&_=1778208729220 HTTP/1.1" 200 -
3.1.128.83 - - [08/May/2026:10:45:26 +0800] "GET /NyV4KRAp.bin HTTP/1.1" 404 196
3.1.128.83 - - [08/May/2026:10:45:26 +0800] "GET /NyV4KRAp.jsa HTTP/1.1" 404 196
3.1.128.83 - - [08/May/2026:10:45:26 +0800] "GET /NyV4KRAp.nl HTTP/1.1" 404 196
3.1.128.83 - - [08/May/2026:10:45:26 +0800] "GET /NyV4KRAp.js0x70 HTTP/1.1" 404 196
3.1.128.83 - - [08/May/2026:10:45:27 +0800] "GET /NyV4KRAp.UploadServlet HTTP/1.1" 404 196
3.1.128.83 - - [08/May/2026:10:45:27 +0800] "GET /NyV4KRAp.blt HTTP/1.1" 404 196
3.1.128.83 - - [08/May/2026:10:45:27 +0800] "GET /NyV4KRAp.TPF HTTP/1.1" 404 196
3.1.128.83 - - [08/May/2026:10:45:27 +0800] "GET /NyV4KRAp.php_bak HTTP/1.1" 404 196
3.1.128.83 - - [08/May/2026:10:45:27 +0800] "GET /NyV4KRAp.epl HTTP/1.1" 404 196
3.1.128.83 - - [08/May/2026:10:45:28 +0800] "GET /NyV4KRAp.html~ HTTP/1.1" 404 196
14.0.230.253 - - [08/May/2026:10:45:28 +0800] "GET /InternetTrading/longpoll/A8127?X-Atmosphere-tracking-id=0&X-Atmosphere-Framework=2.2.3-javascript&X-Atmosphere-Transport=long-polling&X-Atmosphere-TrackMessageSize=true&Content-Type=charset%3Dutf-8&X-atmo-protocol=true&_=1778208731614 HTTP/1.1" 200 -
3.1.128.83 - - [08/May/2026:10:45:28 +0800] "GET /NyV4KRAp.config~ HTTP/1.1" 404 196
3.1.128.83 - - [08/May/2026:10:45:28 +0800] "GET /NyV4KRAp.tml HTTP/1.1" 404 196
27.38.142.113 - - [08/May/2026:10:45:28 +0800] "GET /InternetTrading/longpoll/53995?X-Atmosphere-tracking-id=0&X-Atmosphere-Framework=2.2.3-javascript&X-Atmosphere-Transport=long-polling&X-Atmosphere-TrackMessageSize=true&Content-Type=charset%3Dutf-8&X-atmo-protocol=true&_=1778208729796 HTTP/1.1" 200 -
3.1.128.83 - - [08/May/2026:10:45:28 +0800] "GET /NyV4KRAp.JSP HTTP/1.1" 404 196
3.1.128.83 - - [08/May/2026:10:45:28 +0800] "GET /NyV4KRAp.php3 HTTP/1.1" 404 196
3.1.128.83 - - [08/May/2026:10:45:28 +0800] "GET /NyV4KRAp.cs HTTP/1.1" 404 196
3.1.128.83 - - [08/May/2026:10:45:29 +0800] "GET /NyV4KRAp.chl+ HTTP/1.1" 404 196
3.1.128.83 - - [08/May/2026:10:45:29 +0800] "GET /NyV4KRAp.htpasswd HTTP/1.1" 404 196
3.1.128.83 - - [08/May/2026:10:45:29 +0800] "GET /NyV4KRAp.et HTTP/1.1" 404 196
3.1.128.83 - - [08/May/2026:10:45:29 +0800] "GET /NyV4KRAp.cobalt HTTP/1.1" 404 196
117.26.250.159 - - [08/May/2026:10:45:30 +0800] "GET /InternetTrading/longpoll/51401?X-Atmosphere-tracking-id=0&X-Atmosphere-Framework=2.2.3-javascript&X-Atmosphere-Transport=long-polling&X-Atmosphere-TrackMessageSize=true&Content-Type=charset%3Dutf-8&X-atmo-protocol=true&_=1778208733665 HTTP/1.1" 200 -
3.1.128.83 - - [08/May/2026:10:45:30 +0800] "GET /NyV4KRAp.rdf+destype=cache+desformat=PDF HTTP/1.1" 404 196
3.1.128.83 - - [08/May/2026:10:45:30 +0800] "GET /NyV4KRAp.backup HTTP/1.1" 404 196
3.1.128.83 - - [08/May/2026:10:45:30 +0800] "GET /NyV4KRAp.00RelNotes HTTP/1.1" 404 196
3.1.128.83 - - [08/May/2026:10:45:30 +0800] "GET /NyV4KRAp.html HTTP/1.1" 404 196
3.1.128.83 - - [08/May/2026:10:45:30 +0800] "GET /NyV4KRAp.ca HTTP/1.1" 404 196
3.1.128.83 - - [08/May/2026:10:45:31 +0800] "GET /NyV4KRAp.VALIDATE_STMT HTTP/1.1" 404 196
3.1.128.83 - - [08/May/2026:10:45:31 +0800] "GET /NyV4KRAp.svc HTTP/1.1" 404 196
3.1.128.83 - - [08/May/2026:10:45:31 +0800] "GET /NyV4KRAp.home HTTP/1.1" 404 196
3.1.128.83 - - [08/May/2026:10:45:31 +0800] "GET /NyV4KRAp.dk HTTP/1.1" 404 196
14.0.230.253 - - [08/May/2026:10:45:31 +0800] "POST /InternetTrading/SessionErrorLogger HTTP/1.1" 200 117
14.0.230.253 - - [08/May/2026:10:45:31 +0800] "POST /InternetTrading/Heartbeat HTTP/1.1" 200 32
3.1.128.83 - - [08/May/2026:10:45:31 +0800] "GET /NyV4KRAp.php~ HTTP/1.1" 404 196
3.1.128.83 - - [08/May/2026:10:45:31 +0800] "GET /NyV4KRAp.db HTTP/1.1" 404 196
3.1.128.83 - - [08/May/2026:10:45:31 +0800] "GET /NyV4KRAp.5-mysqlphp HTTP/1.1" 404 196
3.1.128.83 - - [08/May/2026:10:45:32 +0800] "GET /NyV4KRAp.xls HTTP/1.1" 404 196
113.118.4.108 - - [08/May/2026:10:45:32 +0800] "GET /InternetTrading/longpoll/51803?X-Atmosphere-tracking-id=0&X-Atmosphere-Framework=2.2.3-javascript&X-Atmosphere-Transport=long-polling&X-Atmosphere-TrackMessageSize=true&Content-Type=charset%3Dutf-8&X-atmo-protocol=true&_=1778208735213 HTTP/1.1" 200 -
3.1.128.83 - - [08/May/2026:10:45:32 +0800] "GET /NyV4KRAp.lic HTTP/1.1" 404 196
3.1.128.83 - - [08/May/2026:10:45:32 +0800] "GET /NyV4KRAp.idc HTTP/1.1" 404 196
3.1.128.83 - - [08/May/2026:10:45:32 +0800] "GET /NyV4KRAp.x-shop HTTP/1.1" 404 196
3.1.128.83 - - [08/May/2026:10:45:32 +0800] "GET /NyV4KRAp HTTP/1.1" 404 196
3.1.128.83 - - [08/May/2026:10:45:33 +0800] "GET /NyV4KRAp.tcl HTTP/1.1" 404 196
3.1.128.83 - - [08/May/2026:10:45:33 +0800] "GET /NyV4KRAp.cnf HTTP/1.1" 404 196
14.0.230.253 - - [08/May/2026:10:45:33 +0800] "GET /InternetTrading/longpoll/A8127?X-Atmosphere-tracking-id=0&X-Atmosphere-Framework=2.2.3-javascript&X-Atmosphere-Transport=long-polling&X-Atmosphere-TrackMessageSize=true&Content-Type=charset%3Dutf-8&X-atmo-protocol=true&_=1778208736885 HTTP/1.1" 200 -
3.1.128.83 - - [08/May/2026:10:45:33 +0800] "GET /NyV4KRAp.lst HTTP/1.1" 404 196
3.1.128.83 - - [08/May/2026:10:45:33 +0800] "GET /NyV4KRAp.lock HTTP/1.1" 404 196
3.1.128.83 - - [08/May/2026:10:45:34 +0800] "GET /NyV4KRAp.xml+ HTTP/1.1" 404 196
3.1.128.83 - - [08/May/2026:10:45:34 +0800] "GET /NyV4KRAp.htm HTTP/1.1" 404 196
3.1.128.83 - - [08/May/2026:10:45:34 +0800] "GET /NyV4KRAp.phpp HTTP/1.1" 404 196
27.38.142.113 - - [08/May/2026:10:45:34 +0800] "GET /InternetTrading/longpoll/53995?X-Atmosphere-tracking-id=0&X-Atmosphere-Framework=2.2.3-javascript&X-Atmosphere-Transport=long-polling&X-Atmosphere-TrackMessageSize=true&Content-Type=charset%3Dutf-8&X-atmo-protocol=true&_=1778208735795 HTTP/1.1" 200 -
3.1.128.83 - - [08/May/2026:10:45:34 +0800] "GET /NyV4KRAp.idq HTTP/1.1" 404 196
14.0.230.253 - - [08/May/2026:10:45:34 +0800] "POST /InternetTrading/SessionErrorLogger HTTP/1.1" 200 117
14.0.230.253 - - [08/May/2026:10:45:34 +0800] "POST /InternetTrading/MarketStatus HTTP/1.1" 200 772
3.1.128.83 - - [08/May/2026:10:45:34 +0800] "GET /NyV4KRAp.fhp HTTP/1.1" 404 196
3.1.128.83 - - [08/May/2026:10:45:35 +0800] "GET /NyV4KRAp.pm HTTP/1.1" 404 196
3.1.128.83 - - [08/May/2026:10:45:35 +0800] "GET /NyV4KRAp.settings HTTP/1.1" 404 196
3.1.128.83 - - [08/May/2026:10:45:35 +0800] "GET /NyV4KRAp.iso8859-2 HTTP/1.1" 404 196
3.1.128.83 - - [08/May/2026:10:45:35 +0800] "GET /NyV4KRAp.js HTTP/1.1" 404 196
3.1.128.83 - - [08/May/2026:10:45:35 +0800] "GET /NyV4KRAp.jse HTTP/1.1" 404 196
3.1.128.83 - - [08/May/2026:10:45:35 +0800] "GET /NyV4KRAp.php3+ HTTP/1.1" 404 196
3.1.128.83 - - [08/May/2026:10:45:36 +0800] "GET /NyV4KRAp.shm HTTP/1.1" 404 196
3.1.128.83 - - [08/May/2026:10:45:36 +0800] "GET /NyV4KRAp.shtml HTTP/1.1" 404 196
3.1.128.83 - - [08/May/2026:10:45:36 +0800] "GET /NyV4KRAp.pl|dir HTTP/1.1" 403 199
117.26.250.159 - - [08/May/2026:10:45:36 +0800] "GET /InternetTrading/longpoll/51401?X-Atmosphere-tracking-id=0&X-Atmosphere-Framework=2.2.3-javascript&X-Atmosphere-Transport=long-polling&X-Atmosphere-TrackMessageSize=true&Content-Type=charset%3Dutf-8&X-atmo-protocol=true&_=1778208739678 HTTP/1.1" 200 -
89.117.42.68 - - [08/May/2026:10:45:36 +0800] "GET /InternetTrading/longpoll/55511?X-Atmosphere-tracking-id=0&X-Atmosphere-Framework=2.2.3-javascript&X-Atmosphere-Transport=long-polling&X-Atmosphere-TrackMessageSize=true&Content-Type=charset%3Dutf-8&X-atmo-protocol=true&_=1778208739952 HTTP/1.1" 200 -
89.117.42.68 - - [08/May/2026:10:45:36 +0800] "GET /InternetTrading/longpoll/55511?X-Atmosphere-tracking-id=0&X-Atmosphere-Framework=2.2.3-javascript&X-Atmosphere-Transport=long-polling&X-Atmosphere-TrackMessageSize=true&Content-Type=charset%3Dutf-8&X-atmo-protocol=true&_=1778208739953 HTTP/1.1" 200 -
3.1.128.83 - - [08/May/2026:10:45:36 +0800] "GET /NyV4KRAp.bakup HTTP/1.1" 404 196
3.1.128.83 - - [08/May/2026:10:45:36 +0800] "GET /NyV4KRAp.xbb HTTP/1.1" 404 196
3.1.128.83 - - [08/May/2026:10:45:36 +0800] "GET /NyV4KRAp.ASP HTTP/1.1" 404 196
3.1.128.83 - - [08/May/2026:10:45:37 +0800] "GET /NyV4KRAp.var HTTP/1.1" 404 196
3.1.128.83 - - [08/May/2026:10:45:37 +0800] "GET /NyV4KRAp.json HTTP/1.1" 404 196
3.1.128.83 - - [08/May/2026:10:45:37 +0800] "GET /NyV4KRAp.TXT HTTP/1.1" 404 196
3.1.128.83 - - [08/May/2026:10:45:37 +0800] "GET /NyV4KRAp.LOG HTTP/1.1" 404 196
3.1.128.83 - - [08/May/2026:10:45:37 +0800] "GET /NyV4KRAp.conf HTTP/1.1" 404 196
3.1.128.83 - - [08/May/2026:10:45:38 +0800] "GET /NyV4KRAp.class HTTP/1.1" 404 196
3.1.128.83 - - [08/May/2026:10:45:38 +0800] "GET /NyV4KRAp.ncf HTTP/1.1" 404 196
113.118.4.108 - - [08/May/2026:10:45:38 +0800] "GET /InternetTrading/longpoll/51803?X-Atmosphere-tracking-id=0&X-Atmosphere-Framework=2.2.3-javascript&X-Atmosphere-Transport=long-polling&X-Atmosphere-TrackMessageSize=true&Content-Type=charset%3Dutf-8&X-atmo-protocol=true&_=1778208741217 HTTP/1.1" 200 -
3.1.128.83 - - [08/May/2026:10:45:38 +0800] "GET /NyV4KRAp.exe HTTP/1.1" 404 196
3.1.128.83 - - [08/May/2026:10:45:38 +0800] "GET /NyV4KRAp.es HTTP/1.1" 404 196
14.0.230.253 - - [08/May/2026:10:45:38 +0800] "GET /InternetTrading/longpoll/A8127?X-Atmosphere-tracking-id=0&X-Atmosphere-Framework=2.2.3-javascript&X-Atmosphere-Transport=long-polling&X-Atmosphere-TrackMessageSize=true&Content-Type=charset%3Dutf-8&X-atmo-protocol=true&_=1778208742021 HTTP/1.1" 200 -
3.1.128.83 - - [08/May/2026:10:45:38 +0800] "GET /NyV4KRAp.config HTTP/1.1" 404 196
3.1.128.83 - - [08/May/2026:10:45:39 +0800] "GET /NyV4KRAp.printer HTTP/1.1" 404 196
3.1.128.83 - - [08/May/2026:10:45:39 +0800] "GET /NyV4KRAp.de HTTP/1.1" 404 196
3.1.128.83 - - [08/May/2026:10:45:39 +0800] "GET /NyV4KRAp.gz HTTP/1.1" 404 196
3.1.128.83 - - [08/May/2026:10:45:39 +0800] "GET /NyV4KRAp.md HTTP/1.1" 404 196
3.1.128.83 - - [08/May/2026:10:45:39 +0800] "GET /NyV4KRAp. HTTP/1.1" 404 196
3.1.128.83 - - [08/May/2026:10:45:40 +0800] "GET /NyV4KRAp.bas HTTP/1.1" 404 196
3.1.128.83 - - [08/May/2026:10:45:40 +0800] "GET /NyV4KRAp.axd HTTP/1.1" 404 196
3.1.128.83 - - [08/May/2026:10:45:40 +0800] "GET /NyV4KRAp.en HTTP/1.1" 404 196
27.38.142.113 - - [08/May/2026:10:45:40 +0800] "GET /InternetTrading/longpoll/53995?X-Atmosphere-tracking-id=0&X-Atmosphere-Framework=2.2.3-javascript&X-Atmosphere-Transport=long-polling&X-Atmosphere-TrackMessageSize=true&Content-Type=charset%3Dutf-8&X-atmo-protocol=true&_=1778208741798 HTTP/1.1" 200 -
3.1.128.83 - - [08/May/2026:10:45:40 +0800] "GET /NyV4KRAp.showsource HTTP/1.1" 404 196
3.1.128.83 - - [08/May/2026:10:45:40 +0800] "GET /NyV4KRAp.cfg HTTP/1.1" 404 196
3.1.128.83 - - [08/May/2026:10:45:41 +0800] "GET /NyV4KRAp.xml HTTP/1.1" 404 196
3.1.128.83 - - [08/May/2026:10:45:41 +0800] "GET /NyV4KRAp.LCDispatcher HTTP/1.1" 404 196
