89.117.42.68 - - [08/May/2026:10:46:49 +0800] "GET /InternetTrading/longpoll/55511?X-Atmosphere-tracking-id=0&X-Atmosphere-Framework=2.2.3-javascript&X-Atmosphere-Transport=long-polling&X-Atmosphere-TrackMessageSize=true&Content-Type=charset%3Dutf-8&X-atmo-protocol=true&_=1778208812561 HTTP/1.1" 200 -
3.1.128.83 - - [08/May/2026:10:46:49 +0800] "GET /cgi-bin/lwgate HTTP/1.1" 403 199
89.117.42.68 - - [08/May/2026:10:46:49 +0800] "GET /InternetTrading/longpoll/55511?X-Atmosphere-tracking-id=0&X-Atmosphere-Framework=2.2.3-javascript&X-Atmosphere-Transport=long-polling&X-Atmosphere-TrackMessageSize=true&Content-Type=charset%3Dutf-8&X-atmo-protocol=true&_=1778208812561 HTTP/1.1" 200 -
3.1.128.83 - - [08/May/2026:10:46:49 +0800] "GET /bin/LWGate HTTP/1.1" 404 196
3.1.128.83 - - [08/May/2026:10:46:49 +0800] "GET /cgi-bin/LWGate HTTP/1.1" 403 199
3.1.128.83 - - [08/May/2026:10:46:49 +0800] "GET /bin/perlshop.cgi HTTP/1.1" 404 196
3.1.128.83 - - [08/May/2026:10:46:49 +0800] "GET /cgi-bin/perlshop.cgi HTTP/1.1" 403 199
3.1.128.83 - - [08/May/2026:10:46:50 +0800] "GET /cfappman/index.cfm HTTP/1.1" 404 196
3.1.128.83 - - [08/May/2026:10:46:50 +0800] "GET /cfdocs/examples/cvbeans/beaninfo.cfm HTTP/1.1" 404 196
113.118.4.108 - - [08/May/2026:10:46:50 +0800] "GET /InternetTrading/longpoll/51803?X-Atmosphere-tracking-id=0&X-Atmosphere-Framework=2.2.3-javascript&X-Atmosphere-Transport=long-polling&X-Atmosphere-TrackMessageSize=true&Content-Type=charset%3Dutf-8&X-atmo-protocol=true&_=1778208813225 HTTP/1.1" 200 -
3.1.128.83 - - [08/May/2026:10:46:50 +0800] "GET /cfdocs/examples/parks/detail.cfm HTTP/1.1" 404 196
3.1.128.83 - - [08/May/2026:10:46:50 +0800] "GET /kboard/ HTTP/1.1" 404 196
3.1.128.83 - - [08/May/2026:10:46:50 +0800] "GET /lists/admin/ HTTP/1.1" 404 196
3.1.128.83 - - [08/May/2026:10:46:51 +0800] "GET /splashAdmin.php HTTP/1.1" 404 196
3.1.128.83 - - [08/May/2026:10:46:51 +0800] "GET /ssdefs/ HTTP/1.1" 404 196
3.1.128.83 - - [08/May/2026:10:46:51 +0800] "GET /sshome/ HTTP/1.1" 404 196
3.1.128.83 - - [08/May/2026:10:46:51 +0800] "GET /tiki/ HTTP/1.1" 404 196
3.1.128.83 - - [08/May/2026:10:46:51 +0800] "GET /tiki/tiki-install.php HTTP/1.1" 404 196
27.38.142.113 - - [08/May/2026:10:46:52 +0800] "GET /InternetTrading/longpoll/53995?X-Atmosphere-tracking-id=0&X-Atmosphere-Framework=2.2.3-javascript&X-Atmosphere-Transport=long-polling&X-Atmosphere-TrackMessageSize=true&Content-Type=charset%3Dutf-8&X-atmo-protocol=true&_=1778208813798 HTTP/1.1" 200 -
3.1.128.83 - - [08/May/2026:10:46:52 +0800] "GET /scripts/samples/details.idc HTTP/1.1" 404 196
14.0.230.253 - - [08/May/2026:10:46:52 +0800] "GET /InternetTrading/longpoll/A8127?X-Atmosphere-tracking-id=0&X-Atmosphere-Framework=2.2.3-javascript&X-Atmosphere-Transport=long-polling&X-Atmosphere-TrackMessageSize=true&Content-Type=charset%3Dutf-8&X-atmo-protocol=true&_=1778208815521 HTTP/1.1" 200 -
3.1.128.83 - - [08/May/2026:10:46:52 +0800] "GET /_vti_bin/shtml.exe HTTP/1.1" 404 196
3.1.128.83 - - [08/May/2026:10:46:52 +0800] "GET /bin/handler.cgi HTTP/1.1" 404 196
3.1.128.83 - - [08/May/2026:10:46:52 +0800] "GET /cgi-bin/handler.cgi HTTP/1.1" 403 199
3.1.128.83 - - [08/May/2026:10:46:52 +0800] "GET /bin/finger HTTP/1.1" 404 196
3.1.128.83 - - [08/May/2026:10:46:53 +0800] "GET /cgi-bin/finger HTTP/1.1" 403 199
3.1.128.83 - - [08/May/2026:10:46:53 +0800] "GET /bin/finger.pl HTTP/1.1" 404 196
3.1.128.83 - - [08/May/2026:10:46:53 +0800] "GET /cgi-bin/finger.pl HTTP/1.1" 403 199
3.1.128.83 - - [08/May/2026:10:46:53 +0800] "GET /bin/formmail.cgi HTTP/1.1" 404 196
3.1.128.83 - - [08/May/2026:10:46:53 +0800] "GET /cgi-bin/formmail.cgi HTTP/1.1" 403 199
3.1.128.83 - - [08/May/2026:10:46:54 +0800] "GET /bin/formmail HTTP/1.1" 404 196
117.26.250.159 - - [08/May/2026:10:46:54 +0800] "GET /InternetTrading/longpoll/51401?X-Atmosphere-tracking-id=0&X-Atmosphere-Framework=2.2.3-javascript&X-Atmosphere-Transport=long-polling&X-Atmosphere-TrackMessageSize=true&Content-Type=charset%3Dutf-8&X-atmo-protocol=true&_=1778208817667 HTTP/1.1" 200 -
3.1.128.83 - - [08/May/2026:10:46:54 +0800] "GET /cgi-bin/formmail HTTP/1.1" 403 199
3.1.128.83 - - [08/May/2026:10:46:54 +0800] "GET /bin/get32.exe HTTP/1.1" 404 196
3.1.128.83 - - [08/May/2026:10:46:54 +0800] "GET /cgi-bin/get32.exe HTTP/1.1" 403 199
3.1.128.83 - - [08/May/2026:10:46:54 +0800] "GET /bin/gm-authors.cgi HTTP/1.1" 404 196
3.1.128.83 - - [08/May/2026:10:46:55 +0800] "GET /cgi-bin/gm-authors.cgi HTTP/1.1" 403 199
3.1.128.83 - - [08/May/2026:10:46:55 +0800] "GET /bin/guestbook/passwd HTTP/1.1" 404 196
3.1.128.83 - - [08/May/2026:10:46:55 +0800] "GET /cgi-bin/guestbook/passwd HTTP/1.1" 403 199
3.1.128.83 - - [08/May/2026:10:46:55 +0800] "GET /bin/horde/test.php?mode=phpinfo HTTP/1.1" 404 196
3.1.128.83 - - [08/May/2026:10:46:56 +0800] "GET /cgi-bin/horde/test.php?mode=phpinfo HTTP/1.1" 403 199
113.118.4.108 - - [08/May/2026:10:46:56 +0800] "GET /InternetTrading/longpoll/51803?X-Atmosphere-tracking-id=0&X-Atmosphere-Framework=2.2.3-javascript&X-Atmosphere-Transport=long-polling&X-Atmosphere-TrackMessageSize=true&Content-Type=charset%3Dutf-8&X-atmo-protocol=true&_=1778208819216 HTTP/1.1" 200 -
3.1.128.83 - - [08/May/2026:10:46:56 +0800] "GET /bin/photo/protected/manage.cgi HTTP/1.1" 404 196
3.1.128.83 - - [08/May/2026:10:46:56 +0800] "GET /cgi-bin/photo/protected/manage.cgi HTTP/1.1" 403 199
3.1.128.83 - - [08/May/2026:10:46:56 +0800] "GET /bin/wrap.cgi HTTP/1.1" 404 196
3.1.128.83 - - [08/May/2026:10:46:56 +0800] "GET /cgi-bin/wrap.cgi HTTP/1.1" 403 199
3.1.128.83 - - [08/May/2026:10:46:56 +0800] "GET /./ HTTP/1.1" 200 3426
3.1.128.83 - - [08/May/2026:10:46:57 +0800] "GET /~root/ HTTP/1.1" 404 196
14.0.230.253 - - [08/May/2026:10:46:57 +0800] "GET /InternetTrading/longpoll/A8127?X-Atmosphere-tracking-id=0&X-Atmosphere-Framework=2.2.3-javascript&X-Atmosphere-Transport=long-polling&X-Atmosphere-TrackMessageSize=true&Content-Type=charset%3Dutf-8&X-atmo-protocol=true&_=1778208820801 HTTP/1.1" 200 -
3.1.128.83 - - [08/May/2026:10:46:57 +0800] "GET /cgi-bin/wrap HTTP/1.1" 403 199
3.1.128.83 - - [08/May/2026:10:46:57 +0800] "GET /forums//admin/config.php HTTP/1.1" 404 196
3.1.128.83 - - [08/May/2026:10:46:58 +0800] "GET /forums//adm/config.php HTTP/1.1" 404 196
3.1.128.83 - - [08/May/2026:10:46:58 +0800] "GET /forums//administrator/config.php HTTP/1.1" 404 196
3.1.128.83 - - [08/May/2026:10:46:58 +0800] "GET /forums/config.php HTTP/1.1" 404 196
27.38.142.113 - - [08/May/2026:10:46:58 +0800] "GET /InternetTrading/longpoll/53995?X-Atmosphere-tracking-id=0&X-Atmosphere-Framework=2.2.3-javascript&X-Atmosphere-Transport=long-polling&X-Atmosphere-TrackMessageSize=true&Content-Type=charset%3Dutf-8&X-atmo-protocol=true&_=1778208819798 HTTP/1.1" 200 -
3.1.128.83 - - [08/May/2026:10:46:58 +0800] "GET /ganglia/ HTTP/1.1" 404 196
3.1.128.83 - - [08/May/2026:10:46:59 +0800] "GET /guestbook/guestbookdat HTTP/1.1" 404 196
3.1.128.83 - - [08/May/2026:10:46:59 +0800] "GET /guestbook/pwd HTTP/1.1" 404 196
89.117.42.68 - - [08/May/2026:10:46:59 +0800] "GET /InternetTrading/longpoll/55511?X-Atmosphere-tracking-id=0&X-Atmosphere-Framework=2.2.3-javascript&X-Atmosphere-Transport=long-polling&X-Atmosphere-TrackMessageSize=true&Content-Type=charset%3Dutf-8&X-atmo-protocol=true&_=1778208822881 HTTP/1.1" 200 -
89.117.42.68 - - [08/May/2026:10:46:59 +0800] "GET /InternetTrading/longpoll/55511?X-Atmosphere-tracking-id=0&X-Atmosphere-Framework=2.2.3-javascript&X-Atmosphere-Transport=long-polling&X-Atmosphere-TrackMessageSize=true&Content-Type=charset%3Dutf-8&X-atmo-protocol=true&_=1778208822881 HTTP/1.1" 200 -
3.1.128.83 - - [08/May/2026:10:46:59 +0800] "GET /help/ HTTP/1.1" 404 196
3.1.128.83 - - [08/May/2026:10:46:59 +0800] "GET /hola/admin/cms/htmltags.php?datei=./sec/data.php HTTP/1.1" 404 196
3.1.128.83 - - [08/May/2026:10:46:59 +0800] "GET /horde/imp/test.php HTTP/1.1" 404 196
117.26.250.159 - - [08/May/2026:10:47:00 +0800] "GET /InternetTrading/longpoll/51401?X-Atmosphere-tracking-id=0&X-Atmosphere-Framework=2.2.3-javascript&X-Atmosphere-Transport=long-polling&X-Atmosphere-TrackMessageSize=true&Content-Type=charset%3Dutf-8&X-atmo-protocol=true&_=1778208823673 HTTP/1.1" 200 -
3.1.128.83 - - [08/May/2026:10:47:00 +0800] "GET /horde/test.php?mode=phpinfo HTTP/1.1" 404 196
3.1.128.83 - - [08/May/2026:10:47:00 +0800] "GET /imp/horde/test.php?mode=phpinfo HTTP/1.1" 404 196
3.1.128.83 - - [08/May/2026:10:47:00 +0800] "GET /imp/horde/test.php HTTP/1.1" 404 196
3.1.128.83 - - [08/May/2026:10:47:01 +0800] "GET /index.html.bak HTTP/1.1" 404 196
3.1.128.83 - - [08/May/2026:10:47:01 +0800] "GET /index.html~ HTTP/1.1" 404 196
3.1.128.83 - - [08/May/2026:10:47:01 +0800] "GET /index.php?chemin=..%2F..%2F..%2F..%2F..%2F..%2F..%2F%2Fetc HTTP/1.1" 404 196
14.0.230.253 - - [08/May/2026:10:47:01 +0800] "POST /InternetTrading/SessionErrorLogger HTTP/1.1" 200 117
14.0.230.253 - - [08/May/2026:10:47:01 +0800] "POST /InternetTrading/Heartbeat HTTP/1.1" 200 32
113.118.4.108 - - [08/May/2026:10:47:02 +0800] "GET /InternetTrading/longpoll/51803?X-Atmosphere-tracking-id=0&X-Atmosphere-Framework=2.2.3-javascript&X-Atmosphere-Transport=long-polling&X-Atmosphere-TrackMessageSize=true&Content-Type=charset%3Dutf-8&X-atmo-protocol=true&_=1778208825225 HTTP/1.1" 200 -
14.0.230.253 - - [08/May/2026:10:47:02 +0800] "GET /InternetTrading/longpoll/A8127?X-Atmosphere-tracking-id=0&X-Atmosphere-Framework=2.2.3-javascript&X-Atmosphere-Transport=long-polling&X-Atmosphere-TrackMessageSize=true&Content-Type=charset%3Dutf-8&X-atmo-protocol=true&_=1778208825999 HTTP/1.1" 200 -
27.38.142.113 - - [08/May/2026:10:47:04 +0800] "GET /InternetTrading/longpoll/53995?X-Atmosphere-tracking-id=0&X-Atmosphere-Framework=2.2.3-javascript&X-Atmosphere-Transport=long-polling&X-Atmosphere-TrackMessageSize=true&Content-Type=charset%3Dutf-8&X-atmo-protocol=true&_=1778208825799 HTTP/1.1" 200 -
14.0.230.253 - - [08/May/2026:10:47:05 +0800] "POST /InternetTrading/SessionErrorLogger HTTP/1.1" 200 117
14.0.230.253 - - [08/May/2026:10:47:05 +0800] "POST /InternetTrading/MarketStatus HTTP/1.1" 200 772
117.26.250.159 - - [08/May/2026:10:47:06 +0800] "GET /InternetTrading/longpoll/51401?X-Atmosphere-tracking-id=0&X-Atmosphere-Framework=2.2.3-javascript&X-Atmosphere-Transport=long-polling&X-Atmosphere-TrackMessageSize=true&Content-Type=charset%3Dutf-8&X-atmo-protocol=true&_=1778208829668 HTTP/1.1" 200 -
14.0.230.253 - - [08/May/2026:10:47:07 +0800] "GET /InternetTrading/longpoll/A8127?X-Atmosphere-tracking-id=0&X-Atmosphere-Framework=2.2.3-javascript&X-Atmosphere-Transport=long-polling&X-Atmosphere-TrackMessageSize=true&Content-Type=charset%3Dutf-8&X-atmo-protocol=true&_=1778208831033 HTTP/1.1" 200 -
113.118.4.108 - - [08/May/2026:10:47:08 +0800] "GET /InternetTrading/longpoll/51803?X-Atmosphere-tracking-id=0&X-Atmosphere-Framework=2.2.3-javascript&X-Atmosphere-Transport=long-polling&X-Atmosphere-TrackMessageSize=true&Content-Type=charset%3Dutf-8&X-atmo-protocol=true&_=1778208831221 HTTP/1.1" 200 -
89.117.42.68 - - [08/May/2026:10:47:09 +0800] "GET /InternetTrading/longpoll/55511?X-Atmosphere-tracking-id=0&X-Atmosphere-Framework=2.2.3-javascript&X-Atmosphere-Transport=long-polling&X-Atmosphere-TrackMessageSize=true&Content-Type=charset%3Dutf-8&X-atmo-protocol=true&_=1778208833220 HTTP/1.1" 200 -
89.117.42.68 - - [08/May/2026:10:47:09 +0800] "GET /InternetTrading/longpoll/55511?X-Atmosphere-tracking-id=0&X-Atmosphere-Framework=2.2.3-javascript&X-Atmosphere-Transport=long-polling&X-Atmosphere-TrackMessageSize=true&Content-Type=charset%3Dutf-8&X-atmo-protocol=true&_=1778208833221 HTTP/1.1" 200 -
27.38.142.113 - - [08/May/2026:10:47:10 +0800] "GET /InternetTrading/longpoll/53995?X-Atmosphere-tracking-id=0&X-Atmosphere-Framework=2.2.3-javascript&X-Atmosphere-Transport=long-polling&X-Atmosphere-TrackMessageSize=true&Content-Type=charset%3Dutf-8&X-atmo-protocol=true&_=1778208831799 HTTP/1.1" 200 -
117.26.250.159 - - [08/May/2026:10:47:12 +0800] "GET /InternetTrading/longpoll/51401?X-Atmosphere-tracking-id=0&X-Atmosphere-Framework=2.2.3-javascript&X-Atmosphere-Transport=long-polling&X-Atmosphere-TrackMessageSize=true&Content-Type=charset%3Dutf-8&X-atmo-protocol=true&_=1778208835673 HTTP/1.1" 200 -
14.0.230.253 - - [08/May/2026:10:47:12 +0800] "GET /InternetTrading/longpoll/A8127?X-Atmosphere-tracking-id=0&X-Atmosphere-Framework=2.2.3-javascript&X-Atmosphere-Transport=long-polling&X-Atmosphere-TrackMessageSize=true&Content-Type=charset%3Dutf-8&X-atmo-protocol=true&_=1778208836080 HTTP/1.1" 200 -
113.118.4.108 - - [08/May/2026:10:47:14 +0800] "GET /InternetTrading/longpoll/51803?X-Atmosphere-tracking-id=0&X-Atmosphere-Framework=2.2.3-javascript&X-Atmosphere-Transport=long-polling&X-Atmosphere-TrackMessageSize=true&Content-Type=charset%3Dutf-8&X-atmo-protocol=true&_=1778208837227 HTTP/1.1" 200 -
89.117.42.68 - - [08/May/2026:10:47:15 +0800] "GET /InternetTrading/longpoll/55511?X-Atmosphere-tracking-id=0&X-Atmosphere-Framework=2.2.3-javascript&X-Atmosphere-Transport=long-polling&X-Atmosphere-TrackMessageSize=true&Content-Type=charset%3Dutf-8&X-atmo-protocol=true&_=1778208838823 HTTP/1.1" 200 -
89.117.42.68 - - [08/May/2026:10:47:15 +0800] "GET /InternetTrading/longpoll/55511?X-Atmosphere-tracking-id=0&X-Atmosphere-Framework=2.2.3-javascript&X-Atmosphere-Transport=long-polling&X-Atmosphere-TrackMessageSize=true&Content-Type=charset%3Dutf-8&X-atmo-protocol=true&_=1778208838824 HTTP/1.1" 200 -
27.38.142.113 - - [08/May/2026:10:47:16 +0800] "GET /InternetTrading/longpoll/53995?X-Atmosphere-tracking-id=0&X-Atmosphere-Framework=2.2.3-javascript&X-Atmosphere-Transport=long-polling&X-Atmosphere-TrackMessageSize=true&Content-Type=charset%3Dutf-8&X-atmo-protocol=true&_=1778208837793 HTTP/1.1" 200 -
117.26.250.159 - - [08/May/2026:10:47:17 +0800] "POST /InternetTrading/SessionErrorLogger HTTP/1.1" 200 117
117.26.250.159 - - [08/May/2026:10:47:17 +0800] "POST /InternetTrading/Heartbeat HTTP/1.1" 200 32
117.26.250.159 - - [08/May/2026:10:47:17 +0800] "POST /InternetTrading/SessionErrorLogger HTTP/1.1" 200 117
117.26.250.159 - - [08/May/2026:10:47:17 +0800] "POST /InternetTrading/MarketStatus HTTP/1.1" 200 772
14.0.230.253 - - [08/May/2026:10:47:17 +0800] "GET /InternetTrading/longpoll/A8127?X-Atmosphere-tracking-id=0&X-Atmosphere-Framework=2.2.3-javascript&X-Atmosphere-Transport=long-polling&X-Atmosphere-TrackMessageSize=true&Content-Type=charset%3Dutf-8&X-atmo-protocol=true&_=1778208841346 HTTP/1.1" 200 -
117.26.250.159 - - [08/May/2026:10:47:18 +0800] "GET /InternetTrading/longpoll/51401?X-Atmosphere-tracking-id=0&X-Atmosphere-Framework=2.2.3-javascript&X-Atmosphere-Transport=long-polling&X-Atmosphere-TrackMessageSize=true&Content-Type=charset%3Dutf-8&X-atmo-protocol=true&_=1778208841673 HTTP/1.1" 200 -
113.118.4.108 - - [08/May/2026:10:47:20 +0800] "GET /InternetTrading/longpoll/51803?X-Atmosphere-tracking-id=0&X-Atmosphere-Framework=2.2.3-javascript&X-Atmosphere-Transport=long-polling&X-Atmosphere-TrackMessageSize=true&Content-Type=charset%3Dutf-8&X-atmo-protocol=true&_=1778208843217 HTTP/1.1" 200 -
113.118.4.108 - - [08/May/2026:10:47:22 +0800] "POST /InternetTrading/SessionErrorLogger HTTP/1.1" 200 117
113.118.4.108 - - [08/May/2026:10:47:22 +0800] "POST /InternetTrading/Heartbeat HTTP/1.1" 200 32
113.118.4.108 - - [08/May/2026:10:47:22 +0800] "POST /InternetTrading/SessionErrorLogger HTTP/1.1" 200 117
113.118.4.108 - - [08/May/2026:10:47:22 +0800] "POST /InternetTrading/MarketStatus HTTP/1.1" 200 772
27.38.142.113 - - [08/May/2026:10:47:22 +0800] "GET /InternetTrading/longpoll/53995?X-Atmosphere-tracking-id=0&X-Atmosphere-Framework=2.2.3-javascript&X-Atmosphere-Transport=long-polling&X-Atmosphere-TrackMessageSize=true&Content-Type=charset%3Dutf-8&X-atmo-protocol=true&_=1778208843796 HTTP/1.1" 200 -
14.0.230.253 - - [08/May/2026:10:47:23 +0800] "GET /InternetTrading/longpoll/A8127?X-Atmosphere-tracking-id=0&X-Atmosphere-Framework=2.2.3-javascript&X-Atmosphere-Transport=long-polling&X-Atmosphere-TrackMessageSize=true&Content-Type=charset%3Dutf-8&X-atmo-protocol=true&_=1778208846549 HTTP/1.1" 200 -
117.26.250.159 - - [08/May/2026:10:47:24 +0800] "GET /InternetTrading/longpoll/51401?X-Atmosphere-tracking-id=0&X-Atmosphere-Framework=2.2.3-javascript&X-Atmosphere-Transport=long-polling&X-Atmosphere-TrackMessageSize=true&Content-Type=charset%3Dutf-8&X-atmo-protocol=true&_=1778208847678 HTTP/1.1" 200 -
89.117.42.68 - - [08/May/2026:10:47:25 +0800] "POST /InternetTrading/SessionErrorLogger HTTP/1.1" 200 117
89.117.42.68 - - [08/May/2026:10:47:25 +0800] "POST /InternetTrading/Heartbeat HTTP/1.1" 200 32
89.117.42.68 - - [08/May/2026:10:47:25 +0800] "POST /InternetTrading/SessionErrorLogger HTTP/1.1" 200 117
89.117.42.68 - - [08/May/2026:10:47:25 +0800] "POST /InternetTrading/MarketStatus HTTP/1.1" 200 772
89.117.42.68 - - [08/May/2026:10:47:25 +0800] "GET /InternetTrading/longpoll/55511?X-Atmosphere-tracking-id=0&X-Atmosphere-Framework=2.2.3-javascript&X-Atmosphere-Transport=long-polling&X-Atmosphere-TrackMessageSize=true&Content-Type=charset%3Dutf-8&X-atmo-protocol=true&_=1778208849492 HTTP/1.1" 200 -
89.117.42.68 - - [08/May/2026:10:47:25 +0800] "GET /InternetTrading/longpoll/55511?X-Atmosphere-tracking-id=0&X-Atmosphere-Framework=2.2.3-javascript&X-Atmosphere-Transport=long-polling&X-Atmosphere-TrackMessageSize=true&Content-Type=charset%3Dutf-8&X-atmo-protocol=true&_=1778208849493 HTTP/1.1" 200 -
113.118.4.108 - - [08/May/2026:10:47:26 +0800] "GET /InternetTrading/longpoll/51803?X-Atmosphere-tracking-id=0&X-Atmosphere-Framework=2.2.3-javascript&X-Atmosphere-Transport=long-polling&X-Atmosphere-TrackMessageSize=true&Content-Type=charset%3Dutf-8&X-atmo-protocol=true&_=1778208849214 HTTP/1.1" 200 -
14.0.230.253 - - [08/May/2026:10:47:28 +0800] "GET /InternetTrading/longpoll/A8127?X-Atmosphere-tracking-id=0&X-Atmosphere-Framework=2.2.3-javascript&X-Atmosphere-Transport=long-polling&X-Atmosphere-TrackMessageSize=true&Content-Type=charset%3Dutf-8&X-atmo-protocol=true&_=1778208851772 HTTP/1.1" 200 -
27.38.142.113 - - [08/May/2026:10:47:28 +0800] "GET /InternetTrading/longpoll/53995?X-Atmosphere-tracking-id=0&X-Atmosphere-Framework=2.2.3-javascript&X-Atmosphere-Transport=long-polling&X-Atmosphere-TrackMessageSize=true&Content-Type=charset%3Dutf-8&X-atmo-protocol=true&_=1778208849794 HTTP/1.1" 200 -
117.26.250.159 - - [08/May/2026:10:47:30 +0800] "GET /InternetTrading/longpoll/51401?X-Atmosphere-tracking-id=0&X-Atmosphere-Framework=2.2.3-javascript&X-Atmosphere-Transport=long-polling&X-Atmosphere-TrackMessageSize=true&Content-Type=charset%3Dutf-8&X-atmo-protocol=true&_=1778208853671 HTTP/1.1" 200 -
14.0.230.253 - - [08/May/2026:10:47:31 +0800] "POST /InternetTrading/SessionErrorLogger HTTP/1.1" 200 117
14.0.230.253 - - [08/May/2026:10:47:32 +0800] "POST /InternetTrading/Heartbeat HTTP/1.1" 200 32
113.118.4.108 - - [08/May/2026:10:47:32 +0800] "GET /InternetTrading/longpoll/51803?X-Atmosphere-tracking-id=0&X-Atmosphere-Framework=2.2.3-javascript&X-Atmosphere-Transport=long-polling&X-Atmosphere-TrackMessageSize=true&Content-Type=charset%3Dutf-8&X-atmo-protocol=true&_=1778208855211 HTTP/1.1" 200 -
14.0.230.253 - - [08/May/2026:10:47:33 +0800] "GET /InternetTrading/longpoll/A8127?X-Atmosphere-tracking-id=0&X-Atmosphere-Framework=2.2.3-javascript&X-Atmosphere-Transport=long-polling&X-Atmosphere-TrackMessageSize=true&Content-Type=charset%3Dutf-8&X-atmo-protocol=true&_=1778208857124 HTTP/1.1" 200 -
27.38.142.113 - - [08/May/2026:10:47:34 +0800] "GET /InternetTrading/longpoll/53995?X-Atmosphere-tracking-id=0&X-Atmosphere-Framework=2.2.3-javascript&X-Atmosphere-Transport=long-polling&X-Atmosphere-TrackMessageSize=true&Content-Type=charset%3Dutf-8&X-atmo-protocol=true&_=1778208855793 HTTP/1.1" 200 -
14.0.230.253 - - [08/May/2026:10:47:35 +0800] "POST /InternetTrading/SessionErrorLogger HTTP/1.1" 200 117
14.0.230.253 - - [08/May/2026:10:47:35 +0800] "POST /InternetTrading/MarketStatus HTTP/1.1" 200 772
117.26.250.159 - - [08/May/2026:10:47:36 +0800] "GET /InternetTrading/longpoll/51401?X-Atmosphere-tracking-id=0&X-Atmosphere-Framework=2.2.3-javascript&X-Atmosphere-Transport=long-polling&X-Atmosphere-TrackMessageSize=true&Content-Type=charset%3Dutf-8&X-atmo-protocol=true&_=1778208859674 HTTP/1.1" 200 -
89.117.42.68 - - [08/May/2026:10:47:36 +0800] "GET /InternetTrading/longpoll/55511?X-Atmosphere-tracking-id=0&X-Atmosphere-Framework=2.2.3-javascript&X-Atmosphere-Transport=long-polling&X-Atmosphere-TrackMessageSize=true&Content-Type=charset%3Dutf-8&X-atmo-protocol=true&_=1778208859830 HTTP/1.1" 200 -
89.117.42.68 - - [08/May/2026:10:47:36 +0800] "GET /InternetTrading/longpoll/55511?X-Atmosphere-tracking-id=0&X-Atmosphere-Framework=2.2.3-javascript&X-Atmosphere-Transport=long-polling&X-Atmosphere-TrackMessageSize=true&Content-Type=charset%3Dutf-8&X-atmo-protocol=true&_=1778208859829 HTTP/1.1" 200 -
113.118.4.108 - - [08/May/2026:10:47:38 +0800] "GET /InternetTrading/longpoll/51803?X-Atmosphere-tracking-id=0&X-Atmosphere-Framework=2.2.3-javascript&X-Atmosphere-Transport=long-polling&X-Atmosphere-TrackMessageSize=true&Content-Type=charset%3Dutf-8&X-atmo-protocol=true&_=1778208861217 HTTP/1.1" 200 -
14.0.230.253 - - [08/May/2026:10:47:38 +0800] "GET /InternetTrading/longpoll/A8127?X-Atmosphere-tracking-id=0&X-Atmosphere-Framework=2.2.3-javascript&X-Atmosphere-Transport=long-polling&X-Atmosphere-TrackMessageSize=true&Content-Type=charset%3Dutf-8&X-atmo-protocol=true&_=1778208862241 HTTP/1.1" 200 -
27.38.142.113 - - [08/May/2026:10:47:40 +0800] "GET /InternetTrading/longpoll/53995?X-Atmosphere-tracking-id=0&X-Atmosphere-Framework=2.2.3-javascript&X-Atmosphere-Transport=long-polling&X-Atmosphere-TrackMessageSize=true&Content-Type=charset%3Dutf-8&X-atmo-protocol=true&_=1778208861795 HTTP/1.1" 200 -
117.26.250.159 - - [08/May/2026:10:47:42 +0800] "GET /InternetTrading/longpoll/51401?X-Atmosphere-tracking-id=0&X-Atmosphere-Framework=2.2.3-javascript&X-Atmosphere-Transport=long-polling&X-Atmosphere-TrackMessageSize=true&Content-Type=charset%3Dutf-8&X-atmo-protocol=true&_=1778208865679 HTTP/1.1" 200 -
113.118.4.108 - - [08/May/2026:10:47:44 +0800] "GET /InternetTrading/longpoll/51803?X-Atmosphere-tracking-id=0&X-Atmosphere-Framework=2.2.3-javascript&X-Atmosphere-Transport=long-polling&X-Atmosphere-TrackMessageSize=true&Content-Type=charset%3Dutf-8&X-atmo-protocol=true&_=1778208867225 HTTP/1.1" 200 -
14.0.230.253 - - [08/May/2026:10:47:44 +0800] "GET /InternetTrading/longpoll/A8127?X-Atmosphere-tracking-id=0&X-Atmosphere-Framework=2.2.3-javascript&X-Atmosphere-Transport=long-polling&X-Atmosphere-TrackMessageSize=true&Content-Type=charset%3Dutf-8&X-atmo-protocol=true&_=1778208867440 HTTP/1.1" 200 -
27.38.142.113 - - [08/May/2026:10:47:45 +0800] "POST /InternetTrading/SessionErrorLogger HTTP/1.1" 200 117
27.38.142.113 - - [08/May/2026:10:47:45 +0800] "POST /InternetTrading/Heartbeat HTTP/1.1" 200 32
27.38.142.113 - - [08/May/2026:10:47:45 +0800] "POST /InternetTrading/SessionErrorLogger HTTP/1.1" 200 117
27.38.142.113 - - [08/May/2026:10:47:45 +0800] "POST /InternetTrading/MarketStatus HTTP/1.1" 200 772
27.38.142.113 - - [08/May/2026:10:47:46 +0800] "GET /InternetTrading/longpoll/53995?X-Atmosphere-tracking-id=0&X-Atmosphere-Framework=2.2.3-javascript&X-Atmosphere-Transport=long-polling&X-Atmosphere-TrackMessageSize=true&Content-Type=charset%3Dutf-8&X-atmo-protocol=true&_=1778208867794 HTTP/1.1" 200 -
117.26.250.159 - - [08/May/2026:10:47:48 +0800] "GET /InternetTrading/longpoll/51401?X-Atmosphere-tracking-id=0&X-Atmosphere-Framework=2.2.3-javascript&X-Atmosphere-Transport=long-polling&X-Atmosphere-TrackMessageSize=true&Content-Type=charset%3Dutf-8&X-atmo-protocol=true&_=1778208871677 HTTP/1.1" 200 -
14.0.230.253 - - [08/May/2026:10:47:49 +0800] "GET /InternetTrading/longpoll/A8127?X-Atmosphere-tracking-id=0&X-Atmosphere-Framework=2.2.3-javascript&X-Atmosphere-Transport=long-polling&X-Atmosphere-TrackMessageSize=true&Content-Type=charset%3Dutf-8&X-atmo-protocol=true&_=1778208872959 HTTP/1.1" 200 -
113.118.4.108 - - [08/May/2026:10:47:50 +0800] "GET /InternetTrading/longpoll/51803?X-Atmosphere-tracking-id=0&X-Atmosphere-Framework=2.2.3-javascript&X-Atmosphere-Transport=long-polling&X-Atmosphere-TrackMessageSize=true&Content-Type=charset%3Dutf-8&X-atmo-protocol=true&_=1778208873219 HTTP/1.1" 200 -
27.38.142.113 - - [08/May/2026:10:47:52 +0800] "GET /InternetTrading/longpoll/53995?X-Atmosphere-tracking-id=0&X-Atmosphere-Framework=2.2.3-javascript&X-Atmosphere-Transport=long-polling&X-Atmosphere-TrackMessageSize=true&Content-Type=charset%3Dutf-8&X-atmo-protocol=true&_=1778208873794 HTTP/1.1" 200 -
89.117.42.68 - - [08/May/2026:10:47:52 +0800] "GET /InternetTrading/longpoll/55511?X-Atmosphere-tracking-id=0&X-Atmosphere-Framework=2.2.3-javascript&X-Atmosphere-Transport=long-polling&X-Atmosphere-TrackMessageSize=true&Content-Type=charset%3Dutf-8&X-atmo-protocol=true&_=1778208875792 HTTP/1.1" 200 -
89.117.42.68 - - [08/May/2026:10:47:52 +0800] "GET /InternetTrading/longpoll/55511?X-Atmosphere-tracking-id=0&X-Atmosphere-Framework=2.2.3-javascript&X-Atmosphere-Transport=long-polling&X-Atmosphere-TrackMessageSize=true&Content-Type=charset%3Dutf-8&X-atmo-protocol=true&_=1778208875792 HTTP/1.1" 200 -
117.26.250.159 - - [08/May/2026:10:47:54 +0800] "GET /InternetTrading/longpoll/51401?X-Atmosphere-tracking-id=0&X-Atmosphere-Framework=2.2.3-javascript&X-Atmosphere-Transport=long-polling&X-Atmosphere-TrackMessageSize=true&Content-Type=charset%3Dutf-8&X-atmo-protocol=true&_=1778208877676 HTTP/1.1" 200 -
14.0.230.253 - - [08/May/2026:10:47:54 +0800] "GET /InternetTrading/longpoll/A8127?X-Atmosphere-tracking-id=0&X-Atmosphere-Framework=2.2.3-javascript&X-Atmosphere-Transport=long-polling&X-Atmosphere-TrackMessageSize=true&Content-Type=charset%3Dutf-8&X-atmo-protocol=true&_=1778208878306 HTTP/1.1" 200 -
113.118.4.108 - - [08/May/2026:10:47:56 +0800] "GET /InternetTrading/longpoll/51803?X-Atmosphere-tracking-id=0&X-Atmosphere-Framework=2.2.3-javascript&X-Atmosphere-Transport=long-polling&X-Atmosphere-TrackMessageSize=true&Content-Type=charset%3Dutf-8&X-atmo-protocol=true&_=1778208879217 HTTP/1.1" 200 -
27.38.142.113 - - [08/May/2026:10:47:58 +0800] "GET /InternetTrading/longpoll/53995?X-Atmosphere-tracking-id=0&X-Atmosphere-Framework=2.2.3-javascript&X-Atmosphere-Transport=long-polling&X-Atmosphere-TrackMessageSize=true&Content-Type=charset%3Dutf-8&X-atmo-protocol=true&_=1778208879797 HTTP/1.1" 200 -
117.26.250.159 - - [08/May/2026:10:48:00 +0800] "GET /InternetTrading/longpoll/51401?X-Atmosphere-tracking-id=0&X-Atmosphere-Framework=2.2.3-javascript&X-Atmosphere-Transport=long-polling&X-Atmosphere-TrackMessageSize=true&Content-Type=charset%3Dutf-8&X-atmo-protocol=true&_=1778208883672 HTTP/1.1" 200 -
14.0.230.253 - - [08/May/2026:10:48:00 +0800] "GET /InternetTrading/longpoll/A8127?X-Atmosphere-tracking-id=0&X-Atmosphere-Framework=2.2.3-javascript&X-Atmosphere-Transport=long-polling&X-Atmosphere-TrackMessageSize=true&Content-Type=charset%3Dutf-8&X-atmo-protocol=true&_=1778208883533 HTTP/1.1" 200 -
14.0.230.253 - - [08/May/2026:10:48:02 +0800] "POST /InternetTrading/SessionErrorLogger HTTP/1.1" 200 117
14.0.230.253 - - [08/May/2026:10:48:02 +0800] "POST /InternetTrading/Heartbeat HTTP/1.1" 200 32
113.118.4.108 - - [08/May/2026:10:48:02 +0800] "GET /InternetTrading/longpoll/51803?X-Atmosphere-tracking-id=0&X-Atmosphere-Framework=2.2.3-javascript&X-Atmosphere-Transport=long-polling&X-Atmosphere-TrackMessageSize=true&Content-Type=charset%3Dutf-8&X-atmo-protocol=true&_=1778208885212 HTTP/1.1" 200 -
89.117.42.68 - - [08/May/2026:10:48:02 +0800] "GET /InternetTrading/longpoll/55511?X-Atmosphere-tracking-id=0&X-Atmosphere-Framework=2.2.3-javascript&X-Atmosphere-Transport=long-polling&X-Atmosphere-TrackMessageSize=true&Content-Type=charset%3Dutf-8&X-atmo-protocol=true&_=1778208886083 HTTP/1.1" 200 -
89.117.42.68 - - [08/May/2026:10:48:02 +0800] "GET /InternetTrading/longpoll/55511?X-Atmosphere-tracking-id=0&X-Atmosphere-Framework=2.2.3-javascript&X-Atmosphere-Transport=long-polling&X-Atmosphere-TrackMessageSize=true&Content-Type=charset%3Dutf-8&X-atmo-protocol=true&_=1778208886084 HTTP/1.1" 200 -
27.38.142.113 - - [08/May/2026:10:48:04 +0800] "GET /InternetTrading/longpoll/53995?X-Atmosphere-tracking-id=0&X-Atmosphere-Framework=2.2.3-javascript&X-Atmosphere-Transport=long-polling&X-Atmosphere-TrackMessageSize=true&Content-Type=charset%3Dutf-8&X-atmo-protocol=true&_=1778208885801 HTTP/1.1" 200 -
14.0.230.253 - - [08/May/2026:10:48:05 +0800] "POST /InternetTrading/SessionErrorLogger HTTP/1.1" 200 117
14.0.230.253 - - [08/May/2026:10:48:05 +0800] "POST /InternetTrading/MarketStatus HTTP/1.1" 200 772
14.0.230.253 - - [08/May/2026:10:48:05 +0800] "GET /InternetTrading/longpoll/A8127?X-Atmosphere-tracking-id=0&X-Atmosphere-Framework=2.2.3-javascript&X-Atmosphere-Transport=long-polling&X-Atmosphere-TrackMessageSize=true&Content-Type=charset%3Dutf-8&X-atmo-protocol=true&_=1778208888789 HTTP/1.1" 200 -
117.26.250.159 - - [08/May/2026:10:48:06 +0800] "GET /InternetTrading/longpoll/51401?X-Atmosphere-tracking-id=0&X-Atmosphere-Framework=2.2.3-javascript&X-Atmosphere-Transport=long-polling&X-Atmosphere-TrackMessageSize=true&Content-Type=charset%3Dutf-8&X-atmo-protocol=true&_=1778208889669 HTTP/1.1" 200 -
113.118.4.108 - - [08/May/2026:10:48:08 +0800] "GET /InternetTrading/longpoll/51803?X-Atmosphere-tracking-id=0&X-Atmosphere-Framework=2.2.3-javascript&X-Atmosphere-Transport=long-polling&X-Atmosphere-TrackMessageSize=true&Content-Type=charset%3Dutf-8&X-atmo-protocol=true&_=1778208891218 HTTP/1.1" 200 -
14.0.230.253 - - [08/May/2026:10:48:10 +0800] "GET /InternetTrading/longpoll/A8127?X-Atmosphere-tracking-id=0&X-Atmosphere-Framework=2.2.3-javascript&X-Atmosphere-Transport=long-polling&X-Atmosphere-TrackMessageSize=true&Content-Type=charset%3Dutf-8&X-atmo-protocol=true&_=1778208893915 HTTP/1.1" 200 -
27.38.142.113 - - [08/May/2026:10:48:10 +0800] "GET /InternetTrading/longpoll/53995?X-Atmosphere-tracking-id=0&X-Atmosphere-Framework=2.2.3-javascript&X-Atmosphere-Transport=long-polling&X-Atmosphere-TrackMessageSize=true&Content-Type=charset%3Dutf-8&X-atmo-protocol=true&_=1778208891800 HTTP/1.1" 200 -
117.26.250.159 - - [08/May/2026:10:48:12 +0800] "GET /InternetTrading/longpoll/51401?X-Atmosphere-tracking-id=0&X-Atmosphere-Framework=2.2.3-javascript&X-Atmosphere-Transport=long-polling&X-Atmosphere-TrackMessageSize=true&Content-Type=charset%3Dutf-8&X-atmo-protocol=true&_=1778208895673 HTTP/1.1" 200 -
89.117.42.68 - - [08/May/2026:10:48:12 +0800] "GET /InternetTrading/longpoll/55511?X-Atmosphere-tracking-id=0&X-Atmosphere-Framework=2.2.3-javascript&X-Atmosphere-Transport=long-polling&X-Atmosphere-TrackMessageSize=true&Content-Type=charset%3Dutf-8&X-atmo-protocol=true&_=1778208896411 HTTP/1.1" 200 -
89.117.42.68 - - [08/May/2026:10:48:12 +0800] "GET /InternetTrading/longpoll/55511?X-Atmosphere-tracking-id=0&X-Atmosphere-Framework=2.2.3-javascript&X-Atmosphere-Transport=long-polling&X-Atmosphere-TrackMessageSize=true&Content-Type=charset%3Dutf-8&X-atmo-protocol=true&_=1778208896411 HTTP/1.1" 200 -
113.118.4.108 - - [08/May/2026:10:48:14 +0800] "GET /InternetTrading/longpoll/51803?X-Atmosphere-tracking-id=0&X-Atmosphere-Framework=2.2.3-javascript&X-Atmosphere-Transport=long-polling&X-Atmosphere-TrackMessageSize=true&Content-Type=charset%3Dutf-8&X-atmo-protocol=true&_=1778208897226 HTTP/1.1" 200 -
14.0.230.253 - - [08/May/2026:10:48:15 +0800] "GET /InternetTrading/longpoll/A8127?X-Atmosphere-tracking-id=0&X-Atmosphere-Framework=2.2.3-javascript&X-Atmosphere-Transport=long-polling&X-Atmosphere-TrackMessageSize=true&Content-Type=charset%3Dutf-8&X-atmo-protocol=true&_=1778208899032 HTTP/1.1" 200 -
27.38.142.113 - - [08/May/2026:10:48:16 +0800] "GET /InternetTrading/longpoll/53995?X-Atmosphere-tracking-id=0&X-Atmosphere-Framework=2.2.3-javascript&X-Atmosphere-Transport=long-polling&X-Atmosphere-TrackMessageSize=true&Content-Type=charset%3Dutf-8&X-atmo-protocol=true&_=1778208897792 HTTP/1.1" 200 -
117.26.250.159 - - [08/May/2026:10:48:17 +0800] "POST /InternetTrading/SessionErrorLogger HTTP/1.1" 200 117
117.26.250.159 - - [08/May/2026:10:48:17 +0800] "POST /InternetTrading/Heartbeat HTTP/1.1" 200 32
117.26.250.159 - - [08/May/2026:10:48:17 +0800] "POST /InternetTrading/SessionErrorLogger HTTP/1.1" 200 117
117.26.250.159 - - [08/May/2026:10:48:17 +0800] "POST /InternetTrading/MarketStatus HTTP/1.1" 200 772
117.26.250.159 - - [08/May/2026:10:48:18 +0800] "GET /InternetTrading/longpoll/51401?X-Atmosphere-tracking-id=0&X-Atmosphere-Framework=2.2.3-javascript&X-Atmosphere-Transport=long-polling&X-Atmosphere-TrackMessageSize=true&Content-Type=charset%3Dutf-8&X-atmo-protocol=true&_=1778208901682 HTTP/1.1" 200 -
113.118.4.108 - - [08/May/2026:10:48:20 +0800] "GET /InternetTrading/longpoll/51803?X-Atmosphere-tracking-id=0&X-Atmosphere-Framework=2.2.3-javascript&X-Atmosphere-Transport=long-polling&X-Atmosphere-TrackMessageSize=true&Content-Type=charset%3Dutf-8&X-atmo-protocol=true&_=1778208903224 HTTP/1.1" 200 -
14.0.230.253 - - [08/May/2026:10:48:20 +0800] "GET /InternetTrading/longpoll/A8127?X-Atmosphere-tracking-id=0&X-Atmosphere-Framework=2.2.3-javascript&X-Atmosphere-Transport=long-polling&X-Atmosphere-TrackMessageSize=true&Content-Type=charset%3Dutf-8&X-atmo-protocol=true&_=1778208904234 HTTP/1.1" 200 -
113.118.4.108 - - [08/May/2026:10:48:22 +0800] "POST /InternetTrading/SessionErrorLogger HTTP/1.1" 200 117
113.118.4.108 - - [08/May/2026:10:48:22 +0800] "POST /InternetTrading/Heartbeat HTTP/1.1" 200 32
113.118.4.108 - - [08/May/2026:10:48:22 +0800] "POST /InternetTrading/SessionErrorLogger HTTP/1.1" 200 117
113.118.4.108 - - [08/May/2026:10:48:22 +0800] "POST /InternetTrading/MarketStatus HTTP/1.1" 200 772
27.38.142.113 - - [08/May/2026:10:48:22 +0800] "GET /InternetTrading/longpoll/53995?X-Atmosphere-tracking-id=0&X-Atmosphere-Framework=2.2.3-javascript&X-Atmosphere-Transport=long-polling&X-Atmosphere-TrackMessageSize=true&Content-Type=charset%3Dutf-8&X-atmo-protocol=true&_=1778208903809 HTTP/1.1" 200 -
117.26.250.159 - - [08/May/2026:10:48:24 +0800] "GET /InternetTrading/longpoll/51401?X-Atmosphere-tracking-id=0&X-Atmosphere-Framework=2.2.3-javascript&X-Atmosphere-Transport=long-polling&X-Atmosphere-TrackMessageSize=true&Content-Type=charset%3Dutf-8&X-atmo-protocol=true&_=1778208907678 HTTP/1.1" 200 -
14.0.230.253 - - [08/May/2026:10:48:26 +0800] "GET /InternetTrading/longpoll/A8127?X-Atmosphere-tracking-id=0&X-Atmosphere-Framework=2.2.3-javascript&X-Atmosphere-Transport=long-polling&X-Atmosphere-TrackMessageSize=true&Content-Type=charset%3Dutf-8&X-atmo-protocol=true&_=1778208909512 HTTP/1.1" 200 -
113.118.4.108 - - [08/May/2026:10:48:26 +0800] "GET /InternetTrading/longpoll/51803?X-Atmosphere-tracking-id=0&X-Atmosphere-Framework=2.2.3-javascript&X-Atmosphere-Transport=long-polling&X-Atmosphere-TrackMessageSize=true&Content-Type=charset%3Dutf-8&X-atmo-protocol=true&_=1778208909221 HTTP/1.1" 200 -
89.117.42.68 - - [08/May/2026:10:48:28 +0800] "POST /InternetTrading/SessionErrorLogger HTTP/1.1" 200 117
89.117.42.68 - - [08/May/2026:10:48:28 +0800] "POST /InternetTrading/Heartbeat HTTP/1.1" 200 32
89.117.42.68 - - [08/May/2026:10:48:28 +0800] "POST /InternetTrading/SessionErrorLogger HTTP/1.1" 200 117
89.117.42.68 - - [08/May/2026:10:48:28 +0800] "POST /InternetTrading/MarketStatus HTTP/1.1" 200 772
89.117.42.68 - - [08/May/2026:10:48:28 +0800] "GET /InternetTrading/longpoll/55511?X-Atmosphere-tracking-id=0&X-Atmosphere-Framework=2.2.3-javascript&X-Atmosphere-Transport=long-polling&X-Atmosphere-TrackMessageSize=true&Content-Type=charset%3Dutf-8&X-atmo-protocol=true&_=1778208912105 HTTP/1.1" 200 -
89.117.42.68 - - [08/May/2026:10:48:28 +0800] "GET /InternetTrading/longpoll/55511?X-Atmosphere-tracking-id=0&X-Atmosphere-Framework=2.2.3-javascript&X-Atmosphere-Transport=long-polling&X-Atmosphere-TrackMessageSize=true&Content-Type=charset%3Dutf-8&X-atmo-protocol=true&_=1778208912105 HTTP/1.1" 200 -
27.38.142.113 - - [08/May/2026:10:48:28 +0800] "GET /InternetTrading/longpoll/53995?X-Atmosphere-tracking-id=0&X-Atmosphere-Framework=2.2.3-javascript&X-Atmosphere-Transport=long-polling&X-Atmosphere-TrackMessageSize=true&Content-Type=charset%3Dutf-8&X-atmo-protocol=true&_=1778208909800 HTTP/1.1" 200 -
117.26.250.159 - - [08/May/2026:10:48:30 +0800] "GET /InternetTrading/longpoll/51401?X-Atmosphere-tracking-id=0&X-Atmosphere-Framework=2.2.3-javascript&X-Atmosphere-Transport=long-polling&X-Atmosphere-TrackMessageSize=true&Content-Type=charset%3Dutf-8&X-atmo-protocol=true&_=1778208913676 HTTP/1.1" 200 -
14.0.230.253 - - [08/May/2026:10:48:31 +0800] "GET /InternetTrading/longpoll/A8127?X-Atmosphere-tracking-id=0&X-Atmosphere-Framework=2.2.3-javascript&X-Atmosphere-Transport=long-polling&X-Atmosphere-TrackMessageSize=true&Content-Type=charset%3Dutf-8&X-atmo-protocol=true&_=1778208914714 HTTP/1.1" 200 -
14.0.230.253 - - [08/May/2026:10:48:32 +0800] "POST /InternetTrading/SessionErrorLogger HTTP/1.1" 200 117
113.118.4.108 - - [08/May/2026:10:48:32 +0800] "GET /InternetTrading/longpoll/51803?X-Atmosphere-tracking-id=0&X-Atmosphere-Framework=2.2.3-javascript&X-Atmosphere-Transport=long-polling&X-Atmosphere-TrackMessageSize=true&Content-Type=charset%3Dutf-8&X-atmo-protocol=true&_=1778208915224 HTTP/1.1" 200 -
14.0.230.253 - - [08/May/2026:10:48:32 +0800] "POST /InternetTrading/Heartbeat HTTP/1.1" 200 32
27.38.142.113 - - [08/May/2026:10:48:34 +0800] "GET /InternetTrading/longpoll/53995?X-Atmosphere-tracking-id=0&X-Atmosphere-Framework=2.2.3-javascript&X-Atmosphere-Transport=long-polling&X-Atmosphere-TrackMessageSize=true&Content-Type=charset%3Dutf-8&X-atmo-protocol=true&_=1778208915805 HTTP/1.1" 200 -
14.0.230.253 - - [08/May/2026:10:48:35 +0800] "POST /InternetTrading/SessionErrorLogger HTTP/1.1" 200 117
14.0.230.253 - - [08/May/2026:10:48:35 +0800] "POST /InternetTrading/MarketStatus HTTP/1.1" 200 772
117.26.250.159 - - [08/May/2026:10:48:36 +0800] "GET /InternetTrading/longpoll/51401?X-Atmosphere-tracking-id=0&X-Atmosphere-Framework=2.2.3-javascript&X-Atmosphere-Transport=long-polling&X-Atmosphere-TrackMessageSize=true&Content-Type=charset%3Dutf-8&X-atmo-protocol=true&_=1778208919679 HTTP/1.1" 200 -
14.0.230.253 - - [08/May/2026:10:48:36 +0800] "GET /InternetTrading/longpoll/A8127?X-Atmosphere-tracking-id=0&X-Atmosphere-Framework=2.2.3-javascript&X-Atmosphere-Transport=long-polling&X-Atmosphere-TrackMessageSize=true&Content-Type=charset%3Dutf-8&X-atmo-protocol=true&_=1778208919993 HTTP/1.1" 200 -
113.118.4.108 - - [08/May/2026:10:48:38 +0800] "GET /InternetTrading/longpoll/51803?X-Atmosphere-tracking-id=0&X-Atmosphere-Framework=2.2.3-javascript&X-Atmosphere-Transport=long-polling&X-Atmosphere-TrackMessageSize=true&Content-Type=charset%3Dutf-8&X-atmo-protocol=true&_=1778208921219 HTTP/1.1" 200 -
89.117.42.68 - - [08/May/2026:10:48:38 +0800] "GET /InternetTrading/longpoll/55511?X-Atmosphere-tracking-id=0&X-Atmosphere-Framework=2.2.3-javascript&X-Atmosphere-Transport=long-polling&X-Atmosphere-TrackMessageSize=true&Content-Type=charset%3Dutf-8&X-atmo-protocol=true&_=1778208922278 HTTP/1.1" 200 -
89.117.42.68 - - [08/May/2026:10:48:38 +0800] "GET /InternetTrading/longpoll/55511?X-Atmosphere-tracking-id=0&X-Atmosphere-Framework=2.2.3-javascript&X-Atmosphere-Transport=long-polling&X-Atmosphere-TrackMessageSize=true&Content-Type=charset%3Dutf-8&X-atmo-protocol=true&_=1778208922279 HTTP/1.1" 200 -
27.38.142.113 - - [08/May/2026:10:48:40 +0800] "GET /InternetTrading/longpoll/53995?X-Atmosphere-tracking-id=0&X-Atmosphere-Framework=2.2.3-javascript&X-Atmosphere-Transport=long-polling&X-Atmosphere-TrackMessageSize=true&Content-Type=charset%3Dutf-8&X-atmo-protocol=true&_=1778208921804 HTTP/1.1" 200 -
40.77.167.116 - - [08/May/2026:10:48:41 +0800] "GET /logs HTTP/1.1" 301 243
14.0.230.253 - - [08/May/2026:10:48:41 +0800] "GET /InternetTrading/longpoll/A8127?X-Atmosphere-tracking-id=0&X-Atmosphere-Framework=2.2.3-javascript&X-Atmosphere-Transport=long-polling&X-Atmosphere-TrackMessageSize=true&Content-Type=charset%3Dutf-8&X-atmo-protocol=true&_=1778208925120 HTTP/1.1" 200 -
117.26.250.159 - - [08/May/2026:10:48:42 +0800] "GET /InternetTrading/longpoll/51401?X-Atmosphere-tracking-id=0&X-Atmosphere-Framework=2.2.3-javascript&X-Atmosphere-Transport=long-polling&X-Atmosphere-TrackMessageSize=true&Content-Type=charset%3Dutf-8&X-atmo-protocol=true&_=1778208925668 HTTP/1.1" 200 -
113.118.4.108 - - [08/May/2026:10:48:44 +0800] "GET /InternetTrading/longpoll/51803?X-Atmosphere-tracking-id=0&X-Atmosphere-Framework=2.2.3-javascript&X-Atmosphere-Transport=long-polling&X-Atmosphere-TrackMessageSize=true&Content-Type=charset%3Dutf-8&X-atmo-protocol=true&_=1778208927222 HTTP/1.1" 200 -
27.38.142.113 - - [08/May/2026:10:48:45 +0800] "POST /InternetTrading/SessionErrorLogger HTTP/1.1" 200 117
27.38.142.113 - - [08/May/2026:10:48:45 +0800] "POST /InternetTrading/Heartbeat HTTP/1.1" 200 32
27.38.142.113 - - [08/May/2026:10:48:45 +0800] "POST /InternetTrading/SessionErrorLogger HTTP/1.1" 200 117
27.38.142.113 - - [08/May/2026:10:48:45 +0800] "POST /InternetTrading/MarketStatus HTTP/1.1" 200 772
27.38.142.113 - - [08/May/2026:10:48:46 +0800] "GET /InternetTrading/longpoll/53995?X-Atmosphere-tracking-id=0&X-Atmosphere-Framework=2.2.3-javascript&X-Atmosphere-Transport=long-polling&X-Atmosphere-TrackMessageSize=true&Content-Type=charset%3Dutf-8&X-atmo-protocol=true&_=1778208927806 HTTP/1.1" 200 -
14.0.230.253 - - [08/May/2026:10:48:47 +0800] "GET /InternetTrading/longpoll/A8127?X-Atmosphere-tracking-id=0&X-Atmosphere-Framework=2.2.3-javascript&X-Atmosphere-Transport=long-polling&X-Atmosphere-TrackMessageSize=true&Content-Type=charset%3Dutf-8&X-atmo-protocol=true&_=1778208930412 HTTP/1.1" 200 -
117.26.250.159 - - [08/May/2026:10:48:48 +0800] "GET /InternetTrading/longpoll/51401?X-Atmosphere-tracking-id=0&X-Atmosphere-Framework=2.2.3-javascript&X-Atmosphere-Transport=long-polling&X-Atmosphere-TrackMessageSize=true&Content-Type=charset%3Dutf-8&X-atmo-protocol=true&_=1778208931667 HTTP/1.1" 200 -
89.117.42.68 - - [08/May/2026:10:48:49 +0800] "GET /InternetTrading/longpoll/55511?X-Atmosphere-tracking-id=0&X-Atmosphere-Framework=2.2.3-javascript&X-Atmosphere-Transport=long-polling&X-Atmosphere-TrackMessageSize=true&Content-Type=charset%3Dutf-8&X-atmo-protocol=true&_=1778208932562 HTTP/1.1" 200 -
89.117.42.68 - - [08/May/2026:10:48:49 +0800] "GET /InternetTrading/longpoll/55511?X-Atmosphere-tracking-id=0&X-Atmosphere-Framework=2.2.3-javascript&X-Atmosphere-Transport=long-polling&X-Atmosphere-TrackMessageSize=true&Content-Type=charset%3Dutf-8&X-atmo-protocol=true&_=1778208932561 HTTP/1.1" 200 -
113.118.4.108 - - [08/May/2026:10:48:50 +0800] "GET /InternetTrading/longpoll/51803?X-Atmosphere-tracking-id=0&X-Atmosphere-Framework=2.2.3-javascript&X-Atmosphere-Transport=long-polling&X-Atmosphere-TrackMessageSize=true&Content-Type=charset%3Dutf-8&X-atmo-protocol=true&_=1778208933211 HTTP/1.1" 200 -
14.0.230.253 - - [08/May/2026:10:48:52 +0800] "GET /InternetTrading/longpoll/A8127?X-Atmosphere-tracking-id=0&X-Atmosphere-Framework=2.2.3-javascript&X-Atmosphere-Transport=long-polling&X-Atmosphere-TrackMessageSize=true&Content-Type=charset%3Dutf-8&X-atmo-protocol=true&_=1778208935748 HTTP/1.1" 200 -
117.26.250.159 - - [08/May/2026:10:48:54 +0800] "GET /InternetTrading/longpoll/51401?X-Atmosphere-tracking-id=0&X-Atmosphere-Framework=2.2.3-javascript&X-Atmosphere-Transport=long-polling&X-Atmosphere-TrackMessageSize=true&Content-Type=charset%3Dutf-8&X-atmo-protocol=true&_=1778208937675 HTTP/1.1" 200 -
113.118.4.108 - - [08/May/2026:10:48:56 +0800] "GET /InternetTrading/longpoll/51803?X-Atmosphere-tracking-id=0&X-Atmosphere-Framework=2.2.3-javascript&X-Atmosphere-Transport=long-polling&X-Atmosphere-TrackMessageSize=true&Content-Type=charset%3Dutf-8&X-atmo-protocol=true&_=1778208939217 HTTP/1.1" 200 -
14.0.230.253 - - [08/May/2026:10:48:57 +0800] "GET /InternetTrading/longpoll/A8127?X-Atmosphere-tracking-id=0&X-Atmosphere-Framework=2.2.3-javascript&X-Atmosphere-Transport=long-polling&X-Atmosphere-TrackMessageSize=true&Content-Type=charset%3Dutf-8&X-atmo-protocol=true&_=1778208941033 HTTP/1.1" 200 -
89.117.42.68 - - [08/May/2026:10:48:59 +0800] "GET /InternetTrading/longpoll/55511?X-Atmosphere-tracking-id=0&X-Atmosphere-Framework=2.2.3-javascript&X-Atmosphere-Transport=long-polling&X-Atmosphere-TrackMessageSize=true&Content-Type=charset%3Dutf-8&X-atmo-protocol=true&_=1778208943032 HTTP/1.1" 200 -
89.117.42.68 - - [08/May/2026:10:48:59 +0800] "GET /InternetTrading/longpoll/55511?X-Atmosphere-tracking-id=0&X-Atmosphere-Framework=2.2.3-javascript&X-Atmosphere-Transport=long-polling&X-Atmosphere-TrackMessageSize=true&Content-Type=charset%3Dutf-8&X-atmo-protocol=true&_=1778208943032 HTTP/1.1" 200 -
117.26.250.159 - - [08/May/2026:10:49:00 +0800] "GET /InternetTrading/longpoll/51401?X-Atmosphere-tracking-id=0&X-Atmosphere-Framework=2.2.3-javascript&X-Atmosphere-Transport=long-polling&X-Atmosphere-TrackMessageSize=true&Content-Type=charset%3Dutf-8&X-atmo-protocol=true&_=1778208943671 HTTP/1.1" 200 -
27.38.142.113 - - [08/May/2026:10:49:01 +0800] "GET /InternetTrading/longpoll/53995?X-Atmosphere-tracking-id=0&X-Atmosphere-Framework=2.2.3-javascript&X-Atmosphere-Transport=long-polling&X-Atmosphere-TrackMessageSize=true&Content-Type=charset%3Dutf-8&X-atmo-protocol=true&_=1778208933803 HTTP/1.1" 200 -
113.118.4.108 - - [08/May/2026:10:49:02 +0800] "GET /InternetTrading/longpoll/51803?X-Atmosphere-tracking-id=0&X-Atmosphere-Framework=2.2.3-javascript&X-Atmosphere-Transport=long-polling&X-Atmosphere-TrackMessageSize=true&Content-Type=charset%3Dutf-8&X-atmo-protocol=true&_=1778208945224 HTTP/1.1" 200 -
14.0.230.253 - - [08/May/2026:10:49:02 +0800] "POST /InternetTrading/SessionErrorLogger HTTP/1.1" 200 117
14.0.230.253 - - [08/May/2026:10:49:02 +0800] "POST /InternetTrading/Heartbeat HTTP/1.1" 200 32
14.0.230.253 - - [08/May/2026:10:49:02 +0800] "GET /InternetTrading/longpoll/A8127?X-Atmosphere-tracking-id=0&X-Atmosphere-Framework=2.2.3-javascript&X-Atmosphere-Transport=long-polling&X-Atmosphere-TrackMessageSize=true&Content-Type=charset%3Dutf-8&X-atmo-protocol=true&_=1778208946315 HTTP/1.1" 200 -
14.0.230.253 - - [08/May/2026:10:49:05 +0800] "POST /InternetTrading/SessionErrorLogger HTTP/1.1" 200 117
14.0.230.253 - - [08/May/2026:10:49:05 +0800] "POST /InternetTrading/MarketStatus HTTP/1.1" 200 772
117.26.250.159 - - [08/May/2026:10:49:06 +0800] "GET /InternetTrading/longpoll/51401?X-Atmosphere-tracking-id=0&X-Atmosphere-Framework=2.2.3-javascript&X-Atmosphere-Transport=long-polling&X-Atmosphere-TrackMessageSize=true&Content-Type=charset%3Dutf-8&X-atmo-protocol=true&_=1778208949676 HTTP/1.1" 200 -
27.38.142.113 - - [08/May/2026:10:49:07 +0800] "GET /InternetTrading/longpoll/53995?X-Atmosphere-tracking-id=0&X-Atmosphere-Framework=2.2.3-javascript&X-Atmosphere-Transport=long-polling&X-Atmosphere-TrackMessageSize=true&Content-Type=charset%3Dutf-8&X-atmo-protocol=true&_=1778208948804 HTTP/1.1" 200 -
14.0.230.253 - - [08/May/2026:10:49:08 +0800] "GET /InternetTrading/longpoll/A8127?X-Atmosphere-tracking-id=0&X-Atmosphere-Framework=2.2.3-javascript&X-Atmosphere-Transport=long-polling&X-Atmosphere-TrackMessageSize=true&Content-Type=charset%3Dutf-8&X-atmo-protocol=true&_=1778208951456 HTTP/1.1" 200 -
113.118.4.108 - - [08/May/2026:10:49:08 +0800] "GET /InternetTrading/longpoll/51803?X-Atmosphere-tracking-id=0&X-Atmosphere-Framework=2.2.3-javascript&X-Atmosphere-Transport=long-polling&X-Atmosphere-TrackMessageSize=true&Content-Type=charset%3Dutf-8&X-atmo-protocol=true&_=1778208951218 HTTP/1.1" 200 -
89.117.42.68 - - [08/May/2026:10:49:09 +0800] "GET /InternetTrading/longpoll/55511?X-Atmosphere-tracking-id=0&X-Atmosphere-Framework=2.2.3-javascript&X-Atmosphere-Transport=long-polling&X-Atmosphere-TrackMessageSize=true&Content-Type=charset%3Dutf-8&X-atmo-protocol=true&_=1778208953317 HTTP/1.1" 200 -
89.117.42.68 - - [08/May/2026:10:49:09 +0800] "GET /InternetTrading/longpoll/55511?X-Atmosphere-tracking-id=0&X-Atmosphere-Framework=2.2.3-javascript&X-Atmosphere-Transport=long-polling&X-Atmosphere-TrackMessageSize=true&Content-Type=charset%3Dutf-8&X-atmo-protocol=true&_=1778208953318 HTTP/1.1" 200 -
117.26.250.159 - - [08/May/2026:10:49:12 +0800] "GET /InternetTrading/longpoll/51401?X-Atmosphere-tracking-id=0&X-Atmosphere-Framework=2.2.3-javascript&X-Atmosphere-Transport=long-polling&X-Atmosphere-TrackMessageSize=true&Content-Type=charset%3Dutf-8&X-atmo-protocol=true&_=1778208955670 HTTP/1.1" 200 -
14.0.230.253 - - [08/May/2026:10:49:13 +0800] "GET /InternetTrading/longpoll/A8127?X-Atmosphere-tracking-id=0&X-Atmosphere-Framework=2.2.3-javascript&X-Atmosphere-Transport=long-polling&X-Atmosphere-TrackMessageSize=true&Content-Type=charset%3Dutf-8&X-atmo-protocol=true&_=1778208956569 HTTP/1.1" 200 -
113.118.4.108 - - [08/May/2026:10:49:14 +0800] "GET /InternetTrading/longpoll/51803?X-Atmosphere-tracking-id=0&X-Atmosphere-Framework=2.2.3-javascript&X-Atmosphere-Transport=long-polling&X-Atmosphere-TrackMessageSize=true&Content-Type=charset%3Dutf-8&X-atmo-protocol=true&_=1778208957213 HTTP/1.1" 200 -
89.117.42.68 - - [08/May/2026:10:49:15 +0800] "GET /InternetTrading/longpoll/55511?X-Atmosphere-tracking-id=0&X-Atmosphere-Framework=2.2.3-javascript&X-Atmosphere-Transport=long-polling&X-Atmosphere-TrackMessageSize=true&Content-Type=charset%3Dutf-8&X-atmo-protocol=true&_=1778208958982 HTTP/1.1" 200 -
89.117.42.68 - - [08/May/2026:10:49:15 +0800] "GET /InternetTrading/longpoll/55511?X-Atmosphere-tracking-id=0&X-Atmosphere-Framework=2.2.3-javascript&X-Atmosphere-Transport=long-polling&X-Atmosphere-TrackMessageSize=true&Content-Type=charset%3Dutf-8&X-atmo-protocol=true&_=1778208958982 HTTP/1.1" 200 -
117.26.250.159 - - [08/May/2026:10:49:17 +0800] "POST /InternetTrading/SessionErrorLogger HTTP/1.1" 200 117
117.26.250.159 - - [08/May/2026:10:49:17 +0800] "POST /InternetTrading/Heartbeat HTTP/1.1" 200 32
