3.1.128.83 - - [08/May/2026:10:45:41 +0800] "GET /NyV4KRAp.wwwacl HTTP/1.1" 404 196
3.1.128.83 - - [08/May/2026:10:45:41 +0800] "GET /NyV4KRAp.action HTTP/1.1" 404 196
3.1.128.83 - - [08/May/2026:10:45:41 +0800] "GET /NyV4KRAp.koi8-r HTTP/1.1" 404 196
117.26.250.159 - - [08/May/2026:10:45:42 +0800] "GET /InternetTrading/longpoll/51401?X-Atmosphere-tracking-id=0&X-Atmosphere-Framework=2.2.3-javascript&X-Atmosphere-Transport=long-polling&X-Atmosphere-TrackMessageSize=true&Content-Type=charset%3Dutf-8&X-atmo-protocol=true&_=1778208745671 HTTP/1.1" 200 -
3.1.128.83 - - [08/May/2026:10:45:42 +0800] "GET /NyV4KRAp.signature HTTP/1.1" 404 196
3.1.128.83 - - [08/May/2026:10:45:42 +0800] "GET /NyV4KRAp.mediawiki HTTP/1.1" 404 196
3.1.128.83 - - [08/May/2026:10:45:42 +0800] "GET /NyV4KRAp.PRINT HTTP/1.1" 404 196
3.1.128.83 - - [08/May/2026:10:45:42 +0800] "GET /NyV4KRAp.ashx HTTP/1.1" 404 196
3.1.128.83 - - [08/May/2026:10:45:42 +0800] "GET /NyV4KRAp.swp HTTP/1.1" 404 196
3.1.128.83 - - [08/May/2026:10:45:43 +0800] "GET /NyV4KRAp.markdown HTTP/1.1" 404 196
3.1.128.83 - - [08/May/2026:10:45:43 +0800] "GET /NyV4KRAp.tmp HTTP/1.1" 404 196
3.1.128.83 - - [08/May/2026:10:45:43 +0800] "GET /NyV4KRAp.inc+ HTTP/1.1" 404 196
3.1.128.83 - - [08/May/2026:10:45:43 +0800] "GET /NyV4KRAp.bat|dir HTTP/1.1" 403 199
3.1.128.83 - - [08/May/2026:10:45:43 +0800] "GET /NyV4KRAp.htw HTTP/1.1" 404 196
14.0.230.253 - - [08/May/2026:10:45:43 +0800] "GET /InternetTrading/longpoll/A8127?X-Atmosphere-tracking-id=0&X-Atmosphere-Framework=2.2.3-javascript&X-Atmosphere-Transport=long-polling&X-Atmosphere-TrackMessageSize=true&Content-Type=charset%3Dutf-8&X-atmo-protocol=true&_=1778208747131 HTTP/1.1" 200 -
3.1.128.83 - - [08/May/2026:10:45:43 +0800] "GET /NyV4KRAp.php4 HTTP/1.1" 404 196
3.1.128.83 - - [08/May/2026:10:45:44 +0800] "GET /NyV4KRAp.pl HTTP/1.1" 404 196
3.1.128.83 - - [08/May/2026:10:45:44 +0800] "GET /NyV4KRAp.iso-ru HTTP/1.1" 404 196
113.118.4.108 - - [08/May/2026:10:45:44 +0800] "GET /InternetTrading/longpoll/51803?X-Atmosphere-tracking-id=0&X-Atmosphere-Framework=2.2.3-javascript&X-Atmosphere-Transport=long-polling&X-Atmosphere-TrackMessageSize=true&Content-Type=charset%3Dutf-8&X-atmo-protocol=true&_=1778208747221 HTTP/1.1" 200 -
3.1.128.83 - - [08/May/2026:10:45:44 +0800] "GET /NyV4KRAp.access HTTP/1.1" 404 196
3.1.128.83 - - [08/May/2026:10:45:44 +0800] "GET /NyV4KRAp.jws HTTP/1.1" 404 196
3.1.128.83 - - [08/May/2026:10:45:45 +0800] "GET /NyV4KRAp.log HTTP/1.1" 404 196
27.38.142.113 - - [08/May/2026:10:45:45 +0800] "POST /InternetTrading/SessionErrorLogger HTTP/1.1" 200 117
27.38.142.113 - - [08/May/2026:10:45:45 +0800] "POST /InternetTrading/Heartbeat HTTP/1.1" 200 32
27.38.142.113 - - [08/May/2026:10:45:45 +0800] "POST /InternetTrading/SessionErrorLogger HTTP/1.1" 200 117
27.38.142.113 - - [08/May/2026:10:45:45 +0800] "POST /InternetTrading/MarketStatus HTTP/1.1" 200 772
3.1.128.83 - - [08/May/2026:10:45:45 +0800] "GET /NyV4KRAp.shtm HTTP/1.1" 404 196
3.1.128.83 - - [08/May/2026:10:45:45 +0800] "GET /NyV4KRAp.eml HTTP/1.1" 404 196
3.1.128.83 - - [08/May/2026:10:45:45 +0800] "GET /NyV4KRAp.pwd HTTP/1.1" 404 196
3.1.128.83 - - [08/May/2026:10:45:45 +0800] "GET /NyV4KRAp.asa HTTP/1.1" 404 196
3.1.128.83 - - [08/May/2026:10:45:45 +0800] "GET /NyV4KRAp.utf8 HTTP/1.1" 404 196
3.1.128.83 - - [08/May/2026:10:45:45 +0800] "GET /NyV4KRAp.genpopuplist HTTP/1.1" 404 196
27.38.142.113 - - [08/May/2026:10:45:46 +0800] "GET /InternetTrading/longpoll/53995?X-Atmosphere-tracking-id=0&X-Atmosphere-Framework=2.2.3-javascript&X-Atmosphere-Transport=long-polling&X-Atmosphere-TrackMessageSize=true&Content-Type=charset%3Dutf-8&X-atmo-protocol=true&_=1778208747798 HTTP/1.1" 200 -
3.1.128.83 - - [08/May/2026:10:45:46 +0800] "GET /NyV4KRAp.grp HTTP/1.1" 404 196
3.1.128.83 - - [08/May/2026:10:45:46 +0800] "GET /NyV4KRAp.prf HTTP/1.1" 404 196
3.1.128.83 - - [08/May/2026:10:45:46 +0800] "GET /NyV4KRAp.thtml HTTP/1.1" 404 196
3.1.128.83 - - [08/May/2026:10:45:46 +0800] "GET /NyV4KRAp.zip HTTP/1.1" 404 196
89.117.42.68 - - [08/May/2026:10:45:46 +0800] "GET /InternetTrading/longpoll/55511?X-Atmosphere-tracking-id=0&X-Atmosphere-Framework=2.2.3-javascript&X-Atmosphere-Transport=long-polling&X-Atmosphere-TrackMessageSize=true&Content-Type=charset%3Dutf-8&X-atmo-protocol=true&_=1778208750371 HTTP/1.1" 200 -
89.117.42.68 - - [08/May/2026:10:45:46 +0800] "GET /InternetTrading/longpoll/55511?X-Atmosphere-tracking-id=0&X-Atmosphere-Framework=2.2.3-javascript&X-Atmosphere-Transport=long-polling&X-Atmosphere-TrackMessageSize=true&Content-Type=charset%3Dutf-8&X-atmo-protocol=true&_=1778208750371 HTTP/1.1" 200 -
3.1.128.83 - - [08/May/2026:10:45:47 +0800] "GET /NyV4KRAp.apw HTTP/1.1" 404 196
3.1.128.83 - - [08/May/2026:10:45:47 +0800] "GET /NyV4KRAp.EXE HTTP/1.1" 404 196
3.1.128.83 - - [08/May/2026:10:45:47 +0800] "GET /NyV4KRAp.pw HTTP/1.1" 404 196
3.1.128.83 - - [08/May/2026:10:45:47 +0800] "GET /NyV4KRAp.list HTTP/1.1" 404 196
3.1.128.83 - - [08/May/2026:10:45:48 +0800] "GET /index.php? HTTP/1.1" 404 196
117.26.250.159 - - [08/May/2026:10:45:48 +0800] "GET /InternetTrading/longpoll/51401?X-Atmosphere-tracking-id=0&X-Atmosphere-Framework=2.2.3-javascript&X-Atmosphere-Transport=long-polling&X-Atmosphere-TrackMessageSize=true&Content-Type=charset%3Dutf-8&X-atmo-protocol=true&_=1778208751671 HTTP/1.1" 200 -
3.1.128.83 - - [08/May/2026:10:45:48 +0800] "GET /cgi.cgi/ HTTP/1.1" 404 196
3.1.128.83 - - [08/May/2026:10:45:48 +0800] "GET /webcgi/ HTTP/1.1" 404 196
3.1.128.83 - - [08/May/2026:10:45:48 +0800] "GET /cgi-914/ HTTP/1.1" 404 196
3.1.128.83 - - [08/May/2026:10:45:48 +0800] "GET /cgi-915/ HTTP/1.1" 404 196
3.1.128.83 - - [08/May/2026:10:45:49 +0800] "GET /bin/ HTTP/1.1" 200 7805
14.0.230.253 - - [08/May/2026:10:45:49 +0800] "GET /InternetTrading/longpoll/A8127?X-Atmosphere-tracking-id=0&X-Atmosphere-Framework=2.2.3-javascript&X-Atmosphere-Transport=long-polling&X-Atmosphere-TrackMessageSize=true&Content-Type=charset%3Dutf-8&X-atmo-protocol=true&_=1778208752404 HTTP/1.1" 200 -
3.1.128.83 - - [08/May/2026:10:45:49 +0800] "GET /cgi/ HTTP/1.1" 404 196
3.1.128.83 - - [08/May/2026:10:45:49 +0800] "GET /mpcgi/ HTTP/1.1" 404 196
3.1.128.83 - - [08/May/2026:10:45:49 +0800] "GET /cgi-bin/ HTTP/1.1" 403 199
3.1.128.83 - - [08/May/2026:10:45:50 +0800] "GET /ows-bin/ HTTP/1.1" 404 196
3.1.128.83 - - [08/May/2026:10:45:50 +0800] "GET /cgi-sys/ HTTP/1.1" 404 196
113.118.4.108 - - [08/May/2026:10:45:50 +0800] "GET /InternetTrading/longpoll/51803?X-Atmosphere-tracking-id=0&X-Atmosphere-Framework=2.2.3-javascript&X-Atmosphere-Transport=long-polling&X-Atmosphere-TrackMessageSize=true&Content-Type=charset%3Dutf-8&X-atmo-protocol=true&_=1778208753222 HTTP/1.1" 200 -
3.1.128.83 - - [08/May/2026:10:45:50 +0800] "GET /cgi-local/ HTTP/1.1" 404 196
3.1.128.83 - - [08/May/2026:10:45:50 +0800] "GET /htbin/ HTTP/1.1" 404 196
3.1.128.83 - - [08/May/2026:10:45:51 +0800] "GET /cgibin/ HTTP/1.1" 404 196
3.1.128.83 - - [08/May/2026:10:45:51 +0800] "GET /cgis/ HTTP/1.1" 404 196
3.1.128.83 - - [08/May/2026:10:45:51 +0800] "GET /scripts/ HTTP/1.1" 404 196
3.1.128.83 - - [08/May/2026:10:45:51 +0800] "GET /cgi-win/ HTTP/1.1" 404 196
3.1.128.83 - - [08/May/2026:10:45:51 +0800] "GET /fcgi-bin/ HTTP/1.1" 404 196
3.1.128.83 - - [08/May/2026:10:45:51 +0800] "GET /cgi-exe/ HTTP/1.1" 404 196
3.1.128.83 - - [08/May/2026:10:45:51 +0800] "GET /cgi-home/ HTTP/1.1" 404 196
27.38.142.113 - - [08/May/2026:10:45:52 +0800] "GET /InternetTrading/longpoll/53995?X-Atmosphere-tracking-id=0&X-Atmosphere-Framework=2.2.3-javascript&X-Atmosphere-Transport=long-polling&X-Atmosphere-TrackMessageSize=true&Content-Type=charset%3Dutf-8&X-atmo-protocol=true&_=1778208753798 HTTP/1.1" 200 -
3.1.128.83 - - [08/May/2026:10:45:52 +0800] "GET /cgi-perl/ HTTP/1.1" 404 196
3.1.128.83 - - [08/May/2026:10:45:52 +0800] "GET /scgi-bin/ HTTP/1.1" 404 196
3.1.128.83 - - [08/May/2026:10:45:52 +0800] "GET /cgi-bin-sdb/ HTTP/1.1" 404 196
3.1.128.83 - - [08/May/2026:10:45:52 +0800] "GET /cgi-mod/ HTTP/1.1" 404 196
3.1.128.83 - - [08/May/2026:10:45:53 +0800] "GET / HTTP/1.1" 200 3426
3.1.128.83 - - [08/May/2026:10:45:53 +0800] "GET /clientaccesspolicy.xml HTTP/1.1" 404 196
3.1.128.83 - - [08/May/2026:10:45:53 +0800] "GET /crossdomain.xml HTTP/1.1" 404 196
3.1.128.83 - - [08/May/2026:10:45:53 +0800] "GET /robots.txt HTTP/1.1" 404 196
3.1.128.83 - - [08/May/2026:10:45:53 +0800] "GET / HTTP/1.1" 417 391
3.1.128.83 - - [08/May/2026:10:45:54 +0800] "GET /~bin HTTP/1.1" 404 196
117.26.250.159 - - [08/May/2026:10:45:54 +0800] "GET /InternetTrading/longpoll/51401?X-Atmosphere-tracking-id=0&X-Atmosphere-Framework=2.2.3-javascript&X-Atmosphere-Transport=long-polling&X-Atmosphere-TrackMessageSize=true&Content-Type=charset%3Dutf-8&X-atmo-protocol=true&_=1778208757681 HTTP/1.1" 200 -
3.1.128.83 - - [08/May/2026:10:45:54 +0800] "GET /typo3/dev/translations.php?ONLY=%2e%2e/%2e%2e/%2e%2e/%2e%2e/%2e%2e/etc/hosts%00 HTTP/1.1" 404 196
3.1.128.83 - - [08/May/2026:10:45:54 +0800] "GET /typo3/dev/translations.php?ONLY=%2e%2e/%2e%2e/%2e%2e/%2e%2e/%2e%2e/HASH(0xffff8b149118)%00 HTTP/1.1" 404 196
14.0.230.253 - - [08/May/2026:10:45:54 +0800] "GET /InternetTrading/longpoll/A8127?X-Atmosphere-tracking-id=0&X-Atmosphere-Framework=2.2.3-javascript&X-Atmosphere-Transport=long-polling&X-Atmosphere-TrackMessageSize=true&Content-Type=charset%3Dutf-8&X-atmo-protocol=true&_=1778208757679 HTTP/1.1" 200 -
3.1.128.83 - - [08/May/2026:10:45:54 +0800] "GET /typo3/dev/translations.php?ONLY=%2e%2e/%2e%2e/%2e%2e/%2e%2e/%2e%2e/winnt/win.ini%00 HTTP/1.1" 404 196
3.1.128.83 - - [08/May/2026:10:45:54 +0800] "GET /typo3/dev/translations.php?ONLY=%2e%2e/%2e%2e/%2e%2e/%2e%2e/%2e%2e/boot.ini%00 HTTP/1.1" 404 196
3.1.128.83 - - [08/May/2026:10:45:54 +0800] "GET /typo3/dev/translations.php?ONLY=%2e%2e/%2e%2e/%2e%2e/%2e%2e/%2e%2e/etc/passwd%00 HTTP/1.1" 404 196
3.1.128.83 - - [08/May/2026:10:45:55 +0800] "GET /typo3/dev/translations.php?ONLY=%2e%2e/%2e%2e/%2e%2e/%2e%2e/%2e%2e/windows/win.ini%00 HTTP/1.1" 404 196
3.1.128.83 - - [08/May/2026:10:45:55 +0800] "GET /domcfg.nsf HTTP/1.1" 404 196
3.1.128.83 - - [08/May/2026:10:45:55 +0800] "GET /admin.nsf HTTP/1.1" 404 196
3.1.128.83 - - [08/May/2026:10:45:55 +0800] "GET /admin4.nsf HTTP/1.1" 404 196
3.1.128.83 - - [08/May/2026:10:45:56 +0800] "GET /admin5.nsf HTTP/1.1" 404 196
113.118.4.108 - - [08/May/2026:10:45:56 +0800] "GET /InternetTrading/longpoll/51803?X-Atmosphere-tracking-id=0&X-Atmosphere-Framework=2.2.3-javascript&X-Atmosphere-Transport=long-polling&X-Atmosphere-TrackMessageSize=true&Content-Type=charset%3Dutf-8&X-atmo-protocol=true&_=1778208759220 HTTP/1.1" 200 -
3.1.128.83 - - [08/May/2026:10:45:56 +0800] "GET /webadmin.nsf HTTP/1.1" 404 196
3.1.128.83 - - [08/May/2026:10:45:56 +0800] "GET /nonexistent.nsf HTTP/1.1" 404 196
3.1.128.83 - - [08/May/2026:10:45:56 +0800] "GET /favicon.ico HTTP/1.1" 404 196
3.1.128.83 - - [08/May/2026:10:45:56 +0800] "GET /favicons/favicon.ico HTTP/1.1" 404 196
3.1.128.83 - - [08/May/2026:10:45:56 +0800] "GET /favicon.gif HTTP/1.1" 404 196
89.117.42.68 - - [08/May/2026:10:45:57 +0800] "GET /InternetTrading/longpoll/55511?X-Atmosphere-tracking-id=0&X-Atmosphere-Framework=2.2.3-javascript&X-Atmosphere-Transport=long-polling&X-Atmosphere-TrackMessageSize=true&Content-Type=charset%3Dutf-8&X-atmo-protocol=true&_=1778208760698 HTTP/1.1" 200 -
3.1.128.83 - - [08/May/2026:10:45:57 +0800] "GET /favicons/favicon.gif HTTP/1.1" 404 196
89.117.42.68 - - [08/May/2026:10:45:57 +0800] "GET /InternetTrading/longpoll/55511?X-Atmosphere-tracking-id=0&X-Atmosphere-Framework=2.2.3-javascript&X-Atmosphere-Transport=long-polling&X-Atmosphere-TrackMessageSize=true&Content-Type=charset%3Dutf-8&X-atmo-protocol=true&_=1778208760698 HTTP/1.1" 200 -
3.1.128.83 - - [08/May/2026:10:45:57 +0800] "GET /favicon.png HTTP/1.1" 404 196
3.1.128.83 - - [08/May/2026:10:45:57 +0800] "GET /favicons/favicon.png HTTP/1.1" 404 196
3.1.128.83 - - [08/May/2026:10:45:57 +0800] "GET / HTTP/1.1" 200 3426
3.1.128.83 - - [08/May/2026:10:45:57 +0800] "GET /index.asp HTTP/1.1" 404 196
3.1.128.83 - - [08/May/2026:10:45:58 +0800] "GET /junk999.asp HTTP/1.1" 404 196
3.1.128.83 - - [08/May/2026:10:45:58 +0800] "GET /index.aspx HTTP/1.1" 404 196
3.1.128.83 - - [08/May/2026:10:45:58 +0800] "GET /junk988.aspx HTTP/1.1" 404 196
3.1.128.83 - - [08/May/2026:10:45:58 +0800] "GET /login.asp HTTP/1.1" 404 196
27.38.142.113 - - [08/May/2026:10:45:58 +0800] "GET /InternetTrading/longpoll/53995?X-Atmosphere-tracking-id=0&X-Atmosphere-Framework=2.2.3-javascript&X-Atmosphere-Transport=long-polling&X-Atmosphere-TrackMessageSize=true&Content-Type=charset%3Dutf-8&X-atmo-protocol=true&_=1778208759797 HTTP/1.1" 200 -
3.1.128.83 - - [08/May/2026:10:45:58 +0800] "GET /login.aspx HTTP/1.1" 404 196
3.1.128.83 - - [08/May/2026:10:45:58 +0800] "GET / HTTP/1.0" 400 226
3.1.128.83 - - [08/May/2026:10:45:58 +0800] "GET /images HTTP/1.0" 400 226
3.1.128.83 - - [08/May/2026:10:45:59 +0800] "GET /Autodiscover/Autodiscover.xml HTTP/1.0" 400 226
3.1.128.83 - - [08/May/2026:10:45:59 +0800] "GET /Autodiscover/ HTTP/1.0" 400 226
3.1.128.83 - - [08/May/2026:10:45:59 +0800] "GET /Microsoft-Server-ActiveSync HTTP/1.0" 400 226
3.1.128.83 - - [08/May/2026:10:45:59 +0800] "GET /Microsoft-Server-ActiveSync/default.css HTTP/1.0" 400 226
14.0.230.253 - - [08/May/2026:10:45:59 +0800] "GET /InternetTrading/longpoll/A8127?X-Atmosphere-tracking-id=0&X-Atmosphere-Framework=2.2.3-javascript&X-Atmosphere-Transport=long-polling&X-Atmosphere-TrackMessageSize=true&Content-Type=charset%3Dutf-8&X-atmo-protocol=true&_=1778208763209 HTTP/1.1" 200 -
3.1.128.83 - - [08/May/2026:10:46:00 +0800] "GET /ECP HTTP/1.0" 400 226
117.26.250.159 - - [08/May/2026:10:46:00 +0800] "GET /InternetTrading/longpoll/51401?X-Atmosphere-tracking-id=0&X-Atmosphere-Framework=2.2.3-javascript&X-Atmosphere-Transport=long-polling&X-Atmosphere-TrackMessageSize=true&Content-Type=charset%3Dutf-8&X-atmo-protocol=true&_=1778208763672 HTTP/1.1" 200 -
3.1.128.83 - - [08/May/2026:10:46:00 +0800] "GET /EWS HTTP/1.0" 400 226
3.1.128.83 - - [08/May/2026:10:46:00 +0800] "GET /EWS/Exchange.asmx HTTP/1.0" 400 226
3.1.128.83 - - [08/May/2026:10:46:00 +0800] "GET /Exchange HTTP/1.0" 400 226
3.1.128.83 - - [08/May/2026:10:46:00 +0800] "GET /OWA HTTP/1.0" 400 226
3.1.128.83 - - [08/May/2026:10:46:00 +0800] "GET /Microsoft-Server-ActiveSync/default.eas HTTP/1.0" 400 226
3.1.128.83 - - [08/May/2026:10:46:01 +0800] "GET /Rpc HTTP/1.0" 400 226
3.1.128.83 - - [08/May/2026:10:46:01 +0800] "GET /EWS/Services.wsdl HTTP/1.0" 400 226
3.1.128.83 - - [08/May/2026:10:46:01 +0800] "GET /ecp HTTP/1.0" 400 226
14.0.230.253 - - [08/May/2026:10:46:01 +0800] "POST /InternetTrading/SessionErrorLogger HTTP/1.1" 200 117
3.1.128.83 - - [08/May/2026:10:46:01 +0800] "GET /OAB HTTP/1.0" 400 226
14.0.230.253 - - [08/May/2026:10:46:01 +0800] "POST /InternetTrading/Heartbeat HTTP/1.1" 200 32
3.1.128.83 - - [08/May/2026:10:46:01 +0800] "GET /aspnet_client HTTP/1.0" 400 226
3.1.128.83 - - [08/May/2026:10:46:02 +0800] "GET /PowerShell HTTP/1.0" 400 226
3.1.128.83 - - [08/May/2026:10:46:02 +0800] "GET . HTTP/1.0" 400 226
113.118.4.108 - - [08/May/2026:10:46:02 +0800] "GET /InternetTrading/longpoll/51803?X-Atmosphere-tracking-id=0&X-Atmosphere-Framework=2.2.3-javascript&X-Atmosphere-Transport=long-polling&X-Atmosphere-TrackMessageSize=true&Content-Type=charset%3Dutf-8&X-atmo-protocol=true&_=1778208765222 HTTP/1.1" 200 -
3.1.128.83 - - [08/May/2026:10:46:02 +0800] "GET / HTTP/1.1" 200 3426
3.1.128.83 - - [08/May/2026:10:46:02 +0800] "GET / HTTP/1.0" 400 226
3.1.128.83 - - [08/May/2026:10:46:02 +0800] "GET /index.php HTTP/1.1" 404 196
3.1.128.83 - - [08/May/2026:10:46:02 +0800] "GET /index.php3 HTTP/1.1" 404 196
3.1.128.83 - - [08/May/2026:10:46:03 +0800] "GET /index.php4 HTTP/1.1" 404 196
3.1.128.83 - - [08/May/2026:10:46:03 +0800] "GET /index.php5 HTTP/1.1" 404 196
3.1.128.83 - - [08/May/2026:10:46:03 +0800] "GET /index.php7 HTTP/1.1" 404 196
3.1.128.83 - - [08/May/2026:10:46:03 +0800] "GET /index.html HTTP/1.1" 404 196
3.1.128.83 - - [08/May/2026:10:46:03 +0800] "GET /index.htm HTTP/1.1" 404 196
3.1.128.83 - - [08/May/2026:10:46:03 +0800] "GET /index.shtml HTTP/1.1" 404 196
3.1.128.83 - - [08/May/2026:10:46:04 +0800] "GET /index.cfm HTTP/1.1" 404 196
3.1.128.83 - - [08/May/2026:10:46:04 +0800] "GET /index.cgi HTTP/1.1" 404 196
27.38.142.113 - - [08/May/2026:10:46:04 +0800] "GET /InternetTrading/longpoll/53995?X-Atmosphere-tracking-id=0&X-Atmosphere-Framework=2.2.3-javascript&X-Atmosphere-Transport=long-polling&X-Atmosphere-TrackMessageSize=true&Content-Type=charset%3Dutf-8&X-atmo-protocol=true&_=1778208765794 HTTP/1.1" 200 -
3.1.128.83 - - [08/May/2026:10:46:04 +0800] "GET /index.pl HTTP/1.1" 404 196
3.1.128.83 - - [08/May/2026:10:46:04 +0800] "GET /index.asp HTTP/1.1" 404 196
14.0.230.253 - - [08/May/2026:10:46:04 +0800] "POST /InternetTrading/SessionErrorLogger HTTP/1.1" 200 117
3.1.128.83 - - [08/May/2026:10:46:04 +0800] "GET /index.aspx HTTP/1.1" 404 196
14.0.230.253 - - [08/May/2026:10:46:04 +0800] "POST /InternetTrading/MarketStatus HTTP/1.1" 200 772
14.0.230.253 - - [08/May/2026:10:46:05 +0800] "GET /InternetTrading/longpoll/A8127?X-Atmosphere-tracking-id=0&X-Atmosphere-Framework=2.2.3-javascript&X-Atmosphere-Transport=long-polling&X-Atmosphere-TrackMessageSize=true&Content-Type=charset%3Dutf-8&X-atmo-protocol=true&_=1778208768470 HTTP/1.1" 200 -
3.1.128.83 - - [08/May/2026:10:46:05 +0800] "GET /default.asp HTTP/1.1" 404 196
3.1.128.83 - - [08/May/2026:10:46:05 +0800] "GET /default.aspx HTTP/1.1" 404 196
3.1.128.83 - - [08/May/2026:10:46:05 +0800] "GET /default.htm HTTP/1.1" 404 196
3.1.128.83 - - [08/May/2026:10:46:05 +0800] "GET /index.do HTTP/1.1" 404 196
3.1.128.83 - - [08/May/2026:10:46:05 +0800] "GET /index.jhtml HTTP/1.1" 404 196
3.1.128.83 - - [08/May/2026:10:46:05 +0800] "GET /index.jsp HTTP/1.1" 404 196
3.1.128.83 - - [08/May/2026:10:46:06 +0800] "GET /index.xml HTTP/1.1" 404 196
3.1.128.83 - - [08/May/2026:10:46:06 +0800] "GET /index HTTP/1.1" 404 196
117.26.250.159 - - [08/May/2026:10:46:06 +0800] "GET /InternetTrading/longpoll/51401?X-Atmosphere-tracking-id=0&X-Atmosphere-Framework=2.2.3-javascript&X-Atmosphere-Transport=long-polling&X-Atmosphere-TrackMessageSize=true&Content-Type=charset%3Dutf-8&X-atmo-protocol=true&_=1778208769679 HTTP/1.1" 200 -
3.1.128.83 - - [08/May/2026:10:46:06 +0800] "GET / HTTP/1.1" 200 3426
3.1.128.83 - - [08/May/2026:10:46:06 +0800] "GET / HTTP/1.1" 200 3426
3.1.128.83 - - [08/May/2026:10:46:06 +0800] "GET / HTTP/1.1" 200 3426
3.1.128.83 - - [08/May/2026:10:46:06 +0800] "PUT /nikto-test-cYgV8G2W.html HTTP/1.1" 405 220
3.1.128.83 - - [08/May/2026:10:46:06 +0800] "GET /../../../../../../../../../../../../etc/shadow HTTP/1.1" 400 226
3.1.128.83 - - [08/May/2026:10:46:07 +0800] "GET /v2/_catalog HTTP/1.1" 404 196
3.1.128.83 - - [08/May/2026:10:46:07 +0800] "OPTIONS * HTTP/1.1" 200 -
3.1.128.83 - - [08/May/2026:10:46:07 +0800] "OPTIONS / HTTP/1.1" 200 -
89.117.42.68 - - [08/May/2026:10:46:07 +0800] "GET /InternetTrading/longpoll/55511?X-Atmosphere-tracking-id=0&X-Atmosphere-Framework=2.2.3-javascript&X-Atmosphere-Transport=long-polling&X-Atmosphere-TrackMessageSize=true&Content-Type=charset%3Dutf-8&X-atmo-protocol=true&_=1778208771028 HTTP/1.1" 200 -
89.117.42.68 - - [08/May/2026:10:46:07 +0800] "GET /InternetTrading/longpoll/55511?X-Atmosphere-tracking-id=0&X-Atmosphere-Framework=2.2.3-javascript&X-Atmosphere-Transport=long-polling&X-Atmosphere-TrackMessageSize=true&Content-Type=charset%3Dutf-8&X-atmo-protocol=true&_=1778208771029 HTTP/1.1" 200 -
3.1.128.83 - - [08/May/2026:10:46:07 +0800] "YKZXTPQD / HTTP/1.1" 501 207
3.1.128.83 - - [08/May/2026:10:46:07 +0800] "DEBUG / HTTP/1.1" 501 204
3.1.128.83 - - [08/May/2026:10:46:07 +0800] "PROPFIND / HTTP/1.1" 400 226
3.1.128.83 - - [08/May/2026:10:46:08 +0800] "TRACE / HTTP/1.0" 400 226
113.118.4.108 - - [08/May/2026:10:46:08 +0800] "GET /InternetTrading/longpoll/51803?X-Atmosphere-tracking-id=0&X-Atmosphere-Framework=2.2.3-javascript&X-Atmosphere-Transport=long-polling&X-Atmosphere-TrackMessageSize=true&Content-Type=charset%3Dutf-8&X-atmo-protocol=true&_=1778208771213 HTTP/1.1" 200 -
3.1.128.83 - - [08/May/2026:10:46:08 +0800] "TRACE / HTTP/1.1" 200 135
3.1.128.83 - - [08/May/2026:10:46:08 +0800] "TRACK / HTTP/1.0" 400 226
3.1.128.83 - - [08/May/2026:10:46:08 +0800] "TRACK / HTTP/1.1" 501 204
3.1.128.83 - - [08/May/2026:10:46:08 +0800] "GET / HTTP/1.1" 200 3426
3.1.128.83 - - [08/May/2026:10:46:09 +0800] "GET /bin/ HTTP/1.1" 200 7805
3.1.128.83 - - [08/May/2026:10:46:09 +0800] "GET /bin/admin.cgi HTTP/1.1" 404 196
3.1.128.83 - - [08/May/2026:10:46:09 +0800] "GET /bin/administrator.cgi HTTP/1.1" 404 196
3.1.128.83 - - [08/May/2026:10:46:09 +0800] "GET /bin/authLogin.cgi HTTP/1.1" 404 196
3.1.128.83 - - [08/May/2026:10:46:10 +0800] "GET /bin/bb-hist.sh HTTP/1.1" 404 196
14.0.230.253 - - [08/May/2026:10:46:10 +0800] "GET /InternetTrading/longpoll/A8127?X-Atmosphere-tracking-id=0&X-Atmosphere-Framework=2.2.3-javascript&X-Atmosphere-Transport=long-polling&X-Atmosphere-TrackMessageSize=true&Content-Type=charset%3Dutf-8&X-atmo-protocol=true&_=1778208773605 HTTP/1.1" 200 -
3.1.128.83 - - [08/May/2026:10:46:10 +0800] "GET /bin/banner.cgi HTTP/1.1" 404 196
3.1.128.83 - - [08/May/2026:10:46:10 +0800] "GET /bin/book.cgi HTTP/1.1" 404 196
3.1.128.83 - - [08/May/2026:10:46:10 +0800] "GET /bin/cgiinfo.cgi HTTP/1.1" 404 196
27.38.142.113 - - [08/May/2026:10:46:10 +0800] "GET /InternetTrading/longpoll/53995?X-Atmosphere-tracking-id=0&X-Atmosphere-Framework=2.2.3-javascript&X-Atmosphere-Transport=long-polling&X-Atmosphere-TrackMessageSize=true&Content-Type=charset%3Dutf-8&X-atmo-protocol=true&_=1778208771797 HTTP/1.1" 200 -
3.1.128.83 - - [08/May/2026:10:46:10 +0800] "GET /bin/cgitest.py HTTP/1.1" 404 196
3.1.128.83 - - [08/May/2026:10:46:10 +0800] "GET /bin/cgi_wrapper HTTP/1.1" 404 196
3.1.128.83 - - [08/May/2026:10:46:11 +0800] "GET /bin/contact.cgi HTTP/1.1" 404 196
3.1.128.83 - - [08/May/2026:10:46:11 +0800] "GET /bin/count.cgi HTTP/1.1" 404 196
3.1.128.83 - - [08/May/2026:10:46:11 +0800] "GET /bin/defaultwebpage.cgi HTTP/1.1" 404 196
3.1.128.83 - - [08/May/2026:10:46:11 +0800] "GET /bin/download.cgi HTTP/1.1" 404 196
3.1.128.83 - - [08/May/2026:10:46:11 +0800] "GET /bin/entropysearch.cgi HTTP/1.1" 404 196
3.1.128.83 - - [08/May/2026:10:46:11 +0800] "GET /bin/env.cgi HTTP/1.1" 404 196
117.26.250.159 - - [08/May/2026:10:46:12 +0800] "GET /InternetTrading/longpoll/51401?X-Atmosphere-tracking-id=0&X-Atmosphere-Framework=2.2.3-javascript&X-Atmosphere-Transport=long-polling&X-Atmosphere-TrackMessageSize=true&Content-Type=charset%3Dutf-8&X-atmo-protocol=true&_=1778208775680 HTTP/1.1" 200 -
3.1.128.83 - - [08/May/2026:10:46:12 +0800] "GET /bin/environment.cgi HTTP/1.1" 404 196
3.1.128.83 - - [08/May/2026:10:46:12 +0800] "GET /bin/ezmlm-browse HTTP/1.1" 404 196
3.1.128.83 - - [08/May/2026:10:46:12 +0800] "GET /bin/formmail.cgi HTTP/1.1" 404 196
3.1.128.83 - - [08/May/2026:10:46:12 +0800] "GET /bin/FormMail-clone.cgi HTTP/1.1" 404 196
3.1.128.83 - - [08/May/2026:10:46:13 +0800] "GET /bin/guestbook.cgi HTTP/1.1" 404 196
3.1.128.83 - - [08/May/2026:10:46:13 +0800] "GET /bin/helpdesk.cgi HTTP/1.1" 404 196
3.1.128.83 - - [08/May/2026:10:46:13 +0800] "GET /bin/index.cgi HTTP/1.1" 404 196
3.1.128.83 - - [08/May/2026:10:46:13 +0800] "GET /bin/index.php HTTP/1.1" 404 196
3.1.128.83 - - [08/May/2026:10:46:14 +0800] "GET /bin/index.pl HTTP/1.1" 404 196
113.118.4.108 - - [08/May/2026:10:46:14 +0800] "GET /InternetTrading/longpoll/51803?X-Atmosphere-tracking-id=0&X-Atmosphere-Framework=2.2.3-javascript&X-Atmosphere-Transport=long-polling&X-Atmosphere-TrackMessageSize=true&Content-Type=charset%3Dutf-8&X-atmo-protocol=true&_=1778208777222 HTTP/1.1" 200 -
3.1.128.83 - - [08/May/2026:10:46:14 +0800] "GET /bin/info.cgi HTTP/1.1" 404 196
3.1.128.83 - - [08/May/2026:10:46:14 +0800] "GET /bin/info.sh HTTP/1.1" 404 196
3.1.128.83 - - [08/May/2026:10:46:14 +0800] "GET /bin/loadpage.cgi HTTP/1.1" 404 196
3.1.128.83 - - [08/May/2026:10:46:14 +0800] "GET /bin/login.cgi HTTP/1.1" 404 196
3.1.128.83 - - [08/May/2026:10:46:15 +0800] "GET /bin/login.php HTTP/1.1" 404 196
3.1.128.83 - - [08/May/2026:10:46:15 +0800] "GET /bin/login.pl HTTP/1.1" 404 196
89.117.42.68 - - [08/May/2026:10:46:15 +0800] "GET /InternetTrading/longpoll/55511?X-Atmosphere-tracking-id=0&X-Atmosphere-Framework=2.2.3-javascript&X-Atmosphere-Transport=long-polling&X-Atmosphere-TrackMessageSize=true&Content-Type=charset%3Dutf-8&X-atmo-protocol=true&_=1778208778851 HTTP/1.1" 200 -
89.117.42.68 - - [08/May/2026:10:46:15 +0800] "GET /InternetTrading/longpoll/55511?X-Atmosphere-tracking-id=0&X-Atmosphere-Framework=2.2.3-javascript&X-Atmosphere-Transport=long-polling&X-Atmosphere-TrackMessageSize=true&Content-Type=charset%3Dutf-8&X-atmo-protocol=true&_=1778208778852 HTTP/1.1" 200 -
3.1.128.83 - - [08/May/2026:10:46:15 +0800] "GET /bin/pathtest.pl HTTP/1.1" 404 196
14.0.230.253 - - [08/May/2026:10:46:15 +0800] "GET /InternetTrading/longpoll/A8127?X-Atmosphere-tracking-id=0&X-Atmosphere-Framework=2.2.3-javascript&X-Atmosphere-Transport=long-polling&X-Atmosphere-TrackMessageSize=true&Content-Type=charset%3Dutf-8&X-atmo-protocol=true&_=1778208778729 HTTP/1.1" 200 -
3.1.128.83 - - [08/May/2026:10:46:15 +0800] "GET /bin/php HTTP/1.1" 404 196
3.1.128.83 - - [08/May/2026:10:46:15 +0800] "GET /bin/php4 HTTP/1.1" 404 196
3.1.128.83 - - [08/May/2026:10:46:15 +0800] "GET /bin/php5 HTTP/1.1" 404 196
3.1.128.83 - - [08/May/2026:10:46:16 +0800] "GET /bin/php-cgi HTTP/1.1" 404 196
3.1.128.83 - - [08/May/2026:10:46:16 +0800] "GET /bin/php.cgi HTTP/1.1" 404 196
3.1.128.83 - - [08/May/2026:10:46:16 +0800] "GET /bin/php.fcgi HTTP/1.1" 404 196
27.38.142.113 - - [08/May/2026:10:46:16 +0800] "GET /InternetTrading/longpoll/53995?X-Atmosphere-tracking-id=0&X-Atmosphere-Framework=2.2.3-javascript&X-Atmosphere-Transport=long-polling&X-Atmosphere-TrackMessageSize=true&Content-Type=charset%3Dutf-8&X-atmo-protocol=true&_=1778208777803 HTTP/1.1" 200 -
3.1.128.83 - - [08/May/2026:10:46:16 +0800] "GET /bin/printenv HTTP/1.1" 404 196
3.1.128.83 - - [08/May/2026:10:46:16 +0800] "GET /bin/restore_config.cgi HTTP/1.1" 404 196
117.26.250.159 - - [08/May/2026:10:46:17 +0800] "POST /InternetTrading/SessionErrorLogger HTTP/1.1" 200 117
3.1.128.83 - - [08/May/2026:10:46:17 +0800] "GET /bin/ruby.rb HTTP/1.1" 404 196
117.26.250.159 - - [08/May/2026:10:46:17 +0800] "POST /InternetTrading/Heartbeat HTTP/1.1" 200 32
117.26.250.159 - - [08/May/2026:10:46:17 +0800] "POST /InternetTrading/SessionErrorLogger HTTP/1.1" 200 117
3.1.128.83 - - [08/May/2026:10:46:17 +0800] "GET /bin/search HTTP/1.1" 404 196
117.26.250.159 - - [08/May/2026:10:46:17 +0800] "POST /InternetTrading/MarketStatus HTTP/1.1" 200 772
3.1.128.83 - - [08/May/2026:10:46:17 +0800] "GET /bin/search.cgi HTTP/1.1" 404 196
3.1.128.83 - - [08/May/2026:10:46:17 +0800] "GET /bin/server.php HTTP/1.1" 404 196
3.1.128.83 - - [08/May/2026:10:46:17 +0800] "GET /bin/status HTTP/1.1" 404 196
3.1.128.83 - - [08/May/2026:10:46:17 +0800] "GET /bin/sysinfo.pl HTTP/1.1" 404 196
117.26.250.159 - - [08/May/2026:10:46:18 +0800] "GET /InternetTrading/longpoll/51401?X-Atmosphere-tracking-id=0&X-Atmosphere-Framework=2.2.3-javascript&X-Atmosphere-Transport=long-polling&X-Atmosphere-TrackMessageSize=true&Content-Type=charset%3Dutf-8&X-atmo-protocol=true&_=1778208781672 HTTP/1.1" 200 -
3.1.128.83 - - [08/May/2026:10:46:18 +0800] "GET /bin/test HTTP/1.1" 404 196
3.1.128.83 - - [08/May/2026:10:46:18 +0800] "GET /bin/test-cgi HTTP/1.1" 404 196
3.1.128.83 - - [08/May/2026:10:46:18 +0800] "GET /bin/test.cgi HTTP/1.1" 404 196
3.1.128.83 - - [08/May/2026:10:46:18 +0800] "GET /bin/test_cgi.php HTTP/1.1" 404 196
3.1.128.83 - - [08/May/2026:10:46:18 +0800] "GET /bin/test.cgi.php HTTP/1.1" 404 196
3.1.128.83 - - [08/May/2026:10:46:19 +0800] "GET /bin/test_cgi.pl HTTP/1.1" 404 196
3.1.128.83 - - [08/May/2026:10:46:19 +0800] "GET /bin/test-cgi.pl HTTP/1.1" 404 196
3.1.128.83 - - [08/May/2026:10:46:19 +0800] "GET /bin/test.py HTTP/1.1" 404 196
3.1.128.83 - - [08/May/2026:10:46:19 +0800] "GET /bin/test.sh HTTP/1.1" 404 196
3.1.128.83 - - [08/May/2026:10:46:19 +0800] "GET /bin/tmUnblock.cgi HTTP/1.1" 404 196
3.1.128.83 - - [08/May/2026:10:46:19 +0800] "GET /bin/uname.cgi HTTP/1.1" 404 196
113.118.4.108 - - [08/May/2026:10:46:20 +0800] "GET /InternetTrading/longpoll/51803?X-Atmosphere-tracking-id=0&X-Atmosphere-Framework=2.2.3-javascript&X-Atmosphere-Transport=long-polling&X-Atmosphere-TrackMessageSize=true&Content-Type=charset%3Dutf-8&X-atmo-protocol=true&_=1778208783225 HTTP/1.1" 200 -
3.1.128.83 - - [08/May/2026:10:46:20 +0800] "GET /bin/viewcvs.cgi HTTP/1.1" 404 196
3.1.128.83 - - [08/May/2026:10:46:20 +0800] "GET /bin/welcome HTTP/1.1" 404 196
3.1.128.83 - - [08/May/2026:10:46:20 +0800] "GET /bin/whois.cgi HTTP/1.1" 404 196
3.1.128.83 - - [08/May/2026:10:46:20 +0800] "GET /bin/ HTTP/1.1" 200 7805
14.0.230.253 - - [08/May/2026:10:46:20 +0800] "GET /InternetTrading/longpoll/A8127?X-Atmosphere-tracking-id=0&X-Atmosphere-Framework=2.2.3-javascript&X-Atmosphere-Transport=long-polling&X-Atmosphere-TrackMessageSize=true&Content-Type=charset%3Dutf-8&X-atmo-protocol=true&_=1778208784000 HTTP/1.1" 200 -
3.1.128.83 - - [08/May/2026:10:46:20 +0800] "GET /cgi-bin/ HTTP/1.1" 403 199
3.1.128.83 - - [08/May/2026:10:46:21 +0800] "GET /cgi-bin/admin.cgi HTTP/1.1" 403 199
3.1.128.83 - - [08/May/2026:10:46:21 +0800] "GET /cgi-bin/administrator.cgi HTTP/1.1" 403 199
3.1.128.83 - - [08/May/2026:10:46:21 +0800] "GET /cgi-bin/authLogin.cgi HTTP/1.1" 403 199
3.1.128.83 - - [08/May/2026:10:46:21 +0800] "GET /cgi-bin/bb-hist.sh HTTP/1.1" 403 199
3.1.128.83 - - [08/May/2026:10:46:21 +0800] "GET /cgi-bin/banner.cgi HTTP/1.1" 403 199
3.1.128.83 - - [08/May/2026:10:46:22 +0800] "GET /cgi-bin/book.cgi HTTP/1.1" 403 199
113.118.4.108 - - [08/May/2026:10:46:22 +0800] "POST /InternetTrading/SessionErrorLogger HTTP/1.1" 200 117
113.118.4.108 - - [08/May/2026:10:46:22 +0800] "POST /InternetTrading/Heartbeat HTTP/1.1" 200 32
113.118.4.108 - - [08/May/2026:10:46:22 +0800] "POST /InternetTrading/SessionErrorLogger HTTP/1.1" 200 117
113.118.4.108 - - [08/May/2026:10:46:22 +0800] "POST /InternetTrading/MarketStatus HTTP/1.1" 200 772
3.1.128.83 - - [08/May/2026:10:46:22 +0800] "GET /cgi-bin/cgiinfo.cgi HTTP/1.1" 403 199
3.1.128.83 - - [08/May/2026:10:46:22 +0800] "GET /cgi-bin/cgitest.py HTTP/1.1" 403 199
3.1.128.83 - - [08/May/2026:10:46:22 +0800] "GET /cgi-bin/cgi_wrapper HTTP/1.1" 403 199
27.38.142.113 - - [08/May/2026:10:46:22 +0800] "GET /InternetTrading/longpoll/53995?X-Atmosphere-tracking-id=0&X-Atmosphere-Framework=2.2.3-javascript&X-Atmosphere-Transport=long-polling&X-Atmosphere-TrackMessageSize=true&Content-Type=charset%3Dutf-8&X-atmo-protocol=true&_=1778208783792 HTTP/1.1" 200 -
3.1.128.83 - - [08/May/2026:10:46:22 +0800] "GET /cgi-bin/contact.cgi HTTP/1.1" 403 199
3.1.128.83 - - [08/May/2026:10:46:22 +0800] "GET /cgi-bin/count.cgi HTTP/1.1" 403 199
3.1.128.83 - - [08/May/2026:10:46:23 +0800] "GET /cgi-bin/defaultwebpage.cgi HTTP/1.1" 403 199
3.1.128.83 - - [08/May/2026:10:46:23 +0800] "GET /cgi-bin/download.cgi HTTP/1.1" 403 199
3.1.128.83 - - [08/May/2026:10:46:23 +0800] "GET /cgi-bin/entropysearch.cgi HTTP/1.1" 403 199
3.1.128.83 - - [08/May/2026:10:46:23 +0800] "GET /cgi-bin/env.cgi HTTP/1.1" 403 199
3.1.128.83 - - [08/May/2026:10:46:23 +0800] "GET /cgi-bin/environment.cgi HTTP/1.1" 403 199
3.1.128.83 - - [08/May/2026:10:46:24 +0800] "GET /cgi-bin/ezmlm-browse HTTP/1.1" 403 199
117.26.250.159 - - [08/May/2026:10:46:24 +0800] "GET /InternetTrading/longpoll/51401?X-Atmosphere-tracking-id=0&X-Atmosphere-Framework=2.2.3-javascript&X-Atmosphere-Transport=long-polling&X-Atmosphere-TrackMessageSize=true&Content-Type=charset%3Dutf-8&X-atmo-protocol=true&_=1778208787676 HTTP/1.1" 200 -
3.1.128.83 - - [08/May/2026:10:46:24 +0800] "GET /cgi-bin/formmail.cgi HTTP/1.1" 403 199
3.1.128.83 - - [08/May/2026:10:46:24 +0800] "GET /cgi-bin/FormMail-clone.cgi HTTP/1.1" 403 199
3.1.128.83 - - [08/May/2026:10:46:24 +0800] "GET /cgi-bin/guestbook.cgi HTTP/1.1" 403 199
3.1.128.83 - - [08/May/2026:10:46:24 +0800] "GET /cgi-bin/helpdesk.cgi HTTP/1.1" 403 199
3.1.128.83 - - [08/May/2026:10:46:24 +0800] "GET /cgi-bin/index.cgi HTTP/1.1" 403 199
3.1.128.83 - - [08/May/2026:10:46:25 +0800] "GET /cgi-bin/index.php HTTP/1.1" 403 199
3.1.128.83 - - [08/May/2026:10:46:25 +0800] "GET /cgi-bin/index.pl HTTP/1.1" 403 199
3.1.128.83 - - [08/May/2026:10:46:25 +0800] "GET /cgi-bin/info.cgi HTTP/1.1" 403 199
3.1.128.83 - - [08/May/2026:10:46:25 +0800] "GET /cgi-bin/info.sh HTTP/1.1" 403 199
3.1.128.83 - - [08/May/2026:10:46:25 +0800] "GET /cgi-bin/loadpage.cgi HTTP/1.1" 403 199
3.1.128.83 - - [08/May/2026:10:46:25 +0800] "GET /cgi-bin/login.cgi HTTP/1.1" 403 199
3.1.128.83 - - [08/May/2026:10:46:26 +0800] "GET /cgi-bin/login.php HTTP/1.1" 403 199
14.0.230.253 - - [08/May/2026:10:46:26 +0800] "GET /InternetTrading/longpoll/A8127?X-Atmosphere-tracking-id=0&X-Atmosphere-Framework=2.2.3-javascript&X-Atmosphere-Transport=long-polling&X-Atmosphere-TrackMessageSize=true&Content-Type=charset%3Dutf-8&X-atmo-protocol=true&_=1778208789362 HTTP/1.1" 200 -
113.118.4.108 - - [08/May/2026:10:46:26 +0800] "GET /InternetTrading/longpoll/51803?X-Atmosphere-tracking-id=0&X-Atmosphere-Framework=2.2.3-javascript&X-Atmosphere-Transport=long-polling&X-Atmosphere-TrackMessageSize=true&Content-Type=charset%3Dutf-8&X-atmo-protocol=true&_=1778208789213 HTTP/1.1" 200 -
3.1.128.83 - - [08/May/2026:10:46:26 +0800] "GET /cgi-bin/login.pl HTTP/1.1" 403 199
3.1.128.83 - - [08/May/2026:10:46:26 +0800] "GET /cgi-bin/pathtest.pl HTTP/1.1" 403 199
3.1.128.83 - - [08/May/2026:10:46:26 +0800] "GET /cgi-bin/php HTTP/1.1" 403 199
3.1.128.83 - - [08/May/2026:10:46:26 +0800] "GET /cgi-bin/php4 HTTP/1.1" 403 199
3.1.128.83 - - [08/May/2026:10:46:26 +0800] "GET /cgi-bin/php5 HTTP/1.1" 403 199
3.1.128.83 - - [08/May/2026:10:46:27 +0800] "GET /cgi-bin/php-cgi HTTP/1.1" 403 199
3.1.128.83 - - [08/May/2026:10:46:27 +0800] "GET /cgi-bin/php.cgi HTTP/1.1" 403 199
3.1.128.83 - - [08/May/2026:10:46:27 +0800] "GET /cgi-bin/php.fcgi HTTP/1.1" 403 199
3.1.128.83 - - [08/May/2026:10:46:27 +0800] "GET /cgi-bin/printenv HTTP/1.1" 403 199
182.148.37.53 - - [08/May/2026:10:46:27 +0800] "-" 408 -
3.1.128.83 - - [08/May/2026:10:46:27 +0800] "GET /cgi-bin/restore_config.cgi HTTP/1.1" 403 199
3.1.128.83 - - [08/May/2026:10:46:27 +0800] "GET /cgi-bin/ruby.rb HTTP/1.1" 403 199
89.117.42.68 - - [08/May/2026:10:46:28 +0800] "POST /InternetTrading/SessionErrorLogger HTTP/1.1" 200 117
3.1.128.83 - - [08/May/2026:10:46:28 +0800] "GET /cgi-bin/search HTTP/1.1" 403 199
89.117.42.68 - - [08/May/2026:10:46:28 +0800] "POST /InternetTrading/Heartbeat HTTP/1.1" 200 32
89.117.42.68 - - [08/May/2026:10:46:28 +0800] "POST /InternetTrading/SessionErrorLogger HTTP/1.1" 200 117
3.1.128.83 - - [08/May/2026:10:46:28 +0800] "GET /cgi-bin/search.cgi HTTP/1.1" 403 199
89.117.42.68 - - [08/May/2026:10:46:28 +0800] "GET /InternetTrading/longpoll/55511?X-Atmosphere-tracking-id=0&X-Atmosphere-Framework=2.2.3-javascript&X-Atmosphere-Transport=long-polling&X-Atmosphere-TrackMessageSize=true&Content-Type=charset%3Dutf-8&X-atmo-protocol=true&_=1778208792107 HTTP/1.1" 200 -
89.117.42.68 - - [08/May/2026:10:46:28 +0800] "POST /InternetTrading/MarketStatus HTTP/1.1" 200 772
89.117.42.68 - - [08/May/2026:10:46:28 +0800] "GET /InternetTrading/longpoll/55511?X-Atmosphere-tracking-id=0&X-Atmosphere-Framework=2.2.3-javascript&X-Atmosphere-Transport=long-polling&X-Atmosphere-TrackMessageSize=true&Content-Type=charset%3Dutf-8&X-atmo-protocol=true&_=1778208792107 HTTP/1.1" 200 -
3.1.128.83 - - [08/May/2026:10:46:28 +0800] "GET /cgi-bin/server.php HTTP/1.1" 403 199
27.38.142.113 - - [08/May/2026:10:46:28 +0800] "GET /InternetTrading/longpoll/53995?X-Atmosphere-tracking-id=0&X-Atmosphere-Framework=2.2.3-javascript&X-Atmosphere-Transport=long-polling&X-Atmosphere-TrackMessageSize=true&Content-Type=charset%3Dutf-8&X-atmo-protocol=true&_=1778208789798 HTTP/1.1" 200 -
3.1.128.83 - - [08/May/2026:10:46:28 +0800] "GET /cgi-bin/status HTTP/1.1" 403 199
3.1.128.83 - - [08/May/2026:10:46:29 +0800] "GET /cgi-bin/sysinfo.pl HTTP/1.1" 403 199
3.1.128.83 - - [08/May/2026:10:46:29 +0800] "GET /cgi-bin/test HTTP/1.1" 403 199
3.1.128.83 - - [08/May/2026:10:46:29 +0800] "GET /cgi-bin/test-cgi HTTP/1.1" 403 199
3.1.128.83 - - [08/May/2026:10:46:29 +0800] "GET /cgi-bin/test.cgi HTTP/1.1" 403 199
3.1.128.83 - - [08/May/2026:10:46:29 +0800] "GET /cgi-bin/test_cgi.php HTTP/1.1" 403 199
3.1.128.83 - - [08/May/2026:10:46:30 +0800] "GET /cgi-bin/test.cgi.php HTTP/1.1" 403 199
117.26.250.159 - - [08/May/2026:10:46:30 +0800] "GET /InternetTrading/longpoll/51401?X-Atmosphere-tracking-id=0&X-Atmosphere-Framework=2.2.3-javascript&X-Atmosphere-Transport=long-polling&X-Atmosphere-TrackMessageSize=true&Content-Type=charset%3Dutf-8&X-atmo-protocol=true&_=1778208793674 HTTP/1.1" 200 -
3.1.128.83 - - [08/May/2026:10:46:30 +0800] "GET /cgi-bin/test_cgi.pl HTTP/1.1" 403 199
3.1.128.83 - - [08/May/2026:10:46:30 +0800] "GET /cgi-bin/test-cgi.pl HTTP/1.1" 403 199
3.1.128.83 - - [08/May/2026:10:46:30 +0800] "GET /cgi-bin/test.py HTTP/1.1" 403 199
3.1.128.83 - - [08/May/2026:10:46:30 +0800] "GET /cgi-bin/test.sh HTTP/1.1" 403 199
14.0.230.253 - - [08/May/2026:10:46:31 +0800] "GET /InternetTrading/longpoll/A8127?X-Atmosphere-tracking-id=0&X-Atmosphere-Framework=2.2.3-javascript&X-Atmosphere-Transport=long-polling&X-Atmosphere-TrackMessageSize=true&Content-Type=charset%3Dutf-8&X-atmo-protocol=true&_=1778208794644 HTTP/1.1" 200 -
3.1.128.83 - - [08/May/2026:10:46:31 +0800] "GET /cgi-bin/tmUnblock.cgi HTTP/1.1" 403 199
3.1.128.83 - - [08/May/2026:10:46:31 +0800] "GET /cgi-bin/uname.cgi HTTP/1.1" 403 199
14.0.230.253 - - [08/May/2026:10:46:31 +0800] "POST /InternetTrading/SessionErrorLogger HTTP/1.1" 200 117
14.0.230.253 - - [08/May/2026:10:46:31 +0800] "POST /InternetTrading/Heartbeat HTTP/1.1" 200 32
3.1.128.83 - - [08/May/2026:10:46:31 +0800] "GET /cgi-bin/viewcvs.cgi HTTP/1.1" 403 199
3.1.128.83 - - [08/May/2026:10:46:32 +0800] "GET /cgi-bin/welcome HTTP/1.1" 403 199
113.118.4.108 - - [08/May/2026:10:46:32 +0800] "GET /InternetTrading/longpoll/51803?X-Atmosphere-tracking-id=0&X-Atmosphere-Framework=2.2.3-javascript&X-Atmosphere-Transport=long-polling&X-Atmosphere-TrackMessageSize=true&Content-Type=charset%3Dutf-8&X-atmo-protocol=true&_=1778208795214 HTTP/1.1" 200 -
3.1.128.83 - - [08/May/2026:10:46:32 +0800] "GET /cgi-bin/whois.cgi HTTP/1.1" 403 199
3.1.128.83 - - [08/May/2026:10:46:32 +0800] "GET /cgi-bin/ HTTP/1.1" 403 199
3.1.128.83 - - [08/May/2026:10:46:32 +0800] "GET / HTTP/1.1" 200 3426
3.1.128.83 - - [08/May/2026:10:46:32 +0800] "GET /admin.cgi HTTP/1.1" 404 196
3.1.128.83 - - [08/May/2026:10:46:32 +0800] "GET /administrator.cgi HTTP/1.1" 404 196
3.1.128.83 - - [08/May/2026:10:46:33 +0800] "GET /authLogin.cgi HTTP/1.1" 404 196
3.1.128.83 - - [08/May/2026:10:46:33 +0800] "GET /bb-hist.sh HTTP/1.1" 404 196
3.1.128.83 - - [08/May/2026:10:46:33 +0800] "GET /banner.cgi HTTP/1.1" 404 196
3.1.128.83 - - [08/May/2026:10:46:33 +0800] "GET /book.cgi HTTP/1.1" 404 196
3.1.128.83 - - [08/May/2026:10:46:33 +0800] "GET /cgiinfo.cgi HTTP/1.1" 404 196
3.1.128.83 - - [08/May/2026:10:46:34 +0800] "GET /cgitest.py HTTP/1.1" 404 196
3.1.128.83 - - [08/May/2026:10:46:34 +0800] "GET /cgi_wrapper HTTP/1.1" 404 196
27.38.142.113 - - [08/May/2026:10:46:34 +0800] "GET /InternetTrading/longpoll/53995?X-Atmosphere-tracking-id=0&X-Atmosphere-Framework=2.2.3-javascript&X-Atmosphere-Transport=long-polling&X-Atmosphere-TrackMessageSize=true&Content-Type=charset%3Dutf-8&X-atmo-protocol=true&_=1778208795793 HTTP/1.1" 200 -
3.1.128.83 - - [08/May/2026:10:46:34 +0800] "GET /contact.cgi HTTP/1.1" 404 196
3.1.128.83 - - [08/May/2026:10:46:34 +0800] "GET /count.cgi HTTP/1.1" 404 196
14.0.230.253 - - [08/May/2026:10:46:34 +0800] "POST /InternetTrading/SessionErrorLogger HTTP/1.1" 200 117
3.1.128.83 - - [08/May/2026:10:46:35 +0800] "GET /defaultwebpage.cgi HTTP/1.1" 404 196
14.0.230.253 - - [08/May/2026:10:46:35 +0800] "POST /InternetTrading/MarketStatus HTTP/1.1" 200 772
3.1.128.83 - - [08/May/2026:10:46:35 +0800] "GET /download.cgi HTTP/1.1" 404 196
3.1.128.83 - - [08/May/2026:10:46:35 +0800] "GET /entropysearch.cgi HTTP/1.1" 404 196
3.1.128.83 - - [08/May/2026:10:46:35 +0800] "GET /env.cgi HTTP/1.1" 404 196
3.1.128.83 - - [08/May/2026:10:46:35 +0800] "GET /environment.cgi HTTP/1.1" 404 196
3.1.128.83 - - [08/May/2026:10:46:35 +0800] "GET /ezmlm-browse HTTP/1.1" 404 196
3.1.128.83 - - [08/May/2026:10:46:35 +0800] "GET /formmail.cgi HTTP/1.1" 404 196
3.1.128.83 - - [08/May/2026:10:46:36 +0800] "GET /FormMail-clone.cgi HTTP/1.1" 404 196
3.1.128.83 - - [08/May/2026:10:46:36 +0800] "GET /guestbook.cgi HTTP/1.1" 404 196
14.0.230.253 - - [08/May/2026:10:46:36 +0800] "GET /InternetTrading/longpoll/A8127?X-Atmosphere-tracking-id=0&X-Atmosphere-Framework=2.2.3-javascript&X-Atmosphere-Transport=long-polling&X-Atmosphere-TrackMessageSize=true&Content-Type=charset%3Dutf-8&X-atmo-protocol=true&_=1778208799855 HTTP/1.1" 200 -
3.1.128.83 - - [08/May/2026:10:46:36 +0800] "GET /helpdesk.cgi HTTP/1.1" 404 196
117.26.250.159 - - [08/May/2026:10:46:36 +0800] "GET /InternetTrading/longpoll/51401?X-Atmosphere-tracking-id=0&X-Atmosphere-Framework=2.2.3-javascript&X-Atmosphere-Transport=long-polling&X-Atmosphere-TrackMessageSize=true&Content-Type=charset%3Dutf-8&X-atmo-protocol=true&_=1778208799667 HTTP/1.1" 200 -
3.1.128.83 - - [08/May/2026:10:46:36 +0800] "GET /index.cgi HTTP/1.1" 404 196
3.1.128.83 - - [08/May/2026:10:46:36 +0800] "GET /index.php HTTP/1.1" 404 196
3.1.128.83 - - [08/May/2026:10:46:36 +0800] "GET /index.pl HTTP/1.1" 404 196
3.1.128.83 - - [08/May/2026:10:46:37 +0800] "GET /info.cgi HTTP/1.1" 404 196
3.1.128.83 - - [08/May/2026:10:46:37 +0800] "GET /info.sh HTTP/1.1" 404 196
3.1.128.83 - - [08/May/2026:10:46:37 +0800] "GET /loadpage.cgi HTTP/1.1" 404 196
3.1.128.83 - - [08/May/2026:10:46:38 +0800] "GET /login.cgi HTTP/1.1" 404 196
3.1.128.83 - - [08/May/2026:10:46:38 +0800] "GET /login.php HTTP/1.1" 404 196
113.118.4.108 - - [08/May/2026:10:46:38 +0800] "GET /InternetTrading/longpoll/51803?X-Atmosphere-tracking-id=0&X-Atmosphere-Framework=2.2.3-javascript&X-Atmosphere-Transport=long-polling&X-Atmosphere-TrackMessageSize=true&Content-Type=charset%3Dutf-8&X-atmo-protocol=true&_=1778208801225 HTTP/1.1" 200 -
3.1.128.83 - - [08/May/2026:10:46:38 +0800] "GET /login.pl HTTP/1.1" 404 196
3.1.128.83 - - [08/May/2026:10:46:38 +0800] "GET /pathtest.pl HTTP/1.1" 404 196
89.117.42.68 - - [08/May/2026:10:46:38 +0800] "GET /InternetTrading/longpoll/55511?X-Atmosphere-tracking-id=0&X-Atmosphere-Framework=2.2.3-javascript&X-Atmosphere-Transport=long-polling&X-Atmosphere-TrackMessageSize=true&Content-Type=charset%3Dutf-8&X-atmo-protocol=true&_=1778208802277 HTTP/1.1" 200 -
89.117.42.68 - - [08/May/2026:10:46:38 +0800] "GET /InternetTrading/longpoll/55511?X-Atmosphere-tracking-id=0&X-Atmosphere-Framework=2.2.3-javascript&X-Atmosphere-Transport=long-polling&X-Atmosphere-TrackMessageSize=true&Content-Type=charset%3Dutf-8&X-atmo-protocol=true&_=1778208802278 HTTP/1.1" 200 -
3.1.128.83 - - [08/May/2026:10:46:38 +0800] "GET /php HTTP/1.1" 404 196
3.1.128.83 - - [08/May/2026:10:46:39 +0800] "GET /php4 HTTP/1.1" 404 196
3.1.128.83 - - [08/May/2026:10:46:39 +0800] "GET /php5 HTTP/1.1" 404 196
3.1.128.83 - - [08/May/2026:10:46:39 +0800] "GET /php-cgi HTTP/1.1" 404 196
3.1.128.83 - - [08/May/2026:10:46:39 +0800] "GET /php.cgi HTTP/1.1" 404 196
3.1.128.83 - - [08/May/2026:10:46:40 +0800] "GET /php.fcgi HTTP/1.1" 404 196
3.1.128.83 - - [08/May/2026:10:46:40 +0800] "GET /printenv HTTP/1.1" 404 196
3.1.128.83 - - [08/May/2026:10:46:40 +0800] "GET /restore_config.cgi HTTP/1.1" 404 196
27.38.142.113 - - [08/May/2026:10:46:40 +0800] "GET /InternetTrading/longpoll/53995?X-Atmosphere-tracking-id=0&X-Atmosphere-Framework=2.2.3-javascript&X-Atmosphere-Transport=long-polling&X-Atmosphere-TrackMessageSize=true&Content-Type=charset%3Dutf-8&X-atmo-protocol=true&_=1778208801796 HTTP/1.1" 200 -
3.1.128.83 - - [08/May/2026:10:46:40 +0800] "GET /ruby.rb HTTP/1.1" 404 196
3.1.128.83 - - [08/May/2026:10:46:40 +0800] "GET /search HTTP/1.1" 404 196
3.1.128.83 - - [08/May/2026:10:46:41 +0800] "GET /search.cgi HTTP/1.1" 404 196
3.1.128.83 - - [08/May/2026:10:46:41 +0800] "GET /server.php HTTP/1.1" 404 196
3.1.128.83 - - [08/May/2026:10:46:41 +0800] "GET /status HTTP/1.1" 404 196
14.0.230.253 - - [08/May/2026:10:46:41 +0800] "GET /InternetTrading/longpoll/A8127?X-Atmosphere-tracking-id=0&X-Atmosphere-Framework=2.2.3-javascript&X-Atmosphere-Transport=long-polling&X-Atmosphere-TrackMessageSize=true&Content-Type=charset%3Dutf-8&X-atmo-protocol=true&_=1778208804966 HTTP/1.1" 200 -
3.1.128.83 - - [08/May/2026:10:46:41 +0800] "GET /sysinfo.pl HTTP/1.1" 404 196
3.1.128.83 - - [08/May/2026:10:46:41 +0800] "GET /test HTTP/1.1" 404 196
117.26.250.159 - - [08/May/2026:10:46:42 +0800] "GET /InternetTrading/longpoll/51401?X-Atmosphere-tracking-id=0&X-Atmosphere-Framework=2.2.3-javascript&X-Atmosphere-Transport=long-polling&X-Atmosphere-TrackMessageSize=true&Content-Type=charset%3Dutf-8&X-atmo-protocol=true&_=1778208805675 HTTP/1.1" 200 -
3.1.128.83 - - [08/May/2026:10:46:42 +0800] "GET /test-cgi HTTP/1.1" 404 196
3.1.128.83 - - [08/May/2026:10:46:42 +0800] "GET /test.cgi HTTP/1.1" 404 196
3.1.128.83 - - [08/May/2026:10:46:42 +0800] "GET /test_cgi.php HTTP/1.1" 404 196
3.1.128.83 - - [08/May/2026:10:46:42 +0800] "GET /test.cgi.php HTTP/1.1" 404 196
3.1.128.83 - - [08/May/2026:10:46:42 +0800] "GET /test_cgi.pl HTTP/1.1" 404 196
3.1.128.83 - - [08/May/2026:10:46:43 +0800] "GET /test-cgi.pl HTTP/1.1" 404 196
3.1.128.83 - - [08/May/2026:10:46:43 +0800] "GET /test.py HTTP/1.1" 404 196
3.1.128.83 - - [08/May/2026:10:46:43 +0800] "GET /test.sh HTTP/1.1" 404 196
3.1.128.83 - - [08/May/2026:10:46:43 +0800] "GET /tmUnblock.cgi HTTP/1.1" 404 196
3.1.128.83 - - [08/May/2026:10:46:43 +0800] "GET /uname.cgi HTTP/1.1" 404 196
3.1.128.83 - - [08/May/2026:10:46:44 +0800] "GET /viewcvs.cgi HTTP/1.1" 404 196
113.118.4.108 - - [08/May/2026:10:46:44 +0800] "GET /InternetTrading/longpoll/51803?X-Atmosphere-tracking-id=0&X-Atmosphere-Framework=2.2.3-javascript&X-Atmosphere-Transport=long-polling&X-Atmosphere-TrackMessageSize=true&Content-Type=charset%3Dutf-8&X-atmo-protocol=true&_=1778208807223 HTTP/1.1" 200 -
3.1.128.83 - - [08/May/2026:10:46:44 +0800] "GET /welcome HTTP/1.1" 404 196
3.1.128.83 - - [08/May/2026:10:46:44 +0800] "GET /whois.cgi HTTP/1.1" 404 196
3.1.128.83 - - [08/May/2026:10:46:44 +0800] "GET / HTTP/1.1" 200 3426
3.1.128.83 - - [08/May/2026:10:46:44 +0800] "GET / HTTP/1.1" 200 3426
3.1.128.83 - - [08/May/2026:10:46:44 +0800] "GET /index.action HTTP/1.1" 404 196
3.1.128.83 - - [08/May/2026:10:46:45 +0800] "GET /login.action HTTP/1.1" 404 196
27.38.142.113 - - [08/May/2026:10:46:45 +0800] "POST /InternetTrading/SessionErrorLogger HTTP/1.1" 200 117
27.38.142.113 - - [08/May/2026:10:46:45 +0800] "POST /InternetTrading/Heartbeat HTTP/1.1" 200 32
27.38.142.113 - - [08/May/2026:10:46:45 +0800] "POST /InternetTrading/SessionErrorLogger HTTP/1.1" 200 117
27.38.142.113 - - [08/May/2026:10:46:45 +0800] "POST /InternetTrading/MarketStatus HTTP/1.1" 200 772
3.1.128.83 - - [08/May/2026:10:46:45 +0800] "GET /TiVoConnect?Command=QueryServer HTTP/1.1" 404 196
3.1.128.83 - - [08/May/2026:10:46:45 +0800] "GET /TiVoConnect?Command=QueryContainer&Container=/&Recurse=Yes HTTP/1.1" 404 196
3.1.128.83 - - [08/May/2026:10:46:45 +0800] "GET /bin/cart32.exe HTTP/1.1" 404 196
3.1.128.83 - - [08/May/2026:10:46:46 +0800] "GET /cgi-bin/cart32.exe HTTP/1.1" 403 199
27.38.142.113 - - [08/May/2026:10:46:46 +0800] "GET /InternetTrading/longpoll/53995?X-Atmosphere-tracking-id=0&X-Atmosphere-Framework=2.2.3-javascript&X-Atmosphere-Transport=long-polling&X-Atmosphere-TrackMessageSize=true&Content-Type=charset%3Dutf-8&X-atmo-protocol=true&_=1778208807797 HTTP/1.1" 200 -
3.1.128.83 - - [08/May/2026:10:46:46 +0800] "GET /bin/classified.cgi HTTP/1.1" 404 196
3.1.128.83 - - [08/May/2026:10:46:46 +0800] "GET /cgi-bin/classified.cgi HTTP/1.1" 403 199
3.1.128.83 - - [08/May/2026:10:46:46 +0800] "GET /bin/download.cgi HTTP/1.1" 404 196
14.0.230.253 - - [08/May/2026:10:46:46 +0800] "GET /InternetTrading/longpoll/A8127?X-Atmosphere-tracking-id=0&X-Atmosphere-Framework=2.2.3-javascript&X-Atmosphere-Transport=long-polling&X-Atmosphere-TrackMessageSize=true&Content-Type=charset%3Dutf-8&X-atmo-protocol=true&_=1778208810249 HTTP/1.1" 200 -
3.1.128.83 - - [08/May/2026:10:46:47 +0800] "GET /cgi-bin/download.cgi HTTP/1.1" 403 199
3.1.128.83 - - [08/May/2026:10:46:47 +0800] "GET /bin/flexform.cgi HTTP/1.1" 404 196
3.1.128.83 - - [08/May/2026:10:46:47 +0800] "GET /cgi-bin/flexform.cgi HTTP/1.1" 403 199
3.1.128.83 - - [08/May/2026:10:46:47 +0800] "GET /bin/flexform HTTP/1.1" 404 196
3.1.128.83 - - [08/May/2026:10:46:47 +0800] "GET /cgi-bin/flexform HTTP/1.1" 403 199
3.1.128.83 - - [08/May/2026:10:46:48 +0800] "GET /bin/lwgate.cgi HTTP/1.1" 404 196
117.26.250.159 - - [08/May/2026:10:46:48 +0800] "GET /InternetTrading/longpoll/51401?X-Atmosphere-tracking-id=0&X-Atmosphere-Framework=2.2.3-javascript&X-Atmosphere-Transport=long-polling&X-Atmosphere-TrackMessageSize=true&Content-Type=charset%3Dutf-8&X-atmo-protocol=true&_=1778208811679 HTTP/1.1" 200 -
3.1.128.83 - - [08/May/2026:10:46:48 +0800] "GET /cgi-bin/lwgate.cgi HTTP/1.1" 403 199
3.1.128.83 - - [08/May/2026:10:46:48 +0800] "GET /bin/LWGate.cgi HTTP/1.1" 404 196
3.1.128.83 - - [08/May/2026:10:46:48 +0800] "GET /cgi-bin/LWGate.cgi HTTP/1.1" 403 199
3.1.128.83 - - [08/May/2026:10:46:48 +0800] "GET /bin/lwgate HTTP/1.1" 404 196
