110.81.59.75 - - [08/May/2026:09:36:33 +0800] "GET /InternetTrading/js/atmosphere.js HTTP/1.1" 200 13461
110.81.59.75 - - [08/May/2026:09:36:33 +0800] "GET /InternetTrading/jquery/jquery-3.3.1.js HTTP/1.1" 200 80650
110.81.59.75 - - [08/May/2026:09:36:33 +0800] "GET /InternetTrading/jquery/jquery-ui-1.10.3.js HTTP/1.1" 200 69642
110.81.59.75 - - [08/May/2026:09:36:33 +0800] "GET /InternetTrading/js/cache.js?jsv=20200819161914 HTTP/1.1" 200 940
110.81.59.75 - - [08/May/2026:09:36:33 +0800] "GET /InternetTrading/jquery/jquery.form-3.46.0.js HTTP/1.1" 200 5673
110.81.59.75 - - [08/May/2026:09:36:33 +0800] "GET /InternetTrading/jquery/jquery.blockUI-2.66.0.js HTTP/1.1" 200 6651
110.81.59.75 - - [08/May/2026:09:36:33 +0800] "GET /InternetTrading/jquery/jquery.validate-1.11.1.js HTTP/1.1" 200 7041
110.81.59.75 - - [08/May/2026:09:36:33 +0800] "GET /InternetTrading/jquery/additional-methods.js HTTP/1.1" 200 2238
110.81.59.75 - - [08/May/2026:09:36:33 +0800] "GET /InternetTrading/jquery/jquery.mousewheel-3.1.4.js HTTP/1.1" 200 822
110.81.59.75 - - [08/May/2026:09:36:33 +0800] "GET /InternetTrading/jquery/jquery.tablesorter.widgets-2.14.5.js HTTP/1.1" 200 8611
110.81.59.75 - - [08/May/2026:09:36:33 +0800] "GET /InternetTrading/jquery/jquery.tablesorter-2.14.5.js HTTP/1.1" 200 8901
110.81.59.75 - - [08/May/2026:09:36:33 +0800] "GET /InternetTrading/jquery/jquery.timer-0.9.16.js HTTP/1.1" 200 542
110.81.59.75 - - [08/May/2026:09:36:33 +0800] "GET /InternetTrading/jquery/jquery.combobox.packed.js HTTP/1.1" 200 3387
110.81.59.75 - - [08/May/2026:09:36:34 +0800] "GET /InternetTrading/jquery/jquery.getParams.js HTTP/1.1" 200 587
110.81.59.75 - - [08/May/2026:09:36:34 +0800] "GET /InternetTrading/jquery/jquery.selectboxes.pack.js HTTP/1.1" 200 1640
110.81.59.75 - - [08/May/2026:09:36:34 +0800] "GET /InternetTrading/jquery/date.js HTTP/1.1" 200 2807
110.81.59.75 - - [08/May/2026:09:36:34 +0800] "GET /InternetTrading/jquery/globalize-0.1.0a1.js HTTP/1.1" 200 6984
110.81.59.75 - - [08/May/2026:09:36:34 +0800] "GET /InternetTrading/json/json2.js?jsv=20200819161914 HTTP/1.1" 200 1372
110.81.59.75 - - [08/May/2026:09:36:34 +0800] "GET /InternetTrading/settings/crm_display_settings.js?jsv=20200819161914 HTTP/1.1" 200 1781
110.81.59.75 - - [08/May/2026:09:36:34 +0800] "GET /InternetTrading/tc/user/translation.js?jsv=20200819161914 HTTP/1.1" 200 12818
110.81.59.75 - - [08/May/2026:09:36:34 +0800] "GET /InternetTrading/js/constants.js?jsv=20200819161914 HTTP/1.1" 200 400
110.81.59.75 - - [08/May/2026:09:36:34 +0800] "GET /InternetTrading/tc/user/custom_variables.js?jsv=20200819161914 HTTP/1.1" 200 275
110.81.59.75 - - [08/May/2026:09:36:34 +0800] "GET /InternetTrading/js/haitong.js?jsv=20200819161914 HTTP/1.1" 200 3881
110.81.59.75 - - [08/May/2026:09:36:34 +0800] "GET /InternetTrading/js/util.js?jsv=20200819161914 HTTP/1.1" 200 6636
110.81.59.75 - - [08/May/2026:09:36:34 +0800] "GET /InternetTrading/js/rsautil.js?jsv=20200819161914 HTTP/1.1" 200 1017
110.81.59.75 - - [08/May/2026:09:36:34 +0800] "GET /InternetTrading/js/init.js?jsv=20200819161914 HTTP/1.1" 200 886
110.81.59.75 - - [08/May/2026:09:36:34 +0800] "GET /InternetTrading/js/main.js?jsv=20200819161914 HTTP/1.1" 200 30725
110.81.59.75 - - [08/May/2026:09:36:34 +0800] "GET /InternetTrading/js/corporate.js?jsv=20200819161914 HTTP/1.1" 200 1575
110.81.59.75 - - [08/May/2026:09:36:34 +0800] "GET /InternetTrading/js/update_mdf.js?jsv=20200819161914 HTTP/1.1" 200 856
110.81.59.75 - - [08/May/2026:09:36:34 +0800] "GET /InternetTrading/js/validation_hkex.js?jsv=20200819161914 HTTP/1.1" 200 2300
110.81.59.75 - - [08/May/2026:09:36:34 +0800] "GET /InternetTrading/js/validation_bshare.js?jsv=20200819161914 HTTP/1.1" 200 1567
110.81.59.75 - - [08/May/2026:09:36:34 +0800] "GET /InternetTrading/js/validation_ashare.js?jsv=20200819161914 HTTP/1.1" 200 2482
110.81.59.75 - - [08/May/2026:09:36:34 +0800] "GET /InternetTrading/js/validation_global.js?jsv=20200819161914 HTTP/1.1" 200 1564
110.81.59.75 - - [08/May/2026:09:36:34 +0800] "GET /InternetTrading/js/ipo.js?jsv=20200819161914 HTTP/1.1" 200 5726
110.81.59.75 - - [08/May/2026:09:36:34 +0800] "GET /InternetTrading/js/account.js?jsv=20200819161914 HTTP/1.1" 200 2656
110.81.59.75 - - [08/May/2026:09:36:34 +0800] "GET /InternetTrading/js/cash_transfer.js?jsv=20200819161914 HTTP/1.1" 200 2712
110.81.59.75 - - [08/May/2026:09:36:34 +0800] "GET /InternetTrading/js/spread_cache.js?jsv=20200819161914 HTTP/1.1" 200 908
110.81.59.75 - - [08/May/2026:09:36:34 +0800] "GET /InternetTrading/js/mm.js?jsv=20200819161914 HTTP/1.1" 200 487
110.81.59.75 - - [08/May/2026:09:36:34 +0800] "GET /InternetTrading/js/isec_calculator.js?jsv=20200819161914 HTTP/1.1" 200 1364
110.81.59.75 - - [08/May/2026:09:36:34 +0800] "GET /InternetTrading/js/payment_instruction.js?jsv=20200819161914 HTTP/1.1" 200 2178
110.81.59.75 - - [08/May/2026:09:36:34 +0800] "GET /InternetTrading/js/payment_instruction_IMOS.js?jsv=20200819161914 HTTP/1.1" 200 6874
110.81.59.75 - - [08/May/2026:09:36:34 +0800] "GET /InternetTrading/js/eStatement.js?jsv=20200819161914 HTTP/1.1" 200 562
110.81.59.75 - - [08/May/2026:09:36:34 +0800] "GET /InternetTrading/ExchangeList?fmt=js&jsv=20200819161914 HTTP/1.1" 200 146
110.81.59.75 - - [08/May/2026:09:36:34 +0800] "GET /InternetTrading/js/string_extend.js?jsv=20200819161914 HTTP/1.1" 200 272
110.81.59.75 - - [08/May/2026:09:36:34 +0800] "GET /InternetTrading/js/pidcrypt_util.js?jsv=20200819161914 HTTP/1.1" 200 1206
110.81.59.75 - - [08/May/2026:09:36:34 +0800] "GET /InternetTrading/js/pidcrypt.js?jsv=20200819161914 HTTP/1.1" 200 982
110.81.59.75 - - [08/May/2026:09:36:34 +0800] "GET /InternetTrading/js/aes_cbc.js?jsv=20200819161914 HTTP/1.1" 200 2043
110.81.59.75 - - [08/May/2026:09:36:34 +0800] "GET /InternetTrading/js/aes_core.js?jsv=20200819161914 HTTP/1.1" 200 2106
110.81.59.75 - - [08/May/2026:09:36:34 +0800] "GET /InternetTrading/js/asn1.js?jsv=20200819161914 HTTP/1.1" 200 3099
110.81.59.75 - - [08/May/2026:09:36:34 +0800] "GET /InternetTrading/js/md5.js?jsv=20200819161914 HTTP/1.1" 200 1730
110.81.59.75 - - [08/May/2026:09:36:34 +0800] "GET /InternetTrading/js/sha256.js?jsv=20200819161914 HTTP/1.1" 200 1362
110.81.59.75 - - [08/May/2026:09:36:34 +0800] "GET /InternetTrading/js/jsbn.js?jsv=20200819161914 HTTP/1.1" 200 6736
110.81.59.75 - - [08/May/2026:09:36:34 +0800] "GET /InternetTrading/js/prng4.js?jsv=20200819161914 HTTP/1.1" 200 303
110.81.59.75 - - [08/May/2026:09:36:34 +0800] "GET /InternetTrading/js/rng.js?jsv=20200819161914 HTTP/1.1" 200 481
110.81.59.75 - - [08/May/2026:09:36:34 +0800] "GET /InternetTrading/js/aes.js?jsv=20200819161914 HTTP/1.1" 200 4816
110.81.59.75 - - [08/May/2026:09:36:34 +0800] "GET /InternetTrading/js/rsa.js?jsv=20200819161914 HTTP/1.1" 200 1658
110.81.59.75 - - [08/May/2026:09:36:34 +0800] "GET /InternetTrading/js/mode-ecb.js?jsv=20200819161914 HTTP/1.1" 200 199
110.81.59.75 - - [08/May/2026:09:36:34 +0800] "GET /InternetTrading/js/update_lastlogin.js?jsv=20200819161914 HTTP/1.1" 200 980
110.81.59.75 - - [08/May/2026:09:36:34 +0800] "GET /InternetTrading/js/utilSpec.js?jsv=20200819161914 HTTP/1.1" 200 27
110.81.59.75 - - [08/May/2026:09:36:34 +0800] "GET /InternetTrading/js/pw_alert.js?jsv=20200819161914 HTTP/1.1" 200 418
110.81.59.75 - - [08/May/2026:09:36:34 +0800] "GET /InternetTrading/js/jquery.jscrollpane.js HTTP/1.1" 404 685
110.81.59.75 - - [08/May/2026:09:36:34 +0800] "GET /InternetTrading/js/jquery.mousewheel.js HTTP/1.1" 404 684
110.81.59.75 - - [08/May/2026:09:36:34 +0800] "GET /InternetTrading/js/jquery.cookie.js HTTP/1.1" 200 834
110.81.59.75 - - [08/May/2026:09:36:34 +0800] "GET /InternetTrading/js/decimal.js HTTP/1.1" 200 13492
110.81.59.75 - - [08/May/2026:09:36:34 +0800] "GET /InternetTrading/tc/images/logo.png HTTP/1.1" 200 7042
110.81.59.75 - - [08/May/2026:09:36:34 +0800] "GET /InternetTrading/GoodTillDateValidExch?fmt=js&jsv=20200819161914 HTTP/1.1" 200 29
110.81.59.75 - - [08/May/2026:09:36:34 +0800] "GET /InternetTrading/tc/images/top_menu01.jpg HTTP/1.1" 200 3466
110.81.59.75 - - [08/May/2026:09:36:35 +0800] "GET /InternetTrading/tc/images/top_menu04.jpg HTTP/1.1" 200 3430
110.81.59.75 - - [08/May/2026:09:36:35 +0800] "GET /InternetTrading/tc/images/top_menu_logout.jpg HTTP/1.1" 200 1016
110.81.59.75 - - [08/May/2026:09:36:35 +0800] "GET /InternetTrading/images/top_bg3.jpg HTTP/1.1" 200 878
110.81.59.75 - - [08/May/2026:09:36:35 +0800] "GET /InternetTrading/images/top_bg1.jpg HTTP/1.1" 200 329
110.81.59.75 - - [08/May/2026:09:36:35 +0800] "GET /InternetTrading/images/top_bg2.jpg HTTP/1.1" 200 330
110.81.59.75 - - [08/May/2026:09:36:35 +0800] "GET /InternetTrading/tc/dialog.html?1778204600978 HTTP/1.1" 200 3188
110.81.59.75 - - [08/May/2026:09:36:35 +0800] "POST /InternetTrading/PopUpConfig HTTP/1.1" 200 2
110.81.59.75 - - [08/May/2026:09:36:35 +0800] "POST /InternetTrading/Heartbeat HTTP/1.1" 200 32
110.81.59.75 - - [08/May/2026:09:36:36 +0800] "POST /InternetTrading/CustomerInfoLite HTTP/1.1" 200 116
110.81.59.75 - - [08/May/2026:09:36:36 +0800] "GET /InternetTrading/tc/trade.html HTTP/1.1" 200 2113
110.81.59.75 - - [08/May/2026:09:36:36 +0800] "GET /InternetTrading/jquery/wait.gif HTTP/1.1" 200 432
110.81.59.75 - - [08/May/2026:09:36:36 +0800] "POST /InternetTrading/SpreadPriceCache HTTP/1.1" 200 1947
110.81.59.75 - - [08/May/2026:09:36:36 +0800] "GET /InternetTrading/tc/images/top_menu04.jpg HTTP/1.1" 200 3430
110.81.59.75 - - [08/May/2026:09:36:36 +0800] "GET /InternetTrading/tc/images/top_menu01_o.jpg HTTP/1.1" 200 3339
110.81.59.75 - - [08/May/2026:09:36:36 +0800] "POST /InternetTrading/SessionErrorLogger HTTP/1.1" 200 117
110.81.59.75 - - [08/May/2026:09:36:36 +0800] "POST /InternetTrading/GetLastLoginDate HTTP/1.1" 200 31
110.81.59.75 - - [08/May/2026:09:36:36 +0800] "POST /InternetTrading/SessionErrorLogger HTTP/1.1" 200 117
110.81.59.75 - - [08/May/2026:09:36:36 +0800] "GET /InternetTrading/tc/getpopupMsgName.jsp HTTP/1.1" 200 -
110.81.59.75 - - [08/May/2026:09:36:36 +0800] "POST /InternetTrading/SessionErrorLogger HTTP/1.1" 200 117
110.81.59.75 - - [08/May/2026:09:36:36 +0800] "GET /InternetTrading/tc/applet_dummy.html HTTP/1.1" 200 330
110.81.59.75 - - [08/May/2026:09:36:36 +0800] "GET /InternetTrading/tc/buy_ticket.html? HTTP/1.1" 200 1995
110.81.59.75 - - [08/May/2026:09:36:36 +0800] "POST /InternetTrading/SessionErrorLogger HTTP/1.1" 200 117
110.81.59.75 - - [08/May/2026:09:36:36 +0800] "POST /InternetTrading/MarketStatus HTTP/1.1" 200 772
14.0.230.253 - - [08/May/2026:09:36:36 +0800] "GET /InternetTrading/longpoll/A8127?X-Atmosphere-tracking-id=0&X-Atmosphere-Framework=2.2.3-javascript&X-Atmosphere-Transport=long-polling&X-Atmosphere-TrackMessageSize=true&Content-Type=charset%3Dutf-8&X-atmo-protocol=true&_=1778204599926 HTTP/1.1" 200 -
110.81.59.75 - - [08/May/2026:09:36:36 +0800] "POST /InternetTrading/SessionErrorLogger HTTP/1.1" 200 117
110.81.59.75 - - [08/May/2026:09:36:36 +0800] "GET /InternetTrading/tc/multi_currency_balance.html HTTP/1.1" 200 295
110.81.59.75 - - [08/May/2026:09:36:36 +0800] "GET /InternetTrading/Home/PostToAA.jsp?hl=tc HTTP/1.1" 200 287
110.81.59.75 - - [08/May/2026:09:36:36 +0800] "GET /InternetTrading/jquery/wait.gif HTTP/1.1" 200 432
110.81.59.75 - - [08/May/2026:09:36:36 +0800] "GET /InternetTrading/tc/images/refresh.gif HTTP/1.1" 200 1145
110.81.59.75 - - [08/May/2026:09:36:36 +0800] "GET /InternetTrading/tc/images/trade_point01.jpg HTTP/1.1" 200 358
110.81.59.75 - - [08/May/2026:09:36:36 +0800] "GET /InternetTrading/jquery/images/ui-icons_222222_256x240.png HTTP/1.1" 200 6922
110.81.59.75 - - [08/May/2026:09:36:36 +0800] "GET /InternetTrading/jquery/images/ui-bg_flat_75_ffffff_40x100.png HTTP/1.1" 200 208
110.81.59.75 - - [08/May/2026:09:36:36 +0800] "POST /InternetTrading/SessionErrorLogger HTTP/1.1" 200 117
110.81.59.75 - - [08/May/2026:09:36:36 +0800] "POST /InternetTrading/SessionErrorLogger HTTP/1.1" 200 117
110.81.59.75 - - [08/May/2026:09:36:36 +0800] "POST /InternetTrading/MarketStatus HTTP/1.1" 200 772
110.81.59.75 - - [08/May/2026:09:36:36 +0800] "POST /InternetTrading/MarketStatus HTTP/1.1" 200 772
113.118.4.108 - - [08/May/2026:09:36:37 +0800] "GET /InternetTrading/longpoll/51803?X-Atmosphere-tracking-id=0&X-Atmosphere-Framework=2.2.3-javascript&X-Atmosphere-Transport=long-polling&X-Atmosphere-TrackMessageSize=true&Content-Type=charset%3Dutf-8&X-atmo-protocol=true&_=1778204601235 HTTP/1.1" 200 -
27.38.142.113 - - [08/May/2026:09:36:37 +0800] "GET /InternetTrading/longpoll/53995?X-Atmosphere-tracking-id=0&X-Atmosphere-Framework=2.2.3-javascript&X-Atmosphere-Transport=long-polling&X-Atmosphere-TrackMessageSize=true&Content-Type=charset%3Dutf-8&X-atmo-protocol=true&_=1778204598793 HTTP/1.1" 200 -
110.81.59.75 - - [08/May/2026:09:36:38 +0800] "POST /InternetTrading/SessionErrorLogger HTTP/1.1" 200 117
110.81.59.75 - - [08/May/2026:09:36:38 +0800] "POST /InternetTrading/CustomerInfo HTTP/1.1" 200 208
110.81.59.75 - - [08/May/2026:09:36:38 +0800] "POST /InternetTrading/SessionErrorLogger HTTP/1.1" 200 117
45.144.227.8 - - [08/May/2026:09:36:38 +0800] "GET /InternetTrading/longpoll/55511?X-Atmosphere-tracking-id=0&X-Atmosphere-Framework=2.2.3-javascript&X-Atmosphere-Transport=long-polling&X-Atmosphere-TrackMessageSize=true&Content-Type=charset%3Dutf-8&X-atmo-protocol=true&_=1778204602198 HTTP/1.1" 200 -
110.81.59.75 - - [08/May/2026:09:36:38 +0800] "POST /InternetTrading/SessionErrorLogger HTTP/1.1" 200 117
110.81.59.75 - - [08/May/2026:09:36:38 +0800] "POST /InternetTrading/MarketStatus HTTP/1.1" 200 772
110.81.59.75 - - [08/May/2026:09:36:39 +0800] "GET /InternetTrading/jquery/wait.gif HTTP/1.1" 200 432
110.81.59.75 - - [08/May/2026:09:36:39 +0800] "POST /InternetTrading/SessionErrorLogger HTTP/1.1" 200 117
110.81.59.75 - - [08/May/2026:09:36:39 +0800] "POST /InternetTrading/LongPollingConfig HTTP/1.1" 200 4
110.81.59.75 - - [08/May/2026:09:36:39 +0800] "POST /InternetTrading/SessionErrorLogger HTTP/1.1" 200 117
110.81.59.75 - - [08/May/2026:09:36:39 +0800] "GET /InternetTrading/tc/account_status.html HTTP/1.1" 200 426
110.81.59.75 - - [08/May/2026:09:36:39 +0800] "GET /InternetTrading/longpoll/M8773?X-Atmosphere-tracking-id=0&X-Atmosphere-Framework=2.2.3-javascript&X-Atmosphere-Transport=long-polling&X-Atmosphere-TrackMessageSize=true&Content-Type=charset%3Dutf-8&X-atmo-protocol=true&_=1778204604260 HTTP/1.1" 200 -
110.81.59.75 - - [08/May/2026:09:36:39 +0800] "GET /InternetTrading/jquery/wait.gif HTTP/1.1" 200 432
110.81.59.75 - - [08/May/2026:09:36:39 +0800] "POST /InternetTrading/SessionErrorLogger HTTP/1.1" 200 117
110.81.59.75 - - [08/May/2026:09:36:39 +0800] "POST /InternetTrading/Portfolio HTTP/1.1" 200 4437
14.0.230.253 - - [08/May/2026:09:36:39 +0800] "POST /InternetTrading/SessionErrorLogger HTTP/1.1" 200 117
14.0.230.253 - - [08/May/2026:09:36:39 +0800] "POST /InternetTrading/Heartbeat HTTP/1.1" 200 32
14.0.230.253 - - [08/May/2026:09:36:41 +0800] "GET /InternetTrading/longpoll/A8127?X-Atmosphere-tracking-id=0&X-Atmosphere-Framework=2.2.3-javascript&X-Atmosphere-Transport=long-polling&X-Atmosphere-TrackMessageSize=true&Content-Type=charset%3Dutf-8&X-atmo-protocol=true&_=1778204605144 HTTP/1.1" 200 -
14.0.230.253 - - [08/May/2026:09:36:41 +0800] "POST /InternetTrading/SessionErrorLogger HTTP/1.1" 200 117
14.0.230.253 - - [08/May/2026:09:36:41 +0800] "POST /InternetTrading/MarketStatus HTTP/1.1" 200 772
113.118.4.108 - - [08/May/2026:09:36:43 +0800] "GET /InternetTrading/longpoll/51803?X-Atmosphere-tracking-id=0&X-Atmosphere-Framework=2.2.3-javascript&X-Atmosphere-Transport=long-polling&X-Atmosphere-TrackMessageSize=true&Content-Type=charset%3Dutf-8&X-atmo-protocol=true&_=1778204607238 HTTP/1.1" 200 -
27.38.142.113 - - [08/May/2026:09:36:43 +0800] "GET /InternetTrading/longpoll/53995?X-Atmosphere-tracking-id=0&X-Atmosphere-Framework=2.2.3-javascript&X-Atmosphere-Transport=long-polling&X-Atmosphere-TrackMessageSize=true&Content-Type=charset%3Dutf-8&X-atmo-protocol=true&_=1778204604791 HTTP/1.1" 200 -
110.81.59.75 - - [08/May/2026:09:36:44 +0800] "GET /InternetTrading/longpoll/M8773?X-Atmosphere-tracking-id=0&X-Atmosphere-Framework=2.2.3-javascript&X-Atmosphere-Transport=long-polling&X-Atmosphere-TrackMessageSize=true&Content-Type=charset%3Dutf-8&X-atmo-protocol=true&_=1778204609348 HTTP/1.1" 200 -
27.38.142.113 - - [08/May/2026:09:36:45 +0800] "POST /InternetTrading/SessionErrorLogger HTTP/1.1" 200 117
27.38.142.113 - - [08/May/2026:09:36:45 +0800] "POST /InternetTrading/MarketStatus HTTP/1.1" 200 772
27.38.142.113 - - [08/May/2026:09:36:45 +0800] "POST /InternetTrading/SessionErrorLogger HTTP/1.1" 200 117
27.38.142.113 - - [08/May/2026:09:36:45 +0800] "POST /InternetTrading/Heartbeat HTTP/1.1" 200 32
14.0.230.253 - - [08/May/2026:09:36:46 +0800] "GET /InternetTrading/longpoll/A8127?X-Atmosphere-tracking-id=0&X-Atmosphere-Framework=2.2.3-javascript&X-Atmosphere-Transport=long-polling&X-Atmosphere-TrackMessageSize=true&Content-Type=charset%3Dutf-8&X-atmo-protocol=true&_=1778204610262 HTTP/1.1" 200 -
45.144.227.8 - - [08/May/2026:09:36:49 +0800] "GET /InternetTrading/longpoll/55511?X-Atmosphere-tracking-id=0&X-Atmosphere-Framework=2.2.3-javascript&X-Atmosphere-Transport=long-polling&X-Atmosphere-TrackMessageSize=true&Content-Type=charset%3Dutf-8&X-atmo-protocol=true&_=1778204612471 HTTP/1.1" 200 -
27.38.142.113 - - [08/May/2026:09:36:49 +0800] "GET /InternetTrading/longpoll/53995?X-Atmosphere-tracking-id=0&X-Atmosphere-Framework=2.2.3-javascript&X-Atmosphere-Transport=long-polling&X-Atmosphere-TrackMessageSize=true&Content-Type=charset%3Dutf-8&X-atmo-protocol=true&_=1778204610792 HTTP/1.1" 200 -
113.118.4.108 - - [08/May/2026:09:36:49 +0800] "GET /InternetTrading/longpoll/51803?X-Atmosphere-tracking-id=0&X-Atmosphere-Framework=2.2.3-javascript&X-Atmosphere-Transport=long-polling&X-Atmosphere-TrackMessageSize=true&Content-Type=charset%3Dutf-8&X-atmo-protocol=true&_=1778204613230 HTTP/1.1" 200 -
110.81.59.75 - - [08/May/2026:09:36:49 +0800] "GET /InternetTrading/longpoll/M8773?X-Atmosphere-tracking-id=0&X-Atmosphere-Framework=2.2.3-javascript&X-Atmosphere-Transport=long-polling&X-Atmosphere-TrackMessageSize=true&Content-Type=charset%3Dutf-8&X-atmo-protocol=true&_=1778204614486 HTTP/1.1" 200 -
14.0.230.253 - - [08/May/2026:09:36:52 +0800] "GET /InternetTrading/longpoll/A8127?X-Atmosphere-tracking-id=0&X-Atmosphere-Framework=2.2.3-javascript&X-Atmosphere-Transport=long-polling&X-Atmosphere-TrackMessageSize=true&Content-Type=charset%3Dutf-8&X-atmo-protocol=true&_=1778204615384 HTTP/1.1" 200 -
110.81.59.75 - - [08/May/2026:09:36:54 +0800] "GET /InternetTrading/longpoll/M8773?X-Atmosphere-tracking-id=0&X-Atmosphere-Framework=2.2.3-javascript&X-Atmosphere-Transport=long-polling&X-Atmosphere-TrackMessageSize=true&Content-Type=charset%3Dutf-8&X-atmo-protocol=true&_=1778204619840 HTTP/1.1" 200 -
27.38.142.113 - - [08/May/2026:09:36:55 +0800] "GET /InternetTrading/longpoll/53995?X-Atmosphere-tracking-id=0&X-Atmosphere-Framework=2.2.3-javascript&X-Atmosphere-Transport=long-polling&X-Atmosphere-TrackMessageSize=true&Content-Type=charset%3Dutf-8&X-atmo-protocol=true&_=1778204616791 HTTP/1.1" 200 -
113.118.4.108 - - [08/May/2026:09:36:55 +0800] "GET /InternetTrading/longpoll/51803?X-Atmosphere-tracking-id=0&X-Atmosphere-Framework=2.2.3-javascript&X-Atmosphere-Transport=long-polling&X-Atmosphere-TrackMessageSize=true&Content-Type=charset%3Dutf-8&X-atmo-protocol=true&_=1778204619225 HTTP/1.1" 200 -
14.0.230.253 - - [08/May/2026:09:36:57 +0800] "GET /InternetTrading/longpoll/A8127?X-Atmosphere-tracking-id=0&X-Atmosphere-Framework=2.2.3-javascript&X-Atmosphere-Transport=long-polling&X-Atmosphere-TrackMessageSize=true&Content-Type=charset%3Dutf-8&X-atmo-protocol=true&_=1778204620623 HTTP/1.1" 200 -
45.144.227.8 - - [08/May/2026:09:36:57 +0800] "GET /InternetTrading/longpoll/55511?X-Atmosphere-tracking-id=0&X-Atmosphere-Framework=2.2.3-javascript&X-Atmosphere-Transport=long-polling&X-Atmosphere-TrackMessageSize=true&Content-Type=charset%3Dutf-8&X-atmo-protocol=true&_=1778204621006 HTTP/1.1" 200 -
110.81.59.75 - - [08/May/2026:09:37:00 +0800] "GET /InternetTrading/longpoll/M8773?X-Atmosphere-tracking-id=0&X-Atmosphere-Framework=2.2.3-javascript&X-Atmosphere-Transport=long-polling&X-Atmosphere-TrackMessageSize=true&Content-Type=charset%3Dutf-8&X-atmo-protocol=true&_=1778204625838 HTTP/1.1" 200 -
113.118.4.108 - - [08/May/2026:09:37:01 +0800] "GET /InternetTrading/longpoll/51803?X-Atmosphere-tracking-id=0&X-Atmosphere-Framework=2.2.3-javascript&X-Atmosphere-Transport=long-polling&X-Atmosphere-TrackMessageSize=true&Content-Type=charset%3Dutf-8&X-atmo-protocol=true&_=1778204625231 HTTP/1.1" 200 -
27.38.142.113 - - [08/May/2026:09:37:01 +0800] "GET /InternetTrading/longpoll/53995?X-Atmosphere-tracking-id=0&X-Atmosphere-Framework=2.2.3-javascript&X-Atmosphere-Transport=long-polling&X-Atmosphere-TrackMessageSize=true&Content-Type=charset%3Dutf-8&X-atmo-protocol=true&_=1778204622797 HTTP/1.1" 200 -
14.0.230.253 - - [08/May/2026:09:37:02 +0800] "GET /InternetTrading/longpoll/A8127?X-Atmosphere-tracking-id=0&X-Atmosphere-Framework=2.2.3-javascript&X-Atmosphere-Transport=long-polling&X-Atmosphere-TrackMessageSize=true&Content-Type=charset%3Dutf-8&X-atmo-protocol=true&_=1778204625804 HTTP/1.1" 200 -
110.81.59.75 - - [08/May/2026:09:37:06 +0800] "POST /InternetTrading/SessionErrorLogger HTTP/1.1" 200 117
110.81.59.75 - - [08/May/2026:09:37:06 +0800] "GET /InternetTrading/longpoll/M8773?X-Atmosphere-tracking-id=0&X-Atmosphere-Framework=2.2.3-javascript&X-Atmosphere-Transport=long-polling&X-Atmosphere-TrackMessageSize=true&Content-Type=charset%3Dutf-8&X-atmo-protocol=true&_=1778204631839 HTTP/1.1" 200 -
110.81.59.75 - - [08/May/2026:09:37:06 +0800] "POST /InternetTrading/Heartbeat HTTP/1.1" 200 32
110.81.59.75 - - [08/May/2026:09:37:06 +0800] "POST /InternetTrading/SessionErrorLogger HTTP/1.1" 200 117
110.81.59.75 - - [08/May/2026:09:37:07 +0800] "POST /InternetTrading/MarketStatus HTTP/1.1" 200 772
113.118.4.108 - - [08/May/2026:09:37:07 +0800] "GET /InternetTrading/longpoll/51803?X-Atmosphere-tracking-id=0&X-Atmosphere-Framework=2.2.3-javascript&X-Atmosphere-Transport=long-polling&X-Atmosphere-TrackMessageSize=true&Content-Type=charset%3Dutf-8&X-atmo-protocol=true&_=1778204631233 HTTP/1.1" 200 -
27.38.142.113 - - [08/May/2026:09:37:07 +0800] "GET /InternetTrading/longpoll/53995?X-Atmosphere-tracking-id=0&X-Atmosphere-Framework=2.2.3-javascript&X-Atmosphere-Transport=long-polling&X-Atmosphere-TrackMessageSize=true&Content-Type=charset%3Dutf-8&X-atmo-protocol=true&_=1778204628809 HTTP/1.1" 200 -
45.144.227.8 - - [08/May/2026:09:37:07 +0800] "GET /InternetTrading/longpoll/55511?X-Atmosphere-tracking-id=0&X-Atmosphere-Framework=2.2.3-javascript&X-Atmosphere-Transport=long-polling&X-Atmosphere-TrackMessageSize=true&Content-Type=charset%3Dutf-8&X-atmo-protocol=true&_=1778204631259 HTTP/1.1" 200 -
14.0.230.253 - - [08/May/2026:09:37:07 +0800] "GET /InternetTrading/longpoll/A8127?X-Atmosphere-tracking-id=0&X-Atmosphere-Framework=2.2.3-javascript&X-Atmosphere-Transport=long-polling&X-Atmosphere-TrackMessageSize=true&Content-Type=charset%3Dutf-8&X-atmo-protocol=true&_=1778204631053 HTTP/1.1" 200 -
14.0.230.253 - - [08/May/2026:09:37:09 +0800] "POST /InternetTrading/SessionErrorLogger HTTP/1.1" 200 117
14.0.230.253 - - [08/May/2026:09:37:09 +0800] "POST /InternetTrading/Heartbeat HTTP/1.1" 200 32
14.0.230.253 - - [08/May/2026:09:37:11 +0800] "POST /InternetTrading/SessionErrorLogger HTTP/1.1" 200 117
14.0.230.253 - - [08/May/2026:09:37:11 +0800] "POST /InternetTrading/MarketStatus HTTP/1.1" 200 772
110.81.59.75 - - [08/May/2026:09:37:12 +0800] "GET /InternetTrading/longpoll/M8773?X-Atmosphere-tracking-id=0&X-Atmosphere-Framework=2.2.3-javascript&X-Atmosphere-Transport=long-polling&X-Atmosphere-TrackMessageSize=true&Content-Type=charset%3Dutf-8&X-atmo-protocol=true&_=1778204637840 HTTP/1.1" 200 -
14.0.230.253 - - [08/May/2026:09:37:12 +0800] "GET /InternetTrading/longpoll/A8127?X-Atmosphere-tracking-id=0&X-Atmosphere-Framework=2.2.3-javascript&X-Atmosphere-Transport=long-polling&X-Atmosphere-TrackMessageSize=true&Content-Type=charset%3Dutf-8&X-atmo-protocol=true&_=1778204636509 HTTP/1.1" 200 -
113.118.4.108 - - [08/May/2026:09:37:13 +0800] "GET /InternetTrading/longpoll/51803?X-Atmosphere-tracking-id=0&X-Atmosphere-Framework=2.2.3-javascript&X-Atmosphere-Transport=long-polling&X-Atmosphere-TrackMessageSize=true&Content-Type=charset%3Dutf-8&X-atmo-protocol=true&_=1778204637231 HTTP/1.1" 200 -
27.38.142.113 - - [08/May/2026:09:37:13 +0800] "GET /InternetTrading/longpoll/53995?X-Atmosphere-tracking-id=0&X-Atmosphere-Framework=2.2.3-javascript&X-Atmosphere-Transport=long-polling&X-Atmosphere-TrackMessageSize=true&Content-Type=charset%3Dutf-8&X-atmo-protocol=true&_=1778204634791 HTTP/1.1" 200 -
45.144.227.8 - - [08/May/2026:09:37:15 +0800] "GET /InternetTrading/longpoll/55511?X-Atmosphere-tracking-id=0&X-Atmosphere-Framework=2.2.3-javascript&X-Atmosphere-Transport=long-polling&X-Atmosphere-TrackMessageSize=true&Content-Type=charset%3Dutf-8&X-atmo-protocol=true&_=1778204638758 HTTP/1.1" 200 -
14.0.230.253 - - [08/May/2026:09:37:18 +0800] "GET /InternetTrading/longpoll/A8127?X-Atmosphere-tracking-id=0&X-Atmosphere-Framework=2.2.3-javascript&X-Atmosphere-Transport=long-polling&X-Atmosphere-TrackMessageSize=true&Content-Type=charset%3Dutf-8&X-atmo-protocol=true&_=1778204641546 HTTP/1.1" 200 -
110.81.59.75 - - [08/May/2026:09:37:18 +0800] "GET /InternetTrading/longpoll/M8773?X-Atmosphere-tracking-id=0&X-Atmosphere-Framework=2.2.3-javascript&X-Atmosphere-Transport=long-polling&X-Atmosphere-TrackMessageSize=true&Content-Type=charset%3Dutf-8&X-atmo-protocol=true&_=1778204643839 HTTP/1.1" 200 -
113.118.4.108 - - [08/May/2026:09:37:19 +0800] "GET /InternetTrading/longpoll/51803?X-Atmosphere-tracking-id=0&X-Atmosphere-Framework=2.2.3-javascript&X-Atmosphere-Transport=long-polling&X-Atmosphere-TrackMessageSize=true&Content-Type=charset%3Dutf-8&X-atmo-protocol=true&_=1778204643225 HTTP/1.1" 200 -
27.38.142.113 - - [08/May/2026:09:37:19 +0800] "GET /InternetTrading/longpoll/53995?X-Atmosphere-tracking-id=0&X-Atmosphere-Framework=2.2.3-javascript&X-Atmosphere-Transport=long-polling&X-Atmosphere-TrackMessageSize=true&Content-Type=charset%3Dutf-8&X-atmo-protocol=true&_=1778204640793 HTTP/1.1" 200 -
113.118.4.108 - - [08/May/2026:09:37:21 +0800] "POST /InternetTrading/SessionErrorLogger HTTP/1.1" 200 117
113.118.4.108 - - [08/May/2026:09:37:21 +0800] "POST /InternetTrading/Heartbeat HTTP/1.1" 200 32
113.118.4.108 - - [08/May/2026:09:37:21 +0800] "POST /InternetTrading/SessionErrorLogger HTTP/1.1" 200 117
113.118.4.108 - - [08/May/2026:09:37:21 +0800] "POST /InternetTrading/MarketStatus HTTP/1.1" 200 772
45.144.227.8 - - [08/May/2026:09:37:22 +0800] "POST /InternetTrading/SessionErrorLogger HTTP/1.1" 200 117
45.144.227.8 - - [08/May/2026:09:37:22 +0800] "POST /InternetTrading/MarketStatus HTTP/1.1" 200 772
45.144.227.8 - - [08/May/2026:09:37:22 +0800] "POST /InternetTrading/SessionErrorLogger HTTP/1.1" 200 117
45.144.227.8 - - [08/May/2026:09:37:22 +0800] "GET /InternetTrading/longpoll/55511?X-Atmosphere-tracking-id=0&X-Atmosphere-Framework=2.2.3-javascript&X-Atmosphere-Transport=long-polling&X-Atmosphere-TrackMessageSize=true&Content-Type=charset%3Dutf-8&X-atmo-protocol=true&_=1778204645937 HTTP/1.1" 200 -
45.144.227.8 - - [08/May/2026:09:37:22 +0800] "POST /InternetTrading/Heartbeat HTTP/1.1" 200 32
14.0.230.253 - - [08/May/2026:09:37:23 +0800] "GET /InternetTrading/longpoll/A8127?X-Atmosphere-tracking-id=0&X-Atmosphere-Framework=2.2.3-javascript&X-Atmosphere-Transport=long-polling&X-Atmosphere-TrackMessageSize=true&Content-Type=charset%3Dutf-8&X-atmo-protocol=true&_=1778204646640 HTTP/1.1" 200 -
110.81.59.75 - - [08/May/2026:09:37:24 +0800] "GET /InternetTrading/longpoll/M8773?X-Atmosphere-tracking-id=0&X-Atmosphere-Framework=2.2.3-javascript&X-Atmosphere-Transport=long-polling&X-Atmosphere-TrackMessageSize=true&Content-Type=charset%3Dutf-8&X-atmo-protocol=true&_=1778204649840 HTTP/1.1" 200 -
113.118.4.108 - - [08/May/2026:09:37:25 +0800] "GET /InternetTrading/longpoll/51803?X-Atmosphere-tracking-id=0&X-Atmosphere-Framework=2.2.3-javascript&X-Atmosphere-Transport=long-polling&X-Atmosphere-TrackMessageSize=true&Content-Type=charset%3Dutf-8&X-atmo-protocol=true&_=1778204649225 HTTP/1.1" 200 -
27.38.142.113 - - [08/May/2026:09:37:25 +0800] "GET /InternetTrading/longpoll/53995?X-Atmosphere-tracking-id=0&X-Atmosphere-Framework=2.2.3-javascript&X-Atmosphere-Transport=long-polling&X-Atmosphere-TrackMessageSize=true&Content-Type=charset%3Dutf-8&X-atmo-protocol=true&_=1778204646793 HTTP/1.1" 200 -
14.0.230.253 - - [08/May/2026:09:37:28 +0800] "GET /InternetTrading/longpoll/A8127?X-Atmosphere-tracking-id=0&X-Atmosphere-Framework=2.2.3-javascript&X-Atmosphere-Transport=long-polling&X-Atmosphere-TrackMessageSize=true&Content-Type=charset%3Dutf-8&X-atmo-protocol=true&_=1778204651800 HTTP/1.1" 200 -
110.81.59.75 - - [08/May/2026:09:37:30 +0800] "GET /InternetTrading/longpoll/M8773?X-Atmosphere-tracking-id=0&X-Atmosphere-Framework=2.2.3-javascript&X-Atmosphere-Transport=long-polling&X-Atmosphere-TrackMessageSize=true&Content-Type=charset%3Dutf-8&X-atmo-protocol=true&_=1778204655839 HTTP/1.1" 200 -
113.118.4.108 - - [08/May/2026:09:37:31 +0800] "GET /InternetTrading/longpoll/51803?X-Atmosphere-tracking-id=0&X-Atmosphere-Framework=2.2.3-javascript&X-Atmosphere-Transport=long-polling&X-Atmosphere-TrackMessageSize=true&Content-Type=charset%3Dutf-8&X-atmo-protocol=true&_=1778204655234 HTTP/1.1" 200 -
27.38.142.113 - - [08/May/2026:09:37:31 +0800] "GET /InternetTrading/longpoll/53995?X-Atmosphere-tracking-id=0&X-Atmosphere-Framework=2.2.3-javascript&X-Atmosphere-Transport=long-polling&X-Atmosphere-TrackMessageSize=true&Content-Type=charset%3Dutf-8&X-atmo-protocol=true&_=1778204652793 HTTP/1.1" 200 -
45.144.227.8 - - [08/May/2026:09:37:32 +0800] "GET /InternetTrading/longpoll/55511?X-Atmosphere-tracking-id=0&X-Atmosphere-Framework=2.2.3-javascript&X-Atmosphere-Transport=long-polling&X-Atmosphere-TrackMessageSize=true&Content-Type=charset%3Dutf-8&X-atmo-protocol=true&_=1778204656040 HTTP/1.1" 200 -
14.0.230.253 - - [08/May/2026:09:37:33 +0800] "GET /InternetTrading/longpoll/A8127?X-Atmosphere-tracking-id=0&X-Atmosphere-Framework=2.2.3-javascript&X-Atmosphere-Transport=long-polling&X-Atmosphere-TrackMessageSize=true&Content-Type=charset%3Dutf-8&X-atmo-protocol=true&_=1778204657058 HTTP/1.1" 200 -
110.81.59.75 - - [08/May/2026:09:37:36 +0800] "GET /InternetTrading/longpoll/M8773?X-Atmosphere-tracking-id=0&X-Atmosphere-Framework=2.2.3-javascript&X-Atmosphere-Transport=long-polling&X-Atmosphere-TrackMessageSize=true&Content-Type=charset%3Dutf-8&X-atmo-protocol=true&_=1778204661839 HTTP/1.1" 200 -
113.118.4.108 - - [08/May/2026:09:37:37 +0800] "GET /InternetTrading/longpoll/51803?X-Atmosphere-tracking-id=0&X-Atmosphere-Framework=2.2.3-javascript&X-Atmosphere-Transport=long-polling&X-Atmosphere-TrackMessageSize=true&Content-Type=charset%3Dutf-8&X-atmo-protocol=true&_=1778204661231 HTTP/1.1" 200 -
27.38.142.113 - - [08/May/2026:09:37:37 +0800] "GET /InternetTrading/longpoll/53995?X-Atmosphere-tracking-id=0&X-Atmosphere-Framework=2.2.3-javascript&X-Atmosphere-Transport=long-polling&X-Atmosphere-TrackMessageSize=true&Content-Type=charset%3Dutf-8&X-atmo-protocol=true&_=1778204658791 HTTP/1.1" 200 -
110.81.59.75 - - [08/May/2026:09:37:37 +0800] "POST /InternetTrading/SessionErrorLogger HTTP/1.1" 200 117
110.81.59.75 - - [08/May/2026:09:37:37 +0800] "POST /InternetTrading/Heartbeat HTTP/1.1" 200 32
110.81.59.75 - - [08/May/2026:09:37:37 +0800] "POST /InternetTrading/SessionErrorLogger HTTP/1.1" 200 117
110.81.59.75 - - [08/May/2026:09:37:37 +0800] "POST /InternetTrading/MarketStatus HTTP/1.1" 200 772
14.0.230.253 - - [08/May/2026:09:37:38 +0800] "GET /InternetTrading/longpoll/A8127?X-Atmosphere-tracking-id=0&X-Atmosphere-Framework=2.2.3-javascript&X-Atmosphere-Transport=long-polling&X-Atmosphere-TrackMessageSize=true&Content-Type=charset%3Dutf-8&X-atmo-protocol=true&_=1778204662241 HTTP/1.1" 200 -
14.0.230.253 - - [08/May/2026:09:37:39 +0800] "POST /InternetTrading/SessionErrorLogger HTTP/1.1" 200 117
14.0.230.253 - - [08/May/2026:09:37:39 +0800] "POST /InternetTrading/Heartbeat HTTP/1.1" 200 32
14.0.230.253 - - [08/May/2026:09:37:41 +0800] "POST /InternetTrading/SessionErrorLogger HTTP/1.1" 200 117
14.0.230.253 - - [08/May/2026:09:37:42 +0800] "POST /InternetTrading/MarketStatus HTTP/1.1" 200 772
45.144.227.8 - - [08/May/2026:09:37:42 +0800] "GET /InternetTrading/longpoll/55511?X-Atmosphere-tracking-id=0&X-Atmosphere-Framework=2.2.3-javascript&X-Atmosphere-Transport=long-polling&X-Atmosphere-TrackMessageSize=true&Content-Type=charset%3Dutf-8&X-atmo-protocol=true&_=1778204666306 HTTP/1.1" 200 -
110.81.59.75 - - [08/May/2026:09:37:42 +0800] "GET /InternetTrading/longpoll/M8773?X-Atmosphere-tracking-id=0&X-Atmosphere-Framework=2.2.3-javascript&X-Atmosphere-Transport=long-polling&X-Atmosphere-TrackMessageSize=true&Content-Type=charset%3Dutf-8&X-atmo-protocol=true&_=1778204667839 HTTP/1.1" 200 -
113.118.4.108 - - [08/May/2026:09:37:43 +0800] "GET /InternetTrading/longpoll/51803?X-Atmosphere-tracking-id=0&X-Atmosphere-Framework=2.2.3-javascript&X-Atmosphere-Transport=long-polling&X-Atmosphere-TrackMessageSize=true&Content-Type=charset%3Dutf-8&X-atmo-protocol=true&_=1778204667224 HTTP/1.1" 200 -
27.38.142.113 - - [08/May/2026:09:37:43 +0800] "GET /InternetTrading/longpoll/53995?X-Atmosphere-tracking-id=0&X-Atmosphere-Framework=2.2.3-javascript&X-Atmosphere-Transport=long-polling&X-Atmosphere-TrackMessageSize=true&Content-Type=charset%3Dutf-8&X-atmo-protocol=true&_=1778204664791 HTTP/1.1" 200 -
14.0.230.253 - - [08/May/2026:09:37:43 +0800] "GET /InternetTrading/longpoll/A8127?X-Atmosphere-tracking-id=0&X-Atmosphere-Framework=2.2.3-javascript&X-Atmosphere-Transport=long-polling&X-Atmosphere-TrackMessageSize=true&Content-Type=charset%3Dutf-8&X-atmo-protocol=true&_=1778204667391 HTTP/1.1" 200 -
27.38.142.113 - - [08/May/2026:09:37:45 +0800] "POST /InternetTrading/SessionErrorLogger HTTP/1.1" 200 117
27.38.142.113 - - [08/May/2026:09:37:45 +0800] "POST /InternetTrading/MarketStatus HTTP/1.1" 200 772
27.38.142.113 - - [08/May/2026:09:37:45 +0800] "POST /InternetTrading/SessionErrorLogger HTTP/1.1" 200 117
110.81.59.75 - - [08/May/2026:09:37:48 +0800] "GET /InternetTrading/longpoll/M8773?X-Atmosphere-tracking-id=0&X-Atmosphere-Framework=2.2.3-javascript&X-Atmosphere-Transport=long-polling&X-Atmosphere-TrackMessageSize=true&Content-Type=charset%3Dutf-8&X-atmo-protocol=true&_=1778204673839 HTTP/1.1" 200 -
14.0.230.253 - - [08/May/2026:09:37:49 +0800] "GET /InternetTrading/longpoll/A8127?X-Atmosphere-tracking-id=0&X-Atmosphere-Framework=2.2.3-javascript&X-Atmosphere-Transport=long-polling&X-Atmosphere-TrackMessageSize=true&Content-Type=charset%3Dutf-8&X-atmo-protocol=true&_=1778204672431 HTTP/1.1" 200 -
113.118.4.108 - - [08/May/2026:09:37:49 +0800] "GET /InternetTrading/longpoll/51803?X-Atmosphere-tracking-id=0&X-Atmosphere-Framework=2.2.3-javascript&X-Atmosphere-Transport=long-polling&X-Atmosphere-TrackMessageSize=true&Content-Type=charset%3Dutf-8&X-atmo-protocol=true&_=1778204673230 HTTP/1.1" 200 -
27.38.142.113 - - [08/May/2026:09:37:52 +0800] "POST /InternetTrading/Heartbeat HTTP/1.1" 200 32
45.144.227.8 - - [08/May/2026:09:37:53 +0800] "GET /InternetTrading/longpoll/55511?X-Atmosphere-tracking-id=0&X-Atmosphere-Framework=2.2.3-javascript&X-Atmosphere-Transport=long-polling&X-Atmosphere-TrackMessageSize=true&Content-Type=charset%3Dutf-8&X-atmo-protocol=true&_=1778204676574 HTTP/1.1" 200 -
14.0.230.253 - - [08/May/2026:09:37:54 +0800] "GET /InternetTrading/longpoll/A8127?X-Atmosphere-tracking-id=0&X-Atmosphere-Framework=2.2.3-javascript&X-Atmosphere-Transport=long-polling&X-Atmosphere-TrackMessageSize=true&Content-Type=charset%3Dutf-8&X-atmo-protocol=true&_=1778204677649 HTTP/1.1" 200 -
110.81.59.75 - - [08/May/2026:09:37:54 +0800] "GET /InternetTrading/longpoll/M8773?X-Atmosphere-tracking-id=0&X-Atmosphere-Framework=2.2.3-javascript&X-Atmosphere-Transport=long-polling&X-Atmosphere-TrackMessageSize=true&Content-Type=charset%3Dutf-8&X-atmo-protocol=true&_=1778204679839 HTTP/1.1" 200 -
113.118.4.108 - - [08/May/2026:09:37:55 +0800] "GET /InternetTrading/longpoll/51803?X-Atmosphere-tracking-id=0&X-Atmosphere-Framework=2.2.3-javascript&X-Atmosphere-Transport=long-polling&X-Atmosphere-TrackMessageSize=true&Content-Type=charset%3Dutf-8&X-atmo-protocol=true&_=1778204679232 HTTP/1.1" 200 -
14.0.230.253 - - [08/May/2026:09:37:59 +0800] "GET /InternetTrading/longpoll/A8127?X-Atmosphere-tracking-id=0&X-Atmosphere-Framework=2.2.3-javascript&X-Atmosphere-Transport=long-polling&X-Atmosphere-TrackMessageSize=true&Content-Type=charset%3Dutf-8&X-atmo-protocol=true&_=1778204682791 HTTP/1.1" 200 -
110.81.59.75 - - [08/May/2026:09:38:01 +0800] "GET /InternetTrading/longpoll/M8773?X-Atmosphere-tracking-id=0&X-Atmosphere-Framework=2.2.3-javascript&X-Atmosphere-Transport=long-polling&X-Atmosphere-TrackMessageSize=true&Content-Type=charset%3Dutf-8&X-atmo-protocol=true&_=1778204685839 HTTP/1.1" 200 -
113.118.4.108 - - [08/May/2026:09:38:01 +0800] "GET /InternetTrading/longpoll/51803?X-Atmosphere-tracking-id=0&X-Atmosphere-Framework=2.2.3-javascript&X-Atmosphere-Transport=long-polling&X-Atmosphere-TrackMessageSize=true&Content-Type=charset%3Dutf-8&X-atmo-protocol=true&_=1778204685228 HTTP/1.1" 200 -
45.144.227.8 - - [08/May/2026:09:38:03 +0800] "GET /InternetTrading/longpoll/55511?X-Atmosphere-tracking-id=0&X-Atmosphere-Framework=2.2.3-javascript&X-Atmosphere-Transport=long-polling&X-Atmosphere-TrackMessageSize=true&Content-Type=charset%3Dutf-8&X-atmo-protocol=true&_=1778204686842 HTTP/1.1" 200 -
14.0.230.253 - - [08/May/2026:09:38:04 +0800] "GET /InternetTrading/longpoll/A8127?X-Atmosphere-tracking-id=0&X-Atmosphere-Framework=2.2.3-javascript&X-Atmosphere-Transport=long-polling&X-Atmosphere-TrackMessageSize=true&Content-Type=charset%3Dutf-8&X-atmo-protocol=true&_=1778204687889 HTTP/1.1" 200 -
110.81.59.75 - - [08/May/2026:09:38:06 +0800] "GET /InternetTrading/longpoll/M8773?X-Atmosphere-tracking-id=0&X-Atmosphere-Framework=2.2.3-javascript&X-Atmosphere-Transport=long-polling&X-Atmosphere-TrackMessageSize=true&Content-Type=charset%3Dutf-8&X-atmo-protocol=true&_=1778204691840 HTTP/1.1" 200 -
113.118.4.108 - - [08/May/2026:09:38:07 +0800] "GET /InternetTrading/longpoll/51803?X-Atmosphere-tracking-id=0&X-Atmosphere-Framework=2.2.3-javascript&X-Atmosphere-Transport=long-polling&X-Atmosphere-TrackMessageSize=true&Content-Type=charset%3Dutf-8&X-atmo-protocol=true&_=1778204691236 HTTP/1.1" 200 -
110.81.59.75 - - [08/May/2026:09:38:08 +0800] "POST /InternetTrading/SessionErrorLogger HTTP/1.1" 200 117
110.81.59.75 - - [08/May/2026:09:38:08 +0800] "POST /InternetTrading/Heartbeat HTTP/1.1" 200 32
110.81.59.75 - - [08/May/2026:09:38:08 +0800] "POST /InternetTrading/SessionErrorLogger HTTP/1.1" 200 117
110.81.59.75 - - [08/May/2026:09:38:08 +0800] "POST /InternetTrading/MarketStatus HTTP/1.1" 200 772
14.0.230.253 - - [08/May/2026:09:38:09 +0800] "GET /InternetTrading/longpoll/A8127?X-Atmosphere-tracking-id=0&X-Atmosphere-Framework=2.2.3-javascript&X-Atmosphere-Transport=long-polling&X-Atmosphere-TrackMessageSize=true&Content-Type=charset%3Dutf-8&X-atmo-protocol=true&_=1778204693140 HTTP/1.1" 200 -
14.0.230.253 - - [08/May/2026:09:38:09 +0800] "POST /InternetTrading/SessionErrorLogger HTTP/1.1" 200 117
14.0.230.253 - - [08/May/2026:09:38:09 +0800] "POST /InternetTrading/Heartbeat HTTP/1.1" 200 32
14.0.230.253 - - [08/May/2026:09:38:12 +0800] "POST /InternetTrading/SessionErrorLogger HTTP/1.1" 200 117
14.0.230.253 - - [08/May/2026:09:38:12 +0800] "POST /InternetTrading/MarketStatus HTTP/1.1" 200 772
110.81.59.75 - - [08/May/2026:09:38:12 +0800] "GET /InternetTrading/longpoll/M8773?X-Atmosphere-tracking-id=0&X-Atmosphere-Framework=2.2.3-javascript&X-Atmosphere-Transport=long-polling&X-Atmosphere-TrackMessageSize=true&Content-Type=charset%3Dutf-8&X-atmo-protocol=true&_=1778204697839 HTTP/1.1" 200 -
113.118.4.108 - - [08/May/2026:09:38:13 +0800] "GET /InternetTrading/longpoll/51803?X-Atmosphere-tracking-id=0&X-Atmosphere-Framework=2.2.3-javascript&X-Atmosphere-Transport=long-polling&X-Atmosphere-TrackMessageSize=true&Content-Type=charset%3Dutf-8&X-atmo-protocol=true&_=1778204697231 HTTP/1.1" 200 -
45.144.227.8 - - [08/May/2026:09:38:13 +0800] "GET /InternetTrading/longpoll/55511?X-Atmosphere-tracking-id=0&X-Atmosphere-Framework=2.2.3-javascript&X-Atmosphere-Transport=long-polling&X-Atmosphere-TrackMessageSize=true&Content-Type=charset%3Dutf-8&X-atmo-protocol=true&_=1778204697107 HTTP/1.1" 200 -
14.0.230.253 - - [08/May/2026:09:38:14 +0800] "GET /InternetTrading/longpoll/A8127?X-Atmosphere-tracking-id=0&X-Atmosphere-Framework=2.2.3-javascript&X-Atmosphere-Transport=long-polling&X-Atmosphere-TrackMessageSize=true&Content-Type=charset%3Dutf-8&X-atmo-protocol=true&_=1778204698325 HTTP/1.1" 200 -
110.81.59.75 - - [08/May/2026:09:38:18 +0800] "GET /InternetTrading/longpoll/M8773?X-Atmosphere-tracking-id=0&X-Atmosphere-Framework=2.2.3-javascript&X-Atmosphere-Transport=long-polling&X-Atmosphere-TrackMessageSize=true&Content-Type=charset%3Dutf-8&X-atmo-protocol=true&_=1778204703839 HTTP/1.1" 200 -
113.118.4.108 - - [08/May/2026:09:38:19 +0800] "GET /InternetTrading/longpoll/51803?X-Atmosphere-tracking-id=0&X-Atmosphere-Framework=2.2.3-javascript&X-Atmosphere-Transport=long-polling&X-Atmosphere-TrackMessageSize=true&Content-Type=charset%3Dutf-8&X-atmo-protocol=true&_=1778204703237 HTTP/1.1" 200 -
14.0.230.253 - - [08/May/2026:09:38:19 +0800] "GET /InternetTrading/longpoll/A8127?X-Atmosphere-tracking-id=0&X-Atmosphere-Framework=2.2.3-javascript&X-Atmosphere-Transport=long-polling&X-Atmosphere-TrackMessageSize=true&Content-Type=charset%3Dutf-8&X-atmo-protocol=true&_=1778204703369 HTTP/1.1" 200 -
113.118.4.108 - - [08/May/2026:09:38:21 +0800] "POST /InternetTrading/SessionErrorLogger HTTP/1.1" 200 117
113.118.4.108 - - [08/May/2026:09:38:21 +0800] "POST /InternetTrading/Heartbeat HTTP/1.1" 200 32
113.118.4.108 - - [08/May/2026:09:38:21 +0800] "POST /InternetTrading/SessionErrorLogger HTTP/1.1" 200 117
113.118.4.108 - - [08/May/2026:09:38:21 +0800] "POST /InternetTrading/MarketStatus HTTP/1.1" 200 772
14.0.230.253 - - [08/May/2026:09:38:25 +0800] "GET /InternetTrading/longpoll/A8127?X-Atmosphere-tracking-id=0&X-Atmosphere-Framework=2.2.3-javascript&X-Atmosphere-Transport=long-polling&X-Atmosphere-TrackMessageSize=true&Content-Type=charset%3Dutf-8&X-atmo-protocol=true&_=1778204708495 HTTP/1.1" 200 -
113.118.4.108 - - [08/May/2026:09:38:25 +0800] "GET /InternetTrading/longpoll/51803?X-Atmosphere-tracking-id=0&X-Atmosphere-Framework=2.2.3-javascript&X-Atmosphere-Transport=long-polling&X-Atmosphere-TrackMessageSize=true&Content-Type=charset%3Dutf-8&X-atmo-protocol=true&_=1778204709237 HTTP/1.1" 200 -
110.81.59.75 - - [08/May/2026:09:38:25 +0800] "GET /InternetTrading/longpoll/M8773?X-Atmosphere-tracking-id=0&X-Atmosphere-Framework=2.2.3-javascript&X-Atmosphere-Transport=long-polling&X-Atmosphere-TrackMessageSize=true&Content-Type=charset%3Dutf-8&X-atmo-protocol=true&_=1778204709839 HTTP/1.1" 200 -
45.144.227.8 - - [08/May/2026:09:38:28 +0800] "POST /InternetTrading/SessionErrorLogger HTTP/1.1" 200 117
45.144.227.8 - - [08/May/2026:09:38:28 +0800] "POST /InternetTrading/MarketStatus HTTP/1.1" 200 772
45.144.227.8 - - [08/May/2026:09:38:28 +0800] "POST /InternetTrading/SessionErrorLogger HTTP/1.1" 200 117
45.144.227.8 - - [08/May/2026:09:38:28 +0800] "GET /InternetTrading/longpoll/55511?X-Atmosphere-tracking-id=0&X-Atmosphere-Framework=2.2.3-javascript&X-Atmosphere-Transport=long-polling&X-Atmosphere-TrackMessageSize=true&Content-Type=charset%3Dutf-8&X-atmo-protocol=true&_=1778204712039 HTTP/1.1" 200 -
45.144.227.8 - - [08/May/2026:09:38:28 +0800] "POST /InternetTrading/Heartbeat HTTP/1.1" 200 32
14.0.230.253 - - [08/May/2026:09:38:30 +0800] "GET /InternetTrading/longpoll/A8127?X-Atmosphere-tracking-id=0&X-Atmosphere-Framework=2.2.3-javascript&X-Atmosphere-Transport=long-polling&X-Atmosphere-TrackMessageSize=true&Content-Type=charset%3Dutf-8&X-atmo-protocol=true&_=1778204713624 HTTP/1.1" 200 -
113.118.4.108 - - [08/May/2026:09:38:31 +0800] "GET /InternetTrading/longpoll/51803?X-Atmosphere-tracking-id=0&X-Atmosphere-Framework=2.2.3-javascript&X-Atmosphere-Transport=long-polling&X-Atmosphere-TrackMessageSize=true&Content-Type=charset%3Dutf-8&X-atmo-protocol=true&_=1778204715225 HTTP/1.1" 200 -
110.81.59.75 - - [08/May/2026:09:38:31 +0800] "GET /InternetTrading/longpoll/M8773?X-Atmosphere-tracking-id=0&X-Atmosphere-Framework=2.2.3-javascript&X-Atmosphere-Transport=long-polling&X-Atmosphere-TrackMessageSize=true&Content-Type=charset%3Dutf-8&X-atmo-protocol=true&_=1778204716920 HTTP/1.1" 200 -
14.0.230.253 - - [08/May/2026:09:38:35 +0800] "GET /InternetTrading/longpoll/A8127?X-Atmosphere-tracking-id=0&X-Atmosphere-Framework=2.2.3-javascript&X-Atmosphere-Transport=long-polling&X-Atmosphere-TrackMessageSize=true&Content-Type=charset%3Dutf-8&X-atmo-protocol=true&_=1778204718712 HTTP/1.1" 200 -
113.118.4.108 - - [08/May/2026:09:38:37 +0800] "GET /InternetTrading/longpoll/51803?X-Atmosphere-tracking-id=0&X-Atmosphere-Framework=2.2.3-javascript&X-Atmosphere-Transport=long-polling&X-Atmosphere-TrackMessageSize=true&Content-Type=charset%3Dutf-8&X-atmo-protocol=true&_=1778204721231 HTTP/1.1" 200 -
110.81.59.75 - - [08/May/2026:09:38:37 +0800] "GET /InternetTrading/longpoll/M8773?X-Atmosphere-tracking-id=0&X-Atmosphere-Framework=2.2.3-javascript&X-Atmosphere-Transport=long-polling&X-Atmosphere-TrackMessageSize=true&Content-Type=charset%3Dutf-8&X-atmo-protocol=true&_=1778204722840 HTTP/1.1" 200 -
110.81.59.75 - - [08/May/2026:09:38:39 +0800] "POST /InternetTrading/SessionErrorLogger HTTP/1.1" 200 117
110.81.59.75 - - [08/May/2026:09:38:39 +0800] "POST /InternetTrading/Heartbeat HTTP/1.1" 200 32
110.81.59.75 - - [08/May/2026:09:38:39 +0800] "POST /InternetTrading/SessionErrorLogger HTTP/1.1" 200 117
110.81.59.75 - - [08/May/2026:09:38:39 +0800] "POST /InternetTrading/MarketStatus HTTP/1.1" 200 772
14.0.230.253 - - [08/May/2026:09:38:39 +0800] "POST /InternetTrading/SessionErrorLogger HTTP/1.1" 200 117
14.0.230.253 - - [08/May/2026:09:38:39 +0800] "POST /InternetTrading/Heartbeat HTTP/1.1" 200 32
14.0.230.253 - - [08/May/2026:09:38:40 +0800] "GET /InternetTrading/longpoll/A8127?X-Atmosphere-tracking-id=0&X-Atmosphere-Framework=2.2.3-javascript&X-Atmosphere-Transport=long-polling&X-Atmosphere-TrackMessageSize=true&Content-Type=charset%3Dutf-8&X-atmo-protocol=true&_=1778204723827 HTTP/1.1" 200 -
14.0.230.253 - - [08/May/2026:09:38:42 +0800] "POST /InternetTrading/SessionErrorLogger HTTP/1.1" 200 117
14.0.230.253 - - [08/May/2026:09:38:42 +0800] "POST /InternetTrading/MarketStatus HTTP/1.1" 200 772
113.118.4.108 - - [08/May/2026:09:38:43 +0800] "GET /InternetTrading/longpoll/51803?X-Atmosphere-tracking-id=0&X-Atmosphere-Framework=2.2.3-javascript&X-Atmosphere-Transport=long-polling&X-Atmosphere-TrackMessageSize=true&Content-Type=charset%3Dutf-8&X-atmo-protocol=true&_=1778204727232 HTTP/1.1" 200 -
110.81.59.75 - - [08/May/2026:09:38:43 +0800] "GET /InternetTrading/longpoll/M8773?X-Atmosphere-tracking-id=0&X-Atmosphere-Framework=2.2.3-javascript&X-Atmosphere-Transport=long-polling&X-Atmosphere-TrackMessageSize=true&Content-Type=charset%3Dutf-8&X-atmo-protocol=true&_=1778204728840 HTTP/1.1" 200 -
14.0.230.253 - - [08/May/2026:09:38:45 +0800] "GET /InternetTrading/longpoll/A8127?X-Atmosphere-tracking-id=0&X-Atmosphere-Framework=2.2.3-javascript&X-Atmosphere-Transport=long-polling&X-Atmosphere-TrackMessageSize=true&Content-Type=charset%3Dutf-8&X-atmo-protocol=true&_=1778204728886 HTTP/1.1" 200 -
45.144.227.8 - - [08/May/2026:09:38:48 +0800] "GET /InternetTrading/longpoll/55511?X-Atmosphere-tracking-id=0&X-Atmosphere-Framework=2.2.3-javascript&X-Atmosphere-Transport=long-polling&X-Atmosphere-TrackMessageSize=true&Content-Type=charset%3Dutf-8&X-atmo-protocol=true&_=1778204732171 HTTP/1.1" 200 -
113.118.4.108 - - [08/May/2026:09:38:49 +0800] "GET /InternetTrading/longpoll/51803?X-Atmosphere-tracking-id=0&X-Atmosphere-Framework=2.2.3-javascript&X-Atmosphere-Transport=long-polling&X-Atmosphere-TrackMessageSize=true&Content-Type=charset%3Dutf-8&X-atmo-protocol=true&_=1778204733227 HTTP/1.1" 200 -
110.81.59.75 - - [08/May/2026:09:38:49 +0800] "GET /InternetTrading/longpoll/M8773?X-Atmosphere-tracking-id=0&X-Atmosphere-Framework=2.2.3-javascript&X-Atmosphere-Transport=long-polling&X-Atmosphere-TrackMessageSize=true&Content-Type=charset%3Dutf-8&X-atmo-protocol=true&_=1778204734840 HTTP/1.1" 200 -
14.0.230.253 - - [08/May/2026:09:38:50 +0800] "GET /InternetTrading/longpoll/A8127?X-Atmosphere-tracking-id=0&X-Atmosphere-Framework=2.2.3-javascript&X-Atmosphere-Transport=long-polling&X-Atmosphere-TrackMessageSize=true&Content-Type=charset%3Dutf-8&X-atmo-protocol=true&_=1778204733935 HTTP/1.1" 200 -
113.118.4.108 - - [08/May/2026:09:38:55 +0800] "GET /InternetTrading/longpoll/51803?X-Atmosphere-tracking-id=0&X-Atmosphere-Framework=2.2.3-javascript&X-Atmosphere-Transport=long-polling&X-Atmosphere-TrackMessageSize=true&Content-Type=charset%3Dutf-8&X-atmo-protocol=true&_=1778204739231 HTTP/1.1" 200 -
14.0.230.253 - - [08/May/2026:09:38:55 +0800] "GET /InternetTrading/longpoll/A8127?X-Atmosphere-tracking-id=0&X-Atmosphere-Framework=2.2.3-javascript&X-Atmosphere-Transport=long-polling&X-Atmosphere-TrackMessageSize=true&Content-Type=charset%3Dutf-8&X-atmo-protocol=true&_=1778204739072 HTTP/1.1" 200 -
110.81.59.75 - - [08/May/2026:09:38:55 +0800] "GET /InternetTrading/longpoll/M8773?X-Atmosphere-tracking-id=0&X-Atmosphere-Framework=2.2.3-javascript&X-Atmosphere-Transport=long-polling&X-Atmosphere-TrackMessageSize=true&Content-Type=charset%3Dutf-8&X-atmo-protocol=true&_=1778204740841 HTTP/1.1" 200 -
