89.117.42.68 - - [08/May/2026:10:32:34 +0800] "GET /InternetTrading/images/top_bg2.jpg HTTP/1.1" 200 330
89.117.42.68 - - [08/May/2026:10:32:34 +0800] "POST /InternetTrading/PopUpConfig HTTP/1.1" 200 2
89.117.42.68 - - [08/May/2026:10:32:34 +0800] "GET /InternetTrading/tc/dialog.html?1778207958299 HTTP/1.1" 200 3188
89.117.42.68 - - [08/May/2026:10:32:34 +0800] "POST /InternetTrading/Heartbeat HTTP/1.1" 200 32
89.117.42.68 - - [08/May/2026:10:32:34 +0800] "POST /InternetTrading/CustomerInfoLite HTTP/1.1" 200 118
89.117.42.68 - - [08/May/2026:10:32:34 +0800] "GET /InternetTrading/jquery/wait.gif HTTP/1.1" 200 432
89.117.42.68 - - [08/May/2026:10:32:34 +0800] "GET /InternetTrading/tc/trade.html HTTP/1.1" 200 2113
89.117.42.68 - - [08/May/2026:10:32:34 +0800] "POST /InternetTrading/SpreadPriceCache HTTP/1.1" 200 1947
89.117.42.68 - - [08/May/2026:10:32:34 +0800] "POST /InternetTrading/SessionErrorLogger HTTP/1.1" 200 117
89.117.42.68 - - [08/May/2026:10:32:34 +0800] "GET /InternetTrading/tc/images/top_menu01_o.jpg HTTP/1.1" 200 3339
89.117.42.68 - - [08/May/2026:10:32:35 +0800] "POST /InternetTrading/GetLastLoginDate HTTP/1.1" 200 31
89.117.42.68 - - [08/May/2026:10:32:35 +0800] "POST /InternetTrading/SessionErrorLogger HTTP/1.1" 200 117
89.117.42.68 - - [08/May/2026:10:32:35 +0800] "GET /InternetTrading/tc/getpopupMsgName.jsp HTTP/1.1" 200 -
89.117.42.68 - - [08/May/2026:10:32:35 +0800] "GET /InternetTrading/tc/applet_dummy.html HTTP/1.1" 200 330
89.117.42.68 - - [08/May/2026:10:32:35 +0800] "POST /InternetTrading/SessionErrorLogger HTTP/1.1" 200 117
89.117.42.68 - - [08/May/2026:10:32:35 +0800] "POST /InternetTrading/SessionErrorLogger HTTP/1.1" 200 117
89.117.42.68 - - [08/May/2026:10:32:35 +0800] "GET /InternetTrading/tc/buy_ticket.html? HTTP/1.1" 200 1995
89.117.42.68 - - [08/May/2026:10:32:35 +0800] "POST /InternetTrading/MarketStatus HTTP/1.1" 200 772
89.117.42.68 - - [08/May/2026:10:32:35 +0800] "POST /InternetTrading/SessionErrorLogger HTTP/1.1" 200 117
89.117.42.68 - - [08/May/2026:10:32:35 +0800] "GET /InternetTrading/Home/PostToAA.jsp?hl=tc HTTP/1.1" 200 287
89.117.42.68 - - [08/May/2026:10:32:35 +0800] "GET /InternetTrading/tc/multi_currency_balance.html HTTP/1.1" 200 295
89.117.42.68 - - [08/May/2026:10:32:35 +0800] "GET /InternetTrading/tc/images/trade_point01.jpg HTTP/1.1" 200 358
89.117.42.68 - - [08/May/2026:10:32:35 +0800] "GET /InternetTrading/tc/images/refresh.gif HTTP/1.1" 200 1145
89.117.42.68 - - [08/May/2026:10:32:35 +0800] "GET /InternetTrading/jquery/images/ui-icons_222222_256x240.png HTTP/1.1" 200 6922
89.117.42.68 - - [08/May/2026:10:32:35 +0800] "GET /InternetTrading/jquery/images/ui-bg_flat_75_ffffff_40x100.png HTTP/1.1" 200 208
89.117.42.68 - - [08/May/2026:10:32:35 +0800] "POST /InternetTrading/SessionErrorLogger HTTP/1.1" 200 117
113.118.4.108 - - [08/May/2026:10:32:35 +0800] "GET /InternetTrading/longpoll/51803?X-Atmosphere-tracking-id=0&X-Atmosphere-Framework=2.2.3-javascript&X-Atmosphere-Transport=long-polling&X-Atmosphere-TrackMessageSize=true&Content-Type=charset%3Dutf-8&X-atmo-protocol=true&_=1778207958486 HTTP/1.1" 200 -
89.117.42.68 - - [08/May/2026:10:32:35 +0800] "POST /InternetTrading/SessionErrorLogger HTTP/1.1" 200 117
89.117.42.68 - - [08/May/2026:10:32:35 +0800] "POST /InternetTrading/MarketStatus HTTP/1.1" 200 772
89.117.42.68 - - [08/May/2026:10:32:35 +0800] "POST /InternetTrading/MarketStatus HTTP/1.1" 200 772
117.26.250.159 - - [08/May/2026:10:32:36 +0800] "GET /InternetTrading/longpoll/51401?X-Atmosphere-tracking-id=0&X-Atmosphere-Framework=2.2.3-javascript&X-Atmosphere-Transport=long-polling&X-Atmosphere-TrackMessageSize=true&Content-Type=charset%3Dutf-8&X-atmo-protocol=true&_=1778207959681 HTTP/1.1" 200 -
27.38.142.113 - - [08/May/2026:10:32:36 +0800] "GET /InternetTrading/longpoll/53995?X-Atmosphere-tracking-id=0&X-Atmosphere-Framework=2.2.3-javascript&X-Atmosphere-Transport=long-polling&X-Atmosphere-TrackMessageSize=true&Content-Type=charset%3Dutf-8&X-atmo-protocol=true&_=1778207957803 HTTP/1.1" 200 -
89.117.42.68 - - [08/May/2026:10:32:37 +0800] "POST /InternetTrading/SessionErrorLogger HTTP/1.1" 200 117
89.117.42.68 - - [08/May/2026:10:32:37 +0800] "POST /InternetTrading/CustomerInfo HTTP/1.1" 200 208
89.117.42.68 - - [08/May/2026:10:32:37 +0800] "POST /InternetTrading/SessionErrorLogger HTTP/1.1" 200 117
89.117.42.68 - - [08/May/2026:10:32:37 +0800] "GET /InternetTrading/tc/account_status.html HTTP/1.1" 200 426
89.117.42.68 - - [08/May/2026:10:32:37 +0800] "POST /InternetTrading/SessionErrorLogger HTTP/1.1" 200 117
89.117.42.68 - - [08/May/2026:10:32:37 +0800] "POST /InternetTrading/SessionErrorLogger HTTP/1.1" 200 117
89.117.42.68 - - [08/May/2026:10:32:37 +0800] "POST /InternetTrading/MarketStatus HTTP/1.1" 200 772
89.117.42.68 - - [08/May/2026:10:32:37 +0800] "POST /InternetTrading/SessionErrorLogger HTTP/1.1" 200 117
89.117.42.68 - - [08/May/2026:10:32:37 +0800] "POST /InternetTrading/SessionErrorLogger HTTP/1.1" 200 117
89.117.42.68 - - [08/May/2026:10:32:37 +0800] "POST /InternetTrading/LongPollingConfig HTTP/1.1" 200 4
89.117.42.68 - - [08/May/2026:10:32:37 +0800] "GET /InternetTrading/longpoll/55511?X-Atmosphere-tracking-id=0&X-Atmosphere-Framework=2.2.3-javascript&X-Atmosphere-Transport=long-polling&X-Atmosphere-TrackMessageSize=true&Content-Type=charset%3Dutf-8&X-atmo-protocol=true&_=1778207961409 HTTP/1.1" 200 -
89.117.42.68 - - [08/May/2026:10:32:37 +0800] "POST /InternetTrading/Portfolio HTTP/1.1" 200 2103
14.0.230.253 - - [08/May/2026:10:32:38 +0800] "GET /InternetTrading/longpoll/A8127?X-Atmosphere-tracking-id=0&X-Atmosphere-Framework=2.2.3-javascript&X-Atmosphere-Transport=long-polling&X-Atmosphere-TrackMessageSize=true&Content-Type=charset%3Dutf-8&X-atmo-protocol=true&_=1778207961961 HTTP/1.1" 200 -
113.118.4.108 - - [08/May/2026:10:32:40 +0800] "POST /InternetTrading/SessionErrorLogger HTTP/1.1" 200 117
113.118.4.108 - - [08/May/2026:10:32:40 +0800] "POST /InternetTrading/Heartbeat HTTP/1.1" 200 32
113.118.4.108 - - [08/May/2026:10:32:40 +0800] "GET /InternetTrading/longpoll/51803?X-Atmosphere-tracking-id=0&X-Atmosphere-Framework=2.2.3-javascript&X-Atmosphere-Transport=long-polling&X-Atmosphere-TrackMessageSize=true&Content-Type=charset%3Dutf-8&X-atmo-protocol=true&_=1778207963551 HTTP/1.1" 200 -
113.118.4.108 - - [08/May/2026:10:32:41 +0800] "POST /InternetTrading/SessionErrorLogger HTTP/1.1" 200 117
113.118.4.108 - - [08/May/2026:10:32:41 +0800] "POST /InternetTrading/MarketStatus HTTP/1.1" 200 772
117.26.250.159 - - [08/May/2026:10:32:42 +0800] "GET /InternetTrading/longpoll/51401?X-Atmosphere-tracking-id=0&X-Atmosphere-Framework=2.2.3-javascript&X-Atmosphere-Transport=long-polling&X-Atmosphere-TrackMessageSize=true&Content-Type=charset%3Dutf-8&X-atmo-protocol=true&_=1778207965671 HTTP/1.1" 200 -
27.38.142.113 - - [08/May/2026:10:32:42 +0800] "GET /InternetTrading/longpoll/53995?X-Atmosphere-tracking-id=0&X-Atmosphere-Framework=2.2.3-javascript&X-Atmosphere-Transport=long-polling&X-Atmosphere-TrackMessageSize=true&Content-Type=charset%3Dutf-8&X-atmo-protocol=true&_=1778207963807 HTTP/1.1" 200 -
89.117.42.68 - - [08/May/2026:10:32:42 +0800] "GET /InternetTrading/longpoll/55511?X-Atmosphere-tracking-id=0&X-Atmosphere-Framework=2.2.3-javascript&X-Atmosphere-Transport=long-polling&X-Atmosphere-TrackMessageSize=true&Content-Type=charset%3Dutf-8&X-atmo-protocol=true&_=1778207966477 HTTP/1.1" 200 -
89.117.42.68 - - [08/May/2026:10:32:42 +0800] "POST /InternetTrading/SessionErrorLogger HTTP/1.1" 200 117
89.117.42.68 - - [08/May/2026:10:32:42 +0800] "GET /InternetTrading/jquery/wait.gif HTTP/1.1" 200 432
89.117.42.68 - - [08/May/2026:10:32:42 +0800] "POST /InternetTrading/Orderbook HTTP/1.1" 200 1183
14.0.230.253 - - [08/May/2026:10:32:43 +0800] "GET /InternetTrading/longpoll/A8127?X-Atmosphere-tracking-id=0&X-Atmosphere-Framework=2.2.3-javascript&X-Atmosphere-Transport=long-polling&X-Atmosphere-TrackMessageSize=true&Content-Type=charset%3Dutf-8&X-atmo-protocol=true&_=1778207967163 HTTP/1.1" 200 -
27.38.142.113 - - [08/May/2026:10:32:45 +0800] "POST /InternetTrading/SessionErrorLogger HTTP/1.1" 200 117
27.38.142.113 - - [08/May/2026:10:32:45 +0800] "POST /InternetTrading/Heartbeat HTTP/1.1" 200 32
27.38.142.113 - - [08/May/2026:10:32:45 +0800] "POST /InternetTrading/SessionErrorLogger HTTP/1.1" 200 117
27.38.142.113 - - [08/May/2026:10:32:45 +0800] "POST /InternetTrading/MarketStatus HTTP/1.1" 200 772
113.118.4.108 - - [08/May/2026:10:32:45 +0800] "GET /InternetTrading/longpoll/51803?X-Atmosphere-tracking-id=0&X-Atmosphere-Framework=2.2.3-javascript&X-Atmosphere-Transport=long-polling&X-Atmosphere-TrackMessageSize=true&Content-Type=charset%3Dutf-8&X-atmo-protocol=true&_=1778207968580 HTTP/1.1" 200 -
89.117.42.68 - - [08/May/2026:10:32:47 +0800] "GET /InternetTrading/longpoll/55511?X-Atmosphere-tracking-id=0&X-Atmosphere-Framework=2.2.3-javascript&X-Atmosphere-Transport=long-polling&X-Atmosphere-TrackMessageSize=true&Content-Type=charset%3Dutf-8&X-atmo-protocol=true&_=1778207971607 HTTP/1.1" 200 -
27.38.142.113 - - [08/May/2026:10:32:48 +0800] "GET /InternetTrading/longpoll/53995?X-Atmosphere-tracking-id=0&X-Atmosphere-Framework=2.2.3-javascript&X-Atmosphere-Transport=long-polling&X-Atmosphere-TrackMessageSize=true&Content-Type=charset%3Dutf-8&X-atmo-protocol=true&_=1778207969804 HTTP/1.1" 200 -
117.26.250.159 - - [08/May/2026:10:32:48 +0800] "GET /InternetTrading/longpoll/51401?X-Atmosphere-tracking-id=0&X-Atmosphere-Framework=2.2.3-javascript&X-Atmosphere-Transport=long-polling&X-Atmosphere-TrackMessageSize=true&Content-Type=charset%3Dutf-8&X-atmo-protocol=true&_=1778207971672 HTTP/1.1" 200 -
14.0.230.253 - - [08/May/2026:10:32:48 +0800] "GET /InternetTrading/longpoll/A8127?X-Atmosphere-tracking-id=0&X-Atmosphere-Framework=2.2.3-javascript&X-Atmosphere-Transport=long-polling&X-Atmosphere-TrackMessageSize=true&Content-Type=charset%3Dutf-8&X-atmo-protocol=true&_=1778207972261 HTTP/1.1" 200 -
113.118.4.108 - - [08/May/2026:10:32:50 +0800] "GET /InternetTrading/longpoll/51803?X-Atmosphere-tracking-id=0&X-Atmosphere-Framework=2.2.3-javascript&X-Atmosphere-Transport=long-polling&X-Atmosphere-TrackMessageSize=true&Content-Type=charset%3Dutf-8&X-atmo-protocol=true&_=1778207973603 HTTP/1.1" 200 -
89.117.42.68 - - [08/May/2026:10:32:53 +0800] "GET /InternetTrading/longpoll/55511?X-Atmosphere-tracking-id=0&X-Atmosphere-Framework=2.2.3-javascript&X-Atmosphere-Transport=long-polling&X-Atmosphere-TrackMessageSize=true&Content-Type=charset%3Dutf-8&X-atmo-protocol=true&_=1778207976673 HTTP/1.1" 200 -
27.38.142.113 - - [08/May/2026:10:32:54 +0800] "GET /InternetTrading/longpoll/53995?X-Atmosphere-tracking-id=0&X-Atmosphere-Framework=2.2.3-javascript&X-Atmosphere-Transport=long-polling&X-Atmosphere-TrackMessageSize=true&Content-Type=charset%3Dutf-8&X-atmo-protocol=true&_=1778207975792 HTTP/1.1" 200 -
14.0.230.253 - - [08/May/2026:10:32:54 +0800] "GET /InternetTrading/longpoll/A8127?X-Atmosphere-tracking-id=0&X-Atmosphere-Framework=2.2.3-javascript&X-Atmosphere-Transport=long-polling&X-Atmosphere-TrackMessageSize=true&Content-Type=charset%3Dutf-8&X-atmo-protocol=true&_=1778207977464 HTTP/1.1" 200 -
117.26.250.159 - - [08/May/2026:10:32:54 +0800] "GET /InternetTrading/longpoll/51401?X-Atmosphere-tracking-id=0&X-Atmosphere-Framework=2.2.3-javascript&X-Atmosphere-Transport=long-polling&X-Atmosphere-TrackMessageSize=true&Content-Type=charset%3Dutf-8&X-atmo-protocol=true&_=1778207977677 HTTP/1.1" 200 -
89.117.42.68 - - [08/May/2026:10:32:55 +0800] "GET /InternetTrading/tc/images/top_menu04_o.jpg HTTP/1.1" 200 3289
113.118.4.108 - - [08/May/2026:10:32:55 +0800] "GET /InternetTrading/longpoll/51803?X-Atmosphere-tracking-id=0&X-Atmosphere-Framework=2.2.3-javascript&X-Atmosphere-Transport=long-polling&X-Atmosphere-TrackMessageSize=true&Content-Type=charset%3Dutf-8&X-atmo-protocol=true&_=1778207978629 HTTP/1.1" 200 -
89.117.42.68 - - [08/May/2026:10:32:56 +0800] "POST /InternetTrading/SessionErrorLogger HTTP/1.1" 200 117
89.117.42.68 - - [08/May/2026:10:32:56 +0800] "GET /InternetTrading/tc/account.html HTTP/1.1" 200 57
89.117.42.68 - - [08/May/2026:10:32:56 +0800] "GET /InternetTrading/jquery/wait.gif HTTP/1.1" 200 432
89.117.42.68 - - [08/May/2026:10:32:56 +0800] "POST /InternetTrading/SessionErrorLogger HTTP/1.1" 200 117
89.117.42.68 - - [08/May/2026:10:32:56 +0800] "GET /InternetTrading/tc/images/top_menu01.jpg HTTP/1.1" 200 3466
89.117.42.68 - - [08/May/2026:10:32:56 +0800] "GET /InternetTrading/tc/account_pwupdate.html HTTP/1.1" 200 687
89.117.42.68 - - [08/May/2026:10:32:56 +0800] "POST /InternetTrading/SessionErrorLogger HTTP/1.1" 200 117
89.117.42.68 - - [08/May/2026:10:32:56 +0800] "POST /InternetTrading/SessionErrorLogger HTTP/1.1" 200 117
89.117.42.68 - - [08/May/2026:10:32:56 +0800] "GET /InternetTrading/getPasswordPolicy HTTP/1.1" 200 209
89.117.42.68 - - [08/May/2026:10:32:56 +0800] "POST /InternetTrading/Info HTTP/1.1" 200 232
89.117.42.68 - - [08/May/2026:10:32:56 +0800] "GET /InternetTrading/tc/images/point_blue.gif HTTP/1.1" 200 51
89.117.42.68 - - [08/May/2026:10:32:56 +0800] "GET /InternetTrading/tc/images/cancel.gif HTTP/1.1" 200 542
89.117.42.68 - - [08/May/2026:10:32:56 +0800] "GET /InternetTrading/tc/images/submit.gif HTTP/1.1" 200 374
89.117.42.68 - - [08/May/2026:10:32:56 +0800] "GET /InternetTrading/tc/images/top_menu01_o.jpg HTTP/1.1" 200 3339
89.117.42.68 - - [08/May/2026:10:32:57 +0800] "POST /InternetTrading/SessionErrorLogger HTTP/1.1" 200 117
89.117.42.68 - - [08/May/2026:10:32:57 +0800] "GET /InternetTrading/tc/trade.html HTTP/1.1" 200 2113
89.117.42.68 - - [08/May/2026:10:32:57 +0800] "GET /InternetTrading/tc/images/top_menu04.jpg HTTP/1.1" 200 3430
89.117.42.68 - - [08/May/2026:10:32:57 +0800] "POST /InternetTrading/SessionErrorLogger HTTP/1.1" 200 117
89.117.42.68 - - [08/May/2026:10:32:57 +0800] "GET /InternetTrading/tc/applet_dummy.html HTTP/1.1" 200 330
89.117.42.68 - - [08/May/2026:10:32:57 +0800] "GET /InternetTrading/tc/buy_ticket.html? HTTP/1.1" 200 1995
89.117.42.68 - - [08/May/2026:10:32:57 +0800] "POST /InternetTrading/SessionErrorLogger HTTP/1.1" 200 117
89.117.42.68 - - [08/May/2026:10:32:57 +0800] "POST /InternetTrading/MarketStatus HTTP/1.1" 200 772
89.117.42.68 - - [08/May/2026:10:32:57 +0800] "POST /InternetTrading/SessionErrorLogger HTTP/1.1" 200 117
89.117.42.68 - - [08/May/2026:10:32:57 +0800] "GET /InternetTrading/tc/multi_currency_balance.html HTTP/1.1" 200 295
89.117.42.68 - - [08/May/2026:10:32:57 +0800] "GET /InternetTrading/Home/PostToAA.jsp?hl=tc HTTP/1.1" 200 287
89.117.42.68 - - [08/May/2026:10:32:57 +0800] "POST /InternetTrading/SessionErrorLogger HTTP/1.1" 200 117
89.117.42.68 - - [08/May/2026:10:32:57 +0800] "POST /InternetTrading/SessionErrorLogger HTTP/1.1" 200 117
89.117.42.68 - - [08/May/2026:10:32:57 +0800] "POST /InternetTrading/MarketStatus HTTP/1.1" 200 772
89.117.42.68 - - [08/May/2026:10:32:57 +0800] "POST /InternetTrading/MarketStatus HTTP/1.1" 200 772
89.117.42.68 - - [08/May/2026:10:32:58 +0800] "GET /InternetTrading/longpoll/55511?X-Atmosphere-tracking-id=0&X-Atmosphere-Framework=2.2.3-javascript&X-Atmosphere-Transport=long-polling&X-Atmosphere-TrackMessageSize=true&Content-Type=charset%3Dutf-8&X-atmo-protocol=true&_=1778207981752 HTTP/1.1" 200 -
14.0.230.253 - - [08/May/2026:10:32:59 +0800] "POST /InternetTrading/SessionErrorLogger HTTP/1.1" 200 117
14.0.230.253 - - [08/May/2026:10:32:59 +0800] "POST /InternetTrading/Heartbeat HTTP/1.1" 200 32
14.0.230.253 - - [08/May/2026:10:32:59 +0800] "GET /InternetTrading/longpoll/A8127?X-Atmosphere-tracking-id=0&X-Atmosphere-Framework=2.2.3-javascript&X-Atmosphere-Transport=long-polling&X-Atmosphere-TrackMessageSize=true&Content-Type=charset%3Dutf-8&X-atmo-protocol=true&_=1778207982658 HTTP/1.1" 200 -
89.117.42.68 - - [08/May/2026:10:32:59 +0800] "POST /InternetTrading/SessionErrorLogger HTTP/1.1" 200 117
89.117.42.68 - - [08/May/2026:10:32:59 +0800] "POST /InternetTrading/CustomerInfo HTTP/1.1" 200 208
89.117.42.68 - - [08/May/2026:10:32:59 +0800] "POST /InternetTrading/SessionErrorLogger HTTP/1.1" 200 117
89.117.42.68 - - [08/May/2026:10:32:59 +0800] "POST /InternetTrading/SessionErrorLogger HTTP/1.1" 200 117
89.117.42.68 - - [08/May/2026:10:32:59 +0800] "GET /InternetTrading/tc/account_status.html HTTP/1.1" 200 426
89.117.42.68 - - [08/May/2026:10:32:59 +0800] "POST /InternetTrading/SessionErrorLogger HTTP/1.1" 200 117
89.117.42.68 - - [08/May/2026:10:32:59 +0800] "POST /InternetTrading/MarketStatus HTTP/1.1" 200 772
89.117.42.68 - - [08/May/2026:10:32:59 +0800] "POST /InternetTrading/LongPollingConfig HTTP/1.1" 200 4
89.117.42.68 - - [08/May/2026:10:32:59 +0800] "POST /InternetTrading/SessionErrorLogger HTTP/1.1" 200 117
89.117.42.68 - - [08/May/2026:10:33:00 +0800] "GET /InternetTrading/longpoll/55511?X-Atmosphere-tracking-id=0&X-Atmosphere-Framework=2.2.3-javascript&X-Atmosphere-Transport=long-polling&X-Atmosphere-TrackMessageSize=true&Content-Type=charset%3Dutf-8&X-atmo-protocol=true&_=1778207983667 HTTP/1.1" 200 -
89.117.42.68 - - [08/May/2026:10:33:00 +0800] "POST /InternetTrading/Portfolio HTTP/1.1" 200 2108
117.26.250.159 - - [08/May/2026:10:33:00 +0800] "GET /InternetTrading/longpoll/51401?X-Atmosphere-tracking-id=0&X-Atmosphere-Framework=2.2.3-javascript&X-Atmosphere-Transport=long-polling&X-Atmosphere-TrackMessageSize=true&Content-Type=charset%3Dutf-8&X-atmo-protocol=true&_=1778207983673 HTTP/1.1" 200 -
113.118.4.108 - - [08/May/2026:10:33:00 +0800] "GET /InternetTrading/longpoll/51803?X-Atmosphere-tracking-id=0&X-Atmosphere-Framework=2.2.3-javascript&X-Atmosphere-Transport=long-polling&X-Atmosphere-TrackMessageSize=true&Content-Type=charset%3Dutf-8&X-atmo-protocol=true&_=1778207983688 HTTP/1.1" 200 -
27.38.142.113 - - [08/May/2026:10:33:00 +0800] "GET /InternetTrading/longpoll/53995?X-Atmosphere-tracking-id=0&X-Atmosphere-Framework=2.2.3-javascript&X-Atmosphere-Transport=long-polling&X-Atmosphere-TrackMessageSize=true&Content-Type=charset%3Dutf-8&X-atmo-protocol=true&_=1778207981804 HTTP/1.1" 200 -
14.0.230.253 - - [08/May/2026:10:33:01 +0800] "POST /InternetTrading/SessionErrorLogger HTTP/1.1" 200 117
14.0.230.253 - - [08/May/2026:10:33:02 +0800] "POST /InternetTrading/MarketStatus HTTP/1.1" 200 772
89.117.42.68 - - [08/May/2026:10:33:02 +0800] "POST /InternetTrading/SessionErrorLogger HTTP/1.1" 200 117
89.117.42.68 - - [08/May/2026:10:33:02 +0800] "POST /InternetTrading/CashMovement HTTP/1.1" 200 592
89.117.42.68 - - [08/May/2026:10:33:02 +0800] "GET /InternetTrading/jquery/images/ui-bg_glass_75_e6e6e6_1x400.png HTTP/1.1" 200 262
89.117.42.68 - - [08/May/2026:10:33:03 +0800] "GET /InternetTrading/longpoll/55511?X-Atmosphere-tracking-id=0&X-Atmosphere-Framework=2.2.3-javascript&X-Atmosphere-Transport=long-polling&X-Atmosphere-TrackMessageSize=true&Content-Type=charset%3Dutf-8&X-atmo-protocol=true&_=1778207986813 HTTP/1.1" 200 -
89.117.42.68 - - [08/May/2026:10:33:03 +0800] "POST /InternetTrading/SessionErrorLogger HTTP/1.1" 200 117
89.117.42.68 - - [08/May/2026:10:33:04 +0800] "POST /InternetTrading/CashMovement HTTP/1.1" 200 592
14.0.230.253 - - [08/May/2026:10:33:04 +0800] "GET /InternetTrading/longpoll/A8127?X-Atmosphere-tracking-id=0&X-Atmosphere-Framework=2.2.3-javascript&X-Atmosphere-Transport=long-polling&X-Atmosphere-TrackMessageSize=true&Content-Type=charset%3Dutf-8&X-atmo-protocol=true&_=1778207987791 HTTP/1.1" 200 -
89.117.42.68 - - [08/May/2026:10:33:05 +0800] "GET /InternetTrading/longpoll/55511?X-Atmosphere-tracking-id=0&X-Atmosphere-Framework=2.2.3-javascript&X-Atmosphere-Transport=long-polling&X-Atmosphere-TrackMessageSize=true&Content-Type=charset%3Dutf-8&X-atmo-protocol=true&_=1778207988736 HTTP/1.1" 200 -
113.118.4.108 - - [08/May/2026:10:33:05 +0800] "GET /InternetTrading/longpoll/51803?X-Atmosphere-tracking-id=0&X-Atmosphere-Framework=2.2.3-javascript&X-Atmosphere-Transport=long-polling&X-Atmosphere-TrackMessageSize=true&Content-Type=charset%3Dutf-8&X-atmo-protocol=true&_=1778207988712 HTTP/1.1" 200 -
117.26.250.159 - - [08/May/2026:10:33:06 +0800] "GET /InternetTrading/longpoll/51401?X-Atmosphere-tracking-id=0&X-Atmosphere-Framework=2.2.3-javascript&X-Atmosphere-Transport=long-polling&X-Atmosphere-TrackMessageSize=true&Content-Type=charset%3Dutf-8&X-atmo-protocol=true&_=1778207989680 HTTP/1.1" 200 -
27.38.142.113 - - [08/May/2026:10:33:06 +0800] "GET /InternetTrading/longpoll/53995?X-Atmosphere-tracking-id=0&X-Atmosphere-Framework=2.2.3-javascript&X-Atmosphere-Transport=long-polling&X-Atmosphere-TrackMessageSize=true&Content-Type=charset%3Dutf-8&X-atmo-protocol=true&_=1778207987810 HTTP/1.1" 200 -
89.117.42.68 - - [08/May/2026:10:33:08 +0800] "GET /InternetTrading/longpoll/55511?X-Atmosphere-tracking-id=0&X-Atmosphere-Framework=2.2.3-javascript&X-Atmosphere-Transport=long-polling&X-Atmosphere-TrackMessageSize=true&Content-Type=charset%3Dutf-8&X-atmo-protocol=true&_=1778207991875 HTTP/1.1" 200 -
14.0.230.253 - - [08/May/2026:10:33:09 +0800] "GET /InternetTrading/longpoll/A8127?X-Atmosphere-tracking-id=0&X-Atmosphere-Framework=2.2.3-javascript&X-Atmosphere-Transport=long-polling&X-Atmosphere-TrackMessageSize=true&Content-Type=charset%3Dutf-8&X-atmo-protocol=true&_=1778207992904 HTTP/1.1" 200 -
89.117.42.68 - - [08/May/2026:10:33:10 +0800] "GET /InternetTrading/longpoll/55511?X-Atmosphere-tracking-id=0&X-Atmosphere-Framework=2.2.3-javascript&X-Atmosphere-Transport=long-polling&X-Atmosphere-TrackMessageSize=true&Content-Type=charset%3Dutf-8&X-atmo-protocol=true&_=1778207993794 HTTP/1.1" 200 -
113.118.4.108 - - [08/May/2026:10:33:10 +0800] "POST /InternetTrading/SessionErrorLogger HTTP/1.1" 200 117
113.118.4.108 - - [08/May/2026:10:33:10 +0800] "POST /InternetTrading/Heartbeat HTTP/1.1" 200 32
113.118.4.108 - - [08/May/2026:10:33:10 +0800] "GET /InternetTrading/longpoll/51803?X-Atmosphere-tracking-id=0&X-Atmosphere-Framework=2.2.3-javascript&X-Atmosphere-Transport=long-polling&X-Atmosphere-TrackMessageSize=true&Content-Type=charset%3Dutf-8&X-atmo-protocol=true&_=1778207993796 HTTP/1.1" 200 -
113.118.4.108 - - [08/May/2026:10:33:11 +0800] "POST /InternetTrading/SessionErrorLogger HTTP/1.1" 200 117
113.118.4.108 - - [08/May/2026:10:33:11 +0800] "POST /InternetTrading/MarketStatus HTTP/1.1" 200 772
117.26.250.159 - - [08/May/2026:10:33:12 +0800] "GET /InternetTrading/longpoll/51401?X-Atmosphere-tracking-id=0&X-Atmosphere-Framework=2.2.3-javascript&X-Atmosphere-Transport=long-polling&X-Atmosphere-TrackMessageSize=true&Content-Type=charset%3Dutf-8&X-atmo-protocol=true&_=1778207995675 HTTP/1.1" 200 -
27.38.142.113 - - [08/May/2026:10:33:12 +0800] "GET /InternetTrading/longpoll/53995?X-Atmosphere-tracking-id=0&X-Atmosphere-Framework=2.2.3-javascript&X-Atmosphere-Transport=long-polling&X-Atmosphere-TrackMessageSize=true&Content-Type=charset%3Dutf-8&X-atmo-protocol=true&_=1778207993800 HTTP/1.1" 200 -
89.117.42.68 - - [08/May/2026:10:33:13 +0800] "GET /InternetTrading/longpoll/55511?X-Atmosphere-tracking-id=0&X-Atmosphere-Framework=2.2.3-javascript&X-Atmosphere-Transport=long-polling&X-Atmosphere-TrackMessageSize=true&Content-Type=charset%3Dutf-8&X-atmo-protocol=true&_=1778207996934 HTTP/1.1" 200 -
14.0.230.253 - - [08/May/2026:10:33:14 +0800] "GET /InternetTrading/longpoll/A8127?X-Atmosphere-tracking-id=0&X-Atmosphere-Framework=2.2.3-javascript&X-Atmosphere-Transport=long-polling&X-Atmosphere-TrackMessageSize=true&Content-Type=charset%3Dutf-8&X-atmo-protocol=true&_=1778207997953 HTTP/1.1" 200 -
89.117.42.68 - - [08/May/2026:10:33:15 +0800] "GET /InternetTrading/longpoll/55511?X-Atmosphere-tracking-id=0&X-Atmosphere-Framework=2.2.3-javascript&X-Atmosphere-Transport=long-polling&X-Atmosphere-TrackMessageSize=true&Content-Type=charset%3Dutf-8&X-atmo-protocol=true&_=1778207998853 HTTP/1.1" 200 -
113.118.4.108 - - [08/May/2026:10:33:15 +0800] "GET /InternetTrading/longpoll/51803?X-Atmosphere-tracking-id=0&X-Atmosphere-Framework=2.2.3-javascript&X-Atmosphere-Transport=long-polling&X-Atmosphere-TrackMessageSize=true&Content-Type=charset%3Dutf-8&X-atmo-protocol=true&_=1778207998823 HTTP/1.1" 200 -
117.26.250.159 - - [08/May/2026:10:33:17 +0800] "POST /InternetTrading/SessionErrorLogger HTTP/1.1" 200 117
117.26.250.159 - - [08/May/2026:10:33:17 +0800] "POST /InternetTrading/Heartbeat HTTP/1.1" 200 32
117.26.250.159 - - [08/May/2026:10:33:17 +0800] "POST /InternetTrading/SessionErrorLogger HTTP/1.1" 200 117
117.26.250.159 - - [08/May/2026:10:33:17 +0800] "POST /InternetTrading/MarketStatus HTTP/1.1" 200 772
117.26.250.159 - - [08/May/2026:10:33:18 +0800] "GET /InternetTrading/longpoll/51401?X-Atmosphere-tracking-id=0&X-Atmosphere-Framework=2.2.3-javascript&X-Atmosphere-Transport=long-polling&X-Atmosphere-TrackMessageSize=true&Content-Type=charset%3Dutf-8&X-atmo-protocol=true&_=1778208001676 HTTP/1.1" 200 -
89.117.42.68 - - [08/May/2026:10:33:18 +0800] "GET /InternetTrading/longpoll/55511?X-Atmosphere-tracking-id=0&X-Atmosphere-Framework=2.2.3-javascript&X-Atmosphere-Transport=long-polling&X-Atmosphere-TrackMessageSize=true&Content-Type=charset%3Dutf-8&X-atmo-protocol=true&_=1778208001991 HTTP/1.1" 200 -
27.38.142.113 - - [08/May/2026:10:33:18 +0800] "GET /InternetTrading/longpoll/53995?X-Atmosphere-tracking-id=0&X-Atmosphere-Framework=2.2.3-javascript&X-Atmosphere-Transport=long-polling&X-Atmosphere-TrackMessageSize=true&Content-Type=charset%3Dutf-8&X-atmo-protocol=true&_=1778207999795 HTTP/1.1" 200 -
14.0.230.253 - - [08/May/2026:10:33:19 +0800] "GET /InternetTrading/longpoll/A8127?X-Atmosphere-tracking-id=0&X-Atmosphere-Framework=2.2.3-javascript&X-Atmosphere-Transport=long-polling&X-Atmosphere-TrackMessageSize=true&Content-Type=charset%3Dutf-8&X-atmo-protocol=true&_=1778208003157 HTTP/1.1" 200 -
89.117.42.68 - - [08/May/2026:10:33:20 +0800] "GET /InternetTrading/longpoll/55511?X-Atmosphere-tracking-id=0&X-Atmosphere-Framework=2.2.3-javascript&X-Atmosphere-Transport=long-polling&X-Atmosphere-TrackMessageSize=true&Content-Type=charset%3Dutf-8&X-atmo-protocol=true&_=1778208003911 HTTP/1.1" 200 -
113.118.4.108 - - [08/May/2026:10:33:20 +0800] "GET /InternetTrading/longpoll/51803?X-Atmosphere-tracking-id=0&X-Atmosphere-Framework=2.2.3-javascript&X-Atmosphere-Transport=long-polling&X-Atmosphere-TrackMessageSize=true&Content-Type=charset%3Dutf-8&X-atmo-protocol=true&_=1778208003846 HTTP/1.1" 200 -
89.117.42.68 - - [08/May/2026:10:33:23 +0800] "GET /InternetTrading/longpoll/55511?X-Atmosphere-tracking-id=0&X-Atmosphere-Framework=2.2.3-javascript&X-Atmosphere-Transport=long-polling&X-Atmosphere-TrackMessageSize=true&Content-Type=charset%3Dutf-8&X-atmo-protocol=true&_=1778208007047 HTTP/1.1" 200 -
110.81.59.75 - - [08/May/2026:10:33:23 +0800] "POST /InternetTrading/SessionErrorLogger HTTP/1.1" 200 117
110.81.59.75 - - [08/May/2026:10:33:23 +0800] "POST /InternetTrading/Heartbeat HTTP/1.1" 200 32
110.81.59.75 - - [08/May/2026:10:33:24 +0800] "POST /InternetTrading/SessionErrorLogger HTTP/1.1" 200 117
117.26.250.159 - - [08/May/2026:10:33:24 +0800] "GET /InternetTrading/longpoll/51401?X-Atmosphere-tracking-id=0&X-Atmosphere-Framework=2.2.3-javascript&X-Atmosphere-Transport=long-polling&X-Atmosphere-TrackMessageSize=true&Content-Type=charset%3Dutf-8&X-atmo-protocol=true&_=1778208007683 HTTP/1.1" 200 -
110.81.59.75 - - [08/May/2026:10:33:24 +0800] "POST /InternetTrading/MarketStatus HTTP/1.1" 200 772
110.81.59.75 - - [08/May/2026:10:33:24 +0800] "GET /InternetTrading/longpoll/M8773?X-Atmosphere-tracking-id=0&X-Atmosphere-Framework=2.2.3-javascript&X-Atmosphere-Transport=long-polling&X-Atmosphere-TrackMessageSize=true&Content-Type=charset%3Dutf-8&X-atmo-protocol=true&_=1778208008565 HTTP/1.1" 200 -
27.38.142.113 - - [08/May/2026:10:33:24 +0800] "GET /InternetTrading/longpoll/53995?X-Atmosphere-tracking-id=0&X-Atmosphere-Framework=2.2.3-javascript&X-Atmosphere-Transport=long-polling&X-Atmosphere-TrackMessageSize=true&Content-Type=charset%3Dutf-8&X-atmo-protocol=true&_=1778208005803 HTTP/1.1" 200 -
14.0.230.253 - - [08/May/2026:10:33:24 +0800] "GET /InternetTrading/longpoll/A8127?X-Atmosphere-tracking-id=0&X-Atmosphere-Framework=2.2.3-javascript&X-Atmosphere-Transport=long-polling&X-Atmosphere-TrackMessageSize=true&Content-Type=charset%3Dutf-8&X-atmo-protocol=true&_=1778208008335 HTTP/1.1" 200 -
89.117.42.68 - - [08/May/2026:10:33:25 +0800] "GET /InternetTrading/longpoll/55511?X-Atmosphere-tracking-id=0&X-Atmosphere-Framework=2.2.3-javascript&X-Atmosphere-Transport=long-polling&X-Atmosphere-TrackMessageSize=true&Content-Type=charset%3Dutf-8&X-atmo-protocol=true&_=1778208008967 HTTP/1.1" 200 -
113.118.4.108 - - [08/May/2026:10:33:25 +0800] "GET /InternetTrading/longpoll/51803?X-Atmosphere-tracking-id=0&X-Atmosphere-Framework=2.2.3-javascript&X-Atmosphere-Transport=long-polling&X-Atmosphere-TrackMessageSize=true&Content-Type=charset%3Dutf-8&X-atmo-protocol=true&_=1778208008916 HTTP/1.1" 200 -
89.117.42.68 - - [08/May/2026:10:33:25 +0800] "POST /InternetTrading/SessionErrorLogger HTTP/1.1" 200 117
89.117.42.68 - - [08/May/2026:10:33:26 +0800] "POST /InternetTrading/Portfolio HTTP/1.1" 200 2103
89.117.42.68 - - [08/May/2026:10:33:27 +0800] "POST /InternetTrading/SessionErrorLogger HTTP/1.1" 200 117
89.117.42.68 - - [08/May/2026:10:33:27 +0800] "POST /InternetTrading/Heartbeat HTTP/1.1" 200 32
89.117.42.68 - - [08/May/2026:10:33:27 +0800] "POST /InternetTrading/SessionErrorLogger HTTP/1.1" 200 117
89.117.42.68 - - [08/May/2026:10:33:27 +0800] "POST /InternetTrading/MarketStatus HTTP/1.1" 200 772
89.117.42.68 - - [08/May/2026:10:33:28 +0800] "GET /InternetTrading/longpoll/55511?X-Atmosphere-tracking-id=0&X-Atmosphere-Framework=2.2.3-javascript&X-Atmosphere-Transport=long-polling&X-Atmosphere-TrackMessageSize=true&Content-Type=charset%3Dutf-8&X-atmo-protocol=true&_=1778208012104 HTTP/1.1" 200 -
14.0.230.253 - - [08/May/2026:10:33:29 +0800] "POST /InternetTrading/SessionErrorLogger HTTP/1.1" 200 117
14.0.230.253 - - [08/May/2026:10:33:29 +0800] "POST /InternetTrading/Heartbeat HTTP/1.1" 200 32
14.0.230.253 - - [08/May/2026:10:33:30 +0800] "GET /InternetTrading/longpoll/A8127?X-Atmosphere-tracking-id=0&X-Atmosphere-Framework=2.2.3-javascript&X-Atmosphere-Transport=long-polling&X-Atmosphere-TrackMessageSize=true&Content-Type=charset%3Dutf-8&X-atmo-protocol=true&_=1778208013545 HTTP/1.1" 200 -
117.26.250.159 - - [08/May/2026:10:33:30 +0800] "GET /InternetTrading/longpoll/51401?X-Atmosphere-tracking-id=0&X-Atmosphere-Framework=2.2.3-javascript&X-Atmosphere-Transport=long-polling&X-Atmosphere-TrackMessageSize=true&Content-Type=charset%3Dutf-8&X-atmo-protocol=true&_=1778208013672 HTTP/1.1" 200 -
89.117.42.68 - - [08/May/2026:10:33:30 +0800] "GET /InternetTrading/longpoll/55511?X-Atmosphere-tracking-id=0&X-Atmosphere-Framework=2.2.3-javascript&X-Atmosphere-Transport=long-polling&X-Atmosphere-TrackMessageSize=true&Content-Type=charset%3Dutf-8&X-atmo-protocol=true&_=1778208014029 HTTP/1.1" 200 -
27.38.142.113 - - [08/May/2026:10:33:30 +0800] "GET /InternetTrading/longpoll/53995?X-Atmosphere-tracking-id=0&X-Atmosphere-Framework=2.2.3-javascript&X-Atmosphere-Transport=long-polling&X-Atmosphere-TrackMessageSize=true&Content-Type=charset%3Dutf-8&X-atmo-protocol=true&_=1778208011792 HTTP/1.1" 200 -
110.81.59.75 - - [08/May/2026:10:33:30 +0800] "GET /InternetTrading/longpoll/M8773?X-Atmosphere-tracking-id=0&X-Atmosphere-Framework=2.2.3-javascript&X-Atmosphere-Transport=long-polling&X-Atmosphere-TrackMessageSize=true&Content-Type=charset%3Dutf-8&X-atmo-protocol=true&_=1778208014882 HTTP/1.1" 200 -
113.118.4.108 - - [08/May/2026:10:33:30 +0800] "GET /InternetTrading/longpoll/51803?X-Atmosphere-tracking-id=0&X-Atmosphere-Framework=2.2.3-javascript&X-Atmosphere-Transport=long-polling&X-Atmosphere-TrackMessageSize=true&Content-Type=charset%3Dutf-8&X-atmo-protocol=true&_=1778208013967 HTTP/1.1" 200 -
14.0.230.253 - - [08/May/2026:10:33:32 +0800] "POST /InternetTrading/SessionErrorLogger HTTP/1.1" 200 117
14.0.230.253 - - [08/May/2026:10:33:32 +0800] "POST /InternetTrading/MarketStatus HTTP/1.1" 200 772
14.0.230.253 - - [08/May/2026:10:33:35 +0800] "GET /InternetTrading/longpoll/A8127?X-Atmosphere-tracking-id=0&X-Atmosphere-Framework=2.2.3-javascript&X-Atmosphere-Transport=long-polling&X-Atmosphere-TrackMessageSize=true&Content-Type=charset%3Dutf-8&X-atmo-protocol=true&_=1778208018663 HTTP/1.1" 200 -
113.118.4.108 - - [08/May/2026:10:33:36 +0800] "GET /InternetTrading/longpoll/51803?X-Atmosphere-tracking-id=0&X-Atmosphere-Framework=2.2.3-javascript&X-Atmosphere-Transport=long-polling&X-Atmosphere-TrackMessageSize=true&Content-Type=charset%3Dutf-8&X-atmo-protocol=true&_=1778208019028 HTTP/1.1" 200 -
117.26.250.159 - - [08/May/2026:10:33:36 +0800] "GET /InternetTrading/longpoll/51401?X-Atmosphere-tracking-id=0&X-Atmosphere-Framework=2.2.3-javascript&X-Atmosphere-Transport=long-polling&X-Atmosphere-TrackMessageSize=true&Content-Type=charset%3Dutf-8&X-atmo-protocol=true&_=1778208019676 HTTP/1.1" 200 -
110.81.59.75 - - [08/May/2026:10:33:36 +0800] "GET /InternetTrading/longpoll/M8773?X-Atmosphere-tracking-id=0&X-Atmosphere-Framework=2.2.3-javascript&X-Atmosphere-Transport=long-polling&X-Atmosphere-TrackMessageSize=true&Content-Type=charset%3Dutf-8&X-atmo-protocol=true&_=1778208020882 HTTP/1.1" 200 -
27.38.142.113 - - [08/May/2026:10:33:36 +0800] "GET /InternetTrading/longpoll/53995?X-Atmosphere-tracking-id=0&X-Atmosphere-Framework=2.2.3-javascript&X-Atmosphere-Transport=long-polling&X-Atmosphere-TrackMessageSize=true&Content-Type=charset%3Dutf-8&X-atmo-protocol=true&_=1778208017805 HTTP/1.1" 200 -
89.117.42.68 - - [08/May/2026:10:33:37 +0800] "GET /InternetTrading/longpoll/55511?X-Atmosphere-tracking-id=0&X-Atmosphere-Framework=2.2.3-javascript&X-Atmosphere-Transport=long-polling&X-Atmosphere-TrackMessageSize=true&Content-Type=charset%3Dutf-8&X-atmo-protocol=true&_=1778208021479 HTTP/1.1" 200 -
89.117.42.68 - - [08/May/2026:10:33:37 +0800] "GET /InternetTrading/longpoll/55511?X-Atmosphere-tracking-id=0&X-Atmosphere-Framework=2.2.3-javascript&X-Atmosphere-Transport=long-polling&X-Atmosphere-TrackMessageSize=true&Content-Type=charset%3Dutf-8&X-atmo-protocol=true&_=1778208021479 HTTP/1.1" 200 -
14.0.230.253 - - [08/May/2026:10:33:40 +0800] "GET /InternetTrading/longpoll/A8127?X-Atmosphere-tracking-id=0&X-Atmosphere-Framework=2.2.3-javascript&X-Atmosphere-Transport=long-polling&X-Atmosphere-TrackMessageSize=true&Content-Type=charset%3Dutf-8&X-atmo-protocol=true&_=1778208023728 HTTP/1.1" 200 -
113.118.4.108 - - [08/May/2026:10:33:40 +0800] "POST /InternetTrading/SessionErrorLogger HTTP/1.1" 200 117
113.118.4.108 - - [08/May/2026:10:33:40 +0800] "POST /InternetTrading/Heartbeat HTTP/1.1" 200 32
113.118.4.108 - - [08/May/2026:10:33:41 +0800] "GET /InternetTrading/longpoll/51803?X-Atmosphere-tracking-id=0&X-Atmosphere-Framework=2.2.3-javascript&X-Atmosphere-Transport=long-polling&X-Atmosphere-TrackMessageSize=true&Content-Type=charset%3Dutf-8&X-atmo-protocol=true&_=1778208024089 HTTP/1.1" 200 -
113.118.4.108 - - [08/May/2026:10:33:41 +0800] "POST /InternetTrading/SessionErrorLogger HTTP/1.1" 200 117
113.118.4.108 - - [08/May/2026:10:33:41 +0800] "POST /InternetTrading/MarketStatus HTTP/1.1" 200 772
117.26.250.159 - - [08/May/2026:10:33:42 +0800] "GET /InternetTrading/longpoll/51401?X-Atmosphere-tracking-id=0&X-Atmosphere-Framework=2.2.3-javascript&X-Atmosphere-Transport=long-polling&X-Atmosphere-TrackMessageSize=true&Content-Type=charset%3Dutf-8&X-atmo-protocol=true&_=1778208025678 HTTP/1.1" 200 -
27.38.142.113 - - [08/May/2026:10:33:42 +0800] "GET /InternetTrading/longpoll/53995?X-Atmosphere-tracking-id=0&X-Atmosphere-Framework=2.2.3-javascript&X-Atmosphere-Transport=long-polling&X-Atmosphere-TrackMessageSize=true&Content-Type=charset%3Dutf-8&X-atmo-protocol=true&_=1778208023796 HTTP/1.1" 200 -
110.81.59.75 - - [08/May/2026:10:33:42 +0800] "GET /InternetTrading/longpoll/M8773?X-Atmosphere-tracking-id=0&X-Atmosphere-Framework=2.2.3-javascript&X-Atmosphere-Transport=long-polling&X-Atmosphere-TrackMessageSize=true&Content-Type=charset%3Dutf-8&X-atmo-protocol=true&_=1778208026882 HTTP/1.1" 200 -
27.38.142.113 - - [08/May/2026:10:33:45 +0800] "POST /InternetTrading/SessionErrorLogger HTTP/1.1" 200 117
89.117.42.68 - - [08/May/2026:10:33:45 +0800] "GET /InternetTrading/longpoll/55511?X-Atmosphere-tracking-id=0&X-Atmosphere-Framework=2.2.3-javascript&X-Atmosphere-Transport=long-polling&X-Atmosphere-TrackMessageSize=true&Content-Type=charset%3Dutf-8&X-atmo-protocol=true&_=1778208028687 HTTP/1.1" 200 -
89.117.42.68 - - [08/May/2026:10:33:45 +0800] "GET /InternetTrading/longpoll/55511?X-Atmosphere-tracking-id=0&X-Atmosphere-Framework=2.2.3-javascript&X-Atmosphere-Transport=long-polling&X-Atmosphere-TrackMessageSize=true&Content-Type=charset%3Dutf-8&X-atmo-protocol=true&_=1778208028688 HTTP/1.1" 200 -
27.38.142.113 - - [08/May/2026:10:33:45 +0800] "POST /InternetTrading/Heartbeat HTTP/1.1" 200 32
27.38.142.113 - - [08/May/2026:10:33:45 +0800] "POST /InternetTrading/SessionErrorLogger HTTP/1.1" 200 117
27.38.142.113 - - [08/May/2026:10:33:45 +0800] "POST /InternetTrading/MarketStatus HTTP/1.1" 200 772
14.0.230.253 - - [08/May/2026:10:33:45 +0800] "GET /InternetTrading/longpoll/A8127?X-Atmosphere-tracking-id=0&X-Atmosphere-Framework=2.2.3-javascript&X-Atmosphere-Transport=long-polling&X-Atmosphere-TrackMessageSize=true&Content-Type=charset%3Dutf-8&X-atmo-protocol=true&_=1778208028833 HTTP/1.1" 200 -
113.118.4.108 - - [08/May/2026:10:33:46 +0800] "GET /InternetTrading/longpoll/51803?X-Atmosphere-tracking-id=0&X-Atmosphere-Framework=2.2.3-javascript&X-Atmosphere-Transport=long-polling&X-Atmosphere-TrackMessageSize=true&Content-Type=charset%3Dutf-8&X-atmo-protocol=true&_=1778208029112 HTTP/1.1" 200 -
27.38.142.113 - - [08/May/2026:10:33:48 +0800] "GET /InternetTrading/longpoll/53995?X-Atmosphere-tracking-id=0&X-Atmosphere-Framework=2.2.3-javascript&X-Atmosphere-Transport=long-polling&X-Atmosphere-TrackMessageSize=true&Content-Type=charset%3Dutf-8&X-atmo-protocol=true&_=1778208029792 HTTP/1.1" 200 -
117.26.250.159 - - [08/May/2026:10:33:48 +0800] "GET /InternetTrading/longpoll/51401?X-Atmosphere-tracking-id=0&X-Atmosphere-Framework=2.2.3-javascript&X-Atmosphere-Transport=long-polling&X-Atmosphere-TrackMessageSize=true&Content-Type=charset%3Dutf-8&X-atmo-protocol=true&_=1778208031681 HTTP/1.1" 200 -
110.81.59.75 - - [08/May/2026:10:33:48 +0800] "GET /InternetTrading/longpoll/M8773?X-Atmosphere-tracking-id=0&X-Atmosphere-Framework=2.2.3-javascript&X-Atmosphere-Transport=long-polling&X-Atmosphere-TrackMessageSize=true&Content-Type=charset%3Dutf-8&X-atmo-protocol=true&_=1778208032882 HTTP/1.1" 200 -
14.0.230.253 - - [08/May/2026:10:33:50 +0800] "GET /InternetTrading/longpoll/A8127?X-Atmosphere-tracking-id=0&X-Atmosphere-Framework=2.2.3-javascript&X-Atmosphere-Transport=long-polling&X-Atmosphere-TrackMessageSize=true&Content-Type=charset%3Dutf-8&X-atmo-protocol=true&_=1778208034185 HTTP/1.1" 200 -
113.118.4.108 - - [08/May/2026:10:33:51 +0800] "GET /InternetTrading/longpoll/51803?X-Atmosphere-tracking-id=0&X-Atmosphere-Framework=2.2.3-javascript&X-Atmosphere-Transport=long-polling&X-Atmosphere-TrackMessageSize=true&Content-Type=charset%3Dutf-8&X-atmo-protocol=true&_=1778208034147 HTTP/1.1" 200 -
27.38.142.113 - - [08/May/2026:10:33:54 +0800] "GET /InternetTrading/longpoll/53995?X-Atmosphere-tracking-id=0&X-Atmosphere-Framework=2.2.3-javascript&X-Atmosphere-Transport=long-polling&X-Atmosphere-TrackMessageSize=true&Content-Type=charset%3Dutf-8&X-atmo-protocol=true&_=1778208035803 HTTP/1.1" 200 -
117.26.250.159 - - [08/May/2026:10:33:54 +0800] "GET /InternetTrading/longpoll/51401?X-Atmosphere-tracking-id=0&X-Atmosphere-Framework=2.2.3-javascript&X-Atmosphere-Transport=long-polling&X-Atmosphere-TrackMessageSize=true&Content-Type=charset%3Dutf-8&X-atmo-protocol=true&_=1778208037665 HTTP/1.1" 200 -
110.81.59.75 - - [08/May/2026:10:33:54 +0800] "POST /InternetTrading/SessionErrorLogger HTTP/1.1" 200 117
110.81.59.75 - - [08/May/2026:10:33:54 +0800] "GET /InternetTrading/longpoll/M8773?X-Atmosphere-tracking-id=0&X-Atmosphere-Framework=2.2.3-javascript&X-Atmosphere-Transport=long-polling&X-Atmosphere-TrackMessageSize=true&Content-Type=charset%3Dutf-8&X-atmo-protocol=true&_=1778208038883 HTTP/1.1" 200 -
110.81.59.75 - - [08/May/2026:10:33:54 +0800] "POST /InternetTrading/SessionErrorLogger HTTP/1.1" 200 117
110.81.59.75 - - [08/May/2026:10:33:54 +0800] "POST /InternetTrading/Heartbeat HTTP/1.1" 200 32
110.81.59.75 - - [08/May/2026:10:33:54 +0800] "POST /InternetTrading/MarketStatus HTTP/1.1" 200 772
14.0.230.253 - - [08/May/2026:10:33:56 +0800] "GET /InternetTrading/longpoll/A8127?X-Atmosphere-tracking-id=0&X-Atmosphere-Framework=2.2.3-javascript&X-Atmosphere-Transport=long-polling&X-Atmosphere-TrackMessageSize=true&Content-Type=charset%3Dutf-8&X-atmo-protocol=true&_=1778208039459 HTTP/1.1" 200 -
113.118.4.108 - - [08/May/2026:10:33:56 +0800] "GET /InternetTrading/longpoll/51803?X-Atmosphere-tracking-id=0&X-Atmosphere-Framework=2.2.3-javascript&X-Atmosphere-Transport=long-polling&X-Atmosphere-TrackMessageSize=true&Content-Type=charset%3Dutf-8&X-atmo-protocol=true&_=1778208039223 HTTP/1.1" 200 -
89.117.42.68 - - [08/May/2026:10:33:57 +0800] "GET /InternetTrading/longpoll/55511?X-Atmosphere-tracking-id=0&X-Atmosphere-Framework=2.2.3-javascript&X-Atmosphere-Transport=long-polling&X-Atmosphere-TrackMessageSize=true&Content-Type=charset%3Dutf-8&X-atmo-protocol=true&_=1778208040780 HTTP/1.1" 200 -
89.117.42.68 - - [08/May/2026:10:33:57 +0800] "GET /InternetTrading/longpoll/55511?X-Atmosphere-tracking-id=0&X-Atmosphere-Framework=2.2.3-javascript&X-Atmosphere-Transport=long-polling&X-Atmosphere-TrackMessageSize=true&Content-Type=charset%3Dutf-8&X-atmo-protocol=true&_=1778208040780 HTTP/1.1" 200 -
14.0.230.253 - - [08/May/2026:10:33:59 +0800] "POST /InternetTrading/SessionErrorLogger HTTP/1.1" 200 117
14.0.230.253 - - [08/May/2026:10:33:59 +0800] "POST /InternetTrading/Heartbeat HTTP/1.1" 200 32
117.26.250.159 - - [08/May/2026:10:34:00 +0800] "GET /InternetTrading/longpoll/51401?X-Atmosphere-tracking-id=0&X-Atmosphere-Framework=2.2.3-javascript&X-Atmosphere-Transport=long-polling&X-Atmosphere-TrackMessageSize=true&Content-Type=charset%3Dutf-8&X-atmo-protocol=true&_=1778208043680 HTTP/1.1" 200 -
110.81.59.75 - - [08/May/2026:10:34:00 +0800] "GET /InternetTrading/longpoll/M8773?X-Atmosphere-tracking-id=0&X-Atmosphere-Framework=2.2.3-javascript&X-Atmosphere-Transport=long-polling&X-Atmosphere-TrackMessageSize=true&Content-Type=charset%3Dutf-8&X-atmo-protocol=true&_=1778208044881 HTTP/1.1" 200 -
27.38.142.113 - - [08/May/2026:10:34:00 +0800] "GET /InternetTrading/longpoll/53995?X-Atmosphere-tracking-id=0&X-Atmosphere-Framework=2.2.3-javascript&X-Atmosphere-Transport=long-polling&X-Atmosphere-TrackMessageSize=true&Content-Type=charset%3Dutf-8&X-atmo-protocol=true&_=1778208041809 HTTP/1.1" 200 -
14.0.230.253 - - [08/May/2026:10:34:01 +0800] "GET /InternetTrading/longpoll/A8127?X-Atmosphere-tracking-id=0&X-Atmosphere-Framework=2.2.3-javascript&X-Atmosphere-Transport=long-polling&X-Atmosphere-TrackMessageSize=true&Content-Type=charset%3Dutf-8&X-atmo-protocol=true&_=1778208044659 HTTP/1.1" 200 -
113.118.4.108 - - [08/May/2026:10:34:01 +0800] "GET /InternetTrading/longpoll/51803?X-Atmosphere-tracking-id=0&X-Atmosphere-Framework=2.2.3-javascript&X-Atmosphere-Transport=long-polling&X-Atmosphere-TrackMessageSize=true&Content-Type=charset%3Dutf-8&X-atmo-protocol=true&_=1778208044278 HTTP/1.1" 200 -
14.0.230.253 - - [08/May/2026:10:34:02 +0800] "POST /InternetTrading/SessionErrorLogger HTTP/1.1" 200 117
14.0.230.253 - - [08/May/2026:10:34:02 +0800] "POST /InternetTrading/MarketStatus HTTP/1.1" 200 772
117.26.250.159 - - [08/May/2026:10:34:06 +0800] "GET /InternetTrading/longpoll/51401?X-Atmosphere-tracking-id=0&X-Atmosphere-Framework=2.2.3-javascript&X-Atmosphere-Transport=long-polling&X-Atmosphere-TrackMessageSize=true&Content-Type=charset%3Dutf-8&X-atmo-protocol=true&_=1778208049677 HTTP/1.1" 200 -
113.118.4.108 - - [08/May/2026:10:34:06 +0800] "GET /InternetTrading/longpoll/51803?X-Atmosphere-tracking-id=0&X-Atmosphere-Framework=2.2.3-javascript&X-Atmosphere-Transport=long-polling&X-Atmosphere-TrackMessageSize=true&Content-Type=charset%3Dutf-8&X-atmo-protocol=true&_=1778208049342 HTTP/1.1" 200 -
14.0.230.253 - - [08/May/2026:10:34:06 +0800] "GET /InternetTrading/longpoll/A8127?X-Atmosphere-tracking-id=0&X-Atmosphere-Framework=2.2.3-javascript&X-Atmosphere-Transport=long-polling&X-Atmosphere-TrackMessageSize=true&Content-Type=charset%3Dutf-8&X-atmo-protocol=true&_=1778208049791 HTTP/1.1" 200 -
110.81.59.75 - - [08/May/2026:10:34:06 +0800] "GET /InternetTrading/longpoll/M8773?X-Atmosphere-tracking-id=0&X-Atmosphere-Framework=2.2.3-javascript&X-Atmosphere-Transport=long-polling&X-Atmosphere-TrackMessageSize=true&Content-Type=charset%3Dutf-8&X-atmo-protocol=true&_=1778208050882 HTTP/1.1" 200 -
27.38.142.113 - - [08/May/2026:10:34:06 +0800] "GET /InternetTrading/longpoll/53995?X-Atmosphere-tracking-id=0&X-Atmosphere-Framework=2.2.3-javascript&X-Atmosphere-Transport=long-polling&X-Atmosphere-TrackMessageSize=true&Content-Type=charset%3Dutf-8&X-atmo-protocol=true&_=1778208047803 HTTP/1.1" 200 -
89.117.42.68 - - [08/May/2026:10:34:07 +0800] "POST /InternetTrading/SessionErrorLogger HTTP/1.1" 200 117
89.117.42.68 - - [08/May/2026:10:34:07 +0800] "POST /InternetTrading/Heartbeat HTTP/1.1" 200 32
89.117.42.68 - - [08/May/2026:10:34:07 +0800] "POST /InternetTrading/SessionErrorLogger HTTP/1.1" 200 117
89.117.42.68 - - [08/May/2026:10:34:07 +0800] "GET /InternetTrading/longpoll/55511?X-Atmosphere-tracking-id=0&X-Atmosphere-Framework=2.2.3-javascript&X-Atmosphere-Transport=long-polling&X-Atmosphere-TrackMessageSize=true&Content-Type=charset%3Dutf-8&X-atmo-protocol=true&_=1778208051338 HTTP/1.1" 200 -
89.117.42.68 - - [08/May/2026:10:34:07 +0800] "POST /InternetTrading/MarketStatus HTTP/1.1" 200 772
89.117.42.68 - - [08/May/2026:10:34:07 +0800] "GET /InternetTrading/longpoll/55511?X-Atmosphere-tracking-id=0&X-Atmosphere-Framework=2.2.3-javascript&X-Atmosphere-Transport=long-polling&X-Atmosphere-TrackMessageSize=true&Content-Type=charset%3Dutf-8&X-atmo-protocol=true&_=1778208051339 HTTP/1.1" 200 -
113.118.4.108 - - [08/May/2026:10:34:10 +0800] "POST /InternetTrading/SessionErrorLogger HTTP/1.1" 200 117
113.118.4.108 - - [08/May/2026:10:34:10 +0800] "POST /InternetTrading/Heartbeat HTTP/1.1" 200 32
113.118.4.108 - - [08/May/2026:10:34:11 +0800] "POST /InternetTrading/SessionErrorLogger HTTP/1.1" 200 117
113.118.4.108 - - [08/May/2026:10:34:11 +0800] "POST /InternetTrading/MarketStatus HTTP/1.1" 200 772
113.118.4.108 - - [08/May/2026:10:34:11 +0800] "GET /InternetTrading/longpoll/51803?X-Atmosphere-tracking-id=0&X-Atmosphere-Framework=2.2.3-javascript&X-Atmosphere-Transport=long-polling&X-Atmosphere-TrackMessageSize=true&Content-Type=charset%3Dutf-8&X-atmo-protocol=true&_=1778208054364 HTTP/1.1" 200 -
14.0.230.253 - - [08/May/2026:10:34:11 +0800] "GET /InternetTrading/longpoll/A8127?X-Atmosphere-tracking-id=0&X-Atmosphere-Framework=2.2.3-javascript&X-Atmosphere-Transport=long-polling&X-Atmosphere-TrackMessageSize=true&Content-Type=charset%3Dutf-8&X-atmo-protocol=true&_=1778208054902 HTTP/1.1" 200 -
117.26.250.159 - - [08/May/2026:10:34:12 +0800] "GET /InternetTrading/longpoll/51401?X-Atmosphere-tracking-id=0&X-Atmosphere-Framework=2.2.3-javascript&X-Atmosphere-Transport=long-polling&X-Atmosphere-TrackMessageSize=true&Content-Type=charset%3Dutf-8&X-atmo-protocol=true&_=1778208055673 HTTP/1.1" 200 -
110.81.59.75 - - [08/May/2026:10:34:12 +0800] "GET /InternetTrading/longpoll/M8773?X-Atmosphere-tracking-id=0&X-Atmosphere-Framework=2.2.3-javascript&X-Atmosphere-Transport=long-polling&X-Atmosphere-TrackMessageSize=true&Content-Type=charset%3Dutf-8&X-atmo-protocol=true&_=1778208056881 HTTP/1.1" 200 -
27.38.142.113 - - [08/May/2026:10:34:12 +0800] "GET /InternetTrading/longpoll/53995?X-Atmosphere-tracking-id=0&X-Atmosphere-Framework=2.2.3-javascript&X-Atmosphere-Transport=long-polling&X-Atmosphere-TrackMessageSize=true&Content-Type=charset%3Dutf-8&X-atmo-protocol=true&_=1778208053806 HTTP/1.1" 200 -
89.117.42.68 - - [08/May/2026:10:34:15 +0800] "GET /InternetTrading/longpoll/55511?X-Atmosphere-tracking-id=0&X-Atmosphere-Framework=2.2.3-javascript&X-Atmosphere-Transport=long-polling&X-Atmosphere-TrackMessageSize=true&Content-Type=charset%3Dutf-8&X-atmo-protocol=true&_=1778208058842 HTTP/1.1" 200 -
89.117.42.68 - - [08/May/2026:10:34:15 +0800] "GET /InternetTrading/longpoll/55511?X-Atmosphere-tracking-id=0&X-Atmosphere-Framework=2.2.3-javascript&X-Atmosphere-Transport=long-polling&X-Atmosphere-TrackMessageSize=true&Content-Type=charset%3Dutf-8&X-atmo-protocol=true&_=1778208058842 HTTP/1.1" 200 -
113.118.4.108 - - [08/May/2026:10:34:16 +0800] "GET /InternetTrading/longpoll/51803?X-Atmosphere-tracking-id=0&X-Atmosphere-Framework=2.2.3-javascript&X-Atmosphere-Transport=long-polling&X-Atmosphere-TrackMessageSize=true&Content-Type=charset%3Dutf-8&X-atmo-protocol=true&_=1778208059408 HTTP/1.1" 200 -
14.0.230.253 - - [08/May/2026:10:34:16 +0800] "GET /InternetTrading/longpoll/A8127?X-Atmosphere-tracking-id=0&X-Atmosphere-Framework=2.2.3-javascript&X-Atmosphere-Transport=long-polling&X-Atmosphere-TrackMessageSize=true&Content-Type=charset%3Dutf-8&X-atmo-protocol=true&_=1778208060176 HTTP/1.1" 200 -
117.26.250.159 - - [08/May/2026:10:34:17 +0800] "POST /InternetTrading/SessionErrorLogger HTTP/1.1" 200 117
117.26.250.159 - - [08/May/2026:10:34:17 +0800] "POST /InternetTrading/Heartbeat HTTP/1.1" 200 32
117.26.250.159 - - [08/May/2026:10:34:17 +0800] "POST /InternetTrading/SessionErrorLogger HTTP/1.1" 200 117
117.26.250.159 - - [08/May/2026:10:34:17 +0800] "POST /InternetTrading/MarketStatus HTTP/1.1" 200 772
