117.26.250.159 - - [08/May/2026:10:34:18 +0800] "GET /InternetTrading/longpoll/51401?X-Atmosphere-tracking-id=0&X-Atmosphere-Framework=2.2.3-javascript&X-Atmosphere-Transport=long-polling&X-Atmosphere-TrackMessageSize=true&Content-Type=charset%3Dutf-8&X-atmo-protocol=true&_=1778208061678 HTTP/1.1" 200 -
110.81.59.75 - - [08/May/2026:10:34:18 +0800] "GET /InternetTrading/longpoll/M8773?X-Atmosphere-tracking-id=0&X-Atmosphere-Framework=2.2.3-javascript&X-Atmosphere-Transport=long-polling&X-Atmosphere-TrackMessageSize=true&Content-Type=charset%3Dutf-8&X-atmo-protocol=true&_=1778208062882 HTTP/1.1" 200 -
27.38.142.113 - - [08/May/2026:10:34:18 +0800] "GET /InternetTrading/longpoll/53995?X-Atmosphere-tracking-id=0&X-Atmosphere-Framework=2.2.3-javascript&X-Atmosphere-Transport=long-polling&X-Atmosphere-TrackMessageSize=true&Content-Type=charset%3Dutf-8&X-atmo-protocol=true&_=1778208059798 HTTP/1.1" 200 -
113.118.4.108 - - [08/May/2026:10:34:21 +0800] "GET /InternetTrading/longpoll/51803?X-Atmosphere-tracking-id=0&X-Atmosphere-Framework=2.2.3-javascript&X-Atmosphere-Transport=long-polling&X-Atmosphere-TrackMessageSize=true&Content-Type=charset%3Dutf-8&X-atmo-protocol=true&_=1778208064434 HTTP/1.1" 200 -
14.0.230.253 - - [08/May/2026:10:34:22 +0800] "GET /InternetTrading/longpoll/A8127?X-Atmosphere-tracking-id=0&X-Atmosphere-Framework=2.2.3-javascript&X-Atmosphere-Transport=long-polling&X-Atmosphere-TrackMessageSize=true&Content-Type=charset%3Dutf-8&X-atmo-protocol=true&_=1778208065536 HTTP/1.1" 200 -
89.117.42.68 - - [08/May/2026:10:34:24 +0800] "GET /InternetTrading/longpoll/55511?X-Atmosphere-tracking-id=0&X-Atmosphere-Framework=2.2.3-javascript&X-Atmosphere-Transport=long-polling&X-Atmosphere-TrackMessageSize=true&Content-Type=charset%3Dutf-8&X-atmo-protocol=true&_=1778208067526 HTTP/1.1" 200 -
89.117.42.68 - - [08/May/2026:10:34:24 +0800] "GET /InternetTrading/longpoll/55511?X-Atmosphere-tracking-id=0&X-Atmosphere-Framework=2.2.3-javascript&X-Atmosphere-Transport=long-polling&X-Atmosphere-TrackMessageSize=true&Content-Type=charset%3Dutf-8&X-atmo-protocol=true&_=1778208067525 HTTP/1.1" 200 -
117.26.250.159 - - [08/May/2026:10:34:24 +0800] "GET /InternetTrading/longpoll/51401?X-Atmosphere-tracking-id=0&X-Atmosphere-Framework=2.2.3-javascript&X-Atmosphere-Transport=long-polling&X-Atmosphere-TrackMessageSize=true&Content-Type=charset%3Dutf-8&X-atmo-protocol=true&_=1778208067678 HTTP/1.1" 200 -
110.81.59.75 - - [08/May/2026:10:34:24 +0800] "GET /InternetTrading/longpoll/M8773?X-Atmosphere-tracking-id=0&X-Atmosphere-Framework=2.2.3-javascript&X-Atmosphere-Transport=long-polling&X-Atmosphere-TrackMessageSize=true&Content-Type=charset%3Dutf-8&X-atmo-protocol=true&_=1778208068883 HTTP/1.1" 200 -
42.48.38.173 - - [08/May/2026:10:34:24 +0800] "GET /favicon.ico HTTP/1.1" 404 196
27.38.142.113 - - [08/May/2026:10:34:24 +0800] "GET /InternetTrading/longpoll/53995?X-Atmosphere-tracking-id=0&X-Atmosphere-Framework=2.2.3-javascript&X-Atmosphere-Transport=long-polling&X-Atmosphere-TrackMessageSize=true&Content-Type=charset%3Dutf-8&X-atmo-protocol=true&_=1778208065792 HTTP/1.1" 200 -
42.48.38.173 - - [08/May/2026:10:34:25 +0800] "GET / HTTP/1.1" 200 3426
113.118.4.108 - - [08/May/2026:10:34:26 +0800] "GET /InternetTrading/longpoll/51803?X-Atmosphere-tracking-id=0&X-Atmosphere-Framework=2.2.3-javascript&X-Atmosphere-Transport=long-polling&X-Atmosphere-TrackMessageSize=true&Content-Type=charset%3Dutf-8&X-atmo-protocol=true&_=1778208069492 HTTP/1.1" 200 -
14.0.230.253 - - [08/May/2026:10:34:27 +0800] "GET /InternetTrading/longpoll/A8127?X-Atmosphere-tracking-id=0&X-Atmosphere-Framework=2.2.3-javascript&X-Atmosphere-Transport=long-polling&X-Atmosphere-TrackMessageSize=true&Content-Type=charset%3Dutf-8&X-atmo-protocol=true&_=1778208070741 HTTP/1.1" 200 -
14.0.230.253 - - [08/May/2026:10:34:29 +0800] "POST /InternetTrading/SessionErrorLogger HTTP/1.1" 200 117
14.0.230.253 - - [08/May/2026:10:34:29 +0800] "POST /InternetTrading/Heartbeat HTTP/1.1" 200 32
117.26.250.159 - - [08/May/2026:10:34:30 +0800] "GET /InternetTrading/longpoll/51401?X-Atmosphere-tracking-id=0&X-Atmosphere-Framework=2.2.3-javascript&X-Atmosphere-Transport=long-polling&X-Atmosphere-TrackMessageSize=true&Content-Type=charset%3Dutf-8&X-atmo-protocol=true&_=1778208073678 HTTP/1.1" 200 -
110.81.59.75 - - [08/May/2026:10:34:30 +0800] "GET /InternetTrading/longpoll/M8773?X-Atmosphere-tracking-id=0&X-Atmosphere-Framework=2.2.3-javascript&X-Atmosphere-Transport=long-polling&X-Atmosphere-TrackMessageSize=true&Content-Type=charset%3Dutf-8&X-atmo-protocol=true&_=1778208074883 HTTP/1.1" 200 -
27.38.142.113 - - [08/May/2026:10:34:30 +0800] "GET /InternetTrading/longpoll/53995?X-Atmosphere-tracking-id=0&X-Atmosphere-Framework=2.2.3-javascript&X-Atmosphere-Transport=long-polling&X-Atmosphere-TrackMessageSize=true&Content-Type=charset%3Dutf-8&X-atmo-protocol=true&_=1778208071801 HTTP/1.1" 200 -
113.118.4.108 - - [08/May/2026:10:34:31 +0800] "GET /InternetTrading/longpoll/51803?X-Atmosphere-tracking-id=0&X-Atmosphere-Framework=2.2.3-javascript&X-Atmosphere-Transport=long-polling&X-Atmosphere-TrackMessageSize=true&Content-Type=charset%3Dutf-8&X-atmo-protocol=true&_=1778208074571 HTTP/1.1" 200 -
14.0.230.253 - - [08/May/2026:10:34:32 +0800] "POST /InternetTrading/SessionErrorLogger HTTP/1.1" 200 117
14.0.230.253 - - [08/May/2026:10:34:32 +0800] "POST /InternetTrading/MarketStatus HTTP/1.1" 200 772
14.0.230.253 - - [08/May/2026:10:34:32 +0800] "GET /InternetTrading/longpoll/A8127?X-Atmosphere-tracking-id=0&X-Atmosphere-Framework=2.2.3-javascript&X-Atmosphere-Transport=long-polling&X-Atmosphere-TrackMessageSize=true&Content-Type=charset%3Dutf-8&X-atmo-protocol=true&_=1778208075928 HTTP/1.1" 200 -
89.117.42.68 - - [08/May/2026:10:34:35 +0800] "GET /InternetTrading/longpoll/55511?X-Atmosphere-tracking-id=0&X-Atmosphere-Framework=2.2.3-javascript&X-Atmosphere-Transport=long-polling&X-Atmosphere-TrackMessageSize=true&Content-Type=charset%3Dutf-8&X-atmo-protocol=true&_=1778208079525 HTTP/1.1" 200 -
89.117.42.68 - - [08/May/2026:10:34:36 +0800] "GET /InternetTrading/longpoll/55511?X-Atmosphere-tracking-id=0&X-Atmosphere-Framework=2.2.3-javascript&X-Atmosphere-Transport=long-polling&X-Atmosphere-TrackMessageSize=true&Content-Type=charset%3Dutf-8&X-atmo-protocol=true&_=1778208079525 HTTP/1.1" 200 -
117.26.250.159 - - [08/May/2026:10:34:36 +0800] "GET /InternetTrading/longpoll/51401?X-Atmosphere-tracking-id=0&X-Atmosphere-Framework=2.2.3-javascript&X-Atmosphere-Transport=long-polling&X-Atmosphere-TrackMessageSize=true&Content-Type=charset%3Dutf-8&X-atmo-protocol=true&_=1778208079675 HTTP/1.1" 200 -
110.81.59.75 - - [08/May/2026:10:34:36 +0800] "GET /InternetTrading/longpoll/M8773?X-Atmosphere-tracking-id=0&X-Atmosphere-Framework=2.2.3-javascript&X-Atmosphere-Transport=long-polling&X-Atmosphere-TrackMessageSize=true&Content-Type=charset%3Dutf-8&X-atmo-protocol=true&_=1778208080883 HTTP/1.1" 200 -
27.38.142.113 - - [08/May/2026:10:34:36 +0800] "GET /InternetTrading/longpoll/53995?X-Atmosphere-tracking-id=0&X-Atmosphere-Framework=2.2.3-javascript&X-Atmosphere-Transport=long-polling&X-Atmosphere-TrackMessageSize=true&Content-Type=charset%3Dutf-8&X-atmo-protocol=true&_=1778208077794 HTTP/1.1" 200 -
113.118.4.108 - - [08/May/2026:10:34:36 +0800] "GET /InternetTrading/longpoll/51803?X-Atmosphere-tracking-id=0&X-Atmosphere-Framework=2.2.3-javascript&X-Atmosphere-Transport=long-polling&X-Atmosphere-TrackMessageSize=true&Content-Type=charset%3Dutf-8&X-atmo-protocol=true&_=1778208079630 HTTP/1.1" 200 -
14.0.230.253 - - [08/May/2026:10:34:37 +0800] "GET /InternetTrading/longpoll/A8127?X-Atmosphere-tracking-id=0&X-Atmosphere-Framework=2.2.3-javascript&X-Atmosphere-Transport=long-polling&X-Atmosphere-TrackMessageSize=true&Content-Type=charset%3Dutf-8&X-atmo-protocol=true&_=1778208081062 HTTP/1.1" 200 -
113.118.4.108 - - [08/May/2026:10:34:40 +0800] "POST /InternetTrading/SessionErrorLogger HTTP/1.1" 200 117
113.118.4.108 - - [08/May/2026:10:34:40 +0800] "POST /InternetTrading/Heartbeat HTTP/1.1" 200 32
113.118.4.108 - - [08/May/2026:10:34:41 +0800] "POST /InternetTrading/SessionErrorLogger HTTP/1.1" 200 117
113.118.4.108 - - [08/May/2026:10:34:41 +0800] "POST /InternetTrading/MarketStatus HTTP/1.1" 200 772
113.118.4.108 - - [08/May/2026:10:34:41 +0800] "GET /InternetTrading/longpoll/51803?X-Atmosphere-tracking-id=0&X-Atmosphere-Framework=2.2.3-javascript&X-Atmosphere-Transport=long-polling&X-Atmosphere-TrackMessageSize=true&Content-Type=charset%3Dutf-8&X-atmo-protocol=true&_=1778208084693 HTTP/1.1" 200 -
117.26.250.159 - - [08/May/2026:10:34:42 +0800] "GET /InternetTrading/longpoll/51401?X-Atmosphere-tracking-id=0&X-Atmosphere-Framework=2.2.3-javascript&X-Atmosphere-Transport=long-polling&X-Atmosphere-TrackMessageSize=true&Content-Type=charset%3Dutf-8&X-atmo-protocol=true&_=1778208085671 HTTP/1.1" 200 -
110.81.59.75 - - [08/May/2026:10:34:42 +0800] "GET /InternetTrading/longpoll/M8773?X-Atmosphere-tracking-id=0&X-Atmosphere-Framework=2.2.3-javascript&X-Atmosphere-Transport=long-polling&X-Atmosphere-TrackMessageSize=true&Content-Type=charset%3Dutf-8&X-atmo-protocol=true&_=1778208086883 HTTP/1.1" 200 -
27.38.142.113 - - [08/May/2026:10:34:42 +0800] "GET /InternetTrading/longpoll/53995?X-Atmosphere-tracking-id=0&X-Atmosphere-Framework=2.2.3-javascript&X-Atmosphere-Transport=long-polling&X-Atmosphere-TrackMessageSize=true&Content-Type=charset%3Dutf-8&X-atmo-protocol=true&_=1778208083796 HTTP/1.1" 200 -
14.0.230.253 - - [08/May/2026:10:34:42 +0800] "GET /InternetTrading/longpoll/A8127?X-Atmosphere-tracking-id=0&X-Atmosphere-Framework=2.2.3-javascript&X-Atmosphere-Transport=long-polling&X-Atmosphere-TrackMessageSize=true&Content-Type=charset%3Dutf-8&X-atmo-protocol=true&_=1778208086122 HTTP/1.1" 200 -
27.38.142.113 - - [08/May/2026:10:34:45 +0800] "POST /InternetTrading/SessionErrorLogger HTTP/1.1" 200 117
27.38.142.113 - - [08/May/2026:10:34:45 +0800] "POST /InternetTrading/Heartbeat HTTP/1.1" 200 32
27.38.142.113 - - [08/May/2026:10:34:45 +0800] "POST /InternetTrading/SessionErrorLogger HTTP/1.1" 200 117
27.38.142.113 - - [08/May/2026:10:34:45 +0800] "POST /InternetTrading/MarketStatus HTTP/1.1" 200 772
113.118.4.108 - - [08/May/2026:10:34:46 +0800] "GET /InternetTrading/longpoll/51803?X-Atmosphere-tracking-id=0&X-Atmosphere-Framework=2.2.3-javascript&X-Atmosphere-Transport=long-polling&X-Atmosphere-TrackMessageSize=true&Content-Type=charset%3Dutf-8&X-atmo-protocol=true&_=1778208089729 HTTP/1.1" 200 -
89.117.42.68 - - [08/May/2026:10:34:46 +0800] "POST /InternetTrading/SessionErrorLogger HTTP/1.1" 200 117
89.117.42.68 - - [08/May/2026:10:34:47 +0800] "POST /InternetTrading/Heartbeat HTTP/1.1" 200 32
89.117.42.68 - - [08/May/2026:10:34:47 +0800] "POST /InternetTrading/SessionErrorLogger HTTP/1.1" 200 117
89.117.42.68 - - [08/May/2026:10:34:47 +0800] "GET /InternetTrading/longpoll/55511?X-Atmosphere-tracking-id=0&X-Atmosphere-Framework=2.2.3-javascript&X-Atmosphere-Transport=long-polling&X-Atmosphere-TrackMessageSize=true&Content-Type=charset%3Dutf-8&X-atmo-protocol=true&_=1778208090856 HTTP/1.1" 200 -
89.117.42.68 - - [08/May/2026:10:34:47 +0800] "POST /InternetTrading/MarketStatus HTTP/1.1" 200 772
89.117.42.68 - - [08/May/2026:10:34:47 +0800] "GET /InternetTrading/longpoll/55511?X-Atmosphere-tracking-id=0&X-Atmosphere-Framework=2.2.3-javascript&X-Atmosphere-Transport=long-polling&X-Atmosphere-TrackMessageSize=true&Content-Type=charset%3Dutf-8&X-atmo-protocol=true&_=1778208090857 HTTP/1.1" 200 -
14.0.230.253 - - [08/May/2026:10:34:47 +0800] "GET /InternetTrading/longpoll/A8127?X-Atmosphere-tracking-id=0&X-Atmosphere-Framework=2.2.3-javascript&X-Atmosphere-Transport=long-polling&X-Atmosphere-TrackMessageSize=true&Content-Type=charset%3Dutf-8&X-atmo-protocol=true&_=1778208091368 HTTP/1.1" 200 -
27.38.142.113 - - [08/May/2026:10:34:48 +0800] "GET /InternetTrading/longpoll/53995?X-Atmosphere-tracking-id=0&X-Atmosphere-Framework=2.2.3-javascript&X-Atmosphere-Transport=long-polling&X-Atmosphere-TrackMessageSize=true&Content-Type=charset%3Dutf-8&X-atmo-protocol=true&_=1778208089804 HTTP/1.1" 200 -
117.26.250.159 - - [08/May/2026:10:34:48 +0800] "GET /InternetTrading/longpoll/51401?X-Atmosphere-tracking-id=0&X-Atmosphere-Framework=2.2.3-javascript&X-Atmosphere-Transport=long-polling&X-Atmosphere-TrackMessageSize=true&Content-Type=charset%3Dutf-8&X-atmo-protocol=true&_=1778208091671 HTTP/1.1" 200 -
110.81.59.75 - - [08/May/2026:10:34:48 +0800] "GET /InternetTrading/longpoll/M8773?X-Atmosphere-tracking-id=0&X-Atmosphere-Framework=2.2.3-javascript&X-Atmosphere-Transport=long-polling&X-Atmosphere-TrackMessageSize=true&Content-Type=charset%3Dutf-8&X-atmo-protocol=true&_=1778208092883 HTTP/1.1" 200 -
113.118.4.108 - - [08/May/2026:10:34:51 +0800] "GET /InternetTrading/longpoll/51803?X-Atmosphere-tracking-id=0&X-Atmosphere-Framework=2.2.3-javascript&X-Atmosphere-Transport=long-polling&X-Atmosphere-TrackMessageSize=true&Content-Type=charset%3Dutf-8&X-atmo-protocol=true&_=1778208094751 HTTP/1.1" 200 -
14.0.230.253 - - [08/May/2026:10:34:53 +0800] "GET /InternetTrading/longpoll/A8127?X-Atmosphere-tracking-id=0&X-Atmosphere-Framework=2.2.3-javascript&X-Atmosphere-Transport=long-polling&X-Atmosphere-TrackMessageSize=true&Content-Type=charset%3Dutf-8&X-atmo-protocol=true&_=1778208096576 HTTP/1.1" 200 -
117.26.250.159 - - [08/May/2026:10:34:54 +0800] "GET /InternetTrading/longpoll/51401?X-Atmosphere-tracking-id=0&X-Atmosphere-Framework=2.2.3-javascript&X-Atmosphere-Transport=long-polling&X-Atmosphere-TrackMessageSize=true&Content-Type=charset%3Dutf-8&X-atmo-protocol=true&_=1778208097665 HTTP/1.1" 200 -
110.81.59.75 - - [08/May/2026:10:34:54 +0800] "POST /InternetTrading/SessionErrorLogger HTTP/1.1" 200 117
27.38.142.113 - - [08/May/2026:10:34:54 +0800] "GET /InternetTrading/longpoll/53995?X-Atmosphere-tracking-id=0&X-Atmosphere-Framework=2.2.3-javascript&X-Atmosphere-Transport=long-polling&X-Atmosphere-TrackMessageSize=true&Content-Type=charset%3Dutf-8&X-atmo-protocol=true&_=1778208095792 HTTP/1.1" 200 -
110.81.59.75 - - [08/May/2026:10:34:54 +0800] "POST /InternetTrading/Heartbeat HTTP/1.1" 200 32
110.81.59.75 - - [08/May/2026:10:34:54 +0800] "POST /InternetTrading/SessionErrorLogger HTTP/1.1" 200 117
110.81.59.75 - - [08/May/2026:10:34:54 +0800] "GET /InternetTrading/longpoll/M8773?X-Atmosphere-tracking-id=0&X-Atmosphere-Framework=2.2.3-javascript&X-Atmosphere-Transport=long-polling&X-Atmosphere-TrackMessageSize=true&Content-Type=charset%3Dutf-8&X-atmo-protocol=true&_=1778208099438 HTTP/1.1" 200 -
110.81.59.75 - - [08/May/2026:10:34:54 +0800] "POST /InternetTrading/MarketStatus HTTP/1.1" 200 772
113.118.4.108 - - [08/May/2026:10:34:56 +0800] "GET /InternetTrading/longpoll/51803?X-Atmosphere-tracking-id=0&X-Atmosphere-Framework=2.2.3-javascript&X-Atmosphere-Transport=long-polling&X-Atmosphere-TrackMessageSize=true&Content-Type=charset%3Dutf-8&X-atmo-protocol=true&_=1778208099825 HTTP/1.1" 200 -
89.117.42.68 - - [08/May/2026:10:34:57 +0800] "GET /InternetTrading/longpoll/55511?X-Atmosphere-tracking-id=0&X-Atmosphere-Framework=2.2.3-javascript&X-Atmosphere-Transport=long-polling&X-Atmosphere-TrackMessageSize=true&Content-Type=charset%3Dutf-8&X-atmo-protocol=true&_=1778208101034 HTTP/1.1" 200 -
89.117.42.68 - - [08/May/2026:10:34:57 +0800] "GET /InternetTrading/longpoll/55511?X-Atmosphere-tracking-id=0&X-Atmosphere-Framework=2.2.3-javascript&X-Atmosphere-Transport=long-polling&X-Atmosphere-TrackMessageSize=true&Content-Type=charset%3Dutf-8&X-atmo-protocol=true&_=1778208101035 HTTP/1.1" 200 -
14.0.230.253 - - [08/May/2026:10:34:58 +0800] "GET /InternetTrading/longpoll/A8127?X-Atmosphere-tracking-id=0&X-Atmosphere-Framework=2.2.3-javascript&X-Atmosphere-Transport=long-polling&X-Atmosphere-TrackMessageSize=true&Content-Type=charset%3Dutf-8&X-atmo-protocol=true&_=1778208101790 HTTP/1.1" 200 -
14.0.230.253 - - [08/May/2026:10:34:59 +0800] "POST /InternetTrading/SessionErrorLogger HTTP/1.1" 200 117
14.0.230.253 - - [08/May/2026:10:34:59 +0800] "POST /InternetTrading/Heartbeat HTTP/1.1" 200 32
117.26.250.159 - - [08/May/2026:10:35:00 +0800] "GET /InternetTrading/longpoll/51401?X-Atmosphere-tracking-id=0&X-Atmosphere-Framework=2.2.3-javascript&X-Atmosphere-Transport=long-polling&X-Atmosphere-TrackMessageSize=true&Content-Type=charset%3Dutf-8&X-atmo-protocol=true&_=1778208103674 HTTP/1.1" 200 -
110.81.59.75 - - [08/May/2026:10:35:00 +0800] "GET /InternetTrading/longpoll/M8773?X-Atmosphere-tracking-id=0&X-Atmosphere-Framework=2.2.3-javascript&X-Atmosphere-Transport=long-polling&X-Atmosphere-TrackMessageSize=true&Content-Type=charset%3Dutf-8&X-atmo-protocol=true&_=1778208104883 HTTP/1.1" 200 -
27.38.142.113 - - [08/May/2026:10:35:00 +0800] "GET /InternetTrading/longpoll/53995?X-Atmosphere-tracking-id=0&X-Atmosphere-Framework=2.2.3-javascript&X-Atmosphere-Transport=long-polling&X-Atmosphere-TrackMessageSize=true&Content-Type=charset%3Dutf-8&X-atmo-protocol=true&_=1778208101802 HTTP/1.1" 200 -
113.118.4.108 - - [08/May/2026:10:35:01 +0800] "GET /InternetTrading/longpoll/51803?X-Atmosphere-tracking-id=0&X-Atmosphere-Framework=2.2.3-javascript&X-Atmosphere-Transport=long-polling&X-Atmosphere-TrackMessageSize=true&Content-Type=charset%3Dutf-8&X-atmo-protocol=true&_=1778208104892 HTTP/1.1" 200 -
14.0.230.253 - - [08/May/2026:10:35:02 +0800] "POST /InternetTrading/SessionErrorLogger HTTP/1.1" 200 117
14.0.230.253 - - [08/May/2026:10:35:02 +0800] "POST /InternetTrading/MarketStatus HTTP/1.1" 200 772
14.0.230.253 - - [08/May/2026:10:35:03 +0800] "GET /InternetTrading/longpoll/A8127?X-Atmosphere-tracking-id=0&X-Atmosphere-Framework=2.2.3-javascript&X-Atmosphere-Transport=long-polling&X-Atmosphere-TrackMessageSize=true&Content-Type=charset%3Dutf-8&X-atmo-protocol=true&_=1778208107058 HTTP/1.1" 200 -
117.26.250.159 - - [08/May/2026:10:35:06 +0800] "GET /InternetTrading/longpoll/51401?X-Atmosphere-tracking-id=0&X-Atmosphere-Framework=2.2.3-javascript&X-Atmosphere-Transport=long-polling&X-Atmosphere-TrackMessageSize=true&Content-Type=charset%3Dutf-8&X-atmo-protocol=true&_=1778208109679 HTTP/1.1" 200 -
110.81.59.75 - - [08/May/2026:10:35:06 +0800] "GET /InternetTrading/longpoll/M8773?X-Atmosphere-tracking-id=0&X-Atmosphere-Framework=2.2.3-javascript&X-Atmosphere-Transport=long-polling&X-Atmosphere-TrackMessageSize=true&Content-Type=charset%3Dutf-8&X-atmo-protocol=true&_=1778208110883 HTTP/1.1" 200 -
27.38.142.113 - - [08/May/2026:10:35:06 +0800] "GET /InternetTrading/longpoll/53995?X-Atmosphere-tracking-id=0&X-Atmosphere-Framework=2.2.3-javascript&X-Atmosphere-Transport=long-polling&X-Atmosphere-TrackMessageSize=true&Content-Type=charset%3Dutf-8&X-atmo-protocol=true&_=1778208107793 HTTP/1.1" 200 -
113.118.4.108 - - [08/May/2026:10:35:06 +0800] "GET /InternetTrading/longpoll/51803?X-Atmosphere-tracking-id=0&X-Atmosphere-Framework=2.2.3-javascript&X-Atmosphere-Transport=long-polling&X-Atmosphere-TrackMessageSize=true&Content-Type=charset%3Dutf-8&X-atmo-protocol=true&_=1778208109964 HTTP/1.1" 200 -
89.117.42.68 - - [08/May/2026:10:35:07 +0800] "GET /InternetTrading/longpoll/55511?X-Atmosphere-tracking-id=0&X-Atmosphere-Framework=2.2.3-javascript&X-Atmosphere-Transport=long-polling&X-Atmosphere-TrackMessageSize=true&Content-Type=charset%3Dutf-8&X-atmo-protocol=true&_=1778208111195 HTTP/1.1" 200 -
89.117.42.68 - - [08/May/2026:10:35:07 +0800] "GET /InternetTrading/longpoll/55511?X-Atmosphere-tracking-id=0&X-Atmosphere-Framework=2.2.3-javascript&X-Atmosphere-Transport=long-polling&X-Atmosphere-TrackMessageSize=true&Content-Type=charset%3Dutf-8&X-atmo-protocol=true&_=1778208111195 HTTP/1.1" 200 -
14.0.230.253 - - [08/May/2026:10:35:08 +0800] "GET /InternetTrading/longpoll/A8127?X-Atmosphere-tracking-id=0&X-Atmosphere-Framework=2.2.3-javascript&X-Atmosphere-Transport=long-polling&X-Atmosphere-TrackMessageSize=true&Content-Type=charset%3Dutf-8&X-atmo-protocol=true&_=1778208112104 HTTP/1.1" 200 -
113.118.4.108 - - [08/May/2026:10:35:10 +0800] "POST /InternetTrading/SessionErrorLogger HTTP/1.1" 200 117
113.118.4.108 - - [08/May/2026:10:35:10 +0800] "POST /InternetTrading/Heartbeat HTTP/1.1" 200 32
113.118.4.108 - - [08/May/2026:10:35:11 +0800] "POST /InternetTrading/SessionErrorLogger HTTP/1.1" 200 117
113.118.4.108 - - [08/May/2026:10:35:11 +0800] "POST /InternetTrading/MarketStatus HTTP/1.1" 200 772
113.118.4.108 - - [08/May/2026:10:35:12 +0800] "GET /InternetTrading/longpoll/51803?X-Atmosphere-tracking-id=0&X-Atmosphere-Framework=2.2.3-javascript&X-Atmosphere-Transport=long-polling&X-Atmosphere-TrackMessageSize=true&Content-Type=charset%3Dutf-8&X-atmo-protocol=true&_=1778208115021 HTTP/1.1" 200 -
117.26.250.159 - - [08/May/2026:10:35:12 +0800] "GET /InternetTrading/longpoll/51401?X-Atmosphere-tracking-id=0&X-Atmosphere-Framework=2.2.3-javascript&X-Atmosphere-Transport=long-polling&X-Atmosphere-TrackMessageSize=true&Content-Type=charset%3Dutf-8&X-atmo-protocol=true&_=1778208115675 HTTP/1.1" 200 -
110.81.59.75 - - [08/May/2026:10:35:12 +0800] "GET /InternetTrading/longpoll/M8773?X-Atmosphere-tracking-id=0&X-Atmosphere-Framework=2.2.3-javascript&X-Atmosphere-Transport=long-polling&X-Atmosphere-TrackMessageSize=true&Content-Type=charset%3Dutf-8&X-atmo-protocol=true&_=1778208116883 HTTP/1.1" 200 -
27.38.142.113 - - [08/May/2026:10:35:12 +0800] "GET /InternetTrading/longpoll/53995?X-Atmosphere-tracking-id=0&X-Atmosphere-Framework=2.2.3-javascript&X-Atmosphere-Transport=long-polling&X-Atmosphere-TrackMessageSize=true&Content-Type=charset%3Dutf-8&X-atmo-protocol=true&_=1778208113795 HTTP/1.1" 200 -
14.0.230.253 - - [08/May/2026:10:35:14 +0800] "GET /InternetTrading/longpoll/A8127?X-Atmosphere-tracking-id=0&X-Atmosphere-Framework=2.2.3-javascript&X-Atmosphere-Transport=long-polling&X-Atmosphere-TrackMessageSize=true&Content-Type=charset%3Dutf-8&X-atmo-protocol=true&_=1778208117299 HTTP/1.1" 200 -
89.117.42.68 - - [08/May/2026:10:35:15 +0800] "GET /InternetTrading/longpoll/55511?X-Atmosphere-tracking-id=0&X-Atmosphere-Framework=2.2.3-javascript&X-Atmosphere-Transport=long-polling&X-Atmosphere-TrackMessageSize=true&Content-Type=charset%3Dutf-8&X-atmo-protocol=true&_=1778208118959 HTTP/1.1" 200 -
89.117.42.68 - - [08/May/2026:10:35:15 +0800] "GET /InternetTrading/longpoll/55511?X-Atmosphere-tracking-id=0&X-Atmosphere-Framework=2.2.3-javascript&X-Atmosphere-Transport=long-polling&X-Atmosphere-TrackMessageSize=true&Content-Type=charset%3Dutf-8&X-atmo-protocol=true&_=1778208118961 HTTP/1.1" 200 -
113.118.4.108 - - [08/May/2026:10:35:17 +0800] "GET /InternetTrading/longpoll/51803?X-Atmosphere-tracking-id=0&X-Atmosphere-Framework=2.2.3-javascript&X-Atmosphere-Transport=long-polling&X-Atmosphere-TrackMessageSize=true&Content-Type=charset%3Dutf-8&X-atmo-protocol=true&_=1778208120046 HTTP/1.1" 200 -
117.26.250.159 - - [08/May/2026:10:35:17 +0800] "POST /InternetTrading/SessionErrorLogger HTTP/1.1" 200 117
117.26.250.159 - - [08/May/2026:10:35:17 +0800] "POST /InternetTrading/Heartbeat HTTP/1.1" 200 32
117.26.250.159 - - [08/May/2026:10:35:17 +0800] "POST /InternetTrading/SessionErrorLogger HTTP/1.1" 200 117
117.26.250.159 - - [08/May/2026:10:35:17 +0800] "POST /InternetTrading/MarketStatus HTTP/1.1" 200 772
117.26.250.159 - - [08/May/2026:10:35:18 +0800] "GET /InternetTrading/longpoll/51401?X-Atmosphere-tracking-id=0&X-Atmosphere-Framework=2.2.3-javascript&X-Atmosphere-Transport=long-polling&X-Atmosphere-TrackMessageSize=true&Content-Type=charset%3Dutf-8&X-atmo-protocol=true&_=1778208121668 HTTP/1.1" 200 -
110.81.59.75 - - [08/May/2026:10:35:18 +0800] "GET /InternetTrading/longpoll/M8773?X-Atmosphere-tracking-id=0&X-Atmosphere-Framework=2.2.3-javascript&X-Atmosphere-Transport=long-polling&X-Atmosphere-TrackMessageSize=true&Content-Type=charset%3Dutf-8&X-atmo-protocol=true&_=1778208122883 HTTP/1.1" 200 -
27.38.142.113 - - [08/May/2026:10:35:18 +0800] "GET /InternetTrading/longpoll/53995?X-Atmosphere-tracking-id=0&X-Atmosphere-Framework=2.2.3-javascript&X-Atmosphere-Transport=long-polling&X-Atmosphere-TrackMessageSize=true&Content-Type=charset%3Dutf-8&X-atmo-protocol=true&_=1778208119798 HTTP/1.1" 200 -
14.0.230.253 - - [08/May/2026:10:35:19 +0800] "GET /InternetTrading/longpoll/A8127?X-Atmosphere-tracking-id=0&X-Atmosphere-Framework=2.2.3-javascript&X-Atmosphere-Transport=long-polling&X-Atmosphere-TrackMessageSize=true&Content-Type=charset%3Dutf-8&X-atmo-protocol=true&_=1778208122590 HTTP/1.1" 200 -
113.118.4.108 - - [08/May/2026:10:35:22 +0800] "GET /InternetTrading/longpoll/51803?X-Atmosphere-tracking-id=0&X-Atmosphere-Framework=2.2.3-javascript&X-Atmosphere-Transport=long-polling&X-Atmosphere-TrackMessageSize=true&Content-Type=charset%3Dutf-8&X-atmo-protocol=true&_=1778208125114 HTTP/1.1" 200 -
117.26.250.159 - - [08/May/2026:10:35:24 +0800] "GET /InternetTrading/longpoll/51401?X-Atmosphere-tracking-id=0&X-Atmosphere-Framework=2.2.3-javascript&X-Atmosphere-Transport=long-polling&X-Atmosphere-TrackMessageSize=true&Content-Type=charset%3Dutf-8&X-atmo-protocol=true&_=1778208127678 HTTP/1.1" 200 -
110.81.59.75 - - [08/May/2026:10:35:24 +0800] "GET /InternetTrading/longpoll/M8773?X-Atmosphere-tracking-id=0&X-Atmosphere-Framework=2.2.3-javascript&X-Atmosphere-Transport=long-polling&X-Atmosphere-TrackMessageSize=true&Content-Type=charset%3Dutf-8&X-atmo-protocol=true&_=1778208128884 HTTP/1.1" 200 -
27.38.142.113 - - [08/May/2026:10:35:24 +0800] "GET /InternetTrading/longpoll/53995?X-Atmosphere-tracking-id=0&X-Atmosphere-Framework=2.2.3-javascript&X-Atmosphere-Transport=long-polling&X-Atmosphere-TrackMessageSize=true&Content-Type=charset%3Dutf-8&X-atmo-protocol=true&_=1778208125795 HTTP/1.1" 200 -
14.0.230.253 - - [08/May/2026:10:35:24 +0800] "GET /InternetTrading/longpoll/A8127?X-Atmosphere-tracking-id=0&X-Atmosphere-Framework=2.2.3-javascript&X-Atmosphere-Transport=long-polling&X-Atmosphere-TrackMessageSize=true&Content-Type=charset%3Dutf-8&X-atmo-protocol=true&_=1778208127864 HTTP/1.1" 200 -
89.117.42.68 - - [08/May/2026:10:35:25 +0800] "POST /InternetTrading/SessionErrorLogger HTTP/1.1" 200 117
89.117.42.68 - - [08/May/2026:10:35:25 +0800] "POST /InternetTrading/Heartbeat HTTP/1.1" 200 32
89.117.42.68 - - [08/May/2026:10:35:25 +0800] "POST /InternetTrading/SessionErrorLogger HTTP/1.1" 200 117
89.117.42.68 - - [08/May/2026:10:35:25 +0800] "GET /InternetTrading/longpoll/55511?X-Atmosphere-tracking-id=0&X-Atmosphere-Framework=2.2.3-javascript&X-Atmosphere-Transport=long-polling&X-Atmosphere-TrackMessageSize=true&Content-Type=charset%3Dutf-8&X-atmo-protocol=true&_=1778208129515 HTTP/1.1" 200 -
89.117.42.68 - - [08/May/2026:10:35:25 +0800] "POST /InternetTrading/MarketStatus HTTP/1.1" 200 772
89.117.42.68 - - [08/May/2026:10:35:25 +0800] "GET /InternetTrading/longpoll/55511?X-Atmosphere-tracking-id=0&X-Atmosphere-Framework=2.2.3-javascript&X-Atmosphere-Transport=long-polling&X-Atmosphere-TrackMessageSize=true&Content-Type=charset%3Dutf-8&X-atmo-protocol=true&_=1778208129516 HTTP/1.1" 200 -
113.118.4.108 - - [08/May/2026:10:35:27 +0800] "GET /InternetTrading/longpoll/51803?X-Atmosphere-tracking-id=0&X-Atmosphere-Framework=2.2.3-javascript&X-Atmosphere-Transport=long-polling&X-Atmosphere-TrackMessageSize=true&Content-Type=charset%3Dutf-8&X-atmo-protocol=true&_=1778208130174 HTTP/1.1" 200 -
14.0.230.253 - - [08/May/2026:10:35:29 +0800] "POST /InternetTrading/SessionErrorLogger HTTP/1.1" 200 117
14.0.230.253 - - [08/May/2026:10:35:29 +0800] "POST /InternetTrading/Heartbeat HTTP/1.1" 200 32
14.0.230.253 - - [08/May/2026:10:35:29 +0800] "GET /InternetTrading/longpoll/A8127?X-Atmosphere-tracking-id=0&X-Atmosphere-Framework=2.2.3-javascript&X-Atmosphere-Transport=long-polling&X-Atmosphere-TrackMessageSize=true&Content-Type=charset%3Dutf-8&X-atmo-protocol=true&_=1778208133213 HTTP/1.1" 200 -
117.26.250.159 - - [08/May/2026:10:35:30 +0800] "GET /InternetTrading/longpoll/51401?X-Atmosphere-tracking-id=0&X-Atmosphere-Framework=2.2.3-javascript&X-Atmosphere-Transport=long-polling&X-Atmosphere-TrackMessageSize=true&Content-Type=charset%3Dutf-8&X-atmo-protocol=true&_=1778208133664 HTTP/1.1" 200 -
110.81.59.75 - - [08/May/2026:10:35:30 +0800] "GET /InternetTrading/longpoll/M8773?X-Atmosphere-tracking-id=0&X-Atmosphere-Framework=2.2.3-javascript&X-Atmosphere-Transport=long-polling&X-Atmosphere-TrackMessageSize=true&Content-Type=charset%3Dutf-8&X-atmo-protocol=true&_=1778208134883 HTTP/1.1" 200 -
27.38.142.113 - - [08/May/2026:10:35:30 +0800] "GET /InternetTrading/longpoll/53995?X-Atmosphere-tracking-id=0&X-Atmosphere-Framework=2.2.3-javascript&X-Atmosphere-Transport=long-polling&X-Atmosphere-TrackMessageSize=true&Content-Type=charset%3Dutf-8&X-atmo-protocol=true&_=1778208131808 HTTP/1.1" 200 -
89.117.42.68 - - [08/May/2026:10:35:31 +0800] "GET /InternetTrading/longpoll/55511?X-Atmosphere-tracking-id=0&X-Atmosphere-Framework=2.2.3-javascript&X-Atmosphere-Transport=long-polling&X-Atmosphere-TrackMessageSize=true&Content-Type=charset%3Dutf-8&X-atmo-protocol=true&_=1778208134780 HTTP/1.1" 200 -
89.117.42.68 - - [08/May/2026:10:35:31 +0800] "GET /InternetTrading/longpoll/55511?X-Atmosphere-tracking-id=0&X-Atmosphere-Framework=2.2.3-javascript&X-Atmosphere-Transport=long-polling&X-Atmosphere-TrackMessageSize=true&Content-Type=charset%3Dutf-8&X-atmo-protocol=true&_=1778208134781 HTTP/1.1" 200 -
113.118.4.108 - - [08/May/2026:10:35:32 +0800] "GET /InternetTrading/longpoll/51803?X-Atmosphere-tracking-id=0&X-Atmosphere-Framework=2.2.3-javascript&X-Atmosphere-Transport=long-polling&X-Atmosphere-TrackMessageSize=true&Content-Type=charset%3Dutf-8&X-atmo-protocol=true&_=1778208135257 HTTP/1.1" 200 -
14.0.230.253 - - [08/May/2026:10:35:32 +0800] "POST /InternetTrading/SessionErrorLogger HTTP/1.1" 200 117
14.0.230.253 - - [08/May/2026:10:35:32 +0800] "POST /InternetTrading/MarketStatus HTTP/1.1" 200 772
14.0.230.253 - - [08/May/2026:10:35:34 +0800] "GET /InternetTrading/longpoll/A8127?X-Atmosphere-tracking-id=0&X-Atmosphere-Framework=2.2.3-javascript&X-Atmosphere-Transport=long-polling&X-Atmosphere-TrackMessageSize=true&Content-Type=charset%3Dutf-8&X-atmo-protocol=true&_=1778208138281 HTTP/1.1" 200 -
117.26.250.159 - - [08/May/2026:10:35:36 +0800] "GET /InternetTrading/longpoll/51401?X-Atmosphere-tracking-id=0&X-Atmosphere-Framework=2.2.3-javascript&X-Atmosphere-Transport=long-polling&X-Atmosphere-TrackMessageSize=true&Content-Type=charset%3Dutf-8&X-atmo-protocol=true&_=1778208139679 HTTP/1.1" 200 -
110.81.59.75 - - [08/May/2026:10:35:36 +0800] "GET /InternetTrading/longpoll/M8773?X-Atmosphere-tracking-id=0&X-Atmosphere-Framework=2.2.3-javascript&X-Atmosphere-Transport=long-polling&X-Atmosphere-TrackMessageSize=true&Content-Type=charset%3Dutf-8&X-atmo-protocol=true&_=1778208140884 HTTP/1.1" 200 -
27.38.142.113 - - [08/May/2026:10:35:36 +0800] "GET /InternetTrading/longpoll/53995?X-Atmosphere-tracking-id=0&X-Atmosphere-Framework=2.2.3-javascript&X-Atmosphere-Transport=long-polling&X-Atmosphere-TrackMessageSize=true&Content-Type=charset%3Dutf-8&X-atmo-protocol=true&_=1778208137799 HTTP/1.1" 200 -
113.118.4.108 - - [08/May/2026:10:35:37 +0800] "GET /InternetTrading/longpoll/51803?X-Atmosphere-tracking-id=0&X-Atmosphere-Framework=2.2.3-javascript&X-Atmosphere-Transport=long-polling&X-Atmosphere-TrackMessageSize=true&Content-Type=charset%3Dutf-8&X-atmo-protocol=true&_=1778208140326 HTTP/1.1" 200 -
27.38.142.113 - - [08/May/2026:10:35:38 +0800] "POST /InternetTrading/SessionErrorLogger HTTP/1.1" 200 117
27.38.142.113 - - [08/May/2026:10:35:38 +0800] "POST /InternetTrading/Heartbeat HTTP/1.1" 200 32
27.38.142.113 - - [08/May/2026:10:35:38 +0800] "POST /InternetTrading/SessionErrorLogger HTTP/1.1" 200 117
27.38.142.113 - - [08/May/2026:10:35:38 +0800] "POST /InternetTrading/MarketStatus HTTP/1.1" 200 772
14.0.230.253 - - [08/May/2026:10:35:40 +0800] "GET /InternetTrading/longpoll/A8127?X-Atmosphere-tracking-id=0&X-Atmosphere-Framework=2.2.3-javascript&X-Atmosphere-Transport=long-polling&X-Atmosphere-TrackMessageSize=true&Content-Type=charset%3Dutf-8&X-atmo-protocol=true&_=1778208143385 HTTP/1.1" 200 -
113.118.4.108 - - [08/May/2026:10:35:40 +0800] "POST /InternetTrading/SessionErrorLogger HTTP/1.1" 200 117
27.38.142.113 - - [08/May/2026:10:35:40 +0800] "POST /InternetTrading/SessionErrorLogger HTTP/1.1" 200 117
113.118.4.108 - - [08/May/2026:10:35:40 +0800] "POST /InternetTrading/Heartbeat HTTP/1.1" 200 32
27.38.142.113 - - [08/May/2026:10:35:40 +0800] "GET /InternetTrading/jquery/wait.gif HTTP/1.1" 200 432
27.38.142.113 - - [08/May/2026:10:35:40 +0800] "POST /InternetTrading/Orderbook HTTP/1.1" 200 1164
27.38.142.113 - - [08/May/2026:10:35:40 +0800] "GET /InternetTrading/jquery/images/ui-bg_glass_75_e6e6e6_1x400.png HTTP/1.1" 200 262
27.38.142.113 - - [08/May/2026:10:35:41 +0800] "POST /InternetTrading/SessionErrorLogger HTTP/1.1" 200 117
27.38.142.113 - - [08/May/2026:10:35:41 +0800] "POST /InternetTrading/Orderbook HTTP/1.1" 200 1168
89.117.42.68 - - [08/May/2026:10:35:41 +0800] "GET /InternetTrading/longpoll/55511?X-Atmosphere-tracking-id=0&X-Atmosphere-Framework=2.2.3-javascript&X-Atmosphere-Transport=long-polling&X-Atmosphere-TrackMessageSize=true&Content-Type=charset%3Dutf-8&X-atmo-protocol=true&_=1778208144946 HTTP/1.1" 200 -
89.117.42.68 - - [08/May/2026:10:35:41 +0800] "GET /InternetTrading/longpoll/55511?X-Atmosphere-tracking-id=0&X-Atmosphere-Framework=2.2.3-javascript&X-Atmosphere-Transport=long-polling&X-Atmosphere-TrackMessageSize=true&Content-Type=charset%3Dutf-8&X-atmo-protocol=true&_=1778208144947 HTTP/1.1" 200 -
113.118.4.108 - - [08/May/2026:10:35:41 +0800] "POST /InternetTrading/SessionErrorLogger HTTP/1.1" 200 117
113.118.4.108 - - [08/May/2026:10:35:41 +0800] "POST /InternetTrading/MarketStatus HTTP/1.1" 200 772
27.38.142.113 - - [08/May/2026:10:35:41 +0800] "GET /InternetTrading/longpoll/53995?X-Atmosphere-tracking-id=0&X-Atmosphere-Framework=2.2.3-javascript&X-Atmosphere-Transport=long-polling&X-Atmosphere-TrackMessageSize=true&Content-Type=charset%3Dutf-8&X-atmo-protocol=true&_=1778208143380 HTTP/1.1" 200 -
27.38.142.113 - - [08/May/2026:10:35:41 +0800] "POST /InternetTrading/SessionErrorLogger HTTP/1.1" 200 117
27.38.142.113 - - [08/May/2026:10:35:42 +0800] "POST /InternetTrading/Portfolio HTTP/1.1" 200 1812
117.26.250.159 - - [08/May/2026:10:35:42 +0800] "GET /InternetTrading/longpoll/51401?X-Atmosphere-tracking-id=0&X-Atmosphere-Framework=2.2.3-javascript&X-Atmosphere-Transport=long-polling&X-Atmosphere-TrackMessageSize=true&Content-Type=charset%3Dutf-8&X-atmo-protocol=true&_=1778208145670 HTTP/1.1" 200 -
113.118.4.108 - - [08/May/2026:10:35:42 +0800] "GET /InternetTrading/longpoll/51803?X-Atmosphere-tracking-id=0&X-Atmosphere-Framework=2.2.3-javascript&X-Atmosphere-Transport=long-polling&X-Atmosphere-TrackMessageSize=true&Content-Type=charset%3Dutf-8&X-atmo-protocol=true&_=1778208145397 HTTP/1.1" 200 -
110.81.59.75 - - [08/May/2026:10:35:42 +0800] "GET /InternetTrading/longpoll/M8773?X-Atmosphere-tracking-id=0&X-Atmosphere-Framework=2.2.3-javascript&X-Atmosphere-Transport=long-polling&X-Atmosphere-TrackMessageSize=true&Content-Type=charset%3Dutf-8&X-atmo-protocol=true&_=1778208146884 HTTP/1.1" 200 -
14.0.230.253 - - [08/May/2026:10:35:45 +0800] "GET /InternetTrading/longpoll/A8127?X-Atmosphere-tracking-id=0&X-Atmosphere-Framework=2.2.3-javascript&X-Atmosphere-Transport=long-polling&X-Atmosphere-TrackMessageSize=true&Content-Type=charset%3Dutf-8&X-atmo-protocol=true&_=1778208148660 HTTP/1.1" 200 -
27.38.142.113 - - [08/May/2026:10:35:46 +0800] "GET /InternetTrading/longpoll/53995?X-Atmosphere-tracking-id=0&X-Atmosphere-Framework=2.2.3-javascript&X-Atmosphere-Transport=long-polling&X-Atmosphere-TrackMessageSize=true&Content-Type=charset%3Dutf-8&X-atmo-protocol=true&_=1778208148417 HTTP/1.1" 200 -
113.118.4.108 - - [08/May/2026:10:35:47 +0800] "GET /InternetTrading/longpoll/51803?X-Atmosphere-tracking-id=0&X-Atmosphere-Framework=2.2.3-javascript&X-Atmosphere-Transport=long-polling&X-Atmosphere-TrackMessageSize=true&Content-Type=charset%3Dutf-8&X-atmo-protocol=true&_=1778208150420 HTTP/1.1" 200 -
117.26.250.159 - - [08/May/2026:10:35:48 +0800] "GET /InternetTrading/longpoll/51401?X-Atmosphere-tracking-id=0&X-Atmosphere-Framework=2.2.3-javascript&X-Atmosphere-Transport=long-polling&X-Atmosphere-TrackMessageSize=true&Content-Type=charset%3Dutf-8&X-atmo-protocol=true&_=1778208151668 HTTP/1.1" 200 -
110.81.59.75 - - [08/May/2026:10:35:48 +0800] "GET /InternetTrading/longpoll/M8773?X-Atmosphere-tracking-id=0&X-Atmosphere-Framework=2.2.3-javascript&X-Atmosphere-Transport=long-polling&X-Atmosphere-TrackMessageSize=true&Content-Type=charset%3Dutf-8&X-atmo-protocol=true&_=1778208152884 HTTP/1.1" 200 -
14.0.230.253 - - [08/May/2026:10:35:50 +0800] "GET /InternetTrading/longpoll/A8127?X-Atmosphere-tracking-id=0&X-Atmosphere-Framework=2.2.3-javascript&X-Atmosphere-Transport=long-polling&X-Atmosphere-TrackMessageSize=true&Content-Type=charset%3Dutf-8&X-atmo-protocol=true&_=1778208153939 HTTP/1.1" 200 -
89.117.42.68 - - [08/May/2026:10:35:51 +0800] "GET /InternetTrading/longpoll/55511?X-Atmosphere-tracking-id=0&X-Atmosphere-Framework=2.2.3-javascript&X-Atmosphere-Transport=long-polling&X-Atmosphere-TrackMessageSize=true&Content-Type=charset%3Dutf-8&X-atmo-protocol=true&_=1778208155109 HTTP/1.1" 200 -
89.117.42.68 - - [08/May/2026:10:35:51 +0800] "GET /InternetTrading/longpoll/55511?X-Atmosphere-tracking-id=0&X-Atmosphere-Framework=2.2.3-javascript&X-Atmosphere-Transport=long-polling&X-Atmosphere-TrackMessageSize=true&Content-Type=charset%3Dutf-8&X-atmo-protocol=true&_=1778208155110 HTTP/1.1" 200 -
113.118.4.108 - - [08/May/2026:10:35:52 +0800] "GET /InternetTrading/longpoll/51803?X-Atmosphere-tracking-id=0&X-Atmosphere-Framework=2.2.3-javascript&X-Atmosphere-Transport=long-polling&X-Atmosphere-TrackMessageSize=true&Content-Type=charset%3Dutf-8&X-atmo-protocol=true&_=1778208155444 HTTP/1.1" 200 -
27.38.142.113 - - [08/May/2026:10:35:52 +0800] "GET /InternetTrading/longpoll/53995?X-Atmosphere-tracking-id=0&X-Atmosphere-Framework=2.2.3-javascript&X-Atmosphere-Transport=long-polling&X-Atmosphere-TrackMessageSize=true&Content-Type=charset%3Dutf-8&X-atmo-protocol=true&_=1778208153798 HTTP/1.1" 200 -
117.26.250.159 - - [08/May/2026:10:35:54 +0800] "GET /InternetTrading/longpoll/51401?X-Atmosphere-tracking-id=0&X-Atmosphere-Framework=2.2.3-javascript&X-Atmosphere-Transport=long-polling&X-Atmosphere-TrackMessageSize=true&Content-Type=charset%3Dutf-8&X-atmo-protocol=true&_=1778208157679 HTTP/1.1" 200 -
110.81.59.75 - - [08/May/2026:10:35:54 +0800] "POST /InternetTrading/SessionErrorLogger HTTP/1.1" 200 117
110.81.59.75 - - [08/May/2026:10:35:54 +0800] "POST /InternetTrading/Heartbeat HTTP/1.1" 200 32
110.81.59.75 - - [08/May/2026:10:35:54 +0800] "POST /InternetTrading/SessionErrorLogger HTTP/1.1" 200 117
110.81.59.75 - - [08/May/2026:10:35:54 +0800] "GET /InternetTrading/longpoll/M8773?X-Atmosphere-tracking-id=0&X-Atmosphere-Framework=2.2.3-javascript&X-Atmosphere-Transport=long-polling&X-Atmosphere-TrackMessageSize=true&Content-Type=charset%3Dutf-8&X-atmo-protocol=true&_=1778208159164 HTTP/1.1" 200 -
110.81.59.75 - - [08/May/2026:10:35:54 +0800] "POST /InternetTrading/MarketStatus HTTP/1.1" 200 772
14.0.230.253 - - [08/May/2026:10:35:55 +0800] "GET /InternetTrading/longpoll/A8127?X-Atmosphere-tracking-id=0&X-Atmosphere-Framework=2.2.3-javascript&X-Atmosphere-Transport=long-polling&X-Atmosphere-TrackMessageSize=true&Content-Type=charset%3Dutf-8&X-atmo-protocol=true&_=1778208159139 HTTP/1.1" 200 -
113.118.4.108 - - [08/May/2026:10:35:57 +0800] "GET /InternetTrading/longpoll/51803?X-Atmosphere-tracking-id=0&X-Atmosphere-Framework=2.2.3-javascript&X-Atmosphere-Transport=long-polling&X-Atmosphere-TrackMessageSize=true&Content-Type=charset%3Dutf-8&X-atmo-protocol=true&_=1778208160527 HTTP/1.1" 200 -
27.38.142.113 - - [08/May/2026:10:35:58 +0800] "GET /InternetTrading/longpoll/53995?X-Atmosphere-tracking-id=0&X-Atmosphere-Framework=2.2.3-javascript&X-Atmosphere-Transport=long-polling&X-Atmosphere-TrackMessageSize=true&Content-Type=charset%3Dutf-8&X-atmo-protocol=true&_=1778208159808 HTTP/1.1" 200 -
14.0.230.253 - - [08/May/2026:10:35:59 +0800] "POST /InternetTrading/SessionErrorLogger HTTP/1.1" 200 117
14.0.230.253 - - [08/May/2026:10:35:59 +0800] "POST /InternetTrading/Heartbeat HTTP/1.1" 200 32
117.26.250.159 - - [08/May/2026:10:36:00 +0800] "GET /InternetTrading/longpoll/51401?X-Atmosphere-tracking-id=0&X-Atmosphere-Framework=2.2.3-javascript&X-Atmosphere-Transport=long-polling&X-Atmosphere-TrackMessageSize=true&Content-Type=charset%3Dutf-8&X-atmo-protocol=true&_=1778208163676 HTTP/1.1" 200 -
110.81.59.75 - - [08/May/2026:10:36:00 +0800] "GET /InternetTrading/longpoll/M8773?X-Atmosphere-tracking-id=0&X-Atmosphere-Framework=2.2.3-javascript&X-Atmosphere-Transport=long-polling&X-Atmosphere-TrackMessageSize=true&Content-Type=charset%3Dutf-8&X-atmo-protocol=true&_=1778208164884 HTTP/1.1" 200 -
14.0.230.253 - - [08/May/2026:10:36:00 +0800] "GET /InternetTrading/longpoll/A8127?X-Atmosphere-tracking-id=0&X-Atmosphere-Framework=2.2.3-javascript&X-Atmosphere-Transport=long-polling&X-Atmosphere-TrackMessageSize=true&Content-Type=charset%3Dutf-8&X-atmo-protocol=true&_=1778208164337 HTTP/1.1" 200 -
89.117.42.68 - - [08/May/2026:10:36:01 +0800] "POST /InternetTrading/SessionErrorLogger HTTP/1.1" 200 117
89.117.42.68 - - [08/May/2026:10:36:01 +0800] "POST /InternetTrading/Heartbeat HTTP/1.1" 200 32
89.117.42.68 - - [08/May/2026:10:36:01 +0800] "POST /InternetTrading/SessionErrorLogger HTTP/1.1" 200 117
89.117.42.68 - - [08/May/2026:10:36:01 +0800] "GET /InternetTrading/longpoll/55511?X-Atmosphere-tracking-id=0&X-Atmosphere-Framework=2.2.3-javascript&X-Atmosphere-Transport=long-polling&X-Atmosphere-TrackMessageSize=true&Content-Type=charset%3Dutf-8&X-atmo-protocol=true&_=1778208165474 HTTP/1.1" 200 -
89.117.42.68 - - [08/May/2026:10:36:01 +0800] "POST /InternetTrading/MarketStatus HTTP/1.1" 200 772
89.117.42.68 - - [08/May/2026:10:36:01 +0800] "GET /InternetTrading/longpoll/55511?X-Atmosphere-tracking-id=0&X-Atmosphere-Framework=2.2.3-javascript&X-Atmosphere-Transport=long-polling&X-Atmosphere-TrackMessageSize=true&Content-Type=charset%3Dutf-8&X-atmo-protocol=true&_=1778208165475 HTTP/1.1" 200 -
113.118.4.108 - - [08/May/2026:10:36:02 +0800] "GET /InternetTrading/longpoll/51803?X-Atmosphere-tracking-id=0&X-Atmosphere-Framework=2.2.3-javascript&X-Atmosphere-Transport=long-polling&X-Atmosphere-TrackMessageSize=true&Content-Type=charset%3Dutf-8&X-atmo-protocol=true&_=1778208165591 HTTP/1.1" 200 -
14.0.230.253 - - [08/May/2026:10:36:02 +0800] "POST /InternetTrading/SessionErrorLogger HTTP/1.1" 200 117
14.0.230.253 - - [08/May/2026:10:36:02 +0800] "POST /InternetTrading/MarketStatus HTTP/1.1" 200 772
27.38.142.113 - - [08/May/2026:10:36:04 +0800] "GET /InternetTrading/longpoll/53995?X-Atmosphere-tracking-id=0&X-Atmosphere-Framework=2.2.3-javascript&X-Atmosphere-Transport=long-polling&X-Atmosphere-TrackMessageSize=true&Content-Type=charset%3Dutf-8&X-atmo-protocol=true&_=1778208165805 HTTP/1.1" 200 -
14.0.230.253 - - [08/May/2026:10:36:05 +0800] "GET /InternetTrading/longpoll/A8127?X-Atmosphere-tracking-id=0&X-Atmosphere-Framework=2.2.3-javascript&X-Atmosphere-Transport=long-polling&X-Atmosphere-TrackMessageSize=true&Content-Type=charset%3Dutf-8&X-atmo-protocol=true&_=1778208169391 HTTP/1.1" 200 -
117.26.250.159 - - [08/May/2026:10:36:06 +0800] "GET /InternetTrading/longpoll/51401?X-Atmosphere-tracking-id=0&X-Atmosphere-Framework=2.2.3-javascript&X-Atmosphere-Transport=long-polling&X-Atmosphere-TrackMessageSize=true&Content-Type=charset%3Dutf-8&X-atmo-protocol=true&_=1778208169668 HTTP/1.1" 200 -
110.81.59.75 - - [08/May/2026:10:36:06 +0800] "GET /InternetTrading/longpoll/M8773?X-Atmosphere-tracking-id=0&X-Atmosphere-Framework=2.2.3-javascript&X-Atmosphere-Transport=long-polling&X-Atmosphere-TrackMessageSize=true&Content-Type=charset%3Dutf-8&X-atmo-protocol=true&_=1778208170884 HTTP/1.1" 200 -
113.118.4.108 - - [08/May/2026:10:36:07 +0800] "GET /InternetTrading/longpoll/51803?X-Atmosphere-tracking-id=0&X-Atmosphere-Framework=2.2.3-javascript&X-Atmosphere-Transport=long-polling&X-Atmosphere-TrackMessageSize=true&Content-Type=charset%3Dutf-8&X-atmo-protocol=true&_=1778208170658 HTTP/1.1" 200 -
27.38.142.113 - - [08/May/2026:10:36:09 +0800] "POST /InternetTrading/SessionErrorLogger HTTP/1.1" 200 117
27.38.142.113 - - [08/May/2026:10:36:09 +0800] "POST /InternetTrading/Heartbeat HTTP/1.1" 200 32
27.38.142.113 - - [08/May/2026:10:36:09 +0800] "POST /InternetTrading/SessionErrorLogger HTTP/1.1" 200 117
27.38.142.113 - - [08/May/2026:10:36:09 +0800] "POST /InternetTrading/MarketStatus HTTP/1.1" 200 772
27.38.142.113 - - [08/May/2026:10:36:10 +0800] "GET /InternetTrading/longpoll/53995?X-Atmosphere-tracking-id=0&X-Atmosphere-Framework=2.2.3-javascript&X-Atmosphere-Transport=long-polling&X-Atmosphere-TrackMessageSize=true&Content-Type=charset%3Dutf-8&X-atmo-protocol=true&_=1778208171801 HTTP/1.1" 200 -
113.118.4.108 - - [08/May/2026:10:36:10 +0800] "POST /InternetTrading/SessionErrorLogger HTTP/1.1" 200 117
113.118.4.108 - - [08/May/2026:10:36:10 +0800] "POST /InternetTrading/Heartbeat HTTP/1.1" 200 32
14.0.230.253 - - [08/May/2026:10:36:11 +0800] "GET /InternetTrading/longpoll/A8127?X-Atmosphere-tracking-id=0&X-Atmosphere-Framework=2.2.3-javascript&X-Atmosphere-Transport=long-polling&X-Atmosphere-TrackMessageSize=true&Content-Type=charset%3Dutf-8&X-atmo-protocol=true&_=1778208174437 HTTP/1.1" 200 -
113.118.4.108 - - [08/May/2026:10:36:11 +0800] "POST /InternetTrading/SessionErrorLogger HTTP/1.1" 200 117
113.118.4.108 - - [08/May/2026:10:36:11 +0800] "POST /InternetTrading/MarketStatus HTTP/1.1" 200 772
89.117.42.68 - - [08/May/2026:10:36:12 +0800] "GET /InternetTrading/longpoll/55511?X-Atmosphere-tracking-id=0&X-Atmosphere-Framework=2.2.3-javascript&X-Atmosphere-Transport=long-polling&X-Atmosphere-TrackMessageSize=true&Content-Type=charset%3Dutf-8&X-atmo-protocol=true&_=1778208175691 HTTP/1.1" 200 -
89.117.42.68 - - [08/May/2026:10:36:12 +0800] "GET /InternetTrading/longpoll/55511?X-Atmosphere-tracking-id=0&X-Atmosphere-Framework=2.2.3-javascript&X-Atmosphere-Transport=long-polling&X-Atmosphere-TrackMessageSize=true&Content-Type=charset%3Dutf-8&X-atmo-protocol=true&_=1778208175691 HTTP/1.1" 200 -
117.26.250.159 - - [08/May/2026:10:36:12 +0800] "GET /InternetTrading/longpoll/51401?X-Atmosphere-tracking-id=0&X-Atmosphere-Framework=2.2.3-javascript&X-Atmosphere-Transport=long-polling&X-Atmosphere-TrackMessageSize=true&Content-Type=charset%3Dutf-8&X-atmo-protocol=true&_=1778208175666 HTTP/1.1" 200 -
110.81.59.75 - - [08/May/2026:10:36:12 +0800] "GET /InternetTrading/longpoll/M8773?X-Atmosphere-tracking-id=0&X-Atmosphere-Framework=2.2.3-javascript&X-Atmosphere-Transport=long-polling&X-Atmosphere-TrackMessageSize=true&Content-Type=charset%3Dutf-8&X-atmo-protocol=true&_=1778208176884 HTTP/1.1" 200 -
113.118.4.108 - - [08/May/2026:10:36:12 +0800] "GET /InternetTrading/longpoll/51803?X-Atmosphere-tracking-id=0&X-Atmosphere-Framework=2.2.3-javascript&X-Atmosphere-Transport=long-polling&X-Atmosphere-TrackMessageSize=true&Content-Type=charset%3Dutf-8&X-atmo-protocol=true&_=1778208175692 HTTP/1.1" 200 -
27.38.142.113 - - [08/May/2026:10:36:16 +0800] "GET /InternetTrading/longpoll/53995?X-Atmosphere-tracking-id=0&X-Atmosphere-Framework=2.2.3-javascript&X-Atmosphere-Transport=long-polling&X-Atmosphere-TrackMessageSize=true&Content-Type=charset%3Dutf-8&X-atmo-protocol=true&_=1778208177803 HTTP/1.1" 200 -
14.0.230.253 - - [08/May/2026:10:36:16 +0800] "GET /InternetTrading/longpoll/A8127?X-Atmosphere-tracking-id=0&X-Atmosphere-Framework=2.2.3-javascript&X-Atmosphere-Transport=long-polling&X-Atmosphere-TrackMessageSize=true&Content-Type=charset%3Dutf-8&X-atmo-protocol=true&_=1778208179691 HTTP/1.1" 200 -
117.26.250.159 - - [08/May/2026:10:36:17 +0800] "POST /InternetTrading/SessionErrorLogger HTTP/1.1" 200 117
117.26.250.159 - - [08/May/2026:10:36:17 +0800] "POST /InternetTrading/Heartbeat HTTP/1.1" 200 32
117.26.250.159 - - [08/May/2026:10:36:17 +0800] "POST /InternetTrading/SessionErrorLogger HTTP/1.1" 200 117
117.26.250.159 - - [08/May/2026:10:36:17 +0800] "POST /InternetTrading/MarketStatus HTTP/1.1" 200 772
113.118.4.108 - - [08/May/2026:10:36:17 +0800] "GET /InternetTrading/longpoll/51803?X-Atmosphere-tracking-id=0&X-Atmosphere-Framework=2.2.3-javascript&X-Atmosphere-Transport=long-polling&X-Atmosphere-TrackMessageSize=true&Content-Type=charset%3Dutf-8&X-atmo-protocol=true&_=1778208180724 HTTP/1.1" 200 -
117.26.250.159 - - [08/May/2026:10:36:18 +0800] "GET /InternetTrading/longpoll/51401?X-Atmosphere-tracking-id=0&X-Atmosphere-Framework=2.2.3-javascript&X-Atmosphere-Transport=long-polling&X-Atmosphere-TrackMessageSize=true&Content-Type=charset%3Dutf-8&X-atmo-protocol=true&_=1778208181665 HTTP/1.1" 200 -
110.81.59.75 - - [08/May/2026:10:36:18 +0800] "GET /InternetTrading/longpoll/M8773?X-Atmosphere-tracking-id=0&X-Atmosphere-Framework=2.2.3-javascript&X-Atmosphere-Transport=long-polling&X-Atmosphere-TrackMessageSize=true&Content-Type=charset%3Dutf-8&X-atmo-protocol=true&_=1778208182884 HTTP/1.1" 200 -
14.0.230.253 - - [08/May/2026:10:36:21 +0800] "GET /InternetTrading/longpoll/A8127?X-Atmosphere-tracking-id=0&X-Atmosphere-Framework=2.2.3-javascript&X-Atmosphere-Transport=long-polling&X-Atmosphere-TrackMessageSize=true&Content-Type=charset%3Dutf-8&X-atmo-protocol=true&_=1778208184890 HTTP/1.1" 200 -
27.38.142.113 - - [08/May/2026:10:36:22 +0800] "GET /InternetTrading/longpoll/53995?X-Atmosphere-tracking-id=0&X-Atmosphere-Framework=2.2.3-javascript&X-Atmosphere-Transport=long-polling&X-Atmosphere-TrackMessageSize=true&Content-Type=charset%3Dutf-8&X-atmo-protocol=true&_=1778208183805 HTTP/1.1" 200 -
113.118.4.108 - - [08/May/2026:10:36:22 +0800] "GET /InternetTrading/longpoll/51803?X-Atmosphere-tracking-id=0&X-Atmosphere-Framework=2.2.3-javascript&X-Atmosphere-Transport=long-polling&X-Atmosphere-TrackMessageSize=true&Content-Type=charset%3Dutf-8&X-atmo-protocol=true&_=1778208185784 HTTP/1.1" 200 -
