27.38.142.113 - - [08/May/2026:09:33:01 +0800] "GET /InternetTrading/longpoll/53995?X-Atmosphere-tracking-id=0&X-Atmosphere-Framework=2.2.3-javascript&X-Atmosphere-Transport=long-polling&X-Atmosphere-TrackMessageSize=true&Content-Type=charset%3Dutf-8&X-atmo-protocol=true&_=1778204382804 HTTP/1.1" 200 -
45.144.227.8 - - [08/May/2026:09:33:03 +0800] "GET /InternetTrading/longpoll/55511?X-Atmosphere-tracking-id=0&X-Atmosphere-Framework=2.2.3-javascript&X-Atmosphere-Transport=long-polling&X-Atmosphere-TrackMessageSize=true&Content-Type=charset%3Dutf-8&X-atmo-protocol=true&_=1778204386678 HTTP/1.1" 200 -
14.0.230.253 - - [08/May/2026:09:33:06 +0800] "GET /InternetTrading/longpoll/A8127?X-Atmosphere-tracking-id=0&X-Atmosphere-Framework=2.2.3-javascript&X-Atmosphere-Transport=long-polling&X-Atmosphere-TrackMessageSize=true&Content-Type=charset%3Dutf-8&X-atmo-protocol=true&_=1778204389734 HTTP/1.1" 200 -
27.38.142.113 - - [08/May/2026:09:33:07 +0800] "GET /InternetTrading/longpoll/53995?X-Atmosphere-tracking-id=0&X-Atmosphere-Framework=2.2.3-javascript&X-Atmosphere-Transport=long-polling&X-Atmosphere-TrackMessageSize=true&Content-Type=charset%3Dutf-8&X-atmo-protocol=true&_=1778204388799 HTTP/1.1" 200 -
113.118.4.108 - - [08/May/2026:09:33:07 +0800] "GET /InternetTrading/longpoll/51803?X-Atmosphere-tracking-id=0&X-Atmosphere-Framework=2.2.3-javascript&X-Atmosphere-Transport=long-polling&X-Atmosphere-TrackMessageSize=true&Content-Type=charset%3Dutf-8&X-atmo-protocol=true&_=1778204391236 HTTP/1.1" 200 -
14.0.230.253 - - [08/May/2026:09:33:08 +0800] "POST /InternetTrading/SessionErrorLogger HTTP/1.1" 200 117
14.0.230.253 - - [08/May/2026:09:33:09 +0800] "POST /InternetTrading/Heartbeat HTTP/1.1" 200 32
14.0.230.253 - - [08/May/2026:09:33:11 +0800] "POST /InternetTrading/SessionErrorLogger HTTP/1.1" 200 117
14.0.230.253 - - [08/May/2026:09:33:11 +0800] "POST /InternetTrading/MarketStatus HTTP/1.1" 200 772
14.0.230.253 - - [08/May/2026:09:33:11 +0800] "GET /InternetTrading/longpoll/A8127?X-Atmosphere-tracking-id=0&X-Atmosphere-Framework=2.2.3-javascript&X-Atmosphere-Transport=long-polling&X-Atmosphere-TrackMessageSize=true&Content-Type=charset%3Dutf-8&X-atmo-protocol=true&_=1778204394849 HTTP/1.1" 200 -
45.144.227.8 - - [08/May/2026:09:33:13 +0800] "GET /InternetTrading/longpoll/55511?X-Atmosphere-tracking-id=0&X-Atmosphere-Framework=2.2.3-javascript&X-Atmosphere-Transport=long-polling&X-Atmosphere-TrackMessageSize=true&Content-Type=charset%3Dutf-8&X-atmo-protocol=true&_=1778204396945 HTTP/1.1" 200 -
113.118.4.108 - - [08/May/2026:09:33:13 +0800] "GET /InternetTrading/longpoll/51803?X-Atmosphere-tracking-id=0&X-Atmosphere-Framework=2.2.3-javascript&X-Atmosphere-Transport=long-polling&X-Atmosphere-TrackMessageSize=true&Content-Type=charset%3Dutf-8&X-atmo-protocol=true&_=1778204397235 HTTP/1.1" 200 -
27.38.142.113 - - [08/May/2026:09:33:13 +0800] "GET /InternetTrading/longpoll/53995?X-Atmosphere-tracking-id=0&X-Atmosphere-Framework=2.2.3-javascript&X-Atmosphere-Transport=long-polling&X-Atmosphere-TrackMessageSize=true&Content-Type=charset%3Dutf-8&X-atmo-protocol=true&_=1778204394821 HTTP/1.1" 200 -
14.0.230.253 - - [08/May/2026:09:33:16 +0800] "GET /InternetTrading/longpoll/A8127?X-Atmosphere-tracking-id=0&X-Atmosphere-Framework=2.2.3-javascript&X-Atmosphere-Transport=long-polling&X-Atmosphere-TrackMessageSize=true&Content-Type=charset%3Dutf-8&X-atmo-protocol=true&_=1778204399899 HTTP/1.1" 200 -
113.118.4.108 - - [08/May/2026:09:33:19 +0800] "GET /InternetTrading/longpoll/51803?X-Atmosphere-tracking-id=0&X-Atmosphere-Framework=2.2.3-javascript&X-Atmosphere-Transport=long-polling&X-Atmosphere-TrackMessageSize=true&Content-Type=charset%3Dutf-8&X-atmo-protocol=true&_=1778204403225 HTTP/1.1" 200 -
27.38.142.113 - - [08/May/2026:09:33:19 +0800] "GET /InternetTrading/longpoll/53995?X-Atmosphere-tracking-id=0&X-Atmosphere-Framework=2.2.3-javascript&X-Atmosphere-Transport=long-polling&X-Atmosphere-TrackMessageSize=true&Content-Type=charset%3Dutf-8&X-atmo-protocol=true&_=1778204400801 HTTP/1.1" 200 -
113.118.4.108 - - [08/May/2026:09:33:21 +0800] "POST /InternetTrading/SessionErrorLogger HTTP/1.1" 200 117
14.0.230.253 - - [08/May/2026:09:33:21 +0800] "GET /InternetTrading/longpoll/A8127?X-Atmosphere-tracking-id=0&X-Atmosphere-Framework=2.2.3-javascript&X-Atmosphere-Transport=long-polling&X-Atmosphere-TrackMessageSize=true&Content-Type=charset%3Dutf-8&X-atmo-protocol=true&_=1778204404998 HTTP/1.1" 200 -
113.118.4.108 - - [08/May/2026:09:33:21 +0800] "POST /InternetTrading/Heartbeat HTTP/1.1" 200 32
113.118.4.108 - - [08/May/2026:09:33:21 +0800] "POST /InternetTrading/SessionErrorLogger HTTP/1.1" 200 117
113.118.4.108 - - [08/May/2026:09:33:21 +0800] "POST /InternetTrading/MarketStatus HTTP/1.1" 200 772
110.81.59.75 - - [08/May/2026:09:33:21 +0800] "POST /InternetTrading/Heartbeat2FAService HTTP/1.1" 200 1
113.118.4.108 - - [08/May/2026:09:33:25 +0800] "GET /InternetTrading/longpoll/51803?X-Atmosphere-tracking-id=0&X-Atmosphere-Framework=2.2.3-javascript&X-Atmosphere-Transport=long-polling&X-Atmosphere-TrackMessageSize=true&Content-Type=charset%3Dutf-8&X-atmo-protocol=true&_=1778204409228 HTTP/1.1" 200 -
27.38.142.113 - - [08/May/2026:09:33:25 +0800] "GET /InternetTrading/longpoll/53995?X-Atmosphere-tracking-id=0&X-Atmosphere-Framework=2.2.3-javascript&X-Atmosphere-Transport=long-polling&X-Atmosphere-TrackMessageSize=true&Content-Type=charset%3Dutf-8&X-atmo-protocol=true&_=1778204406813 HTTP/1.1" 200 -
14.0.230.253 - - [08/May/2026:09:33:26 +0800] "GET /InternetTrading/longpoll/A8127?X-Atmosphere-tracking-id=0&X-Atmosphere-Framework=2.2.3-javascript&X-Atmosphere-Transport=long-polling&X-Atmosphere-TrackMessageSize=true&Content-Type=charset%3Dutf-8&X-atmo-protocol=true&_=1778204410101 HTTP/1.1" 200 -
45.144.227.8 - - [08/May/2026:09:33:28 +0800] "POST /InternetTrading/SessionErrorLogger HTTP/1.1" 200 117
45.144.227.8 - - [08/May/2026:09:33:28 +0800] "POST /InternetTrading/MarketStatus HTTP/1.1" 200 772
45.144.227.8 - - [08/May/2026:09:33:28 +0800] "POST /InternetTrading/SessionErrorLogger HTTP/1.1" 200 117
45.144.227.8 - - [08/May/2026:09:33:28 +0800] "GET /InternetTrading/longpoll/55511?X-Atmosphere-tracking-id=0&X-Atmosphere-Framework=2.2.3-javascript&X-Atmosphere-Transport=long-polling&X-Atmosphere-TrackMessageSize=true&Content-Type=charset%3Dutf-8&X-atmo-protocol=true&_=1778204412050 HTTP/1.1" 200 -
45.144.227.8 - - [08/May/2026:09:33:28 +0800] "POST /InternetTrading/Heartbeat HTTP/1.1" 200 32
113.118.4.108 - - [08/May/2026:09:33:31 +0800] "GET /InternetTrading/longpoll/51803?X-Atmosphere-tracking-id=0&X-Atmosphere-Framework=2.2.3-javascript&X-Atmosphere-Transport=long-polling&X-Atmosphere-TrackMessageSize=true&Content-Type=charset%3Dutf-8&X-atmo-protocol=true&_=1778204415238 HTTP/1.1" 200 -
27.38.142.113 - - [08/May/2026:09:33:31 +0800] "GET /InternetTrading/longpoll/53995?X-Atmosphere-tracking-id=0&X-Atmosphere-Framework=2.2.3-javascript&X-Atmosphere-Transport=long-polling&X-Atmosphere-TrackMessageSize=true&Content-Type=charset%3Dutf-8&X-atmo-protocol=true&_=1778204412801 HTTP/1.1" 200 -
14.0.230.253 - - [08/May/2026:09:33:31 +0800] "GET /InternetTrading/longpoll/A8127?X-Atmosphere-tracking-id=0&X-Atmosphere-Framework=2.2.3-javascript&X-Atmosphere-Transport=long-polling&X-Atmosphere-TrackMessageSize=true&Content-Type=charset%3Dutf-8&X-atmo-protocol=true&_=1778204415247 HTTP/1.1" 200 -
14.0.230.253 - - [08/May/2026:09:33:37 +0800] "GET /InternetTrading/longpoll/A8127?X-Atmosphere-tracking-id=0&X-Atmosphere-Framework=2.2.3-javascript&X-Atmosphere-Transport=long-polling&X-Atmosphere-TrackMessageSize=true&Content-Type=charset%3Dutf-8&X-atmo-protocol=true&_=1778204420368 HTTP/1.1" 200 -
113.118.4.108 - - [08/May/2026:09:33:37 +0800] "GET /InternetTrading/longpoll/51803?X-Atmosphere-tracking-id=0&X-Atmosphere-Framework=2.2.3-javascript&X-Atmosphere-Transport=long-polling&X-Atmosphere-TrackMessageSize=true&Content-Type=charset%3Dutf-8&X-atmo-protocol=true&_=1778204421234 HTTP/1.1" 200 -
27.38.142.113 - - [08/May/2026:09:33:37 +0800] "GET /InternetTrading/longpoll/53995?X-Atmosphere-tracking-id=0&X-Atmosphere-Framework=2.2.3-javascript&X-Atmosphere-Transport=long-polling&X-Atmosphere-TrackMessageSize=true&Content-Type=charset%3Dutf-8&X-atmo-protocol=true&_=1778204418798 HTTP/1.1" 200 -
45.144.227.8 - - [08/May/2026:09:33:38 +0800] "GET /InternetTrading/longpoll/55511?X-Atmosphere-tracking-id=0&X-Atmosphere-Framework=2.2.3-javascript&X-Atmosphere-Transport=long-polling&X-Atmosphere-TrackMessageSize=true&Content-Type=charset%3Dutf-8&X-atmo-protocol=true&_=1778204422207 HTTP/1.1" 200 -
14.0.230.253 - - [08/May/2026:09:33:39 +0800] "POST /InternetTrading/SessionErrorLogger HTTP/1.1" 200 117
14.0.230.253 - - [08/May/2026:09:33:39 +0800] "POST /InternetTrading/Heartbeat HTTP/1.1" 200 32
14.0.230.253 - - [08/May/2026:09:33:41 +0800] "POST /InternetTrading/SessionErrorLogger HTTP/1.1" 200 117
14.0.230.253 - - [08/May/2026:09:33:41 +0800] "POST /InternetTrading/MarketStatus HTTP/1.1" 200 772
14.0.230.253 - - [08/May/2026:09:33:42 +0800] "GET /InternetTrading/longpoll/A8127?X-Atmosphere-tracking-id=0&X-Atmosphere-Framework=2.2.3-javascript&X-Atmosphere-Transport=long-polling&X-Atmosphere-TrackMessageSize=true&Content-Type=charset%3Dutf-8&X-atmo-protocol=true&_=1778204425629 HTTP/1.1" 200 -
113.118.4.108 - - [08/May/2026:09:33:43 +0800] "GET /InternetTrading/longpoll/51803?X-Atmosphere-tracking-id=0&X-Atmosphere-Framework=2.2.3-javascript&X-Atmosphere-Transport=long-polling&X-Atmosphere-TrackMessageSize=true&Content-Type=charset%3Dutf-8&X-atmo-protocol=true&_=1778204427236 HTTP/1.1" 200 -
27.38.142.113 - - [08/May/2026:09:33:43 +0800] "GET /InternetTrading/longpoll/53995?X-Atmosphere-tracking-id=0&X-Atmosphere-Framework=2.2.3-javascript&X-Atmosphere-Transport=long-polling&X-Atmosphere-TrackMessageSize=true&Content-Type=charset%3Dutf-8&X-atmo-protocol=true&_=1778204424800 HTTP/1.1" 200 -
27.38.142.113 - - [08/May/2026:09:33:45 +0800] "POST /InternetTrading/SessionErrorLogger HTTP/1.1" 200 117
27.38.142.113 - - [08/May/2026:09:33:45 +0800] "POST /InternetTrading/MarketStatus HTTP/1.1" 200 772
27.38.142.113 - - [08/May/2026:09:33:45 +0800] "POST /InternetTrading/SessionErrorLogger HTTP/1.1" 200 117
27.38.142.113 - - [08/May/2026:09:33:45 +0800] "POST /InternetTrading/Heartbeat HTTP/1.1" 200 32
14.0.230.253 - - [08/May/2026:09:33:47 +0800] "GET /InternetTrading/longpoll/A8127?X-Atmosphere-tracking-id=0&X-Atmosphere-Framework=2.2.3-javascript&X-Atmosphere-Transport=long-polling&X-Atmosphere-TrackMessageSize=true&Content-Type=charset%3Dutf-8&X-atmo-protocol=true&_=1778204430674 HTTP/1.1" 200 -
45.144.227.8 - - [08/May/2026:09:33:49 +0800] "GET /InternetTrading/longpoll/55511?X-Atmosphere-tracking-id=0&X-Atmosphere-Framework=2.2.3-javascript&X-Atmosphere-Transport=long-polling&X-Atmosphere-TrackMessageSize=true&Content-Type=charset%3Dutf-8&X-atmo-protocol=true&_=1778204432473 HTTP/1.1" 200 -
27.38.142.113 - - [08/May/2026:09:33:49 +0800] "GET /InternetTrading/longpoll/53995?X-Atmosphere-tracking-id=0&X-Atmosphere-Framework=2.2.3-javascript&X-Atmosphere-Transport=long-polling&X-Atmosphere-TrackMessageSize=true&Content-Type=charset%3Dutf-8&X-atmo-protocol=true&_=1778204430799 HTTP/1.1" 200 -
113.118.4.108 - - [08/May/2026:09:33:49 +0800] "GET /InternetTrading/longpoll/51803?X-Atmosphere-tracking-id=0&X-Atmosphere-Framework=2.2.3-javascript&X-Atmosphere-Transport=long-polling&X-Atmosphere-TrackMessageSize=true&Content-Type=charset%3Dutf-8&X-atmo-protocol=true&_=1778204433229 HTTP/1.1" 200 -
14.0.230.253 - - [08/May/2026:09:33:52 +0800] "GET /InternetTrading/longpoll/A8127?X-Atmosphere-tracking-id=0&X-Atmosphere-Framework=2.2.3-javascript&X-Atmosphere-Transport=long-polling&X-Atmosphere-TrackMessageSize=true&Content-Type=charset%3Dutf-8&X-atmo-protocol=true&_=1778204435780 HTTP/1.1" 200 -
110.81.59.75 - - [08/May/2026:09:33:53 +0800] "POST /InternetTrading/Heartbeat2FAService HTTP/1.1" 200 1
27.38.142.113 - - [08/May/2026:09:33:55 +0800] "GET /InternetTrading/longpoll/53995?X-Atmosphere-tracking-id=0&X-Atmosphere-Framework=2.2.3-javascript&X-Atmosphere-Transport=long-polling&X-Atmosphere-TrackMessageSize=true&Content-Type=charset%3Dutf-8&X-atmo-protocol=true&_=1778204436798 HTTP/1.1" 200 -
113.118.4.108 - - [08/May/2026:09:33:55 +0800] "GET /InternetTrading/longpoll/51803?X-Atmosphere-tracking-id=0&X-Atmosphere-Framework=2.2.3-javascript&X-Atmosphere-Transport=long-polling&X-Atmosphere-TrackMessageSize=true&Content-Type=charset%3Dutf-8&X-atmo-protocol=true&_=1778204439228 HTTP/1.1" 200 -
14.0.230.253 - - [08/May/2026:09:33:57 +0800] "GET /InternetTrading/longpoll/A8127?X-Atmosphere-tracking-id=0&X-Atmosphere-Framework=2.2.3-javascript&X-Atmosphere-Transport=long-polling&X-Atmosphere-TrackMessageSize=true&Content-Type=charset%3Dutf-8&X-atmo-protocol=true&_=1778204440891 HTTP/1.1" 200 -
45.144.227.8 - - [08/May/2026:09:33:59 +0800] "GET /InternetTrading/longpoll/55511?X-Atmosphere-tracking-id=0&X-Atmosphere-Framework=2.2.3-javascript&X-Atmosphere-Transport=long-polling&X-Atmosphere-TrackMessageSize=true&Content-Type=charset%3Dutf-8&X-atmo-protocol=true&_=1778204442736 HTTP/1.1" 200 -
113.118.4.108 - - [08/May/2026:09:34:01 +0800] "GET /InternetTrading/longpoll/51803?X-Atmosphere-tracking-id=0&X-Atmosphere-Framework=2.2.3-javascript&X-Atmosphere-Transport=long-polling&X-Atmosphere-TrackMessageSize=true&Content-Type=charset%3Dutf-8&X-atmo-protocol=true&_=1778204445235 HTTP/1.1" 200 -
27.38.142.113 - - [08/May/2026:09:34:01 +0800] "GET /InternetTrading/longpoll/53995?X-Atmosphere-tracking-id=0&X-Atmosphere-Framework=2.2.3-javascript&X-Atmosphere-Transport=long-polling&X-Atmosphere-TrackMessageSize=true&Content-Type=charset%3Dutf-8&X-atmo-protocol=true&_=1778204442804 HTTP/1.1" 200 -
14.0.230.253 - - [08/May/2026:09:34:02 +0800] "GET /InternetTrading/longpoll/A8127?X-Atmosphere-tracking-id=0&X-Atmosphere-Framework=2.2.3-javascript&X-Atmosphere-Transport=long-polling&X-Atmosphere-TrackMessageSize=true&Content-Type=charset%3Dutf-8&X-atmo-protocol=true&_=1778204445996 HTTP/1.1" 200 -
113.118.4.108 - - [08/May/2026:09:34:07 +0800] "GET /InternetTrading/longpoll/51803?X-Atmosphere-tracking-id=0&X-Atmosphere-Framework=2.2.3-javascript&X-Atmosphere-Transport=long-polling&X-Atmosphere-TrackMessageSize=true&Content-Type=charset%3Dutf-8&X-atmo-protocol=true&_=1778204451228 HTTP/1.1" 200 -
14.0.230.253 - - [08/May/2026:09:34:07 +0800] "GET /InternetTrading/longpoll/A8127?X-Atmosphere-tracking-id=0&X-Atmosphere-Framework=2.2.3-javascript&X-Atmosphere-Transport=long-polling&X-Atmosphere-TrackMessageSize=true&Content-Type=charset%3Dutf-8&X-atmo-protocol=true&_=1778204451136 HTTP/1.1" 200 -
27.38.142.113 - - [08/May/2026:09:34:07 +0800] "GET /InternetTrading/longpoll/53995?X-Atmosphere-tracking-id=0&X-Atmosphere-Framework=2.2.3-javascript&X-Atmosphere-Transport=long-polling&X-Atmosphere-TrackMessageSize=true&Content-Type=charset%3Dutf-8&X-atmo-protocol=true&_=1778204448815 HTTP/1.1" 200 -
14.0.230.253 - - [08/May/2026:09:34:09 +0800] "POST /InternetTrading/SessionErrorLogger HTTP/1.1" 200 117
14.0.230.253 - - [08/May/2026:09:34:09 +0800] "POST /InternetTrading/Heartbeat HTTP/1.1" 200 32
45.144.227.8 - - [08/May/2026:09:34:09 +0800] "GET /InternetTrading/longpoll/55511?X-Atmosphere-tracking-id=0&X-Atmosphere-Framework=2.2.3-javascript&X-Atmosphere-Transport=long-polling&X-Atmosphere-TrackMessageSize=true&Content-Type=charset%3Dutf-8&X-atmo-protocol=true&_=1778204453150 HTTP/1.1" 200 -
14.0.230.253 - - [08/May/2026:09:34:11 +0800] "POST /InternetTrading/SessionErrorLogger HTTP/1.1" 200 117
14.0.230.253 - - [08/May/2026:09:34:11 +0800] "POST /InternetTrading/MarketStatus HTTP/1.1" 200 772
14.0.230.253 - - [08/May/2026:09:34:12 +0800] "GET /InternetTrading/longpoll/A8127?X-Atmosphere-tracking-id=0&X-Atmosphere-Framework=2.2.3-javascript&X-Atmosphere-Transport=long-polling&X-Atmosphere-TrackMessageSize=true&Content-Type=charset%3Dutf-8&X-atmo-protocol=true&_=1778204456259 HTTP/1.1" 200 -
113.118.4.108 - - [08/May/2026:09:34:13 +0800] "GET /InternetTrading/longpoll/51803?X-Atmosphere-tracking-id=0&X-Atmosphere-Framework=2.2.3-javascript&X-Atmosphere-Transport=long-polling&X-Atmosphere-TrackMessageSize=true&Content-Type=charset%3Dutf-8&X-atmo-protocol=true&_=1778204457228 HTTP/1.1" 200 -
27.38.142.113 - - [08/May/2026:09:34:13 +0800] "GET /InternetTrading/longpoll/53995?X-Atmosphere-tracking-id=0&X-Atmosphere-Framework=2.2.3-javascript&X-Atmosphere-Transport=long-polling&X-Atmosphere-TrackMessageSize=true&Content-Type=charset%3Dutf-8&X-atmo-protocol=true&_=1778204454801 HTTP/1.1" 200 -
45.144.227.8 - - [08/May/2026:09:34:15 +0800] "GET /InternetTrading/longpoll/55511?X-Atmosphere-tracking-id=0&X-Atmosphere-Framework=2.2.3-javascript&X-Atmosphere-Transport=long-polling&X-Atmosphere-TrackMessageSize=true&Content-Type=charset%3Dutf-8&X-atmo-protocol=true&_=1778204458773 HTTP/1.1" 200 -
14.0.230.253 - - [08/May/2026:09:34:17 +0800] "GET /InternetTrading/longpoll/A8127?X-Atmosphere-tracking-id=0&X-Atmosphere-Framework=2.2.3-javascript&X-Atmosphere-Transport=long-polling&X-Atmosphere-TrackMessageSize=true&Content-Type=charset%3Dutf-8&X-atmo-protocol=true&_=1778204461301 HTTP/1.1" 200 -
113.118.4.108 - - [08/May/2026:09:34:19 +0800] "GET /InternetTrading/longpoll/51803?X-Atmosphere-tracking-id=0&X-Atmosphere-Framework=2.2.3-javascript&X-Atmosphere-Transport=long-polling&X-Atmosphere-TrackMessageSize=true&Content-Type=charset%3Dutf-8&X-atmo-protocol=true&_=1778204463231 HTTP/1.1" 200 -
27.38.142.113 - - [08/May/2026:09:34:19 +0800] "GET /InternetTrading/longpoll/53995?X-Atmosphere-tracking-id=0&X-Atmosphere-Framework=2.2.3-javascript&X-Atmosphere-Transport=long-polling&X-Atmosphere-TrackMessageSize=true&Content-Type=charset%3Dutf-8&X-atmo-protocol=true&_=1778204460804 HTTP/1.1" 200 -
113.118.4.108 - - [08/May/2026:09:34:21 +0800] "POST /InternetTrading/SessionErrorLogger HTTP/1.1" 200 117
113.118.4.108 - - [08/May/2026:09:34:21 +0800] "POST /InternetTrading/Heartbeat HTTP/1.1" 200 32
113.118.4.108 - - [08/May/2026:09:34:21 +0800] "POST /InternetTrading/SessionErrorLogger HTTP/1.1" 200 117
113.118.4.108 - - [08/May/2026:09:34:21 +0800] "POST /InternetTrading/MarketStatus HTTP/1.1" 200 772
14.0.230.253 - - [08/May/2026:09:34:22 +0800] "GET /InternetTrading/longpoll/A8127?X-Atmosphere-tracking-id=0&X-Atmosphere-Framework=2.2.3-javascript&X-Atmosphere-Transport=long-polling&X-Atmosphere-TrackMessageSize=true&Content-Type=charset%3Dutf-8&X-atmo-protocol=true&_=1778204466447 HTTP/1.1" 200 -
113.118.4.108 - - [08/May/2026:09:34:25 +0800] "GET /InternetTrading/longpoll/51803?X-Atmosphere-tracking-id=0&X-Atmosphere-Framework=2.2.3-javascript&X-Atmosphere-Transport=long-polling&X-Atmosphere-TrackMessageSize=true&Content-Type=charset%3Dutf-8&X-atmo-protocol=true&_=1778204469234 HTTP/1.1" 200 -
27.38.142.113 - - [08/May/2026:09:34:25 +0800] "GET /InternetTrading/longpoll/53995?X-Atmosphere-tracking-id=0&X-Atmosphere-Framework=2.2.3-javascript&X-Atmosphere-Transport=long-polling&X-Atmosphere-TrackMessageSize=true&Content-Type=charset%3Dutf-8&X-atmo-protocol=true&_=1778204466814 HTTP/1.1" 200 -
14.0.230.253 - - [08/May/2026:09:34:28 +0800] "GET /InternetTrading/longpoll/A8127?X-Atmosphere-tracking-id=0&X-Atmosphere-Framework=2.2.3-javascript&X-Atmosphere-Transport=long-polling&X-Atmosphere-TrackMessageSize=true&Content-Type=charset%3Dutf-8&X-atmo-protocol=true&_=1778204471580 HTTP/1.1" 200 -
45.144.227.8 - - [08/May/2026:09:34:28 +0800] "POST /InternetTrading/SessionErrorLogger HTTP/1.1" 200 117
45.144.227.8 - - [08/May/2026:09:34:28 +0800] "POST /InternetTrading/MarketStatus HTTP/1.1" 200 772
45.144.227.8 - - [08/May/2026:09:34:28 +0800] "POST /InternetTrading/SessionErrorLogger HTTP/1.1" 200 117
45.144.227.8 - - [08/May/2026:09:34:28 +0800] "GET /InternetTrading/longpoll/55511?X-Atmosphere-tracking-id=0&X-Atmosphere-Framework=2.2.3-javascript&X-Atmosphere-Transport=long-polling&X-Atmosphere-TrackMessageSize=true&Content-Type=charset%3Dutf-8&X-atmo-protocol=true&_=1778204472033 HTTP/1.1" 200 -
45.144.227.8 - - [08/May/2026:09:34:28 +0800] "POST /InternetTrading/Heartbeat HTTP/1.1" 200 32
113.118.4.108 - - [08/May/2026:09:34:31 +0800] "GET /InternetTrading/longpoll/51803?X-Atmosphere-tracking-id=0&X-Atmosphere-Framework=2.2.3-javascript&X-Atmosphere-Transport=long-polling&X-Atmosphere-TrackMessageSize=true&Content-Type=charset%3Dutf-8&X-atmo-protocol=true&_=1778204475226 HTTP/1.1" 200 -
27.38.142.113 - - [08/May/2026:09:34:31 +0800] "GET /InternetTrading/longpoll/53995?X-Atmosphere-tracking-id=0&X-Atmosphere-Framework=2.2.3-javascript&X-Atmosphere-Transport=long-polling&X-Atmosphere-TrackMessageSize=true&Content-Type=charset%3Dutf-8&X-atmo-protocol=true&_=1778204472805 HTTP/1.1" 200 -
14.0.230.253 - - [08/May/2026:09:34:33 +0800] "GET /InternetTrading/longpoll/A8127?X-Atmosphere-tracking-id=0&X-Atmosphere-Framework=2.2.3-javascript&X-Atmosphere-Transport=long-polling&X-Atmosphere-TrackMessageSize=true&Content-Type=charset%3Dutf-8&X-atmo-protocol=true&_=1778204476686 HTTP/1.1" 200 -
113.118.4.108 - - [08/May/2026:09:34:37 +0800] "GET /InternetTrading/longpoll/51803?X-Atmosphere-tracking-id=0&X-Atmosphere-Framework=2.2.3-javascript&X-Atmosphere-Transport=long-polling&X-Atmosphere-TrackMessageSize=true&Content-Type=charset%3Dutf-8&X-atmo-protocol=true&_=1778204481237 HTTP/1.1" 200 -
27.38.142.113 - - [08/May/2026:09:34:37 +0800] "GET /InternetTrading/longpoll/53995?X-Atmosphere-tracking-id=0&X-Atmosphere-Framework=2.2.3-javascript&X-Atmosphere-Transport=long-polling&X-Atmosphere-TrackMessageSize=true&Content-Type=charset%3Dutf-8&X-atmo-protocol=true&_=1778204478792 HTTP/1.1" 200 -
14.0.230.253 - - [08/May/2026:09:34:38 +0800] "GET /InternetTrading/longpoll/A8127?X-Atmosphere-tracking-id=0&X-Atmosphere-Framework=2.2.3-javascript&X-Atmosphere-Transport=long-polling&X-Atmosphere-TrackMessageSize=true&Content-Type=charset%3Dutf-8&X-atmo-protocol=true&_=1778204481824 HTTP/1.1" 200 -
45.144.227.8 - - [08/May/2026:09:34:38 +0800] "GET /InternetTrading/longpoll/55511?X-Atmosphere-tracking-id=0&X-Atmosphere-Framework=2.2.3-javascript&X-Atmosphere-Transport=long-polling&X-Atmosphere-TrackMessageSize=true&Content-Type=charset%3Dutf-8&X-atmo-protocol=true&_=1778204482195 HTTP/1.1" 200 -
14.0.230.253 - - [08/May/2026:09:34:39 +0800] "POST /InternetTrading/SessionErrorLogger HTTP/1.1" 200 117
14.0.230.253 - - [08/May/2026:09:34:39 +0800] "POST /InternetTrading/Heartbeat HTTP/1.1" 200 32
14.0.230.253 - - [08/May/2026:09:34:41 +0800] "POST /InternetTrading/SessionErrorLogger HTTP/1.1" 200 117
14.0.230.253 - - [08/May/2026:09:34:41 +0800] "POST /InternetTrading/MarketStatus HTTP/1.1" 200 772
14.0.230.253 - - [08/May/2026:09:34:43 +0800] "GET /InternetTrading/longpoll/A8127?X-Atmosphere-tracking-id=0&X-Atmosphere-Framework=2.2.3-javascript&X-Atmosphere-Transport=long-polling&X-Atmosphere-TrackMessageSize=true&Content-Type=charset%3Dutf-8&X-atmo-protocol=true&_=1778204487056 HTTP/1.1" 200 -
113.118.4.108 - - [08/May/2026:09:34:43 +0800] "GET /InternetTrading/longpoll/51803?X-Atmosphere-tracking-id=0&X-Atmosphere-Framework=2.2.3-javascript&X-Atmosphere-Transport=long-polling&X-Atmosphere-TrackMessageSize=true&Content-Type=charset%3Dutf-8&X-atmo-protocol=true&_=1778204487230 HTTP/1.1" 200 -
27.38.142.113 - - [08/May/2026:09:34:43 +0800] "GET /InternetTrading/longpoll/53995?X-Atmosphere-tracking-id=0&X-Atmosphere-Framework=2.2.3-javascript&X-Atmosphere-Transport=long-polling&X-Atmosphere-TrackMessageSize=true&Content-Type=charset%3Dutf-8&X-atmo-protocol=true&_=1778204484807 HTTP/1.1" 200 -
27.38.142.113 - - [08/May/2026:09:34:45 +0800] "POST /InternetTrading/SessionErrorLogger HTTP/1.1" 200 117
27.38.142.113 - - [08/May/2026:09:34:45 +0800] "POST /InternetTrading/MarketStatus HTTP/1.1" 200 772
27.38.142.113 - - [08/May/2026:09:34:45 +0800] "POST /InternetTrading/SessionErrorLogger HTTP/1.1" 200 117
27.38.142.113 - - [08/May/2026:09:34:45 +0800] "POST /InternetTrading/Heartbeat HTTP/1.1" 200 32
14.0.230.253 - - [08/May/2026:09:34:48 +0800] "GET /InternetTrading/longpoll/A8127?X-Atmosphere-tracking-id=0&X-Atmosphere-Framework=2.2.3-javascript&X-Atmosphere-Transport=long-polling&X-Atmosphere-TrackMessageSize=true&Content-Type=charset%3Dutf-8&X-atmo-protocol=true&_=1778204492095 HTTP/1.1" 200 -
45.144.227.8 - - [08/May/2026:09:34:49 +0800] "GET /InternetTrading/longpoll/55511?X-Atmosphere-tracking-id=0&X-Atmosphere-Framework=2.2.3-javascript&X-Atmosphere-Transport=long-polling&X-Atmosphere-TrackMessageSize=true&Content-Type=charset%3Dutf-8&X-atmo-protocol=true&_=1778204492468 HTTP/1.1" 200 -
27.38.142.113 - - [08/May/2026:09:34:49 +0800] "GET /InternetTrading/longpoll/53995?X-Atmosphere-tracking-id=0&X-Atmosphere-Framework=2.2.3-javascript&X-Atmosphere-Transport=long-polling&X-Atmosphere-TrackMessageSize=true&Content-Type=charset%3Dutf-8&X-atmo-protocol=true&_=1778204490793 HTTP/1.1" 200 -
113.118.4.108 - - [08/May/2026:09:34:49 +0800] "GET /InternetTrading/longpoll/51803?X-Atmosphere-tracking-id=0&X-Atmosphere-Framework=2.2.3-javascript&X-Atmosphere-Transport=long-polling&X-Atmosphere-TrackMessageSize=true&Content-Type=charset%3Dutf-8&X-atmo-protocol=true&_=1778204493228 HTTP/1.1" 200 -
14.0.230.253 - - [08/May/2026:09:34:53 +0800] "GET /InternetTrading/longpoll/A8127?X-Atmosphere-tracking-id=0&X-Atmosphere-Framework=2.2.3-javascript&X-Atmosphere-Transport=long-polling&X-Atmosphere-TrackMessageSize=true&Content-Type=charset%3Dutf-8&X-atmo-protocol=true&_=1778204497328 HTTP/1.1" 200 -
110.81.59.75 - - [08/May/2026:09:34:53 +0800] "POST /InternetTrading/Heartbeat2FAService HTTP/1.1" 200 1
27.38.142.113 - - [08/May/2026:09:34:55 +0800] "GET /InternetTrading/longpoll/53995?X-Atmosphere-tracking-id=0&X-Atmosphere-Framework=2.2.3-javascript&X-Atmosphere-Transport=long-polling&X-Atmosphere-TrackMessageSize=true&Content-Type=charset%3Dutf-8&X-atmo-protocol=true&_=1778204496811 HTTP/1.1" 200 -
113.118.4.108 - - [08/May/2026:09:34:55 +0800] "GET /InternetTrading/longpoll/51803?X-Atmosphere-tracking-id=0&X-Atmosphere-Framework=2.2.3-javascript&X-Atmosphere-Transport=long-polling&X-Atmosphere-TrackMessageSize=true&Content-Type=charset%3Dutf-8&X-atmo-protocol=true&_=1778204499224 HTTP/1.1" 200 -
14.0.230.253 - - [08/May/2026:09:34:58 +0800] "GET /InternetTrading/longpoll/A8127?X-Atmosphere-tracking-id=0&X-Atmosphere-Framework=2.2.3-javascript&X-Atmosphere-Transport=long-polling&X-Atmosphere-TrackMessageSize=true&Content-Type=charset%3Dutf-8&X-atmo-protocol=true&_=1778204502496 HTTP/1.1" 200 -
45.144.227.8 - - [08/May/2026:09:34:59 +0800] "GET /InternetTrading/longpoll/55511?X-Atmosphere-tracking-id=0&X-Atmosphere-Framework=2.2.3-javascript&X-Atmosphere-Transport=long-polling&X-Atmosphere-TrackMessageSize=true&Content-Type=charset%3Dutf-8&X-atmo-protocol=true&_=1778204502740 HTTP/1.1" 200 -
113.118.4.108 - - [08/May/2026:09:35:01 +0800] "GET /InternetTrading/longpoll/51803?X-Atmosphere-tracking-id=0&X-Atmosphere-Framework=2.2.3-javascript&X-Atmosphere-Transport=long-polling&X-Atmosphere-TrackMessageSize=true&Content-Type=charset%3Dutf-8&X-atmo-protocol=true&_=1778204505226 HTTP/1.1" 200 -
27.38.142.113 - - [08/May/2026:09:35:01 +0800] "GET /InternetTrading/longpoll/53995?X-Atmosphere-tracking-id=0&X-Atmosphere-Framework=2.2.3-javascript&X-Atmosphere-Transport=long-polling&X-Atmosphere-TrackMessageSize=true&Content-Type=charset%3Dutf-8&X-atmo-protocol=true&_=1778204502793 HTTP/1.1" 200 -
14.0.230.253 - - [08/May/2026:09:35:04 +0800] "GET /InternetTrading/longpoll/A8127?X-Atmosphere-tracking-id=0&X-Atmosphere-Framework=2.2.3-javascript&X-Atmosphere-Transport=long-polling&X-Atmosphere-TrackMessageSize=true&Content-Type=charset%3Dutf-8&X-atmo-protocol=true&_=1778204507611 HTTP/1.1" 200 -
113.118.4.108 - - [08/May/2026:09:35:07 +0800] "GET /InternetTrading/longpoll/51803?X-Atmosphere-tracking-id=0&X-Atmosphere-Framework=2.2.3-javascript&X-Atmosphere-Transport=long-polling&X-Atmosphere-TrackMessageSize=true&Content-Type=charset%3Dutf-8&X-atmo-protocol=true&_=1778204511232 HTTP/1.1" 200 -
27.38.142.113 - - [08/May/2026:09:35:07 +0800] "GET /InternetTrading/longpoll/53995?X-Atmosphere-tracking-id=0&X-Atmosphere-Framework=2.2.3-javascript&X-Atmosphere-Transport=long-polling&X-Atmosphere-TrackMessageSize=true&Content-Type=charset%3Dutf-8&X-atmo-protocol=true&_=1778204508794 HTTP/1.1" 200 -
14.0.230.253 - - [08/May/2026:09:35:09 +0800] "GET /InternetTrading/longpoll/A8127?X-Atmosphere-tracking-id=0&X-Atmosphere-Framework=2.2.3-javascript&X-Atmosphere-Transport=long-polling&X-Atmosphere-TrackMessageSize=true&Content-Type=charset%3Dutf-8&X-atmo-protocol=true&_=1778204512706 HTTP/1.1" 200 -
14.0.230.253 - - [08/May/2026:09:35:09 +0800] "POST /InternetTrading/SessionErrorLogger HTTP/1.1" 200 117
14.0.230.253 - - [08/May/2026:09:35:09 +0800] "POST /InternetTrading/Heartbeat HTTP/1.1" 200 32
45.144.227.8 - - [08/May/2026:09:35:09 +0800] "GET /InternetTrading/longpoll/55511?X-Atmosphere-tracking-id=0&X-Atmosphere-Framework=2.2.3-javascript&X-Atmosphere-Transport=long-polling&X-Atmosphere-TrackMessageSize=true&Content-Type=charset%3Dutf-8&X-atmo-protocol=true&_=1778204513001 HTTP/1.1" 200 -
14.0.230.253 - - [08/May/2026:09:35:11 +0800] "POST /InternetTrading/SessionErrorLogger HTTP/1.1" 200 117
14.0.230.253 - - [08/May/2026:09:35:11 +0800] "POST /InternetTrading/MarketStatus HTTP/1.1" 200 772
113.118.4.108 - - [08/May/2026:09:35:13 +0800] "GET /InternetTrading/longpoll/51803?X-Atmosphere-tracking-id=0&X-Atmosphere-Framework=2.2.3-javascript&X-Atmosphere-Transport=long-polling&X-Atmosphere-TrackMessageSize=true&Content-Type=charset%3Dutf-8&X-atmo-protocol=true&_=1778204517237 HTTP/1.1" 200 -
27.38.142.113 - - [08/May/2026:09:35:13 +0800] "GET /InternetTrading/longpoll/53995?X-Atmosphere-tracking-id=0&X-Atmosphere-Framework=2.2.3-javascript&X-Atmosphere-Transport=long-polling&X-Atmosphere-TrackMessageSize=true&Content-Type=charset%3Dutf-8&X-atmo-protocol=true&_=1778204514792 HTTP/1.1" 200 -
14.0.230.253 - - [08/May/2026:09:35:14 +0800] "GET /InternetTrading/longpoll/A8127?X-Atmosphere-tracking-id=0&X-Atmosphere-Framework=2.2.3-javascript&X-Atmosphere-Transport=long-polling&X-Atmosphere-TrackMessageSize=true&Content-Type=charset%3Dutf-8&X-atmo-protocol=true&_=1778204517826 HTTP/1.1" 200 -
45.144.227.8 - - [08/May/2026:09:35:15 +0800] "GET /InternetTrading/longpoll/55511?X-Atmosphere-tracking-id=0&X-Atmosphere-Framework=2.2.3-javascript&X-Atmosphere-Transport=long-polling&X-Atmosphere-TrackMessageSize=true&Content-Type=charset%3Dutf-8&X-atmo-protocol=true&_=1778204518855 HTTP/1.1" 200 -
113.118.4.108 - - [08/May/2026:09:35:19 +0800] "GET /InternetTrading/longpoll/51803?X-Atmosphere-tracking-id=0&X-Atmosphere-Framework=2.2.3-javascript&X-Atmosphere-Transport=long-polling&X-Atmosphere-TrackMessageSize=true&Content-Type=charset%3Dutf-8&X-atmo-protocol=true&_=1778204523233 HTTP/1.1" 200 -
14.0.230.253 - - [08/May/2026:09:35:19 +0800] "GET /InternetTrading/longpoll/A8127?X-Atmosphere-tracking-id=0&X-Atmosphere-Framework=2.2.3-javascript&X-Atmosphere-Transport=long-polling&X-Atmosphere-TrackMessageSize=true&Content-Type=charset%3Dutf-8&X-atmo-protocol=true&_=1778204522985 HTTP/1.1" 200 -
27.38.142.113 - - [08/May/2026:09:35:19 +0800] "GET /InternetTrading/longpoll/53995?X-Atmosphere-tracking-id=0&X-Atmosphere-Framework=2.2.3-javascript&X-Atmosphere-Transport=long-polling&X-Atmosphere-TrackMessageSize=true&Content-Type=charset%3Dutf-8&X-atmo-protocol=true&_=1778204520792 HTTP/1.1" 200 -
113.118.4.108 - - [08/May/2026:09:35:21 +0800] "POST /InternetTrading/SessionErrorLogger HTTP/1.1" 200 117
113.118.4.108 - - [08/May/2026:09:35:21 +0800] "POST /InternetTrading/Heartbeat HTTP/1.1" 200 32
113.118.4.108 - - [08/May/2026:09:35:21 +0800] "POST /InternetTrading/SessionErrorLogger HTTP/1.1" 200 117
113.118.4.108 - - [08/May/2026:09:35:21 +0800] "POST /InternetTrading/MarketStatus HTTP/1.1" 200 772
14.0.230.253 - - [08/May/2026:09:35:24 +0800] "GET /InternetTrading/longpoll/A8127?X-Atmosphere-tracking-id=0&X-Atmosphere-Framework=2.2.3-javascript&X-Atmosphere-Transport=long-polling&X-Atmosphere-TrackMessageSize=true&Content-Type=charset%3Dutf-8&X-atmo-protocol=true&_=1778204528181 HTTP/1.1" 200 -
113.118.4.108 - - [08/May/2026:09:35:25 +0800] "GET /InternetTrading/longpoll/51803?X-Atmosphere-tracking-id=0&X-Atmosphere-Framework=2.2.3-javascript&X-Atmosphere-Transport=long-polling&X-Atmosphere-TrackMessageSize=true&Content-Type=charset%3Dutf-8&X-atmo-protocol=true&_=1778204529229 HTTP/1.1" 200 -
27.38.142.113 - - [08/May/2026:09:35:25 +0800] "GET /InternetTrading/longpoll/53995?X-Atmosphere-tracking-id=0&X-Atmosphere-Framework=2.2.3-javascript&X-Atmosphere-Transport=long-polling&X-Atmosphere-TrackMessageSize=true&Content-Type=charset%3Dutf-8&X-atmo-protocol=true&_=1778204526793 HTTP/1.1" 200 -
45.144.227.8 - - [08/May/2026:09:35:25 +0800] "POST /InternetTrading/SessionErrorLogger HTTP/1.1" 200 117
45.144.227.8 - - [08/May/2026:09:35:25 +0800] "POST /InternetTrading/MarketStatus HTTP/1.1" 200 772
45.144.227.8 - - [08/May/2026:09:35:25 +0800] "POST /InternetTrading/SessionErrorLogger HTTP/1.1" 200 117
45.144.227.8 - - [08/May/2026:09:35:25 +0800] "GET /InternetTrading/longpoll/55511?X-Atmosphere-tracking-id=0&X-Atmosphere-Framework=2.2.3-javascript&X-Atmosphere-Transport=long-polling&X-Atmosphere-TrackMessageSize=true&Content-Type=charset%3Dutf-8&X-atmo-protocol=true&_=1778204529419 HTTP/1.1" 200 -
45.144.227.8 - - [08/May/2026:09:35:25 +0800] "POST /InternetTrading/Heartbeat HTTP/1.1" 200 32
14.0.230.253 - - [08/May/2026:09:35:29 +0800] "GET /InternetTrading/longpoll/A8127?X-Atmosphere-tracking-id=0&X-Atmosphere-Framework=2.2.3-javascript&X-Atmosphere-Transport=long-polling&X-Atmosphere-TrackMessageSize=true&Content-Type=charset%3Dutf-8&X-atmo-protocol=true&_=1778204533341 HTTP/1.1" 200 -
113.118.4.108 - - [08/May/2026:09:35:31 +0800] "GET /InternetTrading/longpoll/51803?X-Atmosphere-tracking-id=0&X-Atmosphere-Framework=2.2.3-javascript&X-Atmosphere-Transport=long-polling&X-Atmosphere-TrackMessageSize=true&Content-Type=charset%3Dutf-8&X-atmo-protocol=true&_=1778204535236 HTTP/1.1" 200 -
27.38.142.113 - - [08/May/2026:09:35:31 +0800] "GET /InternetTrading/longpoll/53995?X-Atmosphere-tracking-id=0&X-Atmosphere-Framework=2.2.3-javascript&X-Atmosphere-Transport=long-polling&X-Atmosphere-TrackMessageSize=true&Content-Type=charset%3Dutf-8&X-atmo-protocol=true&_=1778204532807 HTTP/1.1" 200 -
14.0.230.253 - - [08/May/2026:09:35:34 +0800] "GET /InternetTrading/longpoll/A8127?X-Atmosphere-tracking-id=0&X-Atmosphere-Framework=2.2.3-javascript&X-Atmosphere-Transport=long-polling&X-Atmosphere-TrackMessageSize=true&Content-Type=charset%3Dutf-8&X-atmo-protocol=true&_=1778204538468 HTTP/1.1" 200 -
45.144.227.8 - - [08/May/2026:09:35:36 +0800] "GET /InternetTrading/longpoll/55511?X-Atmosphere-tracking-id=0&X-Atmosphere-Framework=2.2.3-javascript&X-Atmosphere-Transport=long-polling&X-Atmosphere-TrackMessageSize=true&Content-Type=charset%3Dutf-8&X-atmo-protocol=true&_=1778204539521 HTTP/1.1" 200 -
113.118.4.108 - - [08/May/2026:09:35:37 +0800] "GET /InternetTrading/longpoll/51803?X-Atmosphere-tracking-id=0&X-Atmosphere-Framework=2.2.3-javascript&X-Atmosphere-Transport=long-polling&X-Atmosphere-TrackMessageSize=true&Content-Type=charset%3Dutf-8&X-atmo-protocol=true&_=1778204541233 HTTP/1.1" 200 -
27.38.142.113 - - [08/May/2026:09:35:37 +0800] "GET /InternetTrading/longpoll/53995?X-Atmosphere-tracking-id=0&X-Atmosphere-Framework=2.2.3-javascript&X-Atmosphere-Transport=long-polling&X-Atmosphere-TrackMessageSize=true&Content-Type=charset%3Dutf-8&X-atmo-protocol=true&_=1778204538791 HTTP/1.1" 200 -
14.0.230.253 - - [08/May/2026:09:35:39 +0800] "POST /InternetTrading/SessionErrorLogger HTTP/1.1" 200 117
14.0.230.253 - - [08/May/2026:09:35:39 +0800] "POST /InternetTrading/Heartbeat HTTP/1.1" 200 32
14.0.230.253 - - [08/May/2026:09:35:40 +0800] "GET /InternetTrading/longpoll/A8127?X-Atmosphere-tracking-id=0&X-Atmosphere-Framework=2.2.3-javascript&X-Atmosphere-Transport=long-polling&X-Atmosphere-TrackMessageSize=true&Content-Type=charset%3Dutf-8&X-atmo-protocol=true&_=1778204543583 HTTP/1.1" 200 -
14.0.230.253 - - [08/May/2026:09:35:41 +0800] "POST /InternetTrading/SessionErrorLogger HTTP/1.1" 200 117
14.0.230.253 - - [08/May/2026:09:35:41 +0800] "POST /InternetTrading/MarketStatus HTTP/1.1" 200 772
113.118.4.108 - - [08/May/2026:09:35:43 +0800] "GET /InternetTrading/longpoll/51803?X-Atmosphere-tracking-id=0&X-Atmosphere-Framework=2.2.3-javascript&X-Atmosphere-Transport=long-polling&X-Atmosphere-TrackMessageSize=true&Content-Type=charset%3Dutf-8&X-atmo-protocol=true&_=1778204547231 HTTP/1.1" 200 -
27.38.142.113 - - [08/May/2026:09:35:43 +0800] "GET /InternetTrading/longpoll/53995?X-Atmosphere-tracking-id=0&X-Atmosphere-Framework=2.2.3-javascript&X-Atmosphere-Transport=long-polling&X-Atmosphere-TrackMessageSize=true&Content-Type=charset%3Dutf-8&X-atmo-protocol=true&_=1778204544792 HTTP/1.1" 200 -
27.38.142.113 - - [08/May/2026:09:35:45 +0800] "POST /InternetTrading/SessionErrorLogger HTTP/1.1" 200 117
27.38.142.113 - - [08/May/2026:09:35:45 +0800] "POST /InternetTrading/MarketStatus HTTP/1.1" 200 772
14.0.230.253 - - [08/May/2026:09:35:45 +0800] "GET /InternetTrading/longpoll/A8127?X-Atmosphere-tracking-id=0&X-Atmosphere-Framework=2.2.3-javascript&X-Atmosphere-Transport=long-polling&X-Atmosphere-TrackMessageSize=true&Content-Type=charset%3Dutf-8&X-atmo-protocol=true&_=1778204548672 HTTP/1.1" 200 -
27.38.142.113 - - [08/May/2026:09:35:45 +0800] "POST /InternetTrading/SessionErrorLogger HTTP/1.1" 200 117
27.38.142.113 - - [08/May/2026:09:35:45 +0800] "POST /InternetTrading/Heartbeat HTTP/1.1" 200 32
45.144.227.8 - - [08/May/2026:09:35:46 +0800] "GET /InternetTrading/longpoll/55511?X-Atmosphere-tracking-id=0&X-Atmosphere-Framework=2.2.3-javascript&X-Atmosphere-Transport=long-polling&X-Atmosphere-TrackMessageSize=true&Content-Type=charset%3Dutf-8&X-atmo-protocol=true&_=1778204549788 HTTP/1.1" 200 -
110.81.59.75 - - [08/May/2026:09:35:47 +0800] "POST /InternetTrading/Heartbeat2FAService HTTP/1.1" 200 1
27.38.142.113 - - [08/May/2026:09:35:49 +0800] "GET /InternetTrading/longpoll/53995?X-Atmosphere-tracking-id=0&X-Atmosphere-Framework=2.2.3-javascript&X-Atmosphere-Transport=long-polling&X-Atmosphere-TrackMessageSize=true&Content-Type=charset%3Dutf-8&X-atmo-protocol=true&_=1778204550807 HTTP/1.1" 200 -
113.118.4.108 - - [08/May/2026:09:35:49 +0800] "GET /InternetTrading/longpoll/51803?X-Atmosphere-tracking-id=0&X-Atmosphere-Framework=2.2.3-javascript&X-Atmosphere-Transport=long-polling&X-Atmosphere-TrackMessageSize=true&Content-Type=charset%3Dutf-8&X-atmo-protocol=true&_=1778204553238 HTTP/1.1" 200 -
110.81.59.75 - - [08/May/2026:09:35:49 +0800] "POST /InternetTrading/Resend2FAService HTTP/1.1" 200 -
14.0.230.253 - - [08/May/2026:09:35:50 +0800] "GET /InternetTrading/longpoll/A8127?X-Atmosphere-tracking-id=0&X-Atmosphere-Framework=2.2.3-javascript&X-Atmosphere-Transport=long-polling&X-Atmosphere-TrackMessageSize=true&Content-Type=charset%3Dutf-8&X-atmo-protocol=true&_=1778204553787 HTTP/1.1" 200 -
27.38.142.113 - - [08/May/2026:09:35:55 +0800] "GET /InternetTrading/longpoll/53995?X-Atmosphere-tracking-id=0&X-Atmosphere-Framework=2.2.3-javascript&X-Atmosphere-Transport=long-polling&X-Atmosphere-TrackMessageSize=true&Content-Type=charset%3Dutf-8&X-atmo-protocol=true&_=1778204556792 HTTP/1.1" 200 -
14.0.230.253 - - [08/May/2026:09:35:55 +0800] "GET /InternetTrading/longpoll/A8127?X-Atmosphere-tracking-id=0&X-Atmosphere-Framework=2.2.3-javascript&X-Atmosphere-Transport=long-polling&X-Atmosphere-TrackMessageSize=true&Content-Type=charset%3Dutf-8&X-atmo-protocol=true&_=1778204558898 HTTP/1.1" 200 -
113.118.4.108 - - [08/May/2026:09:35:55 +0800] "GET /InternetTrading/longpoll/51803?X-Atmosphere-tracking-id=0&X-Atmosphere-Framework=2.2.3-javascript&X-Atmosphere-Transport=long-polling&X-Atmosphere-TrackMessageSize=true&Content-Type=charset%3Dutf-8&X-atmo-protocol=true&_=1778204559224 HTTP/1.1" 200 -
45.144.227.8 - - [08/May/2026:09:35:56 +0800] "GET /InternetTrading/longpoll/55511?X-Atmosphere-tracking-id=0&X-Atmosphere-Framework=2.2.3-javascript&X-Atmosphere-Transport=long-polling&X-Atmosphere-TrackMessageSize=true&Content-Type=charset%3Dutf-8&X-atmo-protocol=true&_=1778204560045 HTTP/1.1" 200 -
14.0.230.253 - - [08/May/2026:09:36:00 +0800] "GET /InternetTrading/longpoll/A8127?X-Atmosphere-tracking-id=0&X-Atmosphere-Framework=2.2.3-javascript&X-Atmosphere-Transport=long-polling&X-Atmosphere-TrackMessageSize=true&Content-Type=charset%3Dutf-8&X-atmo-protocol=true&_=1778204564064 HTTP/1.1" 200 -
113.118.4.108 - - [08/May/2026:09:36:01 +0800] "GET /InternetTrading/longpoll/51803?X-Atmosphere-tracking-id=0&X-Atmosphere-Framework=2.2.3-javascript&X-Atmosphere-Transport=long-polling&X-Atmosphere-TrackMessageSize=true&Content-Type=charset%3Dutf-8&X-atmo-protocol=true&_=1778204565235 HTTP/1.1" 200 -
27.38.142.113 - - [08/May/2026:09:36:01 +0800] "GET /InternetTrading/longpoll/53995?X-Atmosphere-tracking-id=0&X-Atmosphere-Framework=2.2.3-javascript&X-Atmosphere-Transport=long-polling&X-Atmosphere-TrackMessageSize=true&Content-Type=charset%3Dutf-8&X-atmo-protocol=true&_=1778204562793 HTTP/1.1" 200 -
14.0.230.253 - - [08/May/2026:09:36:05 +0800] "GET /InternetTrading/longpoll/A8127?X-Atmosphere-tracking-id=0&X-Atmosphere-Framework=2.2.3-javascript&X-Atmosphere-Transport=long-polling&X-Atmosphere-TrackMessageSize=true&Content-Type=charset%3Dutf-8&X-atmo-protocol=true&_=1778204569201 HTTP/1.1" 200 -
45.144.227.8 - - [08/May/2026:09:36:06 +0800] "GET /InternetTrading/longpoll/55511?X-Atmosphere-tracking-id=0&X-Atmosphere-Framework=2.2.3-javascript&X-Atmosphere-Transport=long-polling&X-Atmosphere-TrackMessageSize=true&Content-Type=charset%3Dutf-8&X-atmo-protocol=true&_=1778204570313 HTTP/1.1" 200 -
113.118.4.108 - - [08/May/2026:09:36:07 +0800] "GET /InternetTrading/longpoll/51803?X-Atmosphere-tracking-id=0&X-Atmosphere-Framework=2.2.3-javascript&X-Atmosphere-Transport=long-polling&X-Atmosphere-TrackMessageSize=true&Content-Type=charset%3Dutf-8&X-atmo-protocol=true&_=1778204571231 HTTP/1.1" 200 -
27.38.142.113 - - [08/May/2026:09:36:07 +0800] "GET /InternetTrading/longpoll/53995?X-Atmosphere-tracking-id=0&X-Atmosphere-Framework=2.2.3-javascript&X-Atmosphere-Transport=long-polling&X-Atmosphere-TrackMessageSize=true&Content-Type=charset%3Dutf-8&X-atmo-protocol=true&_=1778204568792 HTTP/1.1" 200 -
14.0.230.253 - - [08/May/2026:09:36:09 +0800] "POST /InternetTrading/SessionErrorLogger HTTP/1.1" 200 117
14.0.230.253 - - [08/May/2026:09:36:09 +0800] "POST /InternetTrading/Heartbeat HTTP/1.1" 200 32
14.0.230.253 - - [08/May/2026:09:36:10 +0800] "GET /InternetTrading/longpoll/A8127?X-Atmosphere-tracking-id=0&X-Atmosphere-Framework=2.2.3-javascript&X-Atmosphere-Transport=long-polling&X-Atmosphere-TrackMessageSize=true&Content-Type=charset%3Dutf-8&X-atmo-protocol=true&_=1778204574303 HTTP/1.1" 200 -
14.0.230.253 - - [08/May/2026:09:36:11 +0800] "POST /InternetTrading/SessionErrorLogger HTTP/1.1" 200 117
14.0.230.253 - - [08/May/2026:09:36:11 +0800] "POST /InternetTrading/MarketStatus HTTP/1.1" 200 772
113.118.4.108 - - [08/May/2026:09:36:13 +0800] "GET /InternetTrading/longpoll/51803?X-Atmosphere-tracking-id=0&X-Atmosphere-Framework=2.2.3-javascript&X-Atmosphere-Transport=long-polling&X-Atmosphere-TrackMessageSize=true&Content-Type=charset%3Dutf-8&X-atmo-protocol=true&_=1778204577230 HTTP/1.1" 200 -
27.38.142.113 - - [08/May/2026:09:36:13 +0800] "GET /InternetTrading/longpoll/53995?X-Atmosphere-tracking-id=0&X-Atmosphere-Framework=2.2.3-javascript&X-Atmosphere-Transport=long-polling&X-Atmosphere-TrackMessageSize=true&Content-Type=charset%3Dutf-8&X-atmo-protocol=true&_=1778204574806 HTTP/1.1" 200 -
45.144.227.8 - - [08/May/2026:09:36:15 +0800] "GET /InternetTrading/longpoll/55511?X-Atmosphere-tracking-id=0&X-Atmosphere-Framework=2.2.3-javascript&X-Atmosphere-Transport=long-polling&X-Atmosphere-TrackMessageSize=true&Content-Type=charset%3Dutf-8&X-atmo-protocol=true&_=1778204578773 HTTP/1.1" 200 -
14.0.230.253 - - [08/May/2026:09:36:15 +0800] "GET /InternetTrading/longpoll/A8127?X-Atmosphere-tracking-id=0&X-Atmosphere-Framework=2.2.3-javascript&X-Atmosphere-Transport=long-polling&X-Atmosphere-TrackMessageSize=true&Content-Type=charset%3Dutf-8&X-atmo-protocol=true&_=1778204579368 HTTP/1.1" 200 -
110.81.59.75 - - [08/May/2026:09:36:17 +0800] "POST /InternetTrading/Heartbeat2FAService HTTP/1.1" 200 1
113.118.4.108 - - [08/May/2026:09:36:19 +0800] "GET /InternetTrading/longpoll/51803?X-Atmosphere-tracking-id=0&X-Atmosphere-Framework=2.2.3-javascript&X-Atmosphere-Transport=long-polling&X-Atmosphere-TrackMessageSize=true&Content-Type=charset%3Dutf-8&X-atmo-protocol=true&_=1778204583227 HTTP/1.1" 200 -
27.38.142.113 - - [08/May/2026:09:36:19 +0800] "GET /InternetTrading/longpoll/53995?X-Atmosphere-tracking-id=0&X-Atmosphere-Framework=2.2.3-javascript&X-Atmosphere-Transport=long-polling&X-Atmosphere-TrackMessageSize=true&Content-Type=charset%3Dutf-8&X-atmo-protocol=true&_=1778204580791 HTTP/1.1" 200 -
14.0.230.253 - - [08/May/2026:09:36:21 +0800] "GET /InternetTrading/longpoll/A8127?X-Atmosphere-tracking-id=0&X-Atmosphere-Framework=2.2.3-javascript&X-Atmosphere-Transport=long-polling&X-Atmosphere-TrackMessageSize=true&Content-Type=charset%3Dutf-8&X-atmo-protocol=true&_=1778204584422 HTTP/1.1" 200 -
113.118.4.108 - - [08/May/2026:09:36:21 +0800] "POST /InternetTrading/SessionErrorLogger HTTP/1.1" 200 117
113.118.4.108 - - [08/May/2026:09:36:21 +0800] "POST /InternetTrading/Heartbeat HTTP/1.1" 200 32
113.118.4.108 - - [08/May/2026:09:36:21 +0800] "POST /InternetTrading/SessionErrorLogger HTTP/1.1" 200 117
113.118.4.108 - - [08/May/2026:09:36:21 +0800] "POST /InternetTrading/MarketStatus HTTP/1.1" 200 772
113.118.4.108 - - [08/May/2026:09:36:25 +0800] "GET /InternetTrading/longpoll/51803?X-Atmosphere-tracking-id=0&X-Atmosphere-Framework=2.2.3-javascript&X-Atmosphere-Transport=long-polling&X-Atmosphere-TrackMessageSize=true&Content-Type=charset%3Dutf-8&X-atmo-protocol=true&_=1778204589232 HTTP/1.1" 200 -
27.38.142.113 - - [08/May/2026:09:36:25 +0800] "GET /InternetTrading/longpoll/53995?X-Atmosphere-tracking-id=0&X-Atmosphere-Framework=2.2.3-javascript&X-Atmosphere-Transport=long-polling&X-Atmosphere-TrackMessageSize=true&Content-Type=charset%3Dutf-8&X-atmo-protocol=true&_=1778204586792 HTTP/1.1" 200 -
14.0.230.253 - - [08/May/2026:09:36:26 +0800] "GET /InternetTrading/longpoll/A8127?X-Atmosphere-tracking-id=0&X-Atmosphere-Framework=2.2.3-javascript&X-Atmosphere-Transport=long-polling&X-Atmosphere-TrackMessageSize=true&Content-Type=charset%3Dutf-8&X-atmo-protocol=true&_=1778204589622 HTTP/1.1" 200 -
45.144.227.8 - - [08/May/2026:09:36:28 +0800] "POST /InternetTrading/SessionErrorLogger HTTP/1.1" 200 117
45.144.227.8 - - [08/May/2026:09:36:28 +0800] "POST /InternetTrading/MarketStatus HTTP/1.1" 200 772
45.144.227.8 - - [08/May/2026:09:36:28 +0800] "POST /InternetTrading/SessionErrorLogger HTTP/1.1" 200 117
45.144.227.8 - - [08/May/2026:09:36:28 +0800] "GET /InternetTrading/longpoll/55511?X-Atmosphere-tracking-id=0&X-Atmosphere-Framework=2.2.3-javascript&X-Atmosphere-Transport=long-polling&X-Atmosphere-TrackMessageSize=true&Content-Type=charset%3Dutf-8&X-atmo-protocol=true&_=1778204592039 HTTP/1.1" 200 -
45.144.227.8 - - [08/May/2026:09:36:28 +0800] "POST /InternetTrading/Heartbeat HTTP/1.1" 200 32
14.0.230.253 - - [08/May/2026:09:36:31 +0800] "GET /InternetTrading/longpoll/A8127?X-Atmosphere-tracking-id=0&X-Atmosphere-Framework=2.2.3-javascript&X-Atmosphere-Transport=long-polling&X-Atmosphere-TrackMessageSize=true&Content-Type=charset%3Dutf-8&X-atmo-protocol=true&_=1778204594797 HTTP/1.1" 200 -
113.118.4.108 - - [08/May/2026:09:36:31 +0800] "GET /InternetTrading/longpoll/51803?X-Atmosphere-tracking-id=0&X-Atmosphere-Framework=2.2.3-javascript&X-Atmosphere-Transport=long-polling&X-Atmosphere-TrackMessageSize=true&Content-Type=charset%3Dutf-8&X-atmo-protocol=true&_=1778204595236 HTTP/1.1" 200 -
27.38.142.113 - - [08/May/2026:09:36:31 +0800] "GET /InternetTrading/longpoll/53995?X-Atmosphere-tracking-id=0&X-Atmosphere-Framework=2.2.3-javascript&X-Atmosphere-Transport=long-polling&X-Atmosphere-TrackMessageSize=true&Content-Type=charset%3Dutf-8&X-atmo-protocol=true&_=1778204592792 HTTP/1.1" 200 -
110.81.59.75 - - [08/May/2026:09:36:32 +0800] "GET /InternetTrading/jquery/wait.gif HTTP/1.1" 200 432
110.81.59.75 - - [08/May/2026:09:36:32 +0800] "POST /InternetTrading/Verify2FAService HTTP/1.1" 200 421
110.81.59.75 - - [08/May/2026:09:36:32 +0800] "GET /InternetTrading/tc/main.html?language=tc&version=HTML HTTP/1.1" 200 3578
110.81.59.75 - - [08/May/2026:09:36:33 +0800] "GET /InternetTrading/jquery/ui.datepicker.css HTTP/1.1" 200 1145
110.81.59.75 - - [08/May/2026:09:36:33 +0800] "GET /InternetTrading/jquery/jquery.tablesorter-theme.blue.css HTTP/1.1" 200 2083
110.81.59.75 - - [08/May/2026:09:36:33 +0800] "GET /InternetTrading/jquery/dragtable-2.0.9.css HTTP/1.1" 200 316
110.81.59.75 - - [08/May/2026:09:36:33 +0800] "GET /InternetTrading/jquery/jquery-ui-1.10.3.css HTTP/1.1" 200 5283
110.81.59.75 - - [08/May/2026:09:36:33 +0800] "GET /InternetTrading/tc/style_common.css?v=20200819161914 HTTP/1.1" 200 2540
110.81.59.75 - - [08/May/2026:09:36:33 +0800] "GET /InternetTrading/tc/css/jquery.jscrollpane.css HTTP/1.1" 404 690
110.81.59.75 - - [08/May/2026:09:36:33 +0800] "GET /InternetTrading/tc/style.css?v=20200819161914 HTTP/1.1" 200 1435
110.81.59.75 - - [08/May/2026:09:36:33 +0800] "GET /InternetTrading/jquery/jquery.ba-postmessage.js HTTP/1.1" 200 2990
110.81.59.75 - - [08/May/2026:09:36:33 +0800] "GET /InternetTrading/js/aastock.js HTTP/1.1" 200 553
110.81.59.75 - - [08/May/2026:09:36:33 +0800] "GET /InternetTrading/jquery/jquery-1.6.3.min.js HTTP/1.1" 200 32057
110.81.59.75 - - [08/May/2026:09:36:33 +0800] "GET /InternetTrading/jquery/jquery-migrate-3.0.0.js HTTP/1.1" 200 4963
