45.144.227.8 - - [08/May/2026:09:29:56 +0800] "GET /InternetTrading/longpoll/55511?X-Atmosphere-tracking-id=0&X-Atmosphere-Framework=2.2.3-javascript&X-Atmosphere-Transport=long-polling&X-Atmosphere-TrackMessageSize=true&Content-Type=charset%3Dutf-8&X-atmo-protocol=true&_=1778204199888 HTTP/1.1" 200 -
14.0.230.253 - - [08/May/2026:09:29:56 +0800] "GET /InternetTrading/longpoll/A8127?X-Atmosphere-tracking-id=0&X-Atmosphere-Framework=2.2.3-javascript&X-Atmosphere-Transport=long-polling&X-Atmosphere-TrackMessageSize=true&Content-Type=charset%3Dutf-8&X-atmo-protocol=true&_=1778204200202 HTTP/1.1" 200 -
27.38.142.113 - - [08/May/2026:09:29:57 +0800] "GET /InternetTrading/longpoll/53995?X-Atmosphere-tracking-id=0&X-Atmosphere-Framework=2.2.3-javascript&X-Atmosphere-Transport=long-polling&X-Atmosphere-TrackMessageSize=true&Content-Type=charset%3Dutf-8&X-atmo-protocol=true&_=1778204198803 HTTP/1.1" 200 -
113.118.4.108 - - [08/May/2026:09:29:58 +0800] "GET /InternetTrading/longpoll/51803?X-Atmosphere-tracking-id=0&X-Atmosphere-Framework=2.2.3-javascript&X-Atmosphere-Transport=long-polling&X-Atmosphere-TrackMessageSize=true&Content-Type=charset%3Dutf-8&X-atmo-protocol=true&_=1778204202230 HTTP/1.1" 200 -
113.118.4.108 - - [08/May/2026:09:30:01 +0800] "POST /InternetTrading/SessionErrorLogger HTTP/1.1" 200 117
113.118.4.108 - - [08/May/2026:09:30:01 +0800] "POST /InternetTrading/Heartbeat HTTP/1.1" 200 32
113.118.4.108 - - [08/May/2026:09:30:01 +0800] "POST /InternetTrading/SessionErrorLogger HTTP/1.1" 200 117
113.118.4.108 - - [08/May/2026:09:30:01 +0800] "POST /InternetTrading/MarketStatus HTTP/1.1" 200 772
14.0.230.253 - - [08/May/2026:09:30:01 +0800] "GET /InternetTrading/longpoll/A8127?X-Atmosphere-tracking-id=0&X-Atmosphere-Framework=2.2.3-javascript&X-Atmosphere-Transport=long-polling&X-Atmosphere-TrackMessageSize=true&Content-Type=charset%3Dutf-8&X-atmo-protocol=true&_=1778204205331 HTTP/1.1" 200 -
27.38.142.113 - - [08/May/2026:09:30:03 +0800] "GET /InternetTrading/longpoll/53995?X-Atmosphere-tracking-id=0&X-Atmosphere-Framework=2.2.3-javascript&X-Atmosphere-Transport=long-polling&X-Atmosphere-TrackMessageSize=true&Content-Type=charset%3Dutf-8&X-atmo-protocol=true&_=1778204204816 HTTP/1.1" 200 -
113.118.4.108 - - [08/May/2026:09:30:04 +0800] "GET /InternetTrading/longpoll/51803?X-Atmosphere-tracking-id=0&X-Atmosphere-Framework=2.2.3-javascript&X-Atmosphere-Transport=long-polling&X-Atmosphere-TrackMessageSize=true&Content-Type=charset%3Dutf-8&X-atmo-protocol=true&_=1778204208238 HTTP/1.1" 200 -
45.144.227.8 - - [08/May/2026:09:30:06 +0800] "POST /InternetTrading/SessionErrorLogger HTTP/1.1" 200 117
45.144.227.8 - - [08/May/2026:09:30:06 +0800] "GET /InternetTrading/longpoll/55511?X-Atmosphere-tracking-id=0&X-Atmosphere-Framework=2.2.3-javascript&X-Atmosphere-Transport=long-polling&X-Atmosphere-TrackMessageSize=true&Content-Type=charset%3Dutf-8&X-atmo-protocol=true&_=1778204210050 HTTP/1.1" 200 -
45.144.227.8 - - [08/May/2026:09:30:06 +0800] "POST /InternetTrading/Heartbeat HTTP/1.1" 200 32
14.0.230.253 - - [08/May/2026:09:30:06 +0800] "GET /InternetTrading/longpoll/A8127?X-Atmosphere-tracking-id=0&X-Atmosphere-Framework=2.2.3-javascript&X-Atmosphere-Transport=long-polling&X-Atmosphere-TrackMessageSize=true&Content-Type=charset%3Dutf-8&X-atmo-protocol=true&_=1778204210451 HTTP/1.1" 200 -
14.0.230.253 - - [08/May/2026:09:30:08 +0800] "POST /InternetTrading/SessionErrorLogger HTTP/1.1" 200 117
14.0.230.253 - - [08/May/2026:09:30:08 +0800] "POST /InternetTrading/Heartbeat HTTP/1.1" 200 32
27.38.142.113 - - [08/May/2026:09:30:09 +0800] "GET /InternetTrading/longpoll/53995?X-Atmosphere-tracking-id=0&X-Atmosphere-Framework=2.2.3-javascript&X-Atmosphere-Transport=long-polling&X-Atmosphere-TrackMessageSize=true&Content-Type=charset%3Dutf-8&X-atmo-protocol=true&_=1778204210795 HTTP/1.1" 200 -
113.118.4.108 - - [08/May/2026:09:30:10 +0800] "GET /InternetTrading/longpoll/51803?X-Atmosphere-tracking-id=0&X-Atmosphere-Framework=2.2.3-javascript&X-Atmosphere-Transport=long-polling&X-Atmosphere-TrackMessageSize=true&Content-Type=charset%3Dutf-8&X-atmo-protocol=true&_=1778204214229 HTTP/1.1" 200 -
14.0.230.253 - - [08/May/2026:09:30:10 +0800] "POST /InternetTrading/SessionErrorLogger HTTP/1.1" 200 117
14.0.230.253 - - [08/May/2026:09:30:10 +0800] "POST /InternetTrading/MarketStatus HTTP/1.1" 200 772
14.0.230.253 - - [08/May/2026:09:30:11 +0800] "GET /InternetTrading/longpoll/A8127?X-Atmosphere-tracking-id=0&X-Atmosphere-Framework=2.2.3-javascript&X-Atmosphere-Transport=long-polling&X-Atmosphere-TrackMessageSize=true&Content-Type=charset%3Dutf-8&X-atmo-protocol=true&_=1778204215561 HTTP/1.1" 200 -
45.144.227.8 - - [08/May/2026:09:30:15 +0800] "GET /InternetTrading/longpoll/55511?X-Atmosphere-tracking-id=0&X-Atmosphere-Framework=2.2.3-javascript&X-Atmosphere-Transport=long-polling&X-Atmosphere-TrackMessageSize=true&Content-Type=charset%3Dutf-8&X-atmo-protocol=true&_=1778204218771 HTTP/1.1" 200 -
27.38.142.113 - - [08/May/2026:09:30:15 +0800] "GET /InternetTrading/longpoll/53995?X-Atmosphere-tracking-id=0&X-Atmosphere-Framework=2.2.3-javascript&X-Atmosphere-Transport=long-polling&X-Atmosphere-TrackMessageSize=true&Content-Type=charset%3Dutf-8&X-atmo-protocol=true&_=1778204216797 HTTP/1.1" 200 -
113.118.4.108 - - [08/May/2026:09:30:16 +0800] "GET /InternetTrading/longpoll/51803?X-Atmosphere-tracking-id=0&X-Atmosphere-Framework=2.2.3-javascript&X-Atmosphere-Transport=long-polling&X-Atmosphere-TrackMessageSize=true&Content-Type=charset%3Dutf-8&X-atmo-protocol=true&_=1778204220238 HTTP/1.1" 200 -
14.0.230.253 - - [08/May/2026:09:30:17 +0800] "GET /InternetTrading/longpoll/A8127?X-Atmosphere-tracking-id=0&X-Atmosphere-Framework=2.2.3-javascript&X-Atmosphere-Transport=long-polling&X-Atmosphere-TrackMessageSize=true&Content-Type=charset%3Dutf-8&X-atmo-protocol=true&_=1778204220599 HTTP/1.1" 200 -
27.38.142.113 - - [08/May/2026:09:30:21 +0800] "GET /InternetTrading/longpoll/53995?X-Atmosphere-tracking-id=0&X-Atmosphere-Framework=2.2.3-javascript&X-Atmosphere-Transport=long-polling&X-Atmosphere-TrackMessageSize=true&Content-Type=charset%3Dutf-8&X-atmo-protocol=true&_=1778204222804 HTTP/1.1" 200 -
14.0.230.253 - - [08/May/2026:09:30:22 +0800] "GET /InternetTrading/longpoll/A8127?X-Atmosphere-tracking-id=0&X-Atmosphere-Framework=2.2.3-javascript&X-Atmosphere-Transport=long-polling&X-Atmosphere-TrackMessageSize=true&Content-Type=charset%3Dutf-8&X-atmo-protocol=true&_=1778204225723 HTTP/1.1" 200 -
113.118.4.108 - - [08/May/2026:09:30:22 +0800] "GET /InternetTrading/longpoll/51803?X-Atmosphere-tracking-id=0&X-Atmosphere-Framework=2.2.3-javascript&X-Atmosphere-Transport=long-polling&X-Atmosphere-TrackMessageSize=true&Content-Type=charset%3Dutf-8&X-atmo-protocol=true&_=1778204226230 HTTP/1.1" 200 -
27.38.142.113 - - [08/May/2026:09:30:24 +0800] "POST /InternetTrading/SessionErrorLogger HTTP/1.1" 200 117
27.38.142.113 - - [08/May/2026:09:30:24 +0800] "POST /InternetTrading/MarketStatus HTTP/1.1" 200 772
27.38.142.113 - - [08/May/2026:09:30:24 +0800] "POST /InternetTrading/SessionErrorLogger HTTP/1.1" 200 117
27.38.142.113 - - [08/May/2026:09:30:24 +0800] "POST /InternetTrading/Heartbeat HTTP/1.1" 200 32
27.38.142.113 - - [08/May/2026:09:30:25 +0800] "POST /InternetTrading/SessionErrorLogger HTTP/1.1" 200 117
27.38.142.113 - - [08/May/2026:09:30:25 +0800] "GET /InternetTrading/jquery/wait.gif HTTP/1.1" 200 432
27.38.142.113 - - [08/May/2026:09:30:25 +0800] "POST /InternetTrading/Orderbook HTTP/1.1" 200 94
27.38.142.113 - - [08/May/2026:09:30:26 +0800] "GET /InternetTrading/longpoll/53995?X-Atmosphere-tracking-id=0&X-Atmosphere-Framework=2.2.3-javascript&X-Atmosphere-Transport=long-polling&X-Atmosphere-TrackMessageSize=true&Content-Type=charset%3Dutf-8&X-atmo-protocol=true&_=1778204227841 HTTP/1.1" 200 -
27.38.142.113 - - [08/May/2026:09:30:26 +0800] "POST /InternetTrading/SessionErrorLogger HTTP/1.1" 200 117
27.38.142.113 - - [08/May/2026:09:30:26 +0800] "POST /InternetTrading/Portfolio HTTP/1.1" 200 1783
45.144.227.8 - - [08/May/2026:09:30:27 +0800] "POST /InternetTrading/SessionErrorLogger HTTP/1.1" 200 117
45.144.227.8 - - [08/May/2026:09:30:27 +0800] "POST /InternetTrading/MarketStatus HTTP/1.1" 200 772
14.0.230.253 - - [08/May/2026:09:30:27 +0800] "GET /InternetTrading/longpoll/A8127?X-Atmosphere-tracking-id=0&X-Atmosphere-Framework=2.2.3-javascript&X-Atmosphere-Transport=long-polling&X-Atmosphere-TrackMessageSize=true&Content-Type=charset%3Dutf-8&X-atmo-protocol=true&_=1778204230848 HTTP/1.1" 200 -
45.144.227.8 - - [08/May/2026:09:30:27 +0800] "GET /InternetTrading/longpoll/55511?X-Atmosphere-tracking-id=0&X-Atmosphere-Framework=2.2.3-javascript&X-Atmosphere-Transport=long-polling&X-Atmosphere-TrackMessageSize=true&Content-Type=charset%3Dutf-8&X-atmo-protocol=true&_=1778204230910 HTTP/1.1" 200 -
113.118.4.108 - - [08/May/2026:09:30:27 +0800] "GET /InternetTrading/longpoll/51803?X-Atmosphere-tracking-id=0&X-Atmosphere-Framework=2.2.3-javascript&X-Atmosphere-Transport=long-polling&X-Atmosphere-TrackMessageSize=true&Content-Type=charset%3Dutf-8&X-atmo-protocol=true&_=1778204231299 HTTP/1.1" 200 -
27.38.142.113 - - [08/May/2026:09:30:31 +0800] "GET /InternetTrading/longpoll/53995?X-Atmosphere-tracking-id=0&X-Atmosphere-Framework=2.2.3-javascript&X-Atmosphere-Transport=long-polling&X-Atmosphere-TrackMessageSize=true&Content-Type=charset%3Dutf-8&X-atmo-protocol=true&_=1778204232865 HTTP/1.1" 200 -
113.118.4.108 - - [08/May/2026:09:30:31 +0800] "POST /InternetTrading/SessionErrorLogger HTTP/1.1" 200 117
113.118.4.108 - - [08/May/2026:09:30:31 +0800] "POST /InternetTrading/Heartbeat HTTP/1.1" 200 32
113.118.4.108 - - [08/May/2026:09:30:31 +0800] "POST /InternetTrading/SessionErrorLogger HTTP/1.1" 200 117
113.118.4.108 - - [08/May/2026:09:30:31 +0800] "POST /InternetTrading/MarketStatus HTTP/1.1" 200 772
14.0.230.253 - - [08/May/2026:09:30:32 +0800] "GET /InternetTrading/longpoll/A8127?X-Atmosphere-tracking-id=0&X-Atmosphere-Framework=2.2.3-javascript&X-Atmosphere-Transport=long-polling&X-Atmosphere-TrackMessageSize=true&Content-Type=charset%3Dutf-8&X-atmo-protocol=true&_=1778204236012 HTTP/1.1" 200 -
113.118.4.108 - - [08/May/2026:09:30:32 +0800] "GET /InternetTrading/longpoll/51803?X-Atmosphere-tracking-id=0&X-Atmosphere-Framework=2.2.3-javascript&X-Atmosphere-Transport=long-polling&X-Atmosphere-TrackMessageSize=true&Content-Type=charset%3Dutf-8&X-atmo-protocol=true&_=1778204236350 HTTP/1.1" 200 -
45.144.227.8 - - [08/May/2026:09:30:37 +0800] "GET /InternetTrading/longpoll/55511?X-Atmosphere-tracking-id=0&X-Atmosphere-Framework=2.2.3-javascript&X-Atmosphere-Transport=long-polling&X-Atmosphere-TrackMessageSize=true&Content-Type=charset%3Dutf-8&X-atmo-protocol=true&_=1778204241138 HTTP/1.1" 200 -
113.118.4.108 - - [08/May/2026:09:30:37 +0800] "GET /InternetTrading/longpoll/51803?X-Atmosphere-tracking-id=0&X-Atmosphere-Framework=2.2.3-javascript&X-Atmosphere-Transport=long-polling&X-Atmosphere-TrackMessageSize=true&Content-Type=charset%3Dutf-8&X-atmo-protocol=true&_=1778204241373 HTTP/1.1" 200 -
27.38.142.113 - - [08/May/2026:09:30:37 +0800] "GET /InternetTrading/longpoll/53995?X-Atmosphere-tracking-id=0&X-Atmosphere-Framework=2.2.3-javascript&X-Atmosphere-Transport=long-polling&X-Atmosphere-TrackMessageSize=true&Content-Type=charset%3Dutf-8&X-atmo-protocol=true&_=1778204238796 HTTP/1.1" 200 -
45.144.227.8 - - [08/May/2026:09:30:37 +0800] "POST /InternetTrading/SessionErrorLogger HTTP/1.1" 200 117
14.0.230.253 - - [08/May/2026:09:30:37 +0800] "GET /InternetTrading/longpoll/A8127?X-Atmosphere-tracking-id=0&X-Atmosphere-Framework=2.2.3-javascript&X-Atmosphere-Transport=long-polling&X-Atmosphere-TrackMessageSize=true&Content-Type=charset%3Dutf-8&X-atmo-protocol=true&_=1778204241163 HTTP/1.1" 200 -
45.144.227.8 - - [08/May/2026:09:30:37 +0800] "POST /InternetTrading/Heartbeat HTTP/1.1" 200 32
14.0.230.253 - - [08/May/2026:09:30:38 +0800] "POST /InternetTrading/SessionErrorLogger HTTP/1.1" 200 117
14.0.230.253 - - [08/May/2026:09:30:38 +0800] "POST /InternetTrading/Heartbeat HTTP/1.1" 200 32
14.0.230.253 - - [08/May/2026:09:30:40 +0800] "POST /InternetTrading/SessionErrorLogger HTTP/1.1" 200 117
14.0.230.253 - - [08/May/2026:09:30:40 +0800] "POST /InternetTrading/MarketStatus HTTP/1.1" 200 772
113.118.4.108 - - [08/May/2026:09:30:42 +0800] "GET /InternetTrading/longpoll/51803?X-Atmosphere-tracking-id=0&X-Atmosphere-Framework=2.2.3-javascript&X-Atmosphere-Transport=long-polling&X-Atmosphere-TrackMessageSize=true&Content-Type=charset%3Dutf-8&X-atmo-protocol=true&_=1778204246393 HTTP/1.1" 200 -
14.0.230.253 - - [08/May/2026:09:30:42 +0800] "GET /InternetTrading/longpoll/A8127?X-Atmosphere-tracking-id=0&X-Atmosphere-Framework=2.2.3-javascript&X-Atmosphere-Transport=long-polling&X-Atmosphere-TrackMessageSize=true&Content-Type=charset%3Dutf-8&X-atmo-protocol=true&_=1778204246286 HTTP/1.1" 200 -
27.38.142.113 - - [08/May/2026:09:30:43 +0800] "GET /InternetTrading/longpoll/53995?X-Atmosphere-tracking-id=0&X-Atmosphere-Framework=2.2.3-javascript&X-Atmosphere-Transport=long-polling&X-Atmosphere-TrackMessageSize=true&Content-Type=charset%3Dutf-8&X-atmo-protocol=true&_=1778204244807 HTTP/1.1" 200 -
110.81.59.75 - - [08/May/2026:09:30:44 +0800] "POST /InternetTrading/CheckIsEnableRSA HTTP/1.1" 200 1
110.81.59.75 - - [08/May/2026:09:30:44 +0800] "POST /InternetTrading/CheckPwEncryptType HTTP/1.1" 200 -
110.81.59.75 - - [08/May/2026:09:30:44 +0800] "POST /InternetTrading/LoginKey HTTP/1.1" 200 -
110.81.59.75 - - [08/May/2026:09:30:44 +0800] "GET /InternetTrading/jquery/wait.gif HTTP/1.1" 200 432
110.81.59.75 - - [08/May/2026:09:30:44 +0800] "POST /InternetTrading/Login HTTP/1.1" 200 454
110.81.59.75 - - [08/May/2026:09:30:46 +0800] "GET /InternetTrading/tc/2FA_authentication.html?language=tc&version=HTML HTTP/1.1" 200 1468
110.81.59.75 - - [08/May/2026:09:30:46 +0800] "GET /InternetTrading/tc/style_common.css?v=20200819161914 HTTP/1.1" 200 2540
110.81.59.75 - - [08/May/2026:09:30:46 +0800] "GET /InternetTrading/tc/style.css?v=20200819161914 HTTP/1.1" 200 1435
110.81.59.75 - - [08/May/2026:09:30:46 +0800] "GET /InternetTrading/jquery/jquery-migrate-3.0.0.js HTTP/1.1" 200 4963
110.81.59.75 - - [08/May/2026:09:30:46 +0800] "GET /InternetTrading/jquery/jquery-3.3.1.js HTTP/1.1" 200 80650
110.81.59.75 - - [08/May/2026:09:30:46 +0800] "GET /InternetTrading/jquery/jquery-ui-1.10.3.js HTTP/1.1" 200 69642
110.81.59.75 - - [08/May/2026:09:30:46 +0800] "GET /InternetTrading/jquery/jquery.form-3.46.0.js HTTP/1.1" 200 5673
110.81.59.75 - - [08/May/2026:09:30:46 +0800] "GET /InternetTrading/jquery/jquery.validate-1.11.1.js HTTP/1.1" 200 7041
110.81.59.75 - - [08/May/2026:09:30:46 +0800] "GET /InternetTrading/jquery/additional-methods.js HTTP/1.1" 200 2238
110.81.59.75 - - [08/May/2026:09:30:46 +0800] "GET /InternetTrading/jquery/jquery.blockUI-2.66.0-iAsiaEdition.js HTTP/1.1" 200 6651
110.81.59.75 - - [08/May/2026:09:30:46 +0800] "GET /InternetTrading/jquery/jquery.timer-0.9.16.js HTTP/1.1" 200 542
110.81.59.75 - - [08/May/2026:09:30:46 +0800] "GET /InternetTrading/jquery/jquery.getParams.js HTTP/1.1" 200 587
110.81.59.75 - - [08/May/2026:09:30:46 +0800] "GET /InternetTrading/tc/user/translation.js?jsv=20200819161914 HTTP/1.1" 200 12818
110.81.59.75 - - [08/May/2026:09:30:46 +0800] "GET /InternetTrading/js/constants.js?jsv=20200819161914 HTTP/1.1" 200 400
110.81.59.75 - - [08/May/2026:09:30:46 +0800] "GET /InternetTrading/js/haitong.js?jsv=20200819161914 HTTP/1.1" 200 3881
110.81.59.75 - - [08/May/2026:09:30:46 +0800] "GET /InternetTrading/tc/user/custom_variables.js?jsv=20200819161914 HTTP/1.1" 200 275
110.81.59.75 - - [08/May/2026:09:30:46 +0800] "GET /InternetTrading/js/init.js?jsv=20200819161914 HTTP/1.1" 200 886
110.81.59.75 - - [08/May/2026:09:30:47 +0800] "GET /InternetTrading/js/2fa.js?jsv=20200819161914 HTTP/1.1" 200 1953
110.81.59.75 - - [08/May/2026:09:30:46 +0800] "GET /InternetTrading/js/util.js?jsv=20200819161914 HTTP/1.1" 200 6636
110.81.59.75 - - [08/May/2026:09:30:47 +0800] "GET /InternetTrading/settings/webpage_settings.js?jsv=20200819161914 HTTP/1.1" 200 33
110.81.59.75 - - [08/May/2026:09:30:47 +0800] "GET /InternetTrading/js/login.js?jsv=20200819161914 HTTP/1.1" 200 1684
110.81.59.75 - - [08/May/2026:09:30:47 +0800] "GET /InternetTrading/tc/images/logo.png HTTP/1.1" 200 7042
110.81.59.75 - - [08/May/2026:09:30:47 +0800] "GET /InternetTrading/js/login.js?jsv=20200819161914 HTTP/1.1" 200 1684
110.81.59.75 - - [08/May/2026:09:30:47 +0800] "POST /InternetTrading/Get2FAInfoService HTTP/1.1" 200 109
110.81.59.75 - - [08/May/2026:09:30:47 +0800] "GET /InternetTrading/jquery/wait.gif HTTP/1.1" 200 432
110.81.59.75 - - [08/May/2026:09:30:47 +0800] "POST /InternetTrading/SystemMaintenanceCheck HTTP/1.1" 200 119
110.81.59.75 - - [08/May/2026:09:30:47 +0800] "GET /InternetTrading/tc/dialog.html?1778204252232 HTTP/1.1" 200 3188
110.81.59.75 - - [08/May/2026:09:30:47 +0800] "POST /InternetTrading/SystemMaintenanceCheck HTTP/1.1" 200 119
113.118.4.108 - - [08/May/2026:09:30:47 +0800] "GET /InternetTrading/longpoll/51803?X-Atmosphere-tracking-id=0&X-Atmosphere-Framework=2.2.3-javascript&X-Atmosphere-Transport=long-polling&X-Atmosphere-TrackMessageSize=true&Content-Type=charset%3Dutf-8&X-atmo-protocol=true&_=1778204251417 HTTP/1.1" 200 -
110.81.59.75 - - [08/May/2026:09:30:47 +0800] "GET /favicon.ico HTTP/1.1" 404 196
45.144.227.8 - - [08/May/2026:09:30:47 +0800] "GET /InternetTrading/longpoll/55511?X-Atmosphere-tracking-id=0&X-Atmosphere-Framework=2.2.3-javascript&X-Atmosphere-Transport=long-polling&X-Atmosphere-TrackMessageSize=true&Content-Type=charset%3Dutf-8&X-atmo-protocol=true&_=1778204251366 HTTP/1.1" 200 -
14.0.230.253 - - [08/May/2026:09:30:47 +0800] "GET /InternetTrading/longpoll/A8127?X-Atmosphere-tracking-id=0&X-Atmosphere-Framework=2.2.3-javascript&X-Atmosphere-Transport=long-polling&X-Atmosphere-TrackMessageSize=true&Content-Type=charset%3Dutf-8&X-atmo-protocol=true&_=1778204251332 HTTP/1.1" 200 -
27.38.142.113 - - [08/May/2026:09:30:49 +0800] "GET /InternetTrading/longpoll/53995?X-Atmosphere-tracking-id=0&X-Atmosphere-Framework=2.2.3-javascript&X-Atmosphere-Transport=long-polling&X-Atmosphere-TrackMessageSize=true&Content-Type=charset%3Dutf-8&X-atmo-protocol=true&_=1778204250802 HTTP/1.1" 200 -
113.118.4.108 - - [08/May/2026:09:30:52 +0800] "GET /InternetTrading/longpoll/51803?X-Atmosphere-tracking-id=0&X-Atmosphere-Framework=2.2.3-javascript&X-Atmosphere-Transport=long-polling&X-Atmosphere-TrackMessageSize=true&Content-Type=charset%3Dutf-8&X-atmo-protocol=true&_=1778204256485 HTTP/1.1" 200 -
14.0.230.253 - - [08/May/2026:09:30:53 +0800] "GET /InternetTrading/longpoll/A8127?X-Atmosphere-tracking-id=0&X-Atmosphere-Framework=2.2.3-javascript&X-Atmosphere-Transport=long-polling&X-Atmosphere-TrackMessageSize=true&Content-Type=charset%3Dutf-8&X-atmo-protocol=true&_=1778204256487 HTTP/1.1" 200 -
27.38.142.113 - - [08/May/2026:09:30:54 +0800] "POST /InternetTrading/SessionErrorLogger HTTP/1.1" 200 117
27.38.142.113 - - [08/May/2026:09:30:54 +0800] "POST /InternetTrading/MarketStatus HTTP/1.1" 200 772
27.38.142.113 - - [08/May/2026:09:30:55 +0800] "POST /InternetTrading/SessionErrorLogger HTTP/1.1" 200 117
27.38.142.113 - - [08/May/2026:09:30:55 +0800] "POST /InternetTrading/Heartbeat HTTP/1.1" 200 32
27.38.142.113 - - [08/May/2026:09:30:55 +0800] "GET /InternetTrading/longpoll/53995?X-Atmosphere-tracking-id=0&X-Atmosphere-Framework=2.2.3-javascript&X-Atmosphere-Transport=long-polling&X-Atmosphere-TrackMessageSize=true&Content-Type=charset%3Dutf-8&X-atmo-protocol=true&_=1778204256840 HTTP/1.1" 200 -
113.118.4.108 - - [08/May/2026:09:30:57 +0800] "GET /InternetTrading/longpoll/51803?X-Atmosphere-tracking-id=0&X-Atmosphere-Framework=2.2.3-javascript&X-Atmosphere-Transport=long-polling&X-Atmosphere-TrackMessageSize=true&Content-Type=charset%3Dutf-8&X-atmo-protocol=true&_=1778204261547 HTTP/1.1" 200 -
45.144.227.8 - - [08/May/2026:09:30:58 +0800] "POST /InternetTrading/SessionErrorLogger HTTP/1.1" 200 117
45.144.227.8 - - [08/May/2026:09:30:58 +0800] "GET /InternetTrading/longpoll/55511?X-Atmosphere-tracking-id=0&X-Atmosphere-Framework=2.2.3-javascript&X-Atmosphere-Transport=long-polling&X-Atmosphere-TrackMessageSize=true&Content-Type=charset%3Dutf-8&X-atmo-protocol=true&_=1778204261527 HTTP/1.1" 200 -
14.0.230.253 - - [08/May/2026:09:30:58 +0800] "GET /InternetTrading/longpoll/A8127?X-Atmosphere-tracking-id=0&X-Atmosphere-Framework=2.2.3-javascript&X-Atmosphere-Transport=long-polling&X-Atmosphere-TrackMessageSize=true&Content-Type=charset%3Dutf-8&X-atmo-protocol=true&_=1778204261640 HTTP/1.1" 200 -
45.144.227.8 - - [08/May/2026:09:30:58 +0800] "POST /InternetTrading/MarketStatus HTTP/1.1" 200 772
27.38.142.113 - - [08/May/2026:09:31:01 +0800] "GET /InternetTrading/longpoll/53995?X-Atmosphere-tracking-id=0&X-Atmosphere-Framework=2.2.3-javascript&X-Atmosphere-Transport=long-polling&X-Atmosphere-TrackMessageSize=true&Content-Type=charset%3Dutf-8&X-atmo-protocol=true&_=1778204262804 HTTP/1.1" 200 -
113.118.4.108 - - [08/May/2026:09:31:01 +0800] "POST /InternetTrading/SessionErrorLogger HTTP/1.1" 200 117
113.118.4.108 - - [08/May/2026:09:31:01 +0800] "POST /InternetTrading/Heartbeat HTTP/1.1" 200 32
113.118.4.108 - - [08/May/2026:09:31:01 +0800] "POST /InternetTrading/SessionErrorLogger HTTP/1.1" 200 117
113.118.4.108 - - [08/May/2026:09:31:01 +0800] "POST /InternetTrading/MarketStatus HTTP/1.1" 200 772
113.118.4.108 - - [08/May/2026:09:31:02 +0800] "GET /InternetTrading/longpoll/51803?X-Atmosphere-tracking-id=0&X-Atmosphere-Framework=2.2.3-javascript&X-Atmosphere-Transport=long-polling&X-Atmosphere-TrackMessageSize=true&Content-Type=charset%3Dutf-8&X-atmo-protocol=true&_=1778204266577 HTTP/1.1" 200 -
14.0.230.253 - - [08/May/2026:09:31:03 +0800] "GET /InternetTrading/longpoll/A8127?X-Atmosphere-tracking-id=0&X-Atmosphere-Framework=2.2.3-javascript&X-Atmosphere-Transport=long-polling&X-Atmosphere-TrackMessageSize=true&Content-Type=charset%3Dutf-8&X-atmo-protocol=true&_=1778204266748 HTTP/1.1" 200 -
27.38.142.113 - - [08/May/2026:09:31:07 +0800] "GET /InternetTrading/longpoll/53995?X-Atmosphere-tracking-id=0&X-Atmosphere-Framework=2.2.3-javascript&X-Atmosphere-Transport=long-polling&X-Atmosphere-TrackMessageSize=true&Content-Type=charset%3Dutf-8&X-atmo-protocol=true&_=1778204268809 HTTP/1.1" 200 -
113.118.4.108 - - [08/May/2026:09:31:07 +0800] "GET /InternetTrading/longpoll/51803?X-Atmosphere-tracking-id=0&X-Atmosphere-Framework=2.2.3-javascript&X-Atmosphere-Transport=long-polling&X-Atmosphere-TrackMessageSize=true&Content-Type=charset%3Dutf-8&X-atmo-protocol=true&_=1778204271608 HTTP/1.1" 200 -
45.144.227.8 - - [08/May/2026:09:31:08 +0800] "GET /InternetTrading/longpoll/55511?X-Atmosphere-tracking-id=0&X-Atmosphere-Framework=2.2.3-javascript&X-Atmosphere-Transport=long-polling&X-Atmosphere-TrackMessageSize=true&Content-Type=charset%3Dutf-8&X-atmo-protocol=true&_=1778204271796 HTTP/1.1" 200 -
14.0.230.253 - - [08/May/2026:09:31:08 +0800] "GET /InternetTrading/longpoll/A8127?X-Atmosphere-tracking-id=0&X-Atmosphere-Framework=2.2.3-javascript&X-Atmosphere-Transport=long-polling&X-Atmosphere-TrackMessageSize=true&Content-Type=charset%3Dutf-8&X-atmo-protocol=true&_=1778204271841 HTTP/1.1" 200 -
14.0.230.253 - - [08/May/2026:09:31:08 +0800] "POST /InternetTrading/SessionErrorLogger HTTP/1.1" 200 117
14.0.230.253 - - [08/May/2026:09:31:08 +0800] "POST /InternetTrading/Heartbeat HTTP/1.1" 200 32
14.0.230.253 - - [08/May/2026:09:31:10 +0800] "POST /InternetTrading/SessionErrorLogger HTTP/1.1" 200 117
14.0.230.253 - - [08/May/2026:09:31:10 +0800] "POST /InternetTrading/MarketStatus HTTP/1.1" 200 772
113.118.4.108 - - [08/May/2026:09:31:12 +0800] "GET /InternetTrading/longpoll/51803?X-Atmosphere-tracking-id=0&X-Atmosphere-Framework=2.2.3-javascript&X-Atmosphere-Transport=long-polling&X-Atmosphere-TrackMessageSize=true&Content-Type=charset%3Dutf-8&X-atmo-protocol=true&_=1778204276680 HTTP/1.1" 200 -
14.0.230.253 - - [08/May/2026:09:31:13 +0800] "GET /InternetTrading/longpoll/A8127?X-Atmosphere-tracking-id=0&X-Atmosphere-Framework=2.2.3-javascript&X-Atmosphere-Transport=long-polling&X-Atmosphere-TrackMessageSize=true&Content-Type=charset%3Dutf-8&X-atmo-protocol=true&_=1778204276994 HTTP/1.1" 200 -
27.38.142.113 - - [08/May/2026:09:31:13 +0800] "GET /InternetTrading/longpoll/53995?X-Atmosphere-tracking-id=0&X-Atmosphere-Framework=2.2.3-javascript&X-Atmosphere-Transport=long-polling&X-Atmosphere-TrackMessageSize=true&Content-Type=charset%3Dutf-8&X-atmo-protocol=true&_=1778204274808 HTTP/1.1" 200 -
45.144.227.8 - - [08/May/2026:09:31:15 +0800] "GET /InternetTrading/longpoll/55511?X-Atmosphere-tracking-id=0&X-Atmosphere-Framework=2.2.3-javascript&X-Atmosphere-Transport=long-polling&X-Atmosphere-TrackMessageSize=true&Content-Type=charset%3Dutf-8&X-atmo-protocol=true&_=1778204278850 HTTP/1.1" 200 -
110.81.59.75 - - [08/May/2026:09:31:17 +0800] "POST /InternetTrading/Heartbeat2FAService HTTP/1.1" 200 1
113.118.4.108 - - [08/May/2026:09:31:18 +0800] "GET /InternetTrading/longpoll/51803?X-Atmosphere-tracking-id=0&X-Atmosphere-Framework=2.2.3-javascript&X-Atmosphere-Transport=long-polling&X-Atmosphere-TrackMessageSize=true&Content-Type=charset%3Dutf-8&X-atmo-protocol=true&_=1778204281780 HTTP/1.1" 200 -
14.0.230.253 - - [08/May/2026:09:31:18 +0800] "GET /InternetTrading/longpoll/A8127?X-Atmosphere-tracking-id=0&X-Atmosphere-Framework=2.2.3-javascript&X-Atmosphere-Transport=long-polling&X-Atmosphere-TrackMessageSize=true&Content-Type=charset%3Dutf-8&X-atmo-protocol=true&_=1778204282046 HTTP/1.1" 200 -
27.38.142.113 - - [08/May/2026:09:31:19 +0800] "GET /InternetTrading/longpoll/53995?X-Atmosphere-tracking-id=0&X-Atmosphere-Framework=2.2.3-javascript&X-Atmosphere-Transport=long-polling&X-Atmosphere-TrackMessageSize=true&Content-Type=charset%3Dutf-8&X-atmo-protocol=true&_=1778204280814 HTTP/1.1" 200 -
113.118.4.108 - - [08/May/2026:09:31:23 +0800] "GET /InternetTrading/longpoll/51803?X-Atmosphere-tracking-id=0&X-Atmosphere-Framework=2.2.3-javascript&X-Atmosphere-Transport=long-polling&X-Atmosphere-TrackMessageSize=true&Content-Type=charset%3Dutf-8&X-atmo-protocol=true&_=1778204286814 HTTP/1.1" 200 -
14.0.230.253 - - [08/May/2026:09:31:23 +0800] "GET /InternetTrading/longpoll/A8127?X-Atmosphere-tracking-id=0&X-Atmosphere-Framework=2.2.3-javascript&X-Atmosphere-Transport=long-polling&X-Atmosphere-TrackMessageSize=true&Content-Type=charset%3Dutf-8&X-atmo-protocol=true&_=1778204287218 HTTP/1.1" 200 -
27.38.142.113 - - [08/May/2026:09:31:25 +0800] "POST /InternetTrading/SessionErrorLogger HTTP/1.1" 200 117
27.38.142.113 - - [08/May/2026:09:31:25 +0800] "POST /InternetTrading/MarketStatus HTTP/1.1" 200 772
27.38.142.113 - - [08/May/2026:09:31:25 +0800] "GET /InternetTrading/longpoll/53995?X-Atmosphere-tracking-id=0&X-Atmosphere-Framework=2.2.3-javascript&X-Atmosphere-Transport=long-polling&X-Atmosphere-TrackMessageSize=true&Content-Type=charset%3Dutf-8&X-atmo-protocol=true&_=1778204286851 HTTP/1.1" 200 -
45.144.227.8 - - [08/May/2026:09:31:25 +0800] "POST /InternetTrading/SessionErrorLogger HTTP/1.1" 200 117
45.144.227.8 - - [08/May/2026:09:31:25 +0800] "POST /InternetTrading/Heartbeat HTTP/1.1" 200 32
45.144.227.8 - - [08/May/2026:09:31:25 +0800] "GET /InternetTrading/longpoll/55511?X-Atmosphere-tracking-id=0&X-Atmosphere-Framework=2.2.3-javascript&X-Atmosphere-Transport=long-polling&X-Atmosphere-TrackMessageSize=true&Content-Type=charset%3Dutf-8&X-atmo-protocol=true&_=1778204289286 HTTP/1.1" 200 -
27.38.142.113 - - [08/May/2026:09:31:26 +0800] "POST /InternetTrading/SessionErrorLogger HTTP/1.1" 200 117
27.38.142.113 - - [08/May/2026:09:31:26 +0800] "POST /InternetTrading/Heartbeat HTTP/1.1" 200 32
113.118.4.108 - - [08/May/2026:09:31:28 +0800] "GET /InternetTrading/longpoll/51803?X-Atmosphere-tracking-id=0&X-Atmosphere-Framework=2.2.3-javascript&X-Atmosphere-Transport=long-polling&X-Atmosphere-TrackMessageSize=true&Content-Type=charset%3Dutf-8&X-atmo-protocol=true&_=1778204291876 HTTP/1.1" 200 -
14.0.230.253 - - [08/May/2026:09:31:28 +0800] "GET /InternetTrading/longpoll/A8127?X-Atmosphere-tracking-id=0&X-Atmosphere-Framework=2.2.3-javascript&X-Atmosphere-Transport=long-polling&X-Atmosphere-TrackMessageSize=true&Content-Type=charset%3Dutf-8&X-atmo-protocol=true&_=1778204292342 HTTP/1.1" 200 -
27.38.142.113 - - [08/May/2026:09:31:31 +0800] "GET /InternetTrading/longpoll/53995?X-Atmosphere-tracking-id=0&X-Atmosphere-Framework=2.2.3-javascript&X-Atmosphere-Transport=long-polling&X-Atmosphere-TrackMessageSize=true&Content-Type=charset%3Dutf-8&X-atmo-protocol=true&_=1778204292805 HTTP/1.1" 200 -
113.118.4.108 - - [08/May/2026:09:31:31 +0800] "POST /InternetTrading/SessionErrorLogger HTTP/1.1" 200 117
113.118.4.108 - - [08/May/2026:09:31:31 +0800] "POST /InternetTrading/Heartbeat HTTP/1.1" 200 32
113.118.4.108 - - [08/May/2026:09:31:31 +0800] "POST /InternetTrading/SessionErrorLogger HTTP/1.1" 200 117
113.118.4.108 - - [08/May/2026:09:31:31 +0800] "POST /InternetTrading/MarketStatus HTTP/1.1" 200 772
113.118.4.108 - - [08/May/2026:09:31:33 +0800] "GET /InternetTrading/longpoll/51803?X-Atmosphere-tracking-id=0&X-Atmosphere-Framework=2.2.3-javascript&X-Atmosphere-Transport=long-polling&X-Atmosphere-TrackMessageSize=true&Content-Type=charset%3Dutf-8&X-atmo-protocol=true&_=1778204296932 HTTP/1.1" 200 -
14.0.230.253 - - [08/May/2026:09:31:33 +0800] "GET /InternetTrading/longpoll/A8127?X-Atmosphere-tracking-id=0&X-Atmosphere-Framework=2.2.3-javascript&X-Atmosphere-Transport=long-polling&X-Atmosphere-TrackMessageSize=true&Content-Type=charset%3Dutf-8&X-atmo-protocol=true&_=1778204297472 HTTP/1.1" 200 -
45.144.227.8 - - [08/May/2026:09:31:35 +0800] "POST /InternetTrading/SessionErrorLogger HTTP/1.1" 200 117
45.144.227.8 - - [08/May/2026:09:31:36 +0800] "POST /InternetTrading/MarketStatus HTTP/1.1" 200 772
45.144.227.8 - - [08/May/2026:09:31:36 +0800] "GET /InternetTrading/longpoll/55511?X-Atmosphere-tracking-id=0&X-Atmosphere-Framework=2.2.3-javascript&X-Atmosphere-Transport=long-polling&X-Atmosphere-TrackMessageSize=true&Content-Type=charset%3Dutf-8&X-atmo-protocol=true&_=1778204299570 HTTP/1.1" 200 -
27.38.142.113 - - [08/May/2026:09:31:37 +0800] "GET /InternetTrading/longpoll/53995?X-Atmosphere-tracking-id=0&X-Atmosphere-Framework=2.2.3-javascript&X-Atmosphere-Transport=long-polling&X-Atmosphere-TrackMessageSize=true&Content-Type=charset%3Dutf-8&X-atmo-protocol=true&_=1778204298799 HTTP/1.1" 200 -
113.118.4.108 - - [08/May/2026:09:31:38 +0800] "GET /InternetTrading/longpoll/51803?X-Atmosphere-tracking-id=0&X-Atmosphere-Framework=2.2.3-javascript&X-Atmosphere-Transport=long-polling&X-Atmosphere-TrackMessageSize=true&Content-Type=charset%3Dutf-8&X-atmo-protocol=true&_=1778204301960 HTTP/1.1" 200 -
14.0.230.253 - - [08/May/2026:09:31:38 +0800] "POST /InternetTrading/SessionErrorLogger HTTP/1.1" 200 117
14.0.230.253 - - [08/May/2026:09:31:38 +0800] "POST /InternetTrading/Heartbeat HTTP/1.1" 200 32
14.0.230.253 - - [08/May/2026:09:31:39 +0800] "GET /InternetTrading/longpoll/A8127?X-Atmosphere-tracking-id=0&X-Atmosphere-Framework=2.2.3-javascript&X-Atmosphere-Transport=long-polling&X-Atmosphere-TrackMessageSize=true&Content-Type=charset%3Dutf-8&X-atmo-protocol=true&_=1778204302592 HTTP/1.1" 200 -
14.0.230.253 - - [08/May/2026:09:31:40 +0800] "POST /InternetTrading/SessionErrorLogger HTTP/1.1" 200 117
14.0.230.253 - - [08/May/2026:09:31:41 +0800] "POST /InternetTrading/MarketStatus HTTP/1.1" 200 772
113.118.4.108 - - [08/May/2026:09:31:43 +0800] "GET /InternetTrading/longpoll/51803?X-Atmosphere-tracking-id=0&X-Atmosphere-Framework=2.2.3-javascript&X-Atmosphere-Transport=long-polling&X-Atmosphere-TrackMessageSize=true&Content-Type=charset%3Dutf-8&X-atmo-protocol=true&_=1778204307234 HTTP/1.1" 200 -
27.38.142.113 - - [08/May/2026:09:31:43 +0800] "GET /InternetTrading/longpoll/53995?X-Atmosphere-tracking-id=0&X-Atmosphere-Framework=2.2.3-javascript&X-Atmosphere-Transport=long-polling&X-Atmosphere-TrackMessageSize=true&Content-Type=charset%3Dutf-8&X-atmo-protocol=true&_=1778204304804 HTTP/1.1" 200 -
14.0.230.253 - - [08/May/2026:09:31:44 +0800] "GET /InternetTrading/longpoll/A8127?X-Atmosphere-tracking-id=0&X-Atmosphere-Framework=2.2.3-javascript&X-Atmosphere-Transport=long-polling&X-Atmosphere-TrackMessageSize=true&Content-Type=charset%3Dutf-8&X-atmo-protocol=true&_=1778204307639 HTTP/1.1" 200 -
45.144.227.8 - - [08/May/2026:09:31:46 +0800] "GET /InternetTrading/longpoll/55511?X-Atmosphere-tracking-id=0&X-Atmosphere-Framework=2.2.3-javascript&X-Atmosphere-Transport=long-polling&X-Atmosphere-TrackMessageSize=true&Content-Type=charset%3Dutf-8&X-atmo-protocol=true&_=1778204309798 HTTP/1.1" 200 -
110.81.59.75 - - [08/May/2026:09:31:48 +0800] "POST /InternetTrading/Heartbeat2FAService HTTP/1.1" 200 1
14.0.230.253 - - [08/May/2026:09:31:49 +0800] "GET /InternetTrading/longpoll/A8127?X-Atmosphere-tracking-id=0&X-Atmosphere-Framework=2.2.3-javascript&X-Atmosphere-Transport=long-polling&X-Atmosphere-TrackMessageSize=true&Content-Type=charset%3Dutf-8&X-atmo-protocol=true&_=1778204312770 HTTP/1.1" 200 -
113.118.4.108 - - [08/May/2026:09:31:49 +0800] "GET /InternetTrading/longpoll/51803?X-Atmosphere-tracking-id=0&X-Atmosphere-Framework=2.2.3-javascript&X-Atmosphere-Transport=long-polling&X-Atmosphere-TrackMessageSize=true&Content-Type=charset%3Dutf-8&X-atmo-protocol=true&_=1778204313240 HTTP/1.1" 200 -
27.38.142.113 - - [08/May/2026:09:31:49 +0800] "GET /InternetTrading/longpoll/53995?X-Atmosphere-tracking-id=0&X-Atmosphere-Framework=2.2.3-javascript&X-Atmosphere-Transport=long-polling&X-Atmosphere-TrackMessageSize=true&Content-Type=charset%3Dutf-8&X-atmo-protocol=true&_=1778204310804 HTTP/1.1" 200 -
14.0.230.253 - - [08/May/2026:09:31:54 +0800] "GET /InternetTrading/longpoll/A8127?X-Atmosphere-tracking-id=0&X-Atmosphere-Framework=2.2.3-javascript&X-Atmosphere-Transport=long-polling&X-Atmosphere-TrackMessageSize=true&Content-Type=charset%3Dutf-8&X-atmo-protocol=true&_=1778204317871 HTTP/1.1" 200 -
113.118.4.108 - - [08/May/2026:09:31:55 +0800] "GET /InternetTrading/longpoll/51803?X-Atmosphere-tracking-id=0&X-Atmosphere-Framework=2.2.3-javascript&X-Atmosphere-Transport=long-polling&X-Atmosphere-TrackMessageSize=true&Content-Type=charset%3Dutf-8&X-atmo-protocol=true&_=1778204319232 HTTP/1.1" 200 -
27.38.142.113 - - [08/May/2026:09:31:55 +0800] "GET /InternetTrading/longpoll/53995?X-Atmosphere-tracking-id=0&X-Atmosphere-Framework=2.2.3-javascript&X-Atmosphere-Transport=long-polling&X-Atmosphere-TrackMessageSize=true&Content-Type=charset%3Dutf-8&X-atmo-protocol=true&_=1778204316800 HTTP/1.1" 200 -
45.144.227.8 - - [08/May/2026:09:31:56 +0800] "GET /InternetTrading/longpoll/55511?X-Atmosphere-tracking-id=0&X-Atmosphere-Framework=2.2.3-javascript&X-Atmosphere-Transport=long-polling&X-Atmosphere-TrackMessageSize=true&Content-Type=charset%3Dutf-8&X-atmo-protocol=true&_=1778204319926 HTTP/1.1" 200 -
14.0.230.253 - - [08/May/2026:09:31:59 +0800] "GET /InternetTrading/longpoll/A8127?X-Atmosphere-tracking-id=0&X-Atmosphere-Framework=2.2.3-javascript&X-Atmosphere-Transport=long-polling&X-Atmosphere-TrackMessageSize=true&Content-Type=charset%3Dutf-8&X-atmo-protocol=true&_=1778204323057 HTTP/1.1" 200 -
113.118.4.108 - - [08/May/2026:09:32:01 +0800] "GET /InternetTrading/longpoll/51803?X-Atmosphere-tracking-id=0&X-Atmosphere-Framework=2.2.3-javascript&X-Atmosphere-Transport=long-polling&X-Atmosphere-TrackMessageSize=true&Content-Type=charset%3Dutf-8&X-atmo-protocol=true&_=1778204325237 HTTP/1.1" 200 -
27.38.142.113 - - [08/May/2026:09:32:01 +0800] "GET /InternetTrading/longpoll/53995?X-Atmosphere-tracking-id=0&X-Atmosphere-Framework=2.2.3-javascript&X-Atmosphere-Transport=long-polling&X-Atmosphere-TrackMessageSize=true&Content-Type=charset%3Dutf-8&X-atmo-protocol=true&_=1778204322797 HTTP/1.1" 200 -
113.118.4.108 - - [08/May/2026:09:32:02 +0800] "POST /InternetTrading/SessionErrorLogger HTTP/1.1" 200 117
113.118.4.108 - - [08/May/2026:09:32:02 +0800] "POST /InternetTrading/Heartbeat HTTP/1.1" 200 32
113.118.4.108 - - [08/May/2026:09:32:02 +0800] "POST /InternetTrading/SessionErrorLogger HTTP/1.1" 200 117
113.118.4.108 - - [08/May/2026:09:32:02 +0800] "POST /InternetTrading/MarketStatus HTTP/1.1" 200 772
14.0.230.253 - - [08/May/2026:09:32:04 +0800] "GET /InternetTrading/longpoll/A8127?X-Atmosphere-tracking-id=0&X-Atmosphere-Framework=2.2.3-javascript&X-Atmosphere-Transport=long-polling&X-Atmosphere-TrackMessageSize=true&Content-Type=charset%3Dutf-8&X-atmo-protocol=true&_=1778204328199 HTTP/1.1" 200 -
45.144.227.8 - - [08/May/2026:09:32:06 +0800] "GET /InternetTrading/longpoll/55511?X-Atmosphere-tracking-id=0&X-Atmosphere-Framework=2.2.3-javascript&X-Atmosphere-Transport=long-polling&X-Atmosphere-TrackMessageSize=true&Content-Type=charset%3Dutf-8&X-atmo-protocol=true&_=1778204330261 HTTP/1.1" 200 -
45.144.227.8 - - [08/May/2026:09:32:06 +0800] "POST /InternetTrading/SessionErrorLogger HTTP/1.1" 200 117
45.144.227.8 - - [08/May/2026:09:32:06 +0800] "POST /InternetTrading/MarketStatus HTTP/1.1" 200 772
113.118.4.108 - - [08/May/2026:09:32:07 +0800] "GET /InternetTrading/longpoll/51803?X-Atmosphere-tracking-id=0&X-Atmosphere-Framework=2.2.3-javascript&X-Atmosphere-Transport=long-polling&X-Atmosphere-TrackMessageSize=true&Content-Type=charset%3Dutf-8&X-atmo-protocol=true&_=1778204331224 HTTP/1.1" 200 -
27.38.142.113 - - [08/May/2026:09:32:07 +0800] "GET /InternetTrading/longpoll/53995?X-Atmosphere-tracking-id=0&X-Atmosphere-Framework=2.2.3-javascript&X-Atmosphere-Transport=long-polling&X-Atmosphere-TrackMessageSize=true&Content-Type=charset%3Dutf-8&X-atmo-protocol=true&_=1778204328806 HTTP/1.1" 200 -
14.0.230.253 - - [08/May/2026:09:32:08 +0800] "POST /InternetTrading/SessionErrorLogger HTTP/1.1" 200 117
14.0.230.253 - - [08/May/2026:09:32:08 +0800] "POST /InternetTrading/Heartbeat HTTP/1.1" 200 32
14.0.230.253 - - [08/May/2026:09:32:09 +0800] "GET /InternetTrading/longpoll/A8127?X-Atmosphere-tracking-id=0&X-Atmosphere-Framework=2.2.3-javascript&X-Atmosphere-Transport=long-polling&X-Atmosphere-TrackMessageSize=true&Content-Type=charset%3Dutf-8&X-atmo-protocol=true&_=1778204333334 HTTP/1.1" 200 -
14.0.230.253 - - [08/May/2026:09:32:11 +0800] "POST /InternetTrading/SessionErrorLogger HTTP/1.1" 200 117
14.0.230.253 - - [08/May/2026:09:32:11 +0800] "POST /InternetTrading/MarketStatus HTTP/1.1" 200 772
113.118.4.108 - - [08/May/2026:09:32:13 +0800] "GET /InternetTrading/longpoll/51803?X-Atmosphere-tracking-id=0&X-Atmosphere-Framework=2.2.3-javascript&X-Atmosphere-Transport=long-polling&X-Atmosphere-TrackMessageSize=true&Content-Type=charset%3Dutf-8&X-atmo-protocol=true&_=1778204337227 HTTP/1.1" 200 -
27.38.142.113 - - [08/May/2026:09:32:13 +0800] "GET /InternetTrading/longpoll/53995?X-Atmosphere-tracking-id=0&X-Atmosphere-Framework=2.2.3-javascript&X-Atmosphere-Transport=long-polling&X-Atmosphere-TrackMessageSize=true&Content-Type=charset%3Dutf-8&X-atmo-protocol=true&_=1778204334804 HTTP/1.1" 200 -
14.0.230.253 - - [08/May/2026:09:32:15 +0800] "GET /InternetTrading/longpoll/A8127?X-Atmosphere-tracking-id=0&X-Atmosphere-Framework=2.2.3-javascript&X-Atmosphere-Transport=long-polling&X-Atmosphere-TrackMessageSize=true&Content-Type=charset%3Dutf-8&X-atmo-protocol=true&_=1778204338590 HTTP/1.1" 200 -
45.144.227.8 - - [08/May/2026:09:32:15 +0800] "GET /InternetTrading/longpoll/55511?X-Atmosphere-tracking-id=0&X-Atmosphere-Framework=2.2.3-javascript&X-Atmosphere-Transport=long-polling&X-Atmosphere-TrackMessageSize=true&Content-Type=charset%3Dutf-8&X-atmo-protocol=true&_=1778204338757 HTTP/1.1" 200 -
113.118.4.108 - - [08/May/2026:09:32:19 +0800] "GET /InternetTrading/longpoll/51803?X-Atmosphere-tracking-id=0&X-Atmosphere-Framework=2.2.3-javascript&X-Atmosphere-Transport=long-polling&X-Atmosphere-TrackMessageSize=true&Content-Type=charset%3Dutf-8&X-atmo-protocol=true&_=1778204343228 HTTP/1.1" 200 -
27.38.142.113 - - [08/May/2026:09:32:19 +0800] "GET /InternetTrading/longpoll/53995?X-Atmosphere-tracking-id=0&X-Atmosphere-Framework=2.2.3-javascript&X-Atmosphere-Transport=long-polling&X-Atmosphere-TrackMessageSize=true&Content-Type=charset%3Dutf-8&X-atmo-protocol=true&_=1778204340805 HTTP/1.1" 200 -
110.81.59.75 - - [08/May/2026:09:32:19 +0800] "POST /InternetTrading/Heartbeat2FAService HTTP/1.1" 200 1
14.0.230.253 - - [08/May/2026:09:32:20 +0800] "GET /InternetTrading/longpoll/A8127?X-Atmosphere-tracking-id=0&X-Atmosphere-Framework=2.2.3-javascript&X-Atmosphere-Transport=long-polling&X-Atmosphere-TrackMessageSize=true&Content-Type=charset%3Dutf-8&X-atmo-protocol=true&_=1778204343634 HTTP/1.1" 200 -
45.144.227.8 - - [08/May/2026:09:32:22 +0800] "POST /InternetTrading/SessionErrorLogger HTTP/1.1" 200 117
45.144.227.8 - - [08/May/2026:09:32:22 +0800] "POST /InternetTrading/Heartbeat HTTP/1.1" 200 32
45.144.227.8 - - [08/May/2026:09:32:22 +0800] "GET /InternetTrading/longpoll/55511?X-Atmosphere-tracking-id=0&X-Atmosphere-Framework=2.2.3-javascript&X-Atmosphere-Transport=long-polling&X-Atmosphere-TrackMessageSize=true&Content-Type=charset%3Dutf-8&X-atmo-protocol=true&_=1778204345807 HTTP/1.1" 200 -
14.0.230.253 - - [08/May/2026:09:32:25 +0800] "GET /InternetTrading/longpoll/A8127?X-Atmosphere-tracking-id=0&X-Atmosphere-Framework=2.2.3-javascript&X-Atmosphere-Transport=long-polling&X-Atmosphere-TrackMessageSize=true&Content-Type=charset%3Dutf-8&X-atmo-protocol=true&_=1778204348741 HTTP/1.1" 200 -
113.118.4.108 - - [08/May/2026:09:32:25 +0800] "GET /InternetTrading/longpoll/51803?X-Atmosphere-tracking-id=0&X-Atmosphere-Framework=2.2.3-javascript&X-Atmosphere-Transport=long-polling&X-Atmosphere-TrackMessageSize=true&Content-Type=charset%3Dutf-8&X-atmo-protocol=true&_=1778204349237 HTTP/1.1" 200 -
27.38.142.113 - - [08/May/2026:09:32:25 +0800] "GET /InternetTrading/longpoll/53995?X-Atmosphere-tracking-id=0&X-Atmosphere-Framework=2.2.3-javascript&X-Atmosphere-Transport=long-polling&X-Atmosphere-TrackMessageSize=true&Content-Type=charset%3Dutf-8&X-atmo-protocol=true&_=1778204346814 HTTP/1.1" 200 -
14.0.230.253 - - [08/May/2026:09:32:30 +0800] "GET /InternetTrading/longpoll/A8127?X-Atmosphere-tracking-id=0&X-Atmosphere-Framework=2.2.3-javascript&X-Atmosphere-Transport=long-polling&X-Atmosphere-TrackMessageSize=true&Content-Type=charset%3Dutf-8&X-atmo-protocol=true&_=1778204353850 HTTP/1.1" 200 -
113.118.4.108 - - [08/May/2026:09:32:31 +0800] "GET /InternetTrading/longpoll/51803?X-Atmosphere-tracking-id=0&X-Atmosphere-Framework=2.2.3-javascript&X-Atmosphere-Transport=long-polling&X-Atmosphere-TrackMessageSize=true&Content-Type=charset%3Dutf-8&X-atmo-protocol=true&_=1778204355233 HTTP/1.1" 200 -
27.38.142.113 - - [08/May/2026:09:32:31 +0800] "GET /InternetTrading/longpoll/53995?X-Atmosphere-tracking-id=0&X-Atmosphere-Framework=2.2.3-javascript&X-Atmosphere-Transport=long-polling&X-Atmosphere-TrackMessageSize=true&Content-Type=charset%3Dutf-8&X-atmo-protocol=true&_=1778204352794 HTTP/1.1" 200 -
45.144.227.8 - - [08/May/2026:09:32:32 +0800] "GET /InternetTrading/longpoll/55511?X-Atmosphere-tracking-id=0&X-Atmosphere-Framework=2.2.3-javascript&X-Atmosphere-Transport=long-polling&X-Atmosphere-TrackMessageSize=true&Content-Type=charset%3Dutf-8&X-atmo-protocol=true&_=1778204356017 HTTP/1.1" 200 -
113.118.4.108 - - [08/May/2026:09:32:33 +0800] "POST /InternetTrading/SessionErrorLogger HTTP/1.1" 200 117
113.118.4.108 - - [08/May/2026:09:32:33 +0800] "POST /InternetTrading/Heartbeat HTTP/1.1" 200 32
113.118.4.108 - - [08/May/2026:09:32:33 +0800] "POST /InternetTrading/SessionErrorLogger HTTP/1.1" 200 117
113.118.4.108 - - [08/May/2026:09:32:33 +0800] "POST /InternetTrading/MarketStatus HTTP/1.1" 200 772
14.0.230.253 - - [08/May/2026:09:32:35 +0800] "GET /InternetTrading/longpoll/A8127?X-Atmosphere-tracking-id=0&X-Atmosphere-Framework=2.2.3-javascript&X-Atmosphere-Transport=long-polling&X-Atmosphere-TrackMessageSize=true&Content-Type=charset%3Dutf-8&X-atmo-protocol=true&_=1778204358969 HTTP/1.1" 200 -
113.118.4.108 - - [08/May/2026:09:32:37 +0800] "GET /InternetTrading/longpoll/51803?X-Atmosphere-tracking-id=0&X-Atmosphere-Framework=2.2.3-javascript&X-Atmosphere-Transport=long-polling&X-Atmosphere-TrackMessageSize=true&Content-Type=charset%3Dutf-8&X-atmo-protocol=true&_=1778204361237 HTTP/1.1" 200 -
27.38.142.113 - - [08/May/2026:09:32:37 +0800] "GET /InternetTrading/longpoll/53995?X-Atmosphere-tracking-id=0&X-Atmosphere-Framework=2.2.3-javascript&X-Atmosphere-Transport=long-polling&X-Atmosphere-TrackMessageSize=true&Content-Type=charset%3Dutf-8&X-atmo-protocol=true&_=1778204358805 HTTP/1.1" 200 -
14.0.230.253 - - [08/May/2026:09:32:38 +0800] "POST /InternetTrading/SessionErrorLogger HTTP/1.1" 200 117
14.0.230.253 - - [08/May/2026:09:32:38 +0800] "POST /InternetTrading/Heartbeat HTTP/1.1" 200 32
14.0.230.253 - - [08/May/2026:09:32:40 +0800] "GET /InternetTrading/longpoll/A8127?X-Atmosphere-tracking-id=0&X-Atmosphere-Framework=2.2.3-javascript&X-Atmosphere-Transport=long-polling&X-Atmosphere-TrackMessageSize=true&Content-Type=charset%3Dutf-8&X-atmo-protocol=true&_=1778204364197 HTTP/1.1" 200 -
14.0.230.253 - - [08/May/2026:09:32:41 +0800] "POST /InternetTrading/SessionErrorLogger HTTP/1.1" 200 117
14.0.230.253 - - [08/May/2026:09:32:41 +0800] "POST /InternetTrading/MarketStatus HTTP/1.1" 200 772
45.144.227.8 - - [08/May/2026:09:32:42 +0800] "GET /InternetTrading/longpoll/55511?X-Atmosphere-tracking-id=0&X-Atmosphere-Framework=2.2.3-javascript&X-Atmosphere-Transport=long-polling&X-Atmosphere-TrackMessageSize=true&Content-Type=charset%3Dutf-8&X-atmo-protocol=true&_=1778204366176 HTTP/1.1" 200 -
113.118.4.108 - - [08/May/2026:09:32:43 +0800] "GET /InternetTrading/longpoll/51803?X-Atmosphere-tracking-id=0&X-Atmosphere-Framework=2.2.3-javascript&X-Atmosphere-Transport=long-polling&X-Atmosphere-TrackMessageSize=true&Content-Type=charset%3Dutf-8&X-atmo-protocol=true&_=1778204367234 HTTP/1.1" 200 -
27.38.142.113 - - [08/May/2026:09:32:43 +0800] "GET /InternetTrading/longpoll/53995?X-Atmosphere-tracking-id=0&X-Atmosphere-Framework=2.2.3-javascript&X-Atmosphere-Transport=long-polling&X-Atmosphere-TrackMessageSize=true&Content-Type=charset%3Dutf-8&X-atmo-protocol=true&_=1778204364805 HTTP/1.1" 200 -
27.38.142.113 - - [08/May/2026:09:32:45 +0800] "POST /InternetTrading/SessionErrorLogger HTTP/1.1" 200 117
27.38.142.113 - - [08/May/2026:09:32:45 +0800] "POST /InternetTrading/MarketStatus HTTP/1.1" 200 772
27.38.142.113 - - [08/May/2026:09:32:45 +0800] "POST /InternetTrading/SessionErrorLogger HTTP/1.1" 200 117
27.38.142.113 - - [08/May/2026:09:32:45 +0800] "POST /InternetTrading/Heartbeat HTTP/1.1" 200 32
14.0.230.253 - - [08/May/2026:09:32:45 +0800] "GET /InternetTrading/longpoll/A8127?X-Atmosphere-tracking-id=0&X-Atmosphere-Framework=2.2.3-javascript&X-Atmosphere-Transport=long-polling&X-Atmosphere-TrackMessageSize=true&Content-Type=charset%3Dutf-8&X-atmo-protocol=true&_=1778204369316 HTTP/1.1" 200 -
27.38.142.113 - - [08/May/2026:09:32:49 +0800] "GET /InternetTrading/longpoll/53995?X-Atmosphere-tracking-id=0&X-Atmosphere-Framework=2.2.3-javascript&X-Atmosphere-Transport=long-polling&X-Atmosphere-TrackMessageSize=true&Content-Type=charset%3Dutf-8&X-atmo-protocol=true&_=1778204370803 HTTP/1.1" 200 -
113.118.4.108 - - [08/May/2026:09:32:49 +0800] "GET /InternetTrading/longpoll/51803?X-Atmosphere-tracking-id=0&X-Atmosphere-Framework=2.2.3-javascript&X-Atmosphere-Transport=long-polling&X-Atmosphere-TrackMessageSize=true&Content-Type=charset%3Dutf-8&X-atmo-protocol=true&_=1778204373229 HTTP/1.1" 200 -
14.0.230.253 - - [08/May/2026:09:32:50 +0800] "GET /InternetTrading/longpoll/A8127?X-Atmosphere-tracking-id=0&X-Atmosphere-Framework=2.2.3-javascript&X-Atmosphere-Transport=long-polling&X-Atmosphere-TrackMessageSize=true&Content-Type=charset%3Dutf-8&X-atmo-protocol=true&_=1778204374357 HTTP/1.1" 200 -
110.81.59.75 - - [08/May/2026:09:32:50 +0800] "POST /InternetTrading/Heartbeat2FAService HTTP/1.1" 200 1
45.144.227.8 - - [08/May/2026:09:32:52 +0800] "GET /InternetTrading/longpoll/55511?X-Atmosphere-tracking-id=0&X-Atmosphere-Framework=2.2.3-javascript&X-Atmosphere-Transport=long-polling&X-Atmosphere-TrackMessageSize=true&Content-Type=charset%3Dutf-8&X-atmo-protocol=true&_=1778204376426 HTTP/1.1" 200 -
27.38.142.113 - - [08/May/2026:09:32:55 +0800] "GET /InternetTrading/longpoll/53995?X-Atmosphere-tracking-id=0&X-Atmosphere-Framework=2.2.3-javascript&X-Atmosphere-Transport=long-polling&X-Atmosphere-TrackMessageSize=true&Content-Type=charset%3Dutf-8&X-atmo-protocol=true&_=1778204376804 HTTP/1.1" 200 -
113.118.4.108 - - [08/May/2026:09:32:55 +0800] "GET /InternetTrading/longpoll/51803?X-Atmosphere-tracking-id=0&X-Atmosphere-Framework=2.2.3-javascript&X-Atmosphere-Transport=long-polling&X-Atmosphere-TrackMessageSize=true&Content-Type=charset%3Dutf-8&X-atmo-protocol=true&_=1778204379238 HTTP/1.1" 200 -
14.0.230.253 - - [08/May/2026:09:32:55 +0800] "GET /InternetTrading/longpoll/A8127?X-Atmosphere-tracking-id=0&X-Atmosphere-Framework=2.2.3-javascript&X-Atmosphere-Transport=long-polling&X-Atmosphere-TrackMessageSize=true&Content-Type=charset%3Dutf-8&X-atmo-protocol=true&_=1778204379482 HTTP/1.1" 200 -
14.0.230.253 - - [08/May/2026:09:33:01 +0800] "GET /InternetTrading/longpoll/A8127?X-Atmosphere-tracking-id=0&X-Atmosphere-Framework=2.2.3-javascript&X-Atmosphere-Transport=long-polling&X-Atmosphere-TrackMessageSize=true&Content-Type=charset%3Dutf-8&X-atmo-protocol=true&_=1778204384629 HTTP/1.1" 200 -
113.118.4.108 - - [08/May/2026:09:33:01 +0800] "GET /InternetTrading/longpoll/51803?X-Atmosphere-tracking-id=0&X-Atmosphere-Framework=2.2.3-javascript&X-Atmosphere-Transport=long-polling&X-Atmosphere-TrackMessageSize=true&Content-Type=charset%3Dutf-8&X-atmo-protocol=true&_=1778204385235 HTTP/1.1" 200 -
