110.81.59.75 - - [08/May/2026:09:45:37 +0800] "GET /InternetTrading/longpoll/M8773?X-Atmosphere-tracking-id=0&X-Atmosphere-Framework=2.2.3-javascript&X-Atmosphere-Transport=long-polling&X-Atmosphere-TrackMessageSize=true&Content-Type=charset%3Dutf-8&X-atmo-protocol=true&_=1778205142845 HTTP/1.1" 200 -
27.38.142.113 - - [08/May/2026:09:45:38 +0800] "GET /InternetTrading/longpoll/53995?X-Atmosphere-tracking-id=0&X-Atmosphere-Framework=2.2.3-javascript&X-Atmosphere-Transport=long-polling&X-Atmosphere-TrackMessageSize=true&Content-Type=charset%3Dutf-8&X-atmo-protocol=true&_=1778205139803 HTTP/1.1" 200 -
14.0.230.253 - - [08/May/2026:09:45:41 +0800] "POST /InternetTrading/SessionErrorLogger HTTP/1.1" 200 117
14.0.230.253 - - [08/May/2026:09:45:41 +0800] "POST /InternetTrading/Heartbeat HTTP/1.1" 200 32
14.0.230.253 - - [08/May/2026:09:45:41 +0800] "GET /InternetTrading/longpoll/A8127?X-Atmosphere-tracking-id=0&X-Atmosphere-Framework=2.2.3-javascript&X-Atmosphere-Transport=long-polling&X-Atmosphere-TrackMessageSize=true&Content-Type=charset%3Dutf-8&X-atmo-protocol=true&_=1778205145189 HTTP/1.1" 200 -
113.118.4.108 - - [08/May/2026:09:45:43 +0800] "GET /InternetTrading/longpoll/51803?X-Atmosphere-tracking-id=0&X-Atmosphere-Framework=2.2.3-javascript&X-Atmosphere-Transport=long-polling&X-Atmosphere-TrackMessageSize=true&Content-Type=charset%3Dutf-8&X-atmo-protocol=true&_=1778205147235 HTTP/1.1" 200 -
14.0.230.253 - - [08/May/2026:09:45:43 +0800] "POST /InternetTrading/SessionErrorLogger HTTP/1.1" 200 117
14.0.230.253 - - [08/May/2026:09:45:43 +0800] "POST /InternetTrading/MarketStatus HTTP/1.1" 200 772
110.81.59.75 - - [08/May/2026:09:45:43 +0800] "GET /InternetTrading/longpoll/M8773?X-Atmosphere-tracking-id=0&X-Atmosphere-Framework=2.2.3-javascript&X-Atmosphere-Transport=long-polling&X-Atmosphere-TrackMessageSize=true&Content-Type=charset%3Dutf-8&X-atmo-protocol=true&_=1778205148846 HTTP/1.1" 200 -
27.38.142.113 - - [08/May/2026:09:45:44 +0800] "GET /InternetTrading/longpoll/53995?X-Atmosphere-tracking-id=0&X-Atmosphere-Framework=2.2.3-javascript&X-Atmosphere-Transport=long-polling&X-Atmosphere-TrackMessageSize=true&Content-Type=charset%3Dutf-8&X-atmo-protocol=true&_=1778205145805 HTTP/1.1" 200 -
27.38.142.113 - - [08/May/2026:09:45:45 +0800] "POST /InternetTrading/SessionErrorLogger HTTP/1.1" 200 117
27.38.142.113 - - [08/May/2026:09:45:45 +0800] "POST /InternetTrading/MarketStatus HTTP/1.1" 200 772
14.0.230.253 - - [08/May/2026:09:45:46 +0800] "GET /InternetTrading/longpoll/A8127?X-Atmosphere-tracking-id=0&X-Atmosphere-Framework=2.2.3-javascript&X-Atmosphere-Transport=long-polling&X-Atmosphere-TrackMessageSize=true&Content-Type=charset%3Dutf-8&X-atmo-protocol=true&_=1778205150250 HTTP/1.1" 200 -
113.118.4.108 - - [08/May/2026:09:45:49 +0800] "GET /InternetTrading/longpoll/51803?X-Atmosphere-tracking-id=0&X-Atmosphere-Framework=2.2.3-javascript&X-Atmosphere-Transport=long-polling&X-Atmosphere-TrackMessageSize=true&Content-Type=charset%3Dutf-8&X-atmo-protocol=true&_=1778205153229 HTTP/1.1" 200 -
110.81.59.75 - - [08/May/2026:09:45:49 +0800] "GET /InternetTrading/longpoll/M8773?X-Atmosphere-tracking-id=0&X-Atmosphere-Framework=2.2.3-javascript&X-Atmosphere-Transport=long-polling&X-Atmosphere-TrackMessageSize=true&Content-Type=charset%3Dutf-8&X-atmo-protocol=true&_=1778205154845 HTTP/1.1" 200 -
27.38.142.113 - - [08/May/2026:09:45:50 +0800] "GET /InternetTrading/longpoll/53995?X-Atmosphere-tracking-id=0&X-Atmosphere-Framework=2.2.3-javascript&X-Atmosphere-Transport=long-polling&X-Atmosphere-TrackMessageSize=true&Content-Type=charset%3Dutf-8&X-atmo-protocol=true&_=1778205151804 HTTP/1.1" 200 -
14.0.230.253 - - [08/May/2026:09:45:51 +0800] "GET /InternetTrading/longpoll/A8127?X-Atmosphere-tracking-id=0&X-Atmosphere-Framework=2.2.3-javascript&X-Atmosphere-Transport=long-polling&X-Atmosphere-TrackMessageSize=true&Content-Type=charset%3Dutf-8&X-atmo-protocol=true&_=1778205155368 HTTP/1.1" 200 -
110.81.59.75 - - [08/May/2026:09:45:53 +0800] "POST /InternetTrading/SessionErrorLogger HTTP/1.1" 200 117
110.81.59.75 - - [08/May/2026:09:45:53 +0800] "POST /InternetTrading/Heartbeat HTTP/1.1" 200 32
110.81.59.75 - - [08/May/2026:09:45:53 +0800] "POST /InternetTrading/SessionErrorLogger HTTP/1.1" 200 117
110.81.59.75 - - [08/May/2026:09:45:53 +0800] "POST /InternetTrading/MarketStatus HTTP/1.1" 200 772
113.118.4.108 - - [08/May/2026:09:45:55 +0800] "GET /InternetTrading/longpoll/51803?X-Atmosphere-tracking-id=0&X-Atmosphere-Framework=2.2.3-javascript&X-Atmosphere-Transport=long-polling&X-Atmosphere-TrackMessageSize=true&Content-Type=charset%3Dutf-8&X-atmo-protocol=true&_=1778205159234 HTTP/1.1" 200 -
110.81.59.75 - - [08/May/2026:09:45:55 +0800] "GET /InternetTrading/longpoll/M8773?X-Atmosphere-tracking-id=0&X-Atmosphere-Framework=2.2.3-javascript&X-Atmosphere-Transport=long-polling&X-Atmosphere-TrackMessageSize=true&Content-Type=charset%3Dutf-8&X-atmo-protocol=true&_=1778205160846 HTTP/1.1" 200 -
45.144.227.8 - - [08/May/2026:09:45:56 +0800] "GET /InternetTrading/longpoll/55511?X-Atmosphere-tracking-id=0&X-Atmosphere-Framework=2.2.3-javascript&X-Atmosphere-Transport=long-polling&X-Atmosphere-TrackMessageSize=true&Content-Type=charset%3Dutf-8&X-atmo-protocol=true&_=1778205159504 HTTP/1.1" 200 -
27.38.142.113 - - [08/May/2026:09:45:56 +0800] "GET /InternetTrading/longpoll/53995?X-Atmosphere-tracking-id=0&X-Atmosphere-Framework=2.2.3-javascript&X-Atmosphere-Transport=long-polling&X-Atmosphere-TrackMessageSize=true&Content-Type=charset%3Dutf-8&X-atmo-protocol=true&_=1778205157806 HTTP/1.1" 200 -
14.0.230.253 - - [08/May/2026:09:45:57 +0800] "GET /InternetTrading/longpoll/A8127?X-Atmosphere-tracking-id=0&X-Atmosphere-Framework=2.2.3-javascript&X-Atmosphere-Transport=long-polling&X-Atmosphere-TrackMessageSize=true&Content-Type=charset%3Dutf-8&X-atmo-protocol=true&_=1778205160568 HTTP/1.1" 200 -
66.249.64.42 - - [08/May/2026:09:46:00 +0800] "GET /InternetTrading/tc/privacy.html HTTP/1.1" 200 2606
66.249.64.42 - - [08/May/2026:09:46:01 +0800] "GET /InternetTrading/tc/images/logo.png HTTP/1.1" 200 7042
113.118.4.108 - - [08/May/2026:09:46:01 +0800] "GET /InternetTrading/longpoll/51803?X-Atmosphere-tracking-id=0&X-Atmosphere-Framework=2.2.3-javascript&X-Atmosphere-Transport=long-polling&X-Atmosphere-TrackMessageSize=true&Content-Type=charset%3Dutf-8&X-atmo-protocol=true&_=1778205165234 HTTP/1.1" 200 -
110.81.59.75 - - [08/May/2026:09:46:01 +0800] "GET /InternetTrading/longpoll/M8773?X-Atmosphere-tracking-id=0&X-Atmosphere-Framework=2.2.3-javascript&X-Atmosphere-Transport=long-polling&X-Atmosphere-TrackMessageSize=true&Content-Type=charset%3Dutf-8&X-atmo-protocol=true&_=1778205166847 HTTP/1.1" 200 -
14.0.230.253 - - [08/May/2026:09:46:02 +0800] "GET /InternetTrading/longpoll/A8127?X-Atmosphere-tracking-id=0&X-Atmosphere-Framework=2.2.3-javascript&X-Atmosphere-Transport=long-polling&X-Atmosphere-TrackMessageSize=true&Content-Type=charset%3Dutf-8&X-atmo-protocol=true&_=1778205165773 HTTP/1.1" 200 -
66.249.64.41 - - [08/May/2026:09:46:02 +0800] "GET /InternetTrading/tc/style.css HTTP/1.1" 200 1435
27.38.142.113 - - [08/May/2026:09:46:02 +0800] "GET /InternetTrading/longpoll/53995?X-Atmosphere-tracking-id=0&X-Atmosphere-Framework=2.2.3-javascript&X-Atmosphere-Transport=long-polling&X-Atmosphere-TrackMessageSize=true&Content-Type=charset%3Dutf-8&X-atmo-protocol=true&_=1778205163805 HTTP/1.1" 200 -
113.118.4.108 - - [08/May/2026:09:46:07 +0800] "GET /InternetTrading/longpoll/51803?X-Atmosphere-tracking-id=0&X-Atmosphere-Framework=2.2.3-javascript&X-Atmosphere-Transport=long-polling&X-Atmosphere-TrackMessageSize=true&Content-Type=charset%3Dutf-8&X-atmo-protocol=true&_=1778205171235 HTTP/1.1" 200 -
14.0.230.253 - - [08/May/2026:09:46:07 +0800] "GET /InternetTrading/longpoll/A8127?X-Atmosphere-tracking-id=0&X-Atmosphere-Framework=2.2.3-javascript&X-Atmosphere-Transport=long-polling&X-Atmosphere-TrackMessageSize=true&Content-Type=charset%3Dutf-8&X-atmo-protocol=true&_=1778205170957 HTTP/1.1" 200 -
110.81.59.75 - - [08/May/2026:09:46:07 +0800] "GET /InternetTrading/longpoll/M8773?X-Atmosphere-tracking-id=0&X-Atmosphere-Framework=2.2.3-javascript&X-Atmosphere-Transport=long-polling&X-Atmosphere-TrackMessageSize=true&Content-Type=charset%3Dutf-8&X-atmo-protocol=true&_=1778205172847 HTTP/1.1" 200 -
27.38.142.113 - - [08/May/2026:09:46:08 +0800] "GET /InternetTrading/longpoll/53995?X-Atmosphere-tracking-id=0&X-Atmosphere-Framework=2.2.3-javascript&X-Atmosphere-Transport=long-polling&X-Atmosphere-TrackMessageSize=true&Content-Type=charset%3Dutf-8&X-atmo-protocol=true&_=1778205169805 HTTP/1.1" 200 -
14.0.230.253 - - [08/May/2026:09:46:11 +0800] "POST /InternetTrading/SessionErrorLogger HTTP/1.1" 200 117
14.0.230.253 - - [08/May/2026:09:46:11 +0800] "POST /InternetTrading/Heartbeat HTTP/1.1" 200 32
14.0.230.253 - - [08/May/2026:09:46:12 +0800] "GET /InternetTrading/longpoll/A8127?X-Atmosphere-tracking-id=0&X-Atmosphere-Framework=2.2.3-javascript&X-Atmosphere-Transport=long-polling&X-Atmosphere-TrackMessageSize=true&Content-Type=charset%3Dutf-8&X-atmo-protocol=true&_=1778205176165 HTTP/1.1" 200 -
113.118.4.108 - - [08/May/2026:09:46:13 +0800] "GET /InternetTrading/longpoll/51803?X-Atmosphere-tracking-id=0&X-Atmosphere-Framework=2.2.3-javascript&X-Atmosphere-Transport=long-polling&X-Atmosphere-TrackMessageSize=true&Content-Type=charset%3Dutf-8&X-atmo-protocol=true&_=1778205177227 HTTP/1.1" 200 -
14.0.230.253 - - [08/May/2026:09:46:13 +0800] "POST /InternetTrading/SessionErrorLogger HTTP/1.1" 200 117
14.0.230.253 - - [08/May/2026:09:46:13 +0800] "POST /InternetTrading/MarketStatus HTTP/1.1" 200 772
110.81.59.75 - - [08/May/2026:09:46:13 +0800] "GET /InternetTrading/longpoll/M8773?X-Atmosphere-tracking-id=0&X-Atmosphere-Framework=2.2.3-javascript&X-Atmosphere-Transport=long-polling&X-Atmosphere-TrackMessageSize=true&Content-Type=charset%3Dutf-8&X-atmo-protocol=true&_=1778205178847 HTTP/1.1" 200 -
27.38.142.113 - - [08/May/2026:09:46:14 +0800] "GET /InternetTrading/longpoll/53995?X-Atmosphere-tracking-id=0&X-Atmosphere-Framework=2.2.3-javascript&X-Atmosphere-Transport=long-polling&X-Atmosphere-TrackMessageSize=true&Content-Type=charset%3Dutf-8&X-atmo-protocol=true&_=1778205175803 HTTP/1.1" 200 -
45.144.227.8 - - [08/May/2026:09:46:15 +0800] "GET /InternetTrading/longpoll/55511?X-Atmosphere-tracking-id=0&X-Atmosphere-Framework=2.2.3-javascript&X-Atmosphere-Transport=long-polling&X-Atmosphere-TrackMessageSize=true&Content-Type=charset%3Dutf-8&X-atmo-protocol=true&_=1778205178775 HTTP/1.1" 200 -
117.26.250.159 - - [08/May/2026:09:46:17 +0800] "POST /InternetTrading/Heartbeat2FAService HTTP/1.1" 200 1
14.0.230.253 - - [08/May/2026:09:46:17 +0800] "GET /InternetTrading/longpoll/A8127?X-Atmosphere-tracking-id=0&X-Atmosphere-Framework=2.2.3-javascript&X-Atmosphere-Transport=long-polling&X-Atmosphere-TrackMessageSize=true&Content-Type=charset%3Dutf-8&X-atmo-protocol=true&_=1778205181237 HTTP/1.1" 200 -
113.118.4.108 - - [08/May/2026:09:46:19 +0800] "GET /InternetTrading/longpoll/51803?X-Atmosphere-tracking-id=0&X-Atmosphere-Framework=2.2.3-javascript&X-Atmosphere-Transport=long-polling&X-Atmosphere-TrackMessageSize=true&Content-Type=charset%3Dutf-8&X-atmo-protocol=true&_=1778205183237 HTTP/1.1" 200 -
110.81.59.75 - - [08/May/2026:09:46:19 +0800] "GET /InternetTrading/longpoll/M8773?X-Atmosphere-tracking-id=0&X-Atmosphere-Framework=2.2.3-javascript&X-Atmosphere-Transport=long-polling&X-Atmosphere-TrackMessageSize=true&Content-Type=charset%3Dutf-8&X-atmo-protocol=true&_=1778205184846 HTTP/1.1" 200 -
27.38.142.113 - - [08/May/2026:09:46:20 +0800] "GET /InternetTrading/longpoll/53995?X-Atmosphere-tracking-id=0&X-Atmosphere-Framework=2.2.3-javascript&X-Atmosphere-Transport=long-polling&X-Atmosphere-TrackMessageSize=true&Content-Type=charset%3Dutf-8&X-atmo-protocol=true&_=1778205181804 HTTP/1.1" 200 -
113.118.4.108 - - [08/May/2026:09:46:21 +0800] "POST /InternetTrading/SessionErrorLogger HTTP/1.1" 200 117
113.118.4.108 - - [08/May/2026:09:46:21 +0800] "POST /InternetTrading/Heartbeat HTTP/1.1" 200 32
113.118.4.108 - - [08/May/2026:09:46:21 +0800] "POST /InternetTrading/SessionErrorLogger HTTP/1.1" 200 117
113.118.4.108 - - [08/May/2026:09:46:21 +0800] "POST /InternetTrading/MarketStatus HTTP/1.1" 200 772
14.0.230.253 - - [08/May/2026:09:46:23 +0800] "GET /InternetTrading/longpoll/A8127?X-Atmosphere-tracking-id=0&X-Atmosphere-Framework=2.2.3-javascript&X-Atmosphere-Transport=long-polling&X-Atmosphere-TrackMessageSize=true&Content-Type=charset%3Dutf-8&X-atmo-protocol=true&_=1778205186328 HTTP/1.1" 200 -
113.118.4.108 - - [08/May/2026:09:46:25 +0800] "GET /InternetTrading/longpoll/51803?X-Atmosphere-tracking-id=0&X-Atmosphere-Framework=2.2.3-javascript&X-Atmosphere-Transport=long-polling&X-Atmosphere-TrackMessageSize=true&Content-Type=charset%3Dutf-8&X-atmo-protocol=true&_=1778205189225 HTTP/1.1" 200 -
110.81.59.75 - - [08/May/2026:09:46:25 +0800] "GET /InternetTrading/longpoll/M8773?X-Atmosphere-tracking-id=0&X-Atmosphere-Framework=2.2.3-javascript&X-Atmosphere-Transport=long-polling&X-Atmosphere-TrackMessageSize=true&Content-Type=charset%3Dutf-8&X-atmo-protocol=true&_=1778205190846 HTTP/1.1" 200 -
27.38.142.113 - - [08/May/2026:09:46:26 +0800] "GET /InternetTrading/longpoll/53995?X-Atmosphere-tracking-id=0&X-Atmosphere-Framework=2.2.3-javascript&X-Atmosphere-Transport=long-polling&X-Atmosphere-TrackMessageSize=true&Content-Type=charset%3Dutf-8&X-atmo-protocol=true&_=1778205187802 HTTP/1.1" 200 -
14.0.230.253 - - [08/May/2026:09:46:28 +0800] "GET /InternetTrading/longpoll/A8127?X-Atmosphere-tracking-id=0&X-Atmosphere-Framework=2.2.3-javascript&X-Atmosphere-Transport=long-polling&X-Atmosphere-TrackMessageSize=true&Content-Type=charset%3Dutf-8&X-atmo-protocol=true&_=1778205191638 HTTP/1.1" 200 -
113.118.4.108 - - [08/May/2026:09:46:31 +0800] "GET /InternetTrading/longpoll/51803?X-Atmosphere-tracking-id=0&X-Atmosphere-Framework=2.2.3-javascript&X-Atmosphere-Transport=long-polling&X-Atmosphere-TrackMessageSize=true&Content-Type=charset%3Dutf-8&X-atmo-protocol=true&_=1778205195239 HTTP/1.1" 200 -
110.81.59.75 - - [08/May/2026:09:46:31 +0800] "GET /InternetTrading/longpoll/M8773?X-Atmosphere-tracking-id=0&X-Atmosphere-Framework=2.2.3-javascript&X-Atmosphere-Transport=long-polling&X-Atmosphere-TrackMessageSize=true&Content-Type=charset%3Dutf-8&X-atmo-protocol=true&_=1778205196846 HTTP/1.1" 200 -
27.38.142.113 - - [08/May/2026:09:46:32 +0800] "GET /InternetTrading/longpoll/53995?X-Atmosphere-tracking-id=0&X-Atmosphere-Framework=2.2.3-javascript&X-Atmosphere-Transport=long-polling&X-Atmosphere-TrackMessageSize=true&Content-Type=charset%3Dutf-8&X-atmo-protocol=true&_=1778205193803 HTTP/1.1" 200 -
14.0.230.253 - - [08/May/2026:09:46:33 +0800] "GET /InternetTrading/longpoll/A8127?X-Atmosphere-tracking-id=0&X-Atmosphere-Framework=2.2.3-javascript&X-Atmosphere-Transport=long-polling&X-Atmosphere-TrackMessageSize=true&Content-Type=charset%3Dutf-8&X-atmo-protocol=true&_=1778205196892 HTTP/1.1" 200 -
113.118.4.108 - - [08/May/2026:09:46:37 +0800] "GET /InternetTrading/longpoll/51803?X-Atmosphere-tracking-id=0&X-Atmosphere-Framework=2.2.3-javascript&X-Atmosphere-Transport=long-polling&X-Atmosphere-TrackMessageSize=true&Content-Type=charset%3Dutf-8&X-atmo-protocol=true&_=1778205201229 HTTP/1.1" 200 -
110.81.59.75 - - [08/May/2026:09:46:37 +0800] "GET /InternetTrading/longpoll/M8773?X-Atmosphere-tracking-id=0&X-Atmosphere-Framework=2.2.3-javascript&X-Atmosphere-Transport=long-polling&X-Atmosphere-TrackMessageSize=true&Content-Type=charset%3Dutf-8&X-atmo-protocol=true&_=1778205202846 HTTP/1.1" 200 -
45.144.227.8 - - [08/May/2026:09:46:38 +0800] "POST /InternetTrading/SessionErrorLogger HTTP/1.1" 200 117
45.144.227.8 - - [08/May/2026:09:46:38 +0800] "POST /InternetTrading/MarketStatus HTTP/1.1" 200 772
45.144.227.8 - - [08/May/2026:09:46:38 +0800] "POST /InternetTrading/SessionErrorLogger HTTP/1.1" 200 117
45.144.227.8 - - [08/May/2026:09:46:38 +0800] "GET /InternetTrading/longpoll/55511?X-Atmosphere-tracking-id=0&X-Atmosphere-Framework=2.2.3-javascript&X-Atmosphere-Transport=long-polling&X-Atmosphere-TrackMessageSize=true&Content-Type=charset%3Dutf-8&X-atmo-protocol=true&_=1778205202039 HTTP/1.1" 200 -
45.144.227.8 - - [08/May/2026:09:46:38 +0800] "POST /InternetTrading/Heartbeat HTTP/1.1" 200 32
14.0.230.253 - - [08/May/2026:09:46:38 +0800] "GET /InternetTrading/longpoll/A8127?X-Atmosphere-tracking-id=0&X-Atmosphere-Framework=2.2.3-javascript&X-Atmosphere-Transport=long-polling&X-Atmosphere-TrackMessageSize=true&Content-Type=charset%3Dutf-8&X-atmo-protocol=true&_=1778205202081 HTTP/1.1" 200 -
27.38.142.113 - - [08/May/2026:09:46:38 +0800] "GET /InternetTrading/longpoll/53995?X-Atmosphere-tracking-id=0&X-Atmosphere-Framework=2.2.3-javascript&X-Atmosphere-Transport=long-polling&X-Atmosphere-TrackMessageSize=true&Content-Type=charset%3Dutf-8&X-atmo-protocol=true&_=1778205199803 HTTP/1.1" 200 -
14.0.230.253 - - [08/May/2026:09:46:41 +0800] "POST /InternetTrading/SessionErrorLogger HTTP/1.1" 200 117
14.0.230.253 - - [08/May/2026:09:46:41 +0800] "POST /InternetTrading/Heartbeat HTTP/1.1" 200 32
113.118.4.108 - - [08/May/2026:09:46:43 +0800] "GET /InternetTrading/longpoll/51803?X-Atmosphere-tracking-id=0&X-Atmosphere-Framework=2.2.3-javascript&X-Atmosphere-Transport=long-polling&X-Atmosphere-TrackMessageSize=true&Content-Type=charset%3Dutf-8&X-atmo-protocol=true&_=1778205207235 HTTP/1.1" 200 -
14.0.230.253 - - [08/May/2026:09:46:43 +0800] "GET /InternetTrading/longpoll/A8127?X-Atmosphere-tracking-id=0&X-Atmosphere-Framework=2.2.3-javascript&X-Atmosphere-Transport=long-polling&X-Atmosphere-TrackMessageSize=true&Content-Type=charset%3Dutf-8&X-atmo-protocol=true&_=1778205207219 HTTP/1.1" 200 -
14.0.230.253 - - [08/May/2026:09:46:43 +0800] "POST /InternetTrading/SessionErrorLogger HTTP/1.1" 200 117
14.0.230.253 - - [08/May/2026:09:46:43 +0800] "POST /InternetTrading/MarketStatus HTTP/1.1" 200 772
110.81.59.75 - - [08/May/2026:09:46:43 +0800] "GET /InternetTrading/longpoll/M8773?X-Atmosphere-tracking-id=0&X-Atmosphere-Framework=2.2.3-javascript&X-Atmosphere-Transport=long-polling&X-Atmosphere-TrackMessageSize=true&Content-Type=charset%3Dutf-8&X-atmo-protocol=true&_=1778205208846 HTTP/1.1" 200 -
27.38.142.113 - - [08/May/2026:09:46:44 +0800] "GET /InternetTrading/longpoll/53995?X-Atmosphere-tracking-id=0&X-Atmosphere-Framework=2.2.3-javascript&X-Atmosphere-Transport=long-polling&X-Atmosphere-TrackMessageSize=true&Content-Type=charset%3Dutf-8&X-atmo-protocol=true&_=1778205205803 HTTP/1.1" 200 -
27.38.142.113 - - [08/May/2026:09:46:45 +0800] "POST /InternetTrading/SessionErrorLogger HTTP/1.1" 200 117
27.38.142.113 - - [08/May/2026:09:46:45 +0800] "POST /InternetTrading/Heartbeat HTTP/1.1" 200 32
27.38.142.113 - - [08/May/2026:09:46:45 +0800] "POST /InternetTrading/SessionErrorLogger HTTP/1.1" 200 117
27.38.142.113 - - [08/May/2026:09:46:45 +0800] "POST /InternetTrading/MarketStatus HTTP/1.1" 200 772
45.144.227.8 - - [08/May/2026:09:46:46 +0800] "GET /InternetTrading/longpoll/55511?X-Atmosphere-tracking-id=0&X-Atmosphere-Framework=2.2.3-javascript&X-Atmosphere-Transport=long-polling&X-Atmosphere-TrackMessageSize=true&Content-Type=charset%3Dutf-8&X-atmo-protocol=true&_=1778205210313 HTTP/1.1" 200 -
14.0.230.253 - - [08/May/2026:09:46:48 +0800] "GET /InternetTrading/longpoll/A8127?X-Atmosphere-tracking-id=0&X-Atmosphere-Framework=2.2.3-javascript&X-Atmosphere-Transport=long-polling&X-Atmosphere-TrackMessageSize=true&Content-Type=charset%3Dutf-8&X-atmo-protocol=true&_=1778205212369 HTTP/1.1" 200 -
113.118.4.108 - - [08/May/2026:09:46:49 +0800] "GET /InternetTrading/longpoll/51803?X-Atmosphere-tracking-id=0&X-Atmosphere-Framework=2.2.3-javascript&X-Atmosphere-Transport=long-polling&X-Atmosphere-TrackMessageSize=true&Content-Type=charset%3Dutf-8&X-atmo-protocol=true&_=1778205213233 HTTP/1.1" 200 -
110.81.59.75 - - [08/May/2026:09:46:49 +0800] "GET /InternetTrading/longpoll/M8773?X-Atmosphere-tracking-id=0&X-Atmosphere-Framework=2.2.3-javascript&X-Atmosphere-Transport=long-polling&X-Atmosphere-TrackMessageSize=true&Content-Type=charset%3Dutf-8&X-atmo-protocol=true&_=1778205214846 HTTP/1.1" 200 -
27.38.142.113 - - [08/May/2026:09:46:50 +0800] "GET /InternetTrading/longpoll/53995?X-Atmosphere-tracking-id=0&X-Atmosphere-Framework=2.2.3-javascript&X-Atmosphere-Transport=long-polling&X-Atmosphere-TrackMessageSize=true&Content-Type=charset%3Dutf-8&X-atmo-protocol=true&_=1778205211804 HTTP/1.1" 200 -
110.81.59.75 - - [08/May/2026:09:46:53 +0800] "POST /InternetTrading/SessionErrorLogger HTTP/1.1" 200 117
110.81.59.75 - - [08/May/2026:09:46:53 +0800] "POST /InternetTrading/Heartbeat HTTP/1.1" 200 32
14.0.230.253 - - [08/May/2026:09:46:53 +0800] "GET /InternetTrading/longpoll/A8127?X-Atmosphere-tracking-id=0&X-Atmosphere-Framework=2.2.3-javascript&X-Atmosphere-Transport=long-polling&X-Atmosphere-TrackMessageSize=true&Content-Type=charset%3Dutf-8&X-atmo-protocol=true&_=1778205217414 HTTP/1.1" 200 -
110.81.59.75 - - [08/May/2026:09:46:53 +0800] "POST /InternetTrading/SessionErrorLogger HTTP/1.1" 200 117
110.81.59.75 - - [08/May/2026:09:46:53 +0800] "POST /InternetTrading/MarketStatus HTTP/1.1" 200 772
113.118.4.108 - - [08/May/2026:09:46:55 +0800] "GET /InternetTrading/longpoll/51803?X-Atmosphere-tracking-id=0&X-Atmosphere-Framework=2.2.3-javascript&X-Atmosphere-Transport=long-polling&X-Atmosphere-TrackMessageSize=true&Content-Type=charset%3Dutf-8&X-atmo-protocol=true&_=1778205219227 HTTP/1.1" 200 -
110.81.59.75 - - [08/May/2026:09:46:55 +0800] "GET /InternetTrading/longpoll/M8773?X-Atmosphere-tracking-id=0&X-Atmosphere-Framework=2.2.3-javascript&X-Atmosphere-Transport=long-polling&X-Atmosphere-TrackMessageSize=true&Content-Type=charset%3Dutf-8&X-atmo-protocol=true&_=1778205220846 HTTP/1.1" 200 -
27.38.142.113 - - [08/May/2026:09:46:56 +0800] "GET /InternetTrading/longpoll/53995?X-Atmosphere-tracking-id=0&X-Atmosphere-Framework=2.2.3-javascript&X-Atmosphere-Transport=long-polling&X-Atmosphere-TrackMessageSize=true&Content-Type=charset%3Dutf-8&X-atmo-protocol=true&_=1778205217803 HTTP/1.1" 200 -
45.144.227.8 - - [08/May/2026:09:46:56 +0800] "GET /InternetTrading/longpoll/55511?X-Atmosphere-tracking-id=0&X-Atmosphere-Framework=2.2.3-javascript&X-Atmosphere-Transport=long-polling&X-Atmosphere-TrackMessageSize=true&Content-Type=charset%3Dutf-8&X-atmo-protocol=true&_=1778205220109 HTTP/1.1" 200 -
14.0.230.253 - - [08/May/2026:09:46:59 +0800] "GET /InternetTrading/longpoll/A8127?X-Atmosphere-tracking-id=0&X-Atmosphere-Framework=2.2.3-javascript&X-Atmosphere-Transport=long-polling&X-Atmosphere-TrackMessageSize=true&Content-Type=charset%3Dutf-8&X-atmo-protocol=true&_=1778205222465 HTTP/1.1" 200 -
113.118.4.108 - - [08/May/2026:09:47:01 +0800] "GET /InternetTrading/longpoll/51803?X-Atmosphere-tracking-id=0&X-Atmosphere-Framework=2.2.3-javascript&X-Atmosphere-Transport=long-polling&X-Atmosphere-TrackMessageSize=true&Content-Type=charset%3Dutf-8&X-atmo-protocol=true&_=1778205225234 HTTP/1.1" 200 -
110.81.59.75 - - [08/May/2026:09:47:01 +0800] "GET /InternetTrading/longpoll/M8773?X-Atmosphere-tracking-id=0&X-Atmosphere-Framework=2.2.3-javascript&X-Atmosphere-Transport=long-polling&X-Atmosphere-TrackMessageSize=true&Content-Type=charset%3Dutf-8&X-atmo-protocol=true&_=1778205226846 HTTP/1.1" 200 -
45.144.227.8 - - [08/May/2026:09:47:01 +0800] "GET /InternetTrading/longpoll/55511?X-Atmosphere-tracking-id=0&X-Atmosphere-Framework=2.2.3-javascript&X-Atmosphere-Transport=long-polling&X-Atmosphere-TrackMessageSize=true&Content-Type=charset%3Dutf-8&X-atmo-protocol=true&_=1778205225352 HTTP/1.1" 200 -
45.144.227.8 - - [08/May/2026:09:47:02 +0800] "POST /InternetTrading/SessionErrorLogger HTTP/1.1" 200 117
45.144.227.8 - - [08/May/2026:09:47:02 +0800] "POST /InternetTrading/Product HTTP/1.1" 200 313
27.38.142.113 - - [08/May/2026:09:47:02 +0800] "GET /InternetTrading/longpoll/53995?X-Atmosphere-tracking-id=0&X-Atmosphere-Framework=2.2.3-javascript&X-Atmosphere-Transport=long-polling&X-Atmosphere-TrackMessageSize=true&Content-Type=charset%3Dutf-8&X-atmo-protocol=true&_=1778205223804 HTTP/1.1" 200 -
14.0.230.253 - - [08/May/2026:09:47:04 +0800] "GET /InternetTrading/longpoll/A8127?X-Atmosphere-tracking-id=0&X-Atmosphere-Framework=2.2.3-javascript&X-Atmosphere-Transport=long-polling&X-Atmosphere-TrackMessageSize=true&Content-Type=charset%3Dutf-8&X-atmo-protocol=true&_=1778205227768 HTTP/1.1" 200 -
45.144.227.8 - - [08/May/2026:09:47:06 +0800] "GET /InternetTrading/longpoll/55511?X-Atmosphere-tracking-id=0&X-Atmosphere-Framework=2.2.3-javascript&X-Atmosphere-Transport=long-polling&X-Atmosphere-TrackMessageSize=true&Content-Type=charset%3Dutf-8&X-atmo-protocol=true&_=1778205230520 HTTP/1.1" 200 -
113.118.4.108 - - [08/May/2026:09:47:07 +0800] "GET /InternetTrading/longpoll/51803?X-Atmosphere-tracking-id=0&X-Atmosphere-Framework=2.2.3-javascript&X-Atmosphere-Transport=long-polling&X-Atmosphere-TrackMessageSize=true&Content-Type=charset%3Dutf-8&X-atmo-protocol=true&_=1778205231225 HTTP/1.1" 200 -
110.81.59.75 - - [08/May/2026:09:47:07 +0800] "GET /InternetTrading/longpoll/M8773?X-Atmosphere-tracking-id=0&X-Atmosphere-Framework=2.2.3-javascript&X-Atmosphere-Transport=long-polling&X-Atmosphere-TrackMessageSize=true&Content-Type=charset%3Dutf-8&X-atmo-protocol=true&_=1778205232847 HTTP/1.1" 200 -
45.144.227.8 - - [08/May/2026:09:47:08 +0800] "POST /InternetTrading/SessionErrorLogger HTTP/1.1" 200 117
45.144.227.8 - - [08/May/2026:09:47:08 +0800] "POST /InternetTrading/MarketStatus HTTP/1.1" 200 772
45.144.227.8 - - [08/May/2026:09:47:08 +0800] "POST /InternetTrading/SessionErrorLogger HTTP/1.1" 200 117
45.144.227.8 - - [08/May/2026:09:47:08 +0800] "POST /InternetTrading/Heartbeat HTTP/1.1" 200 32
27.38.142.113 - - [08/May/2026:09:47:08 +0800] "GET /InternetTrading/longpoll/53995?X-Atmosphere-tracking-id=0&X-Atmosphere-Framework=2.2.3-javascript&X-Atmosphere-Transport=long-polling&X-Atmosphere-TrackMessageSize=true&Content-Type=charset%3Dutf-8&X-atmo-protocol=true&_=1778205229803 HTTP/1.1" 200 -
14.0.230.253 - - [08/May/2026:09:47:09 +0800] "GET /InternetTrading/longpoll/A8127?X-Atmosphere-tracking-id=0&X-Atmosphere-Framework=2.2.3-javascript&X-Atmosphere-Transport=long-polling&X-Atmosphere-TrackMessageSize=true&Content-Type=charset%3Dutf-8&X-atmo-protocol=true&_=1778205232942 HTTP/1.1" 200 -
14.0.230.253 - - [08/May/2026:09:47:11 +0800] "POST /InternetTrading/SessionErrorLogger HTTP/1.1" 200 117
45.144.227.8 - - [08/May/2026:09:47:11 +0800] "POST /InternetTrading/SessionErrorLogger HTTP/1.1" 200 117
14.0.230.253 - - [08/May/2026:09:47:11 +0800] "POST /InternetTrading/Heartbeat HTTP/1.1" 200 32
45.144.227.8 - - [08/May/2026:09:47:11 +0800] "POST /InternetTrading/OrderMaxQuantity HTTP/1.1" 200 11
45.144.227.8 - - [08/May/2026:09:47:12 +0800] "GET /InternetTrading/longpoll/55511?X-Atmosphere-tracking-id=0&X-Atmosphere-Framework=2.2.3-javascript&X-Atmosphere-Transport=long-polling&X-Atmosphere-TrackMessageSize=true&Content-Type=charset%3Dutf-8&X-atmo-protocol=true&_=1778205235580 HTTP/1.1" 200 -
113.118.4.108 - - [08/May/2026:09:47:13 +0800] "GET /InternetTrading/longpoll/51803?X-Atmosphere-tracking-id=0&X-Atmosphere-Framework=2.2.3-javascript&X-Atmosphere-Transport=long-polling&X-Atmosphere-TrackMessageSize=true&Content-Type=charset%3Dutf-8&X-atmo-protocol=true&_=1778205237229 HTTP/1.1" 200 -
14.0.230.253 - - [08/May/2026:09:47:13 +0800] "POST /InternetTrading/SessionErrorLogger HTTP/1.1" 200 117
14.0.230.253 - - [08/May/2026:09:47:13 +0800] "POST /InternetTrading/MarketStatus HTTP/1.1" 200 772
110.81.59.75 - - [08/May/2026:09:47:13 +0800] "GET /InternetTrading/longpoll/M8773?X-Atmosphere-tracking-id=0&X-Atmosphere-Framework=2.2.3-javascript&X-Atmosphere-Transport=long-polling&X-Atmosphere-TrackMessageSize=true&Content-Type=charset%3Dutf-8&X-atmo-protocol=true&_=1778205238848 HTTP/1.1" 200 -
14.0.230.253 - - [08/May/2026:09:47:14 +0800] "GET /InternetTrading/longpoll/A8127?X-Atmosphere-tracking-id=0&X-Atmosphere-Framework=2.2.3-javascript&X-Atmosphere-Transport=long-polling&X-Atmosphere-TrackMessageSize=true&Content-Type=charset%3Dutf-8&X-atmo-protocol=true&_=1778205238046 HTTP/1.1" 200 -
27.38.142.113 - - [08/May/2026:09:47:14 +0800] "GET /InternetTrading/longpoll/53995?X-Atmosphere-tracking-id=0&X-Atmosphere-Framework=2.2.3-javascript&X-Atmosphere-Transport=long-polling&X-Atmosphere-TrackMessageSize=true&Content-Type=charset%3Dutf-8&X-atmo-protocol=true&_=1778205235804 HTTP/1.1" 200 -
45.144.227.8 - - [08/May/2026:09:47:17 +0800] "GET /InternetTrading/longpoll/55511?X-Atmosphere-tracking-id=0&X-Atmosphere-Framework=2.2.3-javascript&X-Atmosphere-Transport=long-polling&X-Atmosphere-TrackMessageSize=true&Content-Type=charset%3Dutf-8&X-atmo-protocol=true&_=1778205240639 HTTP/1.1" 200 -
117.26.250.159 - - [08/May/2026:09:47:17 +0800] "POST /InternetTrading/Heartbeat2FAService HTTP/1.1" 200 1
45.144.227.8 - - [08/May/2026:09:47:18 +0800] "POST /InternetTrading/SessionErrorLogger HTTP/1.1" 200 117
45.144.227.8 - - [08/May/2026:09:47:18 +0800] "POST /InternetTrading/LoginKey HTTP/1.1" 200 -
45.144.227.8 - - [08/May/2026:09:47:18 +0800] "POST /InternetTrading/PreOrder HTTP/1.1" 200 1220
45.144.227.8 - - [08/May/2026:09:47:18 +0800] "GET /InternetTrading/jquery/wait.gif HTTP/1.1" 200 432
45.144.227.8 - - [08/May/2026:09:47:19 +0800] "POST /InternetTrading/SessionErrorLogger HTTP/1.1" 200 117
45.144.227.8 - - [08/May/2026:09:47:19 +0800] "GET /InternetTrading/Csrf?url=/Order HTTP/1.1" 200 126
113.118.4.108 - - [08/May/2026:09:47:19 +0800] "GET /InternetTrading/longpoll/51803?X-Atmosphere-tracking-id=0&X-Atmosphere-Framework=2.2.3-javascript&X-Atmosphere-Transport=long-polling&X-Atmosphere-TrackMessageSize=true&Content-Type=charset%3Dutf-8&X-atmo-protocol=true&_=1778205243227 HTTP/1.1" 200 -
45.144.227.8 - - [08/May/2026:09:47:19 +0800] "POST /InternetTrading/SessionErrorLogger HTTP/1.1" 200 117
45.144.227.8 - - [08/May/2026:09:47:19 +0800] "POST /InternetTrading/LoginKey HTTP/1.1" 200 -
45.144.227.8 - - [08/May/2026:09:47:19 +0800] "POST /InternetTrading/SessionErrorLogger HTTP/1.1" 200 117
14.0.230.253 - - [08/May/2026:09:47:19 +0800] "GET /InternetTrading/longpoll/A8127?X-Atmosphere-tracking-id=0&X-Atmosphere-Framework=2.2.3-javascript&X-Atmosphere-Transport=long-polling&X-Atmosphere-TrackMessageSize=true&Content-Type=charset%3Dutf-8&X-atmo-protocol=true&_=1778205243203 HTTP/1.1" 200 -
45.144.227.8 - - [08/May/2026:09:47:19 +0800] "POST /InternetTrading/Order?csrf_nonce=C4FDFFA337977ED1DA62C68DBC903FE8 HTTP/1.1" 200 1019
110.81.59.75 - - [08/May/2026:09:47:19 +0800] "GET /InternetTrading/longpoll/M8773?X-Atmosphere-tracking-id=0&X-Atmosphere-Framework=2.2.3-javascript&X-Atmosphere-Transport=long-polling&X-Atmosphere-TrackMessageSize=true&Content-Type=charset%3Dutf-8&X-atmo-protocol=true&_=1778205244847 HTTP/1.1" 200 -
45.144.227.8 - - [08/May/2026:09:47:19 +0800] "POST /InternetTrading/SessionErrorLogger HTTP/1.1" 200 117
45.144.227.8 - - [08/May/2026:09:47:19 +0800] "GET /InternetTrading/tc/buy_ticket.html? HTTP/1.1" 200 1995
45.144.227.8 - - [08/May/2026:09:47:20 +0800] "POST /InternetTrading/SessionErrorLogger HTTP/1.1" 200 117
45.144.227.8 - - [08/May/2026:09:47:20 +0800] "POST /InternetTrading/SessionErrorLogger HTTP/1.1" 200 117
45.144.227.8 - - [08/May/2026:09:47:20 +0800] "POST /InternetTrading/MarketStatus HTTP/1.1" 200 772
45.144.227.8 - - [08/May/2026:09:47:20 +0800] "POST /InternetTrading/MarketStatus HTTP/1.1" 200 772
27.38.142.113 - - [08/May/2026:09:47:20 +0800] "GET /InternetTrading/longpoll/53995?X-Atmosphere-tracking-id=0&X-Atmosphere-Framework=2.2.3-javascript&X-Atmosphere-Transport=long-polling&X-Atmosphere-TrackMessageSize=true&Content-Type=charset%3Dutf-8&X-atmo-protocol=true&_=1778205241794 HTTP/1.1" 200 -
113.118.4.108 - - [08/May/2026:09:47:21 +0800] "POST /InternetTrading/SessionErrorLogger HTTP/1.1" 200 117
113.118.4.108 - - [08/May/2026:09:47:21 +0800] "POST /InternetTrading/Heartbeat HTTP/1.1" 200 32
113.118.4.108 - - [08/May/2026:09:47:21 +0800] "POST /InternetTrading/SessionErrorLogger HTTP/1.1" 200 117
113.118.4.108 - - [08/May/2026:09:47:21 +0800] "POST /InternetTrading/MarketStatus HTTP/1.1" 200 772
45.144.227.8 - - [08/May/2026:09:47:21 +0800] "POST /InternetTrading/SessionErrorLogger HTTP/1.1" 200 117
45.144.227.8 - - [08/May/2026:09:47:22 +0800] "POST /InternetTrading/Orderbook HTTP/1.1" 200 1742
45.144.227.8 - - [08/May/2026:09:47:22 +0800] "GET /InternetTrading/longpoll/55511?X-Atmosphere-tracking-id=0&X-Atmosphere-Framework=2.2.3-javascript&X-Atmosphere-Transport=long-polling&X-Atmosphere-TrackMessageSize=true&Content-Type=charset%3Dutf-8&X-atmo-protocol=true&_=1778205245705 HTTP/1.1" 200 -
14.0.230.253 - - [08/May/2026:09:47:25 +0800] "GET /InternetTrading/longpoll/A8127?X-Atmosphere-tracking-id=0&X-Atmosphere-Framework=2.2.3-javascript&X-Atmosphere-Transport=long-polling&X-Atmosphere-TrackMessageSize=true&Content-Type=charset%3Dutf-8&X-atmo-protocol=true&_=1778205248313 HTTP/1.1" 200 -
113.118.4.108 - - [08/May/2026:09:47:25 +0800] "GET /InternetTrading/longpoll/51803?X-Atmosphere-tracking-id=0&X-Atmosphere-Framework=2.2.3-javascript&X-Atmosphere-Transport=long-polling&X-Atmosphere-TrackMessageSize=true&Content-Type=charset%3Dutf-8&X-atmo-protocol=true&_=1778205249238 HTTP/1.1" 200 -
110.81.59.75 - - [08/May/2026:09:47:26 +0800] "GET /InternetTrading/longpoll/M8773?X-Atmosphere-tracking-id=0&X-Atmosphere-Framework=2.2.3-javascript&X-Atmosphere-Transport=long-polling&X-Atmosphere-TrackMessageSize=true&Content-Type=charset%3Dutf-8&X-atmo-protocol=true&_=1778205250847 HTTP/1.1" 200 -
27.38.142.113 - - [08/May/2026:09:47:26 +0800] "GET /InternetTrading/longpoll/53995?X-Atmosphere-tracking-id=0&X-Atmosphere-Framework=2.2.3-javascript&X-Atmosphere-Transport=long-polling&X-Atmosphere-TrackMessageSize=true&Content-Type=charset%3Dutf-8&X-atmo-protocol=true&_=1778205247792 HTTP/1.1" 200 -
45.144.227.8 - - [08/May/2026:09:47:29 +0800] "GET /InternetTrading/longpoll/55511?X-Atmosphere-tracking-id=0&X-Atmosphere-Framework=2.2.3-javascript&X-Atmosphere-Transport=long-polling&X-Atmosphere-TrackMessageSize=true&Content-Type=charset%3Dutf-8&X-atmo-protocol=true&_=1778205253377 HTTP/1.1" 200 -
14.0.230.253 - - [08/May/2026:09:47:30 +0800] "GET /InternetTrading/longpoll/A8127?X-Atmosphere-tracking-id=0&X-Atmosphere-Framework=2.2.3-javascript&X-Atmosphere-Transport=long-polling&X-Atmosphere-TrackMessageSize=true&Content-Type=charset%3Dutf-8&X-atmo-protocol=true&_=1778205253675 HTTP/1.1" 200 -
113.118.4.108 - - [08/May/2026:09:47:31 +0800] "GET /InternetTrading/longpoll/51803?X-Atmosphere-tracking-id=0&X-Atmosphere-Framework=2.2.3-javascript&X-Atmosphere-Transport=long-polling&X-Atmosphere-TrackMessageSize=true&Content-Type=charset%3Dutf-8&X-atmo-protocol=true&_=1778205255225 HTTP/1.1" 200 -
110.81.59.75 - - [08/May/2026:09:47:31 +0800] "GET /InternetTrading/longpoll/M8773?X-Atmosphere-tracking-id=0&X-Atmosphere-Framework=2.2.3-javascript&X-Atmosphere-Transport=long-polling&X-Atmosphere-TrackMessageSize=true&Content-Type=charset%3Dutf-8&X-atmo-protocol=true&_=1778205256847 HTTP/1.1" 200 -
27.38.142.113 - - [08/May/2026:09:47:32 +0800] "GET /InternetTrading/longpoll/53995?X-Atmosphere-tracking-id=0&X-Atmosphere-Framework=2.2.3-javascript&X-Atmosphere-Transport=long-polling&X-Atmosphere-TrackMessageSize=true&Content-Type=charset%3Dutf-8&X-atmo-protocol=true&_=1778205253805 HTTP/1.1" 200 -
45.144.227.8 - - [08/May/2026:09:47:34 +0800] "POST /InternetTrading/SessionErrorLogger HTTP/1.1" 200 117
45.144.227.8 - - [08/May/2026:09:47:34 +0800] "POST /InternetTrading/Product HTTP/1.1" 200 313
45.144.227.8 - - [08/May/2026:09:47:35 +0800] "GET /InternetTrading/longpoll/55511?X-Atmosphere-tracking-id=0&X-Atmosphere-Framework=2.2.3-javascript&X-Atmosphere-Transport=long-polling&X-Atmosphere-TrackMessageSize=true&Content-Type=charset%3Dutf-8&X-atmo-protocol=true&_=1778205258569 HTTP/1.1" 200 -
14.0.230.253 - - [08/May/2026:09:47:35 +0800] "GET /InternetTrading/longpoll/A8127?X-Atmosphere-tracking-id=0&X-Atmosphere-Framework=2.2.3-javascript&X-Atmosphere-Transport=long-polling&X-Atmosphere-TrackMessageSize=true&Content-Type=charset%3Dutf-8&X-atmo-protocol=true&_=1778205258777 HTTP/1.1" 200 -
45.144.227.8 - - [08/May/2026:09:47:36 +0800] "POST /InternetTrading/SessionErrorLogger HTTP/1.1" 200 117
45.144.227.8 - - [08/May/2026:09:47:36 +0800] "POST /InternetTrading/OrderMaxQuantity HTTP/1.1" 200 11
113.118.4.108 - - [08/May/2026:09:47:37 +0800] "GET /InternetTrading/longpoll/51803?X-Atmosphere-tracking-id=0&X-Atmosphere-Framework=2.2.3-javascript&X-Atmosphere-Transport=long-polling&X-Atmosphere-TrackMessageSize=true&Content-Type=charset%3Dutf-8&X-atmo-protocol=true&_=1778205261232 HTTP/1.1" 200 -
110.81.59.75 - - [08/May/2026:09:47:37 +0800] "GET /InternetTrading/longpoll/M8773?X-Atmosphere-tracking-id=0&X-Atmosphere-Framework=2.2.3-javascript&X-Atmosphere-Transport=long-polling&X-Atmosphere-TrackMessageSize=true&Content-Type=charset%3Dutf-8&X-atmo-protocol=true&_=1778205262847 HTTP/1.1" 200 -
45.144.227.8 - - [08/May/2026:09:47:38 +0800] "POST /InternetTrading/SessionErrorLogger HTTP/1.1" 200 117
45.144.227.8 - - [08/May/2026:09:47:38 +0800] "POST /InternetTrading/Heartbeat HTTP/1.1" 200 32
27.38.142.113 - - [08/May/2026:09:47:38 +0800] "GET /InternetTrading/longpoll/53995?X-Atmosphere-tracking-id=0&X-Atmosphere-Framework=2.2.3-javascript&X-Atmosphere-Transport=long-polling&X-Atmosphere-TrackMessageSize=true&Content-Type=charset%3Dutf-8&X-atmo-protocol=true&_=1778205259804 HTTP/1.1" 200 -
45.144.227.8 - - [08/May/2026:09:47:39 +0800] "POST /InternetTrading/SessionErrorLogger HTTP/1.1" 200 117
45.144.227.8 - - [08/May/2026:09:47:39 +0800] "POST /InternetTrading/LoginKey HTTP/1.1" 200 -
45.144.227.8 - - [08/May/2026:09:47:39 +0800] "POST /InternetTrading/PreOrder HTTP/1.1" 200 1220
45.144.227.8 - - [08/May/2026:09:47:40 +0800] "GET /InternetTrading/longpoll/55511?X-Atmosphere-tracking-id=0&X-Atmosphere-Framework=2.2.3-javascript&X-Atmosphere-Transport=long-polling&X-Atmosphere-TrackMessageSize=true&Content-Type=charset%3Dutf-8&X-atmo-protocol=true&_=1778205263630 HTTP/1.1" 200 -
14.0.230.253 - - [08/May/2026:09:47:40 +0800] "GET /InternetTrading/longpoll/A8127?X-Atmosphere-tracking-id=0&X-Atmosphere-Framework=2.2.3-javascript&X-Atmosphere-Transport=long-polling&X-Atmosphere-TrackMessageSize=true&Content-Type=charset%3Dutf-8&X-atmo-protocol=true&_=1778205263998 HTTP/1.1" 200 -
45.144.227.8 - - [08/May/2026:09:47:40 +0800] "POST /InternetTrading/SessionErrorLogger HTTP/1.1" 200 117
45.144.227.8 - - [08/May/2026:09:47:40 +0800] "GET /InternetTrading/Csrf?url=/Order HTTP/1.1" 200 126
45.144.227.8 - - [08/May/2026:09:47:40 +0800] "POST /InternetTrading/SessionErrorLogger HTTP/1.1" 200 117
45.144.227.8 - - [08/May/2026:09:47:40 +0800] "POST /InternetTrading/LoginKey HTTP/1.1" 200 -
45.144.227.8 - - [08/May/2026:09:47:40 +0800] "POST /InternetTrading/SessionErrorLogger HTTP/1.1" 200 117
45.144.227.8 - - [08/May/2026:09:47:40 +0800] "POST /InternetTrading/Order?csrf_nonce=37E10C2457372811B3C7F8EA03E17EA8 HTTP/1.1" 200 1019
45.144.227.8 - - [08/May/2026:09:47:40 +0800] "POST /InternetTrading/SessionErrorLogger HTTP/1.1" 200 117
45.144.227.8 - - [08/May/2026:09:47:41 +0800] "GET /InternetTrading/tc/buy_ticket.html? HTTP/1.1" 200 1995
45.144.227.8 - - [08/May/2026:09:47:41 +0800] "POST /InternetTrading/SessionErrorLogger HTTP/1.1" 200 117
45.144.227.8 - - [08/May/2026:09:47:41 +0800] "POST /InternetTrading/MarketStatus HTTP/1.1" 200 772
45.144.227.8 - - [08/May/2026:09:47:41 +0800] "POST /InternetTrading/SessionErrorLogger HTTP/1.1" 200 117
45.144.227.8 - - [08/May/2026:09:47:41 +0800] "POST /InternetTrading/MarketStatus HTTP/1.1" 200 772
14.0.230.253 - - [08/May/2026:09:47:41 +0800] "POST /InternetTrading/SessionErrorLogger HTTP/1.1" 200 117
14.0.230.253 - - [08/May/2026:09:47:41 +0800] "POST /InternetTrading/Heartbeat HTTP/1.1" 200 32
113.118.4.108 - - [08/May/2026:09:47:43 +0800] "GET /InternetTrading/longpoll/51803?X-Atmosphere-tracking-id=0&X-Atmosphere-Framework=2.2.3-javascript&X-Atmosphere-Transport=long-polling&X-Atmosphere-TrackMessageSize=true&Content-Type=charset%3Dutf-8&X-atmo-protocol=true&_=1778205267225 HTTP/1.1" 200 -
14.0.230.253 - - [08/May/2026:09:47:43 +0800] "POST /InternetTrading/SessionErrorLogger HTTP/1.1" 200 117
110.81.59.75 - - [08/May/2026:09:47:43 +0800] "GET /InternetTrading/longpoll/M8773?X-Atmosphere-tracking-id=0&X-Atmosphere-Framework=2.2.3-javascript&X-Atmosphere-Transport=long-polling&X-Atmosphere-TrackMessageSize=true&Content-Type=charset%3Dutf-8&X-atmo-protocol=true&_=1778205268847 HTTP/1.1" 200 -
14.0.230.253 - - [08/May/2026:09:47:43 +0800] "POST /InternetTrading/MarketStatus HTTP/1.1" 200 772
27.38.142.113 - - [08/May/2026:09:47:44 +0800] "GET /InternetTrading/longpoll/53995?X-Atmosphere-tracking-id=0&X-Atmosphere-Framework=2.2.3-javascript&X-Atmosphere-Transport=long-polling&X-Atmosphere-TrackMessageSize=true&Content-Type=charset%3Dutf-8&X-atmo-protocol=true&_=1778205265804 HTTP/1.1" 200 -
27.38.142.113 - - [08/May/2026:09:47:45 +0800] "POST /InternetTrading/SessionErrorLogger HTTP/1.1" 200 117
27.38.142.113 - - [08/May/2026:09:47:45 +0800] "POST /InternetTrading/Heartbeat HTTP/1.1" 200 32
27.38.142.113 - - [08/May/2026:09:47:45 +0800] "POST /InternetTrading/SessionErrorLogger HTTP/1.1" 200 117
27.38.142.113 - - [08/May/2026:09:47:45 +0800] "POST /InternetTrading/MarketStatus HTTP/1.1" 200 772
14.0.230.253 - - [08/May/2026:09:47:45 +0800] "GET /InternetTrading/longpoll/A8127?X-Atmosphere-tracking-id=0&X-Atmosphere-Framework=2.2.3-javascript&X-Atmosphere-Transport=long-polling&X-Atmosphere-TrackMessageSize=true&Content-Type=charset%3Dutf-8&X-atmo-protocol=true&_=1778205269194 HTTP/1.1" 200 -
117.26.250.159 - - [08/May/2026:09:47:47 +0800] "POST /InternetTrading/Heartbeat2FAService HTTP/1.1" 200 1
113.118.4.108 - - [08/May/2026:09:47:49 +0800] "GET /InternetTrading/longpoll/51803?X-Atmosphere-tracking-id=0&X-Atmosphere-Framework=2.2.3-javascript&X-Atmosphere-Transport=long-polling&X-Atmosphere-TrackMessageSize=true&Content-Type=charset%3Dutf-8&X-atmo-protocol=true&_=1778205273232 HTTP/1.1" 200 -
110.81.59.75 - - [08/May/2026:09:47:49 +0800] "GET /InternetTrading/longpoll/M8773?X-Atmosphere-tracking-id=0&X-Atmosphere-Framework=2.2.3-javascript&X-Atmosphere-Transport=long-polling&X-Atmosphere-TrackMessageSize=true&Content-Type=charset%3Dutf-8&X-atmo-protocol=true&_=1778205274847 HTTP/1.1" 200 -
27.38.142.113 - - [08/May/2026:09:47:50 +0800] "GET /InternetTrading/longpoll/53995?X-Atmosphere-tracking-id=0&X-Atmosphere-Framework=2.2.3-javascript&X-Atmosphere-Transport=long-polling&X-Atmosphere-TrackMessageSize=true&Content-Type=charset%3Dutf-8&X-atmo-protocol=true&_=1778205271791 HTTP/1.1" 200 -
117.26.250.159 - - [08/May/2026:09:47:50 +0800] "POST /InternetTrading/Resend2FAService HTTP/1.1" 200 -
14.0.230.253 - - [08/May/2026:09:47:50 +0800] "GET /InternetTrading/longpoll/A8127?X-Atmosphere-tracking-id=0&X-Atmosphere-Framework=2.2.3-javascript&X-Atmosphere-Transport=long-polling&X-Atmosphere-TrackMessageSize=true&Content-Type=charset%3Dutf-8&X-atmo-protocol=true&_=1778205274329 HTTP/1.1" 200 -
45.144.227.8 - - [08/May/2026:09:47:53 +0800] "POST /InternetTrading/SessionErrorLogger HTTP/1.1" 200 117
45.144.227.8 - - [08/May/2026:09:47:53 +0800] "POST /InternetTrading/Orderbook HTTP/1.1" 200 1682
45.144.227.8 - - [08/May/2026:09:47:53 +0800] "GET /InternetTrading/longpoll/55511?X-Atmosphere-tracking-id=0&X-Atmosphere-Framework=2.2.3-javascript&X-Atmosphere-Transport=long-polling&X-Atmosphere-TrackMessageSize=true&Content-Type=charset%3Dutf-8&X-atmo-protocol=true&_=1778205276815 HTTP/1.1" 200 -
45.144.227.8 - - [08/May/2026:09:47:53 +0800] "GET /InternetTrading/jquery/wait.gif HTTP/1.1" 200 432
45.144.227.8 - - [08/May/2026:09:47:53 +0800] "GET /InternetTrading/jquery/images/ui-bg_glass_75_e6e6e6_1x400.png HTTP/1.1" 200 262
110.81.59.75 - - [08/May/2026:09:47:53 +0800] "POST /InternetTrading/SessionErrorLogger HTTP/1.1" 200 117
110.81.59.75 - - [08/May/2026:09:47:53 +0800] "POST /InternetTrading/Heartbeat HTTP/1.1" 200 32
110.81.59.75 - - [08/May/2026:09:47:53 +0800] "POST /InternetTrading/SessionErrorLogger HTTP/1.1" 200 117
110.81.59.75 - - [08/May/2026:09:47:53 +0800] "POST /InternetTrading/MarketStatus HTTP/1.1" 200 772
113.118.4.108 - - [08/May/2026:09:47:55 +0800] "GET /InternetTrading/longpoll/51803?X-Atmosphere-tracking-id=0&X-Atmosphere-Framework=2.2.3-javascript&X-Atmosphere-Transport=long-polling&X-Atmosphere-TrackMessageSize=true&Content-Type=charset%3Dutf-8&X-atmo-protocol=true&_=1778205279228 HTTP/1.1" 200 -
110.81.59.75 - - [08/May/2026:09:47:55 +0800] "GET /InternetTrading/longpoll/M8773?X-Atmosphere-tracking-id=0&X-Atmosphere-Framework=2.2.3-javascript&X-Atmosphere-Transport=long-polling&X-Atmosphere-TrackMessageSize=true&Content-Type=charset%3Dutf-8&X-atmo-protocol=true&_=1778205280847 HTTP/1.1" 200 -
27.38.142.113 - - [08/May/2026:09:47:56 +0800] "GET /InternetTrading/longpoll/53995?X-Atmosphere-tracking-id=0&X-Atmosphere-Framework=2.2.3-javascript&X-Atmosphere-Transport=long-polling&X-Atmosphere-TrackMessageSize=true&Content-Type=charset%3Dutf-8&X-atmo-protocol=true&_=1778205277806 HTTP/1.1" 200 -
14.0.230.253 - - [08/May/2026:09:47:56 +0800] "GET /InternetTrading/longpoll/A8127?X-Atmosphere-tracking-id=0&X-Atmosphere-Framework=2.2.3-javascript&X-Atmosphere-Transport=long-polling&X-Atmosphere-TrackMessageSize=true&Content-Type=charset%3Dutf-8&X-atmo-protocol=true&_=1778205279543 HTTP/1.1" 200 -
113.118.4.108 - - [08/May/2026:09:48:01 +0800] "GET /InternetTrading/longpoll/51803?X-Atmosphere-tracking-id=0&X-Atmosphere-Framework=2.2.3-javascript&X-Atmosphere-Transport=long-polling&X-Atmosphere-TrackMessageSize=true&Content-Type=charset%3Dutf-8&X-atmo-protocol=true&_=1778205285231 HTTP/1.1" 200 -
14.0.230.253 - - [08/May/2026:09:48:01 +0800] "GET /InternetTrading/longpoll/A8127?X-Atmosphere-tracking-id=0&X-Atmosphere-Framework=2.2.3-javascript&X-Atmosphere-Transport=long-polling&X-Atmosphere-TrackMessageSize=true&Content-Type=charset%3Dutf-8&X-atmo-protocol=true&_=1778205284802 HTTP/1.1" 200 -
110.81.59.75 - - [08/May/2026:09:48:01 +0800] "GET /InternetTrading/longpoll/M8773?X-Atmosphere-tracking-id=0&X-Atmosphere-Framework=2.2.3-javascript&X-Atmosphere-Transport=long-polling&X-Atmosphere-TrackMessageSize=true&Content-Type=charset%3Dutf-8&X-atmo-protocol=true&_=1778205286847 HTTP/1.1" 200 -
27.38.142.113 - - [08/May/2026:09:48:02 +0800] "GET /InternetTrading/longpoll/53995?X-Atmosphere-tracking-id=0&X-Atmosphere-Framework=2.2.3-javascript&X-Atmosphere-Transport=long-polling&X-Atmosphere-TrackMessageSize=true&Content-Type=charset%3Dutf-8&X-atmo-protocol=true&_=1778205283806 HTTP/1.1" 200 -
45.144.227.8 - - [08/May/2026:09:48:03 +0800] "GET /InternetTrading/longpoll/55511?X-Atmosphere-tracking-id=0&X-Atmosphere-Framework=2.2.3-javascript&X-Atmosphere-Transport=long-polling&X-Atmosphere-TrackMessageSize=true&Content-Type=charset%3Dutf-8&X-atmo-protocol=true&_=1778205287008 HTTP/1.1" 200 -
14.0.230.253 - - [08/May/2026:09:48:06 +0800] "GET /InternetTrading/longpoll/A8127?X-Atmosphere-tracking-id=0&X-Atmosphere-Framework=2.2.3-javascript&X-Atmosphere-Transport=long-polling&X-Atmosphere-TrackMessageSize=true&Content-Type=charset%3Dutf-8&X-atmo-protocol=true&_=1778205290160 HTTP/1.1" 200 -
113.118.4.108 - - [08/May/2026:09:48:07 +0800] "GET /InternetTrading/longpoll/51803?X-Atmosphere-tracking-id=0&X-Atmosphere-Framework=2.2.3-javascript&X-Atmosphere-Transport=long-polling&X-Atmosphere-TrackMessageSize=true&Content-Type=charset%3Dutf-8&X-atmo-protocol=true&_=1778205291232 HTTP/1.1" 200 -
110.81.59.75 - - [08/May/2026:09:48:07 +0800] "GET /InternetTrading/longpoll/M8773?X-Atmosphere-tracking-id=0&X-Atmosphere-Framework=2.2.3-javascript&X-Atmosphere-Transport=long-polling&X-Atmosphere-TrackMessageSize=true&Content-Type=charset%3Dutf-8&X-atmo-protocol=true&_=1778205292847 HTTP/1.1" 200 -
27.38.142.113 - - [08/May/2026:09:48:08 +0800] "GET /InternetTrading/longpoll/53995?X-Atmosphere-tracking-id=0&X-Atmosphere-Framework=2.2.3-javascript&X-Atmosphere-Transport=long-polling&X-Atmosphere-TrackMessageSize=true&Content-Type=charset%3Dutf-8&X-atmo-protocol=true&_=1778205289804 HTTP/1.1" 200 -
14.0.230.253 - - [08/May/2026:09:48:11 +0800] "POST /InternetTrading/SessionErrorLogger HTTP/1.1" 200 117
14.0.230.253 - - [08/May/2026:09:48:11 +0800] "POST /InternetTrading/Heartbeat HTTP/1.1" 200 32
14.0.230.253 - - [08/May/2026:09:48:11 +0800] "GET /InternetTrading/longpoll/A8127?X-Atmosphere-tracking-id=0&X-Atmosphere-Framework=2.2.3-javascript&X-Atmosphere-Transport=long-polling&X-Atmosphere-TrackMessageSize=true&Content-Type=charset%3Dutf-8&X-atmo-protocol=true&_=1778205295443 HTTP/1.1" 200 -
113.118.4.108 - - [08/May/2026:09:48:13 +0800] "GET /InternetTrading/longpoll/51803?X-Atmosphere-tracking-id=0&X-Atmosphere-Framework=2.2.3-javascript&X-Atmosphere-Transport=long-polling&X-Atmosphere-TrackMessageSize=true&Content-Type=charset%3Dutf-8&X-atmo-protocol=true&_=1778205297225 HTTP/1.1" 200 -
45.144.227.8 - - [08/May/2026:09:48:13 +0800] "POST /InternetTrading/SessionErrorLogger HTTP/1.1" 200 117
45.144.227.8 - - [08/May/2026:09:48:13 +0800] "GET /InternetTrading/longpoll/55511?X-Atmosphere-tracking-id=0&X-Atmosphere-Framework=2.2.3-javascript&X-Atmosphere-Transport=long-polling&X-Atmosphere-TrackMessageSize=true&Content-Type=charset%3Dutf-8&X-atmo-protocol=true&_=1778205297172 HTTP/1.1" 200 -
45.144.227.8 - - [08/May/2026:09:48:13 +0800] "POST /InternetTrading/SessionErrorLogger HTTP/1.1" 200 117
45.144.227.8 - - [08/May/2026:09:48:13 +0800] "POST /InternetTrading/Heartbeat HTTP/1.1" 200 32
45.144.227.8 - - [08/May/2026:09:48:13 +0800] "POST /InternetTrading/MarketStatus HTTP/1.1" 200 772
