221.124.232.198 - - [20/May/2026:09:25:23 +0800] "GET /InternetTrading/jquery/jquery-migrate-3.0.0.js HTTP/1.1" 200 4963
221.124.232.198 - - [20/May/2026:09:25:23 +0800] "GET /InternetTrading/jquery/additional-methods.js HTTP/1.1" 200 2238
221.124.232.198 - - [20/May/2026:09:25:23 +0800] "GET /InternetTrading/jquery/jquery.validate-1.11.1.js HTTP/1.1" 200 7041
221.124.232.198 - - [20/May/2026:09:25:23 +0800] "GET /InternetTrading/jquery/jquery-3.3.1.js HTTP/1.1" 200 80650
221.124.232.198 - - [20/May/2026:09:25:23 +0800] "GET /InternetTrading/jquery/jquery.blockUI-2.66.0.js HTTP/1.1" 200 6651
221.124.232.198 - - [20/May/2026:09:25:23 +0800] "GET /InternetTrading/jquery/jquery.timer-0.9.16.js HTTP/1.1" 200 542
221.124.232.198 - - [20/May/2026:09:25:23 +0800] "GET /InternetTrading/jquery/jquery.getParams.js HTTP/1.1" 200 587
221.124.232.198 - - [20/May/2026:09:25:23 +0800] "GET /InternetTrading/jquery/jquery-ui-personalized-1.6rc2.min.js HTTP/1.1" 200 55543
221.124.232.198 - - [20/May/2026:09:25:23 +0800] "GET /InternetTrading/tc/dialog.html?1779240741685 HTTP/1.1" 200 3188
221.124.232.198 - - [20/May/2026:09:25:23 +0800] "GET /InternetTrading/js/constants.js?jsv=20200819161914 HTTP/1.1" 200 400
221.124.232.198 - - [20/May/2026:09:25:23 +0800] "GET /InternetTrading/tc/user/translation.js?jsv=20200819161914 HTTP/1.1" 200 12818
221.124.232.198 - - [20/May/2026:09:25:23 +0800] "POST /InternetTrading/SystemMaintenanceCheck HTTP/1.1" 200 119
221.124.232.198 - - [20/May/2026:09:25:23 +0800] "GET /InternetTrading/js/haitong.js?jsv=20200819161914 HTTP/1.1" 200 3881
221.124.232.198 - - [20/May/2026:09:25:23 +0800] "GET /InternetTrading/js/util.js?jsv=20200819161914 HTTP/1.1" 200 6636
221.124.232.198 - - [20/May/2026:09:25:23 +0800] "GET /InternetTrading/js/rsautil.js?jsv=20200819161914 HTTP/1.1" 200 1017
221.124.232.198 - - [20/May/2026:09:25:23 +0800] "GET /InternetTrading/js/init.js?jsv=20200819161914 HTTP/1.1" 200 886
221.124.232.198 - - [20/May/2026:09:25:23 +0800] "GET /InternetTrading/js/login.js?jsv=20200819161914 HTTP/1.1" 200 1684
221.124.232.198 - - [20/May/2026:09:25:23 +0800] "GET /InternetTrading/js/version.js?jsv=20200819161914 HTTP/1.1" 200 85
221.124.232.198 - - [20/May/2026:09:25:23 +0800] "GET /InternetTrading/tc/images/favicon.ico HTTP/1.1" 404 682
221.124.232.198 - - [20/May/2026:09:25:23 +0800] "GET /InternetTrading/tc/user/custom_variables.js?jsv=20200819161914 HTTP/1.1" 200 275
221.124.232.198 - - [20/May/2026:09:25:23 +0800] "GET /InternetTrading/js/pidcrypt.js?jsv=20200819161914 HTTP/1.1" 200 982
221.124.232.198 - - [20/May/2026:09:25:23 +0800] "GET /InternetTrading/js/string_extend.js?jsv=20200819161914 HTTP/1.1" 200 272
221.124.232.198 - - [20/May/2026:09:25:23 +0800] "GET /InternetTrading/js/pidcrypt_util.js?jsv=20200819161914 HTTP/1.1" 200 1206
221.124.232.198 - - [20/May/2026:09:25:23 +0800] "GET /InternetTrading/js/aes_cbc.js?jsv=20200819161914 HTTP/1.1" 200 2043
221.124.232.198 - - [20/May/2026:09:25:23 +0800] "GET /InternetTrading/js/aes_core.js?jsv=20200819161914 HTTP/1.1" 200 2106
221.124.232.198 - - [20/May/2026:09:25:23 +0800] "GET /InternetTrading/js/asn1.js?jsv=20200819161914 HTTP/1.1" 200 3099
221.124.232.198 - - [20/May/2026:09:25:23 +0800] "GET /InternetTrading/js/md5.js?jsv=20200819161914 HTTP/1.1" 200 1730
221.124.232.198 - - [20/May/2026:09:25:23 +0800] "GET /InternetTrading/js/sha256.js?jsv=20200819161914 HTTP/1.1" 200 1362
221.124.232.198 - - [20/May/2026:09:25:23 +0800] "GET /InternetTrading/js/jsbn.js?jsv=20200819161914 HTTP/1.1" 200 6736
221.124.232.198 - - [20/May/2026:09:25:23 +0800] "GET /InternetTrading/js/prng4.js?jsv=20200819161914 HTTP/1.1" 200 303
221.124.232.198 - - [20/May/2026:09:25:23 +0800] "GET /InternetTrading/js/rng.js?jsv=20200819161914 HTTP/1.1" 200 481
221.124.232.198 - - [20/May/2026:09:25:23 +0800] "GET /InternetTrading/tc/images/bg_login.jpg HTTP/1.1" 200 29296
221.124.232.198 - - [20/May/2026:09:25:23 +0800] "GET /InternetTrading/js/rsa.js?jsv=20200819161914 HTTP/1.1" 200 1658
221.124.232.198 - - [20/May/2026:09:25:23 +0800] "GET /InternetTrading/tc/dialog.html?1779240741830 HTTP/1.1" 200 3188
221.124.232.198 - - [20/May/2026:09:25:23 +0800] "POST /InternetTrading/SystemMaintenanceCheck HTTP/1.1" 200 119
14.0.171.169 - - [20/May/2026:09:25:25 +0800] "POST /InternetTrading/SessionErrorLogger HTTP/1.1" 200 117
14.0.171.169 - - [20/May/2026:09:25:25 +0800] "POST /InternetTrading/Heartbeat HTTP/1.1" 200 32
60.246.191.183 - - [20/May/2026:09:25:25 +0800] "GET /InternetTrading/longpoll/11736?X-Atmosphere-tracking-id=0&X-Atmosphere-Framework=2.2.3-javascript&X-Atmosphere-Transport=long-polling&X-Atmosphere-TrackMessageSize=true&Content-Type=charset%3Dutf-8&X-atmo-protocol=true&_=1779240743048 HTTP/1.1" 200 -
14.0.171.169 - - [20/May/2026:09:25:27 +0800] "GET /InternetTrading/longpoll/A8127?X-Atmosphere-tracking-id=0&X-Atmosphere-Framework=2.2.3-javascript&X-Atmosphere-Transport=long-polling&X-Atmosphere-TrackMessageSize=true&Content-Type=charset%3Dutf-8&X-atmo-protocol=true&_=1779240746529 HTTP/1.1" 200 -
119.136.155.155 - - [20/May/2026:09:25:27 +0800] "GET /InternetTrading/longpoll/51803?X-Atmosphere-tracking-id=0&X-Atmosphere-Framework=2.2.3-javascript&X-Atmosphere-Transport=long-polling&X-Atmosphere-TrackMessageSize=true&Content-Type=charset%3Dutf-8&X-atmo-protocol=true&_=1779240744995 HTTP/1.1" 200 -
60.246.191.183 - - [20/May/2026:09:25:30 +0800] "GET /InternetTrading/longpoll/11736?X-Atmosphere-tracking-id=0&X-Atmosphere-Framework=2.2.3-javascript&X-Atmosphere-Transport=long-polling&X-Atmosphere-TrackMessageSize=true&Content-Type=charset%3Dutf-8&X-atmo-protocol=true&_=1779240748114 HTTP/1.1" 200 -
60.246.191.183 - - [20/May/2026:09:25:30 +0800] "POST /InternetTrading/SessionErrorLogger HTTP/1.1" 200 117
60.246.191.183 - - [20/May/2026:09:25:31 +0800] "POST /InternetTrading/Heartbeat HTTP/1.1" 200 32
45.144.227.89 - - [20/May/2026:09:25:31 +0800] "GET /InternetTrading/longpoll/55511?X-Atmosphere-tracking-id=0&X-Atmosphere-Framework=2.2.3-javascript&X-Atmosphere-Transport=long-polling&X-Atmosphere-TrackMessageSize=true&Content-Type=charset%3Dutf-8&X-atmo-protocol=true&_=1779240747238 HTTP/1.1" 200 -
60.246.191.183 - - [20/May/2026:09:25:31 +0800] "POST /InternetTrading/SessionErrorLogger HTTP/1.1" 200 117
60.246.191.183 - - [20/May/2026:09:25:31 +0800] "POST /InternetTrading/MarketStatus HTTP/1.1" 200 772
221.124.232.198 - - [20/May/2026:09:25:31 +0800] "POST /InternetTrading/CheckIsEnableRSA HTTP/1.1" 200 1
221.124.232.198 - - [20/May/2026:09:25:31 +0800] "POST /InternetTrading/CheckPwEncryptType HTTP/1.1" 200 -
221.124.232.198 - - [20/May/2026:09:25:31 +0800] "POST /InternetTrading/LoginKey HTTP/1.1" 200 -
221.124.232.198 - - [20/May/2026:09:25:31 +0800] "GET /InternetTrading/jquery/wait.gif HTTP/1.1" 200 432
14.0.171.169 - - [20/May/2026:09:25:32 +0800] "GET /InternetTrading/longpoll/A8127?X-Atmosphere-tracking-id=0&X-Atmosphere-Framework=2.2.3-javascript&X-Atmosphere-Transport=long-polling&X-Atmosphere-TrackMessageSize=true&Content-Type=charset%3Dutf-8&X-atmo-protocol=true&_=1779240751585 HTTP/1.1" 200 -
221.124.232.198 - - [20/May/2026:09:25:31 +0800] "POST /InternetTrading/Login HTTP/1.1" 200 467
221.124.232.198 - - [20/May/2026:09:25:32 +0800] "GET /InternetTrading/tc/2FA_authentication.html?language=tc&version=HTML HTTP/1.1" 200 1468
221.124.232.198 - - [20/May/2026:09:25:33 +0800] "GET /InternetTrading/tc/style_common.css?v=20200819161914 HTTP/1.1" 200 2540
221.124.232.198 - - [20/May/2026:09:25:33 +0800] "GET /InternetTrading/tc/style.css?v=20200819161914 HTTP/1.1" 200 1435
221.124.232.198 - - [20/May/2026:09:25:33 +0800] "GET /InternetTrading/jquery/jquery-migrate-3.0.0.js HTTP/1.1" 200 4963
221.124.232.198 - - [20/May/2026:09:25:33 +0800] "GET /InternetTrading/jquery/jquery.form-3.46.0.js HTTP/1.1" 200 5673
221.124.232.198 - - [20/May/2026:09:25:33 +0800] "GET /InternetTrading/jquery/jquery.validate-1.11.1.js HTTP/1.1" 200 7041
221.124.232.198 - - [20/May/2026:09:25:33 +0800] "GET /InternetTrading/jquery/additional-methods.js HTTP/1.1" 200 2238
221.124.232.198 - - [20/May/2026:09:25:33 +0800] "GET /InternetTrading/jquery/jquery.blockUI-2.66.0-iAsiaEdition.js HTTP/1.1" 200 6651
221.124.232.198 - - [20/May/2026:09:25:33 +0800] "GET /InternetTrading/jquery/jquery.timer-0.9.16.js HTTP/1.1" 200 542
221.124.232.198 - - [20/May/2026:09:25:33 +0800] "GET /InternetTrading/jquery/jquery.getParams.js HTTP/1.1" 200 587
221.124.232.198 - - [20/May/2026:09:25:33 +0800] "GET /InternetTrading/tc/user/translation.js?jsv=20200819161914 HTTP/1.1" 200 12818
221.124.232.198 - - [20/May/2026:09:25:33 +0800] "GET /InternetTrading/js/constants.js?jsv=20200819161914 HTTP/1.1" 200 400
221.124.232.198 - - [20/May/2026:09:25:33 +0800] "GET /InternetTrading/js/haitong.js?jsv=20200819161914 HTTP/1.1" 200 3881
221.124.232.198 - - [20/May/2026:09:25:33 +0800] "GET /InternetTrading/jquery/jquery-3.3.1.js HTTP/1.1" 200 80650
221.124.232.198 - - [20/May/2026:09:25:33 +0800] "GET /InternetTrading/js/util.js?jsv=20200819161914 HTTP/1.1" 200 6636
221.124.232.198 - - [20/May/2026:09:25:33 +0800] "GET /InternetTrading/tc/user/custom_variables.js?jsv=20200819161914 HTTP/1.1" 200 275
221.124.232.198 - - [20/May/2026:09:25:33 +0800] "GET /InternetTrading/js/init.js?jsv=20200819161914 HTTP/1.1" 200 886
221.124.232.198 - - [20/May/2026:09:25:33 +0800] "GET /InternetTrading/js/2fa.js?jsv=20200819161914 HTTP/1.1" 200 1953
221.124.232.198 - - [20/May/2026:09:25:33 +0800] "GET /InternetTrading/jquery/jquery-ui-1.10.3.js HTTP/1.1" 200 69642
221.124.232.198 - - [20/May/2026:09:25:33 +0800] "GET /InternetTrading/tc/images/logo.png HTTP/1.1" 200 7042
221.124.232.198 - - [20/May/2026:09:25:33 +0800] "GET /InternetTrading/js/login.js?jsv=20200819161914 HTTP/1.1" 200 1684
221.124.232.198 - - [20/May/2026:09:25:33 +0800] "GET /InternetTrading/settings/webpage_settings.js?jsv=20200819161914 HTTP/1.1" 200 33
221.124.232.198 - - [20/May/2026:09:25:33 +0800] "GET /InternetTrading/js/login.js?jsv=20200819161914 HTTP/1.1" 200 1684
221.124.232.198 - - [20/May/2026:09:25:33 +0800] "GET /InternetTrading/tc/dialog.html?1779240751382 HTTP/1.1" 200 3188
221.124.232.198 - - [20/May/2026:09:25:33 +0800] "GET /InternetTrading/jquery/wait.gif HTTP/1.1" 200 432
221.124.232.198 - - [20/May/2026:09:25:33 +0800] "GET /favicon.ico HTTP/1.1" 404 196
221.124.232.198 - - [20/May/2026:09:25:33 +0800] "POST /InternetTrading/SystemMaintenanceCheck HTTP/1.1" 200 119
221.124.232.198 - - [20/May/2026:09:25:33 +0800] "POST /InternetTrading/SystemMaintenanceCheck HTTP/1.1" 200 119
221.124.232.198 - - [20/May/2026:09:25:33 +0800] "POST /InternetTrading/Get2FAInfoService HTTP/1.1" 200 109
119.136.155.155 - - [20/May/2026:09:25:33 +0800] "GET /InternetTrading/longpoll/51803?X-Atmosphere-tracking-id=0&X-Atmosphere-Framework=2.2.3-javascript&X-Atmosphere-Transport=long-polling&X-Atmosphere-TrackMessageSize=true&Content-Type=charset%3Dutf-8&X-atmo-protocol=true&_=1779240750981 HTTP/1.1" 200 -
60.246.191.183 - - [20/May/2026:09:25:35 +0800] "GET /InternetTrading/longpoll/11736?X-Atmosphere-tracking-id=0&X-Atmosphere-Framework=2.2.3-javascript&X-Atmosphere-Transport=long-polling&X-Atmosphere-TrackMessageSize=true&Content-Type=charset%3Dutf-8&X-atmo-protocol=true&_=1779240753133 HTTP/1.1" 200 -
14.0.171.169 - - [20/May/2026:09:25:37 +0800] "GET /InternetTrading/longpoll/A8127?X-Atmosphere-tracking-id=0&X-Atmosphere-Framework=2.2.3-javascript&X-Atmosphere-Transport=long-polling&X-Atmosphere-TrackMessageSize=true&Content-Type=charset%3Dutf-8&X-atmo-protocol=true&_=1779240756728 HTTP/1.1" 200 -
119.136.155.155 - - [20/May/2026:09:25:39 +0800] "GET /InternetTrading/longpoll/51803?X-Atmosphere-tracking-id=0&X-Atmosphere-Framework=2.2.3-javascript&X-Atmosphere-Transport=long-polling&X-Atmosphere-TrackMessageSize=true&Content-Type=charset%3Dutf-8&X-atmo-protocol=true&_=1779240756993 HTTP/1.1" 200 -
60.246.191.183 - - [20/May/2026:09:25:40 +0800] "GET /InternetTrading/longpoll/11736?X-Atmosphere-tracking-id=0&X-Atmosphere-Framework=2.2.3-javascript&X-Atmosphere-Transport=long-polling&X-Atmosphere-TrackMessageSize=true&Content-Type=charset%3Dutf-8&X-atmo-protocol=true&_=1779240758156 HTTP/1.1" 200 -
45.144.227.89 - - [20/May/2026:09:25:41 +0800] "GET /InternetTrading/longpoll/55511?X-Atmosphere-tracking-id=0&X-Atmosphere-Framework=2.2.3-javascript&X-Atmosphere-Transport=long-polling&X-Atmosphere-TrackMessageSize=true&Content-Type=charset%3Dutf-8&X-atmo-protocol=true&_=1779240757506 HTTP/1.1" 200 -
14.0.171.169 - - [20/May/2026:09:25:42 +0800] "POST /InternetTrading/SessionErrorLogger HTTP/1.1" 200 117
14.0.171.169 - - [20/May/2026:09:25:42 +0800] "POST /InternetTrading/MarketStatus HTTP/1.1" 200 772
14.0.171.169 - - [20/May/2026:09:25:42 +0800] "GET /InternetTrading/longpoll/A8127?X-Atmosphere-tracking-id=0&X-Atmosphere-Framework=2.2.3-javascript&X-Atmosphere-Transport=long-polling&X-Atmosphere-TrackMessageSize=true&Content-Type=charset%3Dutf-8&X-atmo-protocol=true&_=1779240761843 HTTP/1.1" 200 -
60.246.191.183 - - [20/May/2026:09:25:45 +0800] "GET /InternetTrading/longpoll/11736?X-Atmosphere-tracking-id=0&X-Atmosphere-Framework=2.2.3-javascript&X-Atmosphere-Transport=long-polling&X-Atmosphere-TrackMessageSize=true&Content-Type=charset%3Dutf-8&X-atmo-protocol=true&_=1779240763177 HTTP/1.1" 200 -
119.136.155.155 - - [20/May/2026:09:25:45 +0800] "GET /InternetTrading/longpoll/51803?X-Atmosphere-tracking-id=0&X-Atmosphere-Framework=2.2.3-javascript&X-Atmosphere-Transport=long-polling&X-Atmosphere-TrackMessageSize=true&Content-Type=charset%3Dutf-8&X-atmo-protocol=true&_=1779240762983 HTTP/1.1" 200 -
14.0.171.169 - - [20/May/2026:09:25:47 +0800] "GET /InternetTrading/longpoll/A8127?X-Atmosphere-tracking-id=0&X-Atmosphere-Framework=2.2.3-javascript&X-Atmosphere-Transport=long-polling&X-Atmosphere-TrackMessageSize=true&Content-Type=charset%3Dutf-8&X-atmo-protocol=true&_=1779240766884 HTTP/1.1" 200 -
45.144.227.89 - - [20/May/2026:09:25:48 +0800] "GET /InternetTrading/longpoll/55511?X-Atmosphere-tracking-id=0&X-Atmosphere-Framework=2.2.3-javascript&X-Atmosphere-Transport=long-polling&X-Atmosphere-TrackMessageSize=true&Content-Type=charset%3Dutf-8&X-atmo-protocol=true&_=1779240764283 HTTP/1.1" 200 -
221.124.232.198 - - [20/May/2026:09:25:48 +0800] "GET /InternetTrading/jquery/wait.gif HTTP/1.1" 200 432
221.124.232.198 - - [20/May/2026:09:25:48 +0800] "POST /InternetTrading/Verify2FAService HTTP/1.1" 200 432
221.124.232.198 - - [20/May/2026:09:25:48 +0800] "GET /InternetTrading/tc/main.html?language=tc&version=HTML HTTP/1.1" 200 3578
221.124.232.198 - - [20/May/2026:09:25:48 +0800] "GET /InternetTrading/jquery/ui.datepicker.css HTTP/1.1" 200 1145
221.124.232.198 - - [20/May/2026:09:25:48 +0800] "GET /InternetTrading/jquery/jquery.tablesorter-theme.blue.css HTTP/1.1" 200 2083
221.124.232.198 - - [20/May/2026:09:25:48 +0800] "GET /InternetTrading/jquery/dragtable-2.0.9.css HTTP/1.1" 200 316
221.124.232.198 - - [20/May/2026:09:25:48 +0800] "GET /InternetTrading/tc/style.css?v=20200819161914 HTTP/1.1" 200 1435
221.124.232.198 - - [20/May/2026:09:25:48 +0800] "GET /InternetTrading/tc/style_common.css?v=20200819161914 HTTP/1.1" 200 2540
221.124.232.198 - - [20/May/2026:09:25:48 +0800] "GET /InternetTrading/tc/css/jquery.jscrollpane.css HTTP/1.1" 404 690
221.124.232.198 - - [20/May/2026:09:25:48 +0800] "GET /InternetTrading/jquery/jquery-ui-1.10.3.css HTTP/1.1" 200 5283
221.124.232.198 - - [20/May/2026:09:25:48 +0800] "GET /InternetTrading/jquery/jquery.ba-postmessage.js HTTP/1.1" 200 2990
221.124.232.198 - - [20/May/2026:09:25:48 +0800] "GET /InternetTrading/js/aastock.js HTTP/1.1" 200 553
221.124.232.198 - - [20/May/2026:09:25:48 +0800] "GET /InternetTrading/jquery/jquery-migrate-3.0.0.js HTTP/1.1" 200 4963
221.124.232.198 - - [20/May/2026:09:25:48 +0800] "GET /InternetTrading/jquery/jquery-1.6.3.min.js HTTP/1.1" 200 32057
221.124.232.198 - - [20/May/2026:09:25:48 +0800] "GET /InternetTrading/jquery/jquery-ui-1.10.3.js HTTP/1.1" 200 69642
221.124.232.198 - - [20/May/2026:09:25:48 +0800] "GET /InternetTrading/js/atmosphere.js HTTP/1.1" 200 13461
221.124.232.198 - - [20/May/2026:09:25:48 +0800] "GET /InternetTrading/jquery/jquery-3.3.1.js HTTP/1.1" 200 80650
221.124.232.198 - - [20/May/2026:09:25:48 +0800] "GET /InternetTrading/jquery/jquery.form-3.46.0.js HTTP/1.1" 200 5673
221.124.232.198 - - [20/May/2026:09:25:48 +0800] "GET /InternetTrading/js/cache.js?jsv=20200819161914 HTTP/1.1" 200 940
221.124.232.198 - - [20/May/2026:09:25:48 +0800] "GET /InternetTrading/jquery/jquery.blockUI-2.66.0.js HTTP/1.1" 200 6651
221.124.232.198 - - [20/May/2026:09:25:48 +0800] "GET /InternetTrading/jquery/additional-methods.js HTTP/1.1" 200 2238
221.124.232.198 - - [20/May/2026:09:25:48 +0800] "GET /InternetTrading/jquery/jquery.mousewheel-3.1.4.js HTTP/1.1" 200 822
221.124.232.198 - - [20/May/2026:09:25:48 +0800] "GET /InternetTrading/jquery/jquery.validate-1.11.1.js HTTP/1.1" 200 7041
221.124.232.198 - - [20/May/2026:09:25:48 +0800] "GET /InternetTrading/jquery/jquery.tablesorter-2.14.5.js HTTP/1.1" 200 8901
221.124.232.198 - - [20/May/2026:09:25:48 +0800] "GET /InternetTrading/jquery/jquery.tablesorter.widgets-2.14.5.js HTTP/1.1" 200 8611
221.124.232.198 - - [20/May/2026:09:25:48 +0800] "GET /InternetTrading/jquery/jquery.timer-0.9.16.js HTTP/1.1" 200 542
221.124.232.198 - - [20/May/2026:09:25:48 +0800] "GET /InternetTrading/jquery/jquery.combobox.packed.js HTTP/1.1" 200 3387
221.124.232.198 - - [20/May/2026:09:25:48 +0800] "GET /InternetTrading/jquery/jquery.getParams.js HTTP/1.1" 200 587
221.124.232.198 - - [20/May/2026:09:25:48 +0800] "GET /InternetTrading/jquery/jquery.selectboxes.pack.js HTTP/1.1" 200 1640
221.124.232.198 - - [20/May/2026:09:25:48 +0800] "GET /InternetTrading/jquery/date.js HTTP/1.1" 200 2807
221.124.232.198 - - [20/May/2026:09:25:48 +0800] "GET /InternetTrading/jquery/globalize-0.1.0a1.js HTTP/1.1" 200 6984
221.124.232.198 - - [20/May/2026:09:25:48 +0800] "GET /InternetTrading/settings/crm_display_settings.js?jsv=20200819161914 HTTP/1.1" 200 1781
221.124.232.198 - - [20/May/2026:09:25:48 +0800] "GET /InternetTrading/json/json2.js?jsv=20200819161914 HTTP/1.1" 200 1372
221.124.232.198 - - [20/May/2026:09:25:48 +0800] "GET /InternetTrading/js/constants.js?jsv=20200819161914 HTTP/1.1" 200 400
221.124.232.198 - - [20/May/2026:09:25:48 +0800] "GET /InternetTrading/tc/user/custom_variables.js?jsv=20200819161914 HTTP/1.1" 200 275
221.124.232.198 - - [20/May/2026:09:25:48 +0800] "GET /InternetTrading/tc/user/translation.js?jsv=20200819161914 HTTP/1.1" 200 12818
221.124.232.198 - - [20/May/2026:09:25:48 +0800] "GET /InternetTrading/js/haitong.js?jsv=20200819161914 HTTP/1.1" 200 3881
221.124.232.198 - - [20/May/2026:09:25:48 +0800] "GET /InternetTrading/js/init.js?jsv=20200819161914 HTTP/1.1" 200 886
221.124.232.198 - - [20/May/2026:09:25:48 +0800] "GET /InternetTrading/js/rsautil.js?jsv=20200819161914 HTTP/1.1" 200 1017
221.124.232.198 - - [20/May/2026:09:25:48 +0800] "GET /InternetTrading/js/util.js?jsv=20200819161914 HTTP/1.1" 200 6636
221.124.232.198 - - [20/May/2026:09:25:48 +0800] "GET /InternetTrading/js/corporate.js?jsv=20200819161914 HTTP/1.1" 200 1575
221.124.232.198 - - [20/May/2026:09:25:48 +0800] "GET /InternetTrading/js/update_mdf.js?jsv=20200819161914 HTTP/1.1" 200 856
221.124.232.198 - - [20/May/2026:09:25:48 +0800] "GET /InternetTrading/js/validation_hkex.js?jsv=20200819161914 HTTP/1.1" 200 2300
221.124.232.198 - - [20/May/2026:09:25:48 +0800] "GET /InternetTrading/js/main.js?jsv=20200819161914 HTTP/1.1" 200 30725
221.124.232.198 - - [20/May/2026:09:25:48 +0800] "GET /InternetTrading/js/validation_bshare.js?jsv=20200819161914 HTTP/1.1" 200 1567
221.124.232.198 - - [20/May/2026:09:25:48 +0800] "GET /InternetTrading/js/validation_global.js?jsv=20200819161914 HTTP/1.1" 200 1564
221.124.232.198 - - [20/May/2026:09:25:48 +0800] "GET /InternetTrading/js/validation_ashare.js?jsv=20200819161914 HTTP/1.1" 200 2482
221.124.232.198 - - [20/May/2026:09:25:48 +0800] "GET /InternetTrading/js/account.js?jsv=20200819161914 HTTP/1.1" 200 2656
221.124.232.198 - - [20/May/2026:09:25:48 +0800] "GET /InternetTrading/js/ipo.js?jsv=20200819161914 HTTP/1.1" 200 5726
221.124.232.198 - - [20/May/2026:09:25:48 +0800] "GET /InternetTrading/js/spread_cache.js?jsv=20200819161914 HTTP/1.1" 200 908
221.124.232.198 - - [20/May/2026:09:25:48 +0800] "GET /InternetTrading/js/mm.js?jsv=20200819161914 HTTP/1.1" 200 487
221.124.232.198 - - [20/May/2026:09:25:48 +0800] "GET /InternetTrading/js/cash_transfer.js?jsv=20200819161914 HTTP/1.1" 200 2712
221.124.232.198 - - [20/May/2026:09:25:48 +0800] "GET /InternetTrading/js/isec_calculator.js?jsv=20200819161914 HTTP/1.1" 200 1364
221.124.232.198 - - [20/May/2026:09:25:48 +0800] "GET /InternetTrading/js/payment_instruction.js?jsv=20200819161914 HTTP/1.1" 200 2178
221.124.232.198 - - [20/May/2026:09:25:48 +0800] "GET /InternetTrading/js/payment_instruction_IMOS.js?jsv=20200819161914 HTTP/1.1" 200 6874
221.124.232.198 - - [20/May/2026:09:25:48 +0800] "GET /InternetTrading/js/string_extend.js?jsv=20200819161914 HTTP/1.1" 200 272
221.124.232.198 - - [20/May/2026:09:25:48 +0800] "GET /InternetTrading/js/eStatement.js?jsv=20200819161914 HTTP/1.1" 200 562
221.124.232.198 - - [20/May/2026:09:25:48 +0800] "GET /InternetTrading/js/pidcrypt.js?jsv=20200819161914 HTTP/1.1" 200 982
221.124.232.198 - - [20/May/2026:09:25:48 +0800] "GET /InternetTrading/ExchangeList?fmt=js&jsv=20200819161914 HTTP/1.1" 200 146
221.124.232.198 - - [20/May/2026:09:25:48 +0800] "GET /InternetTrading/js/pidcrypt_util.js?jsv=20200819161914 HTTP/1.1" 200 1206
221.124.232.198 - - [20/May/2026:09:25:48 +0800] "GET /InternetTrading/js/asn1.js?jsv=20200819161914 HTTP/1.1" 200 3099
221.124.232.198 - - [20/May/2026:09:25:48 +0800] "GET /InternetTrading/js/aes_core.js?jsv=20200819161914 HTTP/1.1" 200 2106
221.124.232.198 - - [20/May/2026:09:25:48 +0800] "GET /InternetTrading/js/aes_cbc.js?jsv=20200819161914 HTTP/1.1" 200 2043
221.124.232.198 - - [20/May/2026:09:25:48 +0800] "GET /InternetTrading/js/md5.js?jsv=20200819161914 HTTP/1.1" 200 1730
221.124.232.198 - - [20/May/2026:09:25:48 +0800] "GET /InternetTrading/js/sha256.js?jsv=20200819161914 HTTP/1.1" 200 1362
221.124.232.198 - - [20/May/2026:09:25:48 +0800] "GET /InternetTrading/js/jsbn.js?jsv=20200819161914 HTTP/1.1" 200 6736
221.124.232.198 - - [20/May/2026:09:25:48 +0800] "GET /InternetTrading/js/prng4.js?jsv=20200819161914 HTTP/1.1" 200 303
221.124.232.198 - - [20/May/2026:09:25:48 +0800] "GET /InternetTrading/js/rng.js?jsv=20200819161914 HTTP/1.1" 200 481
221.124.232.198 - - [20/May/2026:09:25:48 +0800] "GET /InternetTrading/js/rsa.js?jsv=20200819161914 HTTP/1.1" 200 1658
221.124.232.198 - - [20/May/2026:09:25:48 +0800] "GET /InternetTrading/js/aes.js?jsv=20200819161914 HTTP/1.1" 200 4816
221.124.232.198 - - [20/May/2026:09:25:48 +0800] "GET /InternetTrading/js/mode-ecb.js?jsv=20200819161914 HTTP/1.1" 200 199
221.124.232.198 - - [20/May/2026:09:25:48 +0800] "GET /InternetTrading/js/utilSpec.js?jsv=20200819161914 HTTP/1.1" 200 27
221.124.232.198 - - [20/May/2026:09:25:48 +0800] "GET /InternetTrading/js/update_lastlogin.js?jsv=20200819161914 HTTP/1.1" 200 980
221.124.232.198 - - [20/May/2026:09:25:48 +0800] "GET /InternetTrading/js/pw_alert.js?jsv=20200819161914 HTTP/1.1" 200 418
221.124.232.198 - - [20/May/2026:09:25:48 +0800] "GET /InternetTrading/js/jquery.cookie.js HTTP/1.1" 200 834
221.124.232.198 - - [20/May/2026:09:25:48 +0800] "GET /InternetTrading/js/jquery.mousewheel.js HTTP/1.1" 404 684
221.124.232.198 - - [20/May/2026:09:25:48 +0800] "GET /InternetTrading/js/jquery.jscrollpane.js HTTP/1.1" 404 685
221.124.232.198 - - [20/May/2026:09:25:48 +0800] "GET /InternetTrading/tc/images/logo.png HTTP/1.1" 200 7042
221.124.232.198 - - [20/May/2026:09:25:48 +0800] "GET /InternetTrading/js/decimal.js HTTP/1.1" 200 13492
221.124.232.198 - - [20/May/2026:09:25:48 +0800] "GET /InternetTrading/GoodTillDateValidExch?fmt=js&jsv=20200819161914 HTTP/1.1" 200 29
221.124.232.198 - - [20/May/2026:09:25:48 +0800] "GET /InternetTrading/tc/images/top_menu01.jpg HTTP/1.1" 200 3466
221.124.232.198 - - [20/May/2026:09:25:48 +0800] "GET /InternetTrading/tc/images/top_menu04.jpg HTTP/1.1" 200 3430
221.124.232.198 - - [20/May/2026:09:25:48 +0800] "GET /InternetTrading/tc/images/top_menu_logout.jpg HTTP/1.1" 200 1016
221.124.232.198 - - [20/May/2026:09:25:48 +0800] "GET /InternetTrading/images/top_bg1.jpg HTTP/1.1" 200 329
221.124.232.198 - - [20/May/2026:09:25:48 +0800] "GET /InternetTrading/images/top_bg2.jpg HTTP/1.1" 200 330
221.124.232.198 - - [20/May/2026:09:25:48 +0800] "GET /InternetTrading/images/top_bg3.jpg HTTP/1.1" 200 878
221.124.232.198 - - [20/May/2026:09:25:48 +0800] "POST /InternetTrading/PopUpConfig HTTP/1.1" 200 2
221.124.232.198 - - [20/May/2026:09:25:48 +0800] "GET /InternetTrading/tc/dialog.html?1779240767243 HTTP/1.1" 200 3188
221.124.232.198 - - [20/May/2026:09:25:48 +0800] "POST /InternetTrading/Heartbeat HTTP/1.1" 200 32
221.124.232.198 - - [20/May/2026:09:25:49 +0800] "POST /InternetTrading/CustomerInfoLite HTTP/1.1" 200 125
221.124.232.198 - - [20/May/2026:09:25:49 +0800] "GET /InternetTrading/tc/images/top_menu04.jpg HTTP/1.1" 200 3430
221.124.232.198 - - [20/May/2026:09:25:49 +0800] "GET /InternetTrading/jquery/wait.gif HTTP/1.1" 200 432
221.124.232.198 - - [20/May/2026:09:25:49 +0800] "GET /InternetTrading/tc/trade.html HTTP/1.1" 200 2113
221.124.232.198 - - [20/May/2026:09:25:49 +0800] "POST /InternetTrading/SpreadPriceCache HTTP/1.1" 200 1947
221.124.232.198 - - [20/May/2026:09:25:49 +0800] "GET /InternetTrading/tc/images/top_menu01_o.jpg HTTP/1.1" 200 3339
221.124.232.198 - - [20/May/2026:09:25:49 +0800] "POST /InternetTrading/SessionErrorLogger HTTP/1.1" 200 117
221.124.232.198 - - [20/May/2026:09:25:49 +0800] "POST /InternetTrading/GetLastLoginDate HTTP/1.1" 200 31
221.124.232.198 - - [20/May/2026:09:25:49 +0800] "POST /InternetTrading/SessionErrorLogger HTTP/1.1" 200 117
221.124.232.198 - - [20/May/2026:09:25:49 +0800] "GET /InternetTrading/tc/getpopupMsgName.jsp HTTP/1.1" 200 -
221.124.232.198 - - [20/May/2026:09:25:49 +0800] "GET /InternetTrading/tc/applet_dummy.html HTTP/1.1" 200 330
221.124.232.198 - - [20/May/2026:09:25:49 +0800] "POST /InternetTrading/SessionErrorLogger HTTP/1.1" 200 117
221.124.232.198 - - [20/May/2026:09:25:49 +0800] "GET /InternetTrading/tc/buy_ticket.html? HTTP/1.1" 200 1995
221.124.232.198 - - [20/May/2026:09:25:49 +0800] "POST /InternetTrading/SessionErrorLogger HTTP/1.1" 200 117
221.124.232.198 - - [20/May/2026:09:25:49 +0800] "POST /InternetTrading/MarketStatus HTTP/1.1" 200 772
221.124.232.198 - - [20/May/2026:09:25:49 +0800] "POST /InternetTrading/SessionErrorLogger HTTP/1.1" 200 117
221.124.232.198 - - [20/May/2026:09:25:49 +0800] "GET /InternetTrading/tc/multi_currency_balance.html HTTP/1.1" 200 295
221.124.232.198 - - [20/May/2026:09:25:49 +0800] "GET /InternetTrading/jquery/wait.gif HTTP/1.1" 200 432
221.124.232.198 - - [20/May/2026:09:25:49 +0800] "GET /InternetTrading/tc/images/trade_point01.jpg HTTP/1.1" 200 358
221.124.232.198 - - [20/May/2026:09:25:49 +0800] "GET /InternetTrading/Home/PostToAA.jsp?hl=tc HTTP/1.1" 200 292
221.124.232.198 - - [20/May/2026:09:25:49 +0800] "GET /InternetTrading/tc/images/refresh.gif HTTP/1.1" 200 1145
221.124.232.198 - - [20/May/2026:09:25:49 +0800] "GET /InternetTrading/jquery/images/ui-icons_222222_256x240.png HTTP/1.1" 200 6922
221.124.232.198 - - [20/May/2026:09:25:49 +0800] "GET /InternetTrading/jquery/images/ui-bg_flat_75_ffffff_40x100.png HTTP/1.1" 200 208
221.124.232.198 - - [20/May/2026:09:25:49 +0800] "POST /InternetTrading/SessionErrorLogger HTTP/1.1" 200 117
221.124.232.198 - - [20/May/2026:09:25:49 +0800] "POST /InternetTrading/SessionErrorLogger HTTP/1.1" 200 117
221.124.232.198 - - [20/May/2026:09:25:49 +0800] "POST /InternetTrading/MarketStatus HTTP/1.1" 200 772
221.124.232.198 - - [20/May/2026:09:25:49 +0800] "POST /InternetTrading/MarketStatus HTTP/1.1" 200 772
119.136.155.155 - - [20/May/2026:09:25:49 +0800] "POST /InternetTrading/SessionErrorLogger HTTP/1.1" 200 117
119.136.155.155 - - [20/May/2026:09:25:49 +0800] "POST /InternetTrading/Heartbeat HTTP/1.1" 200 32
119.136.155.155 - - [20/May/2026:09:25:49 +0800] "POST /InternetTrading/SessionErrorLogger HTTP/1.1" 200 117
119.136.155.155 - - [20/May/2026:09:25:49 +0800] "POST /InternetTrading/MarketStatus HTTP/1.1" 200 772
60.246.191.183 - - [20/May/2026:09:25:50 +0800] "GET /InternetTrading/longpoll/11736?X-Atmosphere-tracking-id=0&X-Atmosphere-Framework=2.2.3-javascript&X-Atmosphere-Transport=long-polling&X-Atmosphere-TrackMessageSize=true&Content-Type=charset%3Dutf-8&X-atmo-protocol=true&_=1779240768233 HTTP/1.1" 200 -
221.124.232.198 - - [20/May/2026:09:25:51 +0800] "POST /InternetTrading/SessionErrorLogger HTTP/1.1" 200 117
221.124.232.198 - - [20/May/2026:09:25:51 +0800] "POST /InternetTrading/CustomerInfo HTTP/1.1" 200 212
221.124.232.198 - - [20/May/2026:09:25:51 +0800] "POST /InternetTrading/SessionErrorLogger HTTP/1.1" 200 117
221.124.232.198 - - [20/May/2026:09:25:51 +0800] "GET /InternetTrading/tc/account_status.html HTTP/1.1" 200 426
221.124.232.198 - - [20/May/2026:09:25:51 +0800] "POST /InternetTrading/SessionErrorLogger HTTP/1.1" 200 117
221.124.232.198 - - [20/May/2026:09:25:51 +0800] "POST /InternetTrading/SessionErrorLogger HTTP/1.1" 200 117
221.124.232.198 - - [20/May/2026:09:25:51 +0800] "POST /InternetTrading/MarketStatus HTTP/1.1" 200 772
221.124.232.198 - - [20/May/2026:09:25:51 +0800] "GET /InternetTrading/jquery/wait.gif HTTP/1.1" 200 432
221.124.232.198 - - [20/May/2026:09:25:51 +0800] "POST /InternetTrading/SessionErrorLogger HTTP/1.1" 200 117
221.124.232.198 - - [20/May/2026:09:25:51 +0800] "POST /InternetTrading/LongPollingConfig HTTP/1.1" 200 4
221.124.232.198 - - [20/May/2026:09:25:51 +0800] "GET /InternetTrading/jquery/wait.gif HTTP/1.1" 200 432
221.124.232.198 - - [20/May/2026:09:25:51 +0800] "POST /InternetTrading/SessionErrorLogger HTTP/1.1" 200 117
221.124.232.198 - - [20/May/2026:09:25:51 +0800] "GET /InternetTrading/longpoll/13511?X-Atmosphere-tracking-id=0&X-Atmosphere-Framework=2.2.3-javascript&X-Atmosphere-Transport=long-polling&X-Atmosphere-TrackMessageSize=true&Content-Type=charset%3Dutf-8&X-atmo-protocol=true&_=1779240769511 HTTP/1.1" 200 -
221.124.232.198 - - [20/May/2026:09:25:51 +0800] "POST /InternetTrading/Portfolio HTTP/1.1" 200 756
119.136.155.155 - - [20/May/2026:09:25:51 +0800] "GET /InternetTrading/longpoll/51803?X-Atmosphere-tracking-id=0&X-Atmosphere-Framework=2.2.3-javascript&X-Atmosphere-Transport=long-polling&X-Atmosphere-TrackMessageSize=true&Content-Type=charset%3Dutf-8&X-atmo-protocol=true&_=1779240768994 HTTP/1.1" 200 -
14.0.171.169 - - [20/May/2026:09:25:53 +0800] "GET /InternetTrading/longpoll/A8127?X-Atmosphere-tracking-id=0&X-Atmosphere-Framework=2.2.3-javascript&X-Atmosphere-Transport=long-polling&X-Atmosphere-TrackMessageSize=true&Content-Type=charset%3Dutf-8&X-atmo-protocol=true&_=1779240772022 HTTP/1.1" 200 -
14.0.171.169 - - [20/May/2026:09:25:55 +0800] "POST /InternetTrading/SessionErrorLogger HTTP/1.1" 200 117
14.0.171.169 - - [20/May/2026:09:25:55 +0800] "POST /InternetTrading/Heartbeat HTTP/1.1" 200 32
60.246.191.183 - - [20/May/2026:09:25:55 +0800] "GET /InternetTrading/longpoll/11736?X-Atmosphere-tracking-id=0&X-Atmosphere-Framework=2.2.3-javascript&X-Atmosphere-Transport=long-polling&X-Atmosphere-TrackMessageSize=true&Content-Type=charset%3Dutf-8&X-atmo-protocol=true&_=1779240773276 HTTP/1.1" 200 -
221.124.232.198 - - [20/May/2026:09:25:56 +0800] "GET /InternetTrading/longpoll/13511?X-Atmosphere-tracking-id=0&X-Atmosphere-Framework=2.2.3-javascript&X-Atmosphere-Transport=long-polling&X-Atmosphere-TrackMessageSize=true&Content-Type=charset%3Dutf-8&X-atmo-protocol=true&_=1779240774523 HTTP/1.1" 200 -
119.136.155.155 - - [20/May/2026:09:25:57 +0800] "GET /InternetTrading/longpoll/51803?X-Atmosphere-tracking-id=0&X-Atmosphere-Framework=2.2.3-javascript&X-Atmosphere-Transport=long-polling&X-Atmosphere-TrackMessageSize=true&Content-Type=charset%3Dutf-8&X-atmo-protocol=true&_=1779240774982 HTTP/1.1" 200 -
14.0.171.169 - - [20/May/2026:09:25:58 +0800] "GET /InternetTrading/longpoll/A8127?X-Atmosphere-tracking-id=0&X-Atmosphere-Framework=2.2.3-javascript&X-Atmosphere-Transport=long-polling&X-Atmosphere-TrackMessageSize=true&Content-Type=charset%3Dutf-8&X-atmo-protocol=true&_=1779240777318 HTTP/1.1" 200 -
60.246.191.183 - - [20/May/2026:09:26:00 +0800] "GET /InternetTrading/longpoll/11736?X-Atmosphere-tracking-id=0&X-Atmosphere-Framework=2.2.3-javascript&X-Atmosphere-Transport=long-polling&X-Atmosphere-TrackMessageSize=true&Content-Type=charset%3Dutf-8&X-atmo-protocol=true&_=1779240778305 HTTP/1.1" 200 -
60.246.191.183 - - [20/May/2026:09:26:01 +0800] "POST /InternetTrading/SessionErrorLogger HTTP/1.1" 200 117
60.246.191.183 - - [20/May/2026:09:26:01 +0800] "POST /InternetTrading/Heartbeat HTTP/1.1" 200 32
60.246.191.183 - - [20/May/2026:09:26:01 +0800] "POST /InternetTrading/SessionErrorLogger HTTP/1.1" 200 117
60.246.191.183 - - [20/May/2026:09:26:01 +0800] "POST /InternetTrading/MarketStatus HTTP/1.1" 200 772
221.124.232.198 - - [20/May/2026:09:26:01 +0800] "GET /InternetTrading/longpoll/13511?X-Atmosphere-tracking-id=0&X-Atmosphere-Framework=2.2.3-javascript&X-Atmosphere-Transport=long-polling&X-Atmosphere-TrackMessageSize=true&Content-Type=charset%3Dutf-8&X-atmo-protocol=true&_=1779240779806 HTTP/1.1" 200 -
14.0.171.169 - - [20/May/2026:09:26:03 +0800] "GET /InternetTrading/longpoll/A8127?X-Atmosphere-tracking-id=0&X-Atmosphere-Framework=2.2.3-javascript&X-Atmosphere-Transport=long-polling&X-Atmosphere-TrackMessageSize=true&Content-Type=charset%3Dutf-8&X-atmo-protocol=true&_=1779240782354 HTTP/1.1" 200 -
119.136.155.155 - - [20/May/2026:09:26:03 +0800] "GET /InternetTrading/longpoll/51803?X-Atmosphere-tracking-id=0&X-Atmosphere-Framework=2.2.3-javascript&X-Atmosphere-Transport=long-polling&X-Atmosphere-TrackMessageSize=true&Content-Type=charset%3Dutf-8&X-atmo-protocol=true&_=1779240780985 HTTP/1.1" 200 -
45.144.227.89 - - [20/May/2026:09:26:04 +0800] "POST /InternetTrading/SessionErrorLogger HTTP/1.1" 200 117
45.144.227.89 - - [20/May/2026:09:26:04 +0800] "POST /InternetTrading/Heartbeat HTTP/1.1" 200 32
45.144.227.89 - - [20/May/2026:09:26:04 +0800] "POST /InternetTrading/SessionErrorLogger HTTP/1.1" 200 117
45.144.227.89 - - [20/May/2026:09:26:04 +0800] "GET /InternetTrading/longpoll/55511?X-Atmosphere-tracking-id=0&X-Atmosphere-Framework=2.2.3-javascript&X-Atmosphere-Transport=long-polling&X-Atmosphere-TrackMessageSize=true&Content-Type=charset%3Dutf-8&X-atmo-protocol=true&_=1779240780568 HTTP/1.1" 200 -
45.144.227.89 - - [20/May/2026:09:26:04 +0800] "POST /InternetTrading/MarketStatus HTTP/1.1" 200 772
60.246.191.183 - - [20/May/2026:09:26:05 +0800] "GET /InternetTrading/longpoll/11736?X-Atmosphere-tracking-id=0&X-Atmosphere-Framework=2.2.3-javascript&X-Atmosphere-Transport=long-polling&X-Atmosphere-TrackMessageSize=true&Content-Type=charset%3Dutf-8&X-atmo-protocol=true&_=1779240783328 HTTP/1.1" 200 -
221.124.232.198 - - [20/May/2026:09:26:07 +0800] "GET /InternetTrading/longpoll/13511?X-Atmosphere-tracking-id=0&X-Atmosphere-Framework=2.2.3-javascript&X-Atmosphere-Transport=long-polling&X-Atmosphere-TrackMessageSize=true&Content-Type=charset%3Dutf-8&X-atmo-protocol=true&_=1779240785797 HTTP/1.1" 200 -
14.0.171.169 - - [20/May/2026:09:26:08 +0800] "GET /InternetTrading/longpoll/A8127?X-Atmosphere-tracking-id=0&X-Atmosphere-Framework=2.2.3-javascript&X-Atmosphere-Transport=long-polling&X-Atmosphere-TrackMessageSize=true&Content-Type=charset%3Dutf-8&X-atmo-protocol=true&_=1779240787460 HTTP/1.1" 200 -
119.136.155.155 - - [20/May/2026:09:26:09 +0800] "GET /InternetTrading/longpoll/51803?X-Atmosphere-tracking-id=0&X-Atmosphere-Framework=2.2.3-javascript&X-Atmosphere-Transport=long-polling&X-Atmosphere-TrackMessageSize=true&Content-Type=charset%3Dutf-8&X-atmo-protocol=true&_=1779240786990 HTTP/1.1" 200 -
60.246.191.183 - - [20/May/2026:09:26:10 +0800] "GET /InternetTrading/longpoll/11736?X-Atmosphere-tracking-id=0&X-Atmosphere-Framework=2.2.3-javascript&X-Atmosphere-Transport=long-polling&X-Atmosphere-TrackMessageSize=true&Content-Type=charset%3Dutf-8&X-atmo-protocol=true&_=1779240788351 HTTP/1.1" 200 -
14.0.171.169 - - [20/May/2026:09:26:12 +0800] "POST /InternetTrading/SessionErrorLogger HTTP/1.1" 200 117
14.0.171.169 - - [20/May/2026:09:26:12 +0800] "POST /InternetTrading/MarketStatus HTTP/1.1" 200 772
14.0.171.169 - - [20/May/2026:09:26:13 +0800] "GET /InternetTrading/longpoll/A8127?X-Atmosphere-tracking-id=0&X-Atmosphere-Framework=2.2.3-javascript&X-Atmosphere-Transport=long-polling&X-Atmosphere-TrackMessageSize=true&Content-Type=charset%3Dutf-8&X-atmo-protocol=true&_=1779240792590 HTTP/1.1" 200 -
221.124.232.198 - - [20/May/2026:09:26:13 +0800] "GET /InternetTrading/longpoll/13511?X-Atmosphere-tracking-id=0&X-Atmosphere-Framework=2.2.3-javascript&X-Atmosphere-Transport=long-polling&X-Atmosphere-TrackMessageSize=true&Content-Type=charset%3Dutf-8&X-atmo-protocol=true&_=1779240791800 HTTP/1.1" 200 -
45.144.227.89 - - [20/May/2026:09:26:14 +0800] "GET /InternetTrading/longpoll/55511?X-Atmosphere-tracking-id=0&X-Atmosphere-Framework=2.2.3-javascript&X-Atmosphere-Transport=long-polling&X-Atmosphere-TrackMessageSize=true&Content-Type=charset%3Dutf-8&X-atmo-protocol=true&_=1779240790736 HTTP/1.1" 200 -
60.246.191.183 - - [20/May/2026:09:26:15 +0800] "GET /InternetTrading/longpoll/11736?X-Atmosphere-tracking-id=0&X-Atmosphere-Framework=2.2.3-javascript&X-Atmosphere-Transport=long-polling&X-Atmosphere-TrackMessageSize=true&Content-Type=charset%3Dutf-8&X-atmo-protocol=true&_=1779240793389 HTTP/1.1" 200 -
119.136.155.155 - - [20/May/2026:09:26:15 +0800] "GET /InternetTrading/longpoll/51803?X-Atmosphere-tracking-id=0&X-Atmosphere-Framework=2.2.3-javascript&X-Atmosphere-Transport=long-polling&X-Atmosphere-TrackMessageSize=true&Content-Type=charset%3Dutf-8&X-atmo-protocol=true&_=1779240792980 HTTP/1.1" 200 -
14.0.171.169 - - [20/May/2026:09:26:18 +0800] "GET /InternetTrading/longpoll/A8127?X-Atmosphere-tracking-id=0&X-Atmosphere-Framework=2.2.3-javascript&X-Atmosphere-Transport=long-polling&X-Atmosphere-TrackMessageSize=true&Content-Type=charset%3Dutf-8&X-atmo-protocol=true&_=1779240797633 HTTP/1.1" 200 -
221.124.232.198 - - [20/May/2026:09:26:19 +0800] "GET /InternetTrading/longpoll/13511?X-Atmosphere-tracking-id=0&X-Atmosphere-Framework=2.2.3-javascript&X-Atmosphere-Transport=long-polling&X-Atmosphere-TrackMessageSize=true&Content-Type=charset%3Dutf-8&X-atmo-protocol=true&_=1779240797802 HTTP/1.1" 200 -
221.124.232.198 - - [20/May/2026:09:26:19 +0800] "POST /InternetTrading/SessionErrorLogger HTTP/1.1" 200 117
221.124.232.198 - - [20/May/2026:09:26:19 +0800] "POST /InternetTrading/SessionErrorLogger HTTP/1.1" 200 117
221.124.232.198 - - [20/May/2026:09:26:19 +0800] "POST /InternetTrading/Heartbeat HTTP/1.1" 200 32
221.124.232.198 - - [20/May/2026:09:26:19 +0800] "POST /InternetTrading/MarketStatus HTTP/1.1" 200 772
60.246.191.183 - - [20/May/2026:09:26:20 +0800] "GET /InternetTrading/longpoll/11736?X-Atmosphere-tracking-id=0&X-Atmosphere-Framework=2.2.3-javascript&X-Atmosphere-Transport=long-polling&X-Atmosphere-TrackMessageSize=true&Content-Type=charset%3Dutf-8&X-atmo-protocol=true&_=1779240798414 HTTP/1.1" 200 -
221.124.232.198 - - [20/May/2026:09:26:21 +0800] "GET /InternetTrading/tc/images/top_menu04_o.jpg HTTP/1.1" 200 3289
221.124.232.198 - - [20/May/2026:09:26:21 +0800] "GET /InternetTrading/tc/images/top_menu04.jpg HTTP/1.1" 200 3430
119.136.155.155 - - [20/May/2026:09:26:21 +0800] "GET /InternetTrading/longpoll/51803?X-Atmosphere-tracking-id=0&X-Atmosphere-Framework=2.2.3-javascript&X-Atmosphere-Transport=long-polling&X-Atmosphere-TrackMessageSize=true&Content-Type=charset%3Dutf-8&X-atmo-protocol=true&_=1779240798982 HTTP/1.1" 200 -
14.0.171.169 - - [20/May/2026:09:26:23 +0800] "GET /InternetTrading/longpoll/A8127?X-Atmosphere-tracking-id=0&X-Atmosphere-Framework=2.2.3-javascript&X-Atmosphere-Transport=long-polling&X-Atmosphere-TrackMessageSize=true&Content-Type=charset%3Dutf-8&X-atmo-protocol=true&_=1779240802746 HTTP/1.1" 200 -
45.144.227.89 - - [20/May/2026:09:26:24 +0800] "GET /InternetTrading/longpoll/55511?X-Atmosphere-tracking-id=0&X-Atmosphere-Framework=2.2.3-javascript&X-Atmosphere-Transport=long-polling&X-Atmosphere-TrackMessageSize=true&Content-Type=charset%3Dutf-8&X-atmo-protocol=true&_=1779240801005 HTTP/1.1" 200 -
14.0.171.169 - - [20/May/2026:09:26:25 +0800] "POST /InternetTrading/SessionErrorLogger HTTP/1.1" 200 117
14.0.171.169 - - [20/May/2026:09:26:25 +0800] "POST /InternetTrading/Heartbeat HTTP/1.1" 200 32
60.246.191.183 - - [20/May/2026:09:26:25 +0800] "GET /InternetTrading/longpoll/11736?X-Atmosphere-tracking-id=0&X-Atmosphere-Framework=2.2.3-javascript&X-Atmosphere-Transport=long-polling&X-Atmosphere-TrackMessageSize=true&Content-Type=charset%3Dutf-8&X-atmo-protocol=true&_=1779240803462 HTTP/1.1" 200 -
119.136.155.155 - - [20/May/2026:09:26:27 +0800] "GET /InternetTrading/longpoll/51803?X-Atmosphere-tracking-id=0&X-Atmosphere-Framework=2.2.3-javascript&X-Atmosphere-Transport=long-polling&X-Atmosphere-TrackMessageSize=true&Content-Type=charset%3Dutf-8&X-atmo-protocol=true&_=1779240804988 HTTP/1.1" 200 -
14.0.171.169 - - [20/May/2026:09:26:28 +0800] "GET /InternetTrading/longpoll/A8127?X-Atmosphere-tracking-id=0&X-Atmosphere-Framework=2.2.3-javascript&X-Atmosphere-Transport=long-polling&X-Atmosphere-TrackMessageSize=true&Content-Type=charset%3Dutf-8&X-atmo-protocol=true&_=1779240807927 HTTP/1.1" 200 -
60.246.191.183 - - [20/May/2026:09:26:30 +0800] "GET /InternetTrading/longpoll/11736?X-Atmosphere-tracking-id=0&X-Atmosphere-Framework=2.2.3-javascript&X-Atmosphere-Transport=long-polling&X-Atmosphere-TrackMessageSize=true&Content-Type=charset%3Dutf-8&X-atmo-protocol=true&_=1779240808485 HTTP/1.1" 200 -
60.246.191.183 - - [20/May/2026:09:26:31 +0800] "POST /InternetTrading/SessionErrorLogger HTTP/1.1" 200 117
60.246.191.183 - - [20/May/2026:09:26:31 +0800] "POST /InternetTrading/Heartbeat HTTP/1.1" 200 32
60.246.191.183 - - [20/May/2026:09:26:31 +0800] "POST /InternetTrading/SessionErrorLogger HTTP/1.1" 200 117
60.246.191.183 - - [20/May/2026:09:26:31 +0800] "POST /InternetTrading/MarketStatus HTTP/1.1" 200 772
119.136.155.155 - - [20/May/2026:09:26:33 +0800] "GET /InternetTrading/longpoll/51803?X-Atmosphere-tracking-id=0&X-Atmosphere-Framework=2.2.3-javascript&X-Atmosphere-Transport=long-polling&X-Atmosphere-TrackMessageSize=true&Content-Type=charset%3Dutf-8&X-atmo-protocol=true&_=1779240810984 HTTP/1.1" 200 -
14.0.171.169 - - [20/May/2026:09:26:33 +0800] "GET /InternetTrading/longpoll/A8127?X-Atmosphere-tracking-id=0&X-Atmosphere-Framework=2.2.3-javascript&X-Atmosphere-Transport=long-polling&X-Atmosphere-TrackMessageSize=true&Content-Type=charset%3Dutf-8&X-atmo-protocol=true&_=1779240812983 HTTP/1.1" 200 -
45.144.227.89 - - [20/May/2026:09:26:35 +0800] "GET /InternetTrading/longpoll/55511?X-Atmosphere-tracking-id=0&X-Atmosphere-Framework=2.2.3-javascript&X-Atmosphere-Transport=long-polling&X-Atmosphere-TrackMessageSize=true&Content-Type=charset%3Dutf-8&X-atmo-protocol=true&_=1779240811270 HTTP/1.1" 200 -
60.246.191.183 - - [20/May/2026:09:26:35 +0800] "GET /InternetTrading/longpoll/11736?X-Atmosphere-tracking-id=0&X-Atmosphere-Framework=2.2.3-javascript&X-Atmosphere-Transport=long-polling&X-Atmosphere-TrackMessageSize=true&Content-Type=charset%3Dutf-8&X-atmo-protocol=true&_=1779240813534 HTTP/1.1" 200 -
14.0.171.169 - - [20/May/2026:09:26:38 +0800] "GET /InternetTrading/longpoll/A8127?X-Atmosphere-tracking-id=0&X-Atmosphere-Framework=2.2.3-javascript&X-Atmosphere-Transport=long-polling&X-Atmosphere-TrackMessageSize=true&Content-Type=charset%3Dutf-8&X-atmo-protocol=true&_=1779240818089 HTTP/1.1" 200 -
119.136.155.155 - - [20/May/2026:09:26:39 +0800] "GET /InternetTrading/longpoll/51803?X-Atmosphere-tracking-id=0&X-Atmosphere-Framework=2.2.3-javascript&X-Atmosphere-Transport=long-polling&X-Atmosphere-TrackMessageSize=true&Content-Type=charset%3Dutf-8&X-atmo-protocol=true&_=1779240816981 HTTP/1.1" 200 -
60.246.191.183 - - [20/May/2026:09:26:40 +0800] "GET /InternetTrading/longpoll/11736?X-Atmosphere-tracking-id=0&X-Atmosphere-Framework=2.2.3-javascript&X-Atmosphere-Transport=long-polling&X-Atmosphere-TrackMessageSize=true&Content-Type=charset%3Dutf-8&X-atmo-protocol=true&_=1779240818563 HTTP/1.1" 200 -
14.0.171.169 - - [20/May/2026:09:26:42 +0800] "POST /InternetTrading/SessionErrorLogger HTTP/1.1" 200 117
14.0.171.169 - - [20/May/2026:09:26:42 +0800] "POST /InternetTrading/MarketStatus HTTP/1.1" 200 772
14.0.171.169 - - [20/May/2026:09:26:43 +0800] "GET /InternetTrading/longpoll/A8127?X-Atmosphere-tracking-id=0&X-Atmosphere-Framework=2.2.3-javascript&X-Atmosphere-Transport=long-polling&X-Atmosphere-TrackMessageSize=true&Content-Type=charset%3Dutf-8&X-atmo-protocol=true&_=1779240823207 HTTP/1.1" 200 -
45.144.227.89 - - [20/May/2026:09:26:45 +0800] "GET /InternetTrading/longpoll/55511?X-Atmosphere-tracking-id=0&X-Atmosphere-Framework=2.2.3-javascript&X-Atmosphere-Transport=long-polling&X-Atmosphere-TrackMessageSize=true&Content-Type=charset%3Dutf-8&X-atmo-protocol=true&_=1779240821532 HTTP/1.1" 200 -
60.246.191.183 - - [20/May/2026:09:26:45 +0800] "GET /InternetTrading/longpoll/11736?X-Atmosphere-tracking-id=0&X-Atmosphere-Framework=2.2.3-javascript&X-Atmosphere-Transport=long-polling&X-Atmosphere-TrackMessageSize=true&Content-Type=charset%3Dutf-8&X-atmo-protocol=true&_=1779240823588 HTTP/1.1" 200 -
119.136.155.155 - - [20/May/2026:09:26:45 +0800] "GET /InternetTrading/longpoll/51803?X-Atmosphere-tracking-id=0&X-Atmosphere-Framework=2.2.3-javascript&X-Atmosphere-Transport=long-polling&X-Atmosphere-TrackMessageSize=true&Content-Type=charset%3Dutf-8&X-atmo-protocol=true&_=1779240822987 HTTP/1.1" 200 -
14.0.171.169 - - [20/May/2026:09:26:49 +0800] "GET /InternetTrading/longpoll/A8127?X-Atmosphere-tracking-id=0&X-Atmosphere-Framework=2.2.3-javascript&X-Atmosphere-Transport=long-polling&X-Atmosphere-TrackMessageSize=true&Content-Type=charset%3Dutf-8&X-atmo-protocol=true&_=1779240828261 HTTP/1.1" 200 -
119.136.155.155 - - [20/May/2026:09:26:49 +0800] "POST /InternetTrading/SessionErrorLogger HTTP/1.1" 200 117
119.136.155.155 - - [20/May/2026:09:26:49 +0800] "POST /InternetTrading/Heartbeat HTTP/1.1" 200 32
119.136.155.155 - - [20/May/2026:09:26:49 +0800] "POST /InternetTrading/SessionErrorLogger HTTP/1.1" 200 117
119.136.155.155 - - [20/May/2026:09:26:49 +0800] "POST /InternetTrading/MarketStatus HTTP/1.1" 200 772
60.246.191.183 - - [20/May/2026:09:26:50 +0800] "GET /InternetTrading/longpoll/11736?X-Atmosphere-tracking-id=0&X-Atmosphere-Framework=2.2.3-javascript&X-Atmosphere-Transport=long-polling&X-Atmosphere-TrackMessageSize=true&Content-Type=charset%3Dutf-8&X-atmo-protocol=true&_=1779240828635 HTTP/1.1" 200 -
119.136.155.155 - - [20/May/2026:09:26:51 +0800] "GET /InternetTrading/longpoll/51803?X-Atmosphere-tracking-id=0&X-Atmosphere-Framework=2.2.3-javascript&X-Atmosphere-Transport=long-polling&X-Atmosphere-TrackMessageSize=true&Content-Type=charset%3Dutf-8&X-atmo-protocol=true&_=1779240828991 HTTP/1.1" 200 -
14.0.171.169 - - [20/May/2026:09:26:54 +0800] "GET /InternetTrading/longpoll/A8127?X-Atmosphere-tracking-id=0&X-Atmosphere-Framework=2.2.3-javascript&X-Atmosphere-Transport=long-polling&X-Atmosphere-TrackMessageSize=true&Content-Type=charset%3Dutf-8&X-atmo-protocol=true&_=1779240833369 HTTP/1.1" 200 -
14.0.171.169 - - [20/May/2026:09:26:55 +0800] "POST /InternetTrading/SessionErrorLogger HTTP/1.1" 200 117
14.0.171.169 - - [20/May/2026:09:26:55 +0800] "POST /InternetTrading/Heartbeat HTTP/1.1" 200 32
60.246.191.183 - - [20/May/2026:09:26:55 +0800] "GET /InternetTrading/longpoll/11736?X-Atmosphere-tracking-id=0&X-Atmosphere-Framework=2.2.3-javascript&X-Atmosphere-Transport=long-polling&X-Atmosphere-TrackMessageSize=true&Content-Type=charset%3Dutf-8&X-atmo-protocol=true&_=1779240833681 HTTP/1.1" 200 -
119.136.155.155 - - [20/May/2026:09:26:57 +0800] "GET /InternetTrading/longpoll/51803?X-Atmosphere-tracking-id=0&X-Atmosphere-Framework=2.2.3-javascript&X-Atmosphere-Transport=long-polling&X-Atmosphere-TrackMessageSize=true&Content-Type=charset%3Dutf-8&X-atmo-protocol=true&_=1779240834989 HTTP/1.1" 200 -
14.0.171.169 - - [20/May/2026:09:26:59 +0800] "GET /InternetTrading/longpoll/A8127?X-Atmosphere-tracking-id=0&X-Atmosphere-Framework=2.2.3-javascript&X-Atmosphere-Transport=long-polling&X-Atmosphere-TrackMessageSize=true&Content-Type=charset%3Dutf-8&X-atmo-protocol=true&_=1779240838495 HTTP/1.1" 200 -
60.246.191.183 - - [20/May/2026:09:27:00 +0800] "GET /InternetTrading/longpoll/11736?X-Atmosphere-tracking-id=0&X-Atmosphere-Framework=2.2.3-javascript&X-Atmosphere-Transport=long-polling&X-Atmosphere-TrackMessageSize=true&Content-Type=charset%3Dutf-8&X-atmo-protocol=true&_=1779240838726 HTTP/1.1" 200 -
45.144.227.89 - - [20/May/2026:09:27:01 +0800] "POST /InternetTrading/SessionErrorLogger HTTP/1.1" 200 117
60.246.191.183 - - [20/May/2026:09:27:01 +0800] "POST /InternetTrading/SessionErrorLogger HTTP/1.1" 200 117
60.246.191.183 - - [20/May/2026:09:27:01 +0800] "POST /InternetTrading/Heartbeat HTTP/1.1" 200 32
60.246.191.183 - - [20/May/2026:09:27:01 +0800] "POST /InternetTrading/SessionErrorLogger HTTP/1.1" 200 117
45.144.227.89 - - [20/May/2026:09:27:01 +0800] "POST /InternetTrading/Heartbeat HTTP/1.1" 200 32
60.246.191.183 - - [20/May/2026:09:27:01 +0800] "POST /InternetTrading/MarketStatus HTTP/1.1" 200 772
45.144.227.89 - - [20/May/2026:09:27:01 +0800] "POST /InternetTrading/SessionErrorLogger HTTP/1.1" 200 117
