61.239.112.224 - - [20/May/2026:09:45:22 +0800] "POST /InternetTrading/LongPollingConfig HTTP/1.1" 200 4
61.239.112.224 - - [20/May/2026:09:45:22 +0800] "GET /InternetTrading/longpoll/54121?X-Atmosphere-tracking-id=0&X-Atmosphere-Framework=2.2.3-javascript&X-Atmosphere-Transport=long-polling&X-Atmosphere-TrackMessageSize=true&Content-Type=charset%3Dutf-8&X-atmo-protocol=true&_=1779241940034 HTTP/1.1" 200 -
60.246.191.183 - - [20/May/2026:09:45:22 +0800] "GET /InternetTrading/longpoll/11736?X-Atmosphere-tracking-id=0&X-Atmosphere-Framework=2.2.3-javascript&X-Atmosphere-Transport=long-polling&X-Atmosphere-TrackMessageSize=true&Content-Type=charset%3Dutf-8&X-atmo-protocol=true&_=1779241940619 HTTP/1.1" 200 -
14.0.171.169 - - [20/May/2026:09:45:23 +0800] "GET /InternetTrading/longpoll/A8127?X-Atmosphere-tracking-id=0&X-Atmosphere-Framework=2.2.3-javascript&X-Atmosphere-Transport=long-polling&X-Atmosphere-TrackMessageSize=true&Content-Type=charset%3Dutf-8&X-atmo-protocol=true&_=1779241942575 HTTP/1.1" 200 -
61.239.112.224 - - [20/May/2026:09:45:23 +0800] "POST /InternetTrading/SessionErrorLogger HTTP/1.1" 200 117
61.239.112.224 - - [20/May/2026:09:45:23 +0800] "GET /InternetTrading/tc/sell_ticket.html? HTTP/1.1" 200 2261
61.239.112.224 - - [20/May/2026:09:45:23 +0800] "POST /InternetTrading/SessionErrorLogger HTTP/1.1" 200 117
61.239.112.224 - - [20/May/2026:09:45:23 +0800] "POST /InternetTrading/SessionErrorLogger HTTP/1.1" 200 117
61.239.112.224 - - [20/May/2026:09:45:23 +0800] "POST /InternetTrading/MarketStatus HTTP/1.1" 200 772
61.239.112.224 - - [20/May/2026:09:45:23 +0800] "POST /InternetTrading/MarketStatus HTTP/1.1" 200 772
45.144.227.89 - - [20/May/2026:09:45:24 +0800] "GET /InternetTrading/longpoll/55511?X-Atmosphere-tracking-id=0&X-Atmosphere-Framework=2.2.3-javascript&X-Atmosphere-Transport=long-polling&X-Atmosphere-TrackMessageSize=true&Content-Type=charset%3Dutf-8&X-atmo-protocol=true&_=1779241941838 HTTP/1.1" 200 -
61.239.112.224 - - [20/May/2026:09:45:27 +0800] "GET /InternetTrading/longpoll/54121?X-Atmosphere-tracking-id=0&X-Atmosphere-Framework=2.2.3-javascript&X-Atmosphere-Transport=long-polling&X-Atmosphere-TrackMessageSize=true&Content-Type=charset%3Dutf-8&X-atmo-protocol=true&_=1779241945087 HTTP/1.1" 200 -
119.136.155.155 - - [20/May/2026:09:45:27 +0800] "GET /InternetTrading/longpoll/51803?X-Atmosphere-tracking-id=0&X-Atmosphere-Framework=2.2.3-javascript&X-Atmosphere-Transport=long-polling&X-Atmosphere-TrackMessageSize=true&Content-Type=charset%3Dutf-8&X-atmo-protocol=true&_=1779241944981 HTTP/1.1" 200 -
60.246.191.183 - - [20/May/2026:09:45:27 +0800] "GET /InternetTrading/longpoll/11736?X-Atmosphere-tracking-id=0&X-Atmosphere-Framework=2.2.3-javascript&X-Atmosphere-Transport=long-polling&X-Atmosphere-TrackMessageSize=true&Content-Type=charset%3Dutf-8&X-atmo-protocol=true&_=1779241945650 HTTP/1.1" 200 -
14.0.171.169 - - [20/May/2026:09:45:28 +0800] "GET /InternetTrading/longpoll/A8127?X-Atmosphere-tracking-id=0&X-Atmosphere-Framework=2.2.3-javascript&X-Atmosphere-Transport=long-polling&X-Atmosphere-TrackMessageSize=true&Content-Type=charset%3Dutf-8&X-atmo-protocol=true&_=1779241947710 HTTP/1.1" 200 -
14.0.171.169 - - [20/May/2026:09:45:28 +0800] "POST /InternetTrading/SessionErrorLogger HTTP/1.1" 200 117
14.0.171.169 - - [20/May/2026:09:45:28 +0800] "POST /InternetTrading/Heartbeat HTTP/1.1" 200 32
61.239.112.224 - - [20/May/2026:09:45:30 +0800] "POST /InternetTrading/SessionErrorLogger HTTP/1.1" 200 117
61.239.112.224 - - [20/May/2026:09:45:30 +0800] "POST /InternetTrading/Product HTTP/1.1" 200 304
61.239.112.224 - - [20/May/2026:09:45:30 +0800] "POST /InternetTrading/SessionErrorLogger HTTP/1.1" 200 117
61.239.112.224 - - [20/May/2026:09:45:30 +0800] "POST /InternetTrading/OrderMaxQuantity HTTP/1.1" 200 6
61.239.112.224 - - [20/May/2026:09:45:32 +0800] "GET /InternetTrading/longpoll/54121?X-Atmosphere-tracking-id=0&X-Atmosphere-Framework=2.2.3-javascript&X-Atmosphere-Transport=long-polling&X-Atmosphere-TrackMessageSize=true&Content-Type=charset%3Dutf-8&X-atmo-protocol=true&_=1779241950142 HTTP/1.1" 200 -
60.246.191.183 - - [20/May/2026:09:45:32 +0800] "GET /InternetTrading/longpoll/11736?X-Atmosphere-tracking-id=0&X-Atmosphere-Framework=2.2.3-javascript&X-Atmosphere-Transport=long-polling&X-Atmosphere-TrackMessageSize=true&Content-Type=charset%3Dutf-8&X-atmo-protocol=true&_=1779241950691 HTTP/1.1" 200 -
14.0.171.169 - - [20/May/2026:09:45:33 +0800] "GET /InternetTrading/longpoll/A8127?X-Atmosphere-tracking-id=0&X-Atmosphere-Framework=2.2.3-javascript&X-Atmosphere-Transport=long-polling&X-Atmosphere-TrackMessageSize=true&Content-Type=charset%3Dutf-8&X-atmo-protocol=true&_=1779241952879 HTTP/1.1" 200 -
119.136.155.155 - - [20/May/2026:09:45:33 +0800] "GET /InternetTrading/longpoll/51803?X-Atmosphere-tracking-id=0&X-Atmosphere-Framework=2.2.3-javascript&X-Atmosphere-Transport=long-polling&X-Atmosphere-TrackMessageSize=true&Content-Type=charset%3Dutf-8&X-atmo-protocol=true&_=1779241950992 HTTP/1.1" 200 -
60.246.191.183 - - [20/May/2026:09:45:33 +0800] "POST /InternetTrading/SessionErrorLogger HTTP/1.1" 200 117
60.246.191.183 - - [20/May/2026:09:45:33 +0800] "POST /InternetTrading/Heartbeat HTTP/1.1" 200 32
60.246.191.183 - - [20/May/2026:09:45:33 +0800] "POST /InternetTrading/SessionErrorLogger HTTP/1.1" 200 117
60.246.191.183 - - [20/May/2026:09:45:33 +0800] "POST /InternetTrading/MarketStatus HTTP/1.1" 200 772
45.144.227.89 - - [20/May/2026:09:45:35 +0800] "GET /InternetTrading/longpoll/55511?X-Atmosphere-tracking-id=0&X-Atmosphere-Framework=2.2.3-javascript&X-Atmosphere-Transport=long-polling&X-Atmosphere-TrackMessageSize=true&Content-Type=charset%3Dutf-8&X-atmo-protocol=true&_=1779241952104 HTTP/1.1" 200 -
61.239.112.224 - - [20/May/2026:09:45:37 +0800] "GET /InternetTrading/longpoll/54121?X-Atmosphere-tracking-id=0&X-Atmosphere-Framework=2.2.3-javascript&X-Atmosphere-Transport=long-polling&X-Atmosphere-TrackMessageSize=true&Content-Type=charset%3Dutf-8&X-atmo-protocol=true&_=1779241955200 HTTP/1.1" 200 -
60.246.191.183 - - [20/May/2026:09:45:37 +0800] "GET /InternetTrading/longpoll/11736?X-Atmosphere-tracking-id=0&X-Atmosphere-Framework=2.2.3-javascript&X-Atmosphere-Transport=long-polling&X-Atmosphere-TrackMessageSize=true&Content-Type=charset%3Dutf-8&X-atmo-protocol=true&_=1779241955699 HTTP/1.1" 200 -
14.0.171.169 - - [20/May/2026:09:45:38 +0800] "GET /InternetTrading/longpoll/A8127?X-Atmosphere-tracking-id=0&X-Atmosphere-Framework=2.2.3-javascript&X-Atmosphere-Transport=long-polling&X-Atmosphere-TrackMessageSize=true&Content-Type=charset%3Dutf-8&X-atmo-protocol=true&_=1779241957951 HTTP/1.1" 200 -
119.136.155.155 - - [20/May/2026:09:45:39 +0800] "GET /InternetTrading/longpoll/51803?X-Atmosphere-tracking-id=0&X-Atmosphere-Framework=2.2.3-javascript&X-Atmosphere-Transport=long-polling&X-Atmosphere-TrackMessageSize=true&Content-Type=charset%3Dutf-8&X-atmo-protocol=true&_=1779241956990 HTTP/1.1" 200 -
61.239.112.224 - - [20/May/2026:09:45:42 +0800] "GET /InternetTrading/longpoll/54121?X-Atmosphere-tracking-id=0&X-Atmosphere-Framework=2.2.3-javascript&X-Atmosphere-Transport=long-polling&X-Atmosphere-TrackMessageSize=true&Content-Type=charset%3Dutf-8&X-atmo-protocol=true&_=1779241960261 HTTP/1.1" 200 -
60.246.191.183 - - [20/May/2026:09:45:42 +0800] "GET /InternetTrading/longpoll/11736?X-Atmosphere-tracking-id=0&X-Atmosphere-Framework=2.2.3-javascript&X-Atmosphere-Transport=long-polling&X-Atmosphere-TrackMessageSize=true&Content-Type=charset%3Dutf-8&X-atmo-protocol=true&_=1779241960724 HTTP/1.1" 200 -
14.0.171.169 - - [20/May/2026:09:45:43 +0800] "GET /InternetTrading/longpoll/A8127?X-Atmosphere-tracking-id=0&X-Atmosphere-Framework=2.2.3-javascript&X-Atmosphere-Transport=long-polling&X-Atmosphere-TrackMessageSize=true&Content-Type=charset%3Dutf-8&X-atmo-protocol=true&_=1779241963105 HTTP/1.1" 200 -
45.144.227.89 - - [20/May/2026:09:45:45 +0800] "GET /InternetTrading/longpoll/55511?X-Atmosphere-tracking-id=0&X-Atmosphere-Framework=2.2.3-javascript&X-Atmosphere-Transport=long-polling&X-Atmosphere-TrackMessageSize=true&Content-Type=charset%3Dutf-8&X-atmo-protocol=true&_=1779241962368 HTTP/1.1" 200 -
119.136.155.155 - - [20/May/2026:09:45:45 +0800] "GET /InternetTrading/longpoll/51803?X-Atmosphere-tracking-id=0&X-Atmosphere-Framework=2.2.3-javascript&X-Atmosphere-Transport=long-polling&X-Atmosphere-TrackMessageSize=true&Content-Type=charset%3Dutf-8&X-atmo-protocol=true&_=1779241962993 HTTP/1.1" 200 -
14.0.171.169 - - [20/May/2026:09:45:46 +0800] "POST /InternetTrading/SessionErrorLogger HTTP/1.1" 200 117
14.0.171.169 - - [20/May/2026:09:45:46 +0800] "POST /InternetTrading/MarketStatus HTTP/1.1" 200 772
61.239.112.224 - - [20/May/2026:09:45:47 +0800] "GET /InternetTrading/longpoll/54121?X-Atmosphere-tracking-id=0&X-Atmosphere-Framework=2.2.3-javascript&X-Atmosphere-Transport=long-polling&X-Atmosphere-TrackMessageSize=true&Content-Type=charset%3Dutf-8&X-atmo-protocol=true&_=1779241965353 HTTP/1.1" 200 -
60.246.191.183 - - [20/May/2026:09:45:47 +0800] "GET /InternetTrading/longpoll/11736?X-Atmosphere-tracking-id=0&X-Atmosphere-Framework=2.2.3-javascript&X-Atmosphere-Transport=long-polling&X-Atmosphere-TrackMessageSize=true&Content-Type=charset%3Dutf-8&X-atmo-protocol=true&_=1779241965751 HTTP/1.1" 200 -
14.0.171.169 - - [20/May/2026:09:45:49 +0800] "GET /InternetTrading/longpoll/A8127?X-Atmosphere-tracking-id=0&X-Atmosphere-Framework=2.2.3-javascript&X-Atmosphere-Transport=long-polling&X-Atmosphere-TrackMessageSize=true&Content-Type=charset%3Dutf-8&X-atmo-protocol=true&_=1779241968222 HTTP/1.1" 200 -
119.136.155.155 - - [20/May/2026:09:45:49 +0800] "POST /InternetTrading/SessionErrorLogger HTTP/1.1" 200 117
119.136.155.155 - - [20/May/2026:09:45:49 +0800] "POST /InternetTrading/Heartbeat HTTP/1.1" 200 32
119.136.155.155 - - [20/May/2026:09:45:49 +0800] "POST /InternetTrading/SessionErrorLogger HTTP/1.1" 200 117
119.136.155.155 - - [20/May/2026:09:45:49 +0800] "POST /InternetTrading/MarketStatus HTTP/1.1" 200 772
61.239.112.224 - - [20/May/2026:09:45:49 +0800] "POST /InternetTrading/SessionErrorLogger HTTP/1.1" 200 117
61.239.112.224 - - [20/May/2026:09:45:49 +0800] "POST /InternetTrading/Heartbeat HTTP/1.1" 200 32
119.136.155.155 - - [20/May/2026:09:45:51 +0800] "GET /InternetTrading/longpoll/51803?X-Atmosphere-tracking-id=0&X-Atmosphere-Framework=2.2.3-javascript&X-Atmosphere-Transport=long-polling&X-Atmosphere-TrackMessageSize=true&Content-Type=charset%3Dutf-8&X-atmo-protocol=true&_=1779241968983 HTTP/1.1" 200 -
61.239.112.224 - - [20/May/2026:09:45:52 +0800] "GET /InternetTrading/longpoll/54121?X-Atmosphere-tracking-id=0&X-Atmosphere-Framework=2.2.3-javascript&X-Atmosphere-Transport=long-polling&X-Atmosphere-TrackMessageSize=true&Content-Type=charset%3Dutf-8&X-atmo-protocol=true&_=1779241970434 HTTP/1.1" 200 -
60.246.191.183 - - [20/May/2026:09:45:52 +0800] "GET /InternetTrading/longpoll/11736?X-Atmosphere-tracking-id=0&X-Atmosphere-Framework=2.2.3-javascript&X-Atmosphere-Transport=long-polling&X-Atmosphere-TrackMessageSize=true&Content-Type=charset%3Dutf-8&X-atmo-protocol=true&_=1779241970766 HTTP/1.1" 200 -
61.239.112.224 - - [20/May/2026:09:45:53 +0800] "POST /InternetTrading/SessionErrorLogger HTTP/1.1" 200 117
61.239.112.224 - - [20/May/2026:09:45:53 +0800] "POST /InternetTrading/MarketStatus HTTP/1.1" 200 772
14.0.171.169 - - [20/May/2026:09:45:54 +0800] "GET /InternetTrading/longpoll/A8127?X-Atmosphere-tracking-id=0&X-Atmosphere-Framework=2.2.3-javascript&X-Atmosphere-Transport=long-polling&X-Atmosphere-TrackMessageSize=true&Content-Type=charset%3Dutf-8&X-atmo-protocol=true&_=1779241973279 HTTP/1.1" 200 -
119.136.155.155 - - [20/May/2026:09:45:57 +0800] "GET /InternetTrading/longpoll/51803?X-Atmosphere-tracking-id=0&X-Atmosphere-Framework=2.2.3-javascript&X-Atmosphere-Transport=long-polling&X-Atmosphere-TrackMessageSize=true&Content-Type=charset%3Dutf-8&X-atmo-protocol=true&_=1779241974981 HTTP/1.1" 200 -
61.239.112.224 - - [20/May/2026:09:45:57 +0800] "GET /InternetTrading/longpoll/54121?X-Atmosphere-tracking-id=0&X-Atmosphere-Framework=2.2.3-javascript&X-Atmosphere-Transport=long-polling&X-Atmosphere-TrackMessageSize=true&Content-Type=charset%3Dutf-8&X-atmo-protocol=true&_=1779241975465 HTTP/1.1" 200 -
60.246.191.183 - - [20/May/2026:09:45:57 +0800] "GET /InternetTrading/longpoll/11736?X-Atmosphere-tracking-id=0&X-Atmosphere-Framework=2.2.3-javascript&X-Atmosphere-Transport=long-polling&X-Atmosphere-TrackMessageSize=true&Content-Type=charset%3Dutf-8&X-atmo-protocol=true&_=1779241975785 HTTP/1.1" 200 -
14.0.171.169 - - [20/May/2026:09:45:58 +0800] "POST /InternetTrading/SessionErrorLogger HTTP/1.1" 200 117
14.0.171.169 - - [20/May/2026:09:45:58 +0800] "POST /InternetTrading/Heartbeat HTTP/1.1" 200 32
14.0.171.169 - - [20/May/2026:09:45:59 +0800] "GET /InternetTrading/longpoll/A8127?X-Atmosphere-tracking-id=0&X-Atmosphere-Framework=2.2.3-javascript&X-Atmosphere-Transport=long-polling&X-Atmosphere-TrackMessageSize=true&Content-Type=charset%3Dutf-8&X-atmo-protocol=true&_=1779241978871 HTTP/1.1" 200 -
45.144.227.89 - - [20/May/2026:09:46:01 +0800] "POST /InternetTrading/SessionErrorLogger HTTP/1.1" 200 117
45.144.227.89 - - [20/May/2026:09:46:01 +0800] "POST /InternetTrading/Heartbeat HTTP/1.1" 200 32
45.144.227.89 - - [20/May/2026:09:46:01 +0800] "POST /InternetTrading/SessionErrorLogger HTTP/1.1" 200 117
45.144.227.89 - - [20/May/2026:09:46:01 +0800] "GET /InternetTrading/longpoll/55511?X-Atmosphere-tracking-id=0&X-Atmosphere-Framework=2.2.3-javascript&X-Atmosphere-Transport=long-polling&X-Atmosphere-TrackMessageSize=true&Content-Type=charset%3Dutf-8&X-atmo-protocol=true&_=1779241978424 HTTP/1.1" 200 -
45.144.227.89 - - [20/May/2026:09:46:01 +0800] "POST /InternetTrading/MarketStatus HTTP/1.1" 200 772
61.239.112.224 - - [20/May/2026:09:46:02 +0800] "GET /InternetTrading/longpoll/54121?X-Atmosphere-tracking-id=0&X-Atmosphere-Framework=2.2.3-javascript&X-Atmosphere-Transport=long-polling&X-Atmosphere-TrackMessageSize=true&Content-Type=charset%3Dutf-8&X-atmo-protocol=true&_=1779241980528 HTTP/1.1" 200 -
60.246.191.183 - - [20/May/2026:09:46:02 +0800] "GET /InternetTrading/longpoll/11736?X-Atmosphere-tracking-id=0&X-Atmosphere-Framework=2.2.3-javascript&X-Atmosphere-Transport=long-polling&X-Atmosphere-TrackMessageSize=true&Content-Type=charset%3Dutf-8&X-atmo-protocol=true&_=1779241980803 HTTP/1.1" 200 -
119.136.155.155 - - [20/May/2026:09:46:03 +0800] "GET /InternetTrading/longpoll/51803?X-Atmosphere-tracking-id=0&X-Atmosphere-Framework=2.2.3-javascript&X-Atmosphere-Transport=long-polling&X-Atmosphere-TrackMessageSize=true&Content-Type=charset%3Dutf-8&X-atmo-protocol=true&_=1779241980985 HTTP/1.1" 200 -
60.246.191.183 - - [20/May/2026:09:46:03 +0800] "POST /InternetTrading/SessionErrorLogger HTTP/1.1" 200 117
60.246.191.183 - - [20/May/2026:09:46:03 +0800] "POST /InternetTrading/Heartbeat HTTP/1.1" 200 32
60.246.191.183 - - [20/May/2026:09:46:04 +0800] "POST /InternetTrading/SessionErrorLogger HTTP/1.1" 200 117
60.246.191.183 - - [20/May/2026:09:46:04 +0800] "POST /InternetTrading/MarketStatus HTTP/1.1" 200 772
14.0.171.169 - - [20/May/2026:09:46:04 +0800] "GET /InternetTrading/longpoll/A8127?X-Atmosphere-tracking-id=0&X-Atmosphere-Framework=2.2.3-javascript&X-Atmosphere-Transport=long-polling&X-Atmosphere-TrackMessageSize=true&Content-Type=charset%3Dutf-8&X-atmo-protocol=true&_=1779241983930 HTTP/1.1" 200 -
61.239.112.224 - - [20/May/2026:09:46:07 +0800] "GET /InternetTrading/longpoll/54121?X-Atmosphere-tracking-id=0&X-Atmosphere-Framework=2.2.3-javascript&X-Atmosphere-Transport=long-polling&X-Atmosphere-TrackMessageSize=true&Content-Type=charset%3Dutf-8&X-atmo-protocol=true&_=1779241985639 HTTP/1.1" 200 -
60.246.191.183 - - [20/May/2026:09:46:07 +0800] "GET /InternetTrading/longpoll/11736?X-Atmosphere-tracking-id=0&X-Atmosphere-Framework=2.2.3-javascript&X-Atmosphere-Transport=long-polling&X-Atmosphere-TrackMessageSize=true&Content-Type=charset%3Dutf-8&X-atmo-protocol=true&_=1779241985828 HTTP/1.1" 200 -
119.136.155.155 - - [20/May/2026:09:46:09 +0800] "GET /InternetTrading/longpoll/51803?X-Atmosphere-tracking-id=0&X-Atmosphere-Framework=2.2.3-javascript&X-Atmosphere-Transport=long-polling&X-Atmosphere-TrackMessageSize=true&Content-Type=charset%3Dutf-8&X-atmo-protocol=true&_=1779241986995 HTTP/1.1" 200 -
14.0.171.169 - - [20/May/2026:09:46:09 +0800] "GET /InternetTrading/longpoll/A8127?X-Atmosphere-tracking-id=0&X-Atmosphere-Framework=2.2.3-javascript&X-Atmosphere-Transport=long-polling&X-Atmosphere-TrackMessageSize=true&Content-Type=charset%3Dutf-8&X-atmo-protocol=true&_=1779241989004 HTTP/1.1" 200 -
45.144.227.89 - - [20/May/2026:09:46:11 +0800] "GET /InternetTrading/longpoll/55511?X-Atmosphere-tracking-id=0&X-Atmosphere-Framework=2.2.3-javascript&X-Atmosphere-Transport=long-polling&X-Atmosphere-TrackMessageSize=true&Content-Type=charset%3Dutf-8&X-atmo-protocol=true&_=1779241988583 HTTP/1.1" 200 -
61.239.112.224 - - [20/May/2026:09:46:13 +0800] "GET /InternetTrading/longpoll/54121?X-Atmosphere-tracking-id=0&X-Atmosphere-Framework=2.2.3-javascript&X-Atmosphere-Transport=long-polling&X-Atmosphere-TrackMessageSize=true&Content-Type=charset%3Dutf-8&X-atmo-protocol=true&_=1779241990723 HTTP/1.1" 200 -
60.246.191.183 - - [20/May/2026:09:46:13 +0800] "GET /InternetTrading/longpoll/11736?X-Atmosphere-tracking-id=0&X-Atmosphere-Framework=2.2.3-javascript&X-Atmosphere-Transport=long-polling&X-Atmosphere-TrackMessageSize=true&Content-Type=charset%3Dutf-8&X-atmo-protocol=true&_=1779241990851 HTTP/1.1" 200 -
14.0.171.169 - - [20/May/2026:09:46:15 +0800] "GET /InternetTrading/longpoll/A8127?X-Atmosphere-tracking-id=0&X-Atmosphere-Framework=2.2.3-javascript&X-Atmosphere-Transport=long-polling&X-Atmosphere-TrackMessageSize=true&Content-Type=charset%3Dutf-8&X-atmo-protocol=true&_=1779241994154 HTTP/1.1" 200 -
119.136.155.155 - - [20/May/2026:09:46:15 +0800] "GET /InternetTrading/longpoll/51803?X-Atmosphere-tracking-id=0&X-Atmosphere-Framework=2.2.3-javascript&X-Atmosphere-Transport=long-polling&X-Atmosphere-TrackMessageSize=true&Content-Type=charset%3Dutf-8&X-atmo-protocol=true&_=1779241992987 HTTP/1.1" 200 -
14.0.171.169 - - [20/May/2026:09:46:16 +0800] "POST /InternetTrading/SessionErrorLogger HTTP/1.1" 200 117
14.0.171.169 - - [20/May/2026:09:46:16 +0800] "POST /InternetTrading/MarketStatus HTTP/1.1" 200 772
60.246.191.183 - - [20/May/2026:09:46:18 +0800] "GET /InternetTrading/longpoll/11736?X-Atmosphere-tracking-id=0&X-Atmosphere-Framework=2.2.3-javascript&X-Atmosphere-Transport=long-polling&X-Atmosphere-TrackMessageSize=true&Content-Type=charset%3Dutf-8&X-atmo-protocol=true&_=1779241995896 HTTP/1.1" 200 -
61.239.112.224 - - [20/May/2026:09:46:18 +0800] "GET /InternetTrading/longpoll/54121?X-Atmosphere-tracking-id=0&X-Atmosphere-Framework=2.2.3-javascript&X-Atmosphere-Transport=long-polling&X-Atmosphere-TrackMessageSize=true&Content-Type=charset%3Dutf-8&X-atmo-protocol=true&_=1779241995773 HTTP/1.1" 200 -
61.239.112.224 - - [20/May/2026:09:46:20 +0800] "POST /InternetTrading/SessionErrorLogger HTTP/1.1" 200 117
61.239.112.224 - - [20/May/2026:09:46:20 +0800] "POST /InternetTrading/Heartbeat HTTP/1.1" 200 32
14.0.171.169 - - [20/May/2026:09:46:20 +0800] "GET /InternetTrading/longpoll/A8127?X-Atmosphere-tracking-id=0&X-Atmosphere-Framework=2.2.3-javascript&X-Atmosphere-Transport=long-polling&X-Atmosphere-TrackMessageSize=true&Content-Type=charset%3Dutf-8&X-atmo-protocol=true&_=1779241999477 HTTP/1.1" 200 -
45.144.227.89 - - [20/May/2026:09:46:21 +0800] "GET /InternetTrading/longpoll/55511?X-Atmosphere-tracking-id=0&X-Atmosphere-Framework=2.2.3-javascript&X-Atmosphere-Transport=long-polling&X-Atmosphere-TrackMessageSize=true&Content-Type=charset%3Dutf-8&X-atmo-protocol=true&_=1779241998741 HTTP/1.1" 200 -
119.136.155.155 - - [20/May/2026:09:46:21 +0800] "GET /InternetTrading/longpoll/51803?X-Atmosphere-tracking-id=0&X-Atmosphere-Framework=2.2.3-javascript&X-Atmosphere-Transport=long-polling&X-Atmosphere-TrackMessageSize=true&Content-Type=charset%3Dutf-8&X-atmo-protocol=true&_=1779241998994 HTTP/1.1" 200 -
60.246.191.183 - - [20/May/2026:09:46:23 +0800] "GET /InternetTrading/longpoll/11736?X-Atmosphere-tracking-id=0&X-Atmosphere-Framework=2.2.3-javascript&X-Atmosphere-Transport=long-polling&X-Atmosphere-TrackMessageSize=true&Content-Type=charset%3Dutf-8&X-atmo-protocol=true&_=1779242000942 HTTP/1.1" 200 -
61.239.112.224 - - [20/May/2026:09:46:23 +0800] "GET /InternetTrading/longpoll/54121?X-Atmosphere-tracking-id=0&X-Atmosphere-Framework=2.2.3-javascript&X-Atmosphere-Transport=long-polling&X-Atmosphere-TrackMessageSize=true&Content-Type=charset%3Dutf-8&X-atmo-protocol=true&_=1779242000863 HTTP/1.1" 200 -
61.239.112.224 - - [20/May/2026:09:46:23 +0800] "POST /InternetTrading/SessionErrorLogger HTTP/1.1" 200 117
61.239.112.224 - - [20/May/2026:09:46:23 +0800] "POST /InternetTrading/MarketStatus HTTP/1.1" 200 772
14.0.171.169 - - [20/May/2026:09:46:25 +0800] "GET /InternetTrading/longpoll/A8127?X-Atmosphere-tracking-id=0&X-Atmosphere-Framework=2.2.3-javascript&X-Atmosphere-Transport=long-polling&X-Atmosphere-TrackMessageSize=true&Content-Type=charset%3Dutf-8&X-atmo-protocol=true&_=1779242004545 HTTP/1.1" 200 -
119.136.155.155 - - [20/May/2026:09:46:27 +0800] "GET /InternetTrading/longpoll/51803?X-Atmosphere-tracking-id=0&X-Atmosphere-Framework=2.2.3-javascript&X-Atmosphere-Transport=long-polling&X-Atmosphere-TrackMessageSize=true&Content-Type=charset%3Dutf-8&X-atmo-protocol=true&_=1779242004981 HTTP/1.1" 200 -
60.246.191.183 - - [20/May/2026:09:46:28 +0800] "GET /InternetTrading/longpoll/11736?X-Atmosphere-tracking-id=0&X-Atmosphere-Framework=2.2.3-javascript&X-Atmosphere-Transport=long-polling&X-Atmosphere-TrackMessageSize=true&Content-Type=charset%3Dutf-8&X-atmo-protocol=true&_=1779242005962 HTTP/1.1" 200 -
61.239.112.224 - - [20/May/2026:09:46:28 +0800] "GET /InternetTrading/longpoll/54121?X-Atmosphere-tracking-id=0&X-Atmosphere-Framework=2.2.3-javascript&X-Atmosphere-Transport=long-polling&X-Atmosphere-TrackMessageSize=true&Content-Type=charset%3Dutf-8&X-atmo-protocol=true&_=1779242005906 HTTP/1.1" 200 -
14.0.171.169 - - [20/May/2026:09:46:29 +0800] "POST /InternetTrading/SessionErrorLogger HTTP/1.1" 200 117
14.0.171.169 - - [20/May/2026:09:46:29 +0800] "POST /InternetTrading/Heartbeat HTTP/1.1" 200 32
14.0.171.169 - - [20/May/2026:09:46:30 +0800] "GET /InternetTrading/longpoll/A8127?X-Atmosphere-tracking-id=0&X-Atmosphere-Framework=2.2.3-javascript&X-Atmosphere-Transport=long-polling&X-Atmosphere-TrackMessageSize=true&Content-Type=charset%3Dutf-8&X-atmo-protocol=true&_=1779242009660 HTTP/1.1" 200 -
45.144.227.89 - - [20/May/2026:09:46:31 +0800] "GET /InternetTrading/longpoll/55511?X-Atmosphere-tracking-id=0&X-Atmosphere-Framework=2.2.3-javascript&X-Atmosphere-Transport=long-polling&X-Atmosphere-TrackMessageSize=true&Content-Type=charset%3Dutf-8&X-atmo-protocol=true&_=1779242009006 HTTP/1.1" 200 -
60.246.191.183 - - [20/May/2026:09:46:33 +0800] "GET /InternetTrading/longpoll/11736?X-Atmosphere-tracking-id=0&X-Atmosphere-Framework=2.2.3-javascript&X-Atmosphere-Transport=long-polling&X-Atmosphere-TrackMessageSize=true&Content-Type=charset%3Dutf-8&X-atmo-protocol=true&_=1779242011010 HTTP/1.1" 200 -
61.239.112.224 - - [20/May/2026:09:46:33 +0800] "GET /InternetTrading/longpoll/54121?X-Atmosphere-tracking-id=0&X-Atmosphere-Framework=2.2.3-javascript&X-Atmosphere-Transport=long-polling&X-Atmosphere-TrackMessageSize=true&Content-Type=charset%3Dutf-8&X-atmo-protocol=true&_=1779242010943 HTTP/1.1" 200 -
119.136.155.155 - - [20/May/2026:09:46:33 +0800] "GET /InternetTrading/longpoll/51803?X-Atmosphere-tracking-id=0&X-Atmosphere-Framework=2.2.3-javascript&X-Atmosphere-Transport=long-polling&X-Atmosphere-TrackMessageSize=true&Content-Type=charset%3Dutf-8&X-atmo-protocol=true&_=1779242010984 HTTP/1.1" 200 -
60.246.191.183 - - [20/May/2026:09:46:33 +0800] "POST /InternetTrading/SessionErrorLogger HTTP/1.1" 200 117
60.246.191.183 - - [20/May/2026:09:46:34 +0800] "POST /InternetTrading/Heartbeat HTTP/1.1" 200 32
60.246.191.183 - - [20/May/2026:09:46:34 +0800] "POST /InternetTrading/SessionErrorLogger HTTP/1.1" 200 117
60.246.191.183 - - [20/May/2026:09:46:34 +0800] "POST /InternetTrading/MarketStatus HTTP/1.1" 200 772
14.0.171.169 - - [20/May/2026:09:46:35 +0800] "GET /InternetTrading/longpoll/A8127?X-Atmosphere-tracking-id=0&X-Atmosphere-Framework=2.2.3-javascript&X-Atmosphere-Transport=long-polling&X-Atmosphere-TrackMessageSize=true&Content-Type=charset%3Dutf-8&X-atmo-protocol=true&_=1779242014713 HTTP/1.1" 200 -
60.246.191.183 - - [20/May/2026:09:46:38 +0800] "GET /InternetTrading/longpoll/11736?X-Atmosphere-tracking-id=0&X-Atmosphere-Framework=2.2.3-javascript&X-Atmosphere-Transport=long-polling&X-Atmosphere-TrackMessageSize=true&Content-Type=charset%3Dutf-8&X-atmo-protocol=true&_=1779242016018 HTTP/1.1" 200 -
61.239.112.224 - - [20/May/2026:09:46:38 +0800] "GET /InternetTrading/longpoll/54121?X-Atmosphere-tracking-id=0&X-Atmosphere-Framework=2.2.3-javascript&X-Atmosphere-Transport=long-polling&X-Atmosphere-TrackMessageSize=true&Content-Type=charset%3Dutf-8&X-atmo-protocol=true&_=1779242015992 HTTP/1.1" 200 -
119.136.155.155 - - [20/May/2026:09:46:39 +0800] "GET /InternetTrading/longpoll/51803?X-Atmosphere-tracking-id=0&X-Atmosphere-Framework=2.2.3-javascript&X-Atmosphere-Transport=long-polling&X-Atmosphere-TrackMessageSize=true&Content-Type=charset%3Dutf-8&X-atmo-protocol=true&_=1779242016982 HTTP/1.1" 200 -
14.0.171.169 - - [20/May/2026:09:46:40 +0800] "GET /InternetTrading/longpoll/A8127?X-Atmosphere-tracking-id=0&X-Atmosphere-Framework=2.2.3-javascript&X-Atmosphere-Transport=long-polling&X-Atmosphere-TrackMessageSize=true&Content-Type=charset%3Dutf-8&X-atmo-protocol=true&_=1779242019842 HTTP/1.1" 200 -
45.144.227.89 - - [20/May/2026:09:46:42 +0800] "GET /InternetTrading/longpoll/55511?X-Atmosphere-tracking-id=0&X-Atmosphere-Framework=2.2.3-javascript&X-Atmosphere-Transport=long-polling&X-Atmosphere-TrackMessageSize=true&Content-Type=charset%3Dutf-8&X-atmo-protocol=true&_=1779242019278 HTTP/1.1" 200 -
60.246.191.183 - - [20/May/2026:09:46:43 +0800] "GET /InternetTrading/longpoll/11736?X-Atmosphere-tracking-id=0&X-Atmosphere-Framework=2.2.3-javascript&X-Atmosphere-Transport=long-polling&X-Atmosphere-TrackMessageSize=true&Content-Type=charset%3Dutf-8&X-atmo-protocol=true&_=1779242021042 HTTP/1.1" 200 -
61.239.112.224 - - [20/May/2026:09:46:43 +0800] "GET /InternetTrading/longpoll/54121?X-Atmosphere-tracking-id=0&X-Atmosphere-Framework=2.2.3-javascript&X-Atmosphere-Transport=long-polling&X-Atmosphere-TrackMessageSize=true&Content-Type=charset%3Dutf-8&X-atmo-protocol=true&_=1779242021098 HTTP/1.1" 200 -
61.239.112.224 - - [20/May/2026:09:46:43 +0800] "POST /InternetTrading/SessionErrorLogger HTTP/1.1" 200 117
61.239.112.224 - - [20/May/2026:09:46:43 +0800] "POST /InternetTrading/LoginKey HTTP/1.1" 200 -
61.239.112.224 - - [20/May/2026:09:46:43 +0800] "GET /InternetTrading/jquery/wait.gif HTTP/1.1" 200 432
61.239.112.224 - - [20/May/2026:09:46:43 +0800] "POST /InternetTrading/PreOrder HTTP/1.1" 200 1219
119.136.155.155 - - [20/May/2026:09:46:45 +0800] "GET /InternetTrading/longpoll/51803?X-Atmosphere-tracking-id=0&X-Atmosphere-Framework=2.2.3-javascript&X-Atmosphere-Transport=long-polling&X-Atmosphere-TrackMessageSize=true&Content-Type=charset%3Dutf-8&X-atmo-protocol=true&_=1779242022992 HTTP/1.1" 200 -
14.0.171.169 - - [20/May/2026:09:46:45 +0800] "GET /InternetTrading/longpoll/A8127?X-Atmosphere-tracking-id=0&X-Atmosphere-Framework=2.2.3-javascript&X-Atmosphere-Transport=long-polling&X-Atmosphere-TrackMessageSize=true&Content-Type=charset%3Dutf-8&X-atmo-protocol=true&_=1779242024965 HTTP/1.1" 200 -
14.0.171.169 - - [20/May/2026:09:46:46 +0800] "POST /InternetTrading/SessionErrorLogger HTTP/1.1" 200 117
14.0.171.169 - - [20/May/2026:09:46:46 +0800] "POST /InternetTrading/MarketStatus HTTP/1.1" 200 772
45.144.227.89 - - [20/May/2026:09:46:48 +0800] "GET /InternetTrading/longpoll/55511?X-Atmosphere-tracking-id=0&X-Atmosphere-Framework=2.2.3-javascript&X-Atmosphere-Transport=long-polling&X-Atmosphere-TrackMessageSize=true&Content-Type=charset%3Dutf-8&X-atmo-protocol=true&_=1779242025150 HTTP/1.1" 200 -
60.246.191.183 - - [20/May/2026:09:46:48 +0800] "GET /InternetTrading/longpoll/11736?X-Atmosphere-tracking-id=0&X-Atmosphere-Framework=2.2.3-javascript&X-Atmosphere-Transport=long-polling&X-Atmosphere-TrackMessageSize=true&Content-Type=charset%3Dutf-8&X-atmo-protocol=true&_=1779242026078 HTTP/1.1" 200 -
61.239.112.224 - - [20/May/2026:09:46:48 +0800] "GET /InternetTrading/longpoll/54121?X-Atmosphere-tracking-id=0&X-Atmosphere-Framework=2.2.3-javascript&X-Atmosphere-Transport=long-polling&X-Atmosphere-TrackMessageSize=true&Content-Type=charset%3Dutf-8&X-atmo-protocol=true&_=1779242026187 HTTP/1.1" 200 -
119.136.155.155 - - [20/May/2026:09:46:49 +0800] "POST /InternetTrading/SessionErrorLogger HTTP/1.1" 200 117
119.136.155.155 - - [20/May/2026:09:46:49 +0800] "POST /InternetTrading/Heartbeat HTTP/1.1" 200 32
119.136.155.155 - - [20/May/2026:09:46:49 +0800] "POST /InternetTrading/SessionErrorLogger HTTP/1.1" 200 117
119.136.155.155 - - [20/May/2026:09:46:49 +0800] "POST /InternetTrading/MarketStatus HTTP/1.1" 200 772
61.239.112.224 - - [20/May/2026:09:46:50 +0800] "POST /InternetTrading/SessionErrorLogger HTTP/1.1" 200 117
61.239.112.224 - - [20/May/2026:09:46:50 +0800] "POST /InternetTrading/Heartbeat HTTP/1.1" 200 32
14.0.171.169 - - [20/May/2026:09:46:50 +0800] "GET /InternetTrading/longpoll/A8127?X-Atmosphere-tracking-id=0&X-Atmosphere-Framework=2.2.3-javascript&X-Atmosphere-Transport=long-polling&X-Atmosphere-TrackMessageSize=true&Content-Type=charset%3Dutf-8&X-atmo-protocol=true&_=1779242030076 HTTP/1.1" 200 -
119.136.155.155 - - [20/May/2026:09:46:51 +0800] "GET /InternetTrading/longpoll/51803?X-Atmosphere-tracking-id=0&X-Atmosphere-Framework=2.2.3-javascript&X-Atmosphere-Transport=long-polling&X-Atmosphere-TrackMessageSize=true&Content-Type=charset%3Dutf-8&X-atmo-protocol=true&_=1779242028992 HTTP/1.1" 200 -
60.246.191.183 - - [20/May/2026:09:46:53 +0800] "GET /InternetTrading/longpoll/11736?X-Atmosphere-tracking-id=0&X-Atmosphere-Framework=2.2.3-javascript&X-Atmosphere-Transport=long-polling&X-Atmosphere-TrackMessageSize=true&Content-Type=charset%3Dutf-8&X-atmo-protocol=true&_=1779242031138 HTTP/1.1" 200 -
61.239.112.224 - - [20/May/2026:09:46:53 +0800] "GET /InternetTrading/longpoll/54121?X-Atmosphere-tracking-id=0&X-Atmosphere-Framework=2.2.3-javascript&X-Atmosphere-Transport=long-polling&X-Atmosphere-TrackMessageSize=true&Content-Type=charset%3Dutf-8&X-atmo-protocol=true&_=1779242031235 HTTP/1.1" 200 -
61.239.112.224 - - [20/May/2026:09:46:53 +0800] "POST /InternetTrading/SessionErrorLogger HTTP/1.1" 200 117
61.239.112.224 - - [20/May/2026:09:46:53 +0800] "POST /InternetTrading/MarketStatus HTTP/1.1" 200 772
14.0.171.169 - - [20/May/2026:09:46:56 +0800] "GET /InternetTrading/longpoll/A8127?X-Atmosphere-tracking-id=0&X-Atmosphere-Framework=2.2.3-javascript&X-Atmosphere-Transport=long-polling&X-Atmosphere-TrackMessageSize=true&Content-Type=charset%3Dutf-8&X-atmo-protocol=true&_=1779242035222 HTTP/1.1" 200 -
119.136.155.155 - - [20/May/2026:09:46:57 +0800] "GET /InternetTrading/longpoll/51803?X-Atmosphere-tracking-id=0&X-Atmosphere-Framework=2.2.3-javascript&X-Atmosphere-Transport=long-polling&X-Atmosphere-TrackMessageSize=true&Content-Type=charset%3Dutf-8&X-atmo-protocol=true&_=1779242034981 HTTP/1.1" 200 -
60.246.191.183 - - [20/May/2026:09:46:58 +0800] "GET /InternetTrading/longpoll/11736?X-Atmosphere-tracking-id=0&X-Atmosphere-Framework=2.2.3-javascript&X-Atmosphere-Transport=long-polling&X-Atmosphere-TrackMessageSize=true&Content-Type=charset%3Dutf-8&X-atmo-protocol=true&_=1779242036178 HTTP/1.1" 200 -
61.239.112.224 - - [20/May/2026:09:46:58 +0800] "GET /InternetTrading/longpoll/54121?X-Atmosphere-tracking-id=0&X-Atmosphere-Framework=2.2.3-javascript&X-Atmosphere-Transport=long-polling&X-Atmosphere-TrackMessageSize=true&Content-Type=charset%3Dutf-8&X-atmo-protocol=true&_=1779242036311 HTTP/1.1" 200 -
14.0.171.169 - - [20/May/2026:09:46:59 +0800] "POST /InternetTrading/SessionErrorLogger HTTP/1.1" 200 117
14.0.171.169 - - [20/May/2026:09:46:59 +0800] "POST /InternetTrading/Heartbeat HTTP/1.1" 200 32
14.0.171.169 - - [20/May/2026:09:47:01 +0800] "GET /InternetTrading/longpoll/A8127?X-Atmosphere-tracking-id=0&X-Atmosphere-Framework=2.2.3-javascript&X-Atmosphere-Transport=long-polling&X-Atmosphere-TrackMessageSize=true&Content-Type=charset%3Dutf-8&X-atmo-protocol=true&_=1779242040365 HTTP/1.1" 200 -
60.246.191.183 - - [20/May/2026:09:47:03 +0800] "GET /InternetTrading/longpoll/11736?X-Atmosphere-tracking-id=0&X-Atmosphere-Framework=2.2.3-javascript&X-Atmosphere-Transport=long-polling&X-Atmosphere-TrackMessageSize=true&Content-Type=charset%3Dutf-8&X-atmo-protocol=true&_=1779242041230 HTTP/1.1" 200 -
119.136.155.155 - - [20/May/2026:09:47:03 +0800] "GET /InternetTrading/longpoll/51803?X-Atmosphere-tracking-id=0&X-Atmosphere-Framework=2.2.3-javascript&X-Atmosphere-Transport=long-polling&X-Atmosphere-TrackMessageSize=true&Content-Type=charset%3Dutf-8&X-atmo-protocol=true&_=1779242040994 HTTP/1.1" 200 -
61.239.112.224 - - [20/May/2026:09:47:03 +0800] "GET /InternetTrading/longpoll/54121?X-Atmosphere-tracking-id=0&X-Atmosphere-Framework=2.2.3-javascript&X-Atmosphere-Transport=long-polling&X-Atmosphere-TrackMessageSize=true&Content-Type=charset%3Dutf-8&X-atmo-protocol=true&_=1779242041385 HTTP/1.1" 200 -
60.246.191.183 - - [20/May/2026:09:47:04 +0800] "POST /InternetTrading/SessionErrorLogger HTTP/1.1" 200 117
45.144.227.89 - - [20/May/2026:09:47:04 +0800] "POST /InternetTrading/SessionErrorLogger HTTP/1.1" 200 117
60.246.191.183 - - [20/May/2026:09:47:04 +0800] "POST /InternetTrading/Heartbeat HTTP/1.1" 200 32
60.246.191.183 - - [20/May/2026:09:47:04 +0800] "POST /InternetTrading/SessionErrorLogger HTTP/1.1" 200 117
60.246.191.183 - - [20/May/2026:09:47:04 +0800] "POST /InternetTrading/MarketStatus HTTP/1.1" 200 772
45.144.227.89 - - [20/May/2026:09:47:04 +0800] "POST /InternetTrading/Heartbeat HTTP/1.1" 200 32
45.144.227.89 - - [20/May/2026:09:47:04 +0800] "POST /InternetTrading/SessionErrorLogger HTTP/1.1" 200 117
45.144.227.89 - - [20/May/2026:09:47:04 +0800] "GET /InternetTrading/longpoll/55511?X-Atmosphere-tracking-id=0&X-Atmosphere-Framework=2.2.3-javascript&X-Atmosphere-Transport=long-polling&X-Atmosphere-TrackMessageSize=true&Content-Type=charset%3Dutf-8&X-atmo-protocol=true&_=1779242041410 HTTP/1.1" 200 -
45.144.227.89 - - [20/May/2026:09:47:04 +0800] "POST /InternetTrading/MarketStatus HTTP/1.1" 200 772
14.0.171.169 - - [20/May/2026:09:47:06 +0800] "GET /InternetTrading/longpoll/A8127?X-Atmosphere-tracking-id=0&X-Atmosphere-Framework=2.2.3-javascript&X-Atmosphere-Transport=long-polling&X-Atmosphere-TrackMessageSize=true&Content-Type=charset%3Dutf-8&X-atmo-protocol=true&_=1779242045482 HTTP/1.1" 200 -
60.246.191.183 - - [20/May/2026:09:47:08 +0800] "GET /InternetTrading/longpoll/11736?X-Atmosphere-tracking-id=0&X-Atmosphere-Framework=2.2.3-javascript&X-Atmosphere-Transport=long-polling&X-Atmosphere-TrackMessageSize=true&Content-Type=charset%3Dutf-8&X-atmo-protocol=true&_=1779242046263 HTTP/1.1" 200 -
61.239.112.224 - - [20/May/2026:09:47:08 +0800] "GET /InternetTrading/longpoll/54121?X-Atmosphere-tracking-id=0&X-Atmosphere-Framework=2.2.3-javascript&X-Atmosphere-Transport=long-polling&X-Atmosphere-TrackMessageSize=true&Content-Type=charset%3Dutf-8&X-atmo-protocol=true&_=1779242046494 HTTP/1.1" 200 -
119.136.155.155 - - [20/May/2026:09:47:09 +0800] "GET /InternetTrading/longpoll/51803?X-Atmosphere-tracking-id=0&X-Atmosphere-Framework=2.2.3-javascript&X-Atmosphere-Transport=long-polling&X-Atmosphere-TrackMessageSize=true&Content-Type=charset%3Dutf-8&X-atmo-protocol=true&_=1779242046981 HTTP/1.1" 200 -
14.0.171.169 - - [20/May/2026:09:47:11 +0800] "GET /InternetTrading/longpoll/A8127?X-Atmosphere-tracking-id=0&X-Atmosphere-Framework=2.2.3-javascript&X-Atmosphere-Transport=long-polling&X-Atmosphere-TrackMessageSize=true&Content-Type=charset%3Dutf-8&X-atmo-protocol=true&_=1779242050680 HTTP/1.1" 200 -
60.246.191.183 - - [20/May/2026:09:47:13 +0800] "GET /InternetTrading/longpoll/11736?X-Atmosphere-tracking-id=0&X-Atmosphere-Framework=2.2.3-javascript&X-Atmosphere-Transport=long-polling&X-Atmosphere-TrackMessageSize=true&Content-Type=charset%3Dutf-8&X-atmo-protocol=true&_=1779242051289 HTTP/1.1" 200 -
61.239.112.224 - - [20/May/2026:09:47:13 +0800] "GET /InternetTrading/longpoll/54121?X-Atmosphere-tracking-id=0&X-Atmosphere-Framework=2.2.3-javascript&X-Atmosphere-Transport=long-polling&X-Atmosphere-TrackMessageSize=true&Content-Type=charset%3Dutf-8&X-atmo-protocol=true&_=1779242051564 HTTP/1.1" 200 -
45.144.227.89 - - [20/May/2026:09:47:14 +0800] "GET /InternetTrading/longpoll/55511?X-Atmosphere-tracking-id=0&X-Atmosphere-Framework=2.2.3-javascript&X-Atmosphere-Transport=long-polling&X-Atmosphere-TrackMessageSize=true&Content-Type=charset%3Dutf-8&X-atmo-protocol=true&_=1779242051570 HTTP/1.1" 200 -
119.136.155.155 - - [20/May/2026:09:47:15 +0800] "GET /InternetTrading/longpoll/51803?X-Atmosphere-tracking-id=0&X-Atmosphere-Framework=2.2.3-javascript&X-Atmosphere-Transport=long-polling&X-Atmosphere-TrackMessageSize=true&Content-Type=charset%3Dutf-8&X-atmo-protocol=true&_=1779242052991 HTTP/1.1" 200 -
14.0.171.169 - - [20/May/2026:09:47:16 +0800] "POST /InternetTrading/SessionErrorLogger HTTP/1.1" 200 117
14.0.171.169 - - [20/May/2026:09:47:16 +0800] "POST /InternetTrading/MarketStatus HTTP/1.1" 200 772
14.0.171.169 - - [20/May/2026:09:47:16 +0800] "GET /InternetTrading/longpoll/A8127?X-Atmosphere-tracking-id=0&X-Atmosphere-Framework=2.2.3-javascript&X-Atmosphere-Transport=long-polling&X-Atmosphere-TrackMessageSize=true&Content-Type=charset%3Dutf-8&X-atmo-protocol=true&_=1779242056053 HTTP/1.1" 200 -
60.246.191.183 - - [20/May/2026:09:47:18 +0800] "GET /InternetTrading/longpoll/11736?X-Atmosphere-tracking-id=0&X-Atmosphere-Framework=2.2.3-javascript&X-Atmosphere-Transport=long-polling&X-Atmosphere-TrackMessageSize=true&Content-Type=charset%3Dutf-8&X-atmo-protocol=true&_=1779242056308 HTTP/1.1" 200 -
61.239.112.224 - - [20/May/2026:09:47:18 +0800] "GET /InternetTrading/longpoll/54121?X-Atmosphere-tracking-id=0&X-Atmosphere-Framework=2.2.3-javascript&X-Atmosphere-Transport=long-polling&X-Atmosphere-TrackMessageSize=true&Content-Type=charset%3Dutf-8&X-atmo-protocol=true&_=1779242056654 HTTP/1.1" 200 -
61.239.112.224 - - [20/May/2026:09:47:20 +0800] "POST /InternetTrading/SessionErrorLogger HTTP/1.1" 200 117
61.239.112.224 - - [20/May/2026:09:47:20 +0800] "POST /InternetTrading/Heartbeat HTTP/1.1" 200 32
119.136.155.155 - - [20/May/2026:09:47:21 +0800] "GET /InternetTrading/longpoll/51803?X-Atmosphere-tracking-id=0&X-Atmosphere-Framework=2.2.3-javascript&X-Atmosphere-Transport=long-polling&X-Atmosphere-TrackMessageSize=true&Content-Type=charset%3Dutf-8&X-atmo-protocol=true&_=1779242058980 HTTP/1.1" 200 -
14.0.171.169 - - [20/May/2026:09:47:22 +0800] "GET /InternetTrading/longpoll/A8127?X-Atmosphere-tracking-id=0&X-Atmosphere-Framework=2.2.3-javascript&X-Atmosphere-Transport=long-polling&X-Atmosphere-TrackMessageSize=true&Content-Type=charset%3Dutf-8&X-atmo-protocol=true&_=1779242061120 HTTP/1.1" 200 -
60.246.191.183 - - [20/May/2026:09:47:23 +0800] "GET /InternetTrading/longpoll/11736?X-Atmosphere-tracking-id=0&X-Atmosphere-Framework=2.2.3-javascript&X-Atmosphere-Transport=long-polling&X-Atmosphere-TrackMessageSize=true&Content-Type=charset%3Dutf-8&X-atmo-protocol=true&_=1779242061338 HTTP/1.1" 200 -
61.239.112.224 - - [20/May/2026:09:47:23 +0800] "POST /InternetTrading/SessionErrorLogger HTTP/1.1" 200 117
61.239.112.224 - - [20/May/2026:09:47:23 +0800] "POST /InternetTrading/MarketStatus HTTP/1.1" 200 772
61.239.112.224 - - [20/May/2026:09:47:24 +0800] "GET /InternetTrading/longpoll/54121?X-Atmosphere-tracking-id=0&X-Atmosphere-Framework=2.2.3-javascript&X-Atmosphere-Transport=long-polling&X-Atmosphere-TrackMessageSize=true&Content-Type=charset%3Dutf-8&X-atmo-protocol=true&_=1779242061754 HTTP/1.1" 200 -
45.144.227.89 - - [20/May/2026:09:47:24 +0800] "GET /InternetTrading/longpoll/55511?X-Atmosphere-tracking-id=0&X-Atmosphere-Framework=2.2.3-javascript&X-Atmosphere-Transport=long-polling&X-Atmosphere-TrackMessageSize=true&Content-Type=charset%3Dutf-8&X-atmo-protocol=true&_=1779242061823 HTTP/1.1" 200 -
14.0.171.169 - - [20/May/2026:09:47:27 +0800] "GET /InternetTrading/longpoll/A8127?X-Atmosphere-tracking-id=0&X-Atmosphere-Framework=2.2.3-javascript&X-Atmosphere-Transport=long-polling&X-Atmosphere-TrackMessageSize=true&Content-Type=charset%3Dutf-8&X-atmo-protocol=true&_=1779242066497 HTTP/1.1" 200 -
119.136.155.155 - - [20/May/2026:09:47:27 +0800] "GET /InternetTrading/longpoll/51803?X-Atmosphere-tracking-id=0&X-Atmosphere-Framework=2.2.3-javascript&X-Atmosphere-Transport=long-polling&X-Atmosphere-TrackMessageSize=true&Content-Type=charset%3Dutf-8&X-atmo-protocol=true&_=1779242064981 HTTP/1.1" 200 -
60.246.191.183 - - [20/May/2026:09:47:28 +0800] "GET /InternetTrading/longpoll/11736?X-Atmosphere-tracking-id=0&X-Atmosphere-Framework=2.2.3-javascript&X-Atmosphere-Transport=long-polling&X-Atmosphere-TrackMessageSize=true&Content-Type=charset%3Dutf-8&X-atmo-protocol=true&_=1779242066372 HTTP/1.1" 200 -
61.239.112.224 - - [20/May/2026:09:47:29 +0800] "GET /InternetTrading/longpoll/54121?X-Atmosphere-tracking-id=0&X-Atmosphere-Framework=2.2.3-javascript&X-Atmosphere-Transport=long-polling&X-Atmosphere-TrackMessageSize=true&Content-Type=charset%3Dutf-8&X-atmo-protocol=true&_=1779242066786 HTTP/1.1" 200 -
14.0.171.169 - - [20/May/2026:09:47:29 +0800] "POST /InternetTrading/SessionErrorLogger HTTP/1.1" 200 117
14.0.171.169 - - [20/May/2026:09:47:29 +0800] "POST /InternetTrading/Heartbeat HTTP/1.1" 200 32
61.239.112.224 - - [20/May/2026:09:47:29 +0800] "POST /InternetTrading/SessionErrorLogger HTTP/1.1" 200 117
61.239.112.224 - - [20/May/2026:09:47:29 +0800] "POST /InternetTrading/LoginKey HTTP/1.1" 200 -
61.239.112.224 - - [20/May/2026:09:47:29 +0800] "POST /InternetTrading/PreOrder HTTP/1.1" 200 1228
14.0.171.169 - - [20/May/2026:09:47:32 +0800] "GET /InternetTrading/longpoll/A8127?X-Atmosphere-tracking-id=0&X-Atmosphere-Framework=2.2.3-javascript&X-Atmosphere-Transport=long-polling&X-Atmosphere-TrackMessageSize=true&Content-Type=charset%3Dutf-8&X-atmo-protocol=true&_=1779242071629 HTTP/1.1" 200 -
60.246.191.183 - - [20/May/2026:09:47:33 +0800] "GET /InternetTrading/longpoll/11736?X-Atmosphere-tracking-id=0&X-Atmosphere-Framework=2.2.3-javascript&X-Atmosphere-Transport=long-polling&X-Atmosphere-TrackMessageSize=true&Content-Type=charset%3Dutf-8&X-atmo-protocol=true&_=1779242071389 HTTP/1.1" 200 -
119.136.155.155 - - [20/May/2026:09:47:33 +0800] "GET /InternetTrading/longpoll/51803?X-Atmosphere-tracking-id=0&X-Atmosphere-Framework=2.2.3-javascript&X-Atmosphere-Transport=long-polling&X-Atmosphere-TrackMessageSize=true&Content-Type=charset%3Dutf-8&X-atmo-protocol=true&_=1779242070985 HTTP/1.1" 200 -
60.246.191.183 - - [20/May/2026:09:47:34 +0800] "POST /InternetTrading/SessionErrorLogger HTTP/1.1" 200 117
60.246.191.183 - - [20/May/2026:09:47:34 +0800] "POST /InternetTrading/Heartbeat HTTP/1.1" 200 32
60.246.191.183 - - [20/May/2026:09:47:34 +0800] "POST /InternetTrading/SessionErrorLogger HTTP/1.1" 200 117
61.239.112.224 - - [20/May/2026:09:47:34 +0800] "GET /InternetTrading/longpoll/54121?X-Atmosphere-tracking-id=0&X-Atmosphere-Framework=2.2.3-javascript&X-Atmosphere-Transport=long-polling&X-Atmosphere-TrackMessageSize=true&Content-Type=charset%3Dutf-8&X-atmo-protocol=true&_=1779242071867 HTTP/1.1" 200 -
60.246.191.183 - - [20/May/2026:09:47:34 +0800] "POST /InternetTrading/MarketStatus HTTP/1.1" 200 772
45.144.227.89 - - [20/May/2026:09:47:34 +0800] "GET /InternetTrading/longpoll/55511?X-Atmosphere-tracking-id=0&X-Atmosphere-Framework=2.2.3-javascript&X-Atmosphere-Transport=long-polling&X-Atmosphere-TrackMessageSize=true&Content-Type=charset%3Dutf-8&X-atmo-protocol=true&_=1779242072077 HTTP/1.1" 200 -
14.0.171.169 - - [20/May/2026:09:47:37 +0800] "GET /InternetTrading/longpoll/A8127?X-Atmosphere-tracking-id=0&X-Atmosphere-Framework=2.2.3-javascript&X-Atmosphere-Transport=long-polling&X-Atmosphere-TrackMessageSize=true&Content-Type=charset%3Dutf-8&X-atmo-protocol=true&_=1779242076742 HTTP/1.1" 200 -
60.246.191.183 - - [20/May/2026:09:47:38 +0800] "GET /InternetTrading/longpoll/11736?X-Atmosphere-tracking-id=0&X-Atmosphere-Framework=2.2.3-javascript&X-Atmosphere-Transport=long-polling&X-Atmosphere-TrackMessageSize=true&Content-Type=charset%3Dutf-8&X-atmo-protocol=true&_=1779242076425 HTTP/1.1" 200 -
61.239.112.224 - - [20/May/2026:09:47:39 +0800] "GET /InternetTrading/longpoll/54121?X-Atmosphere-tracking-id=0&X-Atmosphere-Framework=2.2.3-javascript&X-Atmosphere-Transport=long-polling&X-Atmosphere-TrackMessageSize=true&Content-Type=charset%3Dutf-8&X-atmo-protocol=true&_=1779242076915 HTTP/1.1" 200 -
119.136.155.155 - - [20/May/2026:09:47:39 +0800] "GET /InternetTrading/longpoll/51803?X-Atmosphere-tracking-id=0&X-Atmosphere-Framework=2.2.3-javascript&X-Atmosphere-Transport=long-polling&X-Atmosphere-TrackMessageSize=true&Content-Type=charset%3Dutf-8&X-atmo-protocol=true&_=1779242076992 HTTP/1.1" 200 -
14.0.171.169 - - [20/May/2026:09:47:42 +0800] "GET /InternetTrading/longpoll/A8127?X-Atmosphere-tracking-id=0&X-Atmosphere-Framework=2.2.3-javascript&X-Atmosphere-Transport=long-polling&X-Atmosphere-TrackMessageSize=true&Content-Type=charset%3Dutf-8&X-atmo-protocol=true&_=1779242081868 HTTP/1.1" 200 -
60.246.191.183 - - [20/May/2026:09:47:43 +0800] "GET /InternetTrading/longpoll/11736?X-Atmosphere-tracking-id=0&X-Atmosphere-Framework=2.2.3-javascript&X-Atmosphere-Transport=long-polling&X-Atmosphere-TrackMessageSize=true&Content-Type=charset%3Dutf-8&X-atmo-protocol=true&_=1779242081456 HTTP/1.1" 200 -
61.239.112.224 - - [20/May/2026:09:47:44 +0800] "GET /InternetTrading/longpoll/54121?X-Atmosphere-tracking-id=0&X-Atmosphere-Framework=2.2.3-javascript&X-Atmosphere-Transport=long-polling&X-Atmosphere-TrackMessageSize=true&Content-Type=charset%3Dutf-8&X-atmo-protocol=true&_=1779242082026 HTTP/1.1" 200 -
119.136.155.155 - - [20/May/2026:09:47:45 +0800] "GET /InternetTrading/longpoll/51803?X-Atmosphere-tracking-id=0&X-Atmosphere-Framework=2.2.3-javascript&X-Atmosphere-Transport=long-polling&X-Atmosphere-TrackMessageSize=true&Content-Type=charset%3Dutf-8&X-atmo-protocol=true&_=1779242082989 HTTP/1.1" 200 -
14.0.171.169 - - [20/May/2026:09:47:46 +0800] "POST /InternetTrading/SessionErrorLogger HTTP/1.1" 200 117
14.0.171.169 - - [20/May/2026:09:47:46 +0800] "POST /InternetTrading/MarketStatus HTTP/1.1" 200 772
45.144.227.89 - - [20/May/2026:09:47:46 +0800] "GET /InternetTrading/longpoll/55511?X-Atmosphere-tracking-id=0&X-Atmosphere-Framework=2.2.3-javascript&X-Atmosphere-Transport=long-polling&X-Atmosphere-TrackMessageSize=true&Content-Type=charset%3Dutf-8&X-atmo-protocol=true&_=1779242083493 HTTP/1.1" 200 -
14.0.171.169 - - [20/May/2026:09:47:47 +0800] "GET /InternetTrading/longpoll/A8127?X-Atmosphere-tracking-id=0&X-Atmosphere-Framework=2.2.3-javascript&X-Atmosphere-Transport=long-polling&X-Atmosphere-TrackMessageSize=true&Content-Type=charset%3Dutf-8&X-atmo-protocol=true&_=1779242086986 HTTP/1.1" 200 -
60.246.191.183 - - [20/May/2026:09:47:48 +0800] "GET /InternetTrading/longpoll/11736?X-Atmosphere-tracking-id=0&X-Atmosphere-Framework=2.2.3-javascript&X-Atmosphere-Transport=long-polling&X-Atmosphere-TrackMessageSize=true&Content-Type=charset%3Dutf-8&X-atmo-protocol=true&_=1779242086486 HTTP/1.1" 200 -
61.239.112.224 - - [20/May/2026:09:47:49 +0800] "GET /InternetTrading/longpoll/54121?X-Atmosphere-tracking-id=0&X-Atmosphere-Framework=2.2.3-javascript&X-Atmosphere-Transport=long-polling&X-Atmosphere-TrackMessageSize=true&Content-Type=charset%3Dutf-8&X-atmo-protocol=true&_=1779242087137 HTTP/1.1" 200 -
119.136.155.155 - - [20/May/2026:09:47:49 +0800] "POST /InternetTrading/SessionErrorLogger HTTP/1.1" 200 117
119.136.155.155 - - [20/May/2026:09:47:49 +0800] "POST /InternetTrading/Heartbeat HTTP/1.1" 200 32
119.136.155.155 - - [20/May/2026:09:47:49 +0800] "POST /InternetTrading/SessionErrorLogger HTTP/1.1" 200 117
119.136.155.155 - - [20/May/2026:09:47:49 +0800] "POST /InternetTrading/MarketStatus HTTP/1.1" 200 772
61.239.112.224 - - [20/May/2026:09:47:50 +0800] "POST /InternetTrading/SessionErrorLogger HTTP/1.1" 200 117
61.239.112.224 - - [20/May/2026:09:47:50 +0800] "POST /InternetTrading/Heartbeat HTTP/1.1" 200 32
119.136.155.155 - - [20/May/2026:09:47:51 +0800] "GET /InternetTrading/longpoll/51803?X-Atmosphere-tracking-id=0&X-Atmosphere-Framework=2.2.3-javascript&X-Atmosphere-Transport=long-polling&X-Atmosphere-TrackMessageSize=true&Content-Type=charset%3Dutf-8&X-atmo-protocol=true&_=1779242088993 HTTP/1.1" 200 -
14.0.171.169 - - [20/May/2026:09:47:52 +0800] "GET /InternetTrading/longpoll/A8127?X-Atmosphere-tracking-id=0&X-Atmosphere-Framework=2.2.3-javascript&X-Atmosphere-Transport=long-polling&X-Atmosphere-TrackMessageSize=true&Content-Type=charset%3Dutf-8&X-atmo-protocol=true&_=1779242092038 HTTP/1.1" 200 -
60.246.191.183 - - [20/May/2026:09:47:53 +0800] "GET /InternetTrading/longpoll/11736?X-Atmosphere-tracking-id=0&X-Atmosphere-Framework=2.2.3-javascript&X-Atmosphere-Transport=long-polling&X-Atmosphere-TrackMessageSize=true&Content-Type=charset%3Dutf-8&X-atmo-protocol=true&_=1779242091521 HTTP/1.1" 200 -
61.239.112.224 - - [20/May/2026:09:47:53 +0800] "POST /InternetTrading/SessionErrorLogger HTTP/1.1" 200 117
61.239.112.224 - - [20/May/2026:09:47:54 +0800] "POST /InternetTrading/MarketStatus HTTP/1.1" 200 772
45.144.227.89 - - [20/May/2026:09:47:54 +0800] "POST /InternetTrading/SessionErrorLogger HTTP/1.1" 200 117
45.144.227.89 - - [20/May/2026:09:47:54 +0800] "POST /InternetTrading/Heartbeat HTTP/1.1" 200 32
